Jul 24 00:52:50.147641 np0000186474 devstack@c-api.service[111529]: DEBUG cinder.api.extensions [-] Loading extension cinder.api.contrib.quota_classes.Quota_classes {{(pid=111529) load_extension /opt/stack/cinder/cinder/api/extensions.py:194}}
Jul 24 00:52:50.148088 np0000186474 devstack@c-api.service[111529]: DEBUG cinder.api.extensions [-] Calling extension factory cinder.api.contrib.quota_classes.Quota_classes {{(pid=111529) load_extension /opt/stack/cinder/cinder/api/extensions.py:200}}
Jul 24 00:52:50.148176 np0000186474 devstack@c-api.service[111529]: DEBUG cinder.api.extensions [-] Ext name: QuotaClasses {{(pid=111529) _check_extension /opt/stack/cinder/cinder/api/extensions.py:174}}
Jul 24 00:52:50.148243 np0000186474 devstack@c-api.service[111531]: DEBUG cinder.api.v3.router [None req-9c5edab4-451a-4218-a70c-94f7ef137ca3 None None] Extended resource: os-volume-manage {{(pid=111531) _setup_ext_routes /opt/stack/cinder/cinder/api/v3/router.py:122}}
Jul 24 00:52:50.148316 np0000186474 devstack@c-api.service[111529]: DEBUG cinder.api.extensions [-] Ext alias: os-quota-class-sets {{(pid=111529) _check_extension /opt/stack/cinder/cinder/api/extensions.py:175}}
Jul 24 00:52:50.148316 np0000186474 devstack@c-api.service[111529]: DEBUG cinder.api.extensions [-] Ext description: Quota classes management support. {{(pid=111529) _check_extension /opt/stack/cinder/cinder/api/extensions.py:176}}
Jul 24 00:52:50.148418 np0000186474 devstack@c-api.service[111529]: DEBUG cinder.api.extensions [-] Ext updated: 2012-03-12T00:00:00+00:00 {{(pid=111529) _check_extension /opt/stack/cinder/cinder/api/extensions.py:178}}
Jul 24 00:52:50.148487 np0000186474 devstack@c-api.service[111529]: DEBUG cinder.api.extensions [-] Loaded extension: os-quota-class-sets {{(pid=111529) register /opt/stack/cinder/cinder/api/extensions.py:135}}
Jul 24 00:52:50.148573 np0000186474 devstack@c-api.service[111529]: DEBUG cinder.api.extensions [-] Loading extension cinder.api.contrib.services.Services {{(pid=111529) load_extension /opt/stack/cinder/cinder/api/extensions.py:194}}
Jul 24 00:52:50.148891 np0000186474 devstack@c-api.service[111529]: DEBUG cinder.api.extensions [-] Calling extension factory cinder.api.contrib.services.Services {{(pid=111529) load_extension /opt/stack/cinder/cinder/api/extensions.py:200}}
Jul 24 00:52:50.148984 np0000186474 devstack@c-api.service[111529]: DEBUG cinder.api.extensions [-] Ext name: Services {{(pid=111529) _check_extension /opt/stack/cinder/cinder/api/extensions.py:174}}
Jul 24 00:52:50.149044 np0000186474 devstack@c-api.service[111530]: DEBUG cinder.api.v3.router [None req-6a4a5031-1522-42e1-84ed-ff198aa4df3c None None] Extended resource: os-snapshot-manage {{(pid=111530) _setup_ext_routes /opt/stack/cinder/cinder/api/v3/router.py:122}}
Jul 24 00:52:50.149108 np0000186474 devstack@c-api.service[111529]: DEBUG cinder.api.extensions [-] Ext alias: os-services {{(pid=111529) _check_extension /opt/stack/cinder/cinder/api/extensions.py:175}}
Jul 24 00:52:50.149108 np0000186474 devstack@c-api.service[111529]: DEBUG cinder.api.extensions [-] Ext description: Services support. {{(pid=111529) _check_extension /opt/stack/cinder/cinder/api/extensions.py:176}}
Jul 24 00:52:50.149212 np0000186474 devstack@c-api.service[111529]: DEBUG cinder.api.extensions [-] Ext updated: 2012-10-28T00:00:00-00:00 {{(pid=111529) _check_extension /opt/stack/cinder/cinder/api/extensions.py:178}}
Jul 24 00:52:50.149289 np0000186474 devstack@c-api.service[111529]: DEBUG cinder.api.extensions [-] Loaded extension: os-services {{(pid=111529) register /opt/stack/cinder/cinder/api/extensions.py:135}}
Jul 24 00:52:50.149348 np0000186474 devstack@c-api.service[111529]: DEBUG cinder.api.extensions [-] Loading extension cinder.api.contrib.hosts.Hosts {{(pid=111529) load_extension /opt/stack/cinder/cinder/api/extensions.py:194}}
Jul 24 00:52:50.149773 np0000186474 devstack@c-api.service[111531]: DEBUG cinder.api.v3.router [None req-9c5edab4-451a-4218-a70c-94f7ef137ca3 None None] Extended resource: qos-specs {{(pid=111531) _setup_ext_routes /opt/stack/cinder/cinder/api/v3/router.py:122}}
Jul 24 00:52:50.150087 np0000186474 devstack@c-api.service[111529]: DEBUG cinder.api.extensions [-] Calling extension factory cinder.api.contrib.hosts.Hosts {{(pid=111529) load_extension /opt/stack/cinder/cinder/api/extensions.py:200}}
Jul 24 00:52:50.150154 np0000186474 devstack@c-api.service[111529]: DEBUG cinder.api.extensions [-] Ext name: Hosts {{(pid=111529) _check_extension /opt/stack/cinder/cinder/api/extensions.py:174}}
Jul 24 00:52:50.150212 np0000186474 devstack@c-api.service[111529]: DEBUG cinder.api.extensions [-] Ext alias: os-hosts {{(pid=111529) _check_extension /opt/stack/cinder/cinder/api/extensions.py:175}}
Jul 24 00:52:50.150281 np0000186474 devstack@c-api.service[111529]: DEBUG cinder.api.extensions [-] Ext description: Admin-only host administration. {{(pid=111529) _check_extension /opt/stack/cinder/cinder/api/extensions.py:176}}
Jul 24 00:52:50.150323 np0000186474 devstack@c-api.service[111529]: DEBUG cinder.api.extensions [-] Ext updated: 2011-06-29T00:00:00+00:00 {{(pid=111529) _check_extension /opt/stack/cinder/cinder/api/extensions.py:178}}
Jul 24 00:52:50.150377 np0000186474 devstack@c-api.service[111529]: DEBUG cinder.api.extensions [-] Loaded extension: os-hosts {{(pid=111529) register /opt/stack/cinder/cinder/api/extensions.py:135}}
Jul 24 00:52:50.150429 np0000186474 devstack@c-api.service[111530]: DEBUG cinder.api.v3.router [None req-6a4a5031-1522-42e1-84ed-ff198aa4df3c None None] Extended resource: scheduler-stats {{(pid=111530) _setup_ext_routes /opt/stack/cinder/cinder/api/v3/router.py:122}}
Jul 24 00:52:50.150468 np0000186474 devstack@c-api.service[111529]: DEBUG cinder.api.extensions [-] Loading extension cinder.api.contrib.availability_zones.Availability_zones {{(pid=111529) load_extension /opt/stack/cinder/cinder/api/extensions.py:194}}
Jul 24 00:52:50.150907 np0000186474 devstack@c-api.service[111529]: DEBUG cinder.api.extensions [-] Calling extension factory cinder.api.contrib.availability_zones.Availability_zones {{(pid=111529) load_extension /opt/stack/cinder/cinder/api/extensions.py:200}}
Jul 24 00:52:50.150959 np0000186474 devstack@c-api.service[111529]: DEBUG cinder.api.extensions [-] Ext name: AvailabilityZones {{(pid=111529) _check_extension /opt/stack/cinder/cinder/api/extensions.py:174}}
Jul 24 00:52:50.151023 np0000186474 devstack@c-api.service[111529]: DEBUG cinder.api.extensions [-] Ext alias: os-availability-zone {{(pid=111529) _check_extension /opt/stack/cinder/cinder/api/extensions.py:175}}
Jul 24 00:52:50.151121 np0000186474 devstack@c-api.service[111529]: DEBUG cinder.api.extensions [-] Ext description: Describe Availability Zones. {{(pid=111529) _check_extension /opt/stack/cinder/cinder/api/extensions.py:176}}
Jul 24 00:52:50.151210 np0000186474 devstack@c-api.service[111529]: DEBUG cinder.api.extensions [-] Ext updated: 2013-06-27T00:00:00+00:00 {{(pid=111529) _check_extension /opt/stack/cinder/cinder/api/extensions.py:178}}
Jul 24 00:52:50.151273 np0000186474 devstack@c-api.service[111529]: DEBUG cinder.api.extensions [-] Loaded extension: os-availability-zone {{(pid=111529) register /opt/stack/cinder/cinder/api/extensions.py:135}}
Jul 24 00:52:50.151336 np0000186474 devstack@c-api.service[111529]: DEBUG cinder.api.extensions [-] Loading extension cinder.api.contrib.volume_host_attribute.Volume_host_attribute {{(pid=111529) load_extension /opt/stack/cinder/cinder/api/extensions.py:194}}
Jul 24 00:52:50.151654 np0000186474 devstack@c-api.service[111529]: DEBUG cinder.api.extensions [-] Calling extension factory cinder.api.contrib.volume_host_attribute.Volume_host_attribute {{(pid=111529) load_extension /opt/stack/cinder/cinder/api/extensions.py:200}}
Jul 24 00:52:50.151740 np0000186474 devstack@c-api.service[111529]: DEBUG cinder.api.extensions [-] Ext name: VolumeHostAttribute {{(pid=111529) _check_extension /opt/stack/cinder/cinder/api/extensions.py:174}}
Jul 24 00:52:50.151785 np0000186474 devstack@c-api.service[111529]: DEBUG cinder.api.extensions [-] Ext alias: os-vol-host-attr {{(pid=111529) _check_extension /opt/stack/cinder/cinder/api/extensions.py:175}}
Jul 24 00:52:50.151834 np0000186474 devstack@c-api.service[111529]: DEBUG cinder.api.extensions [-] Ext description: Expose host as an attribute of a volume. {{(pid=111529) _check_extension /opt/stack/cinder/cinder/api/extensions.py:176}}
Jul 24 00:52:50.151876 np0000186474 devstack@c-api.service[111530]: DEBUG cinder.api.v3.router [None req-6a4a5031-1522-42e1-84ed-ff198aa4df3c None None] Extended resource: backups {{(pid=111530) _setup_ext_routes /opt/stack/cinder/cinder/api/v3/router.py:122}}
Jul 24 00:52:50.151917 np0000186474 devstack@c-api.service[111529]: DEBUG cinder.api.extensions [-] Ext updated: 2011-11-03T00:00:00+00:00 {{(pid=111529) _check_extension /opt/stack/cinder/cinder/api/extensions.py:178}}
Jul 24 00:52:50.151958 np0000186474 devstack@c-api.service[111529]: DEBUG cinder.api.extensions [-] Loaded extension: os-vol-host-attr {{(pid=111529) register /opt/stack/cinder/cinder/api/extensions.py:135}}
Jul 24 00:52:50.152012 np0000186474 devstack@c-api.service[111529]: DEBUG cinder.api.extensions [-] Loading extension cinder.api.contrib.types_extra_specs.Types_extra_specs {{(pid=111529) load_extension /opt/stack/cinder/cinder/api/extensions.py:194}}
Jul 24 00:52:50.152495 np0000186474 devstack@c-api.service[111531]: DEBUG cinder.api.v3.router [None req-9c5edab4-451a-4218-a70c-94f7ef137ca3 None None] Extended resource: os-snapshot-manage {{(pid=111531) _setup_ext_routes /opt/stack/cinder/cinder/api/v3/router.py:122}}
Jul 24 00:52:50.152599 np0000186474 devstack@c-api.service[111529]: DEBUG cinder.api.extensions [-] Calling extension factory cinder.api.contrib.types_extra_specs.Types_extra_specs {{(pid=111529) load_extension /opt/stack/cinder/cinder/api/extensions.py:200}}
Jul 24 00:52:50.152670 np0000186474 devstack@c-api.service[111529]: DEBUG cinder.api.extensions [-] Ext name: TypesExtraSpecs {{(pid=111529) _check_extension /opt/stack/cinder/cinder/api/extensions.py:174}}
Jul 24 00:52:50.152670 np0000186474 devstack@c-api.service[111529]: DEBUG cinder.api.extensions [-] Ext alias: os-types-extra-specs {{(pid=111529) _check_extension /opt/stack/cinder/cinder/api/extensions.py:175}}
Jul 24 00:52:50.152750 np0000186474 devstack@c-api.service[111529]: DEBUG cinder.api.extensions [-] Ext description: Type extra specs support. {{(pid=111529) _check_extension /opt/stack/cinder/cinder/api/extensions.py:176}}
Jul 24 00:52:50.152802 np0000186474 devstack@c-api.service[111529]: DEBUG cinder.api.extensions [-] Ext updated: 2011-08-24T00:00:00+00:00 {{(pid=111529) _check_extension /opt/stack/cinder/cinder/api/extensions.py:178}}
Jul 24 00:52:50.152868 np0000186474 devstack@c-api.service[111529]: DEBUG cinder.api.extensions [-] Loaded extension: os-types-extra-specs {{(pid=111529) register /opt/stack/cinder/cinder/api/extensions.py:135}}
Jul 24 00:52:50.153159 np0000186474 devstack@c-api.service[111529]: DEBUG cinder.api.extensions [-] Loading extension cinder.api.contrib.snapshot_unmanage.Snapshot_unmanage {{(pid=111529) load_extension /opt/stack/cinder/cinder/api/extensions.py:194}}
Jul 24 00:52:50.153645 np0000186474 devstack@c-api.service[111529]: DEBUG cinder.api.extensions [-] Calling extension factory cinder.api.contrib.snapshot_unmanage.Snapshot_unmanage {{(pid=111529) load_extension /opt/stack/cinder/cinder/api/extensions.py:200}}
Jul 24 00:52:50.153730 np0000186474 devstack@c-api.service[111529]: DEBUG cinder.api.extensions [-] Ext name: SnapshotUnmanage {{(pid=111529) _check_extension /opt/stack/cinder/cinder/api/extensions.py:174}}
Jul 24 00:52:50.153791 np0000186474 devstack@c-api.service[111529]: DEBUG cinder.api.extensions [-] Ext alias: os-snapshot-unmanage {{(pid=111529) _check_extension /opt/stack/cinder/cinder/api/extensions.py:175}}
Jul 24 00:52:50.153857 np0000186474 devstack@c-api.service[111529]: DEBUG cinder.api.extensions [-] Ext description: Enable volume unmanage operation. {{(pid=111529) _check_extension /opt/stack/cinder/cinder/api/extensions.py:176}}
Jul 24 00:52:50.153903 np0000186474 devstack@c-api.service[111530]: DEBUG cinder.api.v3.router [None req-6a4a5031-1522-42e1-84ed-ff198aa4df3c None None] Extended resource: consistencygroups {{(pid=111530) _setup_ext_routes /opt/stack/cinder/cinder/api/v3/router.py:122}}
Jul 24 00:52:50.153947 np0000186474 devstack@c-api.service[111529]: DEBUG cinder.api.extensions [-] Ext updated: 2014-12-31T00:00:00+00:00 {{(pid=111529) _check_extension /opt/stack/cinder/cinder/api/extensions.py:178}}
Jul 24 00:52:50.154029 np0000186474 devstack@c-api.service[111529]: DEBUG cinder.api.extensions [-] Loaded extension: os-snapshot-unmanage {{(pid=111529) register /opt/stack/cinder/cinder/api/extensions.py:135}}
Jul 24 00:52:50.154097 np0000186474 devstack@c-api.service[111529]: DEBUG cinder.api.extensions [-] Loading extension cinder.api.contrib.cgsnapshots.Cgsnapshots {{(pid=111529) load_extension /opt/stack/cinder/cinder/api/extensions.py:194}}
Jul 24 00:52:50.154311 np0000186474 devstack@c-api.service[111531]: DEBUG cinder.api.v3.router [None req-9c5edab4-451a-4218-a70c-94f7ef137ca3 None None] Extended resource: scheduler-stats {{(pid=111531) _setup_ext_routes /opt/stack/cinder/cinder/api/v3/router.py:122}}
Jul 24 00:52:50.154852 np0000186474 devstack@c-api.service[111529]: DEBUG cinder.api.extensions [-] Calling extension factory cinder.api.contrib.cgsnapshots.Cgsnapshots {{(pid=111529) load_extension /opt/stack/cinder/cinder/api/extensions.py:200}}
Jul 24 00:52:50.154911 np0000186474 devstack@c-api.service[111529]: DEBUG cinder.api.extensions [-] Ext name: Cgsnapshots {{(pid=111529) _check_extension /opt/stack/cinder/cinder/api/extensions.py:174}}
Jul 24 00:52:50.154965 np0000186474 devstack@c-api.service[111529]: DEBUG cinder.api.extensions [-] Ext alias: cgsnapshots {{(pid=111529) _check_extension /opt/stack/cinder/cinder/api/extensions.py:175}}
Jul 24 00:52:50.155046 np0000186474 devstack@c-api.service[111529]: DEBUG cinder.api.extensions [-] Ext description: cgsnapshots support. {{(pid=111529) _check_extension /opt/stack/cinder/cinder/api/extensions.py:176}}
Jul 24 00:52:50.155114 np0000186474 devstack@c-api.service[111529]: DEBUG cinder.api.extensions [-] Ext updated: 2014-08-18T00:00:00+00:00 {{(pid=111529) _check_extension /opt/stack/cinder/cinder/api/extensions.py:178}}
Jul 24 00:52:50.155159 np0000186474 devstack@c-api.service[111529]: DEBUG cinder.api.extensions [-] Loaded extension: cgsnapshots {{(pid=111529) register /opt/stack/cinder/cinder/api/extensions.py:135}}
Jul 24 00:52:50.155202 np0000186474 devstack@c-api.service[111529]: DEBUG cinder.api.extensions [-] Loading extension cinder.api.contrib.volume_manage.Volume_manage {{(pid=111529) load_extension /opt/stack/cinder/cinder/api/extensions.py:194}}
Jul 24 00:52:50.155290 np0000186474 devstack@c-api.service[111529]: DEBUG cinder.api.extensions [-] Calling extension factory cinder.api.contrib.volume_manage.Volume_manage {{(pid=111529) load_extension /opt/stack/cinder/cinder/api/extensions.py:200}}
Jul 24 00:52:50.155350 np0000186474 devstack@c-api.service[111529]: DEBUG cinder.api.extensions [-] Ext name: VolumeManage {{(pid=111529) _check_extension /opt/stack/cinder/cinder/api/extensions.py:174}}
Jul 24 00:52:50.155405 np0000186474 devstack@c-api.service[111529]: DEBUG cinder.api.extensions [-] Ext alias: os-volume-manage {{(pid=111529) _check_extension /opt/stack/cinder/cinder/api/extensions.py:175}}
Jul 24 00:52:50.155452 np0000186474 devstack@c-api.service[111529]: DEBUG cinder.api.extensions [-] Ext description: Allows existing backend storage to be 'managed' by Cinder. {{(pid=111529) _check_extension /opt/stack/cinder/cinder/api/extensions.py:176}}
Jul 24 00:52:50.155530 np0000186474 devstack@c-api.service[111529]: DEBUG cinder.api.extensions [-] Ext updated: 2014-02-10T00:00:00+00:00 {{(pid=111529) _check_extension /opt/stack/cinder/cinder/api/extensions.py:178}}
Jul 24 00:52:50.155592 np0000186474 devstack@c-api.service[111529]: DEBUG cinder.api.extensions [-] Loaded extension: os-volume-manage {{(pid=111529) register /opt/stack/cinder/cinder/api/extensions.py:135}}
Jul 24 00:52:50.155676 np0000186474 devstack@c-api.service[111529]: DEBUG cinder.api.extensions [-] Loading extension cinder.api.contrib.qos_specs_manage.Qos_specs_manage {{(pid=111529) load_extension /opt/stack/cinder/cinder/api/extensions.py:194}}
Jul 24 00:52:50.155792 np0000186474 devstack@c-api.service[111530]: DEBUG cinder.api.v3.router [None req-6a4a5031-1522-42e1-84ed-ff198aa4df3c None None] Extended resource: capabilities {{(pid=111530) _setup_ext_routes /opt/stack/cinder/cinder/api/v3/router.py:122}}
Jul 24 00:52:50.155857 np0000186474 devstack@c-api.service[111531]: DEBUG cinder.api.v3.router [None req-9c5edab4-451a-4218-a70c-94f7ef137ca3 None None] Extended resource: backups {{(pid=111531) _setup_ext_routes /opt/stack/cinder/cinder/api/v3/router.py:122}}
Jul 24 00:52:50.156759 np0000186474 devstack@c-api.service[111529]: DEBUG cinder.api.extensions [-] Calling extension factory cinder.api.contrib.qos_specs_manage.Qos_specs_manage {{(pid=111529) load_extension /opt/stack/cinder/cinder/api/extensions.py:200}}
Jul 24 00:52:50.156816 np0000186474 devstack@c-api.service[111529]: DEBUG cinder.api.extensions [-] Ext name: Qos_specs_manage {{(pid=111529) _check_extension /opt/stack/cinder/cinder/api/extensions.py:174}}
Jul 24 00:52:50.156869 np0000186474 devstack@c-api.service[111529]: DEBUG cinder.api.extensions [-] Ext alias: qos-specs {{(pid=111529) _check_extension /opt/stack/cinder/cinder/api/extensions.py:175}}
Jul 24 00:52:50.156936 np0000186474 devstack@c-api.service[111529]: DEBUG cinder.api.extensions [-] Ext description: QoS specs support. {{(pid=111529) _check_extension /opt/stack/cinder/cinder/api/extensions.py:176}}
Jul 24 00:52:50.156991 np0000186474 devstack@c-api.service[111529]: DEBUG cinder.api.extensions [-] Ext updated: 2013-08-02T00:00:00+00:00 {{(pid=111529) _check_extension /opt/stack/cinder/cinder/api/extensions.py:178}}
Jul 24 00:52:50.157061 np0000186474 devstack@c-api.service[111529]: DEBUG cinder.api.extensions [-] Loaded extension: qos-specs {{(pid=111529) register /opt/stack/cinder/cinder/api/extensions.py:135}}
Jul 24 00:52:50.157113 np0000186474 devstack@c-api.service[111530]: DEBUG cinder.api.v3.router [None req-6a4a5031-1522-42e1-84ed-ff198aa4df3c None None] Extended resource: os-volume-transfer {{(pid=111530) _setup_ext_routes /opt/stack/cinder/cinder/api/v3/router.py:122}}
Jul 24 00:52:50.157180 np0000186474 devstack@c-api.service[111529]: DEBUG cinder.api.extensions [-] Loading extension cinder.api.contrib.snapshot_manage.Snapshot_manage {{(pid=111529) load_extension /opt/stack/cinder/cinder/api/extensions.py:194}}
Jul 24 00:52:50.157180 np0000186474 devstack@c-api.service[111529]: DEBUG cinder.api.extensions [-] Calling extension factory cinder.api.contrib.snapshot_manage.Snapshot_manage {{(pid=111529) load_extension /opt/stack/cinder/cinder/api/extensions.py:200}}
Jul 24 00:52:50.157254 np0000186474 devstack@c-api.service[111529]: DEBUG cinder.api.extensions [-] Ext name: SnapshotManage {{(pid=111529) _check_extension /opt/stack/cinder/cinder/api/extensions.py:174}}
Jul 24 00:52:50.157319 np0000186474 devstack@c-api.service[111529]: DEBUG cinder.api.extensions [-] Ext alias: os-snapshot-manage {{(pid=111529) _check_extension /opt/stack/cinder/cinder/api/extensions.py:175}}
Jul 24 00:52:50.157394 np0000186474 devstack@c-api.service[111529]: DEBUG cinder.api.extensions [-] Ext description: Allows existing backend storage to be 'managed' by Cinder. {{(pid=111529) _check_extension /opt/stack/cinder/cinder/api/extensions.py:176}}
Jul 24 00:52:50.157448 np0000186474 devstack@c-api.service[111529]: DEBUG cinder.api.extensions [-] Ext updated: 2014-12-31T00:00:00+00:00 {{(pid=111529) _check_extension /opt/stack/cinder/cinder/api/extensions.py:178}}
Jul 24 00:52:50.157541 np0000186474 devstack@c-api.service[111529]: DEBUG cinder.api.extensions [-] Loaded extension: os-snapshot-manage {{(pid=111529) register /opt/stack/cinder/cinder/api/extensions.py:135}}
Jul 24 00:52:50.157598 np0000186474 devstack@c-api.service[111529]: DEBUG cinder.api.extensions [-] Loading extension cinder.api.contrib.scheduler_stats.Scheduler_stats {{(pid=111529) load_extension /opt/stack/cinder/cinder/api/extensions.py:194}}
Jul 24 00:52:50.157990 np0000186474 devstack@c-api.service[111531]: DEBUG cinder.api.v3.router [None req-9c5edab4-451a-4218-a70c-94f7ef137ca3 None None] Extended resource: consistencygroups {{(pid=111531) _setup_ext_routes /opt/stack/cinder/cinder/api/v3/router.py:122}}
Jul 24 00:52:50.158288 np0000186474 devstack@c-api.service[111529]: DEBUG cinder.api.extensions [-] Calling extension factory cinder.api.contrib.scheduler_stats.Scheduler_stats {{(pid=111529) load_extension /opt/stack/cinder/cinder/api/extensions.py:200}}
Jul 24 00:52:50.158355 np0000186474 devstack@c-api.service[111529]: DEBUG cinder.api.extensions [-] Ext name: Scheduler_stats {{(pid=111529) _check_extension /opt/stack/cinder/cinder/api/extensions.py:174}}
Jul 24 00:52:50.158402 np0000186474 devstack@c-api.service[111529]: DEBUG cinder.api.extensions [-] Ext alias: scheduler-stats {{(pid=111529) _check_extension /opt/stack/cinder/cinder/api/extensions.py:175}}
Jul 24 00:52:50.158475 np0000186474 devstack@c-api.service[111529]: DEBUG cinder.api.extensions [-] Ext description: Scheduler stats support. {{(pid=111529) _check_extension /opt/stack/cinder/cinder/api/extensions.py:176}}
Jul 24 00:52:50.158589 np0000186474 devstack@c-api.service[111529]: DEBUG cinder.api.extensions [-] Ext updated: 2014-09-07T00:00:00+00:00 {{(pid=111529) _check_extension /opt/stack/cinder/cinder/api/extensions.py:178}}
Jul 24 00:52:50.158654 np0000186474 devstack@c-api.service[111529]: DEBUG cinder.api.extensions [-] Loaded extension: scheduler-stats {{(pid=111529) register /opt/stack/cinder/cinder/api/extensions.py:135}}
Jul 24 00:52:50.158738 np0000186474 devstack@c-api.service[111529]: DEBUG cinder.api.extensions [-] Loading extension cinder.api.contrib.backups.Backups {{(pid=111529) load_extension /opt/stack/cinder/cinder/api/extensions.py:194}}
Jul 24 00:52:50.158817 np0000186474 devstack@c-api.service[111530]: DEBUG cinder.api.v3.router [None req-6a4a5031-1522-42e1-84ed-ff198aa4df3c None None] Extended resource: encryption {{(pid=111530) _setup_ext_routes /opt/stack/cinder/cinder/api/v3/router.py:122}}
Jul 24 00:52:50.158870 np0000186474 devstack@c-api.service[111529]: DEBUG cinder.api.extensions [-] Calling extension factory cinder.api.contrib.backups.Backups {{(pid=111529) load_extension /opt/stack/cinder/cinder/api/extensions.py:200}}
Jul 24 00:52:50.158870 np0000186474 devstack@c-api.service[111529]: DEBUG cinder.api.extensions [-] Ext name: Backups {{(pid=111529) _check_extension /opt/stack/cinder/cinder/api/extensions.py:174}}
Jul 24 00:52:50.158953 np0000186474 devstack@c-api.service[111529]: DEBUG cinder.api.extensions [-] Ext alias: backups {{(pid=111529) _check_extension /opt/stack/cinder/cinder/api/extensions.py:175}}
Jul 24 00:52:50.159032 np0000186474 devstack@c-api.service[111529]: DEBUG cinder.api.extensions [-] Ext description: Backups support. {{(pid=111529) _check_extension /opt/stack/cinder/cinder/api/extensions.py:176}}
Jul 24 00:52:50.159086 np0000186474 devstack@c-api.service[111529]: DEBUG cinder.api.extensions [-] Ext updated: 2012-12-12T00:00:00+00:00 {{(pid=111529) _check_extension /opt/stack/cinder/cinder/api/extensions.py:178}}
Jul 24 00:52:50.159156 np0000186474 devstack@c-api.service[111529]: DEBUG cinder.api.extensions [-] Loaded extension: backups {{(pid=111529) register /opt/stack/cinder/cinder/api/extensions.py:135}}
Jul 24 00:52:50.159280 np0000186474 devstack@c-api.service[111529]: DEBUG cinder.api.extensions [-] Loading extension cinder.api.contrib.admin_actions.Admin_actions {{(pid=111529) load_extension /opt/stack/cinder/cinder/api/extensions.py:194}}
Jul 24 00:52:50.159951 np0000186474 devstack@c-api.service[111531]: DEBUG cinder.api.v3.router [None req-9c5edab4-451a-4218-a70c-94f7ef137ca3 None None] Extended resource: capabilities {{(pid=111531) _setup_ext_routes /opt/stack/cinder/cinder/api/v3/router.py:122}}
Jul 24 00:52:50.160224 np0000186474 devstack@c-api.service[111530]: DEBUG cinder.api.v3.router [None req-6a4a5031-1522-42e1-84ed-ff198aa4df3c None None] Extended resource: encryption {{(pid=111530) _setup_ext_routes /opt/stack/cinder/cinder/api/v3/router.py:122}}
Jul 24 00:52:50.161300 np0000186474 devstack@c-api.service[111531]: DEBUG cinder.api.v3.router [None req-9c5edab4-451a-4218-a70c-94f7ef137ca3 None None] Extended resource: os-volume-transfer {{(pid=111531) _setup_ext_routes /opt/stack/cinder/cinder/api/v3/router.py:122}}
Jul 24 00:52:50.161825 np0000186474 devstack@c-api.service[111530]: DEBUG cinder.api.v3.router [None req-6a4a5031-1522-42e1-84ed-ff198aa4df3c None None] Extended resource: os-quota-sets {{(pid=111530) _setup_ext_routes /opt/stack/cinder/cinder/api/v3/router.py:122}}
Jul 24 00:52:50.163060 np0000186474 devstack@c-api.service[111531]: DEBUG cinder.api.v3.router [None req-9c5edab4-451a-4218-a70c-94f7ef137ca3 None None] Extended resource: encryption {{(pid=111531) _setup_ext_routes /opt/stack/cinder/cinder/api/v3/router.py:122}}
Jul 24 00:52:50.164039 np0000186474 devstack@c-api.service[111530]: WARNING castellan.key_manager.migration [None req-6a4a5031-1522-42e1-84ed-ff198aa4df3c None None] Using MigrationKeyManager to provide support for legacy fixed_key encryption
Jul 24 00:52:50.164601 np0000186474 devstack@c-api.service[111531]: DEBUG cinder.api.v3.router [None req-9c5edab4-451a-4218-a70c-94f7ef137ca3 None None] Extended resource: encryption {{(pid=111531) _setup_ext_routes /opt/stack/cinder/cinder/api/v3/router.py:122}}
Jul 24 00:52:50.164991 np0000186474 devstack@c-api.service[111529]: DEBUG cinder.api.extensions [-] Calling extension factory cinder.api.contrib.admin_actions.Admin_actions {{(pid=111529) load_extension /opt/stack/cinder/cinder/api/extensions.py:200}}
Jul 24 00:52:50.165054 np0000186474 devstack@c-api.service[111529]: DEBUG cinder.api.extensions [-] Ext name: AdminActions {{(pid=111529) _check_extension /opt/stack/cinder/cinder/api/extensions.py:174}}
Jul 24 00:52:50.165128 np0000186474 devstack@c-api.service[111529]: DEBUG cinder.api.extensions [-] Ext alias: os-admin-actions {{(pid=111529) _check_extension /opt/stack/cinder/cinder/api/extensions.py:175}}
Jul 24 00:52:50.165184 np0000186474 devstack@c-api.service[111529]: DEBUG cinder.api.extensions [-] Ext description: Enable admin actions. {{(pid=111529) _check_extension /opt/stack/cinder/cinder/api/extensions.py:176}}
Jul 24 00:52:50.165249 np0000186474 devstack@c-api.service[111529]: DEBUG cinder.api.extensions [-] Ext updated: 2012-08-25T00:00:00+00:00 {{(pid=111529) _check_extension /opt/stack/cinder/cinder/api/extensions.py:178}}
Jul 24 00:52:50.165302 np0000186474 devstack@c-api.service[111529]: DEBUG cinder.api.extensions [-] Loaded extension: os-admin-actions {{(pid=111529) register /opt/stack/cinder/cinder/api/extensions.py:135}}
Jul 24 00:52:50.165373 np0000186474 devstack@c-api.service[111529]: DEBUG cinder.api.extensions [-] Loading extension cinder.api.contrib.volume_unmanage.Volume_unmanage {{(pid=111529) load_extension /opt/stack/cinder/cinder/api/extensions.py:194}}
Jul 24 00:52:50.165416 np0000186474 devstack@c-api.service[111530]: WARNING castellan.key_manager.migration [None req-6a4a5031-1522-42e1-84ed-ff198aa4df3c None None] Using MigrationKeyManager to provide support for legacy fixed_key encryption
Jul 24 00:52:50.165963 np0000186474 devstack@c-api.service[111529]: DEBUG cinder.api.extensions [-] Calling extension factory cinder.api.contrib.volume_unmanage.Volume_unmanage {{(pid=111529) load_extension /opt/stack/cinder/cinder/api/extensions.py:200}}
Jul 24 00:52:50.166045 np0000186474 devstack@c-api.service[111529]: DEBUG cinder.api.extensions [-] Ext name: VolumeUnmanage {{(pid=111529) _check_extension /opt/stack/cinder/cinder/api/extensions.py:174}}
Jul 24 00:52:50.166127 np0000186474 devstack@c-api.service[111529]: DEBUG cinder.api.extensions [-] Ext alias: os-volume-unmanage {{(pid=111529) _check_extension /opt/stack/cinder/cinder/api/extensions.py:175}}
Jul 24 00:52:50.166199 np0000186474 devstack@c-api.service[111529]: DEBUG cinder.api.extensions [-] Ext description: Enable volume unmanage operation. {{(pid=111529) _check_extension /opt/stack/cinder/cinder/api/extensions.py:176}}
Jul 24 00:52:50.166247 np0000186474 devstack@c-api.service[111531]: DEBUG cinder.api.v3.router [None req-9c5edab4-451a-4218-a70c-94f7ef137ca3 None None] Extended resource: os-quota-sets {{(pid=111531) _setup_ext_routes /opt/stack/cinder/cinder/api/v3/router.py:122}}
Jul 24 00:52:50.166290 np0000186474 devstack@c-api.service[111529]: DEBUG cinder.api.extensions [-] Ext updated: 2012-05-31T00:00:00+00:00 {{(pid=111529) _check_extension /opt/stack/cinder/cinder/api/extensions.py:178}}
Jul 24 00:52:50.166338 np0000186474 devstack@c-api.service[111529]: DEBUG cinder.api.extensions [-] Loaded extension: os-volume-unmanage {{(pid=111529) register /opt/stack/cinder/cinder/api/extensions.py:135}}
Jul 24 00:52:50.166377 np0000186474 devstack@c-api.service[111529]: DEBUG cinder.api.extensions [-] Loading extension cinder.api.contrib.consistencygroups.Consistencygroups {{(pid=111529) load_extension /opt/stack/cinder/cinder/api/extensions.py:194}}
Jul 24 00:52:50.166463 np0000186474 devstack@c-api.service[111529]: DEBUG cinder.api.extensions [-] Calling extension factory cinder.api.contrib.consistencygroups.Consistencygroups {{(pid=111529) load_extension /opt/stack/cinder/cinder/api/extensions.py:200}}
Jul 24 00:52:50.166536 np0000186474 devstack@c-api.service[111529]: DEBUG cinder.api.extensions [-] Ext name: Consistencygroups {{(pid=111529) _check_extension /opt/stack/cinder/cinder/api/extensions.py:174}}
Jul 24 00:52:50.166603 np0000186474 devstack@c-api.service[111529]: DEBUG cinder.api.extensions [-] Ext alias: consistencygroups {{(pid=111529) _check_extension /opt/stack/cinder/cinder/api/extensions.py:175}}
Jul 24 00:52:50.166680 np0000186474 devstack@c-api.service[111529]: DEBUG cinder.api.extensions [-] Ext description: consistency groups support. {{(pid=111529) _check_extension /opt/stack/cinder/cinder/api/extensions.py:176}}
Jul 24 00:52:50.166791 np0000186474 devstack@c-api.service[111529]: DEBUG cinder.api.extensions [-] Ext updated: 2014-08-18T00:00:00+00:00 {{(pid=111529) _check_extension /opt/stack/cinder/cinder/api/extensions.py:178}}
Jul 24 00:52:50.166835 np0000186474 devstack@c-api.service[111530]: WARNING castellan.key_manager.migration [None req-6a4a5031-1522-42e1-84ed-ff198aa4df3c None None] Using MigrationKeyManager to provide support for legacy fixed_key encryption
Jul 24 00:52:50.166876 np0000186474 devstack@c-api.service[111529]: DEBUG cinder.api.extensions [-] Loaded extension: consistencygroups {{(pid=111529) register /opt/stack/cinder/cinder/api/extensions.py:135}}
Jul 24 00:52:50.166947 np0000186474 devstack@c-api.service[111529]: DEBUG cinder.api.extensions [-] Loading extension cinder.api.contrib.extended_snapshot_attributes.Extended_snapshot_attributes {{(pid=111529) load_extension /opt/stack/cinder/cinder/api/extensions.py:194}}
Jul 24 00:52:50.167262 np0000186474 devstack@c-api.service[111529]: DEBUG cinder.api.extensions [-] Calling extension factory cinder.api.contrib.extended_snapshot_attributes.Extended_snapshot_attributes {{(pid=111529) load_extension /opt/stack/cinder/cinder/api/extensions.py:200}}
Jul 24 00:52:50.167331 np0000186474 devstack@c-api.service[111529]: DEBUG cinder.api.extensions [-] Ext name: ExtendedSnapshotAttributes {{(pid=111529) _check_extension /opt/stack/cinder/cinder/api/extensions.py:174}}
Jul 24 00:52:50.167384 np0000186474 devstack@c-api.service[111529]: DEBUG cinder.api.extensions [-] Ext alias: os-extended-snapshot-attributes {{(pid=111529) _check_extension /opt/stack/cinder/cinder/api/extensions.py:175}}
Jul 24 00:52:50.167469 np0000186474 devstack@c-api.service[111529]: DEBUG cinder.api.extensions [-] Ext description: Extended SnapshotAttributes support. {{(pid=111529) _check_extension /opt/stack/cinder/cinder/api/extensions.py:176}}
Jul 24 00:52:50.167516 np0000186474 devstack@c-api.service[111529]: DEBUG cinder.api.extensions [-] Ext updated: 2012-06-19T00:00:00+00:00 {{(pid=111529) _check_extension /opt/stack/cinder/cinder/api/extensions.py:178}}
Jul 24 00:52:50.167585 np0000186474 devstack@c-api.service[111529]: DEBUG cinder.api.extensions [-] Loaded extension: os-extended-snapshot-attributes {{(pid=111529) register /opt/stack/cinder/cinder/api/extensions.py:135}}
Jul 24 00:52:50.167677 np0000186474 devstack@c-api.service[111529]: DEBUG cinder.api.extensions [-] Loading extension cinder.api.contrib.volume_image_metadata.Volume_image_metadata {{(pid=111529) load_extension /opt/stack/cinder/cinder/api/extensions.py:194}}
Jul 24 00:52:50.168170 np0000186474 devstack@c-api.service[111530]: WARNING castellan.key_manager.migration [None req-6a4a5031-1522-42e1-84ed-ff198aa4df3c None None] Using MigrationKeyManager to provide support for legacy fixed_key encryption
Jul 24 00:52:50.168304 np0000186474 devstack@c-api.service[111529]: DEBUG cinder.api.extensions [-] Calling extension factory cinder.api.contrib.volume_image_metadata.Volume_image_metadata {{(pid=111529) load_extension /opt/stack/cinder/cinder/api/extensions.py:200}}
Jul 24 00:52:50.168382 np0000186474 devstack@c-api.service[111529]: DEBUG cinder.api.extensions [-] Ext name: VolumeImageMetadata {{(pid=111529) _check_extension /opt/stack/cinder/cinder/api/extensions.py:174}}
Jul 24 00:52:50.168471 np0000186474 devstack@c-api.service[111529]: DEBUG cinder.api.extensions [-] Ext alias: os-vol-image-meta {{(pid=111529) _check_extension /opt/stack/cinder/cinder/api/extensions.py:175}}
Jul 24 00:52:50.168569 np0000186474 devstack@c-api.service[111531]: WARNING castellan.key_manager.migration [None req-9c5edab4-451a-4218-a70c-94f7ef137ca3 None None] Using MigrationKeyManager to provide support for legacy fixed_key encryption
Jul 24 00:52:50.168617 np0000186474 devstack@c-api.service[111529]: DEBUG cinder.api.extensions [-] Ext description: Show image metadata associated with the volume. {{(pid=111529) _check_extension /opt/stack/cinder/cinder/api/extensions.py:176}}
Jul 24 00:52:50.168672 np0000186474 devstack@c-api.service[111529]: DEBUG cinder.api.extensions [-] Ext updated: 2012-12-07T00:00:00+00:00 {{(pid=111529) _check_extension /opt/stack/cinder/cinder/api/extensions.py:178}}
Jul 24 00:52:50.168743 np0000186474 devstack@c-api.service[111529]: DEBUG cinder.api.extensions [-] Loaded extension: os-vol-image-meta {{(pid=111529) register /opt/stack/cinder/cinder/api/extensions.py:135}}
Jul 24 00:52:50.168743 np0000186474 devstack@c-api.service[111529]: DEBUG cinder.api.extensions [-] Loading extension cinder.api.contrib.extended_services.Extended_services {{(pid=111529) load_extension /opt/stack/cinder/cinder/api/extensions.py:194}}
Jul 24 00:52:50.168976 np0000186474 devstack@c-api.service[111529]: DEBUG cinder.api.extensions [-] Calling extension factory cinder.api.contrib.extended_services.Extended_services {{(pid=111529) load_extension /opt/stack/cinder/cinder/api/extensions.py:200}}
Jul 24 00:52:50.169041 np0000186474 devstack@c-api.service[111529]: DEBUG cinder.api.extensions [-] Ext name: ExtendedServices {{(pid=111529) _check_extension /opt/stack/cinder/cinder/api/extensions.py:174}}
Jul 24 00:52:50.169104 np0000186474 devstack@c-api.service[111529]: DEBUG cinder.api.extensions [-] Ext alias: os-extended-services {{(pid=111529) _check_extension /opt/stack/cinder/cinder/api/extensions.py:175}}
Jul 24 00:52:50.169180 np0000186474 devstack@c-api.service[111529]: DEBUG cinder.api.extensions [-] Ext description: Extended services support. {{(pid=111529) _check_extension /opt/stack/cinder/cinder/api/extensions.py:176}}
Jul 24 00:52:50.169249 np0000186474 devstack@c-api.service[111529]: DEBUG cinder.api.extensions [-] Ext updated: 2014-01-10T00:00:00-00:00 {{(pid=111529) _check_extension /opt/stack/cinder/cinder/api/extensions.py:178}}
Jul 24 00:52:50.169316 np0000186474 devstack@c-api.service[111529]: DEBUG cinder.api.extensions [-] Loaded extension: os-extended-services {{(pid=111529) register /opt/stack/cinder/cinder/api/extensions.py:135}}
Jul 24 00:52:50.169382 np0000186474 devstack@c-api.service[111529]: DEBUG cinder.api.extensions [-] Loading extension cinder.api.contrib.scheduler_hints.Scheduler_hints {{(pid=111529) load_extension /opt/stack/cinder/cinder/api/extensions.py:194}}
Jul 24 00:52:50.169446 np0000186474 devstack@c-api.service[111529]: DEBUG cinder.api.extensions [-] Calling extension factory cinder.api.contrib.scheduler_hints.Scheduler_hints {{(pid=111529) load_extension /opt/stack/cinder/cinder/api/extensions.py:200}}
Jul 24 00:52:50.169529 np0000186474 devstack@c-api.service[111529]: DEBUG cinder.api.extensions [-] Ext name: SchedulerHints {{(pid=111529) _check_extension /opt/stack/cinder/cinder/api/extensions.py:174}}
Jul 24 00:52:50.169593 np0000186474 devstack@c-api.service[111529]: DEBUG cinder.api.extensions [-] Ext alias: OS-SCH-HNT {{(pid=111529) _check_extension /opt/stack/cinder/cinder/api/extensions.py:175}}
Jul 24 00:52:50.169636 np0000186474 devstack@c-api.service[111530]: WARNING castellan.key_manager.migration [None req-6a4a5031-1522-42e1-84ed-ff198aa4df3c None None] Using MigrationKeyManager to provide support for legacy fixed_key encryption
Jul 24 00:52:50.169677 np0000186474 devstack@c-api.service[111529]: DEBUG cinder.api.extensions [-] Ext description: Pass arbitrary key/value pairs to the scheduler. {{(pid=111529) _check_extension /opt/stack/cinder/cinder/api/extensions.py:176}}
Jul 24 00:52:50.169727 np0000186474 devstack@c-api.service[111529]: DEBUG cinder.api.extensions [-] Ext updated: 2013-04-18T00:00:00+00:00 {{(pid=111529) _check_extension /opt/stack/cinder/cinder/api/extensions.py:178}}
Jul 24 00:52:50.169788 np0000186474 devstack@c-api.service[111529]: DEBUG cinder.api.extensions [-] Loaded extension: OS-SCH-HNT {{(pid=111529) register /opt/stack/cinder/cinder/api/extensions.py:135}}
Jul 24 00:52:50.169855 np0000186474 devstack@c-api.service[111529]: DEBUG cinder.api.extensions [-] Loading extension cinder.api.contrib.capabilities.Capabilities {{(pid=111529) load_extension /opt/stack/cinder/cinder/api/extensions.py:194}}
Jul 24 00:52:50.170068 np0000186474 devstack@c-api.service[111531]: WARNING castellan.key_manager.migration [None req-9c5edab4-451a-4218-a70c-94f7ef137ca3 None None] Using MigrationKeyManager to provide support for legacy fixed_key encryption
Jul 24 00:52:50.170364 np0000186474 devstack@c-api.service[111529]: DEBUG cinder.api.extensions [-] Calling extension factory cinder.api.contrib.capabilities.Capabilities {{(pid=111529) load_extension /opt/stack/cinder/cinder/api/extensions.py:200}}
Jul 24 00:52:50.170435 np0000186474 devstack@c-api.service[111529]: DEBUG cinder.api.extensions [-] Ext name: Capabilities {{(pid=111529) _check_extension /opt/stack/cinder/cinder/api/extensions.py:174}}
Jul 24 00:52:50.170488 np0000186474 devstack@c-api.service[111529]: DEBUG cinder.api.extensions [-] Ext alias: capabilities {{(pid=111529) _check_extension /opt/stack/cinder/cinder/api/extensions.py:175}}
Jul 24 00:52:50.170560 np0000186474 devstack@c-api.service[111529]: DEBUG cinder.api.extensions [-] Ext description: Capabilities support. {{(pid=111529) _check_extension /opt/stack/cinder/cinder/api/extensions.py:176}}
Jul 24 00:52:50.170629 np0000186474 devstack@c-api.service[111529]: DEBUG cinder.api.extensions [-] Ext updated: 2015-08-31T00:00:00+00:00 {{(pid=111529) _check_extension /opt/stack/cinder/cinder/api/extensions.py:178}}
Jul 24 00:52:50.170698 np0000186474 devstack@c-api.service[111529]: DEBUG cinder.api.extensions [-] Loaded extension: capabilities {{(pid=111529) register /opt/stack/cinder/cinder/api/extensions.py:135}}
Jul 24 00:52:50.170746 np0000186474 devstack@c-api.service[111529]: DEBUG cinder.api.extensions [-] Loading extension cinder.api.contrib.volume_tenant_attribute.Volume_tenant_attribute {{(pid=111529) load_extension /opt/stack/cinder/cinder/api/extensions.py:194}}
Jul 24 00:52:50.170982 np0000186474 devstack@c-api.service[111530]: WARNING castellan.key_manager.migration [None req-6a4a5031-1522-42e1-84ed-ff198aa4df3c None None] Using MigrationKeyManager to provide support for legacy fixed_key encryption
Jul 24 00:52:50.171042 np0000186474 devstack@c-api.service[111529]: DEBUG cinder.api.extensions [-] Calling extension factory cinder.api.contrib.volume_tenant_attribute.Volume_tenant_attribute {{(pid=111529) load_extension /opt/stack/cinder/cinder/api/extensions.py:200}}
Jul 24 00:52:50.171118 np0000186474 devstack@c-api.service[111529]: DEBUG cinder.api.extensions [-] Ext name: VolumeTenantAttribute {{(pid=111529) _check_extension /opt/stack/cinder/cinder/api/extensions.py:174}}
Jul 24 00:52:50.171179 np0000186474 devstack@c-api.service[111529]: DEBUG cinder.api.extensions [-] Ext alias: os-vol-tenant-attr {{(pid=111529) _check_extension /opt/stack/cinder/cinder/api/extensions.py:175}}
Jul 24 00:52:50.171242 np0000186474 devstack@c-api.service[111529]: DEBUG cinder.api.extensions [-] Ext description: Expose the internal project_id as an attribute of a volume. {{(pid=111529) _check_extension /opt/stack/cinder/cinder/api/extensions.py:176}}
Jul 24 00:52:50.171308 np0000186474 devstack@c-api.service[111529]: DEBUG cinder.api.extensions [-] Ext updated: 2011-11-03T00:00:00+00:00 {{(pid=111529) _check_extension /opt/stack/cinder/cinder/api/extensions.py:178}}
Jul 24 00:52:50.171368 np0000186474 devstack@c-api.service[111529]: DEBUG cinder.api.extensions [-] Loaded extension: os-vol-tenant-attr {{(pid=111529) register /opt/stack/cinder/cinder/api/extensions.py:135}}
Jul 24 00:52:50.171436 np0000186474 devstack@c-api.service[111531]: WARNING castellan.key_manager.migration [None req-9c5edab4-451a-4218-a70c-94f7ef137ca3 None None] Using MigrationKeyManager to provide support for legacy fixed_key encryption
Jul 24 00:52:50.171481 np0000186474 devstack@c-api.service[111529]: DEBUG cinder.api.extensions [-] Loading extension cinder.api.contrib.volume_actions.Volume_actions {{(pid=111529) load_extension /opt/stack/cinder/cinder/api/extensions.py:194}}
Jul 24 00:52:50.172311 np0000186474 devstack@c-api.service[111530]: WARNING castellan.key_manager.migration [None req-6a4a5031-1522-42e1-84ed-ff198aa4df3c None None] Using MigrationKeyManager to provide support for legacy fixed_key encryption
Jul 24 00:52:50.172497 np0000186474 devstack@c-api.service[111529]: DEBUG cinder.api.extensions [-] Calling extension factory cinder.api.contrib.volume_actions.Volume_actions {{(pid=111529) load_extension /opt/stack/cinder/cinder/api/extensions.py:200}}
Jul 24 00:52:50.172591 np0000186474 devstack@c-api.service[111529]: DEBUG cinder.api.extensions [-] Ext name: VolumeActions {{(pid=111529) _check_extension /opt/stack/cinder/cinder/api/extensions.py:174}}
Jul 24 00:52:50.172650 np0000186474 devstack@c-api.service[111529]: DEBUG cinder.api.extensions [-] Ext alias: os-volume-actions {{(pid=111529) _check_extension /opt/stack/cinder/cinder/api/extensions.py:175}}
Jul 24 00:52:50.172705 np0000186474 devstack@c-api.service[111529]: DEBUG cinder.api.extensions [-] Ext description: Enable volume actions. {{(pid=111529) _check_extension /opt/stack/cinder/cinder/api/extensions.py:176}}
Jul 24 00:52:50.172753 np0000186474 devstack@c-api.service[111529]: DEBUG cinder.api.extensions [-] Ext updated: 2012-05-31T00:00:00+00:00 {{(pid=111529) _check_extension /opt/stack/cinder/cinder/api/extensions.py:178}}
Jul 24 00:52:50.172814 np0000186474 devstack@c-api.service[111529]: DEBUG cinder.api.extensions [-] Loaded extension: os-volume-actions {{(pid=111529) register /opt/stack/cinder/cinder/api/extensions.py:135}}
Jul 24 00:52:50.172881 np0000186474 devstack@c-api.service[111529]: DEBUG cinder.api.extensions [-] Loading extension cinder.api.contrib.volume_transfer.Volume_transfer {{(pid=111529) load_extension /opt/stack/cinder/cinder/api/extensions.py:194}}
Jul 24 00:52:50.172926 np0000186474 devstack@c-api.service[111531]: WARNING castellan.key_manager.migration [None req-9c5edab4-451a-4218-a70c-94f7ef137ca3 None None] Using MigrationKeyManager to provide support for legacy fixed_key encryption
Jul 24 00:52:50.172966 np0000186474 devstack@c-api.service[111529]: DEBUG cinder.api.extensions [-] Calling extension factory cinder.api.contrib.volume_transfer.Volume_transfer {{(pid=111529) load_extension /opt/stack/cinder/cinder/api/extensions.py:200}}
Jul 24 00:52:50.173043 np0000186474 devstack@c-api.service[111529]: DEBUG cinder.api.extensions [-] Ext name: VolumeTransfer {{(pid=111529) _check_extension /opt/stack/cinder/cinder/api/extensions.py:174}}
Jul 24 00:52:50.173114 np0000186474 devstack@c-api.service[111529]: DEBUG cinder.api.extensions [-] Ext alias: os-volume-transfer {{(pid=111529) _check_extension /opt/stack/cinder/cinder/api/extensions.py:175}}
Jul 24 00:52:50.173158 np0000186474 devstack@c-api.service[111530]: DEBUG cinder.api.contrib.snapshot_actions [None req-6a4a5031-1522-42e1-84ed-ff198aa4df3c None None] SnapshotActionsController initialized {{(pid=111530) __init__ /opt/stack/cinder/cinder/api/contrib/snapshot_actions.py:33}}
Jul 24 00:52:50.173201 np0000186474 devstack@c-api.service[111529]: DEBUG cinder.api.extensions [-] Ext description: Volume transfer management support. {{(pid=111529) _check_extension /opt/stack/cinder/cinder/api/extensions.py:176}}
Jul 24 00:52:50.173242 np0000186474 devstack@c-api.service[111529]: DEBUG cinder.api.extensions [-] Ext updated: 2013-05-29T00:00:00+00:00 {{(pid=111529) _check_extension /opt/stack/cinder/cinder/api/extensions.py:178}}
Jul 24 00:52:50.173296 np0000186474 devstack@c-api.service[111530]: DEBUG cinder.api.v3.router [None req-6a4a5031-1522-42e1-84ed-ff198aa4df3c None None] Extension VolumeTypeAccess extending resource: types {{(pid=111530) _setup_extensions /opt/stack/cinder/cinder/api/v3/router.py:155}}
Jul 24 00:52:50.173345 np0000186474 devstack@c-api.service[111529]: DEBUG cinder.api.extensions [-] Loaded extension: os-volume-transfer {{(pid=111529) register /opt/stack/cinder/cinder/api/extensions.py:135}}
Jul 24 00:52:50.173345 np0000186474 devstack@c-api.service[111529]: DEBUG cinder.api.extensions [-] Loading extension cinder.api.contrib.used_limits.Used_limits {{(pid=111529) load_extension /opt/stack/cinder/cinder/api/extensions.py:194}}
Jul 24 00:52:50.173460 np0000186474 devstack@c-api.service[111530]: DEBUG cinder.api.v3.router [None req-6a4a5031-1522-42e1-84ed-ff198aa4df3c None None] Extension VolumeHostAttribute extending resource: volumes {{(pid=111530) _setup_extensions /opt/stack/cinder/cinder/api/v3/router.py:155}}
Jul 24 00:52:50.173591 np0000186474 devstack@c-api.service[111530]: DEBUG cinder.api.v3.router [None req-6a4a5031-1522-42e1-84ed-ff198aa4df3c None None] Extension SnapshotUnmanage extending resource: snapshots {{(pid=111530) _setup_extensions /opt/stack/cinder/cinder/api/v3/router.py:155}}
Jul 24 00:52:50.173671 np0000186474 devstack@c-api.service[111529]: DEBUG cinder.api.extensions [-] Calling extension factory cinder.api.contrib.used_limits.Used_limits {{(pid=111529) load_extension /opt/stack/cinder/cinder/api/extensions.py:200}}
Jul 24 00:52:50.173725 np0000186474 devstack@c-api.service[111529]: DEBUG cinder.api.extensions [-] Ext name: UsedLimits {{(pid=111529) _check_extension /opt/stack/cinder/cinder/api/extensions.py:174}}
Jul 24 00:52:50.173838 np0000186474 devstack@c-api.service[111529]: DEBUG cinder.api.extensions [-] Ext alias: os-used-limits {{(pid=111529) _check_extension /opt/stack/cinder/cinder/api/extensions.py:175}}
Jul 24 00:52:50.173895 np0000186474 devstack@c-api.service[111529]: DEBUG cinder.api.extensions [-] Ext description: Provide data on limited resources that are being used. {{(pid=111529) _check_extension /opt/stack/cinder/cinder/api/extensions.py:176}}
Jul 24 00:52:50.173988 np0000186474 devstack@c-api.service[111529]: DEBUG cinder.api.extensions [-] Ext updated: 2013-10-03T00:00:00+00:00 {{(pid=111529) _check_extension /opt/stack/cinder/cinder/api/extensions.py:178}}
Jul 24 00:52:50.174042 np0000186474 devstack@c-api.service[111529]: DEBUG cinder.api.extensions [-] Loaded extension: os-used-limits {{(pid=111529) register /opt/stack/cinder/cinder/api/extensions.py:135}}
Jul 24 00:52:50.174163 np0000186474 devstack@c-api.service[111529]: DEBUG cinder.api.extensions [-] Loading extension cinder.api.contrib.snapshot_actions.Snapshot_actions {{(pid=111529) load_extension /opt/stack/cinder/cinder/api/extensions.py:194}}
Jul 24 00:52:50.174455 np0000186474 devstack@c-api.service[111531]: WARNING castellan.key_manager.migration [None req-9c5edab4-451a-4218-a70c-94f7ef137ca3 None None] Using MigrationKeyManager to provide support for legacy fixed_key encryption
Jul 24 00:52:50.174544 np0000186474 devstack@c-api.service[111530]: DEBUG cinder.api.v3.router [None req-6a4a5031-1522-42e1-84ed-ff198aa4df3c None None] Extension AdminActions extending resource: volumes {{(pid=111530) _setup_extensions /opt/stack/cinder/cinder/api/v3/router.py:155}}
Jul 24 00:52:50.174674 np0000186474 devstack@c-api.service[111530]: DEBUG cinder.api.v3.router [None req-6a4a5031-1522-42e1-84ed-ff198aa4df3c None None] Extension AdminActions extending resource: snapshots {{(pid=111530) _setup_extensions /opt/stack/cinder/cinder/api/v3/router.py:155}}
Jul 24 00:52:50.174739 np0000186474 devstack@c-api.service[111529]: DEBUG cinder.api.extensions [-] Calling extension factory cinder.api.contrib.snapshot_actions.Snapshot_actions {{(pid=111529) load_extension /opt/stack/cinder/cinder/api/extensions.py:200}}
