Jul 24 00:56:07.155492 np0000186474 devstack@n-api.service[98861]: INFO nova.api.openstack.requestlog [None req-653512d6-6d94-43b6-9c87-142c6efca02e demo demo] 199.204.45.223 "GET /compute/v2.1/flavors/detail?is_public=None" status: 200 len: 5262 microversion: 2.61 time: 0.033633
Jul 24 00:56:07.155859 np0000186474 devstack@n-api.service[98861]: [pid: 98861|app: 0|req: 16/64] 199.204.45.223 () {68 vars in 1424 bytes} [Fri Jul 24 00:56:07 2026] GET /compute/v2.1/flavors/detail?is_public=None => generated 5262 bytes in 35 msecs (HTTP/1.1 200) 9 headers in 360 bytes (1 switches on core 0)
Jul 24 00:56:07.472719 np0000186474 devstack@n-api.service[98863]: DEBUG nova.api.openstack.wsgi [None req-80c6ea19-8ed7-4fee-9bfc-3c99cd407885 admin admin] Calling method '>' {{(pid=98863) _process_stack /opt/stack/nova/nova/api/openstack/wsgi.py:551}}
Jul 24 00:56:07.479065 np0000186474 devstack@n-api.service[98863]: INFO nova.api.openstack.requestlog [None req-80c6ea19-8ed7-4fee-9bfc-3c99cd407885 admin admin] 199.204.45.223 "GET /compute/v2.1" status: 200 len: 393 microversion: 2.1 time: 0.007205
Jul 24 00:56:07.479501 np0000186474 devstack@n-api.service[98863]: [pid: 98863|app: 0|req: 16/65] 199.204.45.223 () {62 vars in 1063 bytes} [Fri Jul 24 00:56:07 2026] GET /compute/v2.1 => generated 393 bytes in 8 msecs (HTTP/1.1 200) 9 headers in 357 bytes (1 switches on core 0)
Jul 24 00:56:07.515837 np0000186474 devstack@n-api.service[98862]: DEBUG nova.api.openstack.wsgi [None req-7f9ce313-f1ce-48cd-a535-80db56403e66 admin admin] Calling method '>' {{(pid=98862) _process_stack /opt/stack/nova/nova/api/openstack/wsgi.py:551}}
Jul 24 00:56:07.522016 np0000186474 devstack@n-api.service[98862]: INFO nova.api.openstack.requestlog [None req-7f9ce313-f1ce-48cd-a535-80db56403e66 admin admin] 199.204.45.223 "GET /compute/v2.1/" status: 200 len: 393 microversion: 2.1 time: 0.006465
Jul 24 00:56:07.522441 np0000186474 devstack@n-api.service[98862]: [pid: 98862|app: 0|req: 17/66] 199.204.45.223 () {62 vars in 1066 bytes} [Fri Jul 24 00:56:07 2026] GET /compute/v2.1/ => generated 393 bytes in 8 msecs (HTTP/1.1 200) 9 headers in 357 bytes (1 switches on core 0)
Jul 24 00:56:07.566689 np0000186474 devstack@n-api.service[98864]: DEBUG nova.api.openstack.wsgi [None req-90f95a3b-0412-45ca-85f5-1bc34584c2af demo demo] Calling method '>' {{(pid=98864) _process_stack /opt/stack/nova/nova/api/openstack/wsgi.py:551}}
Jul 24 00:56:07.589804 np0000186474 devstack@n-api.service[98864]: INFO nova.api.openstack.requestlog [None req-90f95a3b-0412-45ca-85f5-1bc34584c2af demo demo] 199.204.45.223 "GET /compute/v2.1/flavors/detail?is_public=None" status: 200 len: 5262 microversion: 2.61 time: 0.025852
Jul 24 00:56:07.590141 np0000186474 devstack@n-api.service[98864]: [pid: 98864|app: 0|req: 18/67] 199.204.45.223 () {68 vars in 1424 bytes} [Fri Jul 24 00:56:07 2026] GET /compute/v2.1/flavors/detail?is_public=None => generated 5262 bytes in 27 msecs (HTTP/1.1 200) 9 headers in 360 bytes (1 switches on core 0)
Jul 24 00:56:07.650355 np0000186474 devstack@n-api.service[98861]: DEBUG nova.api.openstack.wsgi [None req-fc2d5378-c75e-433d-8d77-b32b88049653 demo demo] Calling method '>' {{(pid=98861) _process_stack /opt/stack/nova/nova/api/openstack/wsgi.py:551}}
Jul 24 00:56:07.678024 np0000186474 devstack@n-api.service[98861]: INFO nova.api.openstack.requestlog [None req-fc2d5378-c75e-433d-8d77-b32b88049653 demo demo] 199.204.45.223 "GET /compute/v2.1/flavors/detail?is_public=None" status: 200 len: 5262 microversion: 2.61 time: 0.031924
Jul 24 00:56:07.678322 np0000186474 devstack@n-api.service[98861]: [pid: 98861|app: 0|req: 17/68] 199.204.45.223 () {68 vars in 1424 bytes} [Fri Jul 24 00:56:07 2026] GET /compute/v2.1/flavors/detail?is_public=None => generated 5262 bytes in 33 msecs (HTTP/1.1 200) 9 headers in 360 bytes (1 switches on core 0)
Jul 24 00:56:11.861251 np0000186474 devstack@n-api.service[98863]: DEBUG nova.api.openstack.wsgi [None req-80c6ea19-8ed7-4fee-9bfc-3c99cd407885 admin admin] Calling method '>' {{(pid=98863) _process_stack /opt/stack/nova/nova/api/openstack/wsgi.py:551}}
Jul 24 00:56:11.865818 np0000186474 devstack@n-api.service[98863]: INFO nova.api.openstack.requestlog [None req-80c6ea19-8ed7-4fee-9bfc-3c99cd407885 admin admin] 199.204.45.223 "GET /compute/v2.1" status: 200 len: 393 microversion: 2.1 time: 0.005173
Jul 24 00:56:11.866071 np0000186474 devstack@n-api.service[98863]: [pid: 98863|app: 0|req: 17/69] 199.204.45.223 () {62 vars in 1063 bytes} [Fri Jul 24 00:56:11 2026] GET /compute/v2.1 => generated 393 bytes in 6 msecs (HTTP/1.1 200) 9 headers in 357 bytes (1 switches on core 0)
Jul 24 00:56:11.908091 np0000186474 devstack@n-api.service[98862]: DEBUG nova.api.openstack.wsgi [None req-7f9ce313-f1ce-48cd-a535-80db56403e66 admin admin] Calling method '>' {{(pid=98862) _process_stack /opt/stack/nova/nova/api/openstack/wsgi.py:551}}
Jul 24 00:56:11.914931 np0000186474 devstack@n-api.service[98862]: INFO nova.api.openstack.requestlog [None req-7f9ce313-f1ce-48cd-a535-80db56403e66 admin admin] 199.204.45.223 "GET /compute/v2.1/" status: 200 len: 393 microversion: 2.1 time: 0.007582
Jul 24 00:56:11.915197 np0000186474 devstack@n-api.service[98862]: [pid: 98862|app: 0|req: 18/70] 199.204.45.223 () {62 vars in 1066 bytes} [Fri Jul 24 00:56:11 2026] GET /compute/v2.1/ => generated 393 bytes in 8 msecs (HTTP/1.1 200) 9 headers in 357 bytes (1 switches on core 0)
Jul 24 00:56:11.955540 np0000186474 devstack@n-api.service[98864]: DEBUG nova.api.openstack.wsgi [None req-59eb8a02-40ab-4d7b-875b-cfcb459039af demo demo] Calling method '>' {{(pid=98864) _process_stack /opt/stack/nova/nova/api/openstack/wsgi.py:551}}
Jul 24 00:56:11.974799 np0000186474 devstack@n-api.service[98864]: INFO nova.api.openstack.requestlog [None req-59eb8a02-40ab-4d7b-875b-cfcb459039af demo demo] 199.204.45.223 "GET /compute/v2.1/flavors/detail?is_public=None" status: 200 len: 5262 microversion: 2.61 time: 0.022971
Jul 24 00:56:11.975270 np0000186474 devstack@n-api.service[98864]: [pid: 98864|app: 0|req: 19/71] 199.204.45.223 () {68 vars in 1424 bytes} [Fri Jul 24 00:56:11 2026] GET /compute/v2.1/flavors/detail?is_public=None => generated 5262 bytes in 24 msecs (HTTP/1.1 200) 9 headers in 360 bytes (1 switches on core 0)
Jul 24 00:56:12.028111 np0000186474 devstack@n-api.service[98861]: DEBUG nova.api.openstack.wsgi [None req-e61062e1-785a-4376-9395-829ab9f0aaf7 demo demo] Calling method '>' {{(pid=98861) _process_stack /opt/stack/nova/nova/api/openstack/wsgi.py:551}}
Jul 24 00:56:12.054235 np0000186474 devstack@n-api.service[98861]: INFO nova.api.openstack.requestlog [None req-e61062e1-785a-4376-9395-829ab9f0aaf7 demo demo] 199.204.45.223 "GET /compute/v2.1/flavors/detail?is_public=None" status: 200 len: 5262 microversion: 2.61 time: 0.027745
Jul 24 00:56:12.054635 np0000186474 devstack@n-api.service[98861]: [pid: 98861|app: 0|req: 18/72] 199.204.45.223 () {68 vars in 1424 bytes} [Fri Jul 24 00:56:12 2026] GET /compute/v2.1/flavors/detail?is_public=None => generated 5262 bytes in 29 msecs (HTTP/1.1 200) 9 headers in 360 bytes (1 switches on core 0)
Jul 24 00:56:12.209704 np0000186474 devstack@n-api.service[98863]: DEBUG nova.api.openstack.wsgi [None req-80c6ea19-8ed7-4fee-9bfc-3c99cd407885 admin admin] Calling method '>' {{(pid=98863) _process_stack /opt/stack/nova/nova/api/openstack/wsgi.py:551}}
Jul 24 00:56:12.213724 np0000186474 devstack@n-api.service[98863]: INFO nova.api.openstack.requestlog [None req-80c6ea19-8ed7-4fee-9bfc-3c99cd407885 admin admin] 199.204.45.223 "GET /compute/v2.1" status: 200 len: 393 microversion: 2.1 time: 0.004489
Jul 24 00:56:12.213987 np0000186474 devstack@n-api.service[98863]: [pid: 98863|app: 0|req: 18/73] 199.204.45.223 () {62 vars in 1063 bytes} [Fri Jul 24 00:56:12 2026] GET /compute/v2.1 => generated 393 bytes in 5 msecs (HTTP/1.1 200) 9 headers in 357 bytes (1 switches on core 0)
Jul 24 00:56:12.254772 np0000186474 devstack@n-api.service[98862]: DEBUG nova.api.openstack.wsgi [None req-7f9ce313-f1ce-48cd-a535-80db56403e66 admin admin] Calling method '>' {{(pid=98862) _process_stack /opt/stack/nova/nova/api/openstack/wsgi.py:551}}
Jul 24 00:56:12.259609 np0000186474 devstack@n-api.service[98862]: INFO nova.api.openstack.requestlog [None req-7f9ce313-f1ce-48cd-a535-80db56403e66 admin admin] 199.204.45.223 "GET /compute/v2.1/" status: 200 len: 393 microversion: 2.1 time: 0.005398
Jul 24 00:56:12.259845 np0000186474 devstack@n-api.service[98862]: [pid: 98862|app: 0|req: 19/74] 199.204.45.223 () {62 vars in 1066 bytes} [Fri Jul 24 00:56:12 2026] GET /compute/v2.1/ => generated 393 bytes in 6 msecs (HTTP/1.1 200) 9 headers in 357 bytes (1 switches on core 0)
Jul 24 00:56:12.301290 np0000186474 devstack@n-api.service[98864]: DEBUG nova.api.openstack.wsgi [None req-c2004b7f-3d9b-418d-a2fd-8d175d379e13 demo demo] Calling method '>' {{(pid=98864) _process_stack /opt/stack/nova/nova/api/openstack/wsgi.py:551}}
Jul 24 00:56:12.325573 np0000186474 devstack@n-api.service[98864]: INFO nova.api.openstack.requestlog [None req-c2004b7f-3d9b-418d-a2fd-8d175d379e13 demo demo] 199.204.45.223 "GET /compute/v2.1/flavors/detail?is_public=None" status: 200 len: 5262 microversion: 2.61 time: 0.027428
Jul 24 00:56:12.325573 np0000186474 devstack@n-api.service[98864]: [pid: 98864|app: 0|req: 20/75] 199.204.45.223 () {68 vars in 1424 bytes} [Fri Jul 24 00:56:12 2026] GET /compute/v2.1/flavors/detail?is_public=None => generated 5262 bytes in 28 msecs (HTTP/1.1 200) 9 headers in 360 bytes (1 switches on core 0)
Jul 24 00:56:12.381645 np0000186474 devstack@n-api.service[98861]: DEBUG nova.api.openstack.wsgi [None req-e01fc004-dd1a-4947-872a-5eaf653dc164 demo demo] Calling method '>' {{(pid=98861) _process_stack /opt/stack/nova/nova/api/openstack/wsgi.py:551}}
Jul 24 00:56:12.406969 np0000186474 devstack@n-api.service[98861]: INFO nova.api.openstack.requestlog [None req-e01fc004-dd1a-4947-872a-5eaf653dc164 demo demo] 199.204.45.223 "GET /compute/v2.1/flavors/detail?is_public=None" status: 200 len: 5262 microversion: 2.61 time: 0.028841
Jul 24 00:56:12.407197 np0000186474 devstack@n-api.service[98861]: [pid: 98861|app: 0|req: 19/76] 199.204.45.223 () {68 vars in 1424 bytes} [Fri Jul 24 00:56:12 2026] GET /compute/v2.1/flavors/detail?is_public=None => generated 5262 bytes in 29 msecs (HTTP/1.1 200) 9 headers in 360 bytes (1 switches on core 0)
Jul 24 00:56:16.577946 np0000186474 devstack@n-api.service[98863]: DEBUG nova.api.openstack.wsgi [None req-80c6ea19-8ed7-4fee-9bfc-3c99cd407885 admin admin] Calling method '>' {{(pid=98863) _process_stack /opt/stack/nova/nova/api/openstack/wsgi.py:551}}
Jul 24 00:56:16.584168 np0000186474 devstack@n-api.service[98863]: INFO nova.api.openstack.requestlog [None req-80c6ea19-8ed7-4fee-9bfc-3c99cd407885 admin admin] 199.204.45.223 "GET /compute/v2.1" status: 200 len: 393 microversion: 2.1 time: 0.006885
Jul 24 00:56:16.584450 np0000186474 devstack@n-api.service[98863]: [pid: 98863|app: 0|req: 19/77] 199.204.45.223 () {62 vars in 1074 bytes} [Fri Jul 24 00:56:16 2026] GET /compute/v2.1 => generated 393 bytes in 8 msecs (HTTP/1.1 200) 9 headers in 357 bytes (1 switches on core 0)
Jul 24 00:56:16.628184 np0000186474 devstack@n-api.service[98862]: DEBUG nova.api.openstack.wsgi [None req-7f9ce313-f1ce-48cd-a535-80db56403e66 admin admin] Calling method '>' {{(pid=98862) _process_stack /opt/stack/nova/nova/api/openstack/wsgi.py:551}}
Jul 24 00:56:16.633845 np0000186474 devstack@n-api.service[98862]: INFO nova.api.openstack.requestlog [None req-7f9ce313-f1ce-48cd-a535-80db56403e66 admin admin] 199.204.45.223 "GET /compute/v2.1/" status: 200 len: 393 microversion: 2.1 time: 0.006302
Jul 24 00:56:16.634197 np0000186474 devstack@n-api.service[98862]: [pid: 98862|app: 0|req: 20/78] 199.204.45.223 () {62 vars in 1077 bytes} [Fri Jul 24 00:56:16 2026] GET /compute/v2.1/ => generated 393 bytes in 7 msecs (HTTP/1.1 200) 9 headers in 357 bytes (1 switches on core 0)
Jul 24 00:56:16.674971 np0000186474 devstack@n-api.service[98864]: DEBUG nova.api.openstack.wsgi [None req-2dd95952-27d4-45de-b693-83109ba89222 demo demo] Calling method '>' {{(pid=98864) _process_stack /opt/stack/nova/nova/api/openstack/wsgi.py:551}}
Jul 24 00:56:16.703321 np0000186474 devstack@n-api.service[98864]: INFO nova.api.openstack.requestlog [None req-2dd95952-27d4-45de-b693-83109ba89222 demo demo] 199.204.45.223 "GET /compute/v2.1/os-server-groups" status: 200 len: 21 microversion: 2.64 time: 0.030491
Jul 24 00:56:16.703794 np0000186474 devstack@n-api.service[98864]: [pid: 98864|app: 0|req: 21/79] 199.204.45.223 () {68 vars in 1412 bytes} [Fri Jul 24 00:56:16 2026] GET /compute/v2.1/os-server-groups => generated 21 bytes in 32 msecs (HTTP/1.1 200) 9 headers in 358 bytes (1 switches on core 0)
Jul 24 00:56:16.743496 np0000186474 devstack@n-api.service[98861]: DEBUG nova.api.openstack.wsgi [None req-e01fc004-dd1a-4947-872a-5eaf653dc164 demo demo] Calling method '>' {{(pid=98861) _process_stack /opt/stack/nova/nova/api/openstack/wsgi.py:551}}
Jul 24 00:56:16.746748 np0000186474 devstack@n-api.service[98861]: INFO nova.api.openstack.requestlog [None req-e01fc004-dd1a-4947-872a-5eaf653dc164 demo demo] 199.204.45.223 "GET /compute/v2.1" status: 200 len: 393 microversion: 2.1 time: 0.003614
Jul 24 00:56:16.747012 np0000186474 devstack@n-api.service[98861]: [pid: 98861|app: 0|req: 20/80] 199.204.45.223 () {62 vars in 1074 bytes} [Fri Jul 24 00:56:16 2026] GET /compute/v2.1 => generated 393 bytes in 4 msecs (HTTP/1.1 200) 9 headers in 357 bytes (1 switches on core 0)
Jul 24 00:56:16.787855 np0000186474 devstack@n-api.service[98863]: DEBUG nova.api.openstack.wsgi [None req-80c6ea19-8ed7-4fee-9bfc-3c99cd407885 admin admin] Calling method '>' {{(pid=98863) _process_stack /opt/stack/nova/nova/api/openstack/wsgi.py:551}}
Jul 24 00:56:16.797283 np0000186474 devstack@n-api.service[98863]: INFO nova.api.openstack.requestlog [None req-80c6ea19-8ed7-4fee-9bfc-3c99cd407885 admin admin] 199.204.45.223 "GET /compute/v2.1/" status: 200 len: 393 microversion: 2.1 time: 0.009741
Jul 24 00:56:16.797619 np0000186474 devstack@n-api.service[98863]: [pid: 98863|app: 0|req: 20/81] 199.204.45.223 () {62 vars in 1077 bytes} [Fri Jul 24 00:56:16 2026] GET /compute/v2.1/ => generated 393 bytes in 11 msecs (HTTP/1.1 200) 9 headers in 357 bytes (1 switches on core 0)
Jul 24 00:56:16.844679 np0000186474 devstack@n-api.service[98862]: DEBUG nova.api.openstack.wsgi [None req-fb316da3-4cab-4295-9ed5-6f21aa378a0a demo demo] Action: 'create', calling method: >, body: {"server_group": {"name": "kube-wfvtn", "policy": "soft-anti-affinity"}} {{(pid=98862) _process_stack /opt/stack/nova/nova/api/openstack/wsgi.py:549}}
Jul 24 00:56:16.877227 np0000186474 devstack@n-api.service[98862]: DEBUG nova.quota [None req-fb316da3-4cab-4295-9ed5-6f21aa378a0a demo demo] Getting quotas for project 1901625148c340e08db1f881c6856c8f. Resources: {'server_groups'} {{(pid=98862) _get_quotas /opt/stack/nova/nova/quota.py:389}}
Jul 24 00:56:16.882141 np0000186474 devstack@n-api.service[98862]: DEBUG nova.quota [None req-fb316da3-4cab-4295-9ed5-6f21aa378a0a demo demo] Getting quotas for user 71b37869a1364d82942d32c695c5bd94 and project 1901625148c340e08db1f881c6856c8f. Resources: {'server_groups'} {{(pid=98862) _get_quotas /opt/stack/nova/nova/quota.py:379}}
Jul 24 00:56:16.940895 np0000186474 devstack@n-api.service[98862]: DEBUG nova.quota [None req-fb316da3-4cab-4295-9ed5-6f21aa378a0a demo demo] Getting quotas for project 1901625148c340e08db1f881c6856c8f. Resources: {'server_groups'} {{(pid=98862) _get_quotas /opt/stack/nova/nova/quota.py:389}}
Jul 24 00:56:16.943436 np0000186474 devstack@n-api.service[98862]: DEBUG nova.quota [None req-fb316da3-4cab-4295-9ed5-6f21aa378a0a demo demo] Getting quotas for user 71b37869a1364d82942d32c695c5bd94 and project 1901625148c340e08db1f881c6856c8f. Resources: {'server_groups'} {{(pid=98862) _get_quotas /opt/stack/nova/nova/quota.py:379}}
Jul 24 00:56:16.957090 np0000186474 devstack@n-api.service[98862]: INFO nova.api.openstack.requestlog [None req-fb316da3-4cab-4295-9ed5-6f21aa378a0a demo demo] 199.204.45.223 "POST /compute/v2.1/os-server-groups" status: 200 len: 243 microversion: 2.64 time: 0.116096
Jul 24 00:56:16.957615 np0000186474 devstack@n-api.service[98862]: [pid: 98862|app: 0|req: 21/82] 199.204.45.223 () {72 vars in 1452 bytes} [Fri Jul 24 00:56:16 2026] POST /compute/v2.1/os-server-groups => generated 243 bytes in 120 msecs (HTTP/1.1 200) 9 headers in 359 bytes (1 switches on core 0)
Jul 24 00:56:17.009012 np0000186474 devstack@n-api.service[98864]: DEBUG nova.api.openstack.wsgi [None req-2dd95952-27d4-45de-b693-83109ba89222 demo demo] Calling method '>' {{(pid=98864) _process_stack /opt/stack/nova/nova/api/openstack/wsgi.py:551}}
Jul 24 00:56:17.015253 np0000186474 devstack@n-api.service[98864]: INFO nova.api.openstack.requestlog [None req-2dd95952-27d4-45de-b693-83109ba89222 demo demo] 199.204.45.223 "GET /compute/v2.1" status: 200 len: 393 microversion: 2.1 time: 0.006768
Jul 24 00:56:17.015626 np0000186474 devstack@n-api.service[98864]: [pid: 98864|app: 0|req: 22/83] 199.204.45.223 () {62 vars in 1074 bytes} [Fri Jul 24 00:56:17 2026] GET /compute/v2.1 => generated 393 bytes in 8 msecs (HTTP/1.1 200) 9 headers in 357 bytes (1 switches on core 0)
Jul 24 00:56:17.055180 np0000186474 devstack@n-api.service[98861]: DEBUG nova.api.openstack.wsgi [None req-e01fc004-dd1a-4947-872a-5eaf653dc164 demo demo] Calling method '>' {{(pid=98861) _process_stack /opt/stack/nova/nova/api/openstack/wsgi.py:551}}
Jul 24 00:56:17.060050 np0000186474 devstack@n-api.service[98861]: INFO nova.api.openstack.requestlog [None req-e01fc004-dd1a-4947-872a-5eaf653dc164 demo demo] 199.204.45.223 "GET /compute/v2.1/" status: 200 len: 393 microversion: 2.1 time: 0.005419
Jul 24 00:56:17.060269 np0000186474 devstack@n-api.service[98861]: [pid: 98861|app: 0|req: 21/84] 199.204.45.223 () {62 vars in 1077 bytes} [Fri Jul 24 00:56:17 2026] GET /compute/v2.1/ => generated 393 bytes in 6 msecs (HTTP/1.1 200) 9 headers in 357 bytes (1 switches on core 0)
Jul 24 00:56:17.096704 np0000186474 devstack@n-api.service[98863]: DEBUG nova.api.openstack.wsgi [None req-1b5fa80e-16af-493c-b20d-6d73a9642152 demo demo] Calling method '>' {{(pid=98863) _process_stack /opt/stack/nova/nova/api/openstack/wsgi.py:551}}
Jul 24 00:56:17.146277 np0000186474 devstack@n-api.service[98863]: INFO nova.api.openstack.requestlog [None req-1b5fa80e-16af-493c-b20d-6d73a9642152 demo demo] 199.204.45.223 "GET /compute/v2.1/os-server-groups" status: 200 len: 246 microversion: 2.64 time: 0.052216
Jul 24 00:56:17.146654 np0000186474 devstack@n-api.service[98863]: [pid: 98863|app: 0|req: 21/85] 199.204.45.223 () {68 vars in 1412 bytes} [Fri Jul 24 00:56:17 2026] GET /compute/v2.1/os-server-groups => generated 246 bytes in 53 msecs (HTTP/1.1 200) 9 headers in 359 bytes (1 switches on core 0)
Jul 24 00:56:17.191224 np0000186474 devstack@n-api.service[98862]: DEBUG nova.api.openstack.wsgi [None req-fb316da3-4cab-4295-9ed5-6f21aa378a0a demo demo] Calling method '>' {{(pid=98862) _process_stack /opt/stack/nova/nova/api/openstack/wsgi.py:551}}
Jul 24 00:56:17.194897 np0000186474 devstack@n-api.service[98862]: INFO nova.api.openstack.requestlog [None req-fb316da3-4cab-4295-9ed5-6f21aa378a0a demo demo] 199.204.45.223 "GET /compute/v2.1" status: 200 len: 393 microversion: 2.1 time: 0.003975
Jul 24 00:56:17.195127 np0000186474 devstack@n-api.service[98862]: [pid: 98862|app: 0|req: 22/86] 199.204.45.223 () {62 vars in 1074 bytes} [Fri Jul 24 00:56:17 2026] GET /compute/v2.1 => generated 393 bytes in 5 msecs (HTTP/1.1 200) 9 headers in 357 bytes (1 switches on core 0)
Jul 24 00:56:17.236687 np0000186474 devstack@n-api.service[98864]: DEBUG nova.api.openstack.wsgi [None req-2dd95952-27d4-45de-b693-83109ba89222 demo demo] Calling method '>' {{(pid=98864) _process_stack /opt/stack/nova/nova/api/openstack/wsgi.py:551}}
Jul 24 00:56:17.241637 np0000186474 devstack@n-api.service[98864]: INFO nova.api.openstack.requestlog [None req-2dd95952-27d4-45de-b693-83109ba89222 demo demo] 199.204.45.223 "GET /compute/v2.1/" status: 200 len: 393 microversion: 2.1 time: 0.005414
Jul 24 00:56:17.241861 np0000186474 devstack@n-api.service[98864]: [pid: 98864|app: 0|req: 23/87] 199.204.45.223 () {62 vars in 1077 bytes} [Fri Jul 24 00:56:17 2026] GET /compute/v2.1/ => generated 393 bytes in 6 msecs (HTTP/1.1 200) 9 headers in 357 bytes (1 switches on core 0)
Jul 24 00:56:17.290824 np0000186474 devstack@n-api.service[98861]: DEBUG nova.api.openstack.wsgi [None req-e4991a51-80c6-412c-8d75-d5fac8567bbf demo demo] Action: 'create', calling method: >, body: {"server_group": {"name": "kube-wfvtn-default-worker", "policy": "soft-anti-affinity"}} {{(pid=98861) _process_stack /opt/stack/nova/nova/api/openstack/wsgi.py:549}}
Jul 24 00:56:17.315738 np0000186474 devstack@n-api.service[98861]: DEBUG nova.quota [None req-e4991a51-80c6-412c-8d75-d5fac8567bbf demo demo] Getting quotas for project 1901625148c340e08db1f881c6856c8f. Resources: {'server_groups'} {{(pid=98861) _get_quotas /opt/stack/nova/nova/quota.py:389}}
Jul 24 00:56:17.320275 np0000186474 devstack@n-api.service[98861]: DEBUG nova.quota [None req-e4991a51-80c6-412c-8d75-d5fac8567bbf demo demo] Getting quotas for user 71b37869a1364d82942d32c695c5bd94 and project 1901625148c340e08db1f881c6856c8f. Resources: {'server_groups'} {{(pid=98861) _get_quotas /opt/stack/nova/nova/quota.py:379}}
Jul 24 00:56:17.376007 np0000186474 devstack@n-api.service[98861]: DEBUG nova.quota [None req-e4991a51-80c6-412c-8d75-d5fac8567bbf demo demo] Getting quotas for project 1901625148c340e08db1f881c6856c8f. Resources: {'server_groups'} {{(pid=98861) _get_quotas /opt/stack/nova/nova/quota.py:389}}
Jul 24 00:56:17.378738 np0000186474 devstack@n-api.service[98861]: DEBUG nova.quota [None req-e4991a51-80c6-412c-8d75-d5fac8567bbf demo demo] Getting quotas for user 71b37869a1364d82942d32c695c5bd94 and project 1901625148c340e08db1f881c6856c8f. Resources: {'server_groups'} {{(pid=98861) _get_quotas /opt/stack/nova/nova/quota.py:379}}
Jul 24 00:56:17.386600 np0000186474 devstack@n-api.service[98861]: INFO nova.api.openstack.requestlog [None req-e4991a51-80c6-412c-8d75-d5fac8567bbf demo demo] 199.204.45.223 "POST /compute/v2.1/os-server-groups" status: 200 len: 258 microversion: 2.64 time: 0.099360
Jul 24 00:56:17.386863 np0000186474 devstack@n-api.service[98861]: [pid: 98861|app: 0|req: 22/88] 199.204.45.223 () {72 vars in 1452 bytes} [Fri Jul 24 00:56:17 2026] POST /compute/v2.1/os-server-groups => generated 258 bytes in 100 msecs (HTTP/1.1 200) 9 headers in 359 bytes (1 switches on core 0)
Jul 24 00:56:20.528097 np0000186474 devstack@n-api.service[98863]: DEBUG nova.api.openstack.wsgi [None req-1b5fa80e-16af-493c-b20d-6d73a9642152 demo demo] Calling method '>' {{(pid=98863) _process_stack /opt/stack/nova/nova/api/openstack/wsgi.py:551}}
Jul 24 00:56:20.533603 np0000186474 devstack@n-api.service[98863]: INFO nova.api.openstack.requestlog [None req-1b5fa80e-16af-493c-b20d-6d73a9642152 demo demo] 199.204.45.223 "GET /compute/v2.1" status: 200 len: 393 microversion: 2.1 time: 0.006067
Jul 24 00:56:20.533855 np0000186474 devstack@n-api.service[98863]: [pid: 98863|app: 0|req: 22/89] 199.204.45.223 () {62 vars in 1074 bytes} [Fri Jul 24 00:56:20 2026] GET /compute/v2.1 => generated 393 bytes in 7 msecs (HTTP/1.1 200) 9 headers in 357 bytes (1 switches on core 0)
Jul 24 00:56:20.577801 np0000186474 devstack@n-api.service[98862]: DEBUG nova.api.openstack.wsgi [None req-fb316da3-4cab-4295-9ed5-6f21aa378a0a demo demo] Calling method '>' {{(pid=98862) _process_stack /opt/stack/nova/nova/api/openstack/wsgi.py:551}}
Jul 24 00:56:20.583702 np0000186474 devstack@n-api.service[98862]: INFO nova.api.openstack.requestlog [None req-fb316da3-4cab-4295-9ed5-6f21aa378a0a demo demo] 199.204.45.223 "GET /compute/v2.1/" status: 200 len: 393 microversion: 2.1 time: 0.006522
Jul 24 00:56:20.584085 np0000186474 devstack@n-api.service[98862]: [pid: 98862|app: 0|req: 23/90] 199.204.45.223 () {62 vars in 1077 bytes} [Fri Jul 24 00:56:20 2026] GET /compute/v2.1/ => generated 393 bytes in 7 msecs (HTTP/1.1 200) 9 headers in 357 bytes (1 switches on core 0)
Jul 24 00:56:20.626249 np0000186474 devstack@n-api.service[98864]: DEBUG nova.api.openstack.wsgi [None req-12fc7e96-b0e2-4252-ab2d-7db9bcf314a1 demo demo] Calling method '>' {{(pid=98864) _process_stack /opt/stack/nova/nova/api/openstack/wsgi.py:551}}
Jul 24 00:56:20.653094 np0000186474 devstack@n-api.service[98864]: INFO nova.api.openstack.requestlog [None req-12fc7e96-b0e2-4252-ab2d-7db9bcf314a1 demo demo] 199.204.45.223 "GET /compute/v2.1/flavors/detail?is_public=None" status: 200 len: 5262 microversion: 2.61 time: 0.030028
Jul 24 00:56:20.653435 np0000186474 devstack@n-api.service[98864]: [pid: 98864|app: 0|req: 24/91] 199.204.45.223 () {68 vars in 1435 bytes} [Fri Jul 24 00:56:20 2026] GET /compute/v2.1/flavors/detail?is_public=None => generated 5262 bytes in 31 msecs (HTTP/1.1 200) 9 headers in 360 bytes (1 switches on core 0)
Jul 24 00:56:20.710384 np0000186474 devstack@n-api.service[98861]: DEBUG nova.api.openstack.wsgi [None req-b04de4a9-f53d-4364-b31a-d1a293e913c3 demo demo] Calling method '>' {{(pid=98861) _process_stack /opt/stack/nova/nova/api/openstack/wsgi.py:551}}
Jul 24 00:56:20.730434 np0000186474 devstack@n-api.service[98861]: INFO nova.api.openstack.requestlog [None req-b04de4a9-f53d-4364-b31a-d1a293e913c3 demo demo] 199.204.45.223 "GET /compute/v2.1/flavors/detail?is_public=None" status: 200 len: 5262 microversion: 2.61 time: 0.023726
Jul 24 00:56:20.730741 np0000186474 devstack@n-api.service[98861]: [pid: 98861|app: 0|req: 23/92] 199.204.45.223 () {68 vars in 1435 bytes} [Fri Jul 24 00:56:20 2026] GET /compute/v2.1/flavors/detail?is_public=None => generated 5262 bytes in 24 msecs (HTTP/1.1 200) 9 headers in 360 bytes (1 switches on core 0)
Jul 24 00:56:20.903456 np0000186474 devstack@n-api.service[98863]: DEBUG nova.api.openstack.wsgi [None req-1b5fa80e-16af-493c-b20d-6d73a9642152 demo demo] Calling method '>' {{(pid=98863) _process_stack /opt/stack/nova/nova/api/openstack/wsgi.py:551}}
Jul 24 00:56:20.908580 np0000186474 devstack@n-api.service[98863]: INFO nova.api.openstack.requestlog [None req-1b5fa80e-16af-493c-b20d-6d73a9642152 demo demo] 199.204.45.223 "GET /compute/v2.1" status: 200 len: 393 microversion: 2.1 time: 0.005755
Jul 24 00:56:20.908896 np0000186474 devstack@n-api.service[98863]: [pid: 98863|app: 0|req: 23/93] 199.204.45.223 () {62 vars in 1074 bytes} [Fri Jul 24 00:56:20 2026] GET /compute/v2.1 => generated 393 bytes in 7 msecs (HTTP/1.1 200) 9 headers in 357 bytes (1 switches on core 0)
Jul 24 00:56:20.952331 np0000186474 devstack@n-api.service[98862]: DEBUG nova.api.openstack.wsgi [None req-fb316da3-4cab-4295-9ed5-6f21aa378a0a demo demo] Calling method '>' {{(pid=98862) _process_stack /opt/stack/nova/nova/api/openstack/wsgi.py:551}}
Jul 24 00:56:20.954797 np0000186474 devstack@n-api.service[98862]: INFO nova.api.openstack.requestlog [None req-fb316da3-4cab-4295-9ed5-6f21aa378a0a demo demo] 199.204.45.223 "GET /compute/v2.1/" status: 200 len: 393 microversion: 2.1 time: 0.004491
Jul 24 00:56:20.955090 np0000186474 devstack@n-api.service[98862]: [pid: 98862|app: 0|req: 24/94] 199.204.45.223 () {62 vars in 1077 bytes} [Fri Jul 24 00:56:20 2026] GET /compute/v2.1/ => generated 393 bytes in 5 msecs (HTTP/1.1 200) 9 headers in 357 bytes (1 switches on core 0)
Jul 24 00:56:20.996670 np0000186474 devstack@n-api.service[98864]: DEBUG nova.api.openstack.wsgi [None req-66044b9d-27c7-480f-bf57-7ccb789fc117 demo demo] Calling method '>' {{(pid=98864) _process_stack /opt/stack/nova/nova/api/openstack/wsgi.py:551}}
Jul 24 00:56:21.015702 np0000186474 devstack@n-api.service[98864]: INFO nova.api.openstack.requestlog [None req-66044b9d-27c7-480f-bf57-7ccb789fc117 demo demo] 199.204.45.223 "GET /compute/v2.1/flavors/detail?is_public=None" status: 200 len: 5262 microversion: 2.61 time: 0.022462
Jul 24 00:56:21.016026 np0000186474 devstack@n-api.service[98864]: [pid: 98864|app: 0|req: 25/95] 199.204.45.223 () {68 vars in 1435 bytes} [Fri Jul 24 00:56:20 2026] GET /compute/v2.1/flavors/detail?is_public=None => generated 5262 bytes in 23 msecs (HTTP/1.1 200) 9 headers in 360 bytes (1 switches on core 0)
Jul 24 00:56:26.946928 np0000186474 devstack@n-api.service[98862]: DEBUG dbcounter [-] [98862] Writing DB stats nova_cell0:SELECT=4 {{(pid=98862) stat_writer /opt/stack/data/venv/lib/python3.12/site-packages/dbcounter.py:115}}
Jul 24 00:56:26.953007 np0000186474 devstack@n-api.service[98862]: DEBUG dbcounter [-] [98862] Writing DB stats nova_api:SELECT=14,nova_api:INSERT=2 {{(pid=98862) stat_writer /opt/stack/data/venv/lib/python3.12/site-packages/dbcounter.py:115}}
Jul 24 00:56:27.143264 np0000186474 devstack@n-api.service[98863]: DEBUG dbcounter [-] [98863] Writing DB stats nova_api:SELECT=2 {{(pid=98863) stat_writer /opt/stack/data/venv/lib/python3.12/site-packages/dbcounter.py:115}}
Jul 24 00:56:27.382116 np0000186474 devstack@n-api.service[98861]: DEBUG dbcounter [-] [98861] Writing DB stats nova_cell0:SELECT=4 {{(pid=98861) stat_writer /opt/stack/data/venv/lib/python3.12/site-packages/dbcounter.py:115}}
Jul 24 00:56:30.717782 np0000186474 devstack@n-api.service[98861]: DEBUG dbcounter [-] [98861] Writing DB stats nova_api:SELECT=19,nova_api:INSERT=2 {{(pid=98861) stat_writer /opt/stack/data/venv/lib/python3.12/site-packages/dbcounter.py:115}}
Jul 24 00:56:31.003777 np0000186474 devstack@n-api.service[98864]: DEBUG dbcounter [-] [98864] Writing DB stats nova_api:SELECT=8 {{(pid=98864) stat_writer /opt/stack/data/venv/lib/python3.12/site-packages/dbcounter.py:115}}
Jul 24 00:56:44.976293 np0000186474 devstack@n-api.service[98861]: DEBUG nova.api.openstack.wsgi [None req-b04de4a9-f53d-4364-b31a-d1a293e913c3 demo demo] Calling method '>' {{(pid=98861) _process_stack /opt/stack/nova/nova/api/openstack/wsgi.py:551}}
Jul 24 00:56:44.981118 np0000186474 devstack@n-api.service[98861]: INFO nova.api.openstack.requestlog [None req-b04de4a9-f53d-4364-b31a-d1a293e913c3 demo demo] 172.18.0.2 "GET /compute/v2.1/" status: 200 len: 393 microversion: 2.1 time: 0.005416
Jul 24 00:56:44.981425 np0000186474 devstack@n-api.service[98861]: [pid: 98861|app: 0|req: 24/96] 199.204.45.223 () {64 vars in 1272 bytes} [Fri Jul 24 00:56:44 2026] GET /compute/v2.1/ => generated 393 bytes in 6 msecs (HTTP/1.1 200) 9 headers in 357 bytes (1 switches on core 0)
Jul 24 00:56:44.994333 np0000186474 devstack@n-api.service[98863]: DEBUG nova.api.openstack.wsgi [None req-d1faac94-c122-4f2a-a771-d83ff7fa7e87 demo demo] Calling method '>' {{(pid=98863) _process_stack /opt/stack/nova/nova/api/openstack/wsgi.py:551}}
Jul 24 00:56:44.997489 np0000186474 devstack@n-api.service[98863]: DEBUG oslo_concurrency.lockutils [None req-d1faac94-c122-4f2a-a771-d83ff7fa7e87 demo demo] Acquiring lock "00000000-0000-0000-0000-000000000000" by "nova.context.set_target_cell..get_or_set_cached_cell_and_set_connections" {{(pid=98863) inner /opt/stack/data/venv/lib/python3.12/site-packages/oslo_concurrency/lockutils.py:512}}
Jul 24 00:56:44.997845 np0000186474 devstack@n-api.service[98863]: DEBUG oslo_concurrency.lockutils [None req-d1faac94-c122-4f2a-a771-d83ff7fa7e87 demo demo] Lock "00000000-0000-0000-0000-000000000000" acquired by "nova.context.set_target_cell..get_or_set_cached_cell_and_set_connections" :: waited 0.000s {{(pid=98863) inner /opt/stack/data/venv/lib/python3.12/site-packages/oslo_concurrency/lockutils.py:525}}
Jul 24 00:56:44.998046 np0000186474 devstack@n-api.service[98863]: DEBUG oslo_concurrency.lockutils [None req-d1faac94-c122-4f2a-a771-d83ff7fa7e87 demo demo] Lock "00000000-0000-0000-0000-000000000000" "released" by "nova.context.set_target_cell..get_or_set_cached_cell_and_set_connections" :: held 0.000s {{(pid=98863) inner /opt/stack/data/venv/lib/python3.12/site-packages/oslo_concurrency/lockutils.py:544}}
Jul 24 00:56:44.999404 np0000186474 devstack@n-api.service[98863]: DEBUG oslo_concurrency.lockutils [None req-d1faac94-c122-4f2a-a771-d83ff7fa7e87 demo demo] Acquiring lock "574969ed-914d-4cb5-a4c5-948191a347d6" by "nova.context.set_target_cell..get_or_set_cached_cell_and_set_connections" {{(pid=98863) inner /opt/stack/data/venv/lib/python3.12/site-packages/oslo_concurrency/lockutils.py:512}}
Jul 24 00:56:45.000730 np0000186474 devstack@n-api.service[98863]: DEBUG oslo_concurrency.lockutils [None req-d1faac94-c122-4f2a-a771-d83ff7fa7e87 demo demo] Lock "574969ed-914d-4cb5-a4c5-948191a347d6" acquired by "nova.context.set_target_cell..get_or_set_cached_cell_and_set_connections" :: waited 0.001s {{(pid=98863) inner /opt/stack/data/venv/lib/python3.12/site-packages/oslo_concurrency/lockutils.py:525}}
Jul 24 00:56:45.000889 np0000186474 devstack@n-api.service[98863]: DEBUG oslo_concurrency.lockutils [None req-d1faac94-c122-4f2a-a771-d83ff7fa7e87 demo demo] Lock "574969ed-914d-4cb5-a4c5-948191a347d6" "released" by "nova.context.set_target_cell..get_or_set_cached_cell_and_set_connections" :: held 0.000s {{(pid=98863) inner /opt/stack/data/venv/lib/python3.12/site-packages/oslo_concurrency/lockutils.py:544}}
Jul 24 00:56:45.071189 np0000186474 devstack@n-api.service[98863]: INFO nova.api.openstack.requestlog [None req-d1faac94-c122-4f2a-a771-d83ff7fa7e87 demo demo] 172.18.0.2 "GET /compute/v2.1/os-availability-zone" status: 200 len: 97 microversion: 2.38 time: 0.080961
Jul 24 00:56:45.071861 np0000186474 devstack@n-api.service[98863]: [pid: 98863|app: 0|req: 24/97] 199.204.45.223 () {68 vars in 1415 bytes} [Fri Jul 24 00:56:44 2026] GET /compute/v2.1/os-availability-zone => generated 97 bytes in 83 msecs (HTTP/1.1 200) 9 headers in 358 bytes (1 switches on core 0)
Jul 24 00:56:45.888657 np0000186474 devstack@n-api.service[98862]: DEBUG nova.api.openstack.wsgi [None req-fb316da3-4cab-4295-9ed5-6f21aa378a0a demo demo] Calling method '>' {{(pid=98862) _process_stack /opt/stack/nova/nova/api/openstack/wsgi.py:551}}
Jul 24 00:56:45.891063 np0000186474 devstack@n-api.service[98862]: INFO nova.api.openstack.requestlog [None req-fb316da3-4cab-4295-9ed5-6f21aa378a0a demo demo] 172.18.0.2 "GET /compute/v2.1/" status: 200 len: 393 microversion: 2.1 time: 0.003685
Jul 24 00:56:45.891292 np0000186474 devstack@n-api.service[98862]: [pid: 98862|app: 0|req: 25/98] 199.204.45.223 () {64 vars in 1272 bytes} [Fri Jul 24 00:56:45 2026] GET /compute/v2.1/ => generated 393 bytes in 4 msecs (HTTP/1.1 200) 9 headers in 357 bytes (1 switches on core 0)
Jul 24 00:56:45.902890 np0000186474 devstack@n-api.service[98864]: DEBUG nova.api.openstack.wsgi [None req-118837b6-5757-4507-ac40-80a9244079a3 demo demo] Calling method '>' {{(pid=98864) _process_stack /opt/stack/nova/nova/api/openstack/wsgi.py:551}}
Jul 24 00:56:45.905244 np0000186474 devstack@n-api.service[98864]: DEBUG oslo_concurrency.lockutils [None req-118837b6-5757-4507-ac40-80a9244079a3 demo demo] Acquiring lock "00000000-0000-0000-0000-000000000000" by "nova.context.set_target_cell..get_or_set_cached_cell_and_set_connections" {{(pid=98864) inner /opt/stack/data/venv/lib/python3.12/site-packages/oslo_concurrency/lockutils.py:512}}
Jul 24 00:56:45.905640 np0000186474 devstack@n-api.service[98864]: DEBUG oslo_concurrency.lockutils [None req-118837b6-5757-4507-ac40-80a9244079a3 demo demo] Lock "00000000-0000-0000-0000-000000000000" acquired by "nova.context.set_target_cell..get_or_set_cached_cell_and_set_connections" :: waited 0.000s {{(pid=98864) inner /opt/stack/data/venv/lib/python3.12/site-packages/oslo_concurrency/lockutils.py:525}}
Jul 24 00:56:45.905895 np0000186474 devstack@n-api.service[98864]: DEBUG oslo_concurrency.lockutils [None req-118837b6-5757-4507-ac40-80a9244079a3 demo demo] Lock "00000000-0000-0000-0000-000000000000" "released" by "nova.context.set_target_cell..get_or_set_cached_cell_and_set_connections" :: held 0.000s {{(pid=98864) inner /opt/stack/data/venv/lib/python3.12/site-packages/oslo_concurrency/lockutils.py:544}}
Jul 24 00:56:45.907097 np0000186474 devstack@n-api.service[98864]: DEBUG oslo_concurrency.lockutils [None req-118837b6-5757-4507-ac40-80a9244079a3 demo demo] Acquiring lock "574969ed-914d-4cb5-a4c5-948191a347d6" by "nova.context.set_target_cell..get_or_set_cached_cell_and_set_connections" {{(pid=98864) inner /opt/stack/data/venv/lib/python3.12/site-packages/oslo_concurrency/lockutils.py:512}}
Jul 24 00:56:45.908337 np0000186474 devstack@n-api.service[98864]: DEBUG oslo_concurrency.lockutils [None req-118837b6-5757-4507-ac40-80a9244079a3 demo demo] Lock "574969ed-914d-4cb5-a4c5-948191a347d6" acquired by "nova.context.set_target_cell..get_or_set_cached_cell_and_set_connections" :: waited 0.001s {{(pid=98864) inner /opt/stack/data/venv/lib/python3.12/site-packages/oslo_concurrency/lockutils.py:525}}
Jul 24 00:56:45.908546 np0000186474 devstack@n-api.service[98864]: DEBUG oslo_concurrency.lockutils [None req-118837b6-5757-4507-ac40-80a9244079a3 demo demo] Lock "574969ed-914d-4cb5-a4c5-948191a347d6" "released" by "nova.context.set_target_cell..get_or_set_cached_cell_and_set_connections" :: held 0.000s {{(pid=98864) inner /opt/stack/data/venv/lib/python3.12/site-packages/oslo_concurrency/lockutils.py:544}}
Jul 24 00:56:45.989258 np0000186474 devstack@n-api.service[98864]: INFO nova.api.openstack.requestlog [None req-118837b6-5757-4507-ac40-80a9244079a3 demo demo] 172.18.0.2 "GET /compute/v2.1/os-availability-zone" status: 200 len: 97 microversion: 2.38 time: 0.090519
Jul 24 00:56:45.989895 np0000186474 devstack@n-api.service[98864]: [pid: 98864|app: 0|req: 26/99] 199.204.45.223 () {68 vars in 1415 bytes} [Fri Jul 24 00:56:45 2026] GET /compute/v2.1/os-availability-zone => generated 97 bytes in 92 msecs (HTTP/1.1 200) 9 headers in 358 bytes (1 switches on core 0)
Jul 24 00:56:46.707229 np0000186474 devstack@n-api.service[98861]: DEBUG nova.api.openstack.wsgi [None req-b04de4a9-f53d-4364-b31a-d1a293e913c3 demo demo] Calling method '>' {{(pid=98861) _process_stack /opt/stack/nova/nova/api/openstack/wsgi.py:551}}
Jul 24 00:56:46.711628 np0000186474 devstack@n-api.service[98861]: INFO nova.api.openstack.requestlog [None req-b04de4a9-f53d-4364-b31a-d1a293e913c3 demo demo] 172.18.0.2 "GET /compute/v2.1/" status: 200 len: 393 microversion: 2.1 time: 0.004863
Jul 24 00:56:46.711909 np0000186474 devstack@n-api.service[98861]: [pid: 98861|app: 0|req: 25/100] 199.204.45.223 () {64 vars in 1272 bytes} [Fri Jul 24 00:56:46 2026] GET /compute/v2.1/ => generated 393 bytes in 5 msecs (HTTP/1.1 200) 9 headers in 357 bytes (1 switches on core 0)
Jul 24 00:56:46.721392 np0000186474 devstack@n-api.service[98863]: DEBUG nova.api.openstack.wsgi [None req-36c3438c-45d9-4d51-bd59-753a9e1d50c2 demo demo] Calling method '>' {{(pid=98863) _process_stack /opt/stack/nova/nova/api/openstack/wsgi.py:551}}
Jul 24 00:56:46.724697 np0000186474 devstack@n-api.service[98863]: DEBUG oslo_concurrency.lockutils [None req-36c3438c-45d9-4d51-bd59-753a9e1d50c2 demo demo] Acquiring lock "00000000-0000-0000-0000-000000000000" by "nova.context.set_target_cell..get_or_set_cached_cell_and_set_connections" {{(pid=98863) inner /opt/stack/data/venv/lib/python3.12/site-packages/oslo_concurrency/lockutils.py:512}}
Jul 24 00:56:46.725019 np0000186474 devstack@n-api.service[98863]: DEBUG oslo_concurrency.lockutils [None req-36c3438c-45d9-4d51-bd59-753a9e1d50c2 demo demo] Lock "00000000-0000-0000-0000-000000000000" acquired by "nova.context.set_target_cell..get_or_set_cached_cell_and_set_connections" :: waited 0.000s {{(pid=98863) inner /opt/stack/data/venv/lib/python3.12/site-packages/oslo_concurrency/lockutils.py:525}}
Jul 24 00:56:46.725277 np0000186474 devstack@n-api.service[98863]: DEBUG oslo_concurrency.lockutils [None req-36c3438c-45d9-4d51-bd59-753a9e1d50c2 demo demo] Lock "00000000-0000-0000-0000-000000000000" "released" by "nova.context.set_target_cell..get_or_set_cached_cell_and_set_connections" :: held 0.000s {{(pid=98863) inner /opt/stack/data/venv/lib/python3.12/site-packages/oslo_concurrency/lockutils.py:544}}
Jul 24 00:56:46.726429 np0000186474 devstack@n-api.service[98863]: DEBUG oslo_concurrency.lockutils [None req-36c3438c-45d9-4d51-bd59-753a9e1d50c2 demo demo] Acquiring lock "574969ed-914d-4cb5-a4c5-948191a347d6" by "nova.context.set_target_cell..get_or_set_cached_cell_and_set_connections" {{(pid=98863) inner /opt/stack/data/venv/lib/python3.12/site-packages/oslo_concurrency/lockutils.py:512}}
Jul 24 00:56:46.726660 np0000186474 devstack@n-api.service[98863]: DEBUG oslo_concurrency.lockutils [None req-36c3438c-45d9-4d51-bd59-753a9e1d50c2 demo demo] Lock "574969ed-914d-4cb5-a4c5-948191a347d6" acquired by "nova.context.set_target_cell..get_or_set_cached_cell_and_set_connections" :: waited 0.000s {{(pid=98863) inner /opt/stack/data/venv/lib/python3.12/site-packages/oslo_concurrency/lockutils.py:525}}
Jul 24 00:56:46.726837 np0000186474 devstack@n-api.service[98863]: DEBUG oslo_concurrency.lockutils [None req-36c3438c-45d9-4d51-bd59-753a9e1d50c2 demo demo] Lock "574969ed-914d-4cb5-a4c5-948191a347d6" "released" by "nova.context.set_target_cell..get_or_set_cached_cell_and_set_connections" :: held 0.000s {{(pid=98863) inner /opt/stack/data/venv/lib/python3.12/site-packages/oslo_concurrency/lockutils.py:544}}
Jul 24 00:56:46.754389 np0000186474 devstack@n-api.service[98863]: INFO nova.api.openstack.requestlog [None req-36c3438c-45d9-4d51-bd59-753a9e1d50c2 demo demo] 172.18.0.2 "GET /compute/v2.1/os-availability-zone" status: 200 len: 97 microversion: 2.38 time: 0.036078
Jul 24 00:56:46.754955 np0000186474 devstack@n-api.service[98863]: [pid: 98863|app: 0|req: 25/101] 199.204.45.223 () {68 vars in 1415 bytes} [Fri Jul 24 00:56:46 2026] GET /compute/v2.1/os-availability-zone => generated 97 bytes in 37 msecs (HTTP/1.1 200) 9 headers in 358 bytes (1 switches on core 0)
Jul 24 00:56:47.376689 np0000186474 devstack@n-api.service[98862]: DEBUG nova.api.openstack.wsgi [None req-fb316da3-4cab-4295-9ed5-6f21aa378a0a demo demo] Calling method '>' {{(pid=98862) _process_stack /opt/stack/nova/nova/api/openstack/wsgi.py:551}}
Jul 24 00:56:47.387152 np0000186474 devstack@n-api.service[98862]: INFO nova.api.openstack.requestlog [None req-fb316da3-4cab-4295-9ed5-6f21aa378a0a demo demo] 172.18.0.2 "GET /compute/v2.1/" status: 200 len: 393 microversion: 2.1 time: 0.010875
Jul 24 00:56:47.387575 np0000186474 devstack@n-api.service[98862]: [pid: 98862|app: 0|req: 26/102] 199.204.45.223 () {64 vars in 1272 bytes} [Fri Jul 24 00:56:47 2026] GET /compute/v2.1/ => generated 393 bytes in 12 msecs (HTTP/1.1 200) 9 headers in 357 bytes (1 switches on core 0)
Jul 24 00:56:47.403910 np0000186474 devstack@n-api.service[98864]: DEBUG nova.api.openstack.wsgi [None req-cdd7a0b5-3a48-4fe6-bffb-1235e56b849e demo demo] Calling method '>' {{(pid=98864) _process_stack /opt/stack/nova/nova/api/openstack/wsgi.py:551}}
Jul 24 00:56:47.408812 np0000186474 devstack@n-api.service[98864]: DEBUG oslo_concurrency.lockutils [None req-cdd7a0b5-3a48-4fe6-bffb-1235e56b849e demo demo] Acquiring lock "00000000-0000-0000-0000-000000000000" by "nova.context.set_target_cell..get_or_set_cached_cell_and_set_connections" {{(pid=98864) inner /opt/stack/data/venv/lib/python3.12/site-packages/oslo_concurrency/lockutils.py:512}}
Jul 24 00:56:47.409055 np0000186474 devstack@n-api.service[98864]: DEBUG oslo_concurrency.lockutils [None req-cdd7a0b5-3a48-4fe6-bffb-1235e56b849e demo demo] Lock "00000000-0000-0000-0000-000000000000" acquired by "nova.context.set_target_cell..get_or_set_cached_cell_and_set_connections" :: waited 0.000s {{(pid=98864) inner /opt/stack/data/venv/lib/python3.12/site-packages/oslo_concurrency/lockutils.py:525}}
Jul 24 00:56:47.409240 np0000186474 devstack@n-api.service[98864]: DEBUG oslo_concurrency.lockutils [None req-cdd7a0b5-3a48-4fe6-bffb-1235e56b849e demo demo] Lock "00000000-0000-0000-0000-000000000000" "released" by "nova.context.set_target_cell..get_or_set_cached_cell_and_set_connections" :: held 0.000s {{(pid=98864) inner /opt/stack/data/venv/lib/python3.12/site-packages/oslo_concurrency/lockutils.py:544}}
Jul 24 00:56:47.410413 np0000186474 devstack@n-api.service[98864]: DEBUG oslo_concurrency.lockutils [None req-cdd7a0b5-3a48-4fe6-bffb-1235e56b849e demo demo] Acquiring lock "574969ed-914d-4cb5-a4c5-948191a347d6" by "nova.context.set_target_cell..get_or_set_cached_cell_and_set_connections" {{(pid=98864) inner /opt/stack/data/venv/lib/python3.12/site-packages/oslo_concurrency/lockutils.py:512}}
Jul 24 00:56:47.410665 np0000186474 devstack@n-api.service[98864]: DEBUG oslo_concurrency.lockutils [None req-cdd7a0b5-3a48-4fe6-bffb-1235e56b849e demo demo] Lock "574969ed-914d-4cb5-a4c5-948191a347d6" acquired by "nova.context.set_target_cell..get_or_set_cached_cell_and_set_connections" :: waited 0.000s {{(pid=98864) inner /opt/stack/data/venv/lib/python3.12/site-packages/oslo_concurrency/lockutils.py:525}}
Jul 24 00:56:47.411344 np0000186474 devstack@n-api.service[98864]: DEBUG oslo_concurrency.lockutils [None req-cdd7a0b5-3a48-4fe6-bffb-1235e56b849e demo demo] Lock "574969ed-914d-4cb5-a4c5-948191a347d6" "released" by "nova.context.set_target_cell..get_or_set_cached_cell_and_set_connections" :: held 0.000s {{(pid=98864) inner /opt/stack/data/venv/lib/python3.12/site-packages/oslo_concurrency/lockutils.py:544}}
Jul 24 00:56:47.429410 np0000186474 devstack@n-api.service[98864]: INFO nova.api.openstack.requestlog [None req-cdd7a0b5-3a48-4fe6-bffb-1235e56b849e demo demo] 172.18.0.2 "GET /compute/v2.1/os-availability-zone" status: 200 len: 97 microversion: 2.38 time: 0.030826
Jul 24 00:56:47.430056 np0000186474 devstack@n-api.service[98864]: [pid: 98864|app: 0|req: 27/103] 199.204.45.223 () {68 vars in 1415 bytes} [Fri Jul 24 00:56:47 2026] GET /compute/v2.1/os-availability-zone => generated 97 bytes in 32 msecs (HTTP/1.1 200) 9 headers in 358 bytes (1 switches on core 0)
Jul 24 00:56:52.707574 np0000186474 devstack@n-api.service[98861]: DEBUG nova.api.openstack.wsgi [None req-b04de4a9-f53d-4364-b31a-d1a293e913c3 demo demo] Calling method '>' {{(pid=98861) _process_stack /opt/stack/nova/nova/api/openstack/wsgi.py:551}}
Jul 24 00:56:52.712437 np0000186474 devstack@n-api.service[98861]: INFO nova.api.openstack.requestlog [None req-b04de4a9-f53d-4364-b31a-d1a293e913c3 demo demo] 172.18.0.2 "GET /compute/v2.1/" status: 200 len: 393 microversion: 2.1 time: 0.005318
Jul 24 00:56:52.712695 np0000186474 devstack@n-api.service[98861]: [pid: 98861|app: 0|req: 26/104] 199.204.45.223 () {64 vars in 1272 bytes} [Fri Jul 24 00:56:52 2026] GET /compute/v2.1/ => generated 393 bytes in 6 msecs (HTTP/1.1 200) 9 headers in 357 bytes (1 switches on core 0)
Jul 24 00:56:52.721185 np0000186474 devstack@n-api.service[98863]: DEBUG nova.api.openstack.wsgi [None req-c857df70-9300-478a-b807-1744a7b7caea demo demo] Calling method '>' {{(pid=98863) _process_stack /opt/stack/nova/nova/api/openstack/wsgi.py:551}}
Jul 24 00:56:52.746455 np0000186474 devstack@n-api.service[98863]: INFO nova.api.openstack.requestlog [None req-c857df70-9300-478a-b807-1744a7b7caea demo demo] 172.18.0.2 "GET /compute/v2.1/flavors/detail" status: 200 len: 4022 microversion: 2.38 time: 0.028157
Jul 24 00:56:52.746801 np0000186474 devstack@n-api.service[98863]: [pid: 98863|app: 0|req: 26/105] 199.204.45.223 () {68 vars in 1397 bytes} [Fri Jul 24 00:56:52 2026] GET /compute/v2.1/flavors/detail => generated 4022 bytes in 29 msecs (HTTP/1.1 200) 9 headers in 360 bytes (1 switches on core 0)
Jul 24 00:56:52.804881 np0000186474 devstack@n-api.service[98862]: DEBUG nova.api.openstack.wsgi [None req-fb316da3-4cab-4295-9ed5-6f21aa378a0a demo demo] Calling method '>' {{(pid=98862) _process_stack /opt/stack/nova/nova/api/openstack/wsgi.py:551}}
Jul 24 00:56:52.809297 np0000186474 devstack@n-api.service[98862]: INFO nova.api.openstack.requestlog [None req-fb316da3-4cab-4295-9ed5-6f21aa378a0a demo demo] 172.18.0.2 "GET /compute/v2.1/" status: 200 len: 393 microversion: 2.1 time: 0.004987
Jul 24 00:56:52.809731 np0000186474 devstack@n-api.service[98862]: [pid: 98862|app: 0|req: 27/106] 199.204.45.223 () {64 vars in 1272 bytes} [Fri Jul 24 00:56:52 2026] GET /compute/v2.1/ => generated 393 bytes in 6 msecs (HTTP/1.1 200) 9 headers in 357 bytes (1 switches on core 0)
Jul 24 00:56:52.819349 np0000186474 devstack@n-api.service[98864]: DEBUG nova.api.openstack.wsgi [None req-0bfe2aae-7422-41b0-836d-f09de39f8dc6 demo demo] Calling method '>' {{(pid=98864) _process_stack /opt/stack/nova/nova/api/openstack/wsgi.py:551}}
Jul 24 00:56:52.846746 np0000186474 devstack@n-api.service[98864]: INFO nova.api.openstack.requestlog [None req-0bfe2aae-7422-41b0-836d-f09de39f8dc6 demo demo] 172.18.0.2 "GET /compute/v2.1/flavors/detail" status: 200 len: 4022 microversion: 2.38 time: 0.029694
Jul 24 00:56:52.847068 np0000186474 devstack@n-api.service[98864]: [pid: 98864|app: 0|req: 28/107] 199.204.45.223 () {68 vars in 1397 bytes} [Fri Jul 24 00:56:52 2026] GET /compute/v2.1/flavors/detail => generated 4022 bytes in 30 msecs (HTTP/1.1 200) 9 headers in 360 bytes (1 switches on core 0)
Jul 24 00:56:53.519139 np0000186474 devstack@n-api.service[98861]: DEBUG nova.api.openstack.wsgi [None req-b04de4a9-f53d-4364-b31a-d1a293e913c3 demo demo] Calling method '>' {{(pid=98861) _process_stack /opt/stack/nova/nova/api/openstack/wsgi.py:551}}
Jul 24 00:56:53.523132 np0000186474 devstack@n-api.service[98861]: INFO nova.api.openstack.requestlog [None req-b04de4a9-f53d-4364-b31a-d1a293e913c3 demo demo] 172.18.0.2 "GET /compute/v2.1/" status: 200 len: 393 microversion: 2.1 time: 0.004162
Jul 24 00:56:53.523242 np0000186474 devstack@n-api.service[98861]: [pid: 98861|app: 0|req: 27/108] 199.204.45.223 () {64 vars in 1272 bytes} [Fri Jul 24 00:56:53 2026] GET /compute/v2.1/ => generated 393 bytes in 5 msecs (HTTP/1.1 200) 9 headers in 357 bytes (1 switches on core 0)
