Jul 24 00:51:55.518595 np0000186474 devstack@neutron-api.service[102159]: DEBUG neutron.api.extensions [None req-b2ae807d-6f93-464b-a99d-43f2af51a0bd None None] Ext name="Equal Cost Multipath Routing" alias="ecmp_routes" description="Allows traffic to reach thesame destination via multiple different links " updated="2020-11-26T18:00:00-00:00" {{(pid=102159) _check_extension /opt/stack/neutron/neutron/api/extensions.py:415}}
Jul 24 00:51:55.518737 np0000186474 devstack@neutron-api.service[102159]: INFO neutron.api.extensions [None req-b2ae807d-6f93-464b-a99d-43f2af51a0bd None None] Extension ecmp_routes not supported by any of loaded plugins
Jul 24 00:51:55.518776 np0000186474 devstack@neutron-api.service[102158]: INFO neutron.api.extensions [None req-556e0313-7a50-448e-8e6e-f81e3d69da92 None None] Extension l3-conntrack-helper not supported by any of loaded plugins
Jul 24 00:51:55.518817 np0000186474 devstack@neutron-api.service[102159]: DEBUG neutron.api.extensions [None req-b2ae807d-6f93-464b-a99d-43f2af51a0bd None None] Loading extension file: empty_string_filtering.py {{(pid=102159) _load_all_extensions_from_path /opt/stack/neutron/neutron/api/extensions.py:449}}
Jul 24 00:51:55.518855 np0000186474 devstack@neutron-api.service[102158]: DEBUG neutron.api.extensions [None req-556e0313-7a50-448e-8e6e-f81e3d69da92 None None] Loading extension file: l3_enable_default_route_bfd.py {{(pid=102158) _load_all_extensions_from_path /opt/stack/neutron/neutron/api/extensions.py:449}}
Jul 24 00:51:55.519049 np0000186474 devstack@neutron-api.service[102159]: DEBUG neutron.api.extensions [None req-b2ae807d-6f93-464b-a99d-43f2af51a0bd None None] Ext name="Empty String Filtering Extension" alias="empty-string-filtering" description="Allow filtering by attributes with empty string value" updated="2018-05-01T10:00:00-00:00" {{(pid=102159) _check_extension /opt/stack/neutron/neutron/api/extensions.py:415}}
Jul 24 00:51:55.519087 np0000186474 devstack@neutron-api.service[102158]: DEBUG neutron.api.extensions [None req-556e0313-7a50-448e-8e6e-f81e3d69da92 None None] Ext name="Enable Default Route BFD" alias="enable-default-route-bfd" description="Enables configurable BFD behavior for default routes" updated="2023-02-27T00:00:00-00:00" {{(pid=102158) _check_extension /opt/stack/neutron/neutron/api/extensions.py:415}}
Jul 24 00:51:55.519223 np0000186474 devstack@neutron-api.service[102159]: INFO neutron.api.extensions [None req-b2ae807d-6f93-464b-a99d-43f2af51a0bd None None] Loaded extension: empty-string-filtering
Jul 24 00:51:55.519261 np0000186474 devstack@neutron-api.service[102158]: INFO neutron.api.extensions [None req-556e0313-7a50-448e-8e6e-f81e3d69da92 None None] Loaded extension: enable-default-route-bfd
Jul 24 00:51:55.519314 np0000186474 devstack@neutron-api.service[102159]: DEBUG neutron.api.extensions [None req-b2ae807d-6f93-464b-a99d-43f2af51a0bd None None] Loading extension file: evpn.py {{(pid=102159) _load_all_extensions_from_path /opt/stack/neutron/neutron/api/extensions.py:449}}
Jul 24 00:51:55.519348 np0000186474 devstack@neutron-api.service[102158]: DEBUG neutron.api.extensions [None req-556e0313-7a50-448e-8e6e-f81e3d69da92 None None] Loading extension file: l3_enable_default_route_ecmp.py {{(pid=102158) _load_all_extensions_from_path /opt/stack/neutron/neutron/api/extensions.py:449}}
Jul 24 00:51:55.519585 np0000186474 devstack@neutron-api.service[102159]: DEBUG neutron.api.extensions [None req-b2ae807d-6f93-464b-a99d-43f2af51a0bd None None] Ext name="EVPN" alias="evpn" description="Router extension to support EVPN Type-5 route advertisement" updated="2026-04-28T00:00:00-00:00" {{(pid=102159) _check_extension /opt/stack/neutron/neutron/api/extensions.py:415}}
Jul 24 00:51:55.519633 np0000186474 devstack@neutron-api.service[102158]: DEBUG neutron.api.extensions [None req-556e0313-7a50-448e-8e6e-f81e3d69da92 None None] Ext name="Enable Default Route ECMP" alias="enable-default-route-ecmp" description="Enables configurable ECMP behavior for default routes" updated="2023-02-27T00:00:00-00:00" {{(pid=102158) _check_extension /opt/stack/neutron/neutron/api/extensions.py:415}}
Jul 24 00:51:55.519742 np0000186474 devstack@neutron-api.service[102159]: INFO neutron.api.extensions [None req-b2ae807d-6f93-464b-a99d-43f2af51a0bd None None] Extension evpn not supported by any of loaded plugins
Jul 24 00:51:55.519782 np0000186474 devstack@neutron-api.service[102158]: INFO neutron.api.extensions [None req-556e0313-7a50-448e-8e6e-f81e3d69da92 None None] Loaded extension: enable-default-route-ecmp
Jul 24 00:51:55.519820 np0000186474 devstack@neutron-api.service[102159]: DEBUG neutron.api.extensions [None req-b2ae807d-6f93-464b-a99d-43f2af51a0bd None None] Loading extension file: expose_l3_conntrack_helper.py {{(pid=102159) _load_all_extensions_from_path /opt/stack/neutron/neutron/api/extensions.py:449}}
Jul 24 00:51:55.519884 np0000186474 devstack@neutron-api.service[102158]: DEBUG neutron.api.extensions [None req-556e0313-7a50-448e-8e6e-f81e3d69da92 None None] Loading extension file: l3_ext_gw_mode.py {{(pid=102158) _load_all_extensions_from_path /opt/stack/neutron/neutron/api/extensions.py:449}}
Jul 24 00:51:55.520052 np0000186474 devstack@neutron-api.service[102159]: DEBUG neutron.api.extensions [None req-b2ae807d-6f93-464b-a99d-43f2af51a0bd None None] Ext name="Expose CT target rules for conntrack helper" alias="expose-l3-conntrack-helper" description="Expose allow adding CT target rules for conntrack helper" updated="2019-04-04T10:00:00-00:00" {{(pid=102159) _check_extension /opt/stack/neutron/neutron/api/extensions.py:415}}
Jul 24 00:51:55.520095 np0000186474 devstack@neutron-api.service[102158]: DEBUG neutron.api.extensions [None req-556e0313-7a50-448e-8e6e-f81e3d69da92 None None] Ext name="Neutron L3 Configurable external gateway mode" alias="ext-gw-mode" description="Extension of the router abstraction for specifying whether SNAT should occur on the external gateway" updated="2013-03-28T10:00:00-00:00" {{(pid=102158) _check_extension /opt/stack/neutron/neutron/api/extensions.py:415}}
Jul 24 00:51:55.520226 np0000186474 devstack@neutron-api.service[102159]: INFO neutron.api.extensions [None req-b2ae807d-6f93-464b-a99d-43f2af51a0bd None None] Extension expose-l3-conntrack-helper not supported by any of loaded plugins
Jul 24 00:51:55.520279 np0000186474 devstack@neutron-api.service[102158]: INFO neutron.api.extensions [None req-556e0313-7a50-448e-8e6e-f81e3d69da92 None None] Loaded extension: ext-gw-mode
Jul 24 00:51:55.520313 np0000186474 devstack@neutron-api.service[102159]: DEBUG neutron.api.extensions [None req-b2ae807d-6f93-464b-a99d-43f2af51a0bd None None] Loading extension file: expose_port_forwarding_in_fip.py {{(pid=102159) _load_all_extensions_from_path /opt/stack/neutron/neutron/api/extensions.py:449}}
Jul 24 00:51:55.520345 np0000186474 devstack@neutron-api.service[102158]: DEBUG neutron.api.extensions [None req-556e0313-7a50-448e-8e6e-f81e3d69da92 None None] Loading extension file: l3_ext_ha_mode.py {{(pid=102158) _load_all_extensions_from_path /opt/stack/neutron/neutron/api/extensions.py:449}}
Jul 24 00:51:55.520557 np0000186474 devstack@neutron-api.service[102159]: DEBUG neutron.api.extensions [None req-b2ae807d-6f93-464b-a99d-43f2af51a0bd None None] Ext name="Expose Floating IP port forwardings" alias="expose-port-forwarding-in-fip" description="Expose port forwarding fields in floating IP response" updated="2018-06-28T16:00:00-00:00" {{(pid=102159) _check_extension /opt/stack/neutron/neutron/api/extensions.py:415}}
Jul 24 00:51:55.520599 np0000186474 devstack@neutron-api.service[102158]: DEBUG neutron.api.extensions [None req-556e0313-7a50-448e-8e6e-f81e3d69da92 None None] Ext name="HA Router extension" alias="l3-ha" description="Adds HA capability to routers." updated="2014-04-26T00:00:00-00:00" {{(pid=102158) _check_extension /opt/stack/neutron/neutron/api/extensions.py:415}}
Jul 24 00:51:55.520731 np0000186474 devstack@neutron-api.service[102159]: INFO neutron.api.extensions [None req-b2ae807d-6f93-464b-a99d-43f2af51a0bd None None] Extension expose-port-forwarding-in-fip not supported by any of loaded plugins
Jul 24 00:51:55.520783 np0000186474 devstack@neutron-api.service[102158]: INFO neutron.api.extensions [None req-556e0313-7a50-448e-8e6e-f81e3d69da92 None None] Loaded extension: l3-ha
Jul 24 00:51:55.520818 np0000186474 devstack@neutron-api.service[102159]: DEBUG neutron.api.extensions [None req-b2ae807d-6f93-464b-a99d-43f2af51a0bd None None] Loading extension file: external_net.py {{(pid=102159) _load_all_extensions_from_path /opt/stack/neutron/neutron/api/extensions.py:449}}
Jul 24 00:51:55.520859 np0000186474 devstack@neutron-api.service[102158]: DEBUG neutron.api.extensions [None req-556e0313-7a50-448e-8e6e-f81e3d69da92 None None] Loading extension file: l3_ext_ndp_proxy.py {{(pid=102158) _load_all_extensions_from_path /opt/stack/neutron/neutron/api/extensions.py:449}}
Jul 24 00:51:55.521036 np0000186474 devstack@neutron-api.service[102159]: DEBUG neutron.api.extensions [None req-b2ae807d-6f93-464b-a99d-43f2af51a0bd None None] Ext name="Neutron external network" alias="external-net" description="Adds external network attribute to network resource." updated="2013-01-14T10:00:00-00:00" {{(pid=102159) _check_extension /opt/stack/neutron/neutron/api/extensions.py:415}}
Jul 24 00:51:55.521073 np0000186474 devstack@neutron-api.service[102158]: DEBUG neutron.api.extensions [None req-556e0313-7a50-448e-8e6e-f81e3d69da92 None None] Ext name="Router support to enable NDP proxy" alias="l3-ext-ndp-proxy" description="Router extension to enable ndp proxy" updated="2020-08-25T00:00:00-00:00" {{(pid=102158) _check_extension /opt/stack/neutron/neutron/api/extensions.py:415}}
Jul 24 00:51:55.521205 np0000186474 devstack@neutron-api.service[102159]: INFO neutron.api.extensions [None req-b2ae807d-6f93-464b-a99d-43f2af51a0bd None None] Loaded extension: external-net
Jul 24 00:51:55.521240 np0000186474 devstack@neutron-api.service[102158]: INFO neutron.api.extensions [None req-556e0313-7a50-448e-8e6e-f81e3d69da92 None None] Extension l3-ext-ndp-proxy not supported by any of loaded plugins
Jul 24 00:51:55.521296 np0000186474 devstack@neutron-api.service[102159]: DEBUG neutron.api.extensions [None req-b2ae807d-6f93-464b-a99d-43f2af51a0bd None None] Loading extension file: extra_dhcp_opt.py {{(pid=102159) _load_all_extensions_from_path /opt/stack/neutron/neutron/api/extensions.py:449}}
Jul 24 00:51:55.521334 np0000186474 devstack@neutron-api.service[102158]: DEBUG neutron.api.extensions [None req-556e0313-7a50-448e-8e6e-f81e3d69da92 None None] Loading extension file: l3_extra_gws.py {{(pid=102158) _load_all_extensions_from_path /opt/stack/neutron/neutron/api/extensions.py:449}}
Jul 24 00:51:55.521538 np0000186474 devstack@neutron-api.service[102159]: DEBUG neutron.api.extensions [None req-b2ae807d-6f93-464b-a99d-43f2af51a0bd None None] Ext name="Neutron Extra DHCP options" alias="extra_dhcp_opt" description="Extra options configuration for DHCP. For example PXE boot options to DHCP clients can be specified (e.g. tftp-server, server-ip-address, bootfile-name)" updated="2013-03-17T12:00:00-00:00" {{(pid=102159) _check_extension /opt/stack/neutron/neutron/api/extensions.py:415}}
Jul 24 00:51:55.521715 np0000186474 devstack@neutron-api.service[102159]: INFO neutron.api.extensions [None req-b2ae807d-6f93-464b-a99d-43f2af51a0bd None None] Loaded extension: extra_dhcp_opt
Jul 24 00:51:55.521807 np0000186474 devstack@neutron-api.service[102159]: DEBUG neutron.api.extensions [None req-b2ae807d-6f93-464b-a99d-43f2af51a0bd None None] Loading extension file: extraroute.py {{(pid=102159) _load_all_extensions_from_path /opt/stack/neutron/neutron/api/extensions.py:449}}
Jul 24 00:51:55.522040 np0000186474 devstack@neutron-api.service[102159]: DEBUG neutron.api.extensions [None req-b2ae807d-6f93-464b-a99d-43f2af51a0bd None None] Ext name="Neutron Extra Route" alias="extraroute" description="Extra routes configuration for L3 router" updated="2013-02-01T10:00:00-00:00" {{(pid=102159) _check_extension /opt/stack/neutron/neutron/api/extensions.py:415}}
Jul 24 00:51:55.522213 np0000186474 devstack@neutron-api.service[102159]: INFO neutron.api.extensions [None req-b2ae807d-6f93-464b-a99d-43f2af51a0bd None None] Loaded extension: extraroute
Jul 24 00:51:55.522304 np0000186474 devstack@neutron-api.service[102159]: DEBUG neutron.api.extensions [None req-b2ae807d-6f93-464b-a99d-43f2af51a0bd None None] Loading extension file: extraroute_atomic.py {{(pid=102159) _load_all_extensions_from_path /opt/stack/neutron/neutron/api/extensions.py:449}}
Jul 24 00:51:55.522374 np0000186474 devstack@neutron-api.service[102158]: DEBUG neutron.api.extensions [None req-556e0313-7a50-448e-8e6e-f81e3d69da92 None None] Ext name="Neutron L3 External Gateway Multihoming" alias="external-gateway-multihoming" description="Allow multiple external gateway ports per router" updated="2023-01-18T00:00:00-00:00" {{(pid=102158) _check_extension /opt/stack/neutron/neutron/api/extensions.py:415}}
Jul 24 00:51:55.522567 np0000186474 devstack@neutron-api.service[102159]: DEBUG neutron.api.extensions [None req-b2ae807d-6f93-464b-a99d-43f2af51a0bd None None] Ext name="Atomically add/remove extra routes" alias="extraroute-atomic" description="Edit extra routes of a router on server side by atomically adding/removing extra routes" updated="2019-07-10T00:00:00+00:00" {{(pid=102159) _check_extension /opt/stack/neutron/neutron/api/extensions.py:415}}
Jul 24 00:51:55.522604 np0000186474 devstack@neutron-api.service[102158]: INFO neutron.api.extensions [None req-556e0313-7a50-448e-8e6e-f81e3d69da92 None None] Loaded extension: external-gateway-multihoming
Jul 24 00:51:55.522665 np0000186474 devstack@neutron-api.service[102158]: DEBUG neutron.api.extensions [None req-556e0313-7a50-448e-8e6e-f81e3d69da92 None None] Loading extension file: l3_flavors.py {{(pid=102158) _load_all_extensions_from_path /opt/stack/neutron/neutron/api/extensions.py:449}}
Jul 24 00:51:55.522739 np0000186474 devstack@neutron-api.service[102159]: INFO neutron.api.extensions [None req-b2ae807d-6f93-464b-a99d-43f2af51a0bd None None] Loaded extension: extraroute-atomic
Jul 24 00:51:55.522827 np0000186474 devstack@neutron-api.service[102159]: DEBUG neutron.api.extensions [None req-b2ae807d-6f93-464b-a99d-43f2af51a0bd None None] Loading extension file: filter_validation.py {{(pid=102159) _load_all_extensions_from_path /opt/stack/neutron/neutron/api/extensions.py:449}}
Jul 24 00:51:55.522895 np0000186474 devstack@neutron-api.service[102158]: DEBUG neutron.api.extensions [None req-556e0313-7a50-448e-8e6e-f81e3d69da92 None None] Ext name="Router Flavor Extension" alias="l3-flavors" description="Flavor support for routers." updated="2016-05-17T00:00:00-00:00" {{(pid=102158) _check_extension /opt/stack/neutron/neutron/api/extensions.py:415}}
Jul 24 00:51:55.523071 np0000186474 devstack@neutron-api.service[102159]: DEBUG neutron.api.extensions [None req-b2ae807d-6f93-464b-a99d-43f2af51a0bd None None] Ext name="Filter parameters validation" alias="filter-validation" description="Provides validation on filter parameters." updated="2018-07-04T10:00:00-00:00" {{(pid=102159) _check_extension /opt/stack/neutron/neutron/api/extensions.py:415}}
Jul 24 00:51:55.523109 np0000186474 devstack@neutron-api.service[102158]: INFO neutron.api.extensions [None req-556e0313-7a50-448e-8e6e-f81e3d69da92 None None] Loaded extension: l3-flavors
Jul 24 00:51:55.523162 np0000186474 devstack@neutron-api.service[102158]: DEBUG neutron.api.extensions [None req-556e0313-7a50-448e-8e6e-f81e3d69da92 None None] Loading extension file: l3_ndp_proxy.py {{(pid=102158) _load_all_extensions_from_path /opt/stack/neutron/neutron/api/extensions.py:449}}
Jul 24 00:51:55.523244 np0000186474 devstack@neutron-api.service[102159]: INFO neutron.api.extensions [None req-b2ae807d-6f93-464b-a99d-43f2af51a0bd None None] Loaded extension: filter-validation
Jul 24 00:51:55.523335 np0000186474 devstack@neutron-api.service[102159]: DEBUG neutron.api.extensions [None req-b2ae807d-6f93-464b-a99d-43f2af51a0bd None None] Loading extension file: fip_pf_description.py {{(pid=102159) _load_all_extensions_from_path /opt/stack/neutron/neutron/api/extensions.py:449}}
Jul 24 00:51:55.523454 np0000186474 devstack@neutron-api.service[102158]: DEBUG neutron.api.extensions [None req-556e0313-7a50-448e-8e6e-f81e3d69da92 None None] Ext name="name" alias="l3-ndp-proxy" description="description" updated="2021-06-29T10:00:00-00:00" {{(pid=102158) _check_extension /opt/stack/neutron/neutron/api/extensions.py:415}}
Jul 24 00:51:55.523622 np0000186474 devstack@neutron-api.service[102159]: DEBUG neutron.api.extensions [None req-b2ae807d-6f93-464b-a99d-43f2af51a0bd None None] Ext name="Floating IP Port Forwarding new attribute description" alias="floating-ip-port-forwarding-description" description="Add a description field to Port Forwarding rules" updated="2019-11-01T10:00:00-00:00" {{(pid=102159) _check_extension /opt/stack/neutron/neutron/api/extensions.py:415}}
Jul 24 00:51:55.523668 np0000186474 devstack@neutron-api.service[102158]: INFO neutron.api.extensions [None req-556e0313-7a50-448e-8e6e-f81e3d69da92 None None] Extension l3-ndp-proxy not supported by any of loaded plugins
Jul 24 00:51:55.523772 np0000186474 devstack@neutron-api.service[102158]: DEBUG neutron.api.extensions [None req-556e0313-7a50-448e-8e6e-f81e3d69da92 None None] Loading extension file: l3_port_ip_change_not_allowed.py {{(pid=102158) _load_all_extensions_from_path /opt/stack/neutron/neutron/api/extensions.py:449}}
Jul 24 00:51:55.523809 np0000186474 devstack@neutron-api.service[102159]: INFO neutron.api.extensions [None req-b2ae807d-6f93-464b-a99d-43f2af51a0bd None None] Extension floating-ip-port-forwarding-description not supported by any of loaded plugins
Jul 24 00:51:55.523836 np0000186474 devstack@neutron-api.service[102160]: INFO neutron.plugins.ml2.drivers.type_vlan [None req-68b7adac-e94c-4298-acc5-f483d6f4351c None None] VlanTypeDriver initialization complete
Jul 24 00:51:55.524089 np0000186474 devstack@neutron-api.service[102159]: DEBUG neutron.api.extensions [None req-b2ae807d-6f93-464b-a99d-43f2af51a0bd None None] Loading extension file: fip_pf_detail.py {{(pid=102159) _load_all_extensions_from_path /opt/stack/neutron/neutron/api/extensions.py:449}}
Jul 24 00:51:55.524121 np0000186474 devstack@neutron-api.service[102158]: DEBUG neutron.api.extensions [None req-556e0313-7a50-448e-8e6e-f81e3d69da92 None None] Ext name="Prevent L3 router ports IP address change extension" alias="l3-port-ip-change-not-allowed" description="Prevent change of IP address for some L3 router ports" updated="2018-10-09T10:00:00-00:00" {{(pid=102158) _check_extension /opt/stack/neutron/neutron/api/extensions.py:415}}
Jul 24 00:51:55.524162 np0000186474 devstack@neutron-api.service[102160]: INFO neutron.plugins.ml2.managers [None req-68b7adac-e94c-4298-acc5-f483d6f4351c None None] Initializing extension driver 'port_security'
Jul 24 00:51:55.524162 np0000186474 devstack@neutron-api.service[102160]: INFO neutron.plugins.ml2.extensions.port_security [None req-68b7adac-e94c-4298-acc5-f483d6f4351c None None] PortSecurityExtensionDriver initialization complete
Jul 24 00:51:55.524219 np0000186474 devstack@neutron-api.service[102159]: DEBUG neutron.api.extensions [None req-b2ae807d-6f93-464b-a99d-43f2af51a0bd None None] Ext name="Floating IP port forwarding detail" alias="floating-ip-port-forwarding-detail" description="Allow list floating ip return more port forwarding data, include'id' and 'internal_port_id'" updated="2022-05-06T10:00:00-00:00" {{(pid=102159) _check_extension /opt/stack/neutron/neutron/api/extensions.py:415}}
Jul 24 00:51:55.524250 np0000186474 devstack@neutron-api.service[102158]: INFO neutron.api.extensions [None req-556e0313-7a50-448e-8e6e-f81e3d69da92 None None] Extension l3-port-ip-change-not-allowed not supported by any of loaded plugins
Jul 24 00:51:55.524276 np0000186474 devstack@neutron-api.service[102160]: INFO neutron.plugins.ml2.managers [None req-68b7adac-e94c-4298-acc5-f483d6f4351c None None] Initializing extension driver 'qos'
Jul 24 00:51:55.524304 np0000186474 devstack@neutron-api.service[102158]: DEBUG neutron.api.extensions [None req-556e0313-7a50-448e-8e6e-f81e3d69da92 None None] Loading extension file: l3agentscheduler.py {{(pid=102158) _load_all_extensions_from_path /opt/stack/neutron/neutron/api/extensions.py:449}}
Jul 24 00:51:55.524335 np0000186474 devstack@neutron-api.service[102160]: DEBUG neutron.plugins.ml2.extensions.qos [None req-68b7adac-e94c-4298-acc5-f483d6f4351c None None] QosExtensionDriver initialization complete {{(pid=102160) initialize /opt/stack/neutron/neutron/plugins/ml2/extensions/qos.py:31}}
Jul 24 00:51:55.524364 np0000186474 devstack@neutron-api.service[102159]: INFO neutron.api.extensions [None req-b2ae807d-6f93-464b-a99d-43f2af51a0bd None None] Loaded extension: floating-ip-port-forwarding-detail
Jul 24 00:51:55.524395 np0000186474 devstack@neutron-api.service[102159]: DEBUG neutron.api.extensions [None req-b2ae807d-6f93-464b-a99d-43f2af51a0bd None None] Loading extension file: fip_pf_port_range.py {{(pid=102159) _load_all_extensions_from_path /opt/stack/neutron/neutron/api/extensions.py:449}}
Jul 24 00:51:55.524423 np0000186474 devstack@neutron-api.service[102160]: INFO neutron.plugins.ml2.managers [None req-68b7adac-e94c-4298-acc5-f483d6f4351c None None] Initializing mechanism driver 'ovn'
Jul 24 00:51:55.524503 np0000186474 devstack@neutron-api.service[102160]: INFO neutron.plugins.ml2.drivers.ovn.mech_driver.mech_driver [None req-68b7adac-e94c-4298-acc5-f483d6f4351c None None] Starting OVNMechanismDriver
Jul 24 00:51:55.524633 np0000186474 devstack@neutron-api.service[102159]: DEBUG neutron.api.extensions [None req-b2ae807d-6f93-464b-a99d-43f2af51a0bd None None] Ext name="Floating IP Port Forwarding support port ranges" alias="floating-ip-port-forwarding-port-ranges" description="Add support to port ranges" updated="2020-07-01T10:00:00-00:00" {{(pid=102159) _check_extension /opt/stack/neutron/neutron/api/extensions.py:415}}
Jul 24 00:51:55.524806 np0000186474 devstack@neutron-api.service[102159]: INFO neutron.api.extensions [None req-b2ae807d-6f93-464b-a99d-43f2af51a0bd None None] Extension floating-ip-port-forwarding-port-ranges not supported by any of loaded plugins
Jul 24 00:51:55.524895 np0000186474 devstack@neutron-api.service[102159]: DEBUG neutron.api.extensions [None req-b2ae807d-6f93-464b-a99d-43f2af51a0bd None None] Loading extension file: fip_port_details.py {{(pid=102159) _load_all_extensions_from_path /opt/stack/neutron/neutron/api/extensions.py:449}}
Jul 24 00:51:55.524925 np0000186474 devstack@neutron-api.service[102158]: DEBUG neutron.api.extensions [None req-556e0313-7a50-448e-8e6e-f81e3d69da92 None None] Ext name="L3 Agent Scheduler" alias="l3_agent_scheduler" description="Schedule routers among l3 agents" updated="2013-02-07T10:00:00-00:00" {{(pid=102158) _check_extension /opt/stack/neutron/neutron/api/extensions.py:415}}
Jul 24 00:51:55.525076 np0000186474 devstack@neutron-api.service[102158]: INFO neutron.api.extensions [None req-556e0313-7a50-448e-8e6e-f81e3d69da92 None None] Loaded extension: l3_agent_scheduler
Jul 24 00:51:55.525121 np0000186474 devstack@neutron-api.service[102159]: DEBUG neutron.api.extensions [None req-b2ae807d-6f93-464b-a99d-43f2af51a0bd None None] Ext name="Floating IP Port Details Extension" alias="fip-port-details" description="Add port_details attribute to Floating IP resource" updated="2018-04-09T10:00:00-00:00" {{(pid=102159) _check_extension /opt/stack/neutron/neutron/api/extensions.py:415}}
Jul 24 00:51:55.525155 np0000186474 devstack@neutron-api.service[102158]: DEBUG neutron.api.extensions [None req-556e0313-7a50-448e-8e6e-f81e3d69da92 None None] Loading extension file: local_ip.py {{(pid=102158) _load_all_extensions_from_path /opt/stack/neutron/neutron/api/extensions.py:449}}
Jul 24 00:51:55.525290 np0000186474 devstack@neutron-api.service[102159]: INFO neutron.api.extensions [None req-b2ae807d-6f93-464b-a99d-43f2af51a0bd None None] Loaded extension: fip-port-details
Jul 24 00:51:55.525381 np0000186474 devstack@neutron-api.service[102159]: DEBUG neutron.api.extensions [None req-b2ae807d-6f93-464b-a99d-43f2af51a0bd None None] Loading extension file: flavors.py {{(pid=102159) _load_all_extensions_from_path /opt/stack/neutron/neutron/api/extensions.py:449}}
Jul 24 00:51:55.525476 np0000186474 devstack@neutron-api.service[102158]: DEBUG neutron.api.extensions [None req-556e0313-7a50-448e-8e6e-f81e3d69da92 None None] Ext name="Local IP" alias="local_ip" description="Support Node Local Virtual IP" updated="2021-07-26T10:00:00-00:00" {{(pid=102158) _check_extension /opt/stack/neutron/neutron/api/extensions.py:415}}
Jul 24 00:51:55.525651 np0000186474 devstack@neutron-api.service[102159]: DEBUG neutron.api.extensions [None req-b2ae807d-6f93-464b-a99d-43f2af51a0bd None None] Ext name="Neutron Service Flavors" alias="flavors" description="Flavor specification for Neutron advanced services." updated="2015-09-17T10:00:00-00:00" {{(pid=102159) _check_extension /opt/stack/neutron/neutron/api/extensions.py:415}}
Jul 24 00:51:55.525686 np0000186474 devstack@neutron-api.service[102158]: INFO neutron.api.extensions [None req-556e0313-7a50-448e-8e6e-f81e3d69da92 None None] Extension local_ip not supported by any of loaded plugins
Jul 24 00:51:55.525760 np0000186474 devstack@neutron-api.service[102158]: DEBUG neutron.api.extensions [None req-556e0313-7a50-448e-8e6e-f81e3d69da92 None None] Loading extension file: logging.py {{(pid=102158) _load_all_extensions_from_path /opt/stack/neutron/neutron/api/extensions.py:449}}
Jul 24 00:51:55.525823 np0000186474 devstack@neutron-api.service[102159]: INFO neutron.api.extensions [None req-b2ae807d-6f93-464b-a99d-43f2af51a0bd None None] Loaded extension: flavors
Jul 24 00:51:55.525988 np0000186474 devstack@neutron-api.service[102159]: DEBUG neutron.api.extensions [None req-b2ae807d-6f93-464b-a99d-43f2af51a0bd None None] Loading extension file: floating_ip_port_forwarding.py {{(pid=102159) _load_all_extensions_from_path /opt/stack/neutron/neutron/api/extensions.py:449}}
Jul 24 00:51:55.526056 np0000186474 devstack@neutron-api.service[102158]: DEBUG neutron.api.extensions [None req-556e0313-7a50-448e-8e6e-f81e3d69da92 None None] Ext name="Logging API Extension" alias="logging" description="Provides a logging API for resources such as security group and firewall." updated="2017-01-01T10:00:00-00:00" {{(pid=102158) _check_extension /opt/stack/neutron/neutron/api/extensions.py:415}}
Jul 24 00:51:55.526229 np0000186474 devstack@neutron-api.service[102158]: INFO neutron.api.extensions [None req-556e0313-7a50-448e-8e6e-f81e3d69da92 None None] Extension logging not supported by any of loaded plugins
Jul 24 00:51:55.526275 np0000186474 devstack@neutron-api.service[102160]: DEBUG neutron_lib.callbacks.manager [None req-68b7adac-e94c-4298-acc5-f483d6f4351c None None] Subscribe: > process before_spawn 55550000, False {{(pid=102160) subscribe /opt/stack/data/venv/lib/python3.12/site-packages/neutron_lib/callbacks/manager.py:52}}
Jul 24 00:51:55.526307 np0000186474 devstack@neutron-api.service[102159]: DEBUG neutron.api.extensions [None req-b2ae807d-6f93-464b-a99d-43f2af51a0bd None None] Ext name="Floating IP Port Forwarding" alias="floating-ip-port-forwarding" description="Allow port forwarding from floating IP port to an internal port" updated="2018-01-19T10:00:00-00:00" {{(pid=102159) _check_extension /opt/stack/neutron/neutron/api/extensions.py:415}}
Jul 24 00:51:55.526335 np0000186474 devstack@neutron-api.service[102158]: DEBUG neutron.api.extensions [None req-556e0313-7a50-448e-8e6e-f81e3d69da92 None None] Loading extension file: metering.py {{(pid=102158) _load_all_extensions_from_path /opt/stack/neutron/neutron/api/extensions.py:449}}
Jul 24 00:51:55.526415 np0000186474 devstack@neutron-api.service[102160]: DEBUG neutron_lib.callbacks.manager [None req-68b7adac-e94c-4298-acc5-f483d6f4351c None None] Subscribe: > process after_init 55550000, True {{(pid=102160) subscribe /opt/stack/data/venv/lib/python3.12/site-packages/neutron_lib/callbacks/manager.py:52}}
Jul 24 00:51:55.526475 np0000186474 devstack@neutron-api.service[102159]: INFO neutron.api.extensions [None req-b2ae807d-6f93-464b-a99d-43f2af51a0bd None None] Extension floating-ip-port-forwarding not supported by any of loaded plugins
Jul 24 00:51:55.526653 np0000186474 devstack@neutron-api.service[102160]: DEBUG neutron_lib.callbacks.manager [None req-68b7adac-e94c-4298-acc5-f483d6f4351c None None] Subscribe: > segment after_create 55550000, False {{(pid=102160) subscribe /opt/stack/data/venv/lib/python3.12/site-packages/neutron_lib/callbacks/manager.py:52}}
Jul 24 00:51:55.526712 np0000186474 devstack@neutron-api.service[102159]: DEBUG neutron.api.extensions [None req-b2ae807d-6f93-464b-a99d-43f2af51a0bd None None] Loading extension file: floatingip_pools.py {{(pid=102159) _load_all_extensions_from_path /opt/stack/neutron/neutron/api/extensions.py:449}}
Jul 24 00:51:55.526761 np0000186474 devstack@neutron-api.service[102158]: DEBUG neutron.api.extensions [None req-556e0313-7a50-448e-8e6e-f81e3d69da92 None None] Ext name="Neutron Metering" alias="metering" description="Neutron Metering extension." updated="2013-06-12T10:00:00-00:00" {{(pid=102158) _check_extension /opt/stack/neutron/neutron/api/extensions.py:415}}
Jul 24 00:51:55.526801 np0000186474 devstack@neutron-api.service[102160]: DEBUG neutron_lib.callbacks.manager [None req-68b7adac-e94c-4298-acc5-f483d6f4351c None None] Subscribe: > segment after_create 55550000, False {{(pid=102160) subscribe /opt/stack/data/venv/lib/python3.12/site-packages/neutron_lib/callbacks/manager.py:52}}
Jul 24 00:51:55.526801 np0000186474 devstack@neutron-api.service[102160]: DEBUG neutron_lib.callbacks.manager [None req-68b7adac-e94c-4298-acc5-f483d6f4351c None None] Subscribe: > segment after_delete 55550000, False {{(pid=102160) subscribe /opt/stack/data/venv/lib/python3.12/site-packages/neutron_lib/callbacks/manager.py:52}}
Jul 24 00:51:55.526899 np0000186474 devstack@neutron-api.service[102158]: INFO neutron.api.extensions [None req-556e0313-7a50-448e-8e6e-f81e3d69da92 None None] Extension metering not supported by any of loaded plugins
Jul 24 00:51:55.526939 np0000186474 devstack@neutron-api.service[102159]: DEBUG neutron.api.extensions [None req-b2ae807d-6f93-464b-a99d-43f2af51a0bd None None] Ext name="Floating IP Pools Extension" alias="floatingip-pools" description="Provides a floating IP pools API." updated="2018-03-21T10:00:00-00:00" {{(pid=102159) _check_extension /opt/stack/neutron/neutron/api/extensions.py:415}}
Jul 24 00:51:55.526969 np0000186474 devstack@neutron-api.service[102160]: DEBUG neutron_lib.callbacks.manager [None req-68b7adac-e94c-4298-acc5-f483d6f4351c None None] Subscribe: > allowed_address_pair before_create 55550000, False {{(pid=102160) subscribe /opt/stack/data/venv/lib/python3.12/site-packages/neutron_lib/callbacks/manager.py:52}}
Jul 24 00:51:55.526996 np0000186474 devstack@neutron-api.service[102158]: DEBUG neutron.api.extensions [None req-556e0313-7a50-448e-8e6e-f81e3d69da92 None None] Loading extension file: metering_source_and_destination_fields.py {{(pid=102158) _load_all_extensions_from_path /opt/stack/neutron/neutron/api/extensions.py:449}}
Jul 24 00:51:55.527023 np0000186474 devstack@neutron-api.service[102160]: DEBUG neutron_lib.callbacks.manager [None req-68b7adac-e94c-4298-acc5-f483d6f4351c None None] Subscribe: > security_group precommit_create 55550000, False {{(pid=102160) subscribe /opt/stack/data/venv/lib/python3.12/site-packages/neutron_lib/callbacks/manager.py:52}}
Jul 24 00:51:55.527084 np0000186474 devstack@neutron-api.service[102160]: DEBUG neutron_lib.callbacks.manager [None req-68b7adac-e94c-4298-acc5-f483d6f4351c None None] Subscribe: > security_group after_update 55550000, False {{(pid=102160) subscribe /opt/stack/data/venv/lib/python3.12/site-packages/neutron_lib/callbacks/manager.py:52}}
Jul 24 00:51:55.527120 np0000186474 devstack@neutron-api.service[102158]: DEBUG neutron.api.extensions [None req-556e0313-7a50-448e-8e6e-f81e3d69da92 None None] Ext name="Neutron Metering with source and destination filtering" alias="metering_source_and_destination_fields" description="Neutron Metering extension that enables the use of source and destination IP prefixes to create metering label rules." updated="2020-08-21T08:12:00-00:00" {{(pid=102158) _check_extension /opt/stack/neutron/neutron/api/extensions.py:415}}
Jul 24 00:51:55.527396 np0000186474 devstack@neutron-api.service[102160]: DEBUG neutron_lib.callbacks.manager [None req-68b7adac-e94c-4298-acc5-f483d6f4351c None None] Subscribe: > security_group after_create 55550000, False {{(pid=102160) subscribe /opt/stack/data/venv/lib/python3.12/site-packages/neutron_lib/callbacks/manager.py:52}}
Jul 24 00:51:55.527396 np0000186474 devstack@neutron-api.service[102160]: DEBUG neutron_lib.callbacks.manager [None req-68b7adac-e94c-4298-acc5-f483d6f4351c None None] Subscribe: > security_group precommit_delete 55550000, False {{(pid=102160) subscribe /opt/stack/data/venv/lib/python3.12/site-packages/neutron_lib/callbacks/manager.py:52}}
Jul 24 00:51:55.527451 np0000186474 devstack@neutron-api.service[102158]: INFO neutron.api.extensions [None req-556e0313-7a50-448e-8e6e-f81e3d69da92 None None] Extension metering_source_and_destination_fields not supported by any of loaded plugins
Jul 24 00:51:55.527477 np0000186474 devstack@neutron-api.service[102159]: INFO neutron.api.extensions [None req-b2ae807d-6f93-464b-a99d-43f2af51a0bd None None] Loaded extension: floatingip-pools
Jul 24 00:51:55.527501 np0000186474 devstack@neutron-api.service[102160]: DEBUG neutron_lib.callbacks.manager [None req-68b7adac-e94c-4298-acc5-f483d6f4351c None None] Subscribe: > security_group after_delete 55550000, False {{(pid=102160) subscribe /opt/stack/data/venv/lib/python3.12/site-packages/neutron_lib/callbacks/manager.py:52}}
Jul 24 00:51:55.527551 np0000186474 devstack@neutron-api.service[102158]: DEBUG neutron.api.extensions [None req-556e0313-7a50-448e-8e6e-f81e3d69da92 None None] Loading extension file: multiprovidernet.py {{(pid=102158) _load_all_extensions_from_path /opt/stack/neutron/neutron/api/extensions.py:449}}
Jul 24 00:51:55.527614 np0000186474 devstack@neutron-api.service[102160]: DEBUG neutron_lib.callbacks.manager [None req-68b7adac-e94c-4298-acc5-f483d6f4351c None None] Subscribe: > security_group_rule precommit_create 55550000, False {{(pid=102160) subscribe /opt/stack/data/venv/lib/python3.12/site-packages/neutron_lib/callbacks/manager.py:52}}
Jul 24 00:51:55.527642 np0000186474 devstack@neutron-api.service[102159]: DEBUG neutron.api.extensions [None req-b2ae807d-6f93-464b-a99d-43f2af51a0bd None None] Loading extension file: ip_allocation.py {{(pid=102159) _load_all_extensions_from_path /opt/stack/neutron/neutron/api/extensions.py:449}}
Jul 24 00:51:55.527667 np0000186474 devstack@neutron-api.service[102160]: DEBUG neutron_lib.callbacks.manager [None req-68b7adac-e94c-4298-acc5-f483d6f4351c None None] Subscribe: > security_group_rule after_create 55550000, False {{(pid=102160) subscribe /opt/stack/data/venv/lib/python3.12/site-packages/neutron_lib/callbacks/manager.py:52}}
Jul 24 00:51:55.527761 np0000186474 devstack@neutron-api.service[102158]: DEBUG neutron.api.extensions [None req-556e0313-7a50-448e-8e6e-f81e3d69da92 None None] Ext name="Multi Provider Network" alias="multi-provider" description="Expose mapping of virtual networks to multiple physical networks" updated="2013-06-27T10:00:00-00:00" {{(pid=102158) _check_extension /opt/stack/neutron/neutron/api/extensions.py:415}}
Jul 24 00:51:55.527812 np0000186474 devstack@neutron-api.service[102160]: DEBUG neutron_lib.callbacks.manager [None req-68b7adac-e94c-4298-acc5-f483d6f4351c None None] Subscribe: > security_group_rule before_delete 55550000, False {{(pid=102160) subscribe /opt/stack/data/venv/lib/python3.12/site-packages/neutron_lib/callbacks/manager.py:52}}
Jul 24 00:51:55.527866 np0000186474 devstack@neutron-api.service[102159]: DEBUG neutron.api.extensions [None req-b2ae807d-6f93-464b-a99d-43f2af51a0bd None None] Ext name="IP Allocation" alias="ip_allocation" description="IP allocation extension." updated="2016-06-10T23:00:00-00:00" {{(pid=102159) _check_extension /opt/stack/neutron/neutron/api/extensions.py:415}}
Jul 24 00:51:55.527898 np0000186474 devstack@neutron-api.service[102160]: DEBUG neutron_lib.callbacks.manager [None req-68b7adac-e94c-4298-acc5-f483d6f4351c None None] Subscribe: > address_group after_create 55550000, False {{(pid=102160) subscribe /opt/stack/data/venv/lib/python3.12/site-packages/neutron_lib/callbacks/manager.py:52}}
Jul 24 00:51:55.527926 np0000186474 devstack@neutron-api.service[102158]: INFO neutron.api.extensions [None req-556e0313-7a50-448e-8e6e-f81e3d69da92 None None] Loaded extension: multi-provider
Jul 24 00:51:55.527989 np0000186474 devstack@neutron-api.service[102160]: DEBUG neutron_lib.callbacks.manager [None req-68b7adac-e94c-4298-acc5-f483d6f4351c None None] Subscribe: > address_group after_update 55550000, False {{(pid=102160) subscribe /opt/stack/data/venv/lib/python3.12/site-packages/neutron_lib/callbacks/manager.py:52}}
Jul 24 00:51:55.528020 np0000186474 devstack@neutron-api.service[102158]: DEBUG neutron.api.extensions [None req-556e0313-7a50-448e-8e6e-f81e3d69da92 None None] Loading extension file: netmtu.py {{(pid=102158) _load_all_extensions_from_path /opt/stack/neutron/neutron/api/extensions.py:449}}
Jul 24 00:51:55.528051 np0000186474 devstack@neutron-api.service[102159]: INFO neutron.api.extensions [None req-b2ae807d-6f93-464b-a99d-43f2af51a0bd None None] Extension ip_allocation not supported by any of loaded plugins
Jul 24 00:51:55.528098 np0000186474 devstack@neutron-api.service[102160]: DEBUG neutron_lib.callbacks.manager [None req-68b7adac-e94c-4298-acc5-f483d6f4351c None None] Subscribe: > address_group after_delete 55550000, False {{(pid=102160) subscribe /opt/stack/data/venv/lib/python3.12/site-packages/neutron_lib/callbacks/manager.py:52}}
Jul 24 00:51:55.528138 np0000186474 devstack@neutron-api.service[102159]: DEBUG neutron.api.extensions [None req-b2ae807d-6f93-464b-a99d-43f2af51a0bd None None] Loading extension file: ip_substring_port_filtering.py {{(pid=102159) _load_all_extensions_from_path /opt/stack/neutron/neutron/api/extensions.py:449}}
Jul 24 00:51:55.528218 np0000186474 devstack@neutron-api.service[102158]: DEBUG neutron.api.extensions [None req-556e0313-7a50-448e-8e6e-f81e3d69da92 None None] Ext name="Network MTU" alias="net-mtu" description="Provides MTU attribute for a network resource." updated="2015-03-25T10:00:00-00:00" {{(pid=102158) _check_extension /opt/stack/neutron/neutron/api/extensions.py:415}}
Jul 24 00:51:55.528299 np0000186474 devstack@neutron-api.service[102160]: DEBUG neutron_lib.callbacks.manager [None req-68b7adac-e94c-4298-acc5-f483d6f4351c None None] Subscribe: > qos_plugin after_init 55550000, False {{(pid=102160) subscribe /opt/stack/data/venv/lib/python3.12/site-packages/neutron_lib/callbacks/manager.py:52}}
Jul 24 00:51:55.528356 np0000186474 devstack@neutron-api.service[102159]: DEBUG neutron.api.extensions [None req-b2ae807d-6f93-464b-a99d-43f2af51a0bd None None] Ext name="IP address substring filtering" alias="ip-substring-filtering" description="Provides IP address substring filtering when listing ports" updated="2017-11-28T09:00:00-00:00" {{(pid=102159) _check_extension /opt/stack/neutron/neutron/api/extensions.py:415}}
Jul 24 00:51:55.528385 np0000186474 devstack@neutron-api.service[102158]: INFO neutron.api.extensions [None req-556e0313-7a50-448e-8e6e-f81e3d69da92 None None] Loaded extension: net-mtu
Jul 24 00:51:55.528509 np0000186474 devstack@neutron-api.service[102160]: DEBUG neutron_lib.callbacks.manager [None req-68b7adac-e94c-4298-acc5-f483d6f4351c None None] Subscribe: > trunk_plugin after_init 55550000, False {{(pid=102160) subscribe /opt/stack/data/venv/lib/python3.12/site-packages/neutron_lib/callbacks/manager.py:52}}
Jul 24 00:51:55.528604 np0000186474 devstack@neutron-api.service[102159]: INFO neutron.api.extensions [None req-b2ae807d-6f93-464b-a99d-43f2af51a0bd None None] Extension ip-substring-filtering not supported by any of loaded plugins
Jul 24 00:51:55.528700 np0000186474 devstack@neutron-api.service[102159]: DEBUG neutron.api.extensions [None req-b2ae807d-6f93-464b-a99d-43f2af51a0bd None None] Loading extension file: l2_adjacency.py {{(pid=102159) _load_all_extensions_from_path /opt/stack/neutron/neutron/api/extensions.py:449}}
Jul 24 00:51:55.528760 np0000186474 devstack@neutron-api.service[102160]: DEBUG neutron_lib.callbacks.manager [None req-68b7adac-e94c-4298-acc5-f483d6f4351c None None] Subscribe: > logging-plugin after_init 55550000, False {{(pid=102160) subscribe /opt/stack/data/venv/lib/python3.12/site-packages/neutron_lib/callbacks/manager.py:52}}
Jul 24 00:51:55.528820 np0000186474 devstack@neutron-api.service[102158]: DEBUG neutron.api.extensions [None req-556e0313-7a50-448e-8e6e-f81e3d69da92 None None] Loading extension file: netmtu_writable.py {{(pid=102158) _load_all_extensions_from_path /opt/stack/neutron/neutron/api/extensions.py:449}}
Jul 24 00:51:55.528982 np0000186474 devstack@neutron-api.service[102159]: DEBUG neutron.api.extensions [None req-b2ae807d-6f93-464b-a99d-43f2af51a0bd None None] Ext name="L2 Adjacency" alias="l2_adjacency" description="Display L2 Adjacency for Neutron Networks." updated="2016-04-12T16:00:00-00:00" {{(pid=102159) _check_extension /opt/stack/neutron/neutron/api/extensions.py:415}}
Jul 24 00:51:55.529156 np0000186474 devstack@neutron-api.service[102159]: INFO neutron.api.extensions [None req-b2ae807d-6f93-464b-a99d-43f2af51a0bd None None] Extension l2_adjacency not supported by any of loaded plugins
Jul 24 00:51:55.529216 np0000186474 devstack@neutron-api.service[102158]: DEBUG neutron.api.extensions [None req-556e0313-7a50-448e-8e6e-f81e3d69da92 None None] Ext name="Network MTU (writable)" alias="net-mtu-writable" description="Provides a writable MTU attribute for a network resource." updated="2017-07-12T00:00:00-00:00" {{(pid=102158) _check_extension /opt/stack/neutron/neutron/api/extensions.py:415}}
Jul 24 00:51:55.529259 np0000186474 devstack@neutron-api.service[102160]: INFO neutron.services.logapi.drivers.ovn.driver [None req-68b7adac-e94c-4298-acc5-f483d6f4351c None None] OVN logging driver registered
Jul 24 00:51:55.529296 np0000186474 devstack@neutron-api.service[102159]: DEBUG neutron.api.extensions [None req-b2ae807d-6f93-464b-a99d-43f2af51a0bd None None] Loading extension file: l3.py {{(pid=102159) _load_all_extensions_from_path /opt/stack/neutron/neutron/api/extensions.py:449}}
Jul 24 00:51:55.529328 np0000186474 devstack@neutron-api.service[102160]: DEBUG neutron_lib.callbacks.manager [None req-68b7adac-e94c-4298-acc5-f483d6f4351c None None] Subscribe: ._register_pvlan_driver at 0x75a5a13f7600> pvlan_plugin before_spawn 55550000, False {{(pid=102160) subscribe /opt/stack/data/venv/lib/python3.12/site-packages/neutron_lib/callbacks/manager.py:52}}
Jul 24 00:51:55.529413 np0000186474 devstack@neutron-api.service[102158]: INFO neutron.api.extensions [None req-556e0313-7a50-448e-8e6e-f81e3d69da92 None None] Loaded extension: net-mtu-writable
Jul 24 00:51:55.529470 np0000186474 devstack@neutron-api.service[102160]: DEBUG neutron_lib.callbacks.manager [None req-68b7adac-e94c-4298-acc5-f483d6f4351c None None] Subscribe: process after_init 55550000, False {{(pid=102160) subscribe /opt/stack/data/venv/lib/python3.12/site-packages/neutron_lib/callbacks/manager.py:52}}
Jul 24 00:51:55.529499 np0000186474 devstack@neutron-api.service[102158]: DEBUG neutron.api.extensions [None req-556e0313-7a50-448e-8e6e-f81e3d69da92 None None] Loading extension file: network_availability_zone.py {{(pid=102158) _load_all_extensions_from_path /opt/stack/neutron/neutron/api/extensions.py:449}}
Jul 24 00:51:55.529710 np0000186474 devstack@neutron-api.service[102159]: DEBUG neutron.api.extensions [None req-b2ae807d-6f93-464b-a99d-43f2af51a0bd None None] Ext name="Neutron L3 Router" alias="router" description="Router abstraction for basic L3 forwarding between L2 Neutron networks and access to external networks via a NAT gateway." updated="2012-07-20T10:00:00-00:00" {{(pid=102159) _check_extension /opt/stack/neutron/neutron/api/extensions.py:415}}
Jul 24 00:51:55.529849 np0000186474 devstack@neutron-api.service[102158]: DEBUG neutron.api.extensions [None req-556e0313-7a50-448e-8e6e-f81e3d69da92 None None] Ext name="Network Availability Zone" alias="network_availability_zone" description="Availability zone support for network." updated="2015-01-01T10:00:00-00:00" {{(pid=102158) _check_extension /opt/stack/neutron/neutron/api/extensions.py:415}}
Jul 24 00:51:55.529884 np0000186474 devstack@neutron-api.service[102159]: INFO neutron.api.extensions [None req-b2ae807d-6f93-464b-a99d-43f2af51a0bd None None] Loaded extension: router
Jul 24 00:51:55.530070 np0000186474 devstack@neutron-api.service[102159]: DEBUG neutron.api.extensions [None req-b2ae807d-6f93-464b-a99d-43f2af51a0bd None None] Loading extension file: l3_agent_scheduler_ha_chassis_priority.py {{(pid=102159) _load_all_extensions_from_path /opt/stack/neutron/neutron/api/extensions.py:449}}
Jul 24 00:51:55.530112 np0000186474 devstack@neutron-api.service[102158]: INFO neutron.api.extensions [None req-556e0313-7a50-448e-8e6e-f81e3d69da92 None None] Loaded extension: network_availability_zone
Jul 24 00:51:55.530178 np0000186474 devstack@neutron-api.service[102158]: DEBUG neutron.api.extensions [None req-556e0313-7a50-448e-8e6e-f81e3d69da92 None None] Loading extension file: network_ha.py {{(pid=102158) _load_all_extensions_from_path /opt/stack/neutron/neutron/api/extensions.py:449}}
Jul 24 00:51:55.530307 np0000186474 devstack@neutron-api.service[102159]: DEBUG neutron.api.extensions [None req-b2ae807d-6f93-464b-a99d-43f2af51a0bd None None] Ext name="L3 Agent Scheduler HA Chassis Priority" alias="l3-agent-scheduler-ha-chassis-priority" description="Exposes the HA_Chassis priority in the L3 Agent Scheduler API responses and allows setting priority when scheduling a router to a chassis." updated="2026-03-31T00:00:00-00:00" {{(pid=102159) _check_extension /opt/stack/neutron/neutron/api/extensions.py:415}}
Jul 24 00:51:55.530408 np0000186474 devstack@neutron-api.service[102158]: DEBUG neutron.api.extensions [None req-556e0313-7a50-448e-8e6e-f81e3d69da92 None None] Ext name="Network HA creation flag" alias="network_ha" description="Network high availability creation flag." updated="2023-04-27T10:00:00-00:00" {{(pid=102158) _check_extension /opt/stack/neutron/neutron/api/extensions.py:415}}
Jul 24 00:51:55.530485 np0000186474 devstack@neutron-api.service[102159]: INFO neutron.api.extensions [None req-b2ae807d-6f93-464b-a99d-43f2af51a0bd None None] Loaded extension: l3-agent-scheduler-ha-chassis-priority
Jul 24 00:51:55.530596 np0000186474 devstack@neutron-api.service[102158]: INFO neutron.api.extensions [None req-556e0313-7a50-448e-8e6e-f81e3d69da92 None None] Extension network_ha not supported by any of loaded plugins
Jul 24 00:51:55.530644 np0000186474 devstack@neutron-api.service[102159]: DEBUG neutron.api.extensions [None req-b2ae807d-6f93-464b-a99d-43f2af51a0bd None None] Loading extension file: l3_conntrack_helper.py {{(pid=102159) _load_all_extensions_from_path /opt/stack/neutron/neutron/api/extensions.py:449}}
Jul 24 00:51:55.530709 np0000186474 devstack@neutron-api.service[102158]: DEBUG neutron.api.extensions [None req-556e0313-7a50-448e-8e6e-f81e3d69da92 None None] Loading extension file: network_ip_availability.py {{(pid=102158) _load_all_extensions_from_path /opt/stack/neutron/neutron/api/extensions.py:449}}
Jul 24 00:51:55.530939 np0000186474 devstack@neutron-api.service[102158]: DEBUG neutron.api.extensions [None req-556e0313-7a50-448e-8e6e-f81e3d69da92 None None] Ext name="Network IP Availability" alias="network-ip-availability" description="Provides IP availability data for each network and subnet." updated="2015-09-24T00:00:00-00:00" {{(pid=102158) _check_extension /opt/stack/neutron/neutron/api/extensions.py:415}}
Jul 24 00:51:55.530993 np0000186474 devstack@neutron-api.service[102160]: DEBUG neutron.plugins.ml2.plugin [None req-68b7adac-e94c-4298-acc5-f483d6f4351c None None] neutron.plugins.ml2.plugin.Ml2Plugin method _start_rpc_notifiers called with arguments () {} {{(pid=102160) wrapper /opt/stack/data/venv/lib/python3.12/site-packages/oslo_log/helpers.py:77}}
Jul 24 00:51:55.531102 np0000186474 devstack@neutron-api.service[102158]: INFO neutron.api.extensions [None req-556e0313-7a50-448e-8e6e-f81e3d69da92 None None] Loaded extension: network-ip-availability
Jul 24 00:51:55.531191 np0000186474 devstack@neutron-api.service[102158]: DEBUG neutron.api.extensions [None req-556e0313-7a50-448e-8e6e-f81e3d69da92 None None] Loading extension file: network_ip_availability_details.py {{(pid=102158) _load_all_extensions_from_path /opt/stack/neutron/neutron/api/extensions.py:449}}
Jul 24 00:51:55.531271 np0000186474 devstack@neutron-api.service[102160]: DEBUG neutron_lib.callbacks.manager [None req-68b7adac-e94c-4298-acc5-f483d6f4351c None None] Subscribe: > port after_create 55550000, False {{(pid=102160) subscribe /opt/stack/data/venv/lib/python3.12/site-packages/neutron_lib/callbacks/manager.py:52}}
