2026-07-17 19:14:45.502 8 INFO placement.requestlog [req-346e7ceb-8aa9-4260-96d3-c9c202b16790 req-e47b1ec7-a882-479b-bbd5-4c4419084307 8794e72e2a68483199343ba9b7331031 e14780d1d8f04fd9bba5950719263f62 - - 96aeebb66a3a4759b05d5a9a7dc7cb76 96aeebb66a3a4759b05d5a9a7dc7cb76] 199.204.45.238 "GET /resource_providers?in_tree=f194c547-9301-4802-9499-229942479758" status: 200 len: 797 microversion: 1.14 [pid: 8|app: 0|req: 290/581] 199.204.45.238 () {34 vars in 892 bytes} [Fri Jul 17 19:14:45 2026] GET /resource_providers?in_tree=f194c547-9301-4802-9499-229942479758 => generated 797 bytes in 21 msecs (HTTP/1.1 200) 6 headers in 225 bytes (1 switches on core 0)
2026-07-17 19:14:45.524 7 INFO placement.requestlog [req-346e7ceb-8aa9-4260-96d3-c9c202b16790 req-549193d9-bf94-471d-b251-964a28195a8c 8794e72e2a68483199343ba9b7331031 e14780d1d8f04fd9bba5950719263f62 - - 96aeebb66a3a4759b05d5a9a7dc7cb76 96aeebb66a3a4759b05d5a9a7dc7cb76] 199.204.45.238 "GET /resource_providers/f194c547-9301-4802-9499-229942479758/inventories" status: 200 len: 400 microversion: 1.0 [pid: 7|app: 0|req: 292/582] 199.204.45.238 () {32 vars in 857 bytes} [Fri Jul 17 19:14:45 2026] GET /resource_providers/f194c547-9301-4802-9499-229942479758/inventories => generated 400 bytes in 15 msecs (HTTP/1.1 200) 6 headers in 224 bytes (1 switches on core 0)
2026-07-17 19:14:45.546 8 INFO placement.requestlog [req-346e7ceb-8aa9-4260-96d3-c9c202b16790 req-fc9835e1-e7f9-4a4d-a15b-408c05cc69d7 8794e72e2a68483199343ba9b7331031 e14780d1d8f04fd9bba5950719263f62 - - 96aeebb66a3a4759b05d5a9a7dc7cb76 96aeebb66a3a4759b05d5a9a7dc7cb76] 199.204.45.238 "GET /resource_providers/f194c547-9301-4802-9499-229942479758/aggregates" status: 200 len: 53 microversion: 1.19 [pid: 8|app: 0|req: 291/583] 199.204.45.238 () {34 vars in 899 bytes} [Fri Jul 17 19:14:45 2026] GET /resource_providers/f194c547-9301-4802-9499-229942479758/aggregates => generated 53 bytes in 14 msecs (HTTP/1.1 200) 8 headers in 295 bytes (1 switches on core 0)
2026-07-17 19:14:45.577 7 INFO placement.requestlog [req-346e7ceb-8aa9-4260-96d3-c9c202b16790 req-da4116d5-599f-4f0d-8427-11a1b6c9b049 8794e72e2a68483199343ba9b7331031 e14780d1d8f04fd9bba5950719263f62 - - 96aeebb66a3a4759b05d5a9a7dc7cb76 96aeebb66a3a4759b05d5a9a7dc7cb76] 199.204.45.238 "GET /resource_providers/f194c547-9301-4802-9499-229942479758/traits" status: 200 len: 1977 microversion: 1.6 [pid: 7|app: 0|req: 293/584] 199.204.45.238 () {34 vars in 890 bytes} [Fri Jul 17 19:14:45 2026] GET /resource_providers/f194c547-9301-4802-9499-229942479758/traits => generated 1977 bytes in 24 msecs (HTTP/1.1 200) 6 headers in 225 bytes (1 switches on core 0)
2026-07-17 19:14:45.603 8 INFO placement.requestlog [req-346e7ceb-8aa9-4260-96d3-c9c202b16790 req-0acdb24e-5ab5-41cf-8e96-531ab52f1c33 8794e72e2a68483199343ba9b7331031 e14780d1d8f04fd9bba5950719263f62 - - 96aeebb66a3a4759b05d5a9a7dc7cb76 96aeebb66a3a4759b05d5a9a7dc7cb76] 199.204.45.238 "GET /resource_providers/f194c547-9301-4802-9499-229942479758/allocations" status: 200 len: 54 microversion: 1.0 [pid: 8|app: 0|req: 292/585] 199.204.45.238 () {32 vars in 857 bytes} [Fri Jul 17 19:14:45 2026] GET /resource_providers/f194c547-9301-4802-9499-229942479758/allocations => generated 54 bytes in 17 msecs (HTTP/1.1 200) 6 headers in 223 bytes (1 switches on core 0)
2026-07-17 19:14:46.325 7 INFO placement.requestlog [None req-8b0f3ecc-3a05-4498-8268-fa0349fcc2b9 - - - - - -] 10.0.0.67 "GET /" status: 200 len: 136 microversion: 1.0
2026-07-17 19:14:46.326 8 INFO placement.requestlog [None req-3211755b-4b9d-4ac9-831d-347061878c33 - - - - - -] 10.0.0.67 "GET /" status: 200 len: 136 microversion: 1.0
2026-07-17 19:14:54.056 7 INFO placement.requestlog [None req-6644acc0-5393-4f1c-a9fb-045061b3c721 7404b66e8d72428ba0b2375c6a90fd76 e14780d1d8f04fd9bba5950719263f62 - - 96aeebb66a3a4759b05d5a9a7dc7cb76 96aeebb66a3a4759b05d5a9a7dc7cb76] 10.0.0.251 "GET /resource_providers/59b4d0a6-f1f8-44db-b2d6-10f6ac8ad6d7/aggregates" status: 404 len: 235 microversion: 1.1 [pid: 7|app: 0|req: 295/588] 10.0.0.251 () {32 vars in 816 bytes} [Fri Jul 17 19:14:53 2026] GET /resource_providers/59b4d0a6-f1f8-44db-b2d6-10f6ac8ad6d7/aggregates => generated 235 bytes in 95 msecs (HTTP/1.1 404) 5 headers in 202 bytes (1 switches on core 0)
2026-07-17 19:14:54.058 8 INFO placement.requestlog [None req-e4e127c1-2adc-46e8-bb09-2558b3463c0a 7404b66e8d72428ba0b2375c6a90fd76 e14780d1d8f04fd9bba5950719263f62 - - 96aeebb66a3a4759b05d5a9a7dc7cb76 96aeebb66a3a4759b05d5a9a7dc7cb76] 10.0.0.251 "GET /resource_providers/59b4d0a6-f1f8-44db-b2d6-10f6ac8ad6d7/aggregates" status: 404 len: 235 microversion: 1.1 [pid: 8|app: 0|req: 294/589] 10.0.0.251 () {32 vars in 816 bytes} [Fri Jul 17 19:14:53 2026] GET /resource_providers/59b4d0a6-f1f8-44db-b2d6-10f6ac8ad6d7/aggregates => generated 235 bytes in 94 msecs (HTTP/1.1 404) 5 headers in 202 bytes (1 switches on core 0)
2026-07-17 19:14:54.081 8 INFO placement.requestlog [None req-98de3ff7-d6b2-4fc0-95c5-11d5f1c6fb51 7404b66e8d72428ba0b2375c6a90fd76 e14780d1d8f04fd9bba5950719263f62 - - 96aeebb66a3a4759b05d5a9a7dc7cb76 96aeebb66a3a4759b05d5a9a7dc7cb76] 10.0.0.251 "DELETE /resource_providers/59b4d0a6-f1f8-44db-b2d6-10f6ac8ad6d7" status: 404 len: 246 microversion: 1.1 [pid: 8|app: 0|req: 295/590] 10.0.0.251 () {34 vars in 816 bytes} [Fri Jul 17 19:14:54 2026] DELETE /resource_providers/59b4d0a6-f1f8-44db-b2d6-10f6ac8ad6d7 => generated 246 bytes in 9 msecs (HTTP/1.1 404) 6 headers in 231 bytes (1 switches on core 0)
2026-07-17 19:14:54.082 7 INFO placement.requestlog [None req-dbcfcf93-0213-4567-b171-38ff778c8585 7404b66e8d72428ba0b2375c6a90fd76 e14780d1d8f04fd9bba5950719263f62 - - 96aeebb66a3a4759b05d5a9a7dc7cb76 96aeebb66a3a4759b05d5a9a7dc7cb76] 10.0.0.251 "DELETE /resource_providers/59b4d0a6-f1f8-44db-b2d6-10f6ac8ad6d7" status: 404 len: 246 microversion: 1.1 [pid: 7|app: 0|req: 296/591] 10.0.0.251 () {34 vars in 816 bytes} [Fri Jul 17 19:14:54 2026] DELETE /resource_providers/59b4d0a6-f1f8-44db-b2d6-10f6ac8ad6d7 => generated 246 bytes in 10 msecs (HTTP/1.1 404) 6 headers in 231 bytes (1 switches on core 0)
2026-07-17 19:14:55.759 8 INFO placement.requestlog [req-71505f6b-7c2f-4b6c-945e-1df13dd8cc5e req-2775cb96-de9a-460f-9513-8ea47245f085 8794e72e2a68483199343ba9b7331031 e14780d1d8f04fd9bba5950719263f62 - - 96aeebb66a3a4759b05d5a9a7dc7cb76 96aeebb66a3a4759b05d5a9a7dc7cb76] 10.0.0.122 "GET /allocation_candidates?limit=1000&resources=DISK_GB%3A1%2CMEMORY_MB%3A512%2CVCPU%3A1&root_required=%21COMPUTE_STATUS_DISABLED" status: 200 len: 2442 microversion: 1.36 [pid: 8|app: 0|req: 296/592] 10.0.0.122 () {34 vars in 1012 bytes} [Fri Jul 17 19:14:55 2026] GET /allocation_candidates?limit=1000&resources=DISK_GB%3A1%2CMEMORY_MB%3A512%2CVCPU%3A1&root_required=%21COMPUTE_STATUS_DISABLED => generated 2442 bytes in 183 msecs (HTTP/1.1 200) 8 headers in 297 bytes (1 switches on core 0)
2026-07-17 19:14:55.798 8 INFO placement.requestlog [req-71505f6b-7c2f-4b6c-945e-1df13dd8cc5e req-8fb4474a-79f8-4a1f-b100-c7fdf520cfb2 8794e72e2a68483199343ba9b7331031 e14780d1d8f04fd9bba5950719263f62 - - 96aeebb66a3a4759b05d5a9a7dc7cb76 96aeebb66a3a4759b05d5a9a7dc7cb76] 10.0.0.122 "GET /allocations/925c0c78-791a-4aad-b3a7-5980bbcdf073" status: 200 len: 19 microversion: 1.28 [pid: 8|app: 0|req: 297/593] 10.0.0.122 () {34 vars in 861 bytes} [Fri Jul 17 19:14:55 2026] GET /allocations/925c0c78-791a-4aad-b3a7-5980bbcdf073 => generated 19 bytes in 10 msecs (HTTP/1.1 200) 8 headers in 295 bytes (1 switches on core 0)
2026-07-17 19:14:55.825 7 INFO placement.requestlog [req-0d655da9-8672-4397-86eb-9ee5650861db req-b1577831-1b9f-456f-8cc3-1b5ae6ae9522 8794e72e2a68483199343ba9b7331031 e14780d1d8f04fd9bba5950719263f62 - - 96aeebb66a3a4759b05d5a9a7dc7cb76 96aeebb66a3a4759b05d5a9a7dc7cb76] 10.0.0.122 "GET /allocation_candidates?limit=1000&resources=MEMORY_MB%3A512%2CVCPU%3A1&root_required=%21COMPUTE_STATUS_DISABLED" status: 200 len: 2428 microversion: 1.36 [pid: 7|app: 0|req: 297/594] 10.0.0.122 () {34 vars in 984 bytes} [Fri Jul 17 19:14:55 2026] GET /allocation_candidates?limit=1000&resources=MEMORY_MB%3A512%2CVCPU%3A1&root_required=%21COMPUTE_STATUS_DISABLED => generated 2428 bytes in 173 msecs (HTTP/1.1 200) 8 headers in 297 bytes (1 switches on core 0)
2026-07-17 19:14:55.870 8 INFO placement.requestlog [req-71505f6b-7c2f-4b6c-945e-1df13dd8cc5e req-edefc8a4-9d4b-4c97-9497-2161a53a79d3 8794e72e2a68483199343ba9b7331031 e14780d1d8f04fd9bba5950719263f62 - - 96aeebb66a3a4759b05d5a9a7dc7cb76 96aeebb66a3a4759b05d5a9a7dc7cb76] 10.0.0.122 "PUT /allocations/925c0c78-791a-4aad-b3a7-5980bbcdf073" status: 204 len: 0 microversion: 1.36 [pid: 8|app: 0|req: 298/595] 10.0.0.122 () {38 vars in 914 bytes} [Fri Jul 17 19:14:55 2026] PUT /allocations/925c0c78-791a-4aad-b3a7-5980bbcdf073 => generated 0 bytes in 69 msecs (HTTP/1.1 204) 5 headers in 199 bytes (1 switches on core 0)
2026-07-17 19:14:55.872 7 INFO placement.requestlog [req-0d655da9-8672-4397-86eb-9ee5650861db req-45f5e000-140e-47a9-a1a2-ba6cff0b73cc 8794e72e2a68483199343ba9b7331031 e14780d1d8f04fd9bba5950719263f62 - - 96aeebb66a3a4759b05d5a9a7dc7cb76 96aeebb66a3a4759b05d5a9a7dc7cb76] 10.0.0.122 "GET /allocations/debb62a8-dec2-4aa8-b2d9-fd4725d79e14" status: 200 len: 19 microversion: 1.28 [pid: 7|app: 0|req: 298/596] 10.0.0.122 () {34 vars in 861 bytes} [Fri Jul 17 19:14:55 2026] GET /allocations/debb62a8-dec2-4aa8-b2d9-fd4725d79e14 => generated 19 bytes in 11 msecs (HTTP/1.1 200) 8 headers in 295 bytes (1 switches on core 0)
2026-07-17 19:14:55.952 8 INFO placement.requestlog [req-0d655da9-8672-4397-86eb-9ee5650861db req-f8f6c425-07b4-427d-b230-8d0c99ae376e 8794e72e2a68483199343ba9b7331031 e14780d1d8f04fd9bba5950719263f62 - - 96aeebb66a3a4759b05d5a9a7dc7cb76 96aeebb66a3a4759b05d5a9a7dc7cb76] 10.0.0.122 "PUT /allocations/debb62a8-dec2-4aa8-b2d9-fd4725d79e14" status: 204 len: 0 microversion: 1.36 [pid: 8|app: 0|req: 299/597] 10.0.0.122 () {38 vars in 914 bytes} [Fri Jul 17 19:14:55 2026] PUT /allocations/debb62a8-dec2-4aa8-b2d9-fd4725d79e14 => generated 0 bytes in 75 msecs (HTTP/1.1 204) 5 headers in 199 bytes (1 switches on core 0)
2026-07-17 19:14:56.101 7 INFO placement.requestlog [None req-5dd2af4d-2273-45e4-b7d9-27298d00ead7 7404b66e8d72428ba0b2375c6a90fd76 e14780d1d8f04fd9bba5950719263f62 - - 96aeebb66a3a4759b05d5a9a7dc7cb76 96aeebb66a3a4759b05d5a9a7dc7cb76] 10.0.0.251 "GET /resource_providers/f8717e53-6191-4c54-9b21-bcf3563989e0/aggregates" status: 404 len: 235 microversion: 1.1 [pid: 7|app: 0|req: 299/598] 10.0.0.251 () {32 vars in 816 bytes} [Fri Jul 17 19:14:56 2026] GET /resource_providers/f8717e53-6191-4c54-9b21-bcf3563989e0/aggregates => generated 235 bytes in 9 msecs (HTTP/1.1 404) 5 headers in 202 bytes (1 switches on core 0)
2026-07-17 19:14:56.105 8 INFO placement.requestlog [None req-d8df7514-d45d-4da0-8a5e-c34d5bbd1d75 7404b66e8d72428ba0b2375c6a90fd76 e14780d1d8f04fd9bba5950719263f62 - - 96aeebb66a3a4759b05d5a9a7dc7cb76 96aeebb66a3a4759b05d5a9a7dc7cb76] 10.0.0.251 "GET /resource_providers/f8717e53-6191-4c54-9b21-bcf3563989e0/aggregates" status: 404 len: 235 microversion: 1.1 [pid: 8|app: 0|req: 300/599] 10.0.0.251 () {32 vars in 816 bytes} [Fri Jul 17 19:14:56 2026] GET /resource_providers/f8717e53-6191-4c54-9b21-bcf3563989e0/aggregates => generated 235 bytes in 9 msecs (HTTP/1.1 404) 5 headers in 202 bytes (1 switches on core 0)
2026-07-17 19:14:56.124 7 INFO placement.requestlog [None req-9b212e7e-3a27-43a9-b567-5ac2e9bd0373 7404b66e8d72428ba0b2375c6a90fd76 e14780d1d8f04fd9bba5950719263f62 - - 96aeebb66a3a4759b05d5a9a7dc7cb76 96aeebb66a3a4759b05d5a9a7dc7cb76] 10.0.0.251 "DELETE /resource_providers/f8717e53-6191-4c54-9b21-bcf3563989e0" status: 404 len: 246 microversion: 1.1 [pid: 7|app: 0|req: 300/600] 10.0.0.251 () {34 vars in 816 bytes} [Fri Jul 17 19:14:56 2026] DELETE /resource_providers/f8717e53-6191-4c54-9b21-bcf3563989e0 => generated 246 bytes in 13 msecs (HTTP/1.1 404) 6 headers in 231 bytes (1 switches on core 0)
2026-07-17 19:14:56.125 8 INFO placement.requestlog [None req-0241a89b-85bb-415a-9047-1da20b3671d3 7404b66e8d72428ba0b2375c6a90fd76 e14780d1d8f04fd9bba5950719263f62 - - 96aeebb66a3a4759b05d5a9a7dc7cb76 96aeebb66a3a4759b05d5a9a7dc7cb76] 10.0.0.251 "DELETE /resource_providers/f8717e53-6191-4c54-9b21-bcf3563989e0" status: 404 len: 246 microversion: 1.1 [pid: 8|app: 0|req: 301/601] 10.0.0.251 () {34 vars in 816 bytes} [Fri Jul 17 19:14:56 2026] DELETE /resource_providers/f8717e53-6191-4c54-9b21-bcf3563989e0 => generated 246 bytes in 11 msecs (HTTP/1.1 404) 6 headers in 231 bytes (1 switches on core 0)
2026-07-17 19:14:56.325 7 INFO placement.requestlog [None req-42eb5a40-f7c4-4986-b3e7-7f1690bf1f10 - - - - - -] 10.0.0.67 "GET /" status: 200 len: 136 microversion: 1.0
2026-07-17 19:14:56.325 8 INFO placement.requestlog [None req-23d08be0-dfba-44fd-a4fd-96c4d6edf665 - - - - - -] 10.0.0.67 "GET /" status: 200 len: 136 microversion: 1.0
2026-07-17 19:14:57.329 7 INFO placement.requestlog [req-71505f6b-7c2f-4b6c-945e-1df13dd8cc5e req-b8b7d46c-85ba-4ac4-acad-881c95bf76eb 8794e72e2a68483199343ba9b7331031 e14780d1d8f04fd9bba5950719263f62 - - 96aeebb66a3a4759b05d5a9a7dc7cb76 96aeebb66a3a4759b05d5a9a7dc7cb76] 199.204.45.238 "GET /allocations/925c0c78-791a-4aad-b3a7-5980bbcdf073" status: 200 len: 257 microversion: 1.28 [pid: 7|app: 0|req: 302/604] 199.204.45.238 () {34 vars in 863 bytes} [Fri Jul 17 19:14:57 2026] GET /allocations/925c0c78-791a-4aad-b3a7-5980bbcdf073 => generated 257 bytes in 12 msecs (HTTP/1.1 200) 8 headers in 296 bytes (1 switches on core 0)
2026-07-17 19:14:57.402 8 INFO placement.requestlog [req-0d655da9-8672-4397-86eb-9ee5650861db req-0aa6eae5-30f5-4ffb-b6ee-16b516c3a9cc 8794e72e2a68483199343ba9b7331031 e14780d1d8f04fd9bba5950719263f62 - - 96aeebb66a3a4759b05d5a9a7dc7cb76 96aeebb66a3a4759b05d5a9a7dc7cb76] 199.204.45.238 "GET /allocations/debb62a8-dec2-4aa8-b2d9-fd4725d79e14" status: 200 len: 243 microversion: 1.28 [pid: 8|app: 0|req: 303/605] 199.204.45.238 () {34 vars in 863 bytes} [Fri Jul 17 19:14:57 2026] GET /allocations/debb62a8-dec2-4aa8-b2d9-fd4725d79e14 => generated 243 bytes in 15 msecs (HTTP/1.1 200) 8 headers in 296 bytes (1 switches on core 0)
2026-07-17 19:14:58.368 7 INFO placement.requestlog [req-71505f6b-7c2f-4b6c-945e-1df13dd8cc5e req-f728e57a-7dab-43a8-9e56-05c958a70858 8794e72e2a68483199343ba9b7331031 e14780d1d8f04fd9bba5950719263f62 - - 96aeebb66a3a4759b05d5a9a7dc7cb76 96aeebb66a3a4759b05d5a9a7dc7cb76] 199.204.45.238 "GET /resource_providers/f194c547-9301-4802-9499-229942479758/allocations" status: 200 len: 238 microversion: 1.0 [pid: 7|app: 0|req: 303/606] 199.204.45.238 () {32 vars in 857 bytes} [Fri Jul 17 19:14:58 2026] GET /resource_providers/f194c547-9301-4802-9499-229942479758/allocations => generated 238 bytes in 14 msecs (HTTP/1.1 200) 6 headers in 224 bytes (1 switches on core 0)
2026-07-17 19:14:58.388 8 INFO placement.requestlog [req-71505f6b-7c2f-4b6c-945e-1df13dd8cc5e req-e0a9a653-439f-4056-9dff-a5bf52d08e68 8794e72e2a68483199343ba9b7331031 e14780d1d8f04fd9bba5950719263f62 - - 96aeebb66a3a4759b05d5a9a7dc7cb76 96aeebb66a3a4759b05d5a9a7dc7cb76] 199.204.45.238 "GET /allocations/debb62a8-dec2-4aa8-b2d9-fd4725d79e14" status: 200 len: 243 microversion: 1.28 [pid: 8|app: 0|req: 304/607] 199.204.45.238 () {34 vars in 863 bytes} [Fri Jul 17 19:14:58 2026] GET /allocations/debb62a8-dec2-4aa8-b2d9-fd4725d79e14 => generated 243 bytes in 14 msecs (HTTP/1.1 200) 8 headers in 296 bytes (1 switches on core 0)
2026-07-17 19:14:58.405 7 INFO placement.requestlog [req-71505f6b-7c2f-4b6c-945e-1df13dd8cc5e req-f2d62365-3e21-4ec0-86a8-d49f5faef99a 8794e72e2a68483199343ba9b7331031 e14780d1d8f04fd9bba5950719263f62 - - 96aeebb66a3a4759b05d5a9a7dc7cb76 96aeebb66a3a4759b05d5a9a7dc7cb76] 199.204.45.238 "GET /allocations/925c0c78-791a-4aad-b3a7-5980bbcdf073" status: 200 len: 257 microversion: 1.28 [pid: 7|app: 0|req: 304/608] 199.204.45.238 () {34 vars in 863 bytes} [Fri Jul 17 19:14:58 2026] GET /allocations/925c0c78-791a-4aad-b3a7-5980bbcdf073 => generated 257 bytes in 9 msecs (HTTP/1.1 200) 8 headers in 296 bytes (1 switches on core 0)
2026-07-17 19:15:00.460 8 INFO placement.requestlog [req-0d655da9-8672-4397-86eb-9ee5650861db req-93511a0f-979e-4786-8983-17f3e9a9ba4f 8794e72e2a68483199343ba9b7331031 e14780d1d8f04fd9bba5950719263f62 - - 96aeebb66a3a4759b05d5a9a7dc7cb76 96aeebb66a3a4759b05d5a9a7dc7cb76] 199.204.45.238 "GET /resource_providers/f194c547-9301-4802-9499-229942479758/allocations" status: 200 len: 238 microversion: 1.0 [pid: 8|app: 0|req: 305/609] 199.204.45.238 () {32 vars in 857 bytes} [Fri Jul 17 19:15:00 2026] GET /resource_providers/f194c547-9301-4802-9499-229942479758/allocations => generated 238 bytes in 17 msecs (HTTP/1.1 200) 6 headers in 224 bytes (1 switches on core 0)
2026-07-17 19:15:00.483 7 INFO placement.requestlog [req-0d655da9-8672-4397-86eb-9ee5650861db req-0ba68055-e625-4aec-8e63-4b410e6c432b 8794e72e2a68483199343ba9b7331031 e14780d1d8f04fd9bba5950719263f62 - - 96aeebb66a3a4759b05d5a9a7dc7cb76 96aeebb66a3a4759b05d5a9a7dc7cb76] 199.204.45.238 "GET /allocations/debb62a8-dec2-4aa8-b2d9-fd4725d79e14" status: 200 len: 243 microversion: 1.28 [pid: 7|app: 0|req: 305/610] 199.204.45.238 () {34 vars in 863 bytes} [Fri Jul 17 19:15:00 2026] GET /allocations/debb62a8-dec2-4aa8-b2d9-fd4725d79e14 => generated 243 bytes in 17 msecs (HTTP/1.1 200) 8 headers in 296 bytes (1 switches on core 0)
2026-07-17 19:15:00.502 8 INFO placement.requestlog [req-0d655da9-8672-4397-86eb-9ee5650861db req-84888131-068a-4ad5-abf2-454d4e5b0555 8794e72e2a68483199343ba9b7331031 e14780d1d8f04fd9bba5950719263f62 - - 96aeebb66a3a4759b05d5a9a7dc7cb76 96aeebb66a3a4759b05d5a9a7dc7cb76] 199.204.45.238 "GET /allocations/925c0c78-791a-4aad-b3a7-5980bbcdf073" status: 200 len: 257 microversion: 1.28 [pid: 8|app: 0|req: 306/611] 199.204.45.238 () {34 vars in 863 bytes} [Fri Jul 17 19:15:00 2026] GET /allocations/925c0c78-791a-4aad-b3a7-5980bbcdf073 => generated 257 bytes in 17 msecs (HTTP/1.1 200) 8 headers in 296 bytes (1 switches on core 0)
2026-07-17 19:15:03.940 7 INFO placement.requestlog [req-eb84a421-aed3-4a85-abdc-e4c0688ed39d req-e47cb901-11a7-4ed9-b8e3-2f1500886c45 8794e72e2a68483199343ba9b7331031 e14780d1d8f04fd9bba5950719263f62 - - 96aeebb66a3a4759b05d5a9a7dc7cb76 96aeebb66a3a4759b05d5a9a7dc7cb76] 10.0.0.122 "GET /allocation_candidates?limit=1000&resources=DISK_GB%3A1%2CMEMORY_MB%3A512%2CVCPU%3A1&root_required=%21COMPUTE_STATUS_DISABLED" status: 200 len: 2445 microversion: 1.36 [pid: 7|app: 0|req: 306/612] 10.0.0.122 () {34 vars in 1012 bytes} [Fri Jul 17 19:15:03 2026] GET /allocation_candidates?limit=1000&resources=DISK_GB%3A1%2CMEMORY_MB%3A512%2CVCPU%3A1&root_required=%21COMPUTE_STATUS_DISABLED => generated 2445 bytes in 46 msecs (HTTP/1.1 200) 8 headers in 297 bytes (1 switches on core 0)
2026-07-17 19:15:03.977 8 INFO placement.requestlog [req-eb84a421-aed3-4a85-abdc-e4c0688ed39d req-8ec79f4c-8cd8-424e-93db-dd34699abef1 8794e72e2a68483199343ba9b7331031 e14780d1d8f04fd9bba5950719263f62 - - 96aeebb66a3a4759b05d5a9a7dc7cb76 96aeebb66a3a4759b05d5a9a7dc7cb76] 10.0.0.122 "GET /allocations/f9ad705d-0918-4a84-a605-b8b7c19df565" status: 200 len: 19 microversion: 1.28 [pid: 8|app: 0|req: 307/613] 10.0.0.122 () {34 vars in 861 bytes} [Fri Jul 17 19:15:03 2026] GET /allocations/f9ad705d-0918-4a84-a605-b8b7c19df565 => generated 19 bytes in 12 msecs (HTTP/1.1 200) 8 headers in 295 bytes (1 switches on core 0)
2026-07-17 19:15:04.077 7 INFO placement.requestlog [req-eb84a421-aed3-4a85-abdc-e4c0688ed39d req-a0005a70-1046-49e4-a916-a27f5ed6d8c3 8794e72e2a68483199343ba9b7331031 e14780d1d8f04fd9bba5950719263f62 - - 96aeebb66a3a4759b05d5a9a7dc7cb76 96aeebb66a3a4759b05d5a9a7dc7cb76] 10.0.0.122 "PUT /allocations/f9ad705d-0918-4a84-a605-b8b7c19df565" status: 204 len: 0 microversion: 1.36 [pid: 7|app: 0|req: 307/614] 10.0.0.122 () {38 vars in 914 bytes} [Fri Jul 17 19:15:03 2026] PUT /allocations/f9ad705d-0918-4a84-a605-b8b7c19df565 => generated 0 bytes in 93 msecs (HTTP/1.1 204) 5 headers in 199 bytes (1 switches on core 0)
2026-07-17 19:15:05.564 8 INFO placement.requestlog [req-eb84a421-aed3-4a85-abdc-e4c0688ed39d req-3b68b25c-7b8f-4067-903f-33577c6a89c1 8794e72e2a68483199343ba9b7331031 e14780d1d8f04fd9bba5950719263f62 - - 96aeebb66a3a4759b05d5a9a7dc7cb76 96aeebb66a3a4759b05d5a9a7dc7cb76] 199.204.45.238 "GET /allocations/f9ad705d-0918-4a84-a605-b8b7c19df565" status: 200 len: 257 microversion: 1.28 [pid: 8|app: 0|req: 308/615] 199.204.45.238 () {34 vars in 863 bytes} [Fri Jul 17 19:15:05 2026] GET /allocations/f9ad705d-0918-4a84-a605-b8b7c19df565 => generated 257 bytes in 11 msecs (HTTP/1.1 200) 8 headers in 296 bytes (1 switches on core 0)
2026-07-17 19:15:06.325 8 INFO placement.requestlog [None req-0fe6061d-4e30-486b-b134-f7aad971c2f1 - - - - - -] 10.0.0.67 "GET /" status: 200 len: 136 microversion: 1.0
2026-07-17 19:15:06.328 7 INFO placement.requestlog [None req-de807f94-9dad-4a6c-a540-b5bc16564c61 - - - - - -] 10.0.0.67 "GET /" status: 200 len: 136 microversion: 1.0
2026-07-17 19:15:06.609 8 INFO placement.requestlog [req-eb84a421-aed3-4a85-abdc-e4c0688ed39d req-142d7011-484d-4402-be34-cf672b67221d 8794e72e2a68483199343ba9b7331031 e14780d1d8f04fd9bba5950719263f62 - - 96aeebb66a3a4759b05d5a9a7dc7cb76 96aeebb66a3a4759b05d5a9a7dc7cb76] 199.204.45.238 "GET /resource_providers/f194c547-9301-4802-9499-229942479758/allocations" status: 200 len: 338 microversion: 1.0 [pid: 8|app: 0|req: 310/618] 199.204.45.238 () {32 vars in 857 bytes} [Fri Jul 17 19:15:06 2026] GET /resource_providers/f194c547-9301-4802-9499-229942479758/allocations => generated 338 bytes in 19 msecs (HTTP/1.1 200) 6 headers in 224 bytes (1 switches on core 0)
2026-07-17 19:15:06.632 7 INFO placement.requestlog [req-eb84a421-aed3-4a85-abdc-e4c0688ed39d req-69807ce1-0061-4dd0-beb6-558461626b06 8794e72e2a68483199343ba9b7331031 e14780d1d8f04fd9bba5950719263f62 - - 96aeebb66a3a4759b05d5a9a7dc7cb76 96aeebb66a3a4759b05d5a9a7dc7cb76] 199.204.45.238 "GET /allocations/f9ad705d-0918-4a84-a605-b8b7c19df565" status: 200 len: 257 microversion: 1.28 [pid: 7|app: 0|req: 309/619] 199.204.45.238 () {34 vars in 863 bytes} [Fri Jul 17 19:15:06 2026] GET /allocations/f9ad705d-0918-4a84-a605-b8b7c19df565 => generated 257 bytes in 17 msecs (HTTP/1.1 200) 8 headers in 296 bytes (1 switches on core 0)
2026-07-17 19:15:06.666 8 INFO placement.requestlog [req-eb84a421-aed3-4a85-abdc-e4c0688ed39d req-f069b4a7-eee0-47ff-8bfd-82a11d3c9c72 8794e72e2a68483199343ba9b7331031 e14780d1d8f04fd9bba5950719263f62 - - 96aeebb66a3a4759b05d5a9a7dc7cb76 96aeebb66a3a4759b05d5a9a7dc7cb76] 199.204.45.238 "GET /allocations/debb62a8-dec2-4aa8-b2d9-fd4725d79e14" status: 200 len: 243 microversion: 1.28 [pid: 8|app: 0|req: 311/620] 199.204.45.238 () {34 vars in 863 bytes} [Fri Jul 17 19:15:06 2026] GET /allocations/debb62a8-dec2-4aa8-b2d9-fd4725d79e14 => generated 243 bytes in 22 msecs (HTTP/1.1 200) 8 headers in 296 bytes (1 switches on core 0)
2026-07-17 19:15:06.687 7 INFO placement.requestlog [req-eb84a421-aed3-4a85-abdc-e4c0688ed39d req-d31bfa05-a2b3-4a48-927b-956f88a5a4e2 8794e72e2a68483199343ba9b7331031 e14780d1d8f04fd9bba5950719263f62 - - 96aeebb66a3a4759b05d5a9a7dc7cb76 96aeebb66a3a4759b05d5a9a7dc7cb76] 199.204.45.238 "GET /allocations/925c0c78-791a-4aad-b3a7-5980bbcdf073" status: 200 len: 257 microversion: 1.28 [pid: 7|app: 0|req: 310/621] 199.204.45.238 () {34 vars in 863 bytes} [Fri Jul 17 19:15:06 2026] GET /allocations/925c0c78-791a-4aad-b3a7-5980bbcdf073 => generated 257 bytes in 16 msecs (HTTP/1.1 200) 8 headers in 296 bytes (1 switches on core 0)
2026-07-17 19:15:06.999 8 INFO placement.requestlog [req-4ac2d94b-1ecc-49f9-81b4-c8182586dc36 req-93956d87-e0a1-47a2-a0ef-88112b6e48b8 8794e72e2a68483199343ba9b7331031 e14780d1d8f04fd9bba5950719263f62 - - 96aeebb66a3a4759b05d5a9a7dc7cb76 96aeebb66a3a4759b05d5a9a7dc7cb76] 10.0.0.122 "GET /allocation_candidates?limit=1000&resources=DISK_GB%3A1%2CMEMORY_MB%3A512%2CVCPU%3A1&root_required=%21COMPUTE_STATUS_DISABLED" status: 200 len: 2445 microversion: 1.36 [pid: 8|app: 0|req: 312/622] 10.0.0.122 () {34 vars in 1012 bytes} [Fri Jul 17 19:15:06 2026] GET /allocation_candidates?limit=1000&resources=DISK_GB%3A1%2CMEMORY_MB%3A512%2CVCPU%3A1&root_required=%21COMPUTE_STATUS_DISABLED => generated 2445 bytes in 48 msecs (HTTP/1.1 200) 8 headers in 297 bytes (1 switches on core 0)
2026-07-17 19:15:07.027 7 INFO placement.requestlog [req-4ac2d94b-1ecc-49f9-81b4-c8182586dc36 req-d32c0150-4929-46ac-b690-b2cd6e559be9 8794e72e2a68483199343ba9b7331031 e14780d1d8f04fd9bba5950719263f62 - - 96aeebb66a3a4759b05d5a9a7dc7cb76 96aeebb66a3a4759b05d5a9a7dc7cb76] 10.0.0.122 "GET /allocations/6cc37890-9df2-44cb-89df-fa210996b828" status: 200 len: 19 microversion: 1.28 [pid: 7|app: 0|req: 311/623] 10.0.0.122 () {34 vars in 861 bytes} [Fri Jul 17 19:15:07 2026] GET /allocations/6cc37890-9df2-44cb-89df-fa210996b828 => generated 19 bytes in 15 msecs (HTTP/1.1 200) 8 headers in 295 bytes (1 switches on core 0)
2026-07-17 19:15:07.091 8 INFO placement.requestlog [req-4ac2d94b-1ecc-49f9-81b4-c8182586dc36 req-8e1aace4-2d87-4d5a-ba62-1dfecc1599d9 8794e72e2a68483199343ba9b7331031 e14780d1d8f04fd9bba5950719263f62 - - 96aeebb66a3a4759b05d5a9a7dc7cb76 96aeebb66a3a4759b05d5a9a7dc7cb76] 10.0.0.122 "PUT /allocations/6cc37890-9df2-44cb-89df-fa210996b828" status: 204 len: 0 microversion: 1.36 [pid: 8|app: 0|req: 313/624] 10.0.0.122 () {38 vars in 914 bytes} [Fri Jul 17 19:15:07 2026] PUT /allocations/6cc37890-9df2-44cb-89df-fa210996b828 => generated 0 bytes in 57 msecs (HTTP/1.1 204) 5 headers in 199 bytes (1 switches on core 0)
2026-07-17 19:15:08.570 7 INFO placement.requestlog [req-4ac2d94b-1ecc-49f9-81b4-c8182586dc36 req-b386b2bd-b608-43a7-bacd-fa9f233d5c60 8794e72e2a68483199343ba9b7331031 e14780d1d8f04fd9bba5950719263f62 - - 96aeebb66a3a4759b05d5a9a7dc7cb76 96aeebb66a3a4759b05d5a9a7dc7cb76] 199.204.45.238 "GET /allocations/6cc37890-9df2-44cb-89df-fa210996b828" status: 200 len: 257 microversion: 1.28 [pid: 7|app: 0|req: 312/625] 199.204.45.238 () {34 vars in 863 bytes} [Fri Jul 17 19:15:08 2026] GET /allocations/6cc37890-9df2-44cb-89df-fa210996b828 => generated 257 bytes in 15 msecs (HTTP/1.1 200) 8 headers in 296 bytes (1 switches on core 0)
2026-07-17 19:15:09.629 8 INFO placement.requestlog [req-4ac2d94b-1ecc-49f9-81b4-c8182586dc36 req-e610d2fa-1947-4a39-9ab8-52fd13b265f2 8794e72e2a68483199343ba9b7331031 e14780d1d8f04fd9bba5950719263f62 - - 96aeebb66a3a4759b05d5a9a7dc7cb76 96aeebb66a3a4759b05d5a9a7dc7cb76] 199.204.45.238 "GET /resource_providers/f194c547-9301-4802-9499-229942479758/allocations" status: 200 len: 438 microversion: 1.0 [pid: 8|app: 0|req: 314/626] 199.204.45.238 () {32 vars in 857 bytes} [Fri Jul 17 19:15:09 2026] GET /resource_providers/f194c547-9301-4802-9499-229942479758/allocations => generated 438 bytes in 28 msecs (HTTP/1.1 200) 6 headers in 224 bytes (1 switches on core 0)
2026-07-17 19:15:09.652 7 INFO placement.requestlog [req-4ac2d94b-1ecc-49f9-81b4-c8182586dc36 req-73456eb5-130e-47f6-b12a-ab98d72c78fc 8794e72e2a68483199343ba9b7331031 e14780d1d8f04fd9bba5950719263f62 - - 96aeebb66a3a4759b05d5a9a7dc7cb76 96aeebb66a3a4759b05d5a9a7dc7cb76] 199.204.45.238 "GET /allocations/f9ad705d-0918-4a84-a605-b8b7c19df565" status: 200 len: 257 microversion: 1.28 [pid: 7|app: 0|req: 313/627] 199.204.45.238 () {34 vars in 863 bytes} [Fri Jul 17 19:15:09 2026] GET /allocations/f9ad705d-0918-4a84-a605-b8b7c19df565 => generated 257 bytes in 16 msecs (HTTP/1.1 200) 8 headers in 296 bytes (1 switches on core 0)
2026-07-17 19:15:09.676 8 INFO placement.requestlog [req-4ac2d94b-1ecc-49f9-81b4-c8182586dc36 req-ae72b60c-f6b1-48e7-9ea3-70b474389b3e 8794e72e2a68483199343ba9b7331031 e14780d1d8f04fd9bba5950719263f62 - - 96aeebb66a3a4759b05d5a9a7dc7cb76 96aeebb66a3a4759b05d5a9a7dc7cb76] 199.204.45.238 "GET /allocations/debb62a8-dec2-4aa8-b2d9-fd4725d79e14" status: 200 len: 243 microversion: 1.28 [pid: 8|app: 0|req: 315/628] 199.204.45.238 () {34 vars in 863 bytes} [Fri Jul 17 19:15:09 2026] GET /allocations/debb62a8-dec2-4aa8-b2d9-fd4725d79e14 => generated 243 bytes in 16 msecs (HTTP/1.1 200) 8 headers in 296 bytes (1 switches on core 0)
2026-07-17 19:15:09.697 7 INFO placement.requestlog [req-4ac2d94b-1ecc-49f9-81b4-c8182586dc36 req-b1c1cb59-cd09-4871-ae1c-fb8db239c2e3 8794e72e2a68483199343ba9b7331031 e14780d1d8f04fd9bba5950719263f62 - - 96aeebb66a3a4759b05d5a9a7dc7cb76 96aeebb66a3a4759b05d5a9a7dc7cb76] 199.204.45.238 "GET /allocations/6cc37890-9df2-44cb-89df-fa210996b828" status: 200 len: 257 microversion: 1.28 [pid: 7|app: 0|req: 314/629] 199.204.45.238 () {34 vars in 863 bytes} [Fri Jul 17 19:15:09 2026] GET /allocations/6cc37890-9df2-44cb-89df-fa210996b828 => generated 257 bytes in 15 msecs (HTTP/1.1 200) 8 headers in 296 bytes (1 switches on core 0)
2026-07-17 19:15:09.714 8 INFO placement.requestlog [req-4ac2d94b-1ecc-49f9-81b4-c8182586dc36 req-beed5088-c1db-436e-ba8c-e4bb62967110 8794e72e2a68483199343ba9b7331031 e14780d1d8f04fd9bba5950719263f62 - - 96aeebb66a3a4759b05d5a9a7dc7cb76 96aeebb66a3a4759b05d5a9a7dc7cb76] 199.204.45.238 "GET /allocations/925c0c78-791a-4aad-b3a7-5980bbcdf073" status: 200 len: 257 microversion: 1.28 [pid: 8|app: 0|req: 316/630] 199.204.45.238 () {34 vars in 863 bytes} [Fri Jul 17 19:15:09 2026] GET /allocations/925c0c78-791a-4aad-b3a7-5980bbcdf073 => generated 257 bytes in 8 msecs (HTTP/1.1 200) 8 headers in 296 bytes (1 switches on core 0)
2026-07-17 19:15:16.326 7 INFO placement.requestlog [None req-16be9892-3968-409b-91ba-cab8005e4085 - - - - - -] 10.0.0.67 "GET /" status: 200 len: 136 microversion: 1.0
2026-07-17 19:15:16.326 8 INFO placement.requestlog [None req-f6bb3df6-3013-4123-9f35-d3499e51a5ff - - - - - -] 10.0.0.67 "GET /" status: 200 len: 136 microversion: 1.0
2026-07-17 19:15:21.091 7 INFO placement.requestlog [req-4138c863-33f7-4289-beba-d5232e139156 req-04b777b4-40a1-44f9-a189-90b65cec8ee4 8794e72e2a68483199343ba9b7331031 e14780d1d8f04fd9bba5950719263f62 - - 96aeebb66a3a4759b05d5a9a7dc7cb76 96aeebb66a3a4759b05d5a9a7dc7cb76] 199.204.45.238 "GET /resource_providers/f194c547-9301-4802-9499-229942479758/allocations" status: 200 len: 438 microversion: 1.0 [pid: 7|app: 0|req: 316/633] 199.204.45.238 () {32 vars in 857 bytes} [Fri Jul 17 19:15:21 2026] GET /resource_providers/f194c547-9301-4802-9499-229942479758/allocations => generated 438 bytes in 14 msecs (HTTP/1.1 200) 6 headers in 224 bytes (1 switches on core 0)
2026-07-17 19:15:21.115 8 INFO placement.requestlog [req-4138c863-33f7-4289-beba-d5232e139156 req-158d175c-d93e-4750-a718-9964113cf424 8794e72e2a68483199343ba9b7331031 e14780d1d8f04fd9bba5950719263f62 - - 96aeebb66a3a4759b05d5a9a7dc7cb76 96aeebb66a3a4759b05d5a9a7dc7cb76] 199.204.45.238 "GET /allocations/f9ad705d-0918-4a84-a605-b8b7c19df565" status: 200 len: 257 microversion: 1.28 [pid: 8|app: 0|req: 318/634] 199.204.45.238 () {34 vars in 863 bytes} [Fri Jul 17 19:15:21 2026] GET /allocations/f9ad705d-0918-4a84-a605-b8b7c19df565 => generated 257 bytes in 18 msecs (HTTP/1.1 200) 8 headers in 296 bytes (1 switches on core 0)
2026-07-17 19:15:21.133 7 INFO placement.requestlog [req-4138c863-33f7-4289-beba-d5232e139156 req-048badf8-ccce-4ecc-b3f6-7951f061848d 8794e72e2a68483199343ba9b7331031 e14780d1d8f04fd9bba5950719263f62 - - 96aeebb66a3a4759b05d5a9a7dc7cb76 96aeebb66a3a4759b05d5a9a7dc7cb76] 199.204.45.238 "GET /allocations/debb62a8-dec2-4aa8-b2d9-fd4725d79e14" status: 200 len: 243 microversion: 1.28 [pid: 7|app: 0|req: 317/635] 199.204.45.238 () {34 vars in 863 bytes} [Fri Jul 17 19:15:21 2026] GET /allocations/debb62a8-dec2-4aa8-b2d9-fd4725d79e14 => generated 243 bytes in 10 msecs (HTTP/1.1 200) 8 headers in 296 bytes (1 switches on core 0)
2026-07-17 19:15:21.152 8 INFO placement.requestlog [req-4138c863-33f7-4289-beba-d5232e139156 req-b509ab66-804d-4d84-85b5-9665a0c57611 8794e72e2a68483199343ba9b7331031 e14780d1d8f04fd9bba5950719263f62 - - 96aeebb66a3a4759b05d5a9a7dc7cb76 96aeebb66a3a4759b05d5a9a7dc7cb76] 199.204.45.238 "GET /allocations/6cc37890-9df2-44cb-89df-fa210996b828" status: 200 len: 257 microversion: 1.28 [pid: 8|app: 0|req: 319/636] 199.204.45.238 () {34 vars in 863 bytes} [Fri Jul 17 19:15:21 2026] GET /allocations/6cc37890-9df2-44cb-89df-fa210996b828 => generated 257 bytes in 12 msecs (HTTP/1.1 200) 8 headers in 296 bytes (1 switches on core 0)
2026-07-17 19:15:21.169 7 INFO placement.requestlog [req-4138c863-33f7-4289-beba-d5232e139156 req-da0b4d25-18a7-45d7-932d-bdffc859e5a9 8794e72e2a68483199343ba9b7331031 e14780d1d8f04fd9bba5950719263f62 - - 96aeebb66a3a4759b05d5a9a7dc7cb76 96aeebb66a3a4759b05d5a9a7dc7cb76] 199.204.45.238 "GET /allocations/925c0c78-791a-4aad-b3a7-5980bbcdf073" status: 200 len: 257 microversion: 1.28 [pid: 7|app: 0|req: 318/637] 199.204.45.238 () {34 vars in 863 bytes} [Fri Jul 17 19:15:21 2026] GET /allocations/925c0c78-791a-4aad-b3a7-5980bbcdf073 => generated 257 bytes in 11 msecs (HTTP/1.1 200) 8 headers in 296 bytes (1 switches on core 0)
2026-07-17 19:15:22.210 7 INFO placement.requestlog [req-84facc47-69e9-45f7-93ee-a4d9e75e3fa2 req-c4a3b4eb-518a-469e-873a-f9c0bde83069 8794e72e2a68483199343ba9b7331031 e14780d1d8f04fd9bba5950719263f62 - - 96aeebb66a3a4759b05d5a9a7dc7cb76 96aeebb66a3a4759b05d5a9a7dc7cb76] 199.204.45.238 "GET /resource_providers/f194c547-9301-4802-9499-229942479758/allocations" status: 200 len: 352 microversion: 1.0 [pid: 7|app: 0|req: 319/638] 199.204.45.238 () {32 vars in 857 bytes} [Fri Jul 17 19:15:22 2026] GET /resource_providers/f194c547-9301-4802-9499-229942479758/allocations => generated 352 bytes in 14 msecs (HTTP/1.1 200) 6 headers in 224 bytes (1 switches on core 0)
2026-07-17 19:15:22.217 8 INFO placement.requestlog [req-4138c863-33f7-4289-beba-d5232e139156 req-e73cc89a-9873-41ea-8848-86f0015216f7 8794e72e2a68483199343ba9b7331031 e14780d1d8f04fd9bba5950719263f62 - - 96aeebb66a3a4759b05d5a9a7dc7cb76 96aeebb66a3a4759b05d5a9a7dc7cb76] 199.204.45.238 "DELETE /allocations/debb62a8-dec2-4aa8-b2d9-fd4725d79e14" status: 204 len: 0 microversion: 1.0 [pid: 8|app: 0|req: 320/639] 199.204.45.238 () {34 vars in 841 bytes} [Fri Jul 17 19:15:22 2026] DELETE /allocations/debb62a8-dec2-4aa8-b2d9-fd4725d79e14 => generated 0 bytes in 29 msecs (HTTP/1.1 204) 5 headers in 198 bytes (1 switches on core 0)
2026-07-17 19:15:22.228 7 INFO placement.requestlog [req-84facc47-69e9-45f7-93ee-a4d9e75e3fa2 req-a70f0b5f-9dbe-4ad8-8952-8a5deb5a25de 8794e72e2a68483199343ba9b7331031 e14780d1d8f04fd9bba5950719263f62 - - 96aeebb66a3a4759b05d5a9a7dc7cb76 96aeebb66a3a4759b05d5a9a7dc7cb76] 199.204.45.238 "GET /allocations/f9ad705d-0918-4a84-a605-b8b7c19df565" status: 200 len: 257 microversion: 1.28 [pid: 7|app: 0|req: 320/640] 199.204.45.238 () {34 vars in 863 bytes} [Fri Jul 17 19:15:22 2026] GET /allocations/f9ad705d-0918-4a84-a605-b8b7c19df565 => generated 257 bytes in 11 msecs (HTTP/1.1 200) 8 headers in 296 bytes (1 switches on core 0)
2026-07-17 19:15:22.249 8 INFO placement.requestlog [req-84facc47-69e9-45f7-93ee-a4d9e75e3fa2 req-8ff1d4f8-87d0-4321-8d6a-d6c0d1738a3d 8794e72e2a68483199343ba9b7331031 e14780d1d8f04fd9bba5950719263f62 - - 96aeebb66a3a4759b05d5a9a7dc7cb76 96aeebb66a3a4759b05d5a9a7dc7cb76] 199.204.45.238 "GET /allocations/6cc37890-9df2-44cb-89df-fa210996b828" status: 200 len: 257 microversion: 1.28 [pid: 8|app: 0|req: 321/641] 199.204.45.238 () {34 vars in 863 bytes} [Fri Jul 17 19:15:22 2026] GET /allocations/6cc37890-9df2-44cb-89df-fa210996b828 => generated 257 bytes in 14 msecs (HTTP/1.1 200) 8 headers in 296 bytes (1 switches on core 0)
2026-07-17 19:15:22.267 7 INFO placement.requestlog [req-84facc47-69e9-45f7-93ee-a4d9e75e3fa2 req-90c8d3f1-a8d8-4929-bc9e-8c0c17fbc975 8794e72e2a68483199343ba9b7331031 e14780d1d8f04fd9bba5950719263f62 - - 96aeebb66a3a4759b05d5a9a7dc7cb76 96aeebb66a3a4759b05d5a9a7dc7cb76] 199.204.45.238 "GET /allocations/925c0c78-791a-4aad-b3a7-5980bbcdf073" status: 200 len: 257 microversion: 1.28 [pid: 7|app: 0|req: 321/642] 199.204.45.238 () {34 vars in 863 bytes} [Fri Jul 17 19:15:22 2026] GET /allocations/925c0c78-791a-4aad-b3a7-5980bbcdf073 => generated 257 bytes in 12 msecs (HTTP/1.1 200) 8 headers in 296 bytes (1 switches on core 0)
2026-07-17 19:15:23.325 8 INFO placement.requestlog [req-84facc47-69e9-45f7-93ee-a4d9e75e3fa2 req-deec6021-610f-42fa-8cc2-e38213ab6be2 8794e72e2a68483199343ba9b7331031 e14780d1d8f04fd9bba5950719263f62 - - 96aeebb66a3a4759b05d5a9a7dc7cb76 96aeebb66a3a4759b05d5a9a7dc7cb76] 199.204.45.238 "DELETE /allocations/f9ad705d-0918-4a84-a605-b8b7c19df565" status: 204 len: 0 microversion: 1.0 [pid: 8|app: 0|req: 322/643] 199.204.45.238 () {34 vars in 841 bytes} [Fri Jul 17 19:15:23 2026] DELETE /allocations/f9ad705d-0918-4a84-a605-b8b7c19df565 => generated 0 bytes in 28 msecs (HTTP/1.1 204) 5 headers in 198 bytes (1 switches on core 0)
2026-07-17 19:15:25.593 7 INFO placement.requestlog [None req-e38cd36f-d564-468f-806a-833b2deb2db5 7404b66e8d72428ba0b2375c6a90fd76 e14780d1d8f04fd9bba5950719263f62 - - 96aeebb66a3a4759b05d5a9a7dc7cb76 96aeebb66a3a4759b05d5a9a7dc7cb76] 10.0.0.251 "GET /resource_providers/16a43068-5790-4229-b504-2015e32a0cf3/aggregates" status: 404 len: 235 microversion: 1.1 [pid: 7|app: 0|req: 322/644] 10.0.0.251 () {32 vars in 816 bytes} [Fri Jul 17 19:15:25 2026] GET /resource_providers/16a43068-5790-4229-b504-2015e32a0cf3/aggregates => generated 235 bytes in 12 msecs (HTTP/1.1 404) 5 headers in 202 bytes (1 switches on core 0)
2026-07-17 19:15:25.604 8 INFO placement.requestlog [None req-e4845ab2-b990-4ba6-9e31-7ac477f0edb9 7404b66e8d72428ba0b2375c6a90fd76 e14780d1d8f04fd9bba5950719263f62 - - 96aeebb66a3a4759b05d5a9a7dc7cb76 96aeebb66a3a4759b05d5a9a7dc7cb76] 10.0.0.251 "GET /resource_providers/16a43068-5790-4229-b504-2015e32a0cf3/aggregates" status: 404 len: 235 microversion: 1.1 [pid: 8|app: 0|req: 323/645] 10.0.0.251 () {32 vars in 816 bytes} [Fri Jul 17 19:15:25 2026] GET /resource_providers/16a43068-5790-4229-b504-2015e32a0cf3/aggregates => generated 235 bytes in 14 msecs (HTTP/1.1 404) 5 headers in 202 bytes (1 switches on core 0)
2026-07-17 19:15:25.638 7 INFO placement.requestlog [None req-f5084e68-64e7-4174-9bf2-0d902184238e 7404b66e8d72428ba0b2375c6a90fd76 e14780d1d8f04fd9bba5950719263f62 - - 96aeebb66a3a4759b05d5a9a7dc7cb76 96aeebb66a3a4759b05d5a9a7dc7cb76] 10.0.0.251 "DELETE /resource_providers/16a43068-5790-4229-b504-2015e32a0cf3" status: 404 len: 246 microversion: 1.1 [pid: 7|app: 0|req: 323/646] 10.0.0.251 () {34 vars in 816 bytes} [Fri Jul 17 19:15:25 2026] DELETE /resource_providers/16a43068-5790-4229-b504-2015e32a0cf3 => generated 246 bytes in 12 msecs (HTTP/1.1 404) 6 headers in 231 bytes (1 switches on core 0)
2026-07-17 19:15:25.640 8 INFO placement.requestlog [None req-c630bdea-4adc-4de1-a684-8483cc8a620c 7404b66e8d72428ba0b2375c6a90fd76 e14780d1d8f04fd9bba5950719263f62 - - 96aeebb66a3a4759b05d5a9a7dc7cb76 96aeebb66a3a4759b05d5a9a7dc7cb76] 10.0.0.251 "DELETE /resource_providers/16a43068-5790-4229-b504-2015e32a0cf3" status: 404 len: 246 microversion: 1.1 [pid: 8|app: 0|req: 324/647] 10.0.0.251 () {34 vars in 816 bytes} [Fri Jul 17 19:15:25 2026] DELETE /resource_providers/16a43068-5790-4229-b504-2015e32a0cf3 => generated 246 bytes in 14 msecs (HTTP/1.1 404) 6 headers in 231 bytes (1 switches on core 0)
2026-07-17 19:15:26.325 8 INFO placement.requestlog [None req-74768508-fcee-440c-8175-44799866f95a - - - - - -] 10.0.0.67 "GET /" status: 200 len: 136 microversion: 1.0
2026-07-17 19:15:26.325 7 INFO placement.requestlog [None req-347f1a33-8475-455c-82c1-9f4d9db84ee7 - - - - - -] 10.0.0.67 "GET /" status: 200 len: 136 microversion: 1.0
2026-07-17 19:15:27.682 8 INFO placement.requestlog [None req-2aa02a19-e33a-4b28-a19d-4edbae1bad6c 7404b66e8d72428ba0b2375c6a90fd76 e14780d1d8f04fd9bba5950719263f62 - - 96aeebb66a3a4759b05d5a9a7dc7cb76 96aeebb66a3a4759b05d5a9a7dc7cb76] 10.0.0.251 "GET /resource_providers/aa360c0d-8b07-4b08-9471-4b071dd0b117/aggregates" status: 404 len: 235 microversion: 1.1 [pid: 8|app: 0|req: 326/650] 10.0.0.251 () {32 vars in 816 bytes} [Fri Jul 17 19:15:27 2026] GET /resource_providers/aa360c0d-8b07-4b08-9471-4b071dd0b117/aggregates => generated 235 bytes in 23 msecs (HTTP/1.1 404) 5 headers in 202 bytes (1 switches on core 0)
2026-07-17 19:15:27.685 7 INFO placement.requestlog [None req-967cc8df-7c0d-4d6b-b8a5-f7fb860cd688 7404b66e8d72428ba0b2375c6a90fd76 e14780d1d8f04fd9bba5950719263f62 - - 96aeebb66a3a4759b05d5a9a7dc7cb76 96aeebb66a3a4759b05d5a9a7dc7cb76] 10.0.0.251 "GET /resource_providers/aa360c0d-8b07-4b08-9471-4b071dd0b117/aggregates" status: 404 len: 235 microversion: 1.1 [pid: 7|app: 0|req: 325/651] 10.0.0.251 () {32 vars in 816 bytes} [Fri Jul 17 19:15:27 2026] GET /resource_providers/aa360c0d-8b07-4b08-9471-4b071dd0b117/aggregates => generated 235 bytes in 15 msecs (HTTP/1.1 404) 5 headers in 202 bytes (1 switches on core 0)
2026-07-17 19:15:27.706 8 INFO placement.requestlog [None req-8cd10560-a025-4408-8dd0-0f77fd5dae7a 7404b66e8d72428ba0b2375c6a90fd76 e14780d1d8f04fd9bba5950719263f62 - - 96aeebb66a3a4759b05d5a9a7dc7cb76 96aeebb66a3a4759b05d5a9a7dc7cb76] 10.0.0.251 "DELETE /resource_providers/aa360c0d-8b07-4b08-9471-4b071dd0b117" status: 404 len: 246 microversion: 1.1 [pid: 8|app: 0|req: 327/652] 10.0.0.251 () {34 vars in 816 bytes} [Fri Jul 17 19:15:27 2026] DELETE /resource_providers/aa360c0d-8b07-4b08-9471-4b071dd0b117 => generated 246 bytes in 10 msecs (HTTP/1.1 404) 6 headers in 231 bytes (1 switches on core 0)
2026-07-17 19:15:27.718 7 INFO placement.requestlog [None req-8428c427-95f9-4872-8aab-c23746cc3276 7404b66e8d72428ba0b2375c6a90fd76 e14780d1d8f04fd9bba5950719263f62 - - 96aeebb66a3a4759b05d5a9a7dc7cb76 96aeebb66a3a4759b05d5a9a7dc7cb76] 10.0.0.251 "DELETE /resource_providers/aa360c0d-8b07-4b08-9471-4b071dd0b117" status: 404 len: 246 microversion: 1.1 [pid: 7|app: 0|req: 326/653] 10.0.0.251 () {34 vars in 816 bytes} [Fri Jul 17 19:15:27 2026] DELETE /resource_providers/aa360c0d-8b07-4b08-9471-4b071dd0b117 => generated 246 bytes in 13 msecs (HTTP/1.1 404) 6 headers in 231 bytes (1 switches on core 0)
2026-07-17 19:15:36.325 8 INFO placement.requestlog [None req-2d4544e0-283c-4a2b-a22a-aa72ada90b2a - - - - - -] 10.0.0.67 "GET /" status: 200 len: 136 microversion: 1.0
2026-07-17 19:15:36.325 7 INFO placement.requestlog [None req-a9452189-8470-428a-82cf-b92f8687de79 - - - - - -] 10.0.0.67 "GET /" status: 200 len: 136 microversion: 1.0
2026-07-17 19:15:37.048 8 INFO placement.requestlog [req-fd3682b1-b900-4a9d-8140-348c887ee4c8 req-2e06ff6e-afa3-451e-9351-cbd8bec290f3 8794e72e2a68483199343ba9b7331031 e14780d1d8f04fd9bba5950719263f62 - - 96aeebb66a3a4759b05d5a9a7dc7cb76 96aeebb66a3a4759b05d5a9a7dc7cb76] 10.0.0.122 "GET /allocation_candidates?limit=1000&resources=DISK_GB%3A1%2CMEMORY_MB%3A512%2CVCPU%3A1&root_required=%21COMPUTE_STATUS_DISABLED" status: 200 len: 2445 microversion: 1.36 [pid: 8|app: 0|req: 329/656] 10.0.0.122 () {34 vars in 1012 bytes} [Fri Jul 17 19:15:36 2026] GET /allocation_candidates?limit=1000&resources=DISK_GB%3A1%2CMEMORY_MB%3A512%2CVCPU%3A1&root_required=%21COMPUTE_STATUS_DISABLED => generated 2445 bytes in 67 msecs (HTTP/1.1 200) 8 headers in 297 bytes (1 switches on core 0)
2026-07-17 19:15:37.083 7 INFO placement.requestlog [req-fd3682b1-b900-4a9d-8140-348c887ee4c8 req-093d3edd-b39f-4766-8e44-69a53758845b 8794e72e2a68483199343ba9b7331031 e14780d1d8f04fd9bba5950719263f62 - - 96aeebb66a3a4759b05d5a9a7dc7cb76 96aeebb66a3a4759b05d5a9a7dc7cb76] 10.0.0.122 "GET /allocations/2aa0be8a-1167-4991-9fa8-9d7e4762ebfc" status: 200 len: 19 microversion: 1.28 [pid: 7|app: 0|req: 328/657] 10.0.0.122 () {34 vars in 861 bytes} [Fri Jul 17 19:15:37 2026] GET /allocations/2aa0be8a-1167-4991-9fa8-9d7e4762ebfc => generated 19 bytes in 11 msecs (HTTP/1.1 200) 8 headers in 295 bytes (1 switches on core 0)
2026-07-17 19:15:37.167 8 INFO placement.requestlog [req-fd3682b1-b900-4a9d-8140-348c887ee4c8 req-83753918-b8ed-4920-9dc2-976f9fa84eb7 8794e72e2a68483199343ba9b7331031 e14780d1d8f04fd9bba5950719263f62 - - 96aeebb66a3a4759b05d5a9a7dc7cb76 96aeebb66a3a4759b05d5a9a7dc7cb76] 10.0.0.122 "PUT /allocations/2aa0be8a-1167-4991-9fa8-9d7e4762ebfc" status: 204 len: 0 microversion: 1.36 [pid: 8|app: 0|req: 330/658] 10.0.0.122 () {38 vars in 914 bytes} [Fri Jul 17 19:15:37 2026] PUT /allocations/2aa0be8a-1167-4991-9fa8-9d7e4762ebfc => generated 0 bytes in 80 msecs (HTTP/1.1 204) 5 headers in 199 bytes (1 switches on core 0)
2026-07-17 19:15:38.669 7 INFO placement.requestlog [req-fd3682b1-b900-4a9d-8140-348c887ee4c8 req-20fab9b9-20a2-43b6-b125-9a3e2eadea97 8794e72e2a68483199343ba9b7331031 e14780d1d8f04fd9bba5950719263f62 - - 96aeebb66a3a4759b05d5a9a7dc7cb76 96aeebb66a3a4759b05d5a9a7dc7cb76] 199.204.45.238 "GET /allocations/2aa0be8a-1167-4991-9fa8-9d7e4762ebfc" status: 200 len: 257 microversion: 1.28 [pid: 7|app: 0|req: 329/659] 199.204.45.238 () {34 vars in 863 bytes} [Fri Jul 17 19:15:38 2026] GET /allocations/2aa0be8a-1167-4991-9fa8-9d7e4762ebfc => generated 257 bytes in 17 msecs (HTTP/1.1 200) 8 headers in 296 bytes (1 switches on core 0)
2026-07-17 19:15:39.708 8 INFO placement.requestlog [req-fd3682b1-b900-4a9d-8140-348c887ee4c8 req-fa01139f-c1bc-4030-9b79-b6763a387737 8794e72e2a68483199343ba9b7331031 e14780d1d8f04fd9bba5950719263f62 - - 96aeebb66a3a4759b05d5a9a7dc7cb76 96aeebb66a3a4759b05d5a9a7dc7cb76] 199.204.45.238 "GET /resource_providers/f194c547-9301-4802-9499-229942479758/allocations" status: 200 len: 352 microversion: 1.0 [pid: 8|app: 0|req: 331/660] 199.204.45.238 () {32 vars in 857 bytes} [Fri Jul 17 19:15:39 2026] GET /resource_providers/f194c547-9301-4802-9499-229942479758/allocations => generated 352 bytes in 15 msecs (HTTP/1.1 200) 6 headers in 224 bytes (1 switches on core 0)
2026-07-17 19:15:39.729 7 INFO placement.requestlog [req-fd3682b1-b900-4a9d-8140-348c887ee4c8 req-fc251ed5-7e4d-49d4-8f58-890661d3c9ab 8794e72e2a68483199343ba9b7331031 e14780d1d8f04fd9bba5950719263f62 - - 96aeebb66a3a4759b05d5a9a7dc7cb76 96aeebb66a3a4759b05d5a9a7dc7cb76] 199.204.45.238 "GET /allocations/2aa0be8a-1167-4991-9fa8-9d7e4762ebfc" status: 200 len: 257 microversion: 1.28 [pid: 7|app: 0|req: 330/661] 199.204.45.238 () {34 vars in 863 bytes} [Fri Jul 17 19:15:39 2026] GET /allocations/2aa0be8a-1167-4991-9fa8-9d7e4762ebfc => generated 257 bytes in 15 msecs (HTTP/1.1 200) 8 headers in 296 bytes (1 switches on core 0)
2026-07-17 19:15:39.755 8 INFO placement.requestlog [req-fd3682b1-b900-4a9d-8140-348c887ee4c8 req-6e917849-13b3-465a-9db1-4c4355430bce 8794e72e2a68483199343ba9b7331031 e14780d1d8f04fd9bba5950719263f62 - - 96aeebb66a3a4759b05d5a9a7dc7cb76 96aeebb66a3a4759b05d5a9a7dc7cb76] 199.204.45.238 "GET /allocations/6cc37890-9df2-44cb-89df-fa210996b828" status: 200 len: 257 microversion: 1.28 [pid: 8|app: 0|req: 332/662] 199.204.45.238 () {34 vars in 863 bytes} [Fri Jul 17 19:15:39 2026] GET /allocations/6cc37890-9df2-44cb-89df-fa210996b828 => generated 257 bytes in 20 msecs (HTTP/1.1 200) 8 headers in 296 bytes (1 switches on core 0)
2026-07-17 19:15:39.778 7 INFO placement.requestlog [req-fd3682b1-b900-4a9d-8140-348c887ee4c8 req-82093e4d-fd7b-4b48-9002-0b30b7069d05 8794e72e2a68483199343ba9b7331031 e14780d1d8f04fd9bba5950719263f62 - - 96aeebb66a3a4759b05d5a9a7dc7cb76 96aeebb66a3a4759b05d5a9a7dc7cb76] 199.204.45.238 "GET /allocations/925c0c78-791a-4aad-b3a7-5980bbcdf073" status: 200 len: 257 microversion: 1.28 [pid: 7|app: 0|req: 331/663] 199.204.45.238 () {34 vars in 863 bytes} [Fri Jul 17 19:15:39 2026] GET /allocations/925c0c78-791a-4aad-b3a7-5980bbcdf073 => generated 257 bytes in 16 msecs (HTTP/1.1 200) 8 headers in 296 bytes (1 switches on core 0)
2026-07-17 19:15:42.328 8 INFO placement.requestlog [req-10ec8d1e-e75d-4aec-b793-afa94f50fe33 req-830e6205-a641-4f57-a1bf-cdd9536089e4 8794e72e2a68483199343ba9b7331031 e14780d1d8f04fd9bba5950719263f62 - - 96aeebb66a3a4759b05d5a9a7dc7cb76 96aeebb66a3a4759b05d5a9a7dc7cb76] 199.204.45.238 "GET /resource_providers/f194c547-9301-4802-9499-229942479758/allocations" status: 200 len: 352 microversion: 1.0 [pid: 8|app: 0|req: 333/664] 199.204.45.238 () {32 vars in 857 bytes} [Fri Jul 17 19:15:42 2026] GET /resource_providers/f194c547-9301-4802-9499-229942479758/allocations => generated 352 bytes in 17 msecs (HTTP/1.1 200) 6 headers in 224 bytes (1 switches on core 0)
2026-07-17 19:15:42.342 7 INFO placement.requestlog [req-10ec8d1e-e75d-4aec-b793-afa94f50fe33 req-b3893db1-e408-4936-8ade-5fd96e684636 8794e72e2a68483199343ba9b7331031 e14780d1d8f04fd9bba5950719263f62 - - 96aeebb66a3a4759b05d5a9a7dc7cb76 96aeebb66a3a4759b05d5a9a7dc7cb76] 199.204.45.238 "GET /allocations/2aa0be8a-1167-4991-9fa8-9d7e4762ebfc" status: 200 len: 257 microversion: 1.28 [pid: 7|app: 0|req: 332/665] 199.204.45.238 () {34 vars in 863 bytes} [Fri Jul 17 19:15:42 2026] GET /allocations/2aa0be8a-1167-4991-9fa8-9d7e4762ebfc => generated 257 bytes in 9 msecs (HTTP/1.1 200) 8 headers in 296 bytes (1 switches on core 0)
2026-07-17 19:15:42.362 8 INFO placement.requestlog [req-10ec8d1e-e75d-4aec-b793-afa94f50fe33 req-549263d5-76e2-490a-a305-06b8a5a49601 8794e72e2a68483199343ba9b7331031 e14780d1d8f04fd9bba5950719263f62 - - 96aeebb66a3a4759b05d5a9a7dc7cb76 96aeebb66a3a4759b05d5a9a7dc7cb76] 199.204.45.238 "GET /allocations/6cc37890-9df2-44cb-89df-fa210996b828" status: 200 len: 257 microversion: 1.28 [pid: 8|app: 0|req: 334/666] 199.204.45.238 () {34 vars in 863 bytes} [Fri Jul 17 19:15:42 2026] GET /allocations/6cc37890-9df2-44cb-89df-fa210996b828 => generated 257 bytes in 14 msecs (HTTP/1.1 200) 8 headers in 296 bytes (1 switches on core 0)
