2026-07-24 06:01:54.005 8 INFO neutron.db.ovn_revision_numbers_db [None req-c404dc60-a26c-4437-b226-63c2ea07eb79 38f05d70c1854f3596da635ce9a53b8a 35dcb5e62c1c40018b66998e38cba264 - - default default] Successfully bumped revision number for resource 3f22ec41-4cdb-405f-b9ae-cd70eb663faa (type: security_group_rules) to 0
2026-07-24 06:01:54.024 8 INFO neutron.db.ovn_revision_numbers_db [None req-c404dc60-a26c-4437-b226-63c2ea07eb79 38f05d70c1854f3596da635ce9a53b8a 35dcb5e62c1c40018b66998e38cba264 - - default default] Successfully bumped revision number for resource f9e5acf1-cb8c-41d6-9484-0f9d9bfb27d5 (type: security_group_rules) to 0
2026-07-24 06:01:54.060 7 INFO neutron.db.ovn_revision_numbers_db [req-2b57f1cd-1c95-41c2-b555-f1ebab23c80b req-d3c8f31d-d350-4e98-82d0-7093f75eae7a f781ba8d1e8246a09c1c5c9a580b18d1 41f2faf350694be39f8b571698f5a5d9 - - bdc494fafa864720bcea23bf086c8ae2 bdc494fafa864720bcea23bf086c8ae2] Successfully bumped revision number for resource cbdfae5a-957d-4538-a968-a4a1530080d4 (type: ports) to 4 [pid: 7|app: 0|req: 663/1276] 199.19.213.119 () {38 vars in 1028 bytes} [Fri Jul 24 06:01:53 2026] PUT /v2.0/ports/cbdfae5a-957d-4538-a968-a4a1530080d4 => generated 1208 bytes in 649 msecs (HTTP/1.1 200) 4 headers in 158 bytes (1 switches on core 0)
2026-07-24 06:01:54.120 7 INFO neutron.notifiers.nova [-] Nova event matching ['req-8446c3ed-2e96-43db-abce-cb6f62d5a4bb'] response: {'name': 'network-changed', 'server_uuid': '608c02b9-765b-41f7-ad74-b88c2d792dc0', 'tag': 'cbdfae5a-957d-4538-a968-a4a1530080d4', 'status': 'completed', 'code': 200}
2026-07-24 06:01:54.121 8 INFO neutron.db.segments_db [None req-c404dc60-a26c-4437-b226-63c2ea07eb79 38f05d70c1854f3596da635ce9a53b8a 35dcb5e62c1c40018b66998e38cba264 - - default default] Added segment aa44fa6d-4322-4850-ae5b-cbf4181e12c2 of type geneve for network adeca724-bfde-4607-8c30-c25387fd4411
2026-07-24 06:01:54.236 8 INFO neutron.db.ovn_revision_numbers_db [None req-c404dc60-a26c-4437-b226-63c2ea07eb79 38f05d70c1854f3596da635ce9a53b8a 35dcb5e62c1c40018b66998e38cba264 - - default default] Successfully bumped revision number for resource adeca724-bfde-4607-8c30-c25387fd4411 (type: networks) to 1 /var/lib/openstack/lib/python3.12/site-packages/pycadf/identifier.py:70: UserWarning: Invalid uuid: neutron. To ensure interoperability, identifiers should be a valid uuid. warnings.warn(('Invalid uuid: %s. To ensure interoperability, '
2026-07-24 06:01:54.407 8 WARNING neutron.scheduler.dhcp_agent_scheduler [None req-c404dc60-a26c-4437-b226-63c2ea07eb79 38f05d70c1854f3596da635ce9a53b8a 35dcb5e62c1c40018b66998e38cba264 - - default default] No more DHCP agents
2026-07-24 06:01:54.409 8 WARNING neutron.api.rpc.agentnotifiers.dhcp_rpc_agent_api [None req-c404dc60-a26c-4437-b226-63c2ea07eb79 38f05d70c1854f3596da635ce9a53b8a 35dcb5e62c1c40018b66998e38cba264 - - default default] Unable to schedule network adeca724-bfde-4607-8c30-c25387fd4411: no agents available; will retry on subsequent port and subnet creation events.
2026-07-24 06:01:54.454 8 INFO neutron.plugins.ml2.drivers.ovn.mech_driver.mech_driver [None req-bba96e27-ce30-40a0-88af-ede224dd9e2f - - - - - -] OVN reports status down for port: 1d2e2f49-2211-45bb-9504-f1f25b7cddd3
2026-07-24 06:01:54.526 8 INFO neutron.db.ovn_revision_numbers_db [None req-c404dc60-a26c-4437-b226-63c2ea07eb79 38f05d70c1854f3596da635ce9a53b8a 35dcb5e62c1c40018b66998e38cba264 - - default default] Successfully bumped revision number for resource 1d2e2f49-2211-45bb-9504-f1f25b7cddd3 (type: ports) to 1 [pid: 7|app: 0|req: 664/1277] 10.0.0.81 () {32 vars in 739 bytes} [Fri Jul 24 06:01:54 2026] DELETE /v2.0/security-groups/19b3f9b8-c4d6-490d-ab93-d6df1cc96bfb => generated 0 bytes in 185 msecs (HTTP/1.1 204) 2 headers in 112 bytes (1 switches on core 0) [pid: 8|app: 0|req: 614/1278] 10.0.0.81 () {34 vars in 669 bytes} [Fri Jul 24 06:01:53 2026] POST /v2.0/networks => generated 668 bytes in 916 msecs (HTTP/1.1 201) 4 headers in 162 bytes (1 switches on core 0)
2026-07-24 06:01:54.598 8 INFO neutron.api.v2.resource [None req-ba47e363-b89e-4ea4-97a6-0da3fe8de433 ae985d0ba59a44b782d2606116c3886f 2f3725d79d6f4a3cb4ad2b3fe3a6d0af - - default default] show failed (client error): The resource could not be found. [pid: 8|app: 0|req: 615/1279] 10.0.0.81 () {32 vars in 736 bytes} [Fri Jul 24 06:01:54 2026] GET /v2.0/security-groups/19b3f9b8-c4d6-490d-ab93-d6df1cc96bfb => generated 146 bytes in 18 msecs (HTTP/1.1 404) 4 headers in 164 bytes (1 switches on core 0) [pid: 7|app: 0|req: 665/1280] 10.0.0.187 () {34 vars in 990 bytes} [Fri Jul 24 06:01:54 2026] GET /v2.0/ports?device_id=608c02b9-765b-41f7-ad74-b88c2d792dc0 => generated 973 bytes in 37 msecs (HTTP/1.1 200) 4 headers in 157 bytes (1 switches on core 0)
2026-07-24 06:01:54.694 8 INFO neutron.db.segments_db [None req-c787845c-0132-4638-817c-20521fee2c7c 38f05d70c1854f3596da635ce9a53b8a 35dcb5e62c1c40018b66998e38cba264 - - default default] Added segment 9972b86c-59eb-4a17-997e-a674f3fffb09 of type geneve for network 8630ea33-ac5d-4a9a-a3f9-8eee3161c5a6
2026-07-24 06:01:54.746 7 INFO neutron_taas.services.taas.taas_plugin [None req-32651ef6-6273-458b-8a23-e991ea36022d ae985d0ba59a44b782d2606116c3886f 2f3725d79d6f4a3cb4ad2b3fe3a6d0af - - default default] TaaS: Handle Delete Port: 46e6bb49-66ef-45b6-9769-31448c75f250
2026-07-24 06:01:54.751 7 INFO neutron_taas.services.taas.tap_mirror_plugin [None req-32651ef6-6273-458b-8a23-e991ea36022d ae985d0ba59a44b782d2606116c3886f 2f3725d79d6f4a3cb4ad2b3fe3a6d0af - - default default] Tap Mirror: Handle Delete Port: 46e6bb49-66ef-45b6-9769-31448c75f250
2026-07-24 06:01:54.812 8 INFO neutron.db.ovn_revision_numbers_db [None req-c787845c-0132-4638-817c-20521fee2c7c 38f05d70c1854f3596da635ce9a53b8a 35dcb5e62c1c40018b66998e38cba264 - - default default] Successfully bumped revision number for resource 8630ea33-ac5d-4a9a-a3f9-8eee3161c5a6 (type: networks) to 1 [pid: 7|app: 0|req: 666/1281] 10.0.0.81 () {32 vars in 731 bytes} [Fri Jul 24 06:01:54 2026] DELETE /v2.0/floatingips/d159a3c2-4766-47b6-8cfa-2416213139ae => generated 0 bytes in 312 msecs (HTTP/1.1 204) 2 headers in 112 bytes (1 switches on core 0) [pid: 7|app: 0|req: 667/1282] 10.0.0.187 () {34 vars in 990 bytes} [Fri Jul 24 06:01:54 2026] GET /v2.0/ports?device_id=b13482d0-83f9-4ce4-acf4-1d1fd378e233 => generated 12 bytes in 19 msecs (HTTP/1.1 200) 4 headers in 156 bytes (1 switches on core 0) [pid: 7|app: 0|req: 668/1283] 10.0.0.187 () {34 vars in 1040 bytes} [Fri Jul 24 06:01:54 2026] GET /v2.0/security-groups?id=1eb426cb-90b4-4955-97af-d8087593c28b&fields=id&fields=name => generated 88 bytes in 31 msecs (HTTP/1.1 200) 4 headers in 156 bytes (1 switches on core 0)
2026-07-24 06:01:55.006 8 WARNING neutron.scheduler.dhcp_agent_scheduler [None req-c787845c-0132-4638-817c-20521fee2c7c 38f05d70c1854f3596da635ce9a53b8a 35dcb5e62c1c40018b66998e38cba264 - - default default] No more DHCP agents
2026-07-24 06:01:55.007 8 WARNING neutron.api.rpc.agentnotifiers.dhcp_rpc_agent_api [None req-c787845c-0132-4638-817c-20521fee2c7c 38f05d70c1854f3596da635ce9a53b8a 35dcb5e62c1c40018b66998e38cba264 - - default default] Unable to schedule network 8630ea33-ac5d-4a9a-a3f9-8eee3161c5a6: no agents available; will retry on subsequent port and subnet creation events. [pid: 7|app: 0|req: 669/1284] 199.19.213.119 () {34 vars in 1080 bytes} [Fri Jul 24 06:01:54 2026] GET /v2.0/ports?tenant_id=efd407a11eaf4a769d58ea0a58dfebca&device_id=608c02b9-765b-41f7-ad74-b88c2d792dc0 => generated 1211 bytes in 36 msecs (HTTP/1.1 200) 4 headers in 158 bytes (1 switches on core 0)
2026-07-24 06:01:55.050 8 INFO neutron.plugins.ml2.drivers.ovn.mech_driver.mech_driver [None req-bba96e27-ce30-40a0-88af-ede224dd9e2f - - - - - -] OVN reports status down for port: 704f4ec1-bb05-487a-a696-c60a1f13d9a6
2026-07-24 06:01:55.108 8 INFO neutron.db.ovn_revision_numbers_db [None req-c787845c-0132-4638-817c-20521fee2c7c 38f05d70c1854f3596da635ce9a53b8a 35dcb5e62c1c40018b66998e38cba264 - - default default] Successfully bumped revision number for resource 704f4ec1-bb05-487a-a696-c60a1f13d9a6 (type: ports) to 1 [pid: 8|app: 0|req: 616/1285] 10.0.0.81 () {34 vars in 669 bytes} [Fri Jul 24 06:01:54 2026] POST /v2.0/networks => generated 668 bytes in 563 msecs (HTTP/1.1 201) 4 headers in 162 bytes (1 switches on core 0) [pid: 8|app: 0|req: 617/1286] 199.19.213.119 () {34 vars in 1018 bytes} [Fri Jul 24 06:01:55 2026] GET /v2.0/networks?tenant_id=efd407a11eaf4a769d58ea0a58dfebca&shared=False => generated 809 bytes in 49 msecs (HTTP/1.1 200) 4 headers in 157 bytes (1 switches on core 0)
2026-07-24 06:01:55.309 7 INFO neutron_taas.services.taas.taas_plugin [None req-a6eef8db-7e2d-48ec-ac3d-0102ba8ecea5 17ff640817f5454c966fe652f7caf629 354c0e0431104185b49cecee8cd527e5 - - default default] TaaS: Handle Delete Port: 211a2d68-5df0-4aa1-b9fa-959826649f1e
2026-07-24 06:01:55.313 7 INFO neutron_taas.services.taas.tap_mirror_plugin [None req-a6eef8db-7e2d-48ec-ac3d-0102ba8ecea5 17ff640817f5454c966fe652f7caf629 354c0e0431104185b49cecee8cd527e5 - - default default] Tap Mirror: Handle Delete Port: 211a2d68-5df0-4aa1-b9fa-959826649f1e
2026-07-24 06:01:55.416 8 WARNING neutron.scheduler.dhcp_agent_scheduler [None req-02ce9b46-5e47-4fd6-86c0-b82fc115c98e 38f05d70c1854f3596da635ce9a53b8a 35dcb5e62c1c40018b66998e38cba264 - - default default] No more DHCP agents
2026-07-24 06:01:55.418 8 WARNING neutron.api.rpc.agentnotifiers.dhcp_rpc_agent_api [None req-02ce9b46-5e47-4fd6-86c0-b82fc115c98e 38f05d70c1854f3596da635ce9a53b8a 35dcb5e62c1c40018b66998e38cba264 - - default default] Unable to schedule network adeca724-bfde-4607-8c30-c25387fd4411: no agents available; will retry on subsequent port and subnet creation events.
2026-07-24 06:01:55.884 8 INFO neutron.db.ovn_revision_numbers_db [None req-bf6fe61b-4e0d-4d3e-83cc-f7d036b1c5d2 - - - - - -] Successfully bumped revision number for resource 1d2e2f49-2211-45bb-9504-f1f25b7cddd3 (type: ports) to 2
2026-07-24 06:01:55.920 8 INFO neutron.db.ovn_revision_numbers_db [None req-bf6fe61b-4e0d-4d3e-83cc-f7d036b1c5d2 - - - - - -] Successfully bumped revision number for resource abb463bd-a5a0-4c37-9275-30612a548ec3 (type: subnets) to 0 [pid: 8|app: 0|req: 618/1287] 10.0.0.81 () {34 vars in 668 bytes} [Fri Jul 24 06:01:55 2026] POST /v2.0/subnets => generated 626 bytes in 722 msecs (HTTP/1.1 201) 4 headers in 162 bytes (1 switches on core 0) [pid: 8|app: 0|req: 619/1288] 199.19.213.119 () {34 vars in 930 bytes} [Fri Jul 24 06:01:55 2026] GET /v2.0/networks?shared=True => generated 791 bytes in 54 msecs (HTTP/1.1 200) 4 headers in 157 bytes (1 switches on core 0)
2026-07-24 06:01:56.187 8 WARNING neutron.scheduler.dhcp_agent_scheduler [None req-c55a9c25-affc-4e7a-8a34-f512052c0ba7 38f05d70c1854f3596da635ce9a53b8a 35dcb5e62c1c40018b66998e38cba264 - - default default] No more DHCP agents
2026-07-24 06:01:56.189 8 WARNING neutron.api.rpc.agentnotifiers.dhcp_rpc_agent_api [None req-c55a9c25-affc-4e7a-8a34-f512052c0ba7 38f05d70c1854f3596da635ce9a53b8a 35dcb5e62c1c40018b66998e38cba264 - - default default] Unable to schedule network 8630ea33-ac5d-4a9a-a3f9-8eee3161c5a6: no agents available; will retry on subsequent port and subnet creation events. [pid: 7|app: 0|req: 670/1289] 10.0.0.81 () {34 vars in 788 bytes} [Fri Jul 24 06:01:55 2026] PUT /v2.0/routers/bfeb3fc7-b7bf-4f84-b66e-3ba973af56e8/remove_router_interface => generated 309 bytes in 1368 msecs (HTTP/1.1 200) 4 headers in 157 bytes (1 switches on core 0) /var/lib/openstack/lib/python3.12/site-packages/pycadf/identifier.py:70: UserWarning: Invalid uuid: neutron. To ensure interoperability, identifiers should be a valid uuid. warnings.warn(('Invalid uuid: %s. To ensure interoperability, ' [pid: 7|app: 0|req: 671/1290] 10.0.0.81 () {32 vars in 739 bytes} [Fri Jul 24 06:01:56 2026] DELETE /v2.0/security-groups/fc501b7b-faca-4c28-83cf-b0a8e0de2b2d => generated 0 bytes in 156 msecs (HTTP/1.1 204) 2 headers in 112 bytes (1 switches on core 0) [pid: 7|app: 0|req: 672/1291] 10.0.0.187 () {34 vars in 990 bytes} [Fri Jul 24 06:01:56 2026] GET /v2.0/ports?device_id=608c02b9-765b-41f7-ad74-b88c2d792dc0 => generated 973 bytes in 40 msecs (HTTP/1.1 200) 4 headers in 157 bytes (1 switches on core 0)
2026-07-24 06:01:56.914 7 INFO neutron_taas.services.taas.taas_plugin [None req-5e73bd3f-42e9-4195-91d6-67adc0ef43b5 17ff640817f5454c966fe652f7caf629 354c0e0431104185b49cecee8cd527e5 - - default default] TaaS: Handle Delete Port: 92a49cd1-b54a-4b71-aaf2-9a2f5414234c
2026-07-24 06:01:56.917 7 INFO neutron_taas.services.taas.tap_mirror_plugin [None req-5e73bd3f-42e9-4195-91d6-67adc0ef43b5 17ff640817f5454c966fe652f7caf629 354c0e0431104185b49cecee8cd527e5 - - default default] Tap Mirror: Handle Delete Port: 92a49cd1-b54a-4b71-aaf2-9a2f5414234c
2026-07-24 06:01:57.197 8 INFO neutron.db.ovn_revision_numbers_db [None req-3b65c99b-50bb-47d7-96aa-102928fccd0b - - - - - -] Successfully bumped revision number for resource 704f4ec1-bb05-487a-a696-c60a1f13d9a6 (type: ports) to 2
2026-07-24 06:01:57.226 8 INFO neutron.db.ovn_revision_numbers_db [None req-3b65c99b-50bb-47d7-96aa-102928fccd0b - - - - - -] Successfully bumped revision number for resource 17f90042-8576-4072-bc77-9e64d9bd97ee (type: subnets) to 0 [pid: 8|app: 0|req: 620/1292] 10.0.0.81 () {34 vars in 668 bytes} [Fri Jul 24 06:01:55 2026] POST /v2.0/subnets => generated 626 bytes in 1250 msecs (HTTP/1.1 201) 4 headers in 162 bytes (1 switches on core 0)
2026-07-24 06:01:57.250 8 INFO neutron.api.v2.resource [None req-6bdc57b0-9484-4ef9-b571-4690e63056ac 8911aff5c1fb43d29c0a628d55faef32 46a3a12df05e4ec2a4c2a9a1ed0ff884 - - default default] show failed (client error): The resource could not be found. [pid: 8|app: 0|req: 621/1293] 10.0.0.81 () {32 vars in 736 bytes} [Fri Jul 24 06:01:57 2026] GET /v2.0/security-groups/fc501b7b-faca-4c28-83cf-b0a8e0de2b2d => generated 146 bytes in 9 msecs (HTTP/1.1 404) 4 headers in 164 bytes (1 switches on core 0) [pid: 8|app: 0|req: 622/1294] 10.0.0.187 () {34 vars in 1040 bytes} [Fri Jul 24 06:01:57 2026] GET /v2.0/security-groups?id=1eb426cb-90b4-4955-97af-d8087593c28b&fields=id&fields=name => generated 88 bytes in 26 msecs (HTTP/1.1 200) 4 headers in 156 bytes (1 switches on core 0) [pid: 7|app: 0|req: 673/1295] 10.0.0.81 () {32 vars in 723 bytes} [Fri Jul 24 06:01:56 2026] DELETE /v2.0/routers/bfeb3fc7-b7bf-4f84-b66e-3ba973af56e8 => generated 0 bytes in 693 msecs (HTTP/1.1 204) 2 headers in 112 bytes (1 switches on core 0) [pid: 8|app: 0|req: 623/1296] 199.19.213.119 () {34 vars in 1080 bytes} [Fri Jul 24 06:01:57 2026] GET /v2.0/ports?tenant_id=efd407a11eaf4a769d58ea0a58dfebca&device_id=608c02b9-765b-41f7-ad74-b88c2d792dc0 => generated 1211 bytes in 27 msecs (HTTP/1.1 200) 4 headers in 158 bytes (1 switches on core 0)
2026-07-24 06:01:57.386 7 INFO neutron.db.ovn_revision_numbers_db [None req-254dc46d-a663-499e-b21d-3134c50299e8 38f05d70c1854f3596da635ce9a53b8a 35dcb5e62c1c40018b66998e38cba264 - - default default] Successfully bumped revision number for resource b52b79fe-c1f8-4d84-9f69-9bafdbe80ac9 (type: routers) to 1 [pid: 7|app: 0|req: 674/1297] 10.0.0.81 () {34 vars in 668 bytes} [Fri Jul 24 06:01:57 2026] POST /v2.0/routers => generated 602 bytes in 121 msecs (HTTP/1.1 201) 4 headers in 162 bytes (1 switches on core 0)
2026-07-24 06:01:57.413 8 INFO neutron_taas.services.taas.taas_plugin [None req-ed5a8048-3bb6-4a28-acf5-f84f3c6a2737 8911aff5c1fb43d29c0a628d55faef32 46a3a12df05e4ec2a4c2a9a1ed0ff884 - - default default] TaaS: Handle Delete Port: 9fe1e18f-0c36-4715-8bb5-eef7c33fa879
2026-07-24 06:01:57.416 8 INFO neutron_taas.services.taas.tap_mirror_plugin [None req-ed5a8048-3bb6-4a28-acf5-f84f3c6a2737 8911aff5c1fb43d29c0a628d55faef32 46a3a12df05e4ec2a4c2a9a1ed0ff884 - - default default] Tap Mirror: Handle Delete Port: 9fe1e18f-0c36-4715-8bb5-eef7c33fa879 [pid: 8|app: 0|req: 624/1298] 10.0.0.81 () {32 vars in 731 bytes} [Fri Jul 24 06:01:57 2026] DELETE /v2.0/floatingips/7d71df1f-1b2c-491c-af11-007c9cd34237 => generated 0 bytes in 271 msecs (HTTP/1.1 204) 2 headers in 112 bytes (1 switches on core 0) [pid: 7|app: 0|req: 675/1299] 10.0.0.81 () {32 vars in 723 bytes} [Fri Jul 24 06:01:57 2026] DELETE /v2.0/subnets/fce6f8ae-ddcb-473b-875a-983e92a375b9 => generated 0 bytes in 183 msecs (HTTP/1.1 204) 3 headers in 131 bytes (1 switches on core 0) [pid: 8|app: 0|req: 625/1300] 199.19.213.119 () {34 vars in 1060 bytes} [Fri Jul 24 06:01:57 2026] GET /v2.0/floatingips?fixed_ip_address=10.100.0.12&port_id=cbdfae5a-957d-4538-a968-a4a1530080d4 => generated 19 bytes in 19 msecs (HTTP/1.1 200) 4 headers in 156 bytes (1 switches on core 0)
2026-07-24 06:01:57.876 8 INFO neutron_taas.services.taas.taas_plugin [None req-201371e3-b022-488a-90d1-bd6676526a72 17ff640817f5454c966fe652f7caf629 354c0e0431104185b49cecee8cd527e5 - - default default] TaaS: Handle Delete Port: d5f47fd5-e9e1-422e-bf19-3a2e8cfe067d
2026-07-24 06:01:57.880 8 INFO neutron_taas.services.taas.tap_mirror_plugin [None req-201371e3-b022-488a-90d1-bd6676526a72 17ff640817f5454c966fe652f7caf629 354c0e0431104185b49cecee8cd527e5 - - default default] Tap Mirror: Handle Delete Port: d5f47fd5-e9e1-422e-bf19-3a2e8cfe067d
2026-07-24 06:01:57.947 7 WARNING neutron.scheduler.dhcp_agent_scheduler [None req-ed3ae56a-e74c-4eac-bc76-f934c9f71d69 38f05d70c1854f3596da635ce9a53b8a 35dcb5e62c1c40018b66998e38cba264 - - default default] No more DHCP agents
2026-07-24 06:01:57.949 7 WARNING neutron.api.rpc.agentnotifiers.dhcp_rpc_agent_api [None req-ed3ae56a-e74c-4eac-bc76-f934c9f71d69 38f05d70c1854f3596da635ce9a53b8a 35dcb5e62c1c40018b66998e38cba264 - - default default] Unable to schedule network adeca724-bfde-4607-8c30-c25387fd4411: no agents available; will retry on subsequent port and subnet creation events.
2026-07-24 06:01:58.046 7 INFO neutron.plugins.ml2.drivers.ovn.mech_driver.mech_driver [None req-a73f40c5-eec0-469d-ac31-62519bddc775 - - - - - -] OVN reports status down for port: 7304f682-fb7b-4aa7-aa94-388f5bef422e
2026-07-24 06:01:58.113 7 INFO neutron.db.ovn_revision_numbers_db [None req-ed3ae56a-e74c-4eac-bc76-f934c9f71d69 38f05d70c1854f3596da635ce9a53b8a 35dcb5e62c1c40018b66998e38cba264 - - default default] Successfully bumped revision number for resource 7304f682-fb7b-4aa7-aa94-388f5bef422e (type: ports) to 1 [pid: 8|app: 0|req: 626/1301] 10.0.0.81 () {34 vars in 788 bytes} [Fri Jul 24 06:01:57 2026] PUT /v2.0/routers/7185750e-5236-4993-8a4d-f37653f128eb/remove_router_interface => generated 309 bytes in 902 msecs (HTTP/1.1 200) 4 headers in 157 bytes (1 switches on core 0) /var/lib/openstack/lib/python3.12/site-packages/pycadf/identifier.py:70: UserWarning: Invalid uuid: neutron. To ensure interoperability, identifiers should be a valid uuid. warnings.warn(('Invalid uuid: %s. To ensure interoperability, '
2026-07-24 06:01:58.644 8 INFO neutron_taas.services.taas.taas_plugin [None req-43ea1288-c7b5-4c3b-ba6a-07dbfc54774c 17ff640817f5454c966fe652f7caf629 354c0e0431104185b49cecee8cd527e5 - - default default] TaaS: Handle Delete Port: 824127a1-545b-46b8-9d78-964fb0354e88
2026-07-24 06:01:58.647 8 INFO neutron_taas.services.taas.tap_mirror_plugin [None req-43ea1288-c7b5-4c3b-ba6a-07dbfc54774c 17ff640817f5454c966fe652f7caf629 354c0e0431104185b49cecee8cd527e5 - - default default] Tap Mirror: Handle Delete Port: 824127a1-545b-46b8-9d78-964fb0354e88
2026-07-24 06:01:58.701 7 INFO neutron.plugins.ml2.drivers.ovn.mech_driver.mech_driver [None req-a73f40c5-eec0-469d-ac31-62519bddc775 - - - - - -] OVN reports status up for port: 7304f682-fb7b-4aa7-aa94-388f5bef422e
2026-07-24 06:01:58.744 7 INFO neutron.plugins.ml2.plugin [None req-a73f40c5-eec0-469d-ac31-62519bddc775 - - - - - -] Attempt 1 to provision port 7304f682-fb7b-4aa7-aa94-388f5bef422e
2026-07-24 06:01:58.815 8 INFO neutron.services.segments.plugin [-] Segment 4c2278b8-8248-436a-91ed-aa91074dc1c2 resource provider aggregate not found
2026-07-24 06:01:58.825 8 INFO neutron.services.segments.plugin [-] Segment 4c2278b8-8248-436a-91ed-aa91074dc1c2 resource provider aggregate not found
2026-07-24 06:01:58.839 7 WARNING neutron.scheduler.dhcp_agent_scheduler [None req-ed3ae56a-e74c-4eac-bc76-f934c9f71d69 38f05d70c1854f3596da635ce9a53b8a 35dcb5e62c1c40018b66998e38cba264 - - default default] No more DHCP agents
2026-07-24 06:01:58.852 7 WARNING neutron.api.rpc.agentnotifiers.dhcp_rpc_agent_api [None req-ed3ae56a-e74c-4eac-bc76-f934c9f71d69 38f05d70c1854f3596da635ce9a53b8a 35dcb5e62c1c40018b66998e38cba264 - - default default] Unable to schedule network adeca724-bfde-4607-8c30-c25387fd4411: no agents available; will retry on subsequent port and subnet creation events.
2026-07-24 06:01:58.854 8 INFO neutron.services.segments.plugin [-] Client error retrieving segment 4c2278b8-8248-436a-91ed-aa91074dc1c2 resource provider; error: Placement Client Error (4xx): {"errors": [{"status": 404, "title": "Not Found", "detail": "The resource could not be found.\n\n No resource provider with uuid 4c2278b8-8248-436a-91ed-aa91074dc1c2 found for delete ", "request_id": "req-4495faf7-238e-4b4b-b7aa-c0b102766ed0"}]}
2026-07-24 06:01:58.860 8 INFO neutron.services.segments.plugin [-] Client error retrieving segment 4c2278b8-8248-436a-91ed-aa91074dc1c2 resource provider; error: Placement Client Error (4xx): {"errors": [{"status": 404, "title": "Not Found", "detail": "The resource could not be found.\n\n No resource provider with uuid 4c2278b8-8248-436a-91ed-aa91074dc1c2 found for delete ", "request_id": "req-7616367f-5478-4d69-9eff-28e1feb79c9b"}]} [pid: 8|app: 0|req: 627/1302] 10.0.0.81 () {32 vars in 725 bytes} [Fri Jul 24 06:01:58 2026] DELETE /v2.0/networks/10de72d9-a438-4f90-9628-c9b2c22493af => generated 0 bytes in 373 msecs (HTTP/1.1 204) 3 headers in 131 bytes (1 switches on core 0) [pid: 8|app: 0|req: 628/1303] 199.19.213.119 () {34 vars in 984 bytes} [Fri Jul 24 06:01:58 2026] GET /v2.0/subnets?id=f64f20ee-d2b5-40e8-b6b3-e651c0cedf78 => generated 690 bytes in 30 msecs (HTTP/1.1 200) 4 headers in 157 bytes (1 switches on core 0) [pid: 8|app: 0|req: 629/1304] 10.0.0.187 () {34 vars in 990 bytes} [Fri Jul 24 06:01:58 2026] GET /v2.0/ports?device_id=608c02b9-765b-41f7-ad74-b88c2d792dc0 => generated 973 bytes in 74 msecs (HTTP/1.1 200) 4 headers in 157 bytes (1 switches on core 0)
2026-07-24 06:01:59.274 7 INFO neutron.db.ovn_revision_numbers_db [None req-ed3ae56a-e74c-4eac-bc76-f934c9f71d69 38f05d70c1854f3596da635ce9a53b8a 35dcb5e62c1c40018b66998e38cba264 - - default default] Successfully bumped revision number for resource 7304f682-fb7b-4aa7-aa94-388f5bef422e (type: router_ports) to 1 [pid: 7|app: 0|req: 676/1305] 10.0.0.81 () {34 vars in 782 bytes} [Fri Jul 24 06:01:57 2026] PUT /v2.0/routers/b52b79fe-c1f8-4d84-9f69-9bafdbe80ac9/add_router_interface => generated 309 bytes in 1703 msecs (HTTP/1.1 200) 4 headers in 157 bytes (1 switches on core 0)
2026-07-24 06:01:59.318 8 INFO neutron_taas.services.taas.taas_plugin [None req-34ad9698-06e4-4a70-ba35-c46fae3dcc40 17ff640817f5454c966fe652f7caf629 354c0e0431104185b49cecee8cd527e5 - - default default] TaaS: Handle Delete Port: bbcd4d46-1e93-4c84-9368-28f549760876
2026-07-24 06:01:59.321 8 INFO neutron_taas.services.taas.tap_mirror_plugin [None req-34ad9698-06e4-4a70-ba35-c46fae3dcc40 17ff640817f5454c966fe652f7caf629 354c0e0431104185b49cecee8cd527e5 - - default default] Tap Mirror: Handle Delete Port: bbcd4d46-1e93-4c84-9368-28f549760876 [pid: 7|app: 0|req: 677/1306] 199.19.213.119 () {34 vars in 1052 bytes} [Fri Jul 24 06:01:59 2026] GET /v2.0/ports?network_id=ef0caedf-d5d5-481e-a924-d0bee8d7848d&device_owner=network%3Adhcp => generated 12 bytes in 37 msecs (HTTP/1.1 200) 4 headers in 156 bytes (1 switches on core 0) [pid: 7|app: 0|req: 678/1307] 10.0.0.187 () {34 vars in 1040 bytes} [Fri Jul 24 06:01:59 2026] GET /v2.0/security-groups?id=1eb426cb-90b4-4955-97af-d8087593c28b&fields=id&fields=name => generated 88 bytes in 63 msecs (HTTP/1.1 200) 4 headers in 156 bytes (1 switches on core 0) [pid: 7|app: 0|req: 679/1308] 10.0.0.81 () {32 vars in 773 bytes} [Fri Jul 24 06:01:59 2026] GET /v2.0/security-groups?tenant_id=2f3725d79d6f4a3cb4ad2b3fe3a6d0af&name=default => generated 2925 bytes in 53 msecs (HTTP/1.1 200) 4 headers in 158 bytes (1 switches on core 0)
2026-07-24 06:01:59.509 7 INFO neutron.db.ovn_revision_numbers_db [None req-a73f40c5-eec0-469d-ac31-62519bddc775 - - - - - -] Successfully bumped revision number for resource 7304f682-fb7b-4aa7-aa94-388f5bef422e (type: ports) to 2 [pid: 7|app: 0|req: 680/1309] 10.0.0.81 () {32 vars in 716 bytes} [Fri Jul 24 06:01:59 2026] GET /v2.0/ports/7304f682-fb7b-4aa7-aa94-388f5bef422e => generated 943 bytes in 176 msecs (HTTP/1.1 200) 4 headers in 157 bytes (1 switches on core 0) [pid: 7|app: 0|req: 681/1310] 199.19.213.119 () {34 vars in 1012 bytes} [Fri Jul 24 06:01:59 2026] GET /v2.0/networks/ef0caedf-d5d5-481e-a924-d0bee8d7848d?fields=segments => generated 14 bytes in 78 msecs (HTTP/1.1 200) 4 headers in 156 bytes (1 switches on core 0) [pid: 8|app: 0|req: 630/1311] 10.0.0.81 () {32 vars in 723 bytes} [Fri Jul 24 06:01:58 2026] DELETE /v2.0/routers/7185750e-5236-4993-8a4d-f37653f128eb => generated 0 bytes in 803 msecs (HTTP/1.1 204) 2 headers in 112 bytes (1 switches on core 0)
2026-07-24 06:01:59.847 7 INFO neutron.db.ovn_revision_numbers_db [None req-dce94088-423d-4af9-8923-f01ca6456011 - - - - - -] Successfully bumped revision number for resource 7304f682-fb7b-4aa7-aa94-388f5bef422e (type: router_ports) to 2 [pid: 7|app: 0|req: 682/1312] 10.0.0.81 () {32 vars in 739 bytes} [Fri Jul 24 06:01:59 2026] DELETE /v2.0/security-groups/7870a40a-b60f-4c7d-9d85-431eaddd537c => generated 0 bytes in 367 msecs (HTTP/1.1 204) 2 headers in 112 bytes (1 switches on core 0) [pid: 7|app: 0|req: 683/1313] 199.19.213.119 () {34 vars in 1112 bytes} [Fri Jul 24 06:02:00 2026] GET /v2.0/networks/ef0caedf-d5d5-481e-a924-d0bee8d7848d?fields=provider%3Aphysical_network&fields=provider%3Anetwork_type => generated 79 bytes in 40 msecs (HTTP/1.1 200) 4 headers in 156 bytes (1 switches on core 0) [pid: 7|app: 0|req: 684/1314] 10.0.0.81 () {32 vars in 723 bytes} [Fri Jul 24 06:02:00 2026] DELETE /v2.0/subnets/9faab620-7fa3-4dfc-965d-c9923df6a7f1 => generated 0 bytes in 146 msecs (HTTP/1.1 204) 3 headers in 131 bytes (1 switches on core 0)
2026-07-24 06:02:00.302 8 WARNING neutron.scheduler.dhcp_agent_scheduler [None req-d747efef-874a-4f92-ad78-7e307ddfa1a6 38f05d70c1854f3596da635ce9a53b8a 35dcb5e62c1c40018b66998e38cba264 - - default default] No more DHCP agents
2026-07-24 06:02:00.304 8 WARNING neutron.api.rpc.agentnotifiers.dhcp_rpc_agent_api [None req-d747efef-874a-4f92-ad78-7e307ddfa1a6 38f05d70c1854f3596da635ce9a53b8a 35dcb5e62c1c40018b66998e38cba264 - - default default] Unable to schedule network 8630ea33-ac5d-4a9a-a3f9-8eee3161c5a6: no agents available; will retry on subsequent port and subnet creation events.
2026-07-24 06:02:00.377 7 INFO neutron_taas.services.taas.taas_plugin [None req-5197978e-7673-4770-86bd-47b3cbab8b1f 17ff640817f5454c966fe652f7caf629 354c0e0431104185b49cecee8cd527e5 - - default default] TaaS: Handle Delete Port: d6170b85-21d8-48cd-b986-66f4d1380c48
2026-07-24 06:02:00.380 7 INFO neutron_taas.services.taas.tap_mirror_plugin [None req-5197978e-7673-4770-86bd-47b3cbab8b1f 17ff640817f5454c966fe652f7caf629 354c0e0431104185b49cecee8cd527e5 - - default default] Tap Mirror: Handle Delete Port: d6170b85-21d8-48cd-b986-66f4d1380c48
2026-07-24 06:02:00.435 8 INFO neutron.plugins.ml2.drivers.ovn.mech_driver.mech_driver [None req-bba96e27-ce30-40a0-88af-ede224dd9e2f - - - - - -] OVN reports status down for port: ee80e6a0-14df-4160-94a1-85c231f1e296
2026-07-24 06:02:00.520 8 INFO neutron.db.ovn_revision_numbers_db [None req-d747efef-874a-4f92-ad78-7e307ddfa1a6 38f05d70c1854f3596da635ce9a53b8a 35dcb5e62c1c40018b66998e38cba264 - - default default] Successfully bumped revision number for resource ee80e6a0-14df-4160-94a1-85c231f1e296 (type: ports) to 1
2026-07-24 06:02:00.638 7 INFO neutron.services.segments.plugin [-] Segment a03041fe-412b-48d6-8b85-5cfac537cfa3 resource provider aggregate not found
2026-07-24 06:02:00.639 7 INFO neutron.services.segments.plugin [-] Segment a03041fe-412b-48d6-8b85-5cfac537cfa3 resource provider aggregate not found
2026-07-24 06:02:00.665 7 INFO neutron.services.segments.plugin [-] Client error retrieving segment a03041fe-412b-48d6-8b85-5cfac537cfa3 resource provider; error: Placement Client Error (4xx): {"errors": [{"status": 404, "title": "Not Found", "detail": "The resource could not be found.\n\n No resource provider with uuid a03041fe-412b-48d6-8b85-5cfac537cfa3 found for delete ", "request_id": "req-167ec879-9658-4248-b9e1-02f3f7ccfc5a"}]}
2026-07-24 06:02:00.667 7 INFO neutron.services.segments.plugin [-] Client error retrieving segment a03041fe-412b-48d6-8b85-5cfac537cfa3 resource provider; error: Placement Client Error (4xx): {"errors": [{"status": 404, "title": "Not Found", "detail": "The resource could not be found.\n\n No resource provider with uuid a03041fe-412b-48d6-8b85-5cfac537cfa3 found for delete ", "request_id": "req-eff9a206-2f8c-403a-a5ff-8774101f456c"}]} [pid: 7|app: 0|req: 685/1315] 10.0.0.81 () {32 vars in 725 bytes} [Fri Jul 24 06:02:00 2026] DELETE /v2.0/networks/5e2e1cbb-3a26-4ff1-8995-6fa254b4b504 => generated 0 bytes in 427 msecs (HTTP/1.1 204) 3 headers in 131 bytes (1 switches on core 0) [pid: 7|app: 0|req: 686/1316] 10.0.0.187 () {34 vars in 990 bytes} [Fri Jul 24 06:02:00 2026] GET /v2.0/ports?device_id=608c02b9-765b-41f7-ad74-b88c2d792dc0 => generated 973 bytes in 97 msecs (HTTP/1.1 200) 4 headers in 157 bytes (1 switches on core 0) [pid: 7|app: 0|req: 687/1317] 10.0.0.187 () {34 vars in 1040 bytes} [Fri Jul 24 06:02:00 2026] GET /v2.0/security-groups?id=1eb426cb-90b4-4955-97af-d8087593c28b&fields=id&fields=name => generated 88 bytes in 38 msecs (HTTP/1.1 200) 4 headers in 156 bytes (1 switches on core 0) [pid: 7|app: 0|req: 688/1318] 10.0.0.81 () {32 vars in 773 bytes} [Fri Jul 24 06:02:00 2026] GET /v2.0/security-groups?tenant_id=46a3a12df05e4ec2a4c2a9a1ed0ff884&name=default => generated 2925 bytes in 28 msecs (HTTP/1.1 200) 4 headers in 158 bytes (1 switches on core 0) [pid: 7|app: 0|req: 689/1319] 10.0.0.81 () {32 vars in 739 bytes} [Fri Jul 24 06:02:00 2026] DELETE /v2.0/security-groups/4d3a59a4-2aa9-4828-a1c0-6b28bb589ada => generated 0 bytes in 253 msecs (HTTP/1.1 204) 2 headers in 112 bytes (1 switches on core 0)
2026-07-24 06:02:01.211 8 INFO neutron.plugins.ml2.drivers.ovn.mech_driver.mech_driver [None req-bba96e27-ce30-40a0-88af-ede224dd9e2f - - - - - -] OVN reports status up for port: ee80e6a0-14df-4160-94a1-85c231f1e296
2026-07-24 06:02:01.242 8 INFO neutron.plugins.ml2.plugin [None req-bba96e27-ce30-40a0-88af-ede224dd9e2f - - - - - -] Attempt 1 to provision port ee80e6a0-14df-4160-94a1-85c231f1e296
2026-07-24 06:02:01.342 8 WARNING neutron.scheduler.dhcp_agent_scheduler [None req-d747efef-874a-4f92-ad78-7e307ddfa1a6 38f05d70c1854f3596da635ce9a53b8a 35dcb5e62c1c40018b66998e38cba264 - - default default] No more DHCP agents
2026-07-24 06:02:01.346 8 WARNING neutron.api.rpc.agentnotifiers.dhcp_rpc_agent_api [None req-d747efef-874a-4f92-ad78-7e307ddfa1a6 38f05d70c1854f3596da635ce9a53b8a 35dcb5e62c1c40018b66998e38cba264 - - default default] Unable to schedule network 8630ea33-ac5d-4a9a-a3f9-8eee3161c5a6: no agents available; will retry on subsequent port and subnet creation events.
2026-07-24 06:02:01.761 8 INFO neutron.db.ovn_revision_numbers_db [None req-d747efef-874a-4f92-ad78-7e307ddfa1a6 38f05d70c1854f3596da635ce9a53b8a 35dcb5e62c1c40018b66998e38cba264 - - default default] Successfully bumped revision number for resource ee80e6a0-14df-4160-94a1-85c231f1e296 (type: router_ports) to 1 [pid: 8|app: 0|req: 631/1320] 10.0.0.81 () {34 vars in 782 bytes} [Fri Jul 24 06:01:59 2026] PUT /v2.0/routers/b52b79fe-c1f8-4d84-9f69-9bafdbe80ac9/add_router_interface => generated 309 bytes in 1989 msecs (HTTP/1.1 200) 4 headers in 157 bytes (1 switches on core 0) [pid: 7|app: 0|req: 690/1321] 10.0.0.81 () {32 vars in 716 bytes} [Fri Jul 24 06:02:01 2026] GET /v2.0/ports/ee80e6a0-14df-4160-94a1-85c231f1e296 => generated 943 bytes in 126 msecs (HTTP/1.1 200) 4 headers in 157 bytes (1 switches on core 0)
2026-07-24 06:02:01.927 8 INFO neutron.db.ovn_revision_numbers_db [None req-bba96e27-ce30-40a0-88af-ede224dd9e2f - - - - - -] Successfully bumped revision number for resource ee80e6a0-14df-4160-94a1-85c231f1e296 (type: ports) to 2 [pid: 8|app: 0|req: 632/1322] 10.0.0.187 () {34 vars in 990 bytes} [Fri Jul 24 06:02:01 2026] GET /v2.0/ports?device_id=608c02b9-765b-41f7-ad74-b88c2d792dc0 => generated 973 bytes in 72 msecs (HTTP/1.1 200) 4 headers in 157 bytes (1 switches on core 0) [pid: 8|app: 0|req: 633/1323] 10.0.0.81 () {32 vars in 716 bytes} [Fri Jul 24 06:02:01 2026] GET /v2.0/ports/ee80e6a0-14df-4160-94a1-85c231f1e296 => generated 943 bytes in 149 msecs (HTTP/1.1 200) 4 headers in 157 bytes (1 switches on core 0)
2026-07-24 06:02:02.163 7 INFO neutron.db.ovn_revision_numbers_db [None req-79ceeee3-58da-41fe-8d95-9b85380eb3d5 17ff640817f5454c966fe652f7caf629 354c0e0431104185b49cecee8cd527e5 - - default default] Successfully bumped revision number for resource 6ae94354-c8e6-4ab3-83af-bdc4d6fb377f (type: security_groups) to 1 [pid: 8|app: 0|req: 634/1324] 10.0.0.187 () {34 vars in 1040 bytes} [Fri Jul 24 06:02:02 2026] GET /v2.0/security-groups?id=1eb426cb-90b4-4955-97af-d8087593c28b&fields=id&fields=name => generated 88 bytes in 51 msecs (HTTP/1.1 200) 4 headers in 156 bytes (1 switches on core 0)
2026-07-24 06:02:02.174 7 INFO neutron.db.ovn_revision_numbers_db [None req-79ceeee3-58da-41fe-8d95-9b85380eb3d5 17ff640817f5454c966fe652f7caf629 354c0e0431104185b49cecee8cd527e5 - - default default] Successfully bumped revision number for resource 06167197-bdda-4852-98a2-9892c742b208 (type: security_group_rules) to 0
2026-07-24 06:02:02.189 7 INFO neutron.db.ovn_revision_numbers_db [None req-79ceeee3-58da-41fe-8d95-9b85380eb3d5 17ff640817f5454c966fe652f7caf629 354c0e0431104185b49cecee8cd527e5 - - default default] Successfully bumped revision number for resource 145329dd-6474-496b-863f-a15f487b5966 (type: security_group_rules) to 0
2026-07-24 06:02:02.217 7 INFO neutron.db.ovn_revision_numbers_db [None req-79ceeee3-58da-41fe-8d95-9b85380eb3d5 17ff640817f5454c966fe652f7caf629 354c0e0431104185b49cecee8cd527e5 - - default default] Successfully bumped revision number for resource a909237c-d791-4416-bd54-5d9a55b46fbb (type: security_group_rules) to 0
2026-07-24 06:02:02.233 7 INFO neutron.db.ovn_revision_numbers_db [None req-79ceeee3-58da-41fe-8d95-9b85380eb3d5 17ff640817f5454c966fe652f7caf629 354c0e0431104185b49cecee8cd527e5 - - default default] Successfully bumped revision number for resource e43aa0a0-f0f6-46cf-aa82-193681944fa3 (type: security_group_rules) to 0
2026-07-24 06:02:02.279 8 INFO neutron.db.ovn_revision_numbers_db [None req-60c1a4a0-c49f-4d32-bfa1-1bdb52c3de0c - - - - - -] Successfully bumped revision number for resource ee80e6a0-14df-4160-94a1-85c231f1e296 (type: router_ports) to 2
2026-07-24 06:02:02.323 7 INFO neutron.db.segments_db [None req-79ceeee3-58da-41fe-8d95-9b85380eb3d5 17ff640817f5454c966fe652f7caf629 354c0e0431104185b49cecee8cd527e5 - - default default] Added segment 7c5fd93b-3564-43f0-a541-a335d29e0063 of type geneve for network 63ba208f-3d27-4932-b046-6eb521a4c57f
2026-07-24 06:02:02.444 7 INFO neutron.db.ovn_revision_numbers_db [None req-79ceeee3-58da-41fe-8d95-9b85380eb3d5 17ff640817f5454c966fe652f7caf629 354c0e0431104185b49cecee8cd527e5 - - default default] Successfully bumped revision number for resource 63ba208f-3d27-4932-b046-6eb521a4c57f (type: networks) to 1
2026-07-24 06:02:02.595 8 INFO neutron_taas.services.taas.taas_plugin [None req-fbbb94c6-a598-4074-9e58-8885fbe8931f 38f05d70c1854f3596da635ce9a53b8a 35dcb5e62c1c40018b66998e38cba264 - - default default] TaaS: Handle Delete Port: ee80e6a0-14df-4160-94a1-85c231f1e296
2026-07-24 06:02:02.599 8 INFO neutron_taas.services.taas.tap_mirror_plugin [None req-fbbb94c6-a598-4074-9e58-8885fbe8931f 38f05d70c1854f3596da635ce9a53b8a 35dcb5e62c1c40018b66998e38cba264 - - default default] Tap Mirror: Handle Delete Port: ee80e6a0-14df-4160-94a1-85c231f1e296
2026-07-24 06:02:02.667 7 WARNING neutron.scheduler.dhcp_agent_scheduler [None req-79ceeee3-58da-41fe-8d95-9b85380eb3d5 17ff640817f5454c966fe652f7caf629 354c0e0431104185b49cecee8cd527e5 - - default default] No more DHCP agents
2026-07-24 06:02:02.673 7 WARNING neutron.api.rpc.agentnotifiers.dhcp_rpc_agent_api [None req-79ceeee3-58da-41fe-8d95-9b85380eb3d5 17ff640817f5454c966fe652f7caf629 354c0e0431104185b49cecee8cd527e5 - - default default] Unable to schedule network 63ba208f-3d27-4932-b046-6eb521a4c57f: no agents available; will retry on subsequent port and subnet creation events.
2026-07-24 06:02:02.774 8 INFO neutron.plugins.ml2.drivers.ovn.mech_driver.mech_driver [None req-60c1a4a0-c49f-4d32-bfa1-1bdb52c3de0c - - - - - -] OVN reports status down for port: f72998c3-0e13-4d5a-afe4-b1ca2bd42171
2026-07-24 06:02:02.797 7 INFO neutron.db.ovn_revision_numbers_db [None req-79ceeee3-58da-41fe-8d95-9b85380eb3d5 17ff640817f5454c966fe652f7caf629 354c0e0431104185b49cecee8cd527e5 - - default default] Successfully bumped revision number for resource f72998c3-0e13-4d5a-afe4-b1ca2bd42171 (type: ports) to 1 [pid: 7|app: 0|req: 691/1325] 10.0.0.81 () {34 vars in 670 bytes} [Fri Jul 24 06:02:01 2026] POST /v2.0/networks => generated 788 bytes in 932 msecs (HTTP/1.1 201) 4 headers in 162 bytes (1 switches on core 0)
2026-07-24 06:02:02.963 8 INFO neutron.plugins.ml2.drivers.ovn.mech_driver.mech_driver [None req-60c1a4a0-c49f-4d32-bfa1-1bdb52c3de0c - - - - - -] OVN reports status up for port: cbdfae5a-957d-4538-a968-a4a1530080d4
2026-07-24 06:02:03.002 8 INFO neutron.plugins.ml2.plugin [None req-60c1a4a0-c49f-4d32-bfa1-1bdb52c3de0c - - - - - -] Attempt 1 to provision port cbdfae5a-957d-4538-a968-a4a1530080d4
2026-07-24 06:02:03.039 7 WARNING neutron.scheduler.dhcp_agent_scheduler [None req-9ea419af-1511-4831-bfac-4d4dcbb6d2a1 17ff640817f5454c966fe652f7caf629 354c0e0431104185b49cecee8cd527e5 - - default default] No more DHCP agents
2026-07-24 06:02:03.041 7 WARNING neutron.api.rpc.agentnotifiers.dhcp_rpc_agent_api [None req-9ea419af-1511-4831-bfac-4d4dcbb6d2a1 17ff640817f5454c966fe652f7caf629 354c0e0431104185b49cecee8cd527e5 - - default default] Unable to schedule network 63ba208f-3d27-4932-b046-6eb521a4c57f: no agents available; will retry on subsequent port and subnet creation events.
2026-07-24 06:02:03.295 8 INFO neutron.notifiers.nova [-] Nova event matching ['req-1ee91cca-3cec-4f65-b6c4-c1f621b3954a'] response: {'server_uuid': '608c02b9-765b-41f7-ad74-b88c2d792dc0', 'name': 'network-vif-plugged', 'status': 'completed', 'tag': 'cbdfae5a-957d-4538-a968-a4a1530080d4', 'code': 200} [pid: 8|app: 0|req: 635/1326] 10.0.0.81 () {34 vars in 788 bytes} [Fri Jul 24 06:02:02 2026] PUT /v2.0/routers/b52b79fe-c1f8-4d84-9f69-9bafdbe80ac9/remove_router_interface => generated 309 bytes in 1163 msecs (HTTP/1.1 200) 4 headers in 157 bytes (1 switches on core 0)
2026-07-24 06:02:03.482 8 INFO neutron.db.ovn_revision_numbers_db [None req-60c1a4a0-c49f-4d32-bfa1-1bdb52c3de0c - - - - - -] Successfully bumped revision number for resource cbdfae5a-957d-4538-a968-a4a1530080d4 (type: ports) to 5 /var/lib/openstack/lib/python3.12/site-packages/pycadf/identifier.py:70: UserWarning: Invalid uuid: neutron. To ensure interoperability, identifiers should be a valid uuid. warnings.warn(('Invalid uuid: %s. To ensure interoperability, '
2026-07-24 06:02:03.586 7 INFO neutron.db.ovn_revision_numbers_db [None req-ca9ecd71-026b-4b9f-b4bf-47421d57524a - - - - - -] Successfully bumped revision number for resource f72998c3-0e13-4d5a-afe4-b1ca2bd42171 (type: ports) to 2
2026-07-24 06:02:03.635 7 INFO neutron.db.ovn_revision_numbers_db [None req-ca9ecd71-026b-4b9f-b4bf-47421d57524a - - - - - -] Successfully bumped revision number for resource 2dd30aa6-023e-4be4-be1d-05a16fc0f24d (type: subnets) to 0 [pid: 7|app: 0|req: 692/1327] 10.0.0.81 () {34 vars in 668 bytes} [Fri Jul 24 06:02:02 2026] POST /v2.0/subnets => generated 694 bytes in 804 msecs (HTTP/1.1 201) 4 headers in 162 bytes (1 switches on core 0) [pid: 7|app: 0|req: 693/1328] 10.0.0.187 () {34 vars in 990 bytes} [Fri Jul 24 06:02:03 2026] GET /v2.0/ports?device_id=608c02b9-765b-41f7-ad74-b88c2d792dc0 => generated 975 bytes in 37 msecs (HTTP/1.1 200) 4 headers in 157 bytes (1 switches on core 0) [pid: 7|app: 0|req: 694/1329] 10.0.0.81 () {32 vars in 716 bytes} [Fri Jul 24 06:02:03 2026] GET /v2.0/ports/7304f682-fb7b-4aa7-aa94-388f5bef422e => generated 943 bytes in 30 msecs (HTTP/1.1 200) 4 headers in 157 bytes (1 switches on core 0)
2026-07-24 06:02:03.766 8 INFO neutron.db.ovn_revision_numbers_db [None req-1abd9ec0-ecdf-49c6-8f48-8bfbe82b1615 17ff640817f5454c966fe652f7caf629 354c0e0431104185b49cecee8cd527e5 - - default default] Successfully bumped revision number for resource bc74c265-1643-4e84-bfe4-536a5ea4c429 (type: security_groups) to 1
2026-07-24 06:02:03.778 8 INFO neutron.db.ovn_revision_numbers_db [None req-1abd9ec0-ecdf-49c6-8f48-8bfbe82b1615 17ff640817f5454c966fe652f7caf629 354c0e0431104185b49cecee8cd527e5 - - default default] Successfully bumped revision number for resource 371ae9de-f7df-419f-b64d-15b806790f12 (type: security_group_rules) to 0
2026-07-24 06:02:03.789 8 INFO neutron.db.ovn_revision_numbers_db [None req-1abd9ec0-ecdf-49c6-8f48-8bfbe82b1615 17ff640817f5454c966fe652f7caf629 354c0e0431104185b49cecee8cd527e5 - - default default] Successfully bumped revision number for resource 733176f9-3311-438b-940b-7c904e61ed63 (type: security_group_rules) to 0
2026-07-24 06:02:03.799 8 INFO neutron.db.ovn_revision_numbers_db [None req-1abd9ec0-ecdf-49c6-8f48-8bfbe82b1615 17ff640817f5454c966fe652f7caf629 354c0e0431104185b49cecee8cd527e5 - - default default] Successfully bumped revision number for resource 7711f61f-69b8-4fda-a5df-642ebaab5713 (type: security_group_rules) to 0
2026-07-24 06:02:03.814 8 INFO neutron.db.ovn_revision_numbers_db [None req-1abd9ec0-ecdf-49c6-8f48-8bfbe82b1615 17ff640817f5454c966fe652f7caf629 354c0e0431104185b49cecee8cd527e5 - - default default] Successfully bumped revision number for resource f9b392dc-11c9-4337-b22d-ad16df40eb30 (type: security_group_rules) to 0
2026-07-24 06:02:03.897 8 INFO neutron.db.segments_db [None req-1abd9ec0-ecdf-49c6-8f48-8bfbe82b1615 17ff640817f5454c966fe652f7caf629 354c0e0431104185b49cecee8cd527e5 - - default default] Added segment af7b8e24-00b9-42af-a2df-20396cd47774 of type geneve for network b6014dd7-90bc-4fef-b1da-44829c5dfe10
2026-07-24 06:02:04.018 8 INFO neutron.db.ovn_revision_numbers_db [None req-1abd9ec0-ecdf-49c6-8f48-8bfbe82b1615 17ff640817f5454c966fe652f7caf629 354c0e0431104185b49cecee8cd527e5 - - default default] Successfully bumped revision number for resource b6014dd7-90bc-4fef-b1da-44829c5dfe10 (type: networks) to 1
2026-07-24 06:02:04.196 7 WARNING neutron.scheduler.dhcp_agent_scheduler [None req-e6c58285-3654-43cb-b185-7ea452ae2b41 17ff640817f5454c966fe652f7caf629 354c0e0431104185b49cecee8cd527e5 - - default default] No more DHCP agents
2026-07-24 06:02:04.198 8 WARNING neutron.scheduler.dhcp_agent_scheduler [None req-1abd9ec0-ecdf-49c6-8f48-8bfbe82b1615 17ff640817f5454c966fe652f7caf629 354c0e0431104185b49cecee8cd527e5 - - default default] No more DHCP agents
2026-07-24 06:02:04.199 7 WARNING neutron.api.rpc.agentnotifiers.dhcp_rpc_agent_api [None req-e6c58285-3654-43cb-b185-7ea452ae2b41 17ff640817f5454c966fe652f7caf629 354c0e0431104185b49cecee8cd527e5 - - default default] Unable to schedule network f73ecf1a-dfb0-46cb-ae55-4ba7b77c3391: no agents available; will retry on subsequent port and subnet creation events.
2026-07-24 06:02:04.200 8 WARNING neutron.api.rpc.agentnotifiers.dhcp_rpc_agent_api [None req-1abd9ec0-ecdf-49c6-8f48-8bfbe82b1615 17ff640817f5454c966fe652f7caf629 354c0e0431104185b49cecee8cd527e5 - - default default] Unable to schedule network b6014dd7-90bc-4fef-b1da-44829c5dfe10: no agents available; will retry on subsequent port and subnet creation events.
2026-07-24 06:02:04.267 8 INFO neutron.plugins.ml2.drivers.ovn.mech_driver.mech_driver [None req-d32cfc6b-085e-4bf2-968b-41ff802f0f9d - - - - - -] OVN reports status down for port: 4d629b5c-06da-4ea8-b6a7-d4740bb212c2
2026-07-24 06:02:04.324 7 INFO neutron.plugins.ml2.drivers.ovn.mech_driver.mech_driver [None req-dce94088-423d-4af9-8923-f01ca6456011 - - - - - -] OVN reports status down for port: 9f66c155-cdd9-4fd5-83c4-fdad05e9f39d
2026-07-24 06:02:04.350 8 INFO neutron.db.ovn_revision_numbers_db [None req-1abd9ec0-ecdf-49c6-8f48-8bfbe82b1615 17ff640817f5454c966fe652f7caf629 354c0e0431104185b49cecee8cd527e5 - - default default] Successfully bumped revision number for resource 4d629b5c-06da-4ea8-b6a7-d4740bb212c2 (type: ports) to 1
2026-07-24 06:02:04.379 7 INFO neutron.db.ovn_revision_numbers_db [None req-e6c58285-3654-43cb-b185-7ea452ae2b41 17ff640817f5454c966fe652f7caf629 354c0e0431104185b49cecee8cd527e5 - - default default] Successfully bumped revision number for resource 9f66c155-cdd9-4fd5-83c4-fdad05e9f39d (type: ports) to 1 [pid: 8|app: 0|req: 636/1330] 10.0.0.81 () {34 vars in 670 bytes} [Fri Jul 24 06:02:03 2026] POST /v2.0/networks => generated 784 bytes in 1050 msecs (HTTP/1.1 201) 4 headers in 162 bytes (1 switches on core 0) [pid: 8|app: 0|req: 637/1331] 10.0.0.187 () {34 vars in 1040 bytes} [Fri Jul 24 06:02:04 2026] GET /v2.0/security-groups?id=1eb426cb-90b4-4955-97af-d8087593c28b&fields=id&fields=name => generated 88 bytes in 52 msecs (HTTP/1.1 200) 4 headers in 156 bytes (1 switches on core 0)
2026-07-24 06:02:04.752 8 INFO neutron_taas.services.taas.taas_plugin [None req-ca9d34cf-a05f-4d45-a21e-5358f11a04f0 38f05d70c1854f3596da635ce9a53b8a 35dcb5e62c1c40018b66998e38cba264 - - default default] TaaS: Handle Delete Port: 7304f682-fb7b-4aa7-aa94-388f5bef422e
2026-07-24 06:02:04.756 8 INFO neutron_taas.services.taas.tap_mirror_plugin [None req-ca9d34cf-a05f-4d45-a21e-5358f11a04f0 38f05d70c1854f3596da635ce9a53b8a 35dcb5e62c1c40018b66998e38cba264 - - default default] Tap Mirror: Handle Delete Port: 7304f682-fb7b-4aa7-aa94-388f5bef422e
2026-07-24 06:02:05.047 7 INFO neutron.plugins.ml2.drivers.ovn.mech_driver.ovsdb.commands [None req-bbf93609-f833-4f1a-94a5-1fc059685ea8 - - - - - -] Schedule LRP lrp-9f66c155-cdd9-4fd5-83c4-fdad05e9f39d on gateway 34347bc6-9b3f-493b-ae09-1fdb0417251b with priority 1
2026-07-24 06:02:05.088 8 INFO neutron.plugins.ml2.drivers.ovn.mech_driver.ovsdb.ovsdb_monitor [None req-6b18bfdc-a343-4d65-997f-2e0514aaef19 - - - - - -] Router d210d827-e28f-46c1-bcef-76865e79f0c2 is bound to host instance
2026-07-24 06:02:05.098 7 INFO neutron.plugins.ml2.drivers.ovn.mech_driver.mech_driver [None req-dce94088-423d-4af9-8923-f01ca6456011 - - - - - -] OVN reports status up for port: 9f66c155-cdd9-4fd5-83c4-fdad05e9f39d
2026-07-24 06:02:05.131 7 INFO neutron.plugins.ml2.plugin [None req-dce94088-423d-4af9-8923-f01ca6456011 - - - - - -] Attempt 1 to provision port 9f66c155-cdd9-4fd5-83c4-fdad05e9f39d
2026-07-24 06:02:05.181 7 INFO neutron.db.ovn_revision_numbers_db [None req-e6c58285-3654-43cb-b185-7ea452ae2b41 17ff640817f5454c966fe652f7caf629 354c0e0431104185b49cecee8cd527e5 - - default default] Successfully bumped revision number for resource 9f66c155-cdd9-4fd5-83c4-fdad05e9f39d (type: router_ports) to 1 [pid: 8|app: 0|req: 638/1332] 10.0.0.81 () {34 vars in 788 bytes} [Fri Jul 24 06:02:04 2026] PUT /v2.0/routers/b52b79fe-c1f8-4d84-9f69-9bafdbe80ac9/remove_router_interface => generated 309 bytes in 777 msecs (HTTP/1.1 200) 4 headers in 157 bytes (1 switches on core 0) /var/lib/openstack/lib/python3.12/site-packages/pycadf/identifier.py:70: UserWarning: Invalid uuid: neutron. To ensure interoperability, identifiers should be a valid uuid. warnings.warn(('Invalid uuid: %s. To ensure interoperability, '
2026-07-24 06:02:05.306 7 INFO neutron.db.ovn_revision_numbers_db [None req-e6c58285-3654-43cb-b185-7ea452ae2b41 17ff640817f5454c966fe652f7caf629 354c0e0431104185b49cecee8cd527e5 - - default default] Successfully bumped revision number for resource d210d827-e28f-46c1-bcef-76865e79f0c2 (type: routers) to 2 [pid: 7|app: 0|req: 695/1333] 10.0.0.81 () {34 vars in 668 bytes} [Fri Jul 24 06:02:03 2026] POST /v2.0/routers => generated 972 bytes in 1599 msecs (HTTP/1.1 201) 4 headers in 162 bytes (1 switches on core 0) [pid: 7|app: 0|req: 696/1334] 10.0.0.81 () {32 vars in 735 bytes} [Fri Jul 24 06:02:05 2026] GET /v2.0/ports?device_id=b52b79fe-c1f8-4d84-9f69-9bafdbe80ac9 => generated 12 bytes in 18 msecs (HTTP/1.1 200) 4 headers in 156 bytes (1 switches on core 0)
2026-07-24 06:02:05.351 8 INFO neutron.notifiers.nova [-] Nova event matching ['req-7c992242-e1e2-47f7-abd6-96ad9442e122'] response: {'server_uuid': '608c02b9-765b-41f7-ad74-b88c2d792dc0', 'name': 'network-vif-plugged', 'status': 'completed', 'tag': 'cbdfae5a-957d-4538-a968-a4a1530080d4', 'code': 200}
2026-07-24 06:02:05.481 8 WARNING neutron.scheduler.dhcp_agent_scheduler [None req-d62062c1-3a85-44ca-9152-5b742c78bdc0 17ff640817f5454c966fe652f7caf629 354c0e0431104185b49cecee8cd527e5 - - default default] No more DHCP agents
2026-07-24 06:02:05.484 8 WARNING neutron.api.rpc.agentnotifiers.dhcp_rpc_agent_api [None req-d62062c1-3a85-44ca-9152-5b742c78bdc0 17ff640817f5454c966fe652f7caf629 354c0e0431104185b49cecee8cd527e5 - - default default] Unable to schedule network b6014dd7-90bc-4fef-b1da-44829c5dfe10: no agents available; will retry on subsequent port and subnet creation events.
2026-07-24 06:02:05.805 7 WARNING neutron.scheduler.dhcp_agent_scheduler [None req-e120d330-b67e-46b6-9d18-76bdd6c38c9e 17ff640817f5454c966fe652f7caf629 354c0e0431104185b49cecee8cd527e5 - - default default] No more DHCP agents
