2026-07-24 05:23:36.137 8 INFO neutron.quota.resource_registry [None req-6df3247f-be54-4f6b-9968-1d7ac3ce02b3 - - - - - -] Creating instance of CountableResource for resource:ipsecpolicy
2026-07-24 05:23:36.137 8 WARNING neutron.quota.resource_registry [None req-6df3247f-be54-4f6b-9968-1d7ac3ce02b3 - - - - - -] ipsecpolicy is already registered
2026-07-24 05:23:36.137 8 INFO neutron.quota.resource_registry [None req-6df3247f-be54-4f6b-9968-1d7ac3ce02b3 - - - - - -] Creating instance of CountableResource for resource:ikepolicy
2026-07-24 05:23:36.137 8 WARNING neutron.quota.resource_registry [None req-6df3247f-be54-4f6b-9968-1d7ac3ce02b3 - - - - - -] ikepolicy is already registered
2026-07-24 05:23:36.137 7 INFO neutron.api.extensions [None req-76ac0017-6dce-41ac-af42-a2f88c6a1dbc - - - - - -] Loaded extension: flavors
2026-07-24 05:23:36.138 7 INFO neutron.api.extensions [None req-76ac0017-6dce-41ac-af42-a2f88c6a1dbc - - - - - -] Extension floating-ip-port-forwarding not supported by any of loaded plugins
2026-07-24 05:23:36.139 7 INFO neutron.api.extensions [None req-76ac0017-6dce-41ac-af42-a2f88c6a1dbc - - - - - -] Loaded extension: floatingip-pools
2026-07-24 05:23:36.140 7 INFO neutron.api.extensions [None req-76ac0017-6dce-41ac-af42-a2f88c6a1dbc - - - - - -] Loaded extension: ip_allocation
2026-07-24 05:23:36.140 7 INFO neutron.api.extensions [None req-76ac0017-6dce-41ac-af42-a2f88c6a1dbc - - - - - -] Extension ip-substring-filtering not supported by any of loaded plugins
2026-07-24 05:23:36.141 7 INFO neutron.api.extensions [None req-76ac0017-6dce-41ac-af42-a2f88c6a1dbc - - - - - -] Loaded extension: l2_adjacency
2026-07-24 05:23:36.142 8 INFO neutron.quota.resource_registry [None req-6df3247f-be54-4f6b-9968-1d7ac3ce02b3 - - - - - -] Creating instance of TrackedResource for resource:router
2026-07-24 05:23:36.142 8 WARNING neutron.quota.resource_registry [None req-6df3247f-be54-4f6b-9968-1d7ac3ce02b3 - - - - - -] router is already registered
2026-07-24 05:23:36.142 7 INFO neutron.api.extensions [None req-76ac0017-6dce-41ac-af42-a2f88c6a1dbc - - - - - -] Loaded extension: router
2026-07-24 05:23:36.142 8 INFO neutron.quota.resource_registry [None req-6df3247f-be54-4f6b-9968-1d7ac3ce02b3 - - - - - -] Creating instance of TrackedResource for resource:floatingip
2026-07-24 05:23:36.143 8 WARNING neutron.quota.resource_registry [None req-6df3247f-be54-4f6b-9968-1d7ac3ce02b3 - - - - - -] floatingip is already registered
2026-07-24 05:23:36.144 7 INFO neutron.api.extensions [None req-76ac0017-6dce-41ac-af42-a2f88c6a1dbc - - - - - -] Extension l3-conntrack-helper not supported by any of loaded plugins
2026-07-24 05:23:36.145 7 INFO neutron.api.extensions [None req-76ac0017-6dce-41ac-af42-a2f88c6a1dbc - - - - - -] Loaded extension: enable-default-route-bfd
2026-07-24 05:23:36.145 7 INFO neutron.api.extensions [None req-76ac0017-6dce-41ac-af42-a2f88c6a1dbc - - - - - -] Loaded extension: enable-default-route-ecmp
2026-07-24 05:23:36.146 7 INFO neutron.api.extensions [None req-76ac0017-6dce-41ac-af42-a2f88c6a1dbc - - - - - -] Loaded extension: ext-gw-mode
2026-07-24 05:23:36.146 7 INFO neutron.api.extensions [None req-76ac0017-6dce-41ac-af42-a2f88c6a1dbc - - - - - -] Loaded extension: l3-ha
2026-07-24 05:23:36.147 8 INFO neutron.quota.resource_registry [None req-6df3247f-be54-4f6b-9968-1d7ac3ce02b3 - - - - - -] Creating instance of CountableResource for resource:rbac_policy
2026-07-24 05:23:36.147 8 WARNING neutron.quota.resource_registry [None req-6df3247f-be54-4f6b-9968-1d7ac3ce02b3 - - - - - -] rbac_policy is already registered
2026-07-24 05:23:36.148 8 INFO neutron.quota.resource_registry [None req-6df3247f-be54-4f6b-9968-1d7ac3ce02b3 - - - - - -] Creating instance of TrackedResource for resource:security_group
2026-07-24 05:23:36.148 8 WARNING neutron.quota.resource_registry [None req-6df3247f-be54-4f6b-9968-1d7ac3ce02b3 - - - - - -] security_group is already registered
2026-07-24 05:23:36.148 8 INFO neutron.quota.resource_registry [None req-6df3247f-be54-4f6b-9968-1d7ac3ce02b3 - - - - - -] Creating instance of TrackedResource for resource:security_group_rule
2026-07-24 05:23:36.148 8 WARNING neutron.quota.resource_registry [None req-6df3247f-be54-4f6b-9968-1d7ac3ce02b3 - - - - - -] security_group_rule is already registered
2026-07-24 05:23:36.150 7 INFO neutron.api.extensions [None req-76ac0017-6dce-41ac-af42-a2f88c6a1dbc - - - - - -] Extension l3-ext-ndp-proxy not supported by any of loaded plugins
2026-07-24 05:23:36.150 7 INFO neutron.api.extensions [None req-76ac0017-6dce-41ac-af42-a2f88c6a1dbc - - - - - -] Loaded extension: external-gateway-multihoming
2026-07-24 05:23:36.150 8 INFO neutron.quota.resource_registry [None req-6df3247f-be54-4f6b-9968-1d7ac3ce02b3 - - - - - -] Creating instance of TrackedResource for resource:subnetpool
2026-07-24 05:23:36.151 8 WARNING neutron.quota.resource_registry [None req-6df3247f-be54-4f6b-9968-1d7ac3ce02b3 - - - - - -] subnetpool is already registered
2026-07-24 05:23:36.151 7 INFO neutron.api.extensions [None req-76ac0017-6dce-41ac-af42-a2f88c6a1dbc - - - - - -] Loaded extension: l3-flavors
2026-07-24 05:23:36.151 8 INFO neutron.quota.resource_registry [None req-6df3247f-be54-4f6b-9968-1d7ac3ce02b3 - - - - - -] Creating instance of CountableResource for resource:trunk
2026-07-24 05:23:36.151 8 WARNING neutron.quota.resource_registry [None req-6df3247f-be54-4f6b-9968-1d7ac3ce02b3 - - - - - -] trunk is already registered
2026-07-24 05:23:36.152 8 INFO neutron.quota.resource_registry [None req-6df3247f-be54-4f6b-9968-1d7ac3ce02b3 - - - - - -] Creating instance of CountableResource for resource:ikepolicy
2026-07-24 05:23:36.152 8 WARNING neutron.quota.resource_registry [None req-6df3247f-be54-4f6b-9968-1d7ac3ce02b3 - - - - - -] ikepolicy is already registered
2026-07-24 05:23:36.152 7 INFO neutron.api.extensions [None req-76ac0017-6dce-41ac-af42-a2f88c6a1dbc - - - - - -] Extension l3-ndp-proxy not supported by any of loaded plugins
2026-07-24 05:23:36.152 8 INFO neutron.quota.resource_registry [None req-6df3247f-be54-4f6b-9968-1d7ac3ce02b3 - - - - - -] Creating instance of CountableResource for resource:ipsecpolicy
2026-07-24 05:23:36.152 8 WARNING neutron.quota.resource_registry [None req-6df3247f-be54-4f6b-9968-1d7ac3ce02b3 - - - - - -] ipsecpolicy is already registered
2026-07-24 05:23:36.153 7 INFO neutron.api.extensions [None req-76ac0017-6dce-41ac-af42-a2f88c6a1dbc - - - - - -] Extension l3-port-ip-change-not-allowed not supported by any of loaded plugins
2026-07-24 05:23:36.153 8 INFO neutron.quota.resource_registry [None req-6df3247f-be54-4f6b-9968-1d7ac3ce02b3 - - - - - -] Creating instance of CountableResource for resource:endpoint_group
2026-07-24 05:23:36.153 8 WARNING neutron.quota.resource_registry [None req-6df3247f-be54-4f6b-9968-1d7ac3ce02b3 - - - - - -] endpoint_group is already registered
2026-07-24 05:23:36.153 8 INFO neutron.quota.resource_registry [None req-6df3247f-be54-4f6b-9968-1d7ac3ce02b3 - - - - - -] Creating instance of CountableResource for resource:vpnservice
2026-07-24 05:23:36.153 8 WARNING neutron.quota.resource_registry [None req-6df3247f-be54-4f6b-9968-1d7ac3ce02b3 - - - - - -] vpnservice is already registered
2026-07-24 05:23:36.154 8 INFO neutron.quota.resource_registry [None req-6df3247f-be54-4f6b-9968-1d7ac3ce02b3 - - - - - -] Creating instance of CountableResource for resource:ipsec_site_connection
2026-07-24 05:23:36.154 8 WARNING neutron.quota.resource_registry [None req-6df3247f-be54-4f6b-9968-1d7ac3ce02b3 - - - - - -] ipsec_site_connection is already registered
2026-07-24 05:23:36.154 8 INFO neutron.quota.resource_registry [None req-6df3247f-be54-4f6b-9968-1d7ac3ce02b3 - - - - - -] Creating instance of CountableResource for resource:ipsecpolicy
2026-07-24 05:23:36.154 8 WARNING neutron.quota.resource_registry [None req-6df3247f-be54-4f6b-9968-1d7ac3ce02b3 - - - - - -] ipsecpolicy is already registered
2026-07-24 05:23:36.155 8 INFO neutron.quota.resource_registry [None req-6df3247f-be54-4f6b-9968-1d7ac3ce02b3 - - - - - -] Creating instance of CountableResource for resource:ikepolicy
2026-07-24 05:23:36.155 7 INFO neutron.api.extensions [None req-76ac0017-6dce-41ac-af42-a2f88c6a1dbc - - - - - -] Extension l3_agent_scheduler not supported by any of loaded plugins
2026-07-24 05:23:36.155 8 WARNING neutron.quota.resource_registry [None req-6df3247f-be54-4f6b-9968-1d7ac3ce02b3 - - - - - -] ikepolicy is already registered
2026-07-24 05:23:36.156 7 INFO neutron.api.extensions [None req-76ac0017-6dce-41ac-af42-a2f88c6a1dbc - - - - - -] Extension local_ip not supported by any of loaded plugins
2026-07-24 05:23:36.157 7 INFO neutron.api.extensions [None req-76ac0017-6dce-41ac-af42-a2f88c6a1dbc - - - - - -] Loaded extension: logging
2026-07-24 05:23:36.159 7 INFO neutron.api.extensions [None req-76ac0017-6dce-41ac-af42-a2f88c6a1dbc - - - - - -] Extension metering not supported by any of loaded plugins
2026-07-24 05:23:36.159 7 INFO neutron.api.extensions [None req-76ac0017-6dce-41ac-af42-a2f88c6a1dbc - - - - - -] Extension metering_source_and_destination_fields not supported by any of loaded plugins
2026-07-24 05:23:36.160 7 INFO neutron.api.extensions [None req-76ac0017-6dce-41ac-af42-a2f88c6a1dbc - - - - - -] Loaded extension: multi-provider
2026-07-24 05:23:36.160 7 INFO neutron.api.extensions [None req-76ac0017-6dce-41ac-af42-a2f88c6a1dbc - - - - - -] Loaded extension: net-mtu
2026-07-24 05:23:36.161 7 INFO neutron.api.extensions [None req-76ac0017-6dce-41ac-af42-a2f88c6a1dbc - - - - - -] Loaded extension: net-mtu-writable
2026-07-24 05:23:36.161 7 INFO neutron.api.extensions [None req-76ac0017-6dce-41ac-af42-a2f88c6a1dbc - - - - - -] Loaded extension: network_availability_zone
2026-07-24 05:23:36.162 7 INFO neutron.api.extensions [None req-76ac0017-6dce-41ac-af42-a2f88c6a1dbc - - - - - -] Extension network_ha not supported by any of loaded plugins
2026-07-24 05:23:36.163 7 INFO neutron.api.extensions [None req-76ac0017-6dce-41ac-af42-a2f88c6a1dbc - - - - - -] Loaded extension: network-ip-availability
2026-07-24 05:23:36.164 7 INFO neutron.api.extensions [None req-76ac0017-6dce-41ac-af42-a2f88c6a1dbc - - - - - -] Extension network-segment-range not supported by any of loaded plugins
2026-07-24 05:23:36.164 7 INFO neutron.api.extensions [None req-76ac0017-6dce-41ac-af42-a2f88c6a1dbc - - - - - -] Loaded extension: pagination
2026-07-24 05:23:36.165 7 INFO neutron.api.extensions [None req-76ac0017-6dce-41ac-af42-a2f88c6a1dbc - - - - - -] Loaded extension: port-device-profile
2026-07-24 05:23:36.165 7 INFO neutron.api.extensions [None req-76ac0017-6dce-41ac-af42-a2f88c6a1dbc - - - - - -] Extension port-hardware-offload-type not supported by any of loaded plugins
2026-07-24 05:23:36.166 7 INFO neutron.api.extensions [None req-76ac0017-6dce-41ac-af42-a2f88c6a1dbc - - - - - -] Extension port-hint-ovs-tx-steering not supported by any of loaded plugins
2026-07-24 05:23:36.166 7 INFO neutron.api.extensions [None req-76ac0017-6dce-41ac-af42-a2f88c6a1dbc - - - - - -] Extension port-hints not supported by any of loaded plugins
2026-07-24 05:23:36.167 7 INFO neutron.api.extensions [None req-76ac0017-6dce-41ac-af42-a2f88c6a1dbc - - - - - -] Extension port-mac-override not supported by any of loaded plugins
2026-07-24 05:23:36.167 7 INFO neutron.api.extensions [None req-76ac0017-6dce-41ac-af42-a2f88c6a1dbc - - - - - -] Loaded extension: port-mac-address-regenerate
2026-07-24 05:23:36.168 7 INFO neutron.api.extensions [None req-76ac0017-6dce-41ac-af42-a2f88c6a1dbc - - - - - -] Loaded extension: port-numa-affinity-policy
2026-07-24 05:23:36.169 7 INFO neutron.api.extensions [None req-76ac0017-6dce-41ac-af42-a2f88c6a1dbc - - - - - -] Loaded extension: port-numa-affinity-policy-socket
2026-07-24 05:23:36.169 7 INFO neutron.api.extensions [None req-76ac0017-6dce-41ac-af42-a2f88c6a1dbc - - - - - -] Loaded extension: port-resource-request
2026-07-24 05:23:36.170 7 INFO neutron.api.extensions [None req-76ac0017-6dce-41ac-af42-a2f88c6a1dbc - - - - - -] Loaded extension: port-resource-request-groups
2026-07-24 05:23:36.170 7 INFO neutron.api.extensions [None req-76ac0017-6dce-41ac-af42-a2f88c6a1dbc - - - - - -] Extension port-trusted-vif not supported by any of loaded plugins
2026-07-24 05:23:36.171 7 INFO neutron.api.extensions [None req-76ac0017-6dce-41ac-af42-a2f88c6a1dbc - - - - - -] Loaded extension: binding
2026-07-24 05:23:36.171 7 INFO neutron.api.extensions [None req-76ac0017-6dce-41ac-af42-a2f88c6a1dbc - - - - - -] Loaded extension: binding-extended
2026-07-24 05:23:36.172 7 INFO neutron.api.extensions [None req-76ac0017-6dce-41ac-af42-a2f88c6a1dbc - - - - - -] Loaded extension: port-security
2026-07-24 05:23:36.172 7 INFO neutron.api.extensions [None req-76ac0017-6dce-41ac-af42-a2f88c6a1dbc - - - - - -] Loaded extension: project-id
2026-07-24 05:23:36.173 7 INFO neutron.api.extensions [None req-76ac0017-6dce-41ac-af42-a2f88c6a1dbc - - - - - -] Loaded extension: provider
2026-07-24 05:23:36.174 7 INFO neutron.api.extensions [None req-76ac0017-6dce-41ac-af42-a2f88c6a1dbc - - - - - -] Loaded extension: qinq
2026-07-24 05:23:36.176 7 INFO neutron.api.extensions [None req-76ac0017-6dce-41ac-af42-a2f88c6a1dbc - - - - - -] Loaded extension: qos
2026-07-24 05:23:36.177 7 INFO neutron.api.extensions [None req-76ac0017-6dce-41ac-af42-a2f88c6a1dbc - - - - - -] Loaded extension: qos-bw-limit-direction
2026-07-24 05:23:36.178 7 INFO neutron.api.extensions [None req-76ac0017-6dce-41ac-af42-a2f88c6a1dbc - - - - - -] Loaded extension: qos-bw-minimum-ingress
2026-07-24 05:23:36.178 7 INFO neutron.api.extensions [None req-76ac0017-6dce-41ac-af42-a2f88c6a1dbc - - - - - -] Loaded extension: qos-default
2026-07-24 05:23:36.179 7 INFO neutron.api.extensions [None req-76ac0017-6dce-41ac-af42-a2f88c6a1dbc - - - - - -] Loaded extension: qos-fip
2026-07-24 05:23:36.179 7 INFO neutron.api.extensions [None req-76ac0017-6dce-41ac-af42-a2f88c6a1dbc - - - - - -] Extension qos-fip-network-policy not supported by any of loaded plugins
2026-07-24 05:23:36.180 7 INFO neutron.api.extensions [None req-76ac0017-6dce-41ac-af42-a2f88c6a1dbc - - - - - -] Loaded extension: qos-gateway-ip
2026-07-24 05:23:36.180 7 INFO neutron.api.extensions [None req-76ac0017-6dce-41ac-af42-a2f88c6a1dbc - - - - - -] Loaded extension: qos-port-network-policy
2026-07-24 05:23:36.181 7 INFO neutron.api.extensions [None req-76ac0017-6dce-41ac-af42-a2f88c6a1dbc - - - - - -] Loaded extension: qos-pps-minimum
2026-07-24 05:23:36.181 7 INFO neutron.api.extensions [None req-76ac0017-6dce-41ac-af42-a2f88c6a1dbc - - - - - -] Loaded extension: qos-pps-minimum-rule-alias
2026-07-24 05:23:36.182 7 INFO neutron.api.extensions [None req-76ac0017-6dce-41ac-af42-a2f88c6a1dbc - - - - - -] Loaded extension: qos-pps
2026-07-24 05:23:36.183 7 INFO neutron.api.extensions [None req-76ac0017-6dce-41ac-af42-a2f88c6a1dbc - - - - - -] Loaded extension: qos-rule-type-details
2026-07-24 05:23:36.183 7 INFO neutron.api.extensions [None req-76ac0017-6dce-41ac-af42-a2f88c6a1dbc - - - - - -] Loaded extension: qos-rule-type-filter
2026-07-24 05:23:36.184 7 INFO neutron.api.extensions [None req-76ac0017-6dce-41ac-af42-a2f88c6a1dbc - - - - - -] Loaded extension: qos-rules-alias
2026-07-24 05:23:36.185 7 INFO neutron.api.extensions [None req-76ac0017-6dce-41ac-af42-a2f88c6a1dbc - - - - - -] Loaded extension: quota-check-limit
2026-07-24 05:23:36.185 7 INFO neutron.api.extensions [None req-76ac0017-6dce-41ac-af42-a2f88c6a1dbc - - - - - -] Loaded extension: quota-check-limit-default
2026-07-24 05:23:36.188 7 INFO neutron.api.extensions [None req-76ac0017-6dce-41ac-af42-a2f88c6a1dbc - - - - - -] Loaded extension: quotas
2026-07-24 05:23:36.189 7 INFO neutron.api.extensions [None req-76ac0017-6dce-41ac-af42-a2f88c6a1dbc - - - - - -] Loaded extension: quota_details
2026-07-24 05:23:36.190 7 INFO neutron.api.extensions [None req-76ac0017-6dce-41ac-af42-a2f88c6a1dbc - - - - - -] Loaded extension: rbac-policies
2026-07-24 05:23:36.191 7 INFO neutron.api.extensions [None req-76ac0017-6dce-41ac-af42-a2f88c6a1dbc - - - - - -] Extension rbac-address-group not supported by any of loaded plugins
2026-07-24 05:23:36.192 7 INFO neutron.api.extensions [None req-76ac0017-6dce-41ac-af42-a2f88c6a1dbc - - - - - -] Loaded extension: rbac-address-scope
2026-07-24 05:23:36.192 7 INFO neutron.api.extensions [None req-76ac0017-6dce-41ac-af42-a2f88c6a1dbc - - - - - -] Loaded extension: rbac-security-groups
2026-07-24 05:23:36.193 7 INFO neutron.api.extensions [None req-76ac0017-6dce-41ac-af42-a2f88c6a1dbc - - - - - -] Extension rbac-subnetpool not supported by any of loaded plugins
2026-07-24 05:23:36.193 7 INFO neutron.api.extensions [None req-76ac0017-6dce-41ac-af42-a2f88c6a1dbc - - - - - -] Loaded extension: revision-if-match
2026-07-24 05:23:36.194 7 INFO neutron.api.extensions [None req-76ac0017-6dce-41ac-af42-a2f88c6a1dbc - - - - - -] Loaded extension: standard-attr-revisions
2026-07-24 05:23:36.195 7 INFO neutron.api.extensions [None req-76ac0017-6dce-41ac-af42-a2f88c6a1dbc - - - - - -] Loaded extension: router_availability_zone
2026-07-24 05:23:36.194 8 WARNING keystonemiddleware._common.config [None req-6df3247f-be54-4f6b-9968-1d7ac3ce02b3 - - - - - -] The option "audit_map_file" is not known to keystonemiddleware
2026-07-24 05:23:36.195 7 INFO neutron.api.extensions [None req-76ac0017-6dce-41ac-af42-a2f88c6a1dbc - - - - - -] Extension router-service-type not supported by any of loaded plugins
2026-07-24 05:23:36.197 7 INFO neutron.api.extensions [None req-76ac0017-6dce-41ac-af42-a2f88c6a1dbc - - - - - -] Loaded extension: security-groups-default-rules
2026-07-24 05:23:36.198 7 INFO neutron.api.extensions [None req-76ac0017-6dce-41ac-af42-a2f88c6a1dbc - - - - - -] Loaded extension: security-groups-normalized-cidr
2026-07-24 05:23:36.198 7 INFO neutron.api.extensions [None req-76ac0017-6dce-41ac-af42-a2f88c6a1dbc - - - - - -] Extension port-security-groups-filtering not supported by any of loaded plugins
2026-07-24 05:23:36.199 7 INFO neutron.api.extensions [None req-76ac0017-6dce-41ac-af42-a2f88c6a1dbc - - - - - -] Loaded extension: security-groups-remote-address-group
2026-07-24 05:23:36.199 7 INFO neutron.api.extensions [None req-76ac0017-6dce-41ac-af42-a2f88c6a1dbc - - - - - -] Loaded extension: security-groups-rules-belongs-to-default-sg
2026-07-24 05:23:36.200 7 INFO neutron.api.extensions [None req-76ac0017-6dce-41ac-af42-a2f88c6a1dbc - - - - - -] Loaded extension: security-groups-shared-filtering
2026-07-24 05:23:36.202 8 WARNING oslo_config.cfg [None req-6df3247f-be54-4f6b-9968-1d7ac3ce02b3 - - - - - -] Deprecated: Option "auth_uri" from group "keystone_authtoken" is deprecated. Use option "www_authenticate_uri" from group "keystone_authtoken".
2026-07-24 05:23:36.205 7 INFO neutron.api.extensions [None req-76ac0017-6dce-41ac-af42-a2f88c6a1dbc - - - - - -] Loaded extension: security-group
2026-07-24 05:23:36.206 7 INFO neutron.api.extensions [None req-76ac0017-6dce-41ac-af42-a2f88c6a1dbc - - - - - -] Loaded extension: segment
2026-07-24 05:23:36.207 7 INFO neutron.api.extensions [None req-76ac0017-6dce-41ac-af42-a2f88c6a1dbc - - - - - -] Loaded extension: segments-peer-subnet-host-routes
2026-07-24 05:23:36.207 7 INFO neutron.api.extensions [None req-76ac0017-6dce-41ac-af42-a2f88c6a1dbc - - - - - -] Loaded extension: service-type
2026-07-24 05:23:36.208 7 INFO neutron.api.extensions [None req-76ac0017-6dce-41ac-af42-a2f88c6a1dbc - - - - - -] Loaded extension: sorting
2026-07-24 05:23:36.208 7 INFO neutron.api.extensions [None req-76ac0017-6dce-41ac-af42-a2f88c6a1dbc - - - - - -] Loaded extension: standard-attr-segment
2026-07-24 05:23:36.209 7 INFO neutron.api.extensions [None req-76ac0017-6dce-41ac-af42-a2f88c6a1dbc - - - - - -] Loaded extension: standard-attr-description
2026-07-24 05:23:36.210 7 INFO neutron.api.extensions [None req-76ac0017-6dce-41ac-af42-a2f88c6a1dbc - - - - - -] Loaded extension: stateful-security-group
2026-07-24 05:23:36.210 7 WARNING neutron.api.extensions [None req-76ac0017-6dce-41ac-af42-a2f88c6a1dbc - - - - - -] Did not find expected name "Stdattrs_common" in /var/lib/openstack/lib/python3.12/site-packages/neutron/extensions/stdattrs_common.py
2026-07-24 05:23:36.211 7 INFO neutron.api.extensions [None req-76ac0017-6dce-41ac-af42-a2f88c6a1dbc - - - - - -] Loaded extension: subnet-dns-publish-fixed-ip
2026-07-24 05:23:36.211 7 INFO neutron.api.extensions [None req-76ac0017-6dce-41ac-af42-a2f88c6a1dbc - - - - - -] Loaded extension: subnet-external-network
2026-07-24 05:23:36.212 7 INFO neutron.api.extensions [None req-76ac0017-6dce-41ac-af42-a2f88c6a1dbc - - - - - -] Extension subnet_onboard not supported by any of loaded plugins
2026-07-24 05:23:36.213 7 INFO neutron.api.extensions [None req-76ac0017-6dce-41ac-af42-a2f88c6a1dbc - - - - - -] Loaded extension: subnet-segmentid-writable
2026-07-24 05:23:36.213 7 INFO neutron.api.extensions [None req-76ac0017-6dce-41ac-af42-a2f88c6a1dbc - - - - - -] Loaded extension: subnet-service-types
2026-07-24 05:23:36.214 7 INFO neutron.api.extensions [None req-76ac0017-6dce-41ac-af42-a2f88c6a1dbc - - - - - -] Loaded extension: subnet_allocation
2026-07-24 05:23:36.215 7 INFO neutron.api.extensions [None req-76ac0017-6dce-41ac-af42-a2f88c6a1dbc - - - - - -] Loaded extension: subnetpool-prefix-ops
2026-07-24 05:23:36.216 7 INFO neutron.api.extensions [None req-76ac0017-6dce-41ac-af42-a2f88c6a1dbc - - - - - -] Loaded extension: tag-creation
2026-07-24 05:23:36.216 7 INFO neutron.api.extensions [None req-76ac0017-6dce-41ac-af42-a2f88c6a1dbc - - - - - -] Extension tag-ports-during-bulk-creation not supported by any of loaded plugins
2026-07-24 05:23:36.221 7 INFO neutron.api.extensions [None req-76ac0017-6dce-41ac-af42-a2f88c6a1dbc - - - - - -] Loaded extension: standard-attr-tag
2026-07-24 05:23:36.221 7 INFO neutron.api.extensions [None req-76ac0017-6dce-41ac-af42-a2f88c6a1dbc - - - - - -] Loaded extension: standard-attr-timestamp
2026-07-24 05:23:36.222 7 INFO neutron.api.extensions [None req-76ac0017-6dce-41ac-af42-a2f88c6a1dbc - - - - - -] Loaded extension: trunk
2026-07-24 05:23:36.223 7 INFO neutron.api.extensions [None req-76ac0017-6dce-41ac-af42-a2f88c6a1dbc - - - - - -] Loaded extension: trunk-details
2026-07-24 05:23:36.223 7 INFO neutron.api.extensions [None req-76ac0017-6dce-41ac-af42-a2f88c6a1dbc - - - - - -] Extension uplink-status-propagation not supported by any of loaded plugins
2026-07-24 05:23:36.224 7 INFO neutron.api.extensions [None req-76ac0017-6dce-41ac-af42-a2f88c6a1dbc - - - - - -] Extension uplink-status-propagation-updatable not supported by any of loaded plugins
2026-07-24 05:23:36.225 7 INFO neutron.api.extensions [None req-76ac0017-6dce-41ac-af42-a2f88c6a1dbc - - - - - -] Loaded extension: vlan-transparent
2026-07-24 05:23:36.225 7 INFO neutron.api.extensions [None req-76ac0017-6dce-41ac-af42-a2f88c6a1dbc - - - - - -] Loaded extension: vpn-aes-ctr
2026-07-24 05:23:36.227 7 INFO neutron.api.extensions [None req-76ac0017-6dce-41ac-af42-a2f88c6a1dbc - - - - - -] Loaded extension: vpn-agent-scheduler
2026-07-24 05:23:36.228 7 INFO neutron.api.extensions [None req-76ac0017-6dce-41ac-af42-a2f88c6a1dbc - - - - - -] Loaded extension: vpn-endpoint-groups
2026-07-24 05:23:36.228 8 WARNING neutron.plugins.ml2.drivers.ovn.mech_driver.mech_driver [None req-6df3247f-be54-4f6b-9968-1d7ac3ce02b3 - - - - - -] uWSGI must provide a start time using the configuration parameter "start-time %t" in the configuration file
2026-07-24 05:23:36.229 7 INFO neutron.api.extensions [None req-76ac0017-6dce-41ac-af42-a2f88c6a1dbc - - - - - -] Loaded extension: vpn-flavors
2026-07-24 05:23:36.231 7 INFO neutron.api.extensions [None req-76ac0017-6dce-41ac-af42-a2f88c6a1dbc - - - - - -] Loaded extension: vpnaas
2026-07-24 05:23:36.232 7 INFO neutron.api.extensions [None req-76ac0017-6dce-41ac-af42-a2f88c6a1dbc - - - - - -] Loaded extension: taas
2026-07-24 05:23:36.233 7 INFO neutron.api.extensions [None req-76ac0017-6dce-41ac-af42-a2f88c6a1dbc - - - - - -] Loaded extension: tap-mirror
2026-07-24 05:23:36.234 7 INFO neutron.api.extensions [None req-76ac0017-6dce-41ac-af42-a2f88c6a1dbc - - - - - -] Loaded extension: taas-vlan-filter
2026-07-24 05:23:36.237 7 INFO neutron.quota.resource_registry [None req-76ac0017-6dce-41ac-af42-a2f88c6a1dbc - - - - - -] Creating instance of TrackedResource for resource:network
2026-07-24 05:23:36.237 7 INFO neutron.quota.resource_registry [None req-76ac0017-6dce-41ac-af42-a2f88c6a1dbc - - - - - -] Creating instance of TrackedResource for resource:subnet
2026-07-24 05:23:36.237 7 INFO neutron.quota.resource_registry [None req-76ac0017-6dce-41ac-af42-a2f88c6a1dbc - - - - - -] Creating instance of TrackedResource for resource:subnetpool
2026-07-24 05:23:36.237 7 INFO neutron.quota.resource_registry [None req-76ac0017-6dce-41ac-af42-a2f88c6a1dbc - - - - - -] Creating instance of TrackedResource for resource:port
2026-07-24 05:23:36.241 7 INFO neutron.quota.resource_registry [None req-76ac0017-6dce-41ac-af42-a2f88c6a1dbc - - - - - -] Creating instance of TrackedResource for resource:router
2026-07-24 05:23:36.241 7 INFO neutron.quota.resource_registry [None req-76ac0017-6dce-41ac-af42-a2f88c6a1dbc - - - - - -] Creating instance of TrackedResource for resource:floatingip
2026-07-24 05:23:36.247 7 INFO neutron.quota.resource_registry [None req-76ac0017-6dce-41ac-af42-a2f88c6a1dbc - - - - - -] Creating instance of CountableResource for resource:rbac_policy
2026-07-24 05:23:36.248 7 INFO neutron.quota.resource_registry [None req-76ac0017-6dce-41ac-af42-a2f88c6a1dbc - - - - - -] Creating instance of TrackedResource for resource:security_group
2026-07-24 05:23:36.249 7 INFO neutron.quota.resource_registry [None req-76ac0017-6dce-41ac-af42-a2f88c6a1dbc - - - - - -] Creating instance of TrackedResource for resource:security_group_rule
2026-07-24 05:23:36.250 7 INFO neutron.quota.resource_registry [None req-76ac0017-6dce-41ac-af42-a2f88c6a1dbc - - - - - -] Creating instance of TrackedResource for resource:subnetpool
2026-07-24 05:23:36.250 7 WARNING neutron.quota.resource_registry [None req-76ac0017-6dce-41ac-af42-a2f88c6a1dbc - - - - - -] subnetpool is already registered
2026-07-24 05:23:36.250 8 INFO neutron.db.ovn_hash_ring_db [None req-6df3247f-be54-4f6b-9968-1d7ac3ce02b3 - - - - - -] Nodes from host "neutron-server-646f59d45c-xd7jh" and group "mechanism_driver" removed from the Hash Ring created at
2026-07-24 05:23:36+00:00
2026-07-24 05:23:36.250 7 INFO neutron.quota.resource_registry [None req-76ac0017-6dce-41ac-af42-a2f88c6a1dbc - - - - - -] Creating instance of CountableResource for resource:trunk
2026-07-24 05:23:36.251 7 INFO neutron.quota.resource_registry [None req-76ac0017-6dce-41ac-af42-a2f88c6a1dbc - - - - - -] Creating instance of CountableResource for resource:ikepolicy
2026-07-24 05:23:36.251 7 INFO neutron.quota.resource_registry [None req-76ac0017-6dce-41ac-af42-a2f88c6a1dbc - - - - - -] Creating instance of CountableResource for resource:ipsecpolicy
2026-07-24 05:23:36.252 7 INFO neutron.quota.resource_registry [None req-76ac0017-6dce-41ac-af42-a2f88c6a1dbc - - - - - -] Creating instance of CountableResource for resource:endpoint_group
2026-07-24 05:23:36.252 7 INFO neutron.quota.resource_registry [None req-76ac0017-6dce-41ac-af42-a2f88c6a1dbc - - - - - -] Creating instance of CountableResource for resource:vpnservice
2026-07-24 05:23:36.253 7 INFO neutron.quota.resource_registry [None req-76ac0017-6dce-41ac-af42-a2f88c6a1dbc - - - - - -] Creating instance of CountableResource for resource:ipsec_site_connection
2026-07-24 05:23:36.253 7 INFO neutron.quota.resource_registry [None req-76ac0017-6dce-41ac-af42-a2f88c6a1dbc - - - - - -] Creating instance of CountableResource for resource:ipsecpolicy
2026-07-24 05:23:36.253 7 WARNING neutron.quota.resource_registry [None req-76ac0017-6dce-41ac-af42-a2f88c6a1dbc - - - - - -] ipsecpolicy is already registered
2026-07-24 05:23:36.254 7 INFO neutron.quota.resource_registry [None req-76ac0017-6dce-41ac-af42-a2f88c6a1dbc - - - - - -] Creating instance of CountableResource for resource:ikepolicy
2026-07-24 05:23:36.254 7 WARNING neutron.quota.resource_registry [None req-76ac0017-6dce-41ac-af42-a2f88c6a1dbc - - - - - -] ikepolicy is already registered
2026-07-24 05:23:36.254 8 INFO neutron.db.ovn_hash_ring_db [None req-6df3247f-be54-4f6b-9968-1d7ac3ce02b3 - - - - - -] Node 6d2e712050a85467bea5927cd0c9968f from host "neutron-server-646f59d45c-xd7jh" and group "mechanism_driver" added to the Hash Ring
2026-07-24 05:23:36.258 7 INFO neutron.quota.resource_registry [None req-76ac0017-6dce-41ac-af42-a2f88c6a1dbc - - - - - -] Creating instance of TrackedResource for resource:router
2026-07-24 05:23:36.259 7 WARNING neutron.quota.resource_registry [None req-76ac0017-6dce-41ac-af42-a2f88c6a1dbc - - - - - -] router is already registered
2026-07-24 05:23:36.259 7 INFO neutron.quota.resource_registry [None req-76ac0017-6dce-41ac-af42-a2f88c6a1dbc - - - - - -] Creating instance of TrackedResource for resource:floatingip
2026-07-24 05:23:36.259 7 WARNING neutron.quota.resource_registry [None req-76ac0017-6dce-41ac-af42-a2f88c6a1dbc - - - - - -] floatingip is already registered
2026-07-24 05:23:36.263 8 INFO neutron.plugins.ml2.drivers.ovn.mech_driver.mech_driver [None req-6df3247f-be54-4f6b-9968-1d7ac3ce02b3 - - - - - -] Hash Ring probing thread for node 6d2e712050a85467bea5927cd0c9968f has started
2026-07-24 05:23:36.263 7 INFO neutron.quota.resource_registry [None req-76ac0017-6dce-41ac-af42-a2f88c6a1dbc - - - - - -] Creating instance of CountableResource for resource:rbac_policy
2026-07-24 05:23:36.264 7 WARNING neutron.quota.resource_registry [None req-76ac0017-6dce-41ac-af42-a2f88c6a1dbc - - - - - -] rbac_policy is already registered
2026-07-24 05:23:36.264 8 INFO neutron.plugins.ml2.drivers.ovn.mech_driver.ovsdb.impl_idl_ovn [None req-6df3247f-be54-4f6b-9968-1d7ac3ce02b3 - - - - - -] Getting OvsdbNbOvnIdl for WorkerService with retry
2026-07-24 05:23:36.264 7 INFO neutron.quota.resource_registry [None req-76ac0017-6dce-41ac-af42-a2f88c6a1dbc - - - - - -] Creating instance of TrackedResource for resource:security_group
2026-07-24 05:23:36.264 7 WARNING neutron.quota.resource_registry [None req-76ac0017-6dce-41ac-af42-a2f88c6a1dbc - - - - - -] security_group is already registered
2026-07-24 05:23:36.265 7 INFO neutron.quota.resource_registry [None req-76ac0017-6dce-41ac-af42-a2f88c6a1dbc - - - - - -] Creating instance of TrackedResource for resource:security_group_rule
2026-07-24 05:23:36.265 7 WARNING neutron.quota.resource_registry [None req-76ac0017-6dce-41ac-af42-a2f88c6a1dbc - - - - - -] security_group_rule is already registered
2026-07-24 05:23:36.267 7 INFO neutron.quota.resource_registry [None req-76ac0017-6dce-41ac-af42-a2f88c6a1dbc - - - - - -] Creating instance of TrackedResource for resource:subnetpool
2026-07-24 05:23:36.268 7 WARNING neutron.quota.resource_registry [None req-76ac0017-6dce-41ac-af42-a2f88c6a1dbc - - - - - -] subnetpool is already registered
2026-07-24 05:23:36.268 7 INFO neutron.quota.resource_registry [None req-76ac0017-6dce-41ac-af42-a2f88c6a1dbc - - - - - -] Creating instance of CountableResource for resource:trunk
2026-07-24 05:23:36.268 7 WARNING neutron.quota.resource_registry [None req-76ac0017-6dce-41ac-af42-a2f88c6a1dbc - - - - - -] trunk is already registered
2026-07-24 05:23:36.269 7 INFO neutron.quota.resource_registry [None req-76ac0017-6dce-41ac-af42-a2f88c6a1dbc - - - - - -] Creating instance of CountableResource for resource:ikepolicy
2026-07-24 05:23:36.269 7 WARNING neutron.quota.resource_registry [None req-76ac0017-6dce-41ac-af42-a2f88c6a1dbc - - - - - -] ikepolicy is already registered
2026-07-24 05:23:36.269 7 INFO neutron.quota.resource_registry [None req-76ac0017-6dce-41ac-af42-a2f88c6a1dbc - - - - - -] Creating instance of CountableResource for resource:ipsecpolicy
2026-07-24 05:23:36.269 7 WARNING neutron.quota.resource_registry [None req-76ac0017-6dce-41ac-af42-a2f88c6a1dbc - - - - - -] ipsecpolicy is already registered
2026-07-24 05:23:36.270 7 INFO neutron.quota.resource_registry [None req-76ac0017-6dce-41ac-af42-a2f88c6a1dbc - - - - - -] Creating instance of CountableResource for resource:endpoint_group
2026-07-24 05:23:36.270 7 WARNING neutron.quota.resource_registry [None req-76ac0017-6dce-41ac-af42-a2f88c6a1dbc - - - - - -] endpoint_group is already registered
2026-07-24 05:23:36.270 7 INFO neutron.quota.resource_registry [None req-76ac0017-6dce-41ac-af42-a2f88c6a1dbc - - - - - -] Creating instance of CountableResource for resource:vpnservice
2026-07-24 05:23:36.270 7 WARNING neutron.quota.resource_registry [None req-76ac0017-6dce-41ac-af42-a2f88c6a1dbc - - - - - -] vpnservice is already registered
2026-07-24 05:23:36.271 7 INFO neutron.quota.resource_registry [None req-76ac0017-6dce-41ac-af42-a2f88c6a1dbc - - - - - -] Creating instance of CountableResource for resource:ipsec_site_connection
2026-07-24 05:23:36.271 7 WARNING neutron.quota.resource_registry [None req-76ac0017-6dce-41ac-af42-a2f88c6a1dbc - - - - - -] ipsec_site_connection is already registered
2026-07-24 05:23:36.271 7 INFO neutron.quota.resource_registry [None req-76ac0017-6dce-41ac-af42-a2f88c6a1dbc - - - - - -] Creating instance of CountableResource for resource:ipsecpolicy
2026-07-24 05:23:36.271 7 WARNING neutron.quota.resource_registry [None req-76ac0017-6dce-41ac-af42-a2f88c6a1dbc - - - - - -] ipsecpolicy is already registered
2026-07-24 05:23:36.272 7 INFO neutron.quota.resource_registry [None req-76ac0017-6dce-41ac-af42-a2f88c6a1dbc - - - - - -] Creating instance of CountableResource for resource:ikepolicy
2026-07-24 05:23:36.272 7 WARNING neutron.quota.resource_registry [None req-76ac0017-6dce-41ac-af42-a2f88c6a1dbc - - - - - -] ikepolicy is already registered
2026-07-24 05:23:36.302 8 INFO ovsdbapp.backend.ovs_idl.vlog [None req-6df3247f-be54-4f6b-9968-1d7ac3ce02b3 - - - - - -] tcp:10.108.68.189:6641: connecting...
2026-07-24 05:23:36.302 8 INFO ovsdbapp.backend.ovs_idl.vlog [None req-6df3247f-be54-4f6b-9968-1d7ac3ce02b3 - - - - - -] tcp:10.108.68.189:6641: connected
2026-07-24 05:23:36.310 7 WARNING keystonemiddleware._common.config [None req-76ac0017-6dce-41ac-af42-a2f88c6a1dbc - - - - - -] The option "audit_map_file" is not known to keystonemiddleware
2026-07-24 05:23:36.318 7 WARNING oslo_config.cfg [None req-76ac0017-6dce-41ac-af42-a2f88c6a1dbc - - - - - -] Deprecated: Option "auth_uri" from group "keystone_authtoken" is deprecated. Use option "www_authenticate_uri" from group "keystone_authtoken".
2026-07-24 05:23:36.334 7 WARNING neutron.plugins.ml2.drivers.ovn.mech_driver.mech_driver [None req-76ac0017-6dce-41ac-af42-a2f88c6a1dbc - - - - - -] uWSGI must provide a start time using the configuration parameter "start-time %t" in the configuration file
2026-07-24 05:23:36.355 7 INFO neutron.db.ovn_hash_ring_db [None req-76ac0017-6dce-41ac-af42-a2f88c6a1dbc - - - - - -] Nodes from host "neutron-server-646f59d45c-xd7jh" and group "mechanism_driver" removed from the Hash Ring created at
2026-07-24 05:23:36+00:00
2026-07-24 05:23:36.358 7 INFO neutron.db.ovn_hash_ring_db [None req-76ac0017-6dce-41ac-af42-a2f88c6a1dbc - - - - - -] Node 7512423524525e7580d19e4448421809 from host "neutron-server-646f59d45c-xd7jh" and group "mechanism_driver" added to the Hash Ring
2026-07-24 05:23:36.369 7 INFO neutron.plugins.ml2.drivers.ovn.mech_driver.mech_driver [None req-76ac0017-6dce-41ac-af42-a2f88c6a1dbc - - - - - -] Hash Ring probing thread for node 7512423524525e7580d19e4448421809 has started
2026-07-24 05:23:36.370 7 INFO neutron.plugins.ml2.drivers.ovn.mech_driver.ovsdb.impl_idl_ovn [None req-76ac0017-6dce-41ac-af42-a2f88c6a1dbc - - - - - -] Getting OvsdbNbOvnIdl for WorkerService with retry
2026-07-24 05:23:36.391 8 INFO neutron.plugins.ml2.drivers.ovn.mech_driver.ovsdb.impl_idl_ovn [None req-6df3247f-be54-4f6b-9968-1d7ac3ce02b3 - - - - - -] Getting OvsdbSbOvnIdl for WorkerService with retry
2026-07-24 05:23:36.402 7 INFO ovsdbapp.backend.ovs_idl.vlog [None req-76ac0017-6dce-41ac-af42-a2f88c6a1dbc - - - - - -] tcp:10.108.68.189:6641: connecting...
2026-07-24 05:23:36.402 7 INFO ovsdbapp.backend.ovs_idl.vlog [None req-76ac0017-6dce-41ac-af42-a2f88c6a1dbc - - - - - -] tcp:10.108.68.189:6641: connected
2026-07-24 05:23:36.413 8 INFO ovsdbapp.backend.ovs_idl.vlog [None req-6df3247f-be54-4f6b-9968-1d7ac3ce02b3 - - - - - -] tcp:10.104.115.202:6642: connecting...
2026-07-24 05:23:36.414 8 INFO ovsdbapp.backend.ovs_idl.vlog [None req-6df3247f-be54-4f6b-9968-1d7ac3ce02b3 - - - - - -] tcp:10.104.115.202:6642: connected
2026-07-24 05:23:36.448 7 INFO neutron.plugins.ml2.drivers.ovn.mech_driver.ovsdb.impl_idl_ovn [None req-76ac0017-6dce-41ac-af42-a2f88c6a1dbc - - - - - -] Getting OvsdbSbOvnIdl for WorkerService with retry
2026-07-24 05:23:36.452 8 INFO neutron.plugins.ml2.drivers.ovn.mech_driver.mech_driver [None req-6df3247f-be54-4f6b-9968-1d7ac3ce02b3 - - - - - -] WorkerService process has finished the post initialization
2026-07-24 05:23:36.452 8 INFO neutron.plugins.ml2.drivers.ovn.mech_driver.ovsdb.extensions.qos [-] Starting OVNClientQosExtension
2026-07-24 05:23:36.453 8 INFO neutron.plugins.ml2.drivers.ovn.mech_driver.ovsdb.extensions.placement [-] Starting OVNClientPlacementExtension
2026-07-24 05:23:36.472 7 INFO ovsdbapp.backend.ovs_idl.vlog [None req-76ac0017-6dce-41ac-af42-a2f88c6a1dbc - - - - - -] tcp:10.104.115.202:6642: connecting...
2026-07-24 05:23:36.473 7 INFO ovsdbapp.backend.ovs_idl.vlog [None req-76ac0017-6dce-41ac-af42-a2f88c6a1dbc - - - - - -] tcp:10.104.115.202:6642: connected
2026-07-24 05:23:36.479 8 INFO ovsdbapp.backend.ovs_idl.vlog [None req-6df3247f-be54-4f6b-9968-1d7ac3ce02b3 - - - - - -] tcp:10.108.68.189:6641: connecting...
2026-07-24 05:23:36.480 8 INFO ovsdbapp.backend.ovs_idl.vlog [None req-6df3247f-be54-4f6b-9968-1d7ac3ce02b3 - - - - - -] tcp:10.108.68.189:6641: connected
2026-07-24 05:23:36.509 7 INFO neutron.plugins.ml2.drivers.ovn.mech_driver.mech_driver [None req-76ac0017-6dce-41ac-af42-a2f88c6a1dbc - - - - - -] WorkerService process has finished the post initialization
2026-07-24 05:23:36.532 7 INFO ovsdbapp.backend.ovs_idl.vlog [None req-76ac0017-6dce-41ac-af42-a2f88c6a1dbc - - - - - -] tcp:10.108.68.189:6641: connecting...
2026-07-24 05:23:36.532 7 INFO ovsdbapp.backend.ovs_idl.vlog [None req-76ac0017-6dce-41ac-af42-a2f88c6a1dbc - - - - - -] tcp:10.108.68.189:6641: connected
2026-07-24 05:23:36.732 8 INFO ovsdbapp.backend.ovs_idl.vlog [None req-6df3247f-be54-4f6b-9968-1d7ac3ce02b3 - - - - - -] tcp:10.108.68.189:6641: connecting...
2026-07-24 05:23:36.732 8 INFO ovsdbapp.backend.ovs_idl.vlog [None req-6df3247f-be54-4f6b-9968-1d7ac3ce02b3 - - - - - -] tcp:10.108.68.189:6641: connected WSGI app 0 (mountpoint='') ready in 11 seconds on interpreter 0x7f3385524668 pid: 8 (default app)
2026-07-24 05:23:36.814 7 INFO ovsdbapp.backend.ovs_idl.vlog [None req-76ac0017-6dce-41ac-af42-a2f88c6a1dbc - - - - - -] tcp:10.108.68.189:6641: connecting...
2026-07-24 05:23:36.815 7 INFO ovsdbapp.backend.ovs_idl.vlog [None req-76ac0017-6dce-41ac-af42-a2f88c6a1dbc - - - - - -] tcp:10.108.68.189:6641: connected WSGI app 0 (mountpoint='') ready in 11 seconds on interpreter 0x7f3385524668 pid: 7 (default app) /var/lib/openstack/lib/python3.12/site-packages/pycadf/identifier.py:70: UserWarning: Invalid uuid: unknown. To ensure interoperability, identifiers should be a valid uuid. warnings.warn(('Invalid uuid: %s. To ensure interoperability, '
2026-07-24 05:23:37.728 8 INFO neutron.pecan_wsgi.hooks.translation [None req-93fd96e9-7a53-4f73-890d-8393ac4ff626 17ff640817f5454c966fe652f7caf629 354c0e0431104185b49cecee8cd527e5 - - default default] GET failed (client error): The resource could not be found. [pid: 8|app: 0|req: 3/4] 199.19.213.119 () {44 vars in 928 bytes} [Fri Jul 24 05:23:37 2026] GET /v2.0/networks/public => generated 108 bytes in 710 msecs (HTTP/1.1 404) 4 headers in 164 bytes (1 switches on core 0) /var/lib/openstack/lib/python3.12/site-packages/pycadf/identifier.py:70: UserWarning: Invalid uuid: unknown. To ensure interoperability, identifiers should be a valid uuid. warnings.warn(('Invalid uuid: %s. To ensure interoperability, ' [pid: 7|app: 0|req: 2/5] 199.19.213.119 () {44 vars in 950 bytes} [Fri Jul 24 05:23:37 2026] GET /v2.0/networks?name=public => generated 15 bytes in 228 msecs (HTTP/1.1 200) 4 headers in 156 bytes (1 switches on core 0)
2026-07-24 05:23:38.323 8 INFO neutron.db.ovn_revision_numbers_db [None req-568ef4eb-e0ce-4edb-8e30-1a2c62248ea2 17ff640817f5454c966fe652f7caf629 354c0e0431104185b49cecee8cd527e5 - - default default] Successfully bumped revision number for resource e29d658c-7363-4b10-92d5-1fe7455416e8 (type: security_groups) to 1
2026-07-24 05:23:38.342 8 INFO neutron.db.ovn_revision_numbers_db [None req-568ef4eb-e0ce-4edb-8e30-1a2c62248ea2 17ff640817f5454c966fe652f7caf629 354c0e0431104185b49cecee8cd527e5 - - default default] Successfully bumped revision number for resource 607ad02f-a43c-40d7-b3a8-0965f5c7f3ec (type: security_group_rules) to 0
2026-07-24 05:23:38.357 8 INFO neutron.db.ovn_revision_numbers_db [None req-568ef4eb-e0ce-4edb-8e30-1a2c62248ea2 17ff640817f5454c966fe652f7caf629 354c0e0431104185b49cecee8cd527e5 - - default default] Successfully bumped revision number for resource 8acb00ec-7c0e-4355-830a-de17d98a7cdb (type: security_group_rules) to 0
2026-07-24 05:23:38.370 8 INFO neutron.db.ovn_revision_numbers_db [None req-568ef4eb-e0ce-4edb-8e30-1a2c62248ea2 17ff640817f5454c966fe652f7caf629 354c0e0431104185b49cecee8cd527e5 - - default default] Successfully bumped revision number for resource b02f0683-fd31-4a1c-918f-f98f14dc1008 (type: security_group_rules) to 0
2026-07-24 05:23:38.382 8 INFO neutron.db.ovn_revision_numbers_db [None req-568ef4eb-e0ce-4edb-8e30-1a2c62248ea2 17ff640817f5454c966fe652f7caf629 354c0e0431104185b49cecee8cd527e5 - - default default] Successfully bumped revision number for resource d2cfb578-6247-4a94-be2f-44a118bcb37e (type: security_group_rules) to 0
2026-07-24 05:23:38.480 8 WARNING neutron.services.revisions.revision_plugin [None req-568ef4eb-e0ce-4edb-8e30-1a2c62248ea2 17ff640817f5454c966fe652f7caf629 354c0e0431104185b49cecee8cd527e5 - - default default] Could not find related network for resource to bump revision.
2026-07-24 05:23:38.523 8 INFO neutron.db.segments_db [None req-568ef4eb-e0ce-4edb-8e30-1a2c62248ea2 17ff640817f5454c966fe652f7caf629 354c0e0431104185b49cecee8cd527e5 - - default default] Added segment b326d1a4-4914-4260-a054-76b27aeeb447 of type flat for network f73ecf1a-dfb0-46cb-ae55-4ba7b77c3391
2026-07-24 05:23:38.680 8 INFO neutron.plugins.ml2.drivers.ovn.mech_driver.mech_driver [-] OVN reports status down for port: provnet-b326d1a4-4914-4260-a054-76b27aeeb447
2026-07-24 05:23:38.685 7 INFO neutron.plugins.ml2.drivers.ovn.mech_driver.mech_driver [-] OVN reports status down for port: provnet-b326d1a4-4914-4260-a054-76b27aeeb447
2026-07-24 05:23:38.749 8 INFO neutron.db.ovn_revision_numbers_db [None req-568ef4eb-e0ce-4edb-8e30-1a2c62248ea2 17ff640817f5454c966fe652f7caf629 354c0e0431104185b49cecee8cd527e5 - - default default] Successfully bumped revision number for resource f73ecf1a-dfb0-46cb-ae55-4ba7b77c3391 (type: networks) to 1
2026-07-24 05:23:39.329 8 WARNING neutron.scheduler.dhcp_agent_scheduler [None req-568ef4eb-e0ce-4edb-8e30-1a2c62248ea2 17ff640817f5454c966fe652f7caf629 354c0e0431104185b49cecee8cd527e5 - - default default] No more DHCP agents
2026-07-24 05:23:39.330 8 WARNING neutron.api.rpc.agentnotifiers.dhcp_rpc_agent_api [None req-568ef4eb-e0ce-4edb-8e30-1a2c62248ea2 17ff640817f5454c966fe652f7caf629 354c0e0431104185b49cecee8cd527e5 - - default default] Unable to schedule network f73ecf1a-dfb0-46cb-ae55-4ba7b77c3391: no agents available; will retry on subsequent port and subnet creation events.
2026-07-24 05:23:39.394 8 INFO neutron.plugins.ml2.drivers.ovn.mech_driver.mech_driver [None req-21bfb697-4cd7-4a0e-90f7-a0852b3c4f1a - - - - - -] OVN reports status down for port: e7a1e680-7094-48f2-be4b-4d48f55a6684
2026-07-24 05:23:39.496 8 INFO neutron.db.ovn_revision_numbers_db [None req-568ef4eb-e0ce-4edb-8e30-1a2c62248ea2 17ff640817f5454c966fe652f7caf629 354c0e0431104185b49cecee8cd527e5 - - default default] Successfully bumped revision number for resource e7a1e680-7094-48f2-be4b-4d48f55a6684 (type: ports) to 1 [pid: 8|app: 0|req: 4/6] 199.19.213.119 () {48 vars in 968 bytes} [Fri Jul 24 05:23:37 2026] POST /v2.0/networks => generated 744 bytes in 1626 msecs (HTTP/1.1 201) 4 headers in 162 bytes (1 switches on core 0)
2026-07-24 05:23:41.156 7 INFO neutron.pecan_wsgi.hooks.translation [None req-72ec9c06-90b4-47e0-814c-49e3d3844ddd 17ff640817f5454c966fe652f7caf629 354c0e0431104185b49cecee8cd527e5 - - default default] GET failed (client error): The resource could not be found. [pid: 7|app: 0|req: 3/7] 199.19.213.119 () {44 vars in 928 bytes} [Fri Jul 24 05:23:40 2026] GET /v2.0/networks/public => generated 108 bytes in 361 msecs (HTTP/1.1 404) 4 headers in 164 bytes (1 switches on core 0) [pid: 8|app: 0|req: 5/8] 199.19.213.119 () {44 vars in 950 bytes} [Fri Jul 24 05:23:41 2026] GET /v2.0/networks?name=public => generated 753 bytes in 42 msecs (HTTP/1.1 200) 4 headers in 157 bytes (1 switches on core 0)
2026-07-24 05:23:41.239 7 INFO neutron.pecan_wsgi.hooks.translation [None req-ad595e7a-6ea5-4802-b9b6-8c1ad7e87759 17ff640817f5454c966fe652f7caf629 354c0e0431104185b49cecee8cd527e5 - - default default] GET failed (client error): The resource could not be found. [pid: 7|app: 0|req: 4/9] 199.19.213.119 () {44 vars in 1035 bytes} [Fri Jul 24 05:23:41 2026] GET /v2.0/subnets/public-subnet?network_id=f73ecf1a-dfb0-46cb-ae55-4ba7b77c3391 => generated 113 bytes in 29 msecs (HTTP/1.1 404) 4 headers in 164 bytes (1 switches on core 0) [pid: 8|app: 0|req: 6/10] 199.19.213.119 () {44 vars in 1058 bytes} [Fri Jul 24 05:23:41 2026] GET /v2.0/subnets?name=public-subnet&network_id=f73ecf1a-dfb0-46cb-ae55-4ba7b77c3391 => generated 14 bytes in 26 msecs (HTTP/1.1 200) 4 headers in 156 bytes (1 switches on core 0)
2026-07-24 05:23:41.803 7 WARNING neutron.scheduler.dhcp_agent_scheduler [None req-2244e1a1-965c-485d-8290-4f0d40e46f11 17ff640817f5454c966fe652f7caf629 354c0e0431104185b49cecee8cd527e5 - - default default] No more DHCP agents
2026-07-24 05:23:41.806 7 WARNING neutron.api.rpc.agentnotifiers.dhcp_rpc_agent_api [None req-2244e1a1-965c-485d-8290-4f0d40e46f11 17ff640817f5454c966fe652f7caf629 354c0e0431104185b49cecee8cd527e5 - - default default] Unable to schedule network f73ecf1a-dfb0-46cb-ae55-4ba7b77c3391: no agents available; will retry on subsequent port and subnet creation events.
2026-07-24 05:23:41.806 7 INFO neutron.plugins.ml2.drivers.ovn.mech_driver.ovsdb.extensions.qos [None req-2244e1a1-965c-485d-8290-4f0d40e46f11 17ff640817f5454c966fe652f7caf629 354c0e0431104185b49cecee8cd527e5 - - default default] Starting OVNClientQosExtension
2026-07-24 05:23:41.807 7 INFO neutron.plugins.ml2.drivers.ovn.mech_driver.ovsdb.extensions.placement [None req-2244e1a1-965c-485d-8290-4f0d40e46f11 17ff640817f5454c966fe652f7caf629 354c0e0431104185b49cecee8cd527e5 - - default default] Starting OVNClientPlacementExtension
2026-07-24 05:23:42.791 7 INFO neutron.db.ovn_revision_numbers_db [None req-3d419ea7-955a-4acf-9686-bd38d1a34188 - - - - - -] Successfully bumped revision number for resource e7a1e680-7094-48f2-be4b-4d48f55a6684 (type: ports) to 2
2026-07-24 05:23:42.847 7 INFO neutron.db.ovn_revision_numbers_db [None req-3d419ea7-955a-4acf-9686-bd38d1a34188 - - - - - -] Successfully bumped revision number for resource 9fb656b0-0fc8-4373-82d0-388d7c3f402a (type: subnets) to 0 [pid: 7|app: 0|req: 5/11] 199.19.213.119 () {48 vars in 966 bytes} [Fri Jul 24 05:23:41 2026] POST /v2.0/subnets => generated 664 bytes in 1590 msecs (HTTP/1.1 201) 4 headers in 162 bytes (1 switches on core 0)
2026-07-24 05:28:49.181 7 INFO neutron.pecan_wsgi.hooks.translation [None req-8167dff1-cc00-4109-90ee-3f66e1bb8a30 17ff640817f5454c966fe652f7caf629 354c0e0431104185b49cecee8cd527e5 - - default default] GET failed (client error): The resource could not be found. [pid: 7|app: 0|req: 24/49] 199.19.213.119 () {44 vars in 938 bytes} [Fri Jul 24 05:28:49 2026] GET /v2.0/networks/lb-mgmt-net => generated 113 bytes in 170 msecs (HTTP/1.1 404) 4 headers in 164 bytes (1 switches on core 0) [pid: 8|app: 0|req: 26/50] 199.19.213.119 () {44 vars in 960 bytes} [Fri Jul 24 05:28:49 2026] GET /v2.0/networks?name=lb-mgmt-net => generated 15 bytes in 23 msecs (HTTP/1.1 200) 4 headers in 156 bytes (1 switches on core 0)
2026-07-24 05:28:49.330 7 INFO neutron.db.segments_db [None req-49142542-882a-4978-adae-88afa0006955 17ff640817f5454c966fe652f7caf629 354c0e0431104185b49cecee8cd527e5 - - default default] Added segment 707c27f6-3e1c-4bc2-baa5-fd6b656dad8a of type geneve for network e6c7efd6-cd9c-4176-a0c9-5914b4ead29f
2026-07-24 05:28:49.537 7 INFO neutron.db.ovn_revision_numbers_db [None req-49142542-882a-4978-adae-88afa0006955 17ff640817f5454c966fe652f7caf629 354c0e0431104185b49cecee8cd527e5 - - default default] Successfully bumped revision number for resource e6c7efd6-cd9c-4176-a0c9-5914b4ead29f (type: networks) to 1
2026-07-24 05:28:49.761 7 WARNING neutron.scheduler.dhcp_agent_scheduler [None req-49142542-882a-4978-adae-88afa0006955 17ff640817f5454c966fe652f7caf629 354c0e0431104185b49cecee8cd527e5 - - default default] No more DHCP agents
2026-07-24 05:28:49.763 7 WARNING neutron.api.rpc.agentnotifiers.dhcp_rpc_agent_api [None req-49142542-882a-4978-adae-88afa0006955 17ff640817f5454c966fe652f7caf629 354c0e0431104185b49cecee8cd527e5 - - default default] Unable to schedule network e6c7efd6-cd9c-4176-a0c9-5914b4ead29f: no agents available; will retry on subsequent port and subnet creation events.
