2026-07-24 06:01:25.261 8 WARNING neutron.api.rpc.agentnotifiers.dhcp_rpc_agent_api [None req-a4316a1e-6dd7-49e8-86a5-4cfe98fa7a5e 17ff640817f5454c966fe652f7caf629 354c0e0431104185b49cecee8cd527e5 - - default default] Unable to schedule network f73ecf1a-dfb0-46cb-ae55-4ba7b77c3391: no agents available; will retry on subsequent port and subnet creation events.
2026-07-24 06:01:25.321 7 INFO neutron_taas.services.taas.taas_plugin [None req-b6293c76-576c-4255-8331-47e3722feefe c4a7f13b3d574d41b0d9c17b414963ac bb839d2abea543fd947831d540292460 - - default default] TaaS: Handle Delete Port: 02c2d80c-5ec3-4c44-b024-0047398fe30a
2026-07-24 06:01:25.324 7 INFO neutron_taas.services.taas.tap_mirror_plugin [None req-b6293c76-576c-4255-8331-47e3722feefe c4a7f13b3d574d41b0d9c17b414963ac bb839d2abea543fd947831d540292460 - - default default] Tap Mirror: Handle Delete Port: 02c2d80c-5ec3-4c44-b024-0047398fe30a
2026-07-24 06:01:25.368 8 INFO neutron.plugins.ml2.drivers.ovn.mech_driver.mech_driver [None req-5ca76d47-e550-4798-8fea-4928efa3227c - - - - - -] OVN reports status down for port: bbcd4d46-1e93-4c84-9368-28f549760876
2026-07-24 06:01:25.422 8 INFO neutron.db.ovn_revision_numbers_db [None req-a4316a1e-6dd7-49e8-86a5-4cfe98fa7a5e 17ff640817f5454c966fe652f7caf629 354c0e0431104185b49cecee8cd527e5 - - default default] Successfully bumped revision number for resource bbcd4d46-1e93-4c84-9368-28f549760876 (type: ports) to 1
2026-07-24 06:01:25.533 7 INFO neutron.services.segments.plugin [-] Segment b509eccf-2508-40f7-9b13-2a6e1d692117 resource provider aggregate not found
2026-07-24 06:01:25.534 7 INFO neutron.services.segments.plugin [-] Segment b509eccf-2508-40f7-9b13-2a6e1d692117 resource provider aggregate not found
2026-07-24 06:01:25.556 7 INFO neutron.services.segments.plugin [-] Client error retrieving segment b509eccf-2508-40f7-9b13-2a6e1d692117 resource provider; error: Placement Client Error (4xx): {"errors": [{"status": 404, "title": "Not Found", "detail": "The resource could not be found.\n\n No resource provider with uuid b509eccf-2508-40f7-9b13-2a6e1d692117 found for delete ", "request_id": "req-34b13fc6-8039-44a1-bb07-261bd8b27f62"}]}
2026-07-24 06:01:25.558 7 INFO neutron.services.segments.plugin [-] Client error retrieving segment b509eccf-2508-40f7-9b13-2a6e1d692117 resource provider; error: Placement Client Error (4xx): {"errors": [{"status": 404, "title": "Not Found", "detail": "The resource could not be found.\n\n No resource provider with uuid b509eccf-2508-40f7-9b13-2a6e1d692117 found for delete ", "request_id": "req-2b8ab590-3e24-4b86-b55f-ff79bfa27fd0"}]} [pid: 7|app: 0|req: 543/1043] 10.0.0.81 () {32 vars in 725 bytes} [Fri Jul 24 06:01:25 2026] DELETE /v2.0/networks/d06cb503-5fe4-4945-b15a-c18749dac239 => generated 0 bytes in 361 msecs (HTTP/1.1 204) 3 headers in 131 bytes (1 switches on core 0) [pid: 7|app: 0|req: 544/1044] 10.0.0.81 () {32 vars in 773 bytes} [Fri Jul 24 06:01:26 2026] GET /v2.0/security-groups?tenant_id=bb839d2abea543fd947831d540292460&name=default => generated 2925 bytes in 202 msecs (HTTP/1.1 200) 4 headers in 158 bytes (1 switches on core 0)
2026-07-24 06:01:26.455 8 INFO neutron.plugins.ml2.drivers.ovn.mech_driver.ovsdb.commands [None req-3e1c221d-6ed4-432a-a6e9-8ae6ab941203 - - - - - -] Schedule LRP lrp-bbcd4d46-1e93-4c84-9368-28f549760876 on gateway 34347bc6-9b3f-493b-ae09-1fdb0417251b with priority 1
2026-07-24 06:01:26.520 8 INFO neutron.plugins.ml2.drivers.ovn.mech_driver.ovsdb.ovsdb_monitor [None req-2e4abc24-52e8-4c20-8999-068627a55b30 - - - - - -] Router 7185750e-5236-4993-8a4d-f37653f128eb is bound to host instance
2026-07-24 06:01:26.559 8 INFO neutron.plugins.ml2.drivers.ovn.mech_driver.mech_driver [None req-5ca76d47-e550-4798-8fea-4928efa3227c - - - - - -] OVN reports status up for port: bbcd4d46-1e93-4c84-9368-28f549760876 [pid: 7|app: 0|req: 545/1045] 10.0.0.81 () {32 vars in 739 bytes} [Fri Jul 24 06:01:26 2026] DELETE /v2.0/security-groups/0486d353-01c7-4ea3-a5dd-f44e7b386cf5 => generated 0 bytes in 296 msecs (HTTP/1.1 204) 2 headers in 112 bytes (1 switches on core 0)
2026-07-24 06:01:26.615 8 INFO neutron.plugins.ml2.plugin [None req-5ca76d47-e550-4798-8fea-4928efa3227c - - - - - -] Attempt 1 to provision port bbcd4d46-1e93-4c84-9368-28f549760876
2026-07-24 06:01:26.664 8 INFO neutron.db.ovn_revision_numbers_db [None req-a4316a1e-6dd7-49e8-86a5-4cfe98fa7a5e 17ff640817f5454c966fe652f7caf629 354c0e0431104185b49cecee8cd527e5 - - default default] Successfully bumped revision number for resource bbcd4d46-1e93-4c84-9368-28f549760876 (type: router_ports) to 1
2026-07-24 06:01:26.883 8 INFO neutron.db.ovn_revision_numbers_db [None req-a4316a1e-6dd7-49e8-86a5-4cfe98fa7a5e 17ff640817f5454c966fe652f7caf629 354c0e0431104185b49cecee8cd527e5 - - default default] Successfully bumped revision number for resource 7185750e-5236-4993-8a4d-f37653f128eb (type: routers) to 2 [pid: 8|app: 0|req: 501/1046] 10.0.0.81 () {34 vars in 668 bytes} [Fri Jul 24 06:01:24 2026] POST /v2.0/routers => generated 969 bytes in 2083 msecs (HTTP/1.1 201) 4 headers in 162 bytes (1 switches on core 0)
2026-07-24 06:01:27.363 7 WARNING neutron.scheduler.dhcp_agent_scheduler [None req-50c5de8e-9460-4160-bb1f-97c9ec918f9c 17ff640817f5454c966fe652f7caf629 354c0e0431104185b49cecee8cd527e5 - - default default] No more DHCP agents
2026-07-24 06:01:27.364 7 WARNING neutron.api.rpc.agentnotifiers.dhcp_rpc_agent_api [None req-50c5de8e-9460-4160-bb1f-97c9ec918f9c 17ff640817f5454c966fe652f7caf629 354c0e0431104185b49cecee8cd527e5 - - default default] Unable to schedule network 5e2e1cbb-3a26-4ff1-8995-6fa254b4b504: no agents available; will retry on subsequent port and subnet creation events.
2026-07-24 06:01:27.520 8 INFO neutron.db.ovn_revision_numbers_db [None req-6acbe98f-081a-4d53-9b88-271b7ef0789f 192f208afc984b6aadca69681b7f4bc2 3fa381f7aea04ab787d303e2d00641db - - default default] Successfully bumped revision number for resource a021c36e-fc04-41e3-b615-dd9e93382ef9 (type: security_groups) to 1
2026-07-24 06:01:27.524 7 INFO neutron.db.ovn_revision_numbers_db [None req-50c5de8e-9460-4160-bb1f-97c9ec918f9c 17ff640817f5454c966fe652f7caf629 354c0e0431104185b49cecee8cd527e5 - - default default] Successfully bumped revision number for resource d5f47fd5-e9e1-422e-bf19-3a2e8cfe067d (type: ports) to 1
2026-07-24 06:01:27.566 8 INFO neutron.db.ovn_revision_numbers_db [None req-6acbe98f-081a-4d53-9b88-271b7ef0789f 192f208afc984b6aadca69681b7f4bc2 3fa381f7aea04ab787d303e2d00641db - - default default] Successfully bumped revision number for resource 5dd337f5-584a-45b4-befe-3b1123112e62 (type: security_group_rules) to 0
2026-07-24 06:01:27.592 8 INFO neutron.db.ovn_revision_numbers_db [None req-6acbe98f-081a-4d53-9b88-271b7ef0789f 192f208afc984b6aadca69681b7f4bc2 3fa381f7aea04ab787d303e2d00641db - - default default] Successfully bumped revision number for resource 8a04af8d-b71d-4b1f-b5e4-1bc1be5e3028 (type: security_group_rules) to 0
2026-07-24 06:01:27.617 8 INFO neutron.db.ovn_revision_numbers_db [None req-6acbe98f-081a-4d53-9b88-271b7ef0789f 192f208afc984b6aadca69681b7f4bc2 3fa381f7aea04ab787d303e2d00641db - - default default] Successfully bumped revision number for resource 98e80305-62b0-4c09-8257-226fc5a68b82 (type: security_group_rules) to 0
2026-07-24 06:01:27.644 8 INFO neutron.db.ovn_revision_numbers_db [None req-6acbe98f-081a-4d53-9b88-271b7ef0789f 192f208afc984b6aadca69681b7f4bc2 3fa381f7aea04ab787d303e2d00641db - - default default] Successfully bumped revision number for resource bcb10f13-98f0-4bd4-bea0-8ce6a2ab6fe8 (type: security_group_rules) to 0
2026-07-24 06:01:27.804 8 INFO neutron.db.segments_db [None req-6acbe98f-081a-4d53-9b88-271b7ef0789f 192f208afc984b6aadca69681b7f4bc2 3fa381f7aea04ab787d303e2d00641db - - default default] Added segment b71d6df0-c2c3-47a7-bfbc-756c1b320ded of type geneve for network f03d53a1-ddcf-43ce-be8c-d968eeb66cd5
2026-07-24 06:01:27.928 8 INFO neutron.db.ovn_revision_numbers_db [None req-8949b71b-8bf8-438c-bded-99beb3e19901 - - - - - -] Successfully bumped revision number for resource bbcd4d46-1e93-4c84-9368-28f549760876 (type: ports) to 4
2026-07-24 06:01:27.962 8 INFO neutron.db.segments_db [None req-6acbe98f-081a-4d53-9b88-271b7ef0789f 192f208afc984b6aadca69681b7f4bc2 3fa381f7aea04ab787d303e2d00641db - - default default] Added segment fb82873f-a2d0-4590-aa10-99b04a4473ec of type geneve for network 3392c1c9-bc1d-45f6-8895-9d21d62ddf57
2026-07-24 06:01:28.214 8 INFO neutron.db.ovn_revision_numbers_db [None req-6acbe98f-081a-4d53-9b88-271b7ef0789f 192f208afc984b6aadca69681b7f4bc2 3fa381f7aea04ab787d303e2d00641db - - default default] Successfully bumped revision number for resource f03d53a1-ddcf-43ce-be8c-d968eeb66cd5 (type: networks) to 1
2026-07-24 06:01:28.251 7 WARNING neutron.scheduler.dhcp_agent_scheduler [None req-50c5de8e-9460-4160-bb1f-97c9ec918f9c 17ff640817f5454c966fe652f7caf629 354c0e0431104185b49cecee8cd527e5 - - default default] No more DHCP agents
2026-07-24 06:01:28.252 7 WARNING neutron.api.rpc.agentnotifiers.dhcp_rpc_agent_api [None req-50c5de8e-9460-4160-bb1f-97c9ec918f9c 17ff640817f5454c966fe652f7caf629 354c0e0431104185b49cecee8cd527e5 - - default default] Unable to schedule network 5e2e1cbb-3a26-4ff1-8995-6fa254b4b504: no agents available; will retry on subsequent port and subnet creation events.
2026-07-24 06:01:28.624 8 WARNING neutron.scheduler.dhcp_agent_scheduler [None req-6acbe98f-081a-4d53-9b88-271b7ef0789f 192f208afc984b6aadca69681b7f4bc2 3fa381f7aea04ab787d303e2d00641db - - default default] No more DHCP agents
2026-07-24 06:01:28.625 8 INFO neutron.db.ovn_revision_numbers_db [None req-8949b71b-8bf8-438c-bded-99beb3e19901 - - - - - -] Successfully bumped revision number for resource bbcd4d46-1e93-4c84-9368-28f549760876 (type: ports) to 5
2026-07-24 06:01:28.627 8 WARNING neutron.api.rpc.agentnotifiers.dhcp_rpc_agent_api [None req-6acbe98f-081a-4d53-9b88-271b7ef0789f 192f208afc984b6aadca69681b7f4bc2 3fa381f7aea04ab787d303e2d00641db - - default default] Unable to schedule network f03d53a1-ddcf-43ce-be8c-d968eeb66cd5: no agents available; will retry on subsequent port and subnet creation events.
2026-07-24 06:01:28.806 7 INFO neutron.db.ovn_revision_numbers_db [None req-50c5de8e-9460-4160-bb1f-97c9ec918f9c 17ff640817f5454c966fe652f7caf629 354c0e0431104185b49cecee8cd527e5 - - default default] Successfully bumped revision number for resource d5f47fd5-e9e1-422e-bf19-3a2e8cfe067d (type: router_ports) to 1 [pid: 7|app: 0|req: 546/1047] 10.0.0.81 () {34 vars in 782 bytes} [Fri Jul 24 06:01:26 2026] PUT /v2.0/routers/7185750e-5236-4993-8a4d-f37653f128eb/add_router_interface => generated 309 bytes in 1896 msecs (HTTP/1.1 200) 4 headers in 157 bytes (1 switches on core 0)
2026-07-24 06:01:28.844 8 INFO neutron.db.ovn_revision_numbers_db [None req-6acbe98f-081a-4d53-9b88-271b7ef0789f 192f208afc984b6aadca69681b7f4bc2 3fa381f7aea04ab787d303e2d00641db - - default default] Successfully bumped revision number for resource f893d9a0-87c8-45ce-bb42-8084e10b95c2 (type: ports) to 1
2026-07-24 06:01:28.987 8 INFO neutron.db.ovn_revision_numbers_db [None req-6acbe98f-081a-4d53-9b88-271b7ef0789f 192f208afc984b6aadca69681b7f4bc2 3fa381f7aea04ab787d303e2d00641db - - default default] Successfully bumped revision number for resource 3392c1c9-bc1d-45f6-8895-9d21d62ddf57 (type: networks) to 1
2026-07-24 06:01:29.113 7 INFO neutron.db.ovn_revision_numbers_db [None req-3b28e59d-1537-4bcb-80f4-feda0ee760be f91804b71f6748e09fd48450900167c5 8b2d53533e8b420a9288d1d059710563 - - default default] Successfully bumped revision number for resource 78536489-2a52-42e1-9d0d-1282e27e414f (type: security_groups) to 1
2026-07-24 06:01:29.131 7 INFO neutron.db.ovn_revision_numbers_db [None req-3b28e59d-1537-4bcb-80f4-feda0ee760be f91804b71f6748e09fd48450900167c5 8b2d53533e8b420a9288d1d059710563 - - default default] Successfully bumped revision number for resource 1f4c1fcc-24b5-46da-b1bc-05e5339010d4 (type: security_group_rules) to 0
2026-07-24 06:01:29.142 7 INFO neutron.db.ovn_revision_numbers_db [None req-3b28e59d-1537-4bcb-80f4-feda0ee760be f91804b71f6748e09fd48450900167c5 8b2d53533e8b420a9288d1d059710563 - - default default] Successfully bumped revision number for resource 7c9f8396-c5e7-4d8f-8a0d-0c42b48a6791 (type: security_group_rules) to 0
2026-07-24 06:01:29.152 8 WARNING neutron.scheduler.dhcp_agent_scheduler [None req-6acbe98f-081a-4d53-9b88-271b7ef0789f 192f208afc984b6aadca69681b7f4bc2 3fa381f7aea04ab787d303e2d00641db - - default default] No more DHCP agents
2026-07-24 06:01:29.154 8 WARNING neutron.api.rpc.agentnotifiers.dhcp_rpc_agent_api [None req-6acbe98f-081a-4d53-9b88-271b7ef0789f 192f208afc984b6aadca69681b7f4bc2 3fa381f7aea04ab787d303e2d00641db - - default default] Unable to schedule network 3392c1c9-bc1d-45f6-8895-9d21d62ddf57: no agents available; will retry on subsequent port and subnet creation events.
2026-07-24 06:01:29.160 7 INFO neutron.db.ovn_revision_numbers_db [None req-3b28e59d-1537-4bcb-80f4-feda0ee760be f91804b71f6748e09fd48450900167c5 8b2d53533e8b420a9288d1d059710563 - - default default] Successfully bumped revision number for resource 9ceb6796-7131-475d-b50e-173fdb097d7a (type: security_group_rules) to 0
2026-07-24 06:01:29.170 7 INFO neutron.db.ovn_revision_numbers_db [None req-3b28e59d-1537-4bcb-80f4-feda0ee760be f91804b71f6748e09fd48450900167c5 8b2d53533e8b420a9288d1d059710563 - - default default] Successfully bumped revision number for resource a63f3cbb-2fa3-4d9a-ab3a-e06e1782beda (type: security_group_rules) to 0
2026-07-24 06:01:29.206 7 INFO neutron.plugins.ml2.drivers.ovn.mech_driver.mech_driver [None req-58a3b1df-0849-4610-a0f5-7dfc306d9122 - - - - - -] OVN reports status down for port: de020231-c234-4058-a713-60ae6748233c
2026-07-24 06:01:29.247 8 INFO neutron.db.ovn_revision_numbers_db [None req-6acbe98f-081a-4d53-9b88-271b7ef0789f 192f208afc984b6aadca69681b7f4bc2 3fa381f7aea04ab787d303e2d00641db - - default default] Successfully bumped revision number for resource de020231-c234-4058-a713-60ae6748233c (type: ports) to 1 [pid: 8|app: 0|req: 502/1048] 10.0.0.81 () {34 vars in 669 bytes} [Fri Jul 24 06:01:26 2026] POST /v2.0/networks => generated 1322 bytes in 2315 msecs (HTTP/1.1 201) 4 headers in 163 bytes (1 switches on core 0)
2026-07-24 06:01:29.375 7 INFO neutron.db.ovn_revision_numbers_db [None req-3b28e59d-1537-4bcb-80f4-feda0ee760be f91804b71f6748e09fd48450900167c5 8b2d53533e8b420a9288d1d059710563 - - default default] Successfully bumped revision number for resource f3720839-f003-491d-8817-32431eba3e7a (type: security_groups) to 1
2026-07-24 06:01:29.390 7 INFO neutron.db.ovn_revision_numbers_db [None req-3b28e59d-1537-4bcb-80f4-feda0ee760be f91804b71f6748e09fd48450900167c5 8b2d53533e8b420a9288d1d059710563 - - default default] Successfully bumped revision number for resource 106ee71d-7cbd-4f54-91be-4672510d7c70 (type: security_group_rules) to 0
2026-07-24 06:01:29.404 7 INFO neutron.db.ovn_revision_numbers_db [None req-3b28e59d-1537-4bcb-80f4-feda0ee760be f91804b71f6748e09fd48450900167c5 8b2d53533e8b420a9288d1d059710563 - - default default] Successfully bumped revision number for resource 1bd75b7f-55e7-499e-90de-030d7663f6eb (type: security_group_rules) to 0 [pid: 8|app: 0|req: 503/1049] 10.0.0.81 () {32 vars in 648 bytes} [Fri Jul 24 06:01:29 2026] GET /v2.0/networks => generated 1971 bytes in 99 msecs (HTTP/1.1 200) 4 headers in 158 bytes (1 switches on core 0) [pid: 7|app: 0|req: 547/1050] 10.0.0.81 () {34 vars in 683 bytes} [Fri Jul 24 06:01:28 2026] POST /v2.0/security-groups => generated 1625 bytes in 639 msecs (HTTP/1.1 201) 4 headers in 163 bytes (1 switches on core 0) [pid: 7|app: 0|req: 548/1051] 10.0.0.81 () {32 vars in 662 bytes} [Fri Jul 24 06:01:29 2026] GET /v2.0/security-groups => generated 4530 bytes in 55 msecs (HTTP/1.1 200) 4 headers in 158 bytes (1 switches on core 0)
2026-07-24 06:01:29.548 8 INFO neutron_taas.services.taas.taas_plugin [None req-812496df-1204-47a2-9bfe-d0ed8a832d38 192f208afc984b6aadca69681b7f4bc2 3fa381f7aea04ab787d303e2d00641db - - default default] TaaS: Handle Delete Port: f893d9a0-87c8-45ce-bb42-8084e10b95c2
2026-07-24 06:01:29.551 8 INFO neutron_taas.services.taas.tap_mirror_plugin [None req-812496df-1204-47a2-9bfe-d0ed8a832d38 192f208afc984b6aadca69681b7f4bc2 3fa381f7aea04ab787d303e2d00641db - - default default] Tap Mirror: Handle Delete Port: f893d9a0-87c8-45ce-bb42-8084e10b95c2
2026-07-24 06:01:29.665 7 INFO neutron.db.ovn_revision_numbers_db [None req-9a9144f4-d727-46ef-8c02-135284dde588 8911aff5c1fb43d29c0a628d55faef32 46a3a12df05e4ec2a4c2a9a1ed0ff884 - - default default] Successfully bumped revision number for resource fc501b7b-faca-4c28-83cf-b0a8e0de2b2d (type: security_groups) to 1
2026-07-24 06:01:29.686 7 INFO neutron.db.ovn_revision_numbers_db [None req-9a9144f4-d727-46ef-8c02-135284dde588 8911aff5c1fb43d29c0a628d55faef32 46a3a12df05e4ec2a4c2a9a1ed0ff884 - - default default] Successfully bumped revision number for resource 0abaa751-c922-45d9-9467-f3c998958af2 (type: security_group_rules) to 0
2026-07-24 06:01:29.699 7 INFO neutron.db.ovn_revision_numbers_db [None req-9a9144f4-d727-46ef-8c02-135284dde588 8911aff5c1fb43d29c0a628d55faef32 46a3a12df05e4ec2a4c2a9a1ed0ff884 - - default default] Successfully bumped revision number for resource 1c38c3a1-bb2e-4573-a042-b34af7031da1 (type: security_group_rules) to 0 [pid: 7|app: 0|req: 549/1052] 10.0.0.81 () {34 vars in 684 bytes} [Fri Jul 24 06:01:29 2026] POST /v2.0/security-groups => generated 1660 bytes in 228 msecs (HTTP/1.1 201) 4 headers in 163 bytes (1 switches on core 0)
2026-07-24 06:01:29.764 8 INFO neutron.services.segments.plugin [-] Segment b71d6df0-c2c3-47a7-bfbc-756c1b320ded resource provider aggregate not found
2026-07-24 06:01:29.770 8 INFO neutron.services.segments.plugin [-] Segment b71d6df0-c2c3-47a7-bfbc-756c1b320ded resource provider aggregate not found
2026-07-24 06:01:29.785 8 INFO neutron.services.segments.plugin [-] Client error retrieving segment b71d6df0-c2c3-47a7-bfbc-756c1b320ded resource provider; error: Placement Client Error (4xx): {"errors": [{"status": 404, "title": "Not Found", "detail": "The resource could not be found.\n\n No resource provider with uuid b71d6df0-c2c3-47a7-bfbc-756c1b320ded found for delete ", "request_id": "req-a5ce8a6d-a538-4141-a0d3-8587a79c2236"}]}
2026-07-24 06:01:29.798 8 INFO neutron.services.segments.plugin [-] Client error retrieving segment b71d6df0-c2c3-47a7-bfbc-756c1b320ded resource provider; error: Placement Client Error (4xx): {"errors": [{"status": 404, "title": "Not Found", "detail": "The resource could not be found.\n\n No resource provider with uuid b71d6df0-c2c3-47a7-bfbc-756c1b320ded found for delete ", "request_id": "req-989931fe-e37d-427e-bed6-97d40455a887"}]}
2026-07-24 06:01:29.811 8 INFO neutron.plugins.ml2.drivers.ovn.mech_driver.mech_driver [None req-5ca76d47-e550-4798-8fea-4928efa3227c - - - - - -] OVN reports status down for port: d5f47fd5-e9e1-422e-bf19-3a2e8cfe067d
2026-07-24 06:01:29.812 7 INFO neutron.db.ovn_revision_numbers_db [None req-6f668a8b-9b18-4ef9-8555-3ec7c3ca2fea f91804b71f6748e09fd48450900167c5 8b2d53533e8b420a9288d1d059710563 - - default default] Successfully bumped revision number for resource f3720839-f003-491d-8817-32431eba3e7a (type: security_groups) to 2 [pid: 7|app: 0|req: 550/1053] 10.0.0.81 () {34 vars in 757 bytes} [Fri Jul 24 06:01:29 2026] PUT /v2.0/security-groups/f3720839-f003-491d-8817-32431eba3e7a => generated 1662 bytes in 95 msecs (HTTP/1.1 200) 4 headers in 158 bytes (1 switches on core 0) [pid: 8|app: 0|req: 504/1054] 10.0.0.81 () {32 vars in 725 bytes} [Fri Jul 24 06:01:29 2026] DELETE /v2.0/networks/f03d53a1-ddcf-43ce-be8c-d968eeb66cd5 => generated 0 bytes in 443 msecs (HTTP/1.1 204) 3 headers in 131 bytes (1 switches on core 0) [pid: 8|app: 0|req: 505/1055] 10.0.0.81 () {32 vars in 736 bytes} [Fri Jul 24 06:01:29 2026] GET /v2.0/security-groups/f3720839-f003-491d-8817-32431eba3e7a => generated 1662 bytes in 36 msecs (HTTP/1.1 200) 4 headers in 158 bytes (1 switches on core 0)
2026-07-24 06:01:29.937 8 INFO neutron.plugins.ml2.drivers.ovn.mech_driver.mech_driver [None req-5ca76d47-e550-4798-8fea-4928efa3227c - - - - - -] OVN reports status up for port: d5f47fd5-e9e1-422e-bf19-3a2e8cfe067d
2026-07-24 06:01:29.961 8 INFO neutron.plugins.ml2.plugin [None req-5ca76d47-e550-4798-8fea-4928efa3227c - - - - - -] Attempt 1 to provision port d5f47fd5-e9e1-422e-bf19-3a2e8cfe067d
2026-07-24 06:01:29.988 7 INFO neutron.db.ovn_revision_numbers_db [None req-b91410a7-7503-4651-a4ee-546b1a4eb6f9 8911aff5c1fb43d29c0a628d55faef32 46a3a12df05e4ec2a4c2a9a1ed0ff884 - - default default] Successfully bumped revision number for resource 3e3afc8d-538a-4d52-9b3a-a4f5f4dab46f (type: security_group_rules) to 0 [pid: 7|app: 0|req: 551/1056] 10.0.0.81 () {34 vars in 694 bytes} [Fri Jul 24 06:01:29 2026] POST /v2.0/security-group-rules => generated 597 bytes in 193 msecs (HTTP/1.1 201) 4 headers in 162 bytes (1 switches on core 0)
2026-07-24 06:01:30.103 8 INFO neutron_taas.services.taas.taas_plugin [None req-4f53f0cc-9896-4fcf-b560-a0a8a471c4d9 192f208afc984b6aadca69681b7f4bc2 3fa381f7aea04ab787d303e2d00641db - - default default] TaaS: Handle Delete Port: de020231-c234-4058-a713-60ae6748233c
2026-07-24 06:01:30.110 8 INFO neutron_taas.services.taas.tap_mirror_plugin [None req-4f53f0cc-9896-4fcf-b560-a0a8a471c4d9 192f208afc984b6aadca69681b7f4bc2 3fa381f7aea04ab787d303e2d00641db - - default default] Tap Mirror: Handle Delete Port: de020231-c234-4058-a713-60ae6748233c [pid: 7|app: 0|req: 552/1057] 10.0.0.81 () {32 vars in 739 bytes} [Fri Jul 24 06:01:30 2026] DELETE /v2.0/security-groups/f3720839-f003-491d-8817-32431eba3e7a => generated 0 bytes in 101 msecs (HTTP/1.1 204) 2 headers in 112 bytes (1 switches on core 0)
2026-07-24 06:01:30.286 7 INFO neutron.db.ovn_revision_numbers_db [None req-16ea5f86-34ed-4cef-901f-f3b285097812 8911aff5c1fb43d29c0a628d55faef32 46a3a12df05e4ec2a4c2a9a1ed0ff884 - - default default] Successfully bumped revision number for resource 6295824d-7ca9-4c25-a9a8-24a08a117379 (type: security_group_rules) to 0 [pid: 7|app: 0|req: 553/1058] 10.0.0.81 () {34 vars in 694 bytes} [Fri Jul 24 06:01:30 2026] POST /v2.0/security-group-rules => generated 602 bytes in 206 msecs (HTTP/1.1 201) 4 headers in 162 bytes (1 switches on core 0) [pid: 7|app: 0|req: 554/1059] 10.0.0.81 () {32 vars in 662 bytes} [Fri Jul 24 06:01:30 2026] GET /v2.0/security-groups => generated 2925 bytes in 37 msecs (HTTP/1.1 200) 4 headers in 158 bytes (1 switches on core 0) [pid: 8|app: 0|req: 506/1060] 10.0.0.81 () {32 vars in 725 bytes} [Fri Jul 24 06:01:29 2026] DELETE /v2.0/networks/3392c1c9-bc1d-45f6-8895-9d21d62ddf57 => generated 0 bytes in 751 msecs (HTTP/1.1 204) 3 headers in 131 bytes (1 switches on core 0)
2026-07-24 06:01:30.656 7 WARNING neutron.scheduler.dhcp_agent_scheduler [None req-af417b9c-6267-42c6-9e06-2c0425b77c7a 8911aff5c1fb43d29c0a628d55faef32 46a3a12df05e4ec2a4c2a9a1ed0ff884 - - default default] No more DHCP agents
2026-07-24 06:01:30.657 7 WARNING neutron.api.rpc.agentnotifiers.dhcp_rpc_agent_api [None req-af417b9c-6267-42c6-9e06-2c0425b77c7a 8911aff5c1fb43d29c0a628d55faef32 46a3a12df05e4ec2a4c2a9a1ed0ff884 - - default default] Unable to schedule network f73ecf1a-dfb0-46cb-ae55-4ba7b77c3391: no agents available; will retry on subsequent port and subnet creation events.
2026-07-24 06:01:30.678 8 INFO neutron.api.v2.resource [None req-a96a46b7-c088-4105-86f6-6b6e9154174f f91804b71f6748e09fd48450900167c5 8b2d53533e8b420a9288d1d059710563 - - default default] delete failed (client error): The resource could not be found. [pid: 8|app: 0|req: 507/1061] 10.0.0.81 () {32 vars in 739 bytes} [Fri Jul 24 06:01:30 2026] DELETE /v2.0/security-groups/f3720839-f003-491d-8817-32431eba3e7a => generated 146 bytes in 37 msecs (HTTP/1.1 404) 4 headers in 164 bytes (1 switches on core 0) [pid: 8|app: 0|req: 508/1062] 10.0.0.81 () {32 vars in 648 bytes} [Fri Jul 24 06:01:30 2026] GET /v2.0/networks => generated 689 bytes in 89 msecs (HTTP/1.1 200) 4 headers in 157 bytes (1 switches on core 0)
2026-07-24 06:01:30.790 8 INFO neutron.db.ovn_revision_numbers_db [None req-5ca76d47-e550-4798-8fea-4928efa3227c - - - - - -] Successfully bumped revision number for resource d5f47fd5-e9e1-422e-bf19-3a2e8cfe067d (type: ports) to 2
2026-07-24 06:01:30.928 8 INFO neutron.plugins.ml2.drivers.ovn.mech_driver.mech_driver [None req-bffa919d-44d0-4c2b-bab7-305408e4159c - - - - - -] OVN reports status down for port: f893d9a0-87c8-45ce-bb42-8084e10b95c2 [pid: 7|app: 0|req: 555/1063] 10.0.0.81 () {34 vars in 675 bytes} [Fri Jul 24 06:01:30 2026] POST /v2.0/floatingips => generated 552 bytes in 568 msecs (HTTP/1.1 201) 4 headers in 162 bytes (1 switches on core 0)
2026-07-24 06:01:31.003 8 INFO neutron.db.ovn_revision_numbers_db [None req-d05d2027-84e6-498d-8808-e2001c01f264 f91804b71f6748e09fd48450900167c5 8b2d53533e8b420a9288d1d059710563 - - default default] Successfully bumped revision number for resource c5338fb3-ad39-4914-ad4c-2a222a45c659 (type: security_groups) to 1
2026-07-24 06:01:31.022 8 INFO neutron.db.ovn_revision_numbers_db [None req-d05d2027-84e6-498d-8808-e2001c01f264 f91804b71f6748e09fd48450900167c5 8b2d53533e8b420a9288d1d059710563 - - default default] Successfully bumped revision number for resource 18108dd0-b101-4c18-9a37-f20f36149e5f (type: security_group_rules) to 0
2026-07-24 06:01:31.039 7 INFO neutron.db.segments_db [None req-399ec22b-2328-4496-a97f-fdf082ed3592 192f208afc984b6aadca69681b7f4bc2 3fa381f7aea04ab787d303e2d00641db - - default default] Added segment 48d63a11-4694-40ef-87bc-2c0403f730c5 of type geneve for network 782d5479-f4dc-45ad-90ac-0bd9969e5046
2026-07-24 06:01:31.051 8 INFO neutron.db.ovn_revision_numbers_db [None req-d05d2027-84e6-498d-8808-e2001c01f264 f91804b71f6748e09fd48450900167c5 8b2d53533e8b420a9288d1d059710563 - - default default] Successfully bumped revision number for resource c91fc3ad-6fdb-4895-96cf-9d9ede3deafa (type: security_group_rules) to 0
2026-07-24 06:01:31.095 8 INFO neutron.db.ovn_revision_numbers_db [None req-bffa919d-44d0-4c2b-bab7-305408e4159c - - - - - -] Successfully bumped revision number for resource d5f47fd5-e9e1-422e-bf19-3a2e8cfe067d (type: router_ports) to 2 [pid: 8|app: 0|req: 509/1064] 10.0.0.81 () {34 vars in 683 bytes} [Fri Jul 24 06:01:30 2026] POST /v2.0/security-groups => generated 1624 bytes in 338 msecs (HTTP/1.1 201) 4 headers in 163 bytes (1 switches on core 0)
2026-07-24 06:01:31.153 7 INFO neutron.db.ovn_revision_numbers_db [None req-399ec22b-2328-4496-a97f-fdf082ed3592 192f208afc984b6aadca69681b7f4bc2 3fa381f7aea04ab787d303e2d00641db - - default default] Successfully bumped revision number for resource 782d5479-f4dc-45ad-90ac-0bd9969e5046 (type: networks) to 1
2026-07-24 06:01:31.285 8 INFO neutron.db.ovn_revision_numbers_db [None req-3c445457-817d-4767-ae66-663b015f89d0 f91804b71f6748e09fd48450900167c5 8b2d53533e8b420a9288d1d059710563 - - default default] Successfully bumped revision number for resource 8e8c1d3d-c124-451e-8b72-42fec8ff4277 (type: security_group_rules) to 0 [pid: 8|app: 0|req: 510/1065] 10.0.0.81 () {34 vars in 694 bytes} [Fri Jul 24 06:01:31 2026] POST /v2.0/security-group-rules => generated 601 bytes in 219 msecs (HTTP/1.1 201) 4 headers in 162 bytes (1 switches on core 0)
2026-07-24 06:01:31.336 7 WARNING neutron.scheduler.dhcp_agent_scheduler [None req-399ec22b-2328-4496-a97f-fdf082ed3592 192f208afc984b6aadca69681b7f4bc2 3fa381f7aea04ab787d303e2d00641db - - default default] No more DHCP agents
2026-07-24 06:01:31.338 7 WARNING neutron.api.rpc.agentnotifiers.dhcp_rpc_agent_api [None req-399ec22b-2328-4496-a97f-fdf082ed3592 192f208afc984b6aadca69681b7f4bc2 3fa381f7aea04ab787d303e2d00641db - - default default] Unable to schedule network 782d5479-f4dc-45ad-90ac-0bd9969e5046: no agents available; will retry on subsequent port and subnet creation events. [pid: 8|app: 0|req: 511/1066] 10.0.0.81 () {32 vars in 746 bytes} [Fri Jul 24 06:01:31 2026] GET /v2.0/security-group-rules/8e8c1d3d-c124-451e-8b72-42fec8ff4277 => generated 601 bytes in 19 msecs (HTTP/1.1 200) 4 headers in 157 bytes (1 switches on core 0)
2026-07-24 06:01:31.398 8 INFO neutron.plugins.ml2.drivers.ovn.mech_driver.mech_driver [None req-bffa919d-44d0-4c2b-bab7-305408e4159c - - - - - -] OVN reports status down for port: 7ceb8790-2440-4f05-8cbf-5f06a755e6ca [pid: 8|app: 0|req: 512/1067] 10.0.0.187 () {34 vars in 1100 bytes} [Fri Jul 24 06:01:31 2026] GET /v2.0/security-groups?name=tempest-securitygroup--2062033461&fields=id&tenant_id=46a3a12df05e4ec2a4c2a9a1ed0ff884 => generated 69 bytes in 58 msecs (HTTP/1.1 200) 4 headers in 156 bytes (1 switches on core 0)
2026-07-24 06:01:31.419 7 INFO neutron.db.ovn_revision_numbers_db [None req-399ec22b-2328-4496-a97f-fdf082ed3592 192f208afc984b6aadca69681b7f4bc2 3fa381f7aea04ab787d303e2d00641db - - default default] Successfully bumped revision number for resource 7ceb8790-2440-4f05-8cbf-5f06a755e6ca (type: ports) to 1 [pid: 7|app: 0|req: 556/1068] 10.0.0.81 () {34 vars in 669 bytes} [Fri Jul 24 06:01:30 2026] POST /v2.0/networks => generated 691 bytes in 508 msecs (HTTP/1.1 201) 4 headers in 162 bytes (1 switches on core 0) [pid: 7|app: 0|req: 557/1069] 10.0.0.187 () {34 vars in 982 bytes} [Fri Jul 24 06:01:31 2026] GET /v2.0/networks?id=5e2e1cbb-3a26-4ff1-8995-6fa254b4b504 => generated 714 bytes in 60 msecs (HTTP/1.1 200) 4 headers in 157 bytes (1 switches on core 0) [pid: 8|app: 0|req: 513/1070] 10.0.0.81 () {32 vars in 672 bytes} [Fri Jul 24 06:01:31 2026] GET /v2.0/security-group-rules => generated 4138 bytes in 179 msecs (HTTP/1.1 200) 4 headers in 158 bytes (1 switches on core 0) [pid: 8|app: 0|req: 514/1071] 10.0.0.187 () {34 vars in 965 bytes} [Fri Jul 24 06:01:31 2026] GET /v2.0/quotas/46a3a12df05e4ec2a4c2a9a1ed0ff884 => generated 292 bytes in 9 msecs (HTTP/1.1 200) 4 headers in 157 bytes (1 switches on core 0)
2026-07-24 06:01:31.627 7 INFO neutron.db.segments_db [None req-b57966aa-b25a-478d-b32f-0b9bea162771 192f208afc984b6aadca69681b7f4bc2 3fa381f7aea04ab787d303e2d00641db - - default default] Added segment 1ff45591-5f84-4a77-9484-dd4c592c9b46 of type geneve for network 1c4d1e77-563a-4f00-84ba-ab68052e5d90 [pid: 8|app: 0|req: 515/1072] 10.0.0.81 () {32 vars in 749 bytes} [Fri Jul 24 06:01:31 2026] DELETE /v2.0/security-group-rules/8e8c1d3d-c124-451e-8b72-42fec8ff4277 => generated 0 bytes in 122 msecs (HTTP/1.1 204) 2 headers in 112 bytes (1 switches on core 0)
2026-07-24 06:01:31.763 7 INFO neutron.db.ovn_revision_numbers_db [None req-b57966aa-b25a-478d-b32f-0b9bea162771 192f208afc984b6aadca69681b7f4bc2 3fa381f7aea04ab787d303e2d00641db - - default default] Successfully bumped revision number for resource 1c4d1e77-563a-4f00-84ba-ab68052e5d90 (type: networks) to 1
2026-07-24 06:01:31.819 8 INFO neutron.services.segments.plugin [-] Segment fb82873f-a2d0-4590-aa10-99b04a4473ec resource provider aggregate not found
2026-07-24 06:01:31.828 8 INFO neutron.services.segments.plugin [-] Segment fb82873f-a2d0-4590-aa10-99b04a4473ec resource provider aggregate not found [pid: 8|app: 0|req: 516/1073] 10.0.0.187 () {34 vars in 1002 bytes} [Fri Jul 24 06:01:31 2026] GET /v2.0/ports?tenant_id=46a3a12df05e4ec2a4c2a9a1ed0ff884&fields=id => generated 103 bytes in 116 msecs (HTTP/1.1 200) 4 headers in 157 bytes (1 switches on core 0)
2026-07-24 06:01:31.852 8 INFO neutron.services.segments.plugin [-] Client error retrieving segment fb82873f-a2d0-4590-aa10-99b04a4473ec resource provider; error: Placement Client Error (4xx): {"errors": [{"status": 404, "title": "Not Found", "detail": "The resource could not be found.\n\n No resource provider with uuid fb82873f-a2d0-4590-aa10-99b04a4473ec found for delete ", "request_id": "req-ad754780-d190-4a12-a599-a1916463a5ad"}]}
2026-07-24 06:01:31.853 8 INFO neutron.services.segments.plugin [-] Client error retrieving segment fb82873f-a2d0-4590-aa10-99b04a4473ec resource provider; error: Placement Client Error (4xx): {"errors": [{"status": 404, "title": "Not Found", "detail": "The resource could not be found.\n\n No resource provider with uuid fb82873f-a2d0-4590-aa10-99b04a4473ec found for delete ", "request_id": "req-69e33f82-96a0-4447-a180-4b7402b6e2be"}]}
2026-07-24 06:01:31.896 7 WARNING neutron.scheduler.dhcp_agent_scheduler [None req-b57966aa-b25a-478d-b32f-0b9bea162771 192f208afc984b6aadca69681b7f4bc2 3fa381f7aea04ab787d303e2d00641db - - default default] No more DHCP agents
2026-07-24 06:01:31.897 7 WARNING neutron.api.rpc.agentnotifiers.dhcp_rpc_agent_api [None req-b57966aa-b25a-478d-b32f-0b9bea162771 192f208afc984b6aadca69681b7f4bc2 3fa381f7aea04ab787d303e2d00641db - - default default] Unable to schedule network 1c4d1e77-563a-4f00-84ba-ab68052e5d90: no agents available; will retry on subsequent port and subnet creation events. [pid: 8|app: 0|req: 517/1074] 10.0.0.81 () {32 vars in 672 bytes} [Fri Jul 24 06:01:31 2026] GET /v2.0/security-group-rules => generated 3560 bytes in 66 msecs (HTTP/1.1 200) 4 headers in 158 bytes (1 switches on core 0)
2026-07-24 06:01:31.963 8 INFO neutron.plugins.ml2.drivers.ovn.mech_driver.mech_driver [None req-bffa919d-44d0-4c2b-bab7-305408e4159c - - - - - -] OVN reports status down for port: f208b4d7-0a43-4f47-85b5-239b12399803
2026-07-24 06:01:31.983 7 INFO neutron.db.ovn_revision_numbers_db [None req-b57966aa-b25a-478d-b32f-0b9bea162771 192f208afc984b6aadca69681b7f4bc2 3fa381f7aea04ab787d303e2d00641db - - default default] Successfully bumped revision number for resource f208b4d7-0a43-4f47-85b5-239b12399803 (type: ports) to 1 [pid: 8|app: 0|req: 518/1075] 10.0.0.187 () {34 vars in 1008 bytes} [Fri Jul 24 06:01:31 2026] GET /v2.0/networks/5e2e1cbb-3a26-4ff1-8995-6fa254b4b504?fields=segments => generated 14 bytes in 82 msecs (HTTP/1.1 200) 4 headers in 156 bytes (1 switches on core 0) [pid: 7|app: 0|req: 558/1076] 10.0.0.81 () {34 vars in 669 bytes} [Fri Jul 24 06:01:31 2026] POST /v2.0/networks => generated 690 bytes in 497 msecs (HTTP/1.1 201) 4 headers in 162 bytes (1 switches on core 0) [pid: 7|app: 0|req: 559/1077] 10.0.0.187 () {34 vars in 1108 bytes} [Fri Jul 24 06:01:32 2026] GET /v2.0/networks/5e2e1cbb-3a26-4ff1-8995-6fa254b4b504?fields=provider%3Aphysical_network&fields=provider%3Anetwork_type => generated 79 bytes in 46 msecs (HTTP/1.1 200) 4 headers in 156 bytes (1 switches on core 0)
2026-07-24 06:01:32.136 8 INFO neutron.db.ovn_revision_numbers_db [None req-34d61866-c1a7-4404-8323-b3dbd6e4ddd3 f91804b71f6748e09fd48450900167c5 8b2d53533e8b420a9288d1d059710563 - - default default] Successfully bumped revision number for resource 23c86bbe-2925-4eb8-a0c2-46936d57ce1e (type: security_group_rules) to 0 [pid: 8|app: 0|req: 519/1078] 10.0.0.81 () {34 vars in 694 bytes} [Fri Jul 24 06:01:31 2026] POST /v2.0/security-group-rules => generated 601 bytes in 171 msecs (HTTP/1.1 201) 4 headers in 162 bytes (1 switches on core 0) [pid: 8|app: 0|req: 520/1079] 10.0.0.81 () {32 vars in 746 bytes} [Fri Jul 24 06:01:32 2026] GET /v2.0/security-group-rules/23c86bbe-2925-4eb8-a0c2-46936d57ce1e => generated 601 bytes in 19 msecs (HTTP/1.1 200) 4 headers in 157 bytes (1 switches on core 0) [pid: 8|app: 0|req: 521/1080] 10.0.0.187 () {34 vars in 990 bytes} [Fri Jul 24 06:01:32 2026] GET /v2.0/ports?device_id=b13482d0-83f9-4ce4-acf4-1d1fd378e233 => generated 12 bytes in 21 msecs (HTTP/1.1 200) 4 headers in 156 bytes (1 switches on core 0) [pid: 8|app: 0|req: 522/1081] 10.0.0.81 () {32 vars in 672 bytes} [Fri Jul 24 06:01:32 2026] GET /v2.0/security-group-rules => generated 4138 bytes in 67 msecs (HTTP/1.1 200) 4 headers in 158 bytes (1 switches on core 0) [pid: 8|app: 0|req: 523/1082] 10.0.0.81 () {32 vars in 749 bytes} [Fri Jul 24 06:01:32 2026] DELETE /v2.0/security-group-rules/23c86bbe-2925-4eb8-a0c2-46936d57ce1e => generated 0 bytes in 177 msecs (HTTP/1.1 204) 2 headers in 112 bytes (1 switches on core 0)
2026-07-24 06:01:32.479 7 WARNING neutron.scheduler.dhcp_agent_scheduler [None req-6f36c44f-4ca8-4008-87a5-4072cde6cc88 192f208afc984b6aadca69681b7f4bc2 3fa381f7aea04ab787d303e2d00641db - - default default] No more DHCP agents
2026-07-24 06:01:32.483 7 WARNING neutron.api.rpc.agentnotifiers.dhcp_rpc_agent_api [None req-6f36c44f-4ca8-4008-87a5-4072cde6cc88 192f208afc984b6aadca69681b7f4bc2 3fa381f7aea04ab787d303e2d00641db - - default default] Unable to schedule network 782d5479-f4dc-45ad-90ac-0bd9969e5046: no agents available; will retry on subsequent port and subnet creation events.
2026-07-24 06:01:32.551 8 INFO neutron.plugins.ml2.drivers.ovn.mech_driver.mech_driver [None req-bffa919d-44d0-4c2b-bab7-305408e4159c - - - - - -] OVN reports status down for port: 5524bbfc-b09b-44ed-a9bb-e05020974d81 [pid: 8|app: 0|req: 524/1083] 10.0.0.81 () {32 vars in 672 bytes} [Fri Jul 24 06:01:32 2026] GET /v2.0/security-group-rules => generated 3560 bytes in 91 msecs (HTTP/1.1 200) 4 headers in 158 bytes (1 switches on core 0)
2026-07-24 06:01:32.587 7 INFO neutron.db.ovn_revision_numbers_db [None req-6f36c44f-4ca8-4008-87a5-4072cde6cc88 192f208afc984b6aadca69681b7f4bc2 3fa381f7aea04ab787d303e2d00641db - - default default] Successfully bumped revision number for resource 5524bbfc-b09b-44ed-a9bb-e05020974d81 (type: ports) to 1
2026-07-24 06:01:32.643 7 WARNING neutron.scheduler.dhcp_agent_scheduler [None req-6f36c44f-4ca8-4008-87a5-4072cde6cc88 192f208afc984b6aadca69681b7f4bc2 3fa381f7aea04ab787d303e2d00641db - - default default] No more DHCP agents
2026-07-24 06:01:32.644 7 WARNING neutron.api.rpc.agentnotifiers.dhcp_rpc_agent_api [None req-6f36c44f-4ca8-4008-87a5-4072cde6cc88 192f208afc984b6aadca69681b7f4bc2 3fa381f7aea04ab787d303e2d00641db - - default default] Unable to schedule network 1c4d1e77-563a-4f00-84ba-ab68052e5d90: no agents available; will retry on subsequent port and subnet creation events.
2026-07-24 06:01:32.708 7 INFO neutron.plugins.ml2.drivers.ovn.mech_driver.mech_driver [None req-58a3b1df-0849-4610-a0f5-7dfc306d9122 - - - - - -] OVN reports status down for port: 9ac533ed-4aac-44f6-b6c7-8bdbd1f84f8d
2026-07-24 06:01:32.780 7 INFO neutron.db.ovn_revision_numbers_db [None req-6f36c44f-4ca8-4008-87a5-4072cde6cc88 192f208afc984b6aadca69681b7f4bc2 3fa381f7aea04ab787d303e2d00641db - - default default] Successfully bumped revision number for resource 9ac533ed-4aac-44f6-b6c7-8bdbd1f84f8d (type: ports) to 1
2026-07-24 06:01:32.820 8 INFO neutron.db.ovn_revision_numbers_db [None req-3ba6a5ba-e564-4fdd-857d-7ac59bc02b0d f91804b71f6748e09fd48450900167c5 8b2d53533e8b420a9288d1d059710563 - - default default] Successfully bumped revision number for resource a6ea1ebc-a51e-4719-979a-a29ccd0e95a0 (type: security_group_rules) to 0 [pid: 8|app: 0|req: 525/1084] 10.0.0.81 () {34 vars in 694 bytes} [Fri Jul 24 06:01:32 2026] POST /v2.0/security-group-rules => generated 602 bytes in 288 msecs (HTTP/1.1 201) 4 headers in 162 bytes (1 switches on core 0) [pid: 7|app: 0|req: 560/1085] 10.0.0.81 () {34 vars in 664 bytes} [Fri Jul 24 06:01:32 2026] POST /v2.0/ports => generated 1506 bytes in 845 msecs (HTTP/1.1 201) 4 headers in 163 bytes (1 switches on core 0) /var/lib/openstack/lib/python3.12/site-packages/pycadf/identifier.py:70: UserWarning: Invalid uuid: neutron. To ensure interoperability, identifiers should be a valid uuid. warnings.warn(('Invalid uuid: %s. To ensure interoperability, ' [pid: 7|app: 0|req: 561/1086] 10.0.0.81 () {32 vars in 746 bytes} [Fri Jul 24 06:01:32 2026] GET /v2.0/security-group-rules/a6ea1ebc-a51e-4719-979a-a29ccd0e95a0 => generated 602 bytes in 23 msecs (HTTP/1.1 200) 4 headers in 157 bytes (1 switches on core 0) [pid: 8|app: 0|req: 526/1087] 10.0.0.1 () {34 vars in 988 bytes} [Fri Jul 24 06:01:32 2026] GET /v2.0/ports?device_id=7c7f2509-b45a-4e96-8788-d0e705e5b01f => generated 1209 bytes in 124 msecs (HTTP/1.1 200) 4 headers in 158 bytes (1 switches on core 0) [pid: 7|app: 0|req: 562/1088] 10.0.0.81 () {32 vars in 642 bytes} [Fri Jul 24 06:01:32 2026] GET /v2.0/ports => generated 3018 bytes in 73 msecs (HTTP/1.1 200) 4 headers in 158 bytes (1 switches on core 0) [pid: 7|app: 0|req: 563/1089] 10.0.0.1 () {34 vars in 1038 bytes} [Fri Jul 24 06:01:33 2026] GET /v2.0/security-groups?id=19b3f9b8-c4d6-490d-ab93-d6df1cc96bfb&fields=id&fields=name => generated 114 bytes in 36 msecs (HTTP/1.1 200) 4 headers in 157 bytes (1 switches on core 0) [pid: 8|app: 0|req: 527/1090] 10.0.0.81 () {32 vars in 672 bytes} [Fri Jul 24 06:01:32 2026] GET /v2.0/security-group-rules => generated 4139 bytes in 63 msecs (HTTP/1.1 200) 4 headers in 158 bytes (1 switches on core 0)
2026-07-24 06:01:33.156 7 INFO neutron_taas.services.taas.taas_plugin [None req-5ce1c31b-d96c-43b7-8efd-c1e55e4a33d2 192f208afc984b6aadca69681b7f4bc2 3fa381f7aea04ab787d303e2d00641db - - default default] TaaS: Handle Delete Port: 5524bbfc-b09b-44ed-a9bb-e05020974d81
2026-07-24 06:01:33.159 7 INFO neutron_taas.services.taas.tap_mirror_plugin [None req-5ce1c31b-d96c-43b7-8efd-c1e55e4a33d2 192f208afc984b6aadca69681b7f4bc2 3fa381f7aea04ab787d303e2d00641db - - default default] Tap Mirror: Handle Delete Port: 5524bbfc-b09b-44ed-a9bb-e05020974d81 [pid: 8|app: 0|req: 528/1091] 10.0.0.81 () {32 vars in 749 bytes} [Fri Jul 24 06:01:33 2026] DELETE /v2.0/security-group-rules/a6ea1ebc-a51e-4719-979a-a29ccd0e95a0 => generated 0 bytes in 113 msecs (HTTP/1.1 204) 2 headers in 112 bytes (1 switches on core 0) [pid: 8|app: 0|req: 529/1092] 10.0.0.81 () {32 vars in 672 bytes} [Fri Jul 24 06:01:33 2026] GET /v2.0/security-group-rules => generated 3560 bytes in 61 msecs (HTTP/1.1 200) 4 headers in 158 bytes (1 switches on core 0) [pid: 7|app: 0|req: 564/1093] 10.0.0.81 () {32 vars in 719 bytes} [Fri Jul 24 06:01:33 2026] DELETE /v2.0/ports/5524bbfc-b09b-44ed-a9bb-e05020974d81 => generated 0 bytes in 241 msecs (HTTP/1.1 204) 3 headers in 131 bytes (1 switches on core 0) [pid: 7|app: 0|req: 565/1094] 10.0.0.187 () {34 vars in 990 bytes} [Fri Jul 24 06:01:33 2026] GET /v2.0/ports?device_id=b13482d0-83f9-4ce4-acf4-1d1fd378e233 => generated 12 bytes in 21 msecs (HTTP/1.1 200) 4 headers in 156 bytes (1 switches on core 0) [pid: 8|app: 0|req: 530/1095] 10.0.0.81 () {32 vars in 739 bytes} [Fri Jul 24 06:01:33 2026] DELETE /v2.0/security-groups/c5338fb3-ad39-4914-ad4c-2a222a45c659 => generated 0 bytes in 145 msecs (HTTP/1.1 204) 2 headers in 112 bytes (1 switches on core 0) [pid: 8|app: 0|req: 531/1096] 10.0.0.81 () {32 vars in 662 bytes} [Fri Jul 24 06:01:33 2026] GET /v2.0/security-groups => generated 2925 bytes in 36 msecs (HTTP/1.1 200) 4 headers in 158 bytes (1 switches on core 0)
2026-07-24 06:01:33.421 7 INFO neutron_taas.services.taas.taas_plugin [None req-a9cae291-2217-472f-aaf6-06c9d6782aa5 192f208afc984b6aadca69681b7f4bc2 3fa381f7aea04ab787d303e2d00641db - - default default] TaaS: Handle Delete Port: 9ac533ed-4aac-44f6-b6c7-8bdbd1f84f8d
2026-07-24 06:01:33.425 7 INFO neutron_taas.services.taas.tap_mirror_plugin [None req-a9cae291-2217-472f-aaf6-06c9d6782aa5 192f208afc984b6aadca69681b7f4bc2 3fa381f7aea04ab787d303e2d00641db - - default default] Tap Mirror: Handle Delete Port: 9ac533ed-4aac-44f6-b6c7-8bdbd1f84f8d [pid: 8|app: 0|req: 532/1097] 10.0.0.81 () {32 vars in 662 bytes} [Fri Jul 24 06:01:33 2026] GET /v2.0/security-groups => generated 2925 bytes in 42 msecs (HTTP/1.1 200) 4 headers in 158 bytes (1 switches on core 0) [pid: 7|app: 0|req: 566/1098] 10.0.0.81 () {32 vars in 719 bytes} [Fri Jul 24 06:01:33 2026] DELETE /v2.0/ports/9ac533ed-4aac-44f6-b6c7-8bdbd1f84f8d => generated 0 bytes in 282 msecs (HTTP/1.1 204) 3 headers in 131 bytes (1 switches on core 0) [pid: 8|app: 0|req: 533/1099] 10.0.0.81 () {32 vars in 642 bytes} [Fri Jul 24 06:01:33 2026] GET /v2.0/ports => generated 1523 bytes in 92 msecs (HTTP/1.1 200) 4 headers in 158 bytes (1 switches on core 0)
2026-07-24 06:01:33.808 7 INFO neutron.db.segments_db [None req-f4838c54-49e7-41fb-9b57-7d1745c7c347 192f208afc984b6aadca69681b7f4bc2 3fa381f7aea04ab787d303e2d00641db - - default default] Added segment b89ea913-f504-4859-bcc1-a4be4a2eca6a of type geneve for network ba831fc7-afea-4205-806c-c96c45a99a63
2026-07-24 06:01:33.937 7 INFO neutron.db.ovn_revision_numbers_db [None req-f4838c54-49e7-41fb-9b57-7d1745c7c347 192f208afc984b6aadca69681b7f4bc2 3fa381f7aea04ab787d303e2d00641db - - default default] Successfully bumped revision number for resource ba831fc7-afea-4205-806c-c96c45a99a63 (type: networks) to 1
2026-07-24 06:01:34.142 7 WARNING neutron.scheduler.dhcp_agent_scheduler [None req-f4838c54-49e7-41fb-9b57-7d1745c7c347 192f208afc984b6aadca69681b7f4bc2 3fa381f7aea04ab787d303e2d00641db - - default default] No more DHCP agents
2026-07-24 06:01:34.144 7 WARNING neutron.api.rpc.agentnotifiers.dhcp_rpc_agent_api [None req-f4838c54-49e7-41fb-9b57-7d1745c7c347 192f208afc984b6aadca69681b7f4bc2 3fa381f7aea04ab787d303e2d00641db - - default default] Unable to schedule network ba831fc7-afea-4205-806c-c96c45a99a63: no agents available; will retry on subsequent port and subnet creation events.
2026-07-24 06:01:34.225 7 INFO neutron.db.ovn_revision_numbers_db [None req-f4838c54-49e7-41fb-9b57-7d1745c7c347 192f208afc984b6aadca69681b7f4bc2 3fa381f7aea04ab787d303e2d00641db - - default default] Successfully bumped revision number for resource 4eca4269-9d15-4c0a-8621-0eddd8617f02 (type: ports) to 1
2026-07-24 06:01:34.226 8 INFO neutron.plugins.ml2.drivers.ovn.mech_driver.mech_driver [None req-bffa919d-44d0-4c2b-bab7-305408e4159c - - - - - -] OVN reports status down for port: 4eca4269-9d15-4c0a-8621-0eddd8617f02 [pid: 8|app: 0|req: 534/1100] 10.0.0.81 () {32 vars in 773 bytes} [Fri Jul 24 06:01:34 2026] GET /v2.0/security-groups?tenant_id=8b2d53533e8b420a9288d1d059710563&name=default => generated 2925 bytes in 176 msecs (HTTP/1.1 200) 4 headers in 158 bytes (1 switches on core 0) [pid: 7|app: 0|req: 567/1101] 10.0.0.81 () {34 vars in 669 bytes} [Fri Jul 24 06:01:33 2026] POST /v2.0/networks => generated 691 bytes in 567 msecs (HTTP/1.1 201) 4 headers in 162 bytes (1 switches on core 0)
2026-07-24 06:01:34.363 7 INFO neutron.db.segments_db [None req-e3d07b53-1322-4f1e-bedc-76a22ea036e9 192f208afc984b6aadca69681b7f4bc2 3fa381f7aea04ab787d303e2d00641db - - default default] Added segment 7c1887bc-d4e5-4c2e-a03f-12513aeb0eb5 of type geneve for network b6fbe1a2-e340-4d39-98b8-9084abc137e7
2026-07-24 06:01:34.479 7 INFO neutron.db.ovn_revision_numbers_db [None req-e3d07b53-1322-4f1e-bedc-76a22ea036e9 192f208afc984b6aadca69681b7f4bc2 3fa381f7aea04ab787d303e2d00641db - - default default] Successfully bumped revision number for resource b6fbe1a2-e340-4d39-98b8-9084abc137e7 (type: networks) to 1 [pid: 8|app: 0|req: 535/1102] 10.0.0.81 () {32 vars in 739 bytes} [Fri Jul 24 06:01:34 2026] DELETE /v2.0/security-groups/78536489-2a52-42e1-9d0d-1282e27e414f => generated 0 bytes in 337 msecs (HTTP/1.1 204) 2 headers in 112 bytes (1 switches on core 0) [pid: 8|app: 0|req: 536/1103] 10.0.0.187 () {34 vars in 990 bytes} [Fri Jul 24 06:01:34 2026] GET /v2.0/ports?device_id=b13482d0-83f9-4ce4-acf4-1d1fd378e233 => generated 12 bytes in 20 msecs (HTTP/1.1 200) 4 headers in 156 bytes (1 switches on core 0)
2026-07-24 06:01:34.690 7 WARNING neutron.scheduler.dhcp_agent_scheduler [None req-e3d07b53-1322-4f1e-bedc-76a22ea036e9 192f208afc984b6aadca69681b7f4bc2 3fa381f7aea04ab787d303e2d00641db - - default default] No more DHCP agents
2026-07-24 06:01:34.692 7 WARNING neutron.api.rpc.agentnotifiers.dhcp_rpc_agent_api [None req-e3d07b53-1322-4f1e-bedc-76a22ea036e9 192f208afc984b6aadca69681b7f4bc2 3fa381f7aea04ab787d303e2d00641db - - default default] Unable to schedule network b6fbe1a2-e340-4d39-98b8-9084abc137e7: no agents available; will retry on subsequent port and subnet creation events.
2026-07-24 06:01:34.767 8 INFO neutron.plugins.ml2.drivers.ovn.mech_driver.mech_driver [None req-bffa919d-44d0-4c2b-bab7-305408e4159c - - - - - -] OVN reports status down for port: eefe0033-c2d1-4d28-bcd9-aa96db880afb
2026-07-24 06:01:34.786 7 INFO neutron.db.ovn_revision_numbers_db [None req-e3d07b53-1322-4f1e-bedc-76a22ea036e9 192f208afc984b6aadca69681b7f4bc2 3fa381f7aea04ab787d303e2d00641db - - default default] Successfully bumped revision number for resource eefe0033-c2d1-4d28-bcd9-aa96db880afb (type: ports) to 1 [pid: 7|app: 0|req: 568/1104] 10.0.0.81 () {34 vars in 669 bytes} [Fri Jul 24 06:01:34 2026] POST /v2.0/networks => generated 692 bytes in 550 msecs (HTTP/1.1 201) 4 headers in 162 bytes (1 switches on core 0)
2026-07-24 06:01:35.689 8 WARNING neutron.scheduler.dhcp_agent_scheduler [None req-1461ee17-bd18-44c7-9394-ea520dbdb175 192f208afc984b6aadca69681b7f4bc2 3fa381f7aea04ab787d303e2d00641db - - default default] No more DHCP agents
2026-07-24 06:01:35.691 8 WARNING neutron.api.rpc.agentnotifiers.dhcp_rpc_agent_api [None req-1461ee17-bd18-44c7-9394-ea520dbdb175 192f208afc984b6aadca69681b7f4bc2 3fa381f7aea04ab787d303e2d00641db - - default default] Unable to schedule network ba831fc7-afea-4205-806c-c96c45a99a63: no agents available; will retry on subsequent port and subnet creation events. [pid: 7|app: 0|req: 569/1105] 10.0.0.187 () {34 vars in 990 bytes} [Fri Jul 24 06:01:35 2026] GET /v2.0/ports?device_id=b13482d0-83f9-4ce4-acf4-1d1fd378e233 => generated 12 bytes in 24 msecs (HTTP/1.1 200) 4 headers in 156 bytes (1 switches on core 0)
2026-07-24 06:01:35.725 8 INFO neutron.db.ovn_revision_numbers_db [None req-1461ee17-bd18-44c7-9394-ea520dbdb175 192f208afc984b6aadca69681b7f4bc2 3fa381f7aea04ab787d303e2d00641db - - default default] Successfully bumped revision number for resource 27323b1e-f75f-4bac-93ec-eeb44f11ae80 (type: subnets) to 0
2026-07-24 06:01:35.765 8 WARNING neutron.scheduler.dhcp_agent_scheduler [None req-1461ee17-bd18-44c7-9394-ea520dbdb175 192f208afc984b6aadca69681b7f4bc2 3fa381f7aea04ab787d303e2d00641db - - default default] No more DHCP agents
