2026-07-24 06:03:19.028 7 WARNING neutron.scheduler.dhcp_agent_scheduler [None req-e6d7bee7-cfe4-4862-b3a8-da22cbbe1fa3 6b6b325512bd418aad795498232076b8 c1d0cac7a57447c48aa619ab243301ad - - default default] No more DHCP agents
2026-07-24 06:03:19.029 7 WARNING neutron.api.rpc.agentnotifiers.dhcp_rpc_agent_api [None req-e6d7bee7-cfe4-4862-b3a8-da22cbbe1fa3 6b6b325512bd418aad795498232076b8 c1d0cac7a57447c48aa619ab243301ad - - default default] Unable to schedule network 81930dc5-749b-4f6e-8b1c-7777bc64e4c7: no agents available; will retry on subsequent port and subnet creation events.
2026-07-24 06:03:19.117 8 INFO neutron.plugins.ml2.drivers.ovn.mech_driver.mech_driver [None req-75347ddb-a115-4f50-bbb7-3ad60513204f - - - - - -] OVN reports status down for port: cd7d4964-ea7f-4ef5-88d8-8cfdf0c518b1
2026-07-24 06:03:19.133 7 INFO neutron.db.ovn_revision_numbers_db [None req-e6d7bee7-cfe4-4862-b3a8-da22cbbe1fa3 6b6b325512bd418aad795498232076b8 c1d0cac7a57447c48aa619ab243301ad - - default default] Successfully bumped revision number for resource cd7d4964-ea7f-4ef5-88d8-8cfdf0c518b1 (type: ports) to 1
2026-07-24 06:03:19.192 8 INFO neutron_taas.services.taas.taas_plugin [None req-86385188-d0cf-4b1d-acaf-ac06bd8ebc1b a486374f19684e2284259dd7d0458f6b 8f2a0d9e6e7b4fe992e7916d40241704 - - default default] TaaS: Handle Delete Port: 59268d0e-3d70-44ff-b32c-c5f51a068902
2026-07-24 06:03:19.195 8 INFO neutron_taas.services.taas.tap_mirror_plugin [None req-86385188-d0cf-4b1d-acaf-ac06bd8ebc1b a486374f19684e2284259dd7d0458f6b 8f2a0d9e6e7b4fe992e7916d40241704 - - default default] Tap Mirror: Handle Delete Port: 59268d0e-3d70-44ff-b32c-c5f51a068902 [pid: 7|app: 0|req: 928/1794] 10.0.0.81 () {34 vars in 669 bytes} [Fri Jul 24 06:03:18 2026] POST /v2.0/networks => generated 688 bytes in 640 msecs (HTTP/1.1 201) 4 headers in 162 bytes (1 switches on core 0) [pid: 8|app: 0|req: 867/1795] 10.0.0.81 () {32 vars in 719 bytes} [Fri Jul 24 06:03:19 2026] DELETE /v2.0/ports/59268d0e-3d70-44ff-b32c-c5f51a068902 => generated 0 bytes in 320 msecs (HTTP/1.1 204) 3 headers in 131 bytes (1 switches on core 0)
2026-07-24 06:03:19.515 8 INFO neutron_taas.services.taas.taas_plugin [None req-00eea0f8-582d-4cdf-b0bb-ee793b6811d2 a486374f19684e2284259dd7d0458f6b 8f2a0d9e6e7b4fe992e7916d40241704 - - default default] TaaS: Handle Delete Port: c9f75283-41ed-431b-9843-f05128ec9d21
2026-07-24 06:03:19.519 8 INFO neutron_taas.services.taas.tap_mirror_plugin [None req-00eea0f8-582d-4cdf-b0bb-ee793b6811d2 a486374f19684e2284259dd7d0458f6b 8f2a0d9e6e7b4fe992e7916d40241704 - - default default] Tap Mirror: Handle Delete Port: c9f75283-41ed-431b-9843-f05128ec9d21
2026-07-24 06:03:19.626 7 WARNING neutron.scheduler.dhcp_agent_scheduler [None req-88efe963-22a5-4c09-8fe9-46b29027e2a7 6b6b325512bd418aad795498232076b8 c1d0cac7a57447c48aa619ab243301ad - - default default] No more DHCP agents
2026-07-24 06:03:19.628 7 WARNING neutron.api.rpc.agentnotifiers.dhcp_rpc_agent_api [None req-88efe963-22a5-4c09-8fe9-46b29027e2a7 6b6b325512bd418aad795498232076b8 c1d0cac7a57447c48aa619ab243301ad - - default default] Unable to schedule network 9080057d-c4b8-4855-8b11-fde5b9e71c76: no agents available; will retry on subsequent port and subnet creation events. [pid: 8|app: 0|req: 868/1796] 10.0.0.81 () {32 vars in 719 bytes} [Fri Jul 24 06:03:19 2026] DELETE /v2.0/ports/c9f75283-41ed-431b-9843-f05128ec9d21 => generated 0 bytes in 293 msecs (HTTP/1.1 204) 3 headers in 131 bytes (1 switches on core 0)
2026-07-24 06:03:19.758 8 INFO neutron_taas.services.taas.taas_plugin [None req-4ff0994a-724b-4482-84eb-5cdff8e41ed4 a486374f19684e2284259dd7d0458f6b 8f2a0d9e6e7b4fe992e7916d40241704 - - default default] TaaS: Handle Delete Port: d21587d8-cfc7-459e-bc2a-c0eb04551eec
2026-07-24 06:03:19.761 8 INFO neutron_taas.services.taas.tap_mirror_plugin [None req-4ff0994a-724b-4482-84eb-5cdff8e41ed4 a486374f19684e2284259dd7d0458f6b 8f2a0d9e6e7b4fe992e7916d40241704 - - default default] Tap Mirror: Handle Delete Port: d21587d8-cfc7-459e-bc2a-c0eb04551eec [pid: 8|app: 0|req: 869/1797] 10.0.0.81 () {32 vars in 719 bytes} [Fri Jul 24 06:03:19 2026] DELETE /v2.0/ports/d21587d8-cfc7-459e-bc2a-c0eb04551eec => generated 0 bytes in 234 msecs (HTTP/1.1 204) 3 headers in 131 bytes (1 switches on core 0)
2026-07-24 06:03:20.014 8 INFO neutron_taas.services.taas.taas_plugin [None req-986740a1-617f-4bae-8470-889633cef454 a486374f19684e2284259dd7d0458f6b 8f2a0d9e6e7b4fe992e7916d40241704 - - default default] TaaS: Handle Delete Port: 6d142c4a-a77c-438c-b7b2-6462b174cd13
2026-07-24 06:03:20.017 8 INFO neutron_taas.services.taas.tap_mirror_plugin [None req-986740a1-617f-4bae-8470-889633cef454 a486374f19684e2284259dd7d0458f6b 8f2a0d9e6e7b4fe992e7916d40241704 - - default default] Tap Mirror: Handle Delete Port: 6d142c4a-a77c-438c-b7b2-6462b174cd13
2026-07-24 06:03:20.104 7 INFO neutron.db.ovn_revision_numbers_db [None req-dad3afb9-1f43-450a-9180-84d43bb5e18e - - - - - -] Successfully bumped revision number for resource ee36c696-1b71-4dc1-b79b-6a3c262f98f7 (type: ports) to 2
2026-07-24 06:03:20.152 7 INFO neutron.db.ovn_revision_numbers_db [None req-dad3afb9-1f43-450a-9180-84d43bb5e18e - - - - - -] Successfully bumped revision number for resource 13be8e19-bcd4-4b08-a9ee-88ce763e72a4 (type: subnets) to 0 [pid: 8|app: 0|req: 870/1798] 10.0.0.81 () {32 vars in 719 bytes} [Fri Jul 24 06:03:19 2026] DELETE /v2.0/ports/6d142c4a-a77c-438c-b7b2-6462b174cd13 => generated 0 bytes in 271 msecs (HTTP/1.1 204) 3 headers in 131 bytes (1 switches on core 0) [pid: 8|app: 0|req: 871/1799] 10.0.0.187 () {34 vars in 990 bytes} [Fri Jul 24 06:03:20 2026] GET /v2.0/ports?device_id=20bd9cd4-9003-4bf4-953e-fdacd972151e => generated 12 bytes in 35 msecs (HTTP/1.1 200) 4 headers in 156 bytes (1 switches on core 0)
2026-07-24 06:03:20.270 7 WARNING neutron.scheduler.dhcp_agent_scheduler [None req-88efe963-22a5-4c09-8fe9-46b29027e2a7 6b6b325512bd418aad795498232076b8 c1d0cac7a57447c48aa619ab243301ad - - default default] No more DHCP agents
2026-07-24 06:03:20.272 7 WARNING neutron.api.rpc.agentnotifiers.dhcp_rpc_agent_api [None req-88efe963-22a5-4c09-8fe9-46b29027e2a7 6b6b325512bd418aad795498232076b8 c1d0cac7a57447c48aa619ab243301ad - - default default] Unable to schedule network 81930dc5-749b-4f6e-8b1c-7777bc64e4c7: no agents available; will retry on subsequent port and subnet creation events.
2026-07-24 06:03:20.365 8 INFO neutron_taas.services.taas.taas_plugin [None req-4d7ecaf6-c407-4243-a3ca-0a40b8053862 a486374f19684e2284259dd7d0458f6b 8f2a0d9e6e7b4fe992e7916d40241704 - - default default] TaaS: Handle Delete Port: 4a9c57dd-aa2c-41a0-ae95-d881ed623e0b
2026-07-24 06:03:20.367 8 INFO neutron_taas.services.taas.tap_mirror_plugin [None req-4d7ecaf6-c407-4243-a3ca-0a40b8053862 a486374f19684e2284259dd7d0458f6b 8f2a0d9e6e7b4fe992e7916d40241704 - - default default] Tap Mirror: Handle Delete Port: 4a9c57dd-aa2c-41a0-ae95-d881ed623e0b
2026-07-24 06:03:20.559 8 INFO neutron.services.segments.plugin [-] Segment 992347a9-f4b1-43b3-af6c-c4b6c8e7c36b resource provider aggregate not found
2026-07-24 06:03:20.572 8 INFO neutron.services.segments.plugin [-] Segment 992347a9-f4b1-43b3-af6c-c4b6c8e7c36b resource provider aggregate not found
2026-07-24 06:03:20.579 8 INFO neutron.services.segments.plugin [-] Client error retrieving segment 992347a9-f4b1-43b3-af6c-c4b6c8e7c36b resource provider; error: Placement Client Error (4xx): {"errors": [{"status": 404, "title": "Not Found", "detail": "The resource could not be found.\n\n No resource provider with uuid 992347a9-f4b1-43b3-af6c-c4b6c8e7c36b found for delete ", "request_id": "req-5120bea1-4247-467e-bca8-64031828c26c"}]}
2026-07-24 06:03:20.589 8 INFO neutron.services.segments.plugin [-] Client error retrieving segment 992347a9-f4b1-43b3-af6c-c4b6c8e7c36b resource provider; error: Placement Client Error (4xx): {"errors": [{"status": 404, "title": "Not Found", "detail": "The resource could not be found.\n\n No resource provider with uuid 992347a9-f4b1-43b3-af6c-c4b6c8e7c36b found for delete ", "request_id": "req-d20342e7-c91e-4906-965d-2f4e5ff5ed2f"}]} [pid: 8|app: 0|req: 872/1800] 10.0.0.81 () {32 vars in 725 bytes} [Fri Jul 24 06:03:20 2026] DELETE /v2.0/networks/897b7adc-75e8-4601-88af-ec13a111de6c => generated 0 bytes in 418 msecs (HTTP/1.1 204) 3 headers in 131 bytes (1 switches on core 0)
2026-07-24 06:03:20.757 8 INFO neutron_taas.services.taas.taas_plugin [None req-b6d6a030-d8e2-4502-8c5b-f6601bd2205e a486374f19684e2284259dd7d0458f6b 8f2a0d9e6e7b4fe992e7916d40241704 - - default default] TaaS: Handle Delete Port: 5f1dc309-4131-4fee-b94c-0c317e893cbc
2026-07-24 06:03:20.763 8 INFO neutron_taas.services.taas.tap_mirror_plugin [None req-b6d6a030-d8e2-4502-8c5b-f6601bd2205e a486374f19684e2284259dd7d0458f6b 8f2a0d9e6e7b4fe992e7916d40241704 - - default default] Tap Mirror: Handle Delete Port: 5f1dc309-4131-4fee-b94c-0c317e893cbc
2026-07-24 06:03:20.772 7 INFO neutron.db.ovn_revision_numbers_db [None req-ea13ce44-9432-452e-9265-cd64d2ef677a - - - - - -] Successfully bumped revision number for resource cd7d4964-ea7f-4ef5-88d8-8cfdf0c518b1 (type: ports) to 2
2026-07-24 06:03:20.813 7 INFO neutron.db.ovn_revision_numbers_db [None req-ea13ce44-9432-452e-9265-cd64d2ef677a - - - - - -] Successfully bumped revision number for resource 430234e5-b80e-4991-8013-45137af26a19 (type: subnets) to 0 [pid: 7|app: 0|req: 929/1801] 10.0.0.81 () {34 vars in 668 bytes} [Fri Jul 24 06:03:19 2026] POST /v2.0/subnets => generated 1272 bytes in 1601 msecs (HTTP/1.1 201) 4 headers in 163 bytes (1 switches on core 0) [pid: 7|app: 0|req: 930/1802] 10.0.0.81 () {32 vars in 646 bytes} [Fri Jul 24 06:03:20 2026] GET /v2.0/subnets => generated 1908 bytes in 53 msecs (HTTP/1.1 200) 4 headers in 158 bytes (1 switches on core 0) [pid: 8|app: 0|req: 873/1803] 10.0.0.81 () {32 vars in 725 bytes} [Fri Jul 24 06:03:20 2026] DELETE /v2.0/networks/6b5ce1b0-aab0-4056-a79a-7895dfdd0fe7 => generated 0 bytes in 358 msecs (HTTP/1.1 204) 3 headers in 131 bytes (1 switches on core 0) [pid: 7|app: 0|req: 931/1804] 10.0.0.81 () {32 vars in 723 bytes} [Fri Jul 24 06:03:20 2026] DELETE /v2.0/subnets/13be8e19-bcd4-4b08-a9ee-88ce763e72a4 => generated 0 bytes in 163 msecs (HTTP/1.1 204) 3 headers in 131 bytes (1 switches on core 0)
2026-07-24 06:03:21.102 8 INFO neutron_taas.services.taas.taas_plugin [None req-cc09b285-53af-4b37-8b8c-ebe331768a56 a486374f19684e2284259dd7d0458f6b 8f2a0d9e6e7b4fe992e7916d40241704 - - default default] TaaS: Handle Delete Port: 404e97eb-6069-4b0f-9677-892d5a05e8ae
2026-07-24 06:03:21.105 8 INFO neutron_taas.services.taas.tap_mirror_plugin [None req-cc09b285-53af-4b37-8b8c-ebe331768a56 a486374f19684e2284259dd7d0458f6b 8f2a0d9e6e7b4fe992e7916d40241704 - - default default] Tap Mirror: Handle Delete Port: 404e97eb-6069-4b0f-9677-892d5a05e8ae [pid: 7|app: 0|req: 932/1805] 10.0.0.81 () {32 vars in 723 bytes} [Fri Jul 24 06:03:21 2026] DELETE /v2.0/subnets/430234e5-b80e-4991-8013-45137af26a19 => generated 0 bytes in 181 msecs (HTTP/1.1 204) 3 headers in 131 bytes (1 switches on core 0) [pid: 7|app: 0|req: 933/1806] 10.0.0.81 () {32 vars in 646 bytes} [Fri Jul 24 06:03:21 2026] GET /v2.0/subnets => generated 649 bytes in 42 msecs (HTTP/1.1 200) 4 headers in 157 bytes (1 switches on core 0) [pid: 8|app: 0|req: 874/1807] 10.0.0.81 () {32 vars in 725 bytes} [Fri Jul 24 06:03:20 2026] DELETE /v2.0/networks/e8742999-6d15-4cd3-82c4-4659676ac5c1 => generated 0 bytes in 358 msecs (HTTP/1.1 204) 3 headers in 131 bytes (1 switches on core 0)
2026-07-24 06:03:21.418 7 INFO neutron_taas.services.taas.taas_plugin [None req-9fc87d64-f8d2-45a7-97ec-36a2434e48a1 6b6b325512bd418aad795498232076b8 c1d0cac7a57447c48aa619ab243301ad - - default default] TaaS: Handle Delete Port: cd7d4964-ea7f-4ef5-88d8-8cfdf0c518b1
2026-07-24 06:03:21.421 7 INFO neutron_taas.services.taas.tap_mirror_plugin [None req-9fc87d64-f8d2-45a7-97ec-36a2434e48a1 6b6b325512bd418aad795498232076b8 c1d0cac7a57447c48aa619ab243301ad - - default default] Tap Mirror: Handle Delete Port: cd7d4964-ea7f-4ef5-88d8-8cfdf0c518b1 [pid: 8|app: 0|req: 875/1808] 10.0.0.81 () {32 vars in 739 bytes} [Fri Jul 24 06:03:21 2026] DELETE /v2.0/security-groups/25fbebfe-7af7-4a28-b9ab-0dce6662064c => generated 0 bytes in 158 msecs (HTTP/1.1 204) 2 headers in 112 bytes (1 switches on core 0)
2026-07-24 06:03:21.636 7 INFO neutron.services.segments.plugin [-] Segment 353758dd-1307-431b-a007-c1e0b80fa197 resource provider aggregate not found
2026-07-24 06:03:21.640 8 INFO neutron_taas.services.taas.taas_plugin [None req-d08fe610-955a-4822-b65f-a4672beea904 a486374f19684e2284259dd7d0458f6b 8f2a0d9e6e7b4fe992e7916d40241704 - - default default] TaaS: Handle Delete Port: bc634255-486b-4cb7-92a3-31457bf6d5c7
2026-07-24 06:03:21.642 8 INFO neutron_taas.services.taas.tap_mirror_plugin [None req-d08fe610-955a-4822-b65f-a4672beea904 a486374f19684e2284259dd7d0458f6b 8f2a0d9e6e7b4fe992e7916d40241704 - - default default] Tap Mirror: Handle Delete Port: bc634255-486b-4cb7-92a3-31457bf6d5c7
2026-07-24 06:03:21.644 7 INFO neutron.services.segments.plugin [-] Segment 353758dd-1307-431b-a007-c1e0b80fa197 resource provider aggregate not found
2026-07-24 06:03:21.653 7 INFO neutron.services.segments.plugin [-] Client error retrieving segment 353758dd-1307-431b-a007-c1e0b80fa197 resource provider; error: Placement Client Error (4xx): {"errors": [{"status": 404, "title": "Not Found", "detail": "The resource could not be found.\n\n No resource provider with uuid 353758dd-1307-431b-a007-c1e0b80fa197 found for delete ", "request_id": "req-efee07bd-b5d9-4dd9-96da-bcd1f2c5141d"}]}
2026-07-24 06:03:21.671 7 INFO neutron.services.segments.plugin [-] Client error retrieving segment 353758dd-1307-431b-a007-c1e0b80fa197 resource provider; error: Placement Client Error (4xx): {"errors": [{"status": 404, "title": "Not Found", "detail": "The resource could not be found.\n\n No resource provider with uuid 353758dd-1307-431b-a007-c1e0b80fa197 found for delete ", "request_id": "req-17d6531e-c39b-4b83-8a0a-7582bf505dc5"}]} [pid: 7|app: 0|req: 934/1809] 10.0.0.81 () {32 vars in 725 bytes} [Fri Jul 24 06:03:21 2026] DELETE /v2.0/networks/81930dc5-749b-4f6e-8b1c-7777bc64e4c7 => generated 0 bytes in 420 msecs (HTTP/1.1 204) 3 headers in 131 bytes (1 switches on core 0)
2026-07-24 06:03:21.728 7 INFO neutron.api.v2.resource [None req-4356432b-430d-4ba5-8aba-71797469c07f f1ce4b3fe0a1459c8e65e89b3e33ed3f 954c2936fd0040d4ac3f8f9660936cbe - - default default] show failed (client error): The resource could not be found. [pid: 7|app: 0|req: 935/1810] 10.0.0.81 () {32 vars in 736 bytes} [Fri Jul 24 06:03:21 2026] GET /v2.0/security-groups/25fbebfe-7af7-4a28-b9ab-0dce6662064c => generated 146 bytes in 13 msecs (HTTP/1.1 404) 4 headers in 164 bytes (1 switches on core 0)
2026-07-24 06:03:21.930 7 INFO neutron_taas.services.taas.taas_plugin [None req-d265235e-3845-4425-958d-0e34c3fc0ad1 6b6b325512bd418aad795498232076b8 c1d0cac7a57447c48aa619ab243301ad - - default default] TaaS: Handle Delete Port: ee36c696-1b71-4dc1-b79b-6a3c262f98f7 [pid: 8|app: 0|req: 876/1811] 10.0.0.81 () {32 vars in 725 bytes} [Fri Jul 24 06:03:21 2026] DELETE /v2.0/networks/47955ab6-3e5a-40ba-8cf7-f82b25475ab8 => generated 0 bytes in 428 msecs (HTTP/1.1 204) 3 headers in 131 bytes (1 switches on core 0)
2026-07-24 06:03:21.933 7 INFO neutron_taas.services.taas.tap_mirror_plugin [None req-d265235e-3845-4425-958d-0e34c3fc0ad1 6b6b325512bd418aad795498232076b8 c1d0cac7a57447c48aa619ab243301ad - - default default] Tap Mirror: Handle Delete Port: ee36c696-1b71-4dc1-b79b-6a3c262f98f7
2026-07-24 06:03:22.083 8 INFO neutron_taas.services.taas.taas_plugin [None req-a103e218-69a4-4c91-b3c3-0db8b4d11c6c f1ce4b3fe0a1459c8e65e89b3e33ed3f 954c2936fd0040d4ac3f8f9660936cbe - - default default] TaaS: Handle Delete Port: aeab2b20-3b89-4476-8e1f-fb59ee510673
2026-07-24 06:03:22.086 8 INFO neutron_taas.services.taas.tap_mirror_plugin [None req-a103e218-69a4-4c91-b3c3-0db8b4d11c6c f1ce4b3fe0a1459c8e65e89b3e33ed3f 954c2936fd0040d4ac3f8f9660936cbe - - default default] Tap Mirror: Handle Delete Port: aeab2b20-3b89-4476-8e1f-fb59ee510673 [pid: 7|app: 0|req: 936/1812] 10.0.0.81 () {32 vars in 725 bytes} [Fri Jul 24 06:03:21 2026] DELETE /v2.0/networks/9080057d-c4b8-4855-8b11-fde5b9e71c76 => generated 0 bytes in 438 msecs (HTTP/1.1 204) 3 headers in 131 bytes (1 switches on core 0) [pid: 8|app: 0|req: 877/1813] 10.0.0.81 () {32 vars in 731 bytes} [Fri Jul 24 06:03:21 2026] DELETE /v2.0/floatingips/98e4c50c-57b0-452c-a09c-f0068930d1c9 => generated 0 bytes in 348 msecs (HTTP/1.1 204) 2 headers in 112 bytes (1 switches on core 0)
2026-07-24 06:03:22.316 7 INFO neutron_taas.services.taas.taas_plugin [None req-26ce21a5-a030-4a89-880c-9211579b75a3 a486374f19684e2284259dd7d0458f6b 8f2a0d9e6e7b4fe992e7916d40241704 - - default default] TaaS: Handle Delete Port: 0d5e8fa3-47c6-491c-933c-3863c10dfa4b
2026-07-24 06:03:22.319 7 INFO neutron_taas.services.taas.tap_mirror_plugin [None req-26ce21a5-a030-4a89-880c-9211579b75a3 a486374f19684e2284259dd7d0458f6b 8f2a0d9e6e7b4fe992e7916d40241704 - - default default] Tap Mirror: Handle Delete Port: 0d5e8fa3-47c6-491c-933c-3863c10dfa4b
2026-07-24 06:03:22.410 8 INFO neutron_taas.services.taas.taas_plugin [None req-f15cb6c6-5e02-425e-a974-158e7279cc9f 6b6b325512bd418aad795498232076b8 c1d0cac7a57447c48aa619ab243301ad - - default default] TaaS: Handle Delete Port: 86a44725-039c-4252-ae1e-ca4505ea4e0a
2026-07-24 06:03:22.413 8 INFO neutron_taas.services.taas.tap_mirror_plugin [None req-f15cb6c6-5e02-425e-a974-158e7279cc9f 6b6b325512bd418aad795498232076b8 c1d0cac7a57447c48aa619ab243301ad - - default default] Tap Mirror: Handle Delete Port: 86a44725-039c-4252-ae1e-ca4505ea4e0a [pid: 7|app: 0|req: 937/1814] 10.0.0.81 () {32 vars in 725 bytes} [Fri Jul 24 06:03:22 2026] DELETE /v2.0/networks/08ef9ef8-e0e2-4f3f-ba92-a62027d598c9 => generated 0 bytes in 436 msecs (HTTP/1.1 204) 3 headers in 131 bytes (1 switches on core 0)
2026-07-24 06:03:22.606 8 INFO neutron.services.segments.plugin [-] Segment ac5feb12-acb1-4b3e-bee3-e38c30a88f89 resource provider aggregate not found
2026-07-24 06:03:22.612 8 INFO neutron.services.segments.plugin [-] Segment ac5feb12-acb1-4b3e-bee3-e38c30a88f89 resource provider aggregate not found
2026-07-24 06:03:22.633 8 INFO neutron.services.segments.plugin [-] Client error retrieving segment ac5feb12-acb1-4b3e-bee3-e38c30a88f89 resource provider; error: Placement Client Error (4xx): {"errors": [{"status": 404, "title": "Not Found", "detail": "The resource could not be found.\n\n No resource provider with uuid ac5feb12-acb1-4b3e-bee3-e38c30a88f89 found for delete ", "request_id": "req-7f929168-9e8e-4034-af2b-08346ec46cd5"}]}
2026-07-24 06:03:22.647 8 INFO neutron.services.segments.plugin [-] Client error retrieving segment ac5feb12-acb1-4b3e-bee3-e38c30a88f89 resource provider; error: Placement Client Error (4xx): {"errors": [{"status": 404, "title": "Not Found", "detail": "The resource could not be found.\n\n No resource provider with uuid ac5feb12-acb1-4b3e-bee3-e38c30a88f89 found for delete ", "request_id": "req-504d078d-ee08-47e2-b277-626cc227250e"}]}
2026-07-24 06:03:22.659 8 INFO neutron.services.segments.plugin [-] Segment a8a4b79f-e360-4b0d-b11a-0c4701630e21 resource provider aggregate not found
2026-07-24 06:03:22.690 8 INFO neutron.services.segments.plugin [-] Segment a8a4b79f-e360-4b0d-b11a-0c4701630e21 resource provider aggregate not found
2026-07-24 06:03:22.691 8 INFO neutron.services.segments.plugin [-] Client error retrieving segment a8a4b79f-e360-4b0d-b11a-0c4701630e21 resource provider; error: Placement Client Error (4xx): {"errors": [{"status": 404, "title": "Not Found", "detail": "The resource could not be found.\n\n No resource provider with uuid a8a4b79f-e360-4b0d-b11a-0c4701630e21 found for delete ", "request_id": "req-25549289-4e06-4d09-bde4-48c5136c99d4"}]}
2026-07-24 06:03:22.719 8 INFO neutron.services.segments.plugin [-] Segment aa404344-b077-4679-874b-188e34ff6f22 resource provider aggregate not found
2026-07-24 06:03:22.727 8 INFO neutron.services.segments.plugin [-] Client error retrieving segment a8a4b79f-e360-4b0d-b11a-0c4701630e21 resource provider; error: Placement Client Error (4xx): {"errors": [{"status": 404, "title": "Not Found", "detail": "The resource could not be found.\n\n No resource provider with uuid a8a4b79f-e360-4b0d-b11a-0c4701630e21 found for delete ", "request_id": "req-2f9e3ae8-d123-461f-86f3-d42c2eaa2a17"}]}
2026-07-24 06:03:22.742 8 INFO neutron.services.segments.plugin [-] Client error retrieving segment aa404344-b077-4679-874b-188e34ff6f22 resource provider; error: Placement Client Error (4xx): {"errors": [{"status": 404, "title": "Not Found", "detail": "The resource could not be found.\n\n No resource provider with uuid aa404344-b077-4679-874b-188e34ff6f22 found for delete ", "request_id": "req-efaacca2-1019-4ccf-9cb5-e6376ebb6c04"}]}
2026-07-24 06:03:22.748 8 INFO neutron.services.segments.plugin [-] Segment aa404344-b077-4679-874b-188e34ff6f22 resource provider aggregate not found [pid: 8|app: 0|req: 878/1815] 10.0.0.81 () {32 vars in 725 bytes} [Fri Jul 24 06:03:22 2026] DELETE /v2.0/networks/988632fb-893d-4968-bb6e-e6c88d6d2db1 => generated 0 bytes in 478 msecs (HTTP/1.1 204) 3 headers in 131 bytes (1 switches on core 0)
2026-07-24 06:03:22.776 8 INFO neutron.services.segments.plugin [-] Client error retrieving segment aa404344-b077-4679-874b-188e34ff6f22 resource provider; error: Placement Client Error (4xx): {"errors": [{"status": 404, "title": "Not Found", "detail": "The resource could not be found.\n\n No resource provider with uuid aa404344-b077-4679-874b-188e34ff6f22 found for delete ", "request_id": "req-05611054-5807-4780-84c8-63e6cb4d5faa"}]}
2026-07-24 06:03:22.902 8 INFO neutron_taas.services.taas.taas_plugin [None req-50db0275-749e-483c-810f-687ee3c28e1a 6b6b325512bd418aad795498232076b8 c1d0cac7a57447c48aa619ab243301ad - - default default] TaaS: Handle Delete Port: 031c1f34-326d-44f7-9ea2-321f51ce64e2
2026-07-24 06:03:22.904 8 INFO neutron_taas.services.taas.tap_mirror_plugin [None req-50db0275-749e-483c-810f-687ee3c28e1a 6b6b325512bd418aad795498232076b8 c1d0cac7a57447c48aa619ab243301ad - - default default] Tap Mirror: Handle Delete Port: 031c1f34-326d-44f7-9ea2-321f51ce64e2
2026-07-24 06:03:22.942 7 INFO neutron_taas.services.taas.taas_plugin [None req-da3dc7bc-6488-45c2-8172-251c76038ac5 17ff640817f5454c966fe652f7caf629 354c0e0431104185b49cecee8cd527e5 - - default default] TaaS: Handle Delete Port: cd64e913-83af-474f-8ed3-bda2900676af
2026-07-24 06:03:22.945 7 INFO neutron_taas.services.taas.tap_mirror_plugin [None req-da3dc7bc-6488-45c2-8172-251c76038ac5 17ff640817f5454c966fe652f7caf629 354c0e0431104185b49cecee8cd527e5 - - default default] Tap Mirror: Handle Delete Port: cd64e913-83af-474f-8ed3-bda2900676af [pid: 8|app: 0|req: 881/1818] 10.0.0.81 () {32 vars in 725 bytes} [Fri Jul 24 06:03:22 2026] DELETE /v2.0/networks/7c873661-0435-45e3-80df-a88c6738b0d5 => generated 0 bytes in 401 msecs (HTTP/1.1 204) 3 headers in 131 bytes (1 switches on core 0)
2026-07-24 06:03:23.672 7 INFO neutron.services.segments.plugin [-] Segment 8785ee5f-a2ca-4670-b814-660a3b959404 resource provider aggregate not found
2026-07-24 06:03:23.694 7 INFO neutron.services.segments.plugin [-] Client error retrieving segment 8785ee5f-a2ca-4670-b814-660a3b959404 resource provider; error: Placement Client Error (4xx): {"errors": [{"status": 404, "title": "Not Found", "detail": "The resource could not be found.\n\n No resource provider with uuid 8785ee5f-a2ca-4670-b814-660a3b959404 found for delete ", "request_id": "req-d20d733a-42d0-4f22-881c-25ff95fef551"}]}
2026-07-24 06:03:23.697 7 INFO neutron.services.segments.plugin [-] Segment 8785ee5f-a2ca-4670-b814-660a3b959404 resource provider aggregate not found [pid: 7|app: 0|req: 938/1819] 10.0.0.81 () {34 vars in 788 bytes} [Fri Jul 24 06:03:22 2026] PUT /v2.0/routers/735277cc-77b0-4906-a20a-1aae7a7895be/remove_router_interface => generated 309 bytes in 1109 msecs (HTTP/1.1 200) 4 headers in 157 bytes (1 switches on core 0)
2026-07-24 06:03:23.724 7 INFO neutron.services.segments.plugin [-] Segment d356297a-80e3-4864-a368-c6deff9dd500 resource provider aggregate not found
2026-07-24 06:03:23.728 7 INFO neutron.services.segments.plugin [-] Client error retrieving segment 8785ee5f-a2ca-4670-b814-660a3b959404 resource provider; error: Placement Client Error (4xx): {"errors": [{"status": 404, "title": "Not Found", "detail": "The resource could not be found.\n\n No resource provider with uuid 8785ee5f-a2ca-4670-b814-660a3b959404 found for delete ", "request_id": "req-b844b719-41cf-4930-ae37-411774367f0c"}]}
2026-07-24 06:03:23.746 7 INFO neutron.services.segments.plugin [-] Client error retrieving segment d356297a-80e3-4864-a368-c6deff9dd500 resource provider; error: Placement Client Error (4xx): {"errors": [{"status": 404, "title": "Not Found", "detail": "The resource could not be found.\n\n No resource provider with uuid d356297a-80e3-4864-a368-c6deff9dd500 found for delete ", "request_id": "req-bb302998-1a49-41e2-b9a6-ad4a91c33c8c"}]}
2026-07-24 06:03:23.747 7 INFO neutron.services.segments.plugin [-] Segment d356297a-80e3-4864-a368-c6deff9dd500 resource provider aggregate not found
2026-07-24 06:03:23.761 7 INFO neutron.services.segments.plugin [-] Client error retrieving segment d356297a-80e3-4864-a368-c6deff9dd500 resource provider; error: Placement Client Error (4xx): {"errors": [{"status": 404, "title": "Not Found", "detail": "The resource could not be found.\n\n No resource provider with uuid d356297a-80e3-4864-a368-c6deff9dd500 found for delete ", "request_id": "req-e65d3bdd-648b-4730-987d-bde2a8519c64"}]} /var/lib/openstack/lib/python3.12/site-packages/pycadf/identifier.py:70: UserWarning: Invalid uuid: neutron. To ensure interoperability, identifiers should be a valid uuid. warnings.warn(('Invalid uuid: %s. To ensure interoperability, ' [pid: 7|app: 0|req: 939/1820] 10.0.0.81 () {32 vars in 773 bytes} [Fri Jul 24 06:03:23 2026] GET /v2.0/security-groups?tenant_id=c1d0cac7a57447c48aa619ab243301ad&name=default => generated 2925 bytes in 152 msecs (HTTP/1.1 200) 4 headers in 158 bytes (1 switches on core 0)
2026-07-24 06:03:23.956 8 INFO neutron.db.ovn_revision_numbers_db [None req-2632b985-8874-4a85-972d-fbef3630d337 17ff640817f5454c966fe652f7caf629 354c0e0431104185b49cecee8cd527e5 - - default default] Successfully bumped revision number for resource 8208c1f6-d8b8-4d95-8acc-1adc14c12c3e (type: security_groups) to 1
2026-07-24 06:03:23.971 8 INFO neutron.db.ovn_revision_numbers_db [None req-2632b985-8874-4a85-972d-fbef3630d337 17ff640817f5454c966fe652f7caf629 354c0e0431104185b49cecee8cd527e5 - - default default] Successfully bumped revision number for resource 705b1543-3da0-4f96-9bbd-9bb59758f73f (type: security_group_rules) to 0
2026-07-24 06:03:23.983 8 INFO neutron.db.ovn_revision_numbers_db [None req-2632b985-8874-4a85-972d-fbef3630d337 17ff640817f5454c966fe652f7caf629 354c0e0431104185b49cecee8cd527e5 - - default default] Successfully bumped revision number for resource b352f3e6-3b74-4d49-85b4-7b96f92e93b2 (type: security_group_rules) to 0
2026-07-24 06:03:23.994 8 INFO neutron.db.ovn_revision_numbers_db [None req-2632b985-8874-4a85-972d-fbef3630d337 17ff640817f5454c966fe652f7caf629 354c0e0431104185b49cecee8cd527e5 - - default default] Successfully bumped revision number for resource dd800611-a20b-4fcd-ac7d-f63b3c7a3bdf (type: security_group_rules) to 0
2026-07-24 06:03:24.008 8 INFO neutron.db.ovn_revision_numbers_db [None req-2632b985-8874-4a85-972d-fbef3630d337 17ff640817f5454c966fe652f7caf629 354c0e0431104185b49cecee8cd527e5 - - default default] Successfully bumped revision number for resource f0d11295-89d3-4362-8464-b8b3fe709126 (type: security_group_rules) to 0 [pid: 8|app: 0|req: 882/1821] 10.0.0.81 () {32 vars in 773 bytes} [Fri Jul 24 06:03:23 2026] GET /v2.0/security-groups?tenant_id=6bb6234ad1d04166be9fee2659cf617d&name=default => generated 2925 bytes in 444 msecs (HTTP/1.1 200) 4 headers in 158 bytes (1 switches on core 0)
2026-07-24 06:03:24.258 7 INFO neutron_taas.services.taas.taas_plugin [None req-c3c8bfe7-b0cc-4d8b-ac49-33a7d5486281 17ff640817f5454c966fe652f7caf629 354c0e0431104185b49cecee8cd527e5 - - default default] TaaS: Handle Delete Port: ffcc01b8-2c71-4101-9fa5-1d9a9966b60f
2026-07-24 06:03:24.261 7 INFO neutron_taas.services.taas.tap_mirror_plugin [None req-c3c8bfe7-b0cc-4d8b-ac49-33a7d5486281 17ff640817f5454c966fe652f7caf629 354c0e0431104185b49cecee8cd527e5 - - default default] Tap Mirror: Handle Delete Port: ffcc01b8-2c71-4101-9fa5-1d9a9966b60f [pid: 8|app: 0|req: 883/1822] 10.0.0.81 () {32 vars in 739 bytes} [Fri Jul 24 06:03:24 2026] DELETE /v2.0/security-groups/ea611a86-55a2-447a-b767-2f800556a047 => generated 0 bytes in 229 msecs (HTTP/1.1 204) 2 headers in 112 bytes (1 switches on core 0) [pid: 8|app: 0|req: 884/1823] 10.0.0.81 () {32 vars in 739 bytes} [Fri Jul 24 06:03:24 2026] DELETE /v2.0/security-groups/8208c1f6-d8b8-4d95-8acc-1adc14c12c3e => generated 0 bytes in 332 msecs (HTTP/1.1 204) 2 headers in 112 bytes (1 switches on core 0)
2026-07-24 06:03:24.758 8 INFO neutron.services.segments.plugin [-] Segment bfd19648-72b1-4e22-afc9-1d37ea3344cf resource provider aggregate not found [pid: 7|app: 0|req: 940/1824] 10.0.0.81 () {32 vars in 723 bytes} [Fri Jul 24 06:03:23 2026] DELETE /v2.0/routers/735277cc-77b0-4906-a20a-1aae7a7895be => generated 0 bytes in 891 msecs (HTTP/1.1 204) 2 headers in 112 bytes (1 switches on core 0)
2026-07-24 06:03:24.774 8 INFO neutron.services.segments.plugin [-] Client error retrieving segment bfd19648-72b1-4e22-afc9-1d37ea3344cf resource provider; error: Placement Client Error (4xx): {"errors": [{"status": 404, "title": "Not Found", "detail": "The resource could not be found.\n\n No resource provider with uuid bfd19648-72b1-4e22-afc9-1d37ea3344cf found for delete ", "request_id": "req-ee5a2296-1720-4bad-9f38-dcc4eecdefca"}]}
2026-07-24 06:03:24.795 8 INFO neutron.services.segments.plugin [-] Segment bfd19648-72b1-4e22-afc9-1d37ea3344cf resource provider aggregate not found
2026-07-24 06:03:24.801 8 INFO neutron.services.segments.plugin [-] Segment cd3cd33d-62d3-4d25-a23b-0acf46a01451 resource provider aggregate not found
2026-07-24 06:03:24.809 8 INFO neutron.services.segments.plugin [-] Client error retrieving segment bfd19648-72b1-4e22-afc9-1d37ea3344cf resource provider; error: Placement Client Error (4xx): {"errors": [{"status": 404, "title": "Not Found", "detail": "The resource could not be found.\n\n No resource provider with uuid bfd19648-72b1-4e22-afc9-1d37ea3344cf found for delete ", "request_id": "req-a5960bb5-c457-4ee6-9b1f-0d59669e00ac"}]}
2026-07-24 06:03:24.817 8 INFO neutron.services.segments.plugin [-] Client error retrieving segment cd3cd33d-62d3-4d25-a23b-0acf46a01451 resource provider; error: Placement Client Error (4xx): {"errors": [{"status": 404, "title": "Not Found", "detail": "The resource could not be found.\n\n No resource provider with uuid cd3cd33d-62d3-4d25-a23b-0acf46a01451 found for delete ", "request_id": "req-a7ec7880-f177-4d22-a5b9-46d6ceb8107a"}]}
2026-07-24 06:03:24.824 8 INFO neutron.services.segments.plugin [-] Segment cd3cd33d-62d3-4d25-a23b-0acf46a01451 resource provider aggregate not found
2026-07-24 06:03:24.839 8 INFO neutron.services.segments.plugin [-] Client error retrieving segment cd3cd33d-62d3-4d25-a23b-0acf46a01451 resource provider; error: Placement Client Error (4xx): {"errors": [{"status": 404, "title": "Not Found", "detail": "The resource could not be found.\n\n No resource provider with uuid cd3cd33d-62d3-4d25-a23b-0acf46a01451 found for delete ", "request_id": "req-94ce19d1-a209-413e-b41b-0bb080314f74"}]}
2026-07-24 06:03:24.919 7 INFO neutron.db.ovn_revision_numbers_db [None req-85d943a9-3a0d-4a37-bcfb-f75a8891a458 17ff640817f5454c966fe652f7caf629 354c0e0431104185b49cecee8cd527e5 - - default default] Successfully bumped revision number for resource 43ef54cc-e816-4b0f-a8c8-24f15e425ccb (type: security_groups) to 1
2026-07-24 06:03:24.933 7 INFO neutron.db.ovn_revision_numbers_db [None req-85d943a9-3a0d-4a37-bcfb-f75a8891a458 17ff640817f5454c966fe652f7caf629 354c0e0431104185b49cecee8cd527e5 - - default default] Successfully bumped revision number for resource 0a70b33e-1c1c-4700-935b-00766fe6f6b9 (type: security_group_rules) to 0
2026-07-24 06:03:24.947 7 INFO neutron.db.ovn_revision_numbers_db [None req-85d943a9-3a0d-4a37-bcfb-f75a8891a458 17ff640817f5454c966fe652f7caf629 354c0e0431104185b49cecee8cd527e5 - - default default] Successfully bumped revision number for resource c67039db-3e3e-4799-99e9-aa12ef9df8c3 (type: security_group_rules) to 0
2026-07-24 06:03:24.968 7 INFO neutron.db.ovn_revision_numbers_db [None req-85d943a9-3a0d-4a37-bcfb-f75a8891a458 17ff640817f5454c966fe652f7caf629 354c0e0431104185b49cecee8cd527e5 - - default default] Successfully bumped revision number for resource cf8f1bc4-40b5-442e-b7b6-e1c80ed7e2c5 (type: security_group_rules) to 0
2026-07-24 06:03:24.982 7 INFO neutron.db.ovn_revision_numbers_db [None req-85d943a9-3a0d-4a37-bcfb-f75a8891a458 17ff640817f5454c966fe652f7caf629 354c0e0431104185b49cecee8cd527e5 - - default default] Successfully bumped revision number for resource d6f8365f-ad19-440f-87af-31703da78a58 (type: security_group_rules) to 0 [pid: 8|app: 0|req: 885/1825] 10.0.0.81 () {32 vars in 723 bytes} [Fri Jul 24 06:03:24 2026] DELETE /v2.0/subnets/ef4f4ec9-e806-4f16-874e-189fd7edb474 => generated 0 bytes in 224 msecs (HTTP/1.1 204) 3 headers in 131 bytes (1 switches on core 0) [pid: 7|app: 0|req: 941/1826] 10.0.0.81 () {32 vars in 773 bytes} [Fri Jul 24 06:03:24 2026] GET /v2.0/security-groups?tenant_id=132ea524d0c244e7b0eab855d9e232fc&name=default => generated 2925 bytes in 244 msecs (HTTP/1.1 200) 4 headers in 158 bytes (1 switches on core 0)
2026-07-24 06:03:25.108 8 INFO neutron_taas.services.taas.taas_plugin [None req-dd5b1c29-eff0-4847-8d12-d49e08a3e1a7 17ff640817f5454c966fe652f7caf629 354c0e0431104185b49cecee8cd527e5 - - default default] TaaS: Handle Delete Port: 4d629b5c-06da-4ea8-b6a7-d4740bb212c2
2026-07-24 06:03:25.110 8 INFO neutron_taas.services.taas.tap_mirror_plugin [None req-dd5b1c29-eff0-4847-8d12-d49e08a3e1a7 17ff640817f5454c966fe652f7caf629 354c0e0431104185b49cecee8cd527e5 - - default default] Tap Mirror: Handle Delete Port: 4d629b5c-06da-4ea8-b6a7-d4740bb212c2 [pid: 7|app: 0|req: 942/1827] 10.0.0.81 () {32 vars in 739 bytes} [Fri Jul 24 06:03:25 2026] DELETE /v2.0/security-groups/43ef54cc-e816-4b0f-a8c8-24f15e425ccb => generated 0 bytes in 219 msecs (HTTP/1.1 204) 2 headers in 112 bytes (1 switches on core 0) [pid: 8|app: 0|req: 886/1828] 10.0.0.81 () {32 vars in 725 bytes} [Fri Jul 24 06:03:24 2026] DELETE /v2.0/networks/b6014dd7-90bc-4fef-b1da-44829c5dfe10 => generated 0 bytes in 367 msecs (HTTP/1.1 204) 3 headers in 131 bytes (1 switches on core 0) [pid: 7|app: 0|req: 943/1829] 10.0.0.81 () {32 vars in 773 bytes} [Fri Jul 24 06:03:25 2026] GET /v2.0/security-groups?tenant_id=8f2a0d9e6e7b4fe992e7916d40241704&name=default => generated 2925 bytes in 37 msecs (HTTP/1.1 200) 4 headers in 158 bytes (1 switches on core 0) [pid: 7|app: 0|req: 944/1830] 10.0.0.187 () {34 vars in 990 bytes} [Fri Jul 24 06:03:25 2026] GET /v2.0/ports?device_id=aaa1934f-b512-4309-b911-64be834fff85 => generated 1010 bytes in 103 msecs (HTTP/1.1 200) 4 headers in 158 bytes (1 switches on core 0) [pid: 7|app: 0|req: 945/1831] 10.0.0.81 () {32 vars in 773 bytes} [Fri Jul 24 06:03:25 2026] GET /v2.0/security-groups?tenant_id=954c2936fd0040d4ac3f8f9660936cbe&name=default => generated 2925 bytes in 34 msecs (HTTP/1.1 200) 4 headers in 158 bytes (1 switches on core 0) [pid: 8|app: 0|req: 887/1832] 10.0.0.81 () {32 vars in 739 bytes} [Fri Jul 24 06:03:25 2026] DELETE /v2.0/security-groups/4fbc34ef-1405-4e85-bb2b-104f75f51a6a => generated 0 bytes in 276 msecs (HTTP/1.1 204) 2 headers in 112 bytes (1 switches on core 0) [pid: 7|app: 0|req: 946/1833] 10.0.0.187 () {34 vars in 1120 bytes} [Fri Jul 24 06:03:25 2026] GET /v2.0/security-groups?id=e1389b0f-5908-4291-93f4-cb51b6455352&id=3511a5da-4099-4ea4-8679-486d9233bcdb&fields=id&fields=name => generated 207 bytes in 40 msecs (HTTP/1.1 200) 4 headers in 157 bytes (1 switches on core 0) [pid: 8|app: 0|req: 888/1834] 10.0.0.81 () {32 vars in 739 bytes} [Fri Jul 24 06:03:25 2026] DELETE /v2.0/security-groups/bc74c265-1643-4e84-bfe4-536a5ea4c429 => generated 0 bytes in 251 msecs (HTTP/1.1 204) 2 headers in 112 bytes (1 switches on core 0) [pid: 7|app: 0|req: 947/1835] 10.0.0.81 () {32 vars in 735 bytes} [Fri Jul 24 06:03:25 2026] GET /v2.0/ports?device_id=aaa1934f-b512-4309-b911-64be834fff85 => generated 1248 bytes in 281 msecs (HTTP/1.1 200) 4 headers in 158 bytes (1 switches on core 0) [pid: 8|app: 0|req: 889/1836] 10.0.0.81 () {32 vars in 857 bytes} [Fri Jul 24 06:03:25 2026] GET /v2.0/floatingips?floating_network_id=f73ecf1a-dfb0-46cb-ae55-4ba7b77c3391&port_id=1a8d7674-f374-47d8-82cf-154945f63646 => generated 860 bytes in 84 msecs (HTTP/1.1 200) 4 headers in 157 bytes (1 switches on core 0)
2026-07-24 06:03:26.325 7 INFO neutron.db.ovn_revision_numbers_db [None req-d07de596-be00-4edf-924d-019422c866ae 29ae21d2ce4b425f8dca69cfe506a032 6cd70627a7fe49a9a63ef0dcbd5e4e69 - - default default] Successfully bumped revision number for resource e7e57cff-5a07-49ad-9cd2-4f9c7ea7af55 (type: security_groups) to 1
2026-07-24 06:03:26.342 7 INFO neutron.db.ovn_revision_numbers_db [None req-d07de596-be00-4edf-924d-019422c866ae 29ae21d2ce4b425f8dca69cfe506a032 6cd70627a7fe49a9a63ef0dcbd5e4e69 - - default default] Successfully bumped revision number for resource 06a50079-b3e0-4127-9e81-2acdc9c65585 (type: security_group_rules) to 0 [pid: 8|app: 0|req: 890/1837] 10.0.0.1 () {34 vars in 988 bytes} [Fri Jul 24 06:03:26 2026] GET /v2.0/ports?device_id=aaa1934f-b512-4309-b911-64be834fff85 => generated 1248 bytes in 43 msecs (HTTP/1.1 200) 4 headers in 158 bytes (1 switches on core 0)
2026-07-24 06:03:26.354 7 INFO neutron.db.ovn_revision_numbers_db [None req-d07de596-be00-4edf-924d-019422c866ae 29ae21d2ce4b425f8dca69cfe506a032 6cd70627a7fe49a9a63ef0dcbd5e4e69 - - default default] Successfully bumped revision number for resource 2448b3c2-33da-486b-b668-8554240b2e31 (type: security_group_rules) to 0
2026-07-24 06:03:26.392 7 INFO neutron.db.ovn_revision_numbers_db [None req-d07de596-be00-4edf-924d-019422c866ae 29ae21d2ce4b425f8dca69cfe506a032 6cd70627a7fe49a9a63ef0dcbd5e4e69 - - default default] Successfully bumped revision number for resource 4a748515-f5cf-4c3b-ab9b-51fb8af0676a (type: security_group_rules) to 0 [pid: 8|app: 0|req: 891/1838] 10.0.0.1 () {34 vars in 1118 bytes} [Fri Jul 24 06:03:26 2026] GET /v2.0/security-groups?id=3511a5da-4099-4ea4-8679-486d9233bcdb&id=e1389b0f-5908-4291-93f4-cb51b6455352&fields=id&fields=name => generated 207 bytes in 41 msecs (HTTP/1.1 200) 4 headers in 157 bytes (1 switches on core 0)
2026-07-24 06:03:26.406 7 INFO neutron.db.ovn_revision_numbers_db [None req-d07de596-be00-4edf-924d-019422c866ae 29ae21d2ce4b425f8dca69cfe506a032 6cd70627a7fe49a9a63ef0dcbd5e4e69 - - default default] Successfully bumped revision number for resource e9eb063c-b77f-4afe-9181-e3171ac24dde (type: security_group_rules) to 0
2026-07-24 06:03:26.505 7 INFO neutron.db.segments_db [None req-d07de596-be00-4edf-924d-019422c866ae 29ae21d2ce4b425f8dca69cfe506a032 6cd70627a7fe49a9a63ef0dcbd5e4e69 - - default default] Added segment 5289a8af-6619-4bfa-887b-9af9ce0c15cd of type geneve for network 36a84844-1e1b-45e5-9819-01cb3e70a7f8
2026-07-24 06:03:26.617 7 INFO neutron.db.ovn_revision_numbers_db [None req-d07de596-be00-4edf-924d-019422c866ae 29ae21d2ce4b425f8dca69cfe506a032 6cd70627a7fe49a9a63ef0dcbd5e4e69 - - default default] Successfully bumped revision number for resource 36a84844-1e1b-45e5-9819-01cb3e70a7f8 (type: networks) to 1
2026-07-24 06:03:26.847 7 WARNING neutron.scheduler.dhcp_agent_scheduler [None req-d07de596-be00-4edf-924d-019422c866ae 29ae21d2ce4b425f8dca69cfe506a032 6cd70627a7fe49a9a63ef0dcbd5e4e69 - - default default] No more DHCP agents
2026-07-24 06:03:26.849 7 WARNING neutron.api.rpc.agentnotifiers.dhcp_rpc_agent_api [None req-d07de596-be00-4edf-924d-019422c866ae 29ae21d2ce4b425f8dca69cfe506a032 6cd70627a7fe49a9a63ef0dcbd5e4e69 - - default default] Unable to schedule network 36a84844-1e1b-45e5-9819-01cb3e70a7f8: no agents available; will retry on subsequent port and subnet creation events.
2026-07-24 06:03:26.871 8 INFO neutron.services.segments.plugin [-] Segment af7b8e24-00b9-42af-a2df-20396cd47774 resource provider aggregate not found
2026-07-24 06:03:26.898 8 INFO neutron.services.segments.plugin [-] Segment af7b8e24-00b9-42af-a2df-20396cd47774 resource provider aggregate not found
2026-07-24 06:03:26.910 8 INFO neutron.services.segments.plugin [-] Client error retrieving segment af7b8e24-00b9-42af-a2df-20396cd47774 resource provider; error: Placement Client Error (4xx): {"errors": [{"status": 404, "title": "Not Found", "detail": "The resource could not be found.\n\n No resource provider with uuid af7b8e24-00b9-42af-a2df-20396cd47774 found for delete ", "request_id": "req-519fcd5e-8ba7-460e-a96a-22ab1478e78d"}]}
2026-07-24 06:03:26.915 8 INFO neutron.services.segments.plugin [-] Client error retrieving segment af7b8e24-00b9-42af-a2df-20396cd47774 resource provider; error: Placement Client Error (4xx): {"errors": [{"status": 404, "title": "Not Found", "detail": "The resource could not be found.\n\n No resource provider with uuid af7b8e24-00b9-42af-a2df-20396cd47774 found for delete ", "request_id": "req-a964fe7a-39b8-4263-bf38-be29d8c17e69"}]}
2026-07-24 06:03:26.918 8 INFO neutron.plugins.ml2.drivers.ovn.mech_driver.mech_driver [None req-75347ddb-a115-4f50-bbb7-3ad60513204f - - - - - -] OVN reports status down for port: 97e60b98-57a3-4e44-90cc-089caec58e15
2026-07-24 06:03:26.936 7 INFO neutron.db.ovn_revision_numbers_db [None req-d07de596-be00-4edf-924d-019422c866ae 29ae21d2ce4b425f8dca69cfe506a032 6cd70627a7fe49a9a63ef0dcbd5e4e69 - - default default] Successfully bumped revision number for resource 97e60b98-57a3-4e44-90cc-089caec58e15 (type: ports) to 1 [pid: 7|app: 0|req: 948/1839] 10.0.0.81 () {34 vars in 669 bytes} [Fri Jul 24 06:03:26 2026] POST /v2.0/networks => generated 685 bytes in 900 msecs (HTTP/1.1 201) 4 headers in 162 bytes (1 switches on core 0)
2026-07-24 06:03:27.720 8 WARNING neutron.scheduler.dhcp_agent_scheduler [None req-70d9cac8-1f8e-49fa-b6e9-b0c07547baf7 29ae21d2ce4b425f8dca69cfe506a032 6cd70627a7fe49a9a63ef0dcbd5e4e69 - - default default] No more DHCP agents
2026-07-24 06:03:27.721 8 WARNING neutron.api.rpc.agentnotifiers.dhcp_rpc_agent_api [None req-70d9cac8-1f8e-49fa-b6e9-b0c07547baf7 29ae21d2ce4b425f8dca69cfe506a032 6cd70627a7fe49a9a63ef0dcbd5e4e69 - - default default] Unable to schedule network 36a84844-1e1b-45e5-9819-01cb3e70a7f8: no agents available; will retry on subsequent port and subnet creation events.
2026-07-24 06:03:27.757 8 INFO neutron.db.ovn_revision_numbers_db [None req-70d9cac8-1f8e-49fa-b6e9-b0c07547baf7 29ae21d2ce4b425f8dca69cfe506a032 6cd70627a7fe49a9a63ef0dcbd5e4e69 - - default default] Successfully bumped revision number for resource 0d44164e-d23e-49bd-be53-7d3d4a3631a2 (type: subnets) to 0 [pid: 8|app: 0|req: 892/1840] 10.0.0.81 () {34 vars in 668 bytes} [Fri Jul 24 06:03:27 2026] POST /v2.0/subnets => generated 673 bytes in 276 msecs (HTTP/1.1 201) 4 headers in 162 bytes (1 switches on core 0)
2026-07-24 06:03:27.878 8 INFO neutron.db.segments_db [None req-ad0db34c-cf54-40b1-a9bf-83bc0de92556 29ae21d2ce4b425f8dca69cfe506a032 6cd70627a7fe49a9a63ef0dcbd5e4e69 - - default default] Added segment ff67c122-e632-4c59-ad0e-358b2d759f6b of type geneve for network 0b002e63-fb35-438c-9a2b-4471033a3d6c
2026-07-24 06:03:27.960 7 INFO neutron.db.ovn_revision_numbers_db [None req-34c8a1f8-343c-4d06-a437-62b06862ba2c 17ff640817f5454c966fe652f7caf629 354c0e0431104185b49cecee8cd527e5 - - default default] Successfully bumped revision number for resource b154a032-5ab6-43b9-ac03-6614a00a53ac (type: security_groups) to 1
2026-07-24 06:03:27.974 7 INFO neutron.db.ovn_revision_numbers_db [None req-34c8a1f8-343c-4d06-a437-62b06862ba2c 17ff640817f5454c966fe652f7caf629 354c0e0431104185b49cecee8cd527e5 - - default default] Successfully bumped revision number for resource 08235e32-3dcc-4f4d-8bb1-eb536a39fe71 (type: security_group_rules) to 0
2026-07-24 06:03:27.991 7 INFO neutron.db.ovn_revision_numbers_db [None req-34c8a1f8-343c-4d06-a437-62b06862ba2c 17ff640817f5454c966fe652f7caf629 354c0e0431104185b49cecee8cd527e5 - - default default] Successfully bumped revision number for resource c3e19ddf-57a7-4cc1-b4da-bd846f1820d9 (type: security_group_rules) to 0
2026-07-24 06:03:28.001 8 INFO neutron.db.ovn_revision_numbers_db [None req-ad0db34c-cf54-40b1-a9bf-83bc0de92556 29ae21d2ce4b425f8dca69cfe506a032 6cd70627a7fe49a9a63ef0dcbd5e4e69 - - default default] Successfully bumped revision number for resource 0b002e63-fb35-438c-9a2b-4471033a3d6c (type: networks) to 1
2026-07-24 06:03:28.004 7 INFO neutron.db.ovn_revision_numbers_db [None req-34c8a1f8-343c-4d06-a437-62b06862ba2c 17ff640817f5454c966fe652f7caf629 354c0e0431104185b49cecee8cd527e5 - - default default] Successfully bumped revision number for resource e7b9bcfa-adb6-4752-80c8-a4dc0439d4ac (type: security_group_rules) to 0
2026-07-24 06:03:28.018 7 INFO neutron.db.ovn_revision_numbers_db [None req-34c8a1f8-343c-4d06-a437-62b06862ba2c 17ff640817f5454c966fe652f7caf629 354c0e0431104185b49cecee8cd527e5 - - default default] Successfully bumped revision number for resource f0d8e173-7319-4769-98a7-72e2cc351c74 (type: security_group_rules) to 0
2026-07-24 06:03:28.108 7 INFO neutron.db.segments_db [None req-34c8a1f8-343c-4d06-a437-62b06862ba2c 17ff640817f5454c966fe652f7caf629 354c0e0431104185b49cecee8cd527e5 - - default default] Added segment 494bdda4-5aa6-404a-8235-2db89b8cf803 of type geneve for network ce7b38a1-2b57-47be-805a-63b1653350f2
2026-07-24 06:03:28.163 8 WARNING neutron.scheduler.dhcp_agent_scheduler [None req-ad0db34c-cf54-40b1-a9bf-83bc0de92556 29ae21d2ce4b425f8dca69cfe506a032 6cd70627a7fe49a9a63ef0dcbd5e4e69 - - default default] No more DHCP agents
2026-07-24 06:03:28.164 8 WARNING neutron.api.rpc.agentnotifiers.dhcp_rpc_agent_api [None req-ad0db34c-cf54-40b1-a9bf-83bc0de92556 29ae21d2ce4b425f8dca69cfe506a032 6cd70627a7fe49a9a63ef0dcbd5e4e69 - - default default] Unable to schedule network 0b002e63-fb35-438c-9a2b-4471033a3d6c: no agents available; will retry on subsequent port and subnet creation events.
2026-07-24 06:03:28.236 7 INFO neutron.plugins.ml2.drivers.ovn.mech_driver.mech_driver [None req-dd3ecf6c-d510-48fe-af99-badb8a99a118 - - - - - -] OVN reports status down for port: c7043711-93b2-4557-b252-a0b5136f0a74
2026-07-24 06:03:28.282 8 INFO neutron.db.ovn_revision_numbers_db [None req-ad0db34c-cf54-40b1-a9bf-83bc0de92556 29ae21d2ce4b425f8dca69cfe506a032 6cd70627a7fe49a9a63ef0dcbd5e4e69 - - default default] Successfully bumped revision number for resource c7043711-93b2-4557-b252-a0b5136f0a74 (type: ports) to 1 [pid: 8|app: 0|req: 893/1841] 10.0.0.81 () {34 vars in 669 bytes} [Fri Jul 24 06:03:27 2026] POST /v2.0/networks => generated 686 bytes in 529 msecs (HTTP/1.1 201) 4 headers in 162 bytes (1 switches on core 0)
2026-07-24 06:03:28.316 7 INFO neutron.db.ovn_revision_numbers_db [None req-34c8a1f8-343c-4d06-a437-62b06862ba2c 17ff640817f5454c966fe652f7caf629 354c0e0431104185b49cecee8cd527e5 - - default default] Successfully bumped revision number for resource ce7b38a1-2b57-47be-805a-63b1653350f2 (type: networks) to 1
2026-07-24 06:03:28.476 8 INFO neutron.db.ovn_revision_numbers_db [None req-a11929d6-833c-4e9e-a906-33ebb04f8460 29ae21d2ce4b425f8dca69cfe506a032 6cd70627a7fe49a9a63ef0dcbd5e4e69 - - default default] Successfully bumped revision number for resource 0b002e63-fb35-438c-9a2b-4471033a3d6c (type: networks) to 2 [pid: 8|app: 0|req: 894/1842] 10.0.0.81 () {34 vars in 742 bytes} [Fri Jul 24 06:03:28 2026] PUT /v2.0/networks/0b002e63-fb35-438c-9a2b-4471033a3d6c => generated 636 bytes in 158 msecs (HTTP/1.1 200) 4 headers in 157 bytes (1 switches on core 0)
2026-07-24 06:03:28.574 7 WARNING neutron.scheduler.dhcp_agent_scheduler [None req-34c8a1f8-343c-4d06-a437-62b06862ba2c 17ff640817f5454c966fe652f7caf629 354c0e0431104185b49cecee8cd527e5 - - default default] No more DHCP agents
2026-07-24 06:03:28.576 7 WARNING neutron.api.rpc.agentnotifiers.dhcp_rpc_agent_api [None req-34c8a1f8-343c-4d06-a437-62b06862ba2c 17ff640817f5454c966fe652f7caf629 354c0e0431104185b49cecee8cd527e5 - - default default] Unable to schedule network ce7b38a1-2b57-47be-805a-63b1653350f2: no agents available; will retry on subsequent port and subnet creation events.
2026-07-24 06:03:28.684 8 INFO neutron.plugins.ml2.drivers.ovn.mech_driver.mech_driver [None req-75347ddb-a115-4f50-bbb7-3ad60513204f - - - - - -] OVN reports status down for port: 7f7ff024-b685-4df6-b02a-5a2732310cec
2026-07-24 06:03:28.688 7 INFO neutron.db.ovn_revision_numbers_db [None req-34c8a1f8-343c-4d06-a437-62b06862ba2c 17ff640817f5454c966fe652f7caf629 354c0e0431104185b49cecee8cd527e5 - - default default] Successfully bumped revision number for resource 7f7ff024-b685-4df6-b02a-5a2732310cec (type: ports) to 1 [pid: 7|app: 0|req: 949/1843] 10.0.0.81 () {34 vars in 670 bytes} [Fri Jul 24 06:03:27 2026] POST /v2.0/networks => generated 786 bytes in 1050 msecs (HTTP/1.1 201) 4 headers in 162 bytes (1 switches on core 0) [pid: 7|app: 0|req: 950/1844] 10.0.0.187 () {34 vars in 990 bytes} [Fri Jul 24 06:03:28 2026] GET /v2.0/ports?device_id=aaa1934f-b512-4309-b911-64be834fff85 => generated 1010 bytes in 39 msecs (HTTP/1.1 200) 4 headers in 158 bytes (1 switches on core 0)
2026-07-24 06:03:28.793 8 WARNING neutron.scheduler.dhcp_agent_scheduler [None req-7f6d2ab0-a7b7-4761-a920-bcd7abf61133 29ae21d2ce4b425f8dca69cfe506a032 6cd70627a7fe49a9a63ef0dcbd5e4e69 - - default default] No more DHCP agents
