2026-07-24 06:04:54.688 8 INFO neutron.db.ovn_revision_numbers_db [None req-9448b32e-149b-4053-9cc4-73188e12fa14 2b916e5c43014898a1aad19eed0cd956 52057376e28b4a3a96516f2a6340e18c - - default default] Successfully bumped revision number for resource f46f6ccd-b637-4e9c-8778-9a7b96097d3a (type: networks) to 1
2026-07-24 06:04:54.746 7 INFO neutron_taas.services.taas.taas_plugin [None req-3d33844e-d630-46dc-9386-23f3a8e3b2df 7047bd40921b49d6b46f2815838a7a6e e9c74987d1e24240b9b43e29a1234526 - - default default] TaaS: Handle Delete Port: 1afb76f3-7f83-4d91-9c63-5ef7641b43ac
2026-07-24 06:04:54.749 7 INFO neutron_taas.services.taas.tap_mirror_plugin [None req-3d33844e-d630-46dc-9386-23f3a8e3b2df 7047bd40921b49d6b46f2815838a7a6e e9c74987d1e24240b9b43e29a1234526 - - default default] Tap Mirror: Handle Delete Port: 1afb76f3-7f83-4d91-9c63-5ef7641b43ac
2026-07-24 06:04:54.865 8 WARNING neutron.scheduler.dhcp_agent_scheduler [None req-9448b32e-149b-4053-9cc4-73188e12fa14 2b916e5c43014898a1aad19eed0cd956 52057376e28b4a3a96516f2a6340e18c - - default default] No more DHCP agents
2026-07-24 06:04:54.866 8 WARNING neutron.api.rpc.agentnotifiers.dhcp_rpc_agent_api [None req-9448b32e-149b-4053-9cc4-73188e12fa14 2b916e5c43014898a1aad19eed0cd956 52057376e28b4a3a96516f2a6340e18c - - default default] Unable to schedule network f46f6ccd-b637-4e9c-8778-9a7b96097d3a: no agents available; will retry on subsequent port and subnet creation events. [pid: 7|app: 0|req: 1222/2397] 10.0.0.81 () {32 vars in 719 bytes} [Fri Jul 24 06:04:54 2026] DELETE /v2.0/ports/1afb76f3-7f83-4d91-9c63-5ef7641b43ac => generated 0 bytes in 248 msecs (HTTP/1.1 204) 3 headers in 131 bytes (1 switches on core 0)
2026-07-24 06:04:54.913 8 INFO neutron.plugins.ml2.drivers.ovn.mech_driver.mech_driver [None req-3bb2c9c1-ef09-4aba-88a1-86b2c9d1d675 - - - - - -] OVN reports status down for port: ad42a7c1-e453-48f6-b12e-d10f551af372
2026-07-24 06:04:54.967 8 INFO neutron.db.ovn_revision_numbers_db [None req-9448b32e-149b-4053-9cc4-73188e12fa14 2b916e5c43014898a1aad19eed0cd956 52057376e28b4a3a96516f2a6340e18c - - default default] Successfully bumped revision number for resource ad42a7c1-e453-48f6-b12e-d10f551af372 (type: ports) to 1
2026-07-24 06:04:55.015 7 INFO neutron_taas.services.taas.taas_plugin [None req-40e0c934-806d-402b-bbd3-bb078caae90d 7047bd40921b49d6b46f2815838a7a6e e9c74987d1e24240b9b43e29a1234526 - - default default] TaaS: Handle Delete Port: e2504201-3eb2-4f51-98e9-b05109627202
2026-07-24 06:04:55.021 7 INFO neutron_taas.services.taas.tap_mirror_plugin [None req-40e0c934-806d-402b-bbd3-bb078caae90d 7047bd40921b49d6b46f2815838a7a6e e9c74987d1e24240b9b43e29a1234526 - - default default] Tap Mirror: Handle Delete Port: e2504201-3eb2-4f51-98e9-b05109627202 [pid: 8|app: 0|req: 1176/2398] 10.0.0.81 () {34 vars in 669 bytes} [Fri Jul 24 06:04:54 2026] POST /v2.0/networks => generated 669 bytes in 579 msecs (HTTP/1.1 201) 4 headers in 162 bytes (1 switches on core 0) [pid: 7|app: 0|req: 1223/2399] 10.0.0.81 () {32 vars in 719 bytes} [Fri Jul 24 06:04:54 2026] DELETE /v2.0/ports/e2504201-3eb2-4f51-98e9-b05109627202 => generated 0 bytes in 308 msecs (HTTP/1.1 204) 3 headers in 131 bytes (1 switches on core 0)
2026-07-24 06:04:55.267 8 WARNING neutron.scheduler.dhcp_agent_scheduler [None req-77198936-fd07-4387-9645-ea6b344a9b44 2b916e5c43014898a1aad19eed0cd956 52057376e28b4a3a96516f2a6340e18c - - default default] No more DHCP agents
2026-07-24 06:04:55.268 8 WARNING neutron.api.rpc.agentnotifiers.dhcp_rpc_agent_api [None req-77198936-fd07-4387-9645-ea6b344a9b44 2b916e5c43014898a1aad19eed0cd956 52057376e28b4a3a96516f2a6340e18c - - default default] Unable to schedule network f46f6ccd-b637-4e9c-8778-9a7b96097d3a: no agents available; will retry on subsequent port and subnet creation events.
2026-07-24 06:04:55.321 7 INFO neutron_taas.services.taas.taas_plugin [None req-e8aa1c9a-2878-4c0a-b924-5784a8224db4 7047bd40921b49d6b46f2815838a7a6e e9c74987d1e24240b9b43e29a1234526 - - default default] TaaS: Handle Delete Port: 121666da-ec0a-45c8-ba38-4cda0374dc91
2026-07-24 06:04:55.324 7 INFO neutron_taas.services.taas.tap_mirror_plugin [None req-e8aa1c9a-2878-4c0a-b924-5784a8224db4 7047bd40921b49d6b46f2815838a7a6e e9c74987d1e24240b9b43e29a1234526 - - default default] Tap Mirror: Handle Delete Port: 121666da-ec0a-45c8-ba38-4cda0374dc91 [pid: 7|app: 0|req: 1224/2400] 10.0.0.81 () {32 vars in 719 bytes} [Fri Jul 24 06:04:55 2026] DELETE /v2.0/ports/121666da-ec0a-45c8-ba38-4cda0374dc91 => generated 0 bytes in 256 msecs (HTTP/1.1 204) 3 headers in 131 bytes (1 switches on core 0)
2026-07-24 06:04:55.593 7 INFO neutron_taas.services.taas.taas_plugin [None req-e4faa9d4-4e36-42f1-a455-25bfd1c31273 7047bd40921b49d6b46f2815838a7a6e e9c74987d1e24240b9b43e29a1234526 - - default default] TaaS: Handle Delete Port: c9a15389-5027-40dd-b6d0-41ddf00e8d64
2026-07-24 06:04:55.598 7 INFO neutron_taas.services.taas.tap_mirror_plugin [None req-e4faa9d4-4e36-42f1-a455-25bfd1c31273 7047bd40921b49d6b46f2815838a7a6e e9c74987d1e24240b9b43e29a1234526 - - default default] Tap Mirror: Handle Delete Port: c9a15389-5027-40dd-b6d0-41ddf00e8d64 [pid: 7|app: 0|req: 1225/2401] 10.0.0.81 () {32 vars in 719 bytes} [Fri Jul 24 06:04:55 2026] DELETE /v2.0/ports/c9a15389-5027-40dd-b6d0-41ddf00e8d64 => generated 0 bytes in 268 msecs (HTTP/1.1 204) 3 headers in 131 bytes (1 switches on core 0)
2026-07-24 06:04:55.745 8 INFO neutron.db.ovn_revision_numbers_db [None req-d0de9c4c-697b-4e2d-a5e0-bd84b85876fb - - - - - -] Successfully bumped revision number for resource ad42a7c1-e453-48f6-b12e-d10f551af372 (type: ports) to 2
2026-07-24 06:04:55.778 8 INFO neutron.db.ovn_revision_numbers_db [None req-d0de9c4c-697b-4e2d-a5e0-bd84b85876fb - - - - - -] Successfully bumped revision number for resource bc61f762-22ec-48ef-adbd-40e4dd8ce547 (type: subnets) to 0 [pid: 8|app: 0|req: 1177/2402] 10.0.0.81 () {34 vars in 668 bytes} [Fri Jul 24 06:04:55 2026] POST /v2.0/subnets => generated 629 bytes in 750 msecs (HTTP/1.1 201) 4 headers in 162 bytes (1 switches on core 0)
2026-07-24 06:04:55.844 7 INFO neutron_taas.services.taas.taas_plugin [None req-86f4f53e-1833-4b7d-98f6-c01bca4fce10 7047bd40921b49d6b46f2815838a7a6e e9c74987d1e24240b9b43e29a1234526 - - default default] TaaS: Handle Delete Port: 48f54b6b-41f0-457b-8cf7-f46c58f1cedd
2026-07-24 06:04:55.847 7 INFO neutron_taas.services.taas.tap_mirror_plugin [None req-86f4f53e-1833-4b7d-98f6-c01bca4fce10 7047bd40921b49d6b46f2815838a7a6e e9c74987d1e24240b9b43e29a1234526 - - default default] Tap Mirror: Handle Delete Port: 48f54b6b-41f0-457b-8cf7-f46c58f1cedd [pid: 7|app: 0|req: 1226/2403] 10.0.0.81 () {32 vars in 719 bytes} [Fri Jul 24 06:04:55 2026] DELETE /v2.0/ports/48f54b6b-41f0-457b-8cf7-f46c58f1cedd => generated 0 bytes in 245 msecs (HTTP/1.1 204) 3 headers in 131 bytes (1 switches on core 0)
2026-07-24 06:04:56.106 7 INFO neutron_taas.services.taas.taas_plugin [None req-b514d530-f20c-4c4b-b529-c2e08296302a 7047bd40921b49d6b46f2815838a7a6e e9c74987d1e24240b9b43e29a1234526 - - default default] TaaS: Handle Delete Port: 2659a800-fde5-4bfa-b864-52980acbefb7
2026-07-24 06:04:56.112 7 INFO neutron_taas.services.taas.tap_mirror_plugin [None req-b514d530-f20c-4c4b-b529-c2e08296302a 7047bd40921b49d6b46f2815838a7a6e e9c74987d1e24240b9b43e29a1234526 - - default default] Tap Mirror: Handle Delete Port: 2659a800-fde5-4bfa-b864-52980acbefb7
2026-07-24 06:04:56.277 8 WARNING neutron.scheduler.dhcp_agent_scheduler [None req-0f60f9c9-3c5e-4aab-95c7-3a67d70f76bc 2b916e5c43014898a1aad19eed0cd956 52057376e28b4a3a96516f2a6340e18c - - default default] No more DHCP agents
2026-07-24 06:04:56.278 8 WARNING neutron.api.rpc.agentnotifiers.dhcp_rpc_agent_api [None req-0f60f9c9-3c5e-4aab-95c7-3a67d70f76bc 2b916e5c43014898a1aad19eed0cd956 52057376e28b4a3a96516f2a6340e18c - - default default] Unable to schedule network f73ecf1a-dfb0-46cb-ae55-4ba7b77c3391: no agents available; will retry on subsequent port and subnet creation events.
2026-07-24 06:04:56.320 7 INFO neutron.services.segments.plugin [-] Segment 18d0c6d7-bccb-4db0-bc3e-5456befb078e resource provider aggregate not found
2026-07-24 06:04:56.323 7 INFO neutron.services.segments.plugin [-] Segment 18d0c6d7-bccb-4db0-bc3e-5456befb078e resource provider aggregate not found
2026-07-24 06:04:56.343 7 INFO neutron.services.segments.plugin [-] Client error retrieving segment 18d0c6d7-bccb-4db0-bc3e-5456befb078e resource provider; error: Placement Client Error (4xx): {"errors": [{"status": 404, "title": "Not Found", "detail": "The resource could not be found.\n\n No resource provider with uuid 18d0c6d7-bccb-4db0-bc3e-5456befb078e found for delete ", "request_id": "req-42190d88-ac97-45e1-b89a-00c761a10ace"}]}
2026-07-24 06:04:56.345 7 INFO neutron.services.segments.plugin [-] Client error retrieving segment 18d0c6d7-bccb-4db0-bc3e-5456befb078e resource provider; error: Placement Client Error (4xx): {"errors": [{"status": 404, "title": "Not Found", "detail": "The resource could not be found.\n\n No resource provider with uuid 18d0c6d7-bccb-4db0-bc3e-5456befb078e found for delete ", "request_id": "req-f86a0dc3-ca7c-4dd9-ade8-da472e8ed72f"}]} [pid: 7|app: 0|req: 1227/2404] 10.0.0.81 () {32 vars in 725 bytes} [Fri Jul 24 06:04:55 2026] DELETE /v2.0/networks/b6ecf776-4dc8-48cf-a903-28ec14eb6318 => generated 0 bytes in 395 msecs (HTTP/1.1 204) 3 headers in 131 bytes (1 switches on core 0)
2026-07-24 06:04:56.399 8 INFO neutron.plugins.ml2.drivers.ovn.mech_driver.mech_driver [None req-3bb2c9c1-ef09-4aba-88a1-86b2c9d1d675 - - - - - -] OVN reports status down for port: 04d1a949-7b63-4a51-9934-c2124fd658fc
2026-07-24 06:04:56.456 8 INFO neutron.db.ovn_revision_numbers_db [None req-0f60f9c9-3c5e-4aab-95c7-3a67d70f76bc 2b916e5c43014898a1aad19eed0cd956 52057376e28b4a3a96516f2a6340e18c - - default default] Successfully bumped revision number for resource 04d1a949-7b63-4a51-9934-c2124fd658fc (type: ports) to 1
2026-07-24 06:04:56.536 7 INFO neutron_taas.services.taas.taas_plugin [None req-714f6076-3d4a-491c-a396-e8ed9be01a3b 7047bd40921b49d6b46f2815838a7a6e e9c74987d1e24240b9b43e29a1234526 - - default default] TaaS: Handle Delete Port: 20415817-e020-47d7-92a2-6472af8718fb
2026-07-24 06:04:56.539 7 INFO neutron_taas.services.taas.tap_mirror_plugin [None req-714f6076-3d4a-491c-a396-e8ed9be01a3b 7047bd40921b49d6b46f2815838a7a6e e9c74987d1e24240b9b43e29a1234526 - - default default] Tap Mirror: Handle Delete Port: 20415817-e020-47d7-92a2-6472af8718fb [pid: 7|app: 0|req: 1228/2405] 10.0.0.81 () {32 vars in 725 bytes} [Fri Jul 24 06:04:56 2026] DELETE /v2.0/networks/8ca85080-74c6-420c-8935-d812eb93ae7c => generated 0 bytes in 368 msecs (HTTP/1.1 204) 3 headers in 131 bytes (1 switches on core 0)
2026-07-24 06:04:56.877 7 INFO neutron_taas.services.taas.taas_plugin [None req-891252b1-4af4-4513-984b-495d33c66df9 7047bd40921b49d6b46f2815838a7a6e e9c74987d1e24240b9b43e29a1234526 - - default default] TaaS: Handle Delete Port: c94940fb-2235-47a4-b97b-c2afbd5f017b
2026-07-24 06:04:56.881 7 INFO neutron_taas.services.taas.tap_mirror_plugin [None req-891252b1-4af4-4513-984b-495d33c66df9 7047bd40921b49d6b46f2815838a7a6e e9c74987d1e24240b9b43e29a1234526 - - default default] Tap Mirror: Handle Delete Port: c94940fb-2235-47a4-b97b-c2afbd5f017b [pid: 7|app: 0|req: 1229/2406] 10.0.0.81 () {32 vars in 725 bytes} [Fri Jul 24 06:04:56 2026] DELETE /v2.0/networks/837c9d68-b0b9-4d66-9302-874b8bb968de => generated 0 bytes in 348 msecs (HTTP/1.1 204) 3 headers in 131 bytes (1 switches on core 0)
2026-07-24 06:04:57.155 8 INFO neutron.plugins.ml2.drivers.ovn.mech_driver.ovsdb.commands [None req-3e1c221d-6ed4-432a-a6e9-8ae6ab941203 - - - - - -] Schedule LRP lrp-04d1a949-7b63-4a51-9934-c2124fd658fc on gateway 34347bc6-9b3f-493b-ae09-1fdb0417251b with priority 1
2026-07-24 06:04:57.172 8 INFO neutron.plugins.ml2.drivers.ovn.mech_driver.mech_driver [None req-3bb2c9c1-ef09-4aba-88a1-86b2c9d1d675 - - - - - -] OVN reports status up for port: 04d1a949-7b63-4a51-9934-c2124fd658fc
2026-07-24 06:04:57.199 8 INFO neutron.plugins.ml2.plugin [None req-3bb2c9c1-ef09-4aba-88a1-86b2c9d1d675 - - - - - -] Attempt 1 to provision port 04d1a949-7b63-4a51-9934-c2124fd658fc
2026-07-24 06:04:57.225 8 INFO neutron.db.ovn_revision_numbers_db [None req-0f60f9c9-3c5e-4aab-95c7-3a67d70f76bc 2b916e5c43014898a1aad19eed0cd956 52057376e28b4a3a96516f2a6340e18c - - default default] Successfully bumped revision number for resource 04d1a949-7b63-4a51-9934-c2124fd658fc (type: router_ports) to 1
2026-07-24 06:04:57.345 8 INFO neutron.db.ovn_revision_numbers_db [None req-0f60f9c9-3c5e-4aab-95c7-3a67d70f76bc 2b916e5c43014898a1aad19eed0cd956 52057376e28b4a3a96516f2a6340e18c - - default default] Successfully bumped revision number for resource 181f3ef6-dda1-4b29-bfed-e2020c3f45f0 (type: routers) to 2 [pid: 8|app: 0|req: 1178/2407] 10.0.0.81 () {34 vars in 668 bytes} [Fri Jul 24 06:04:55 2026] POST /v2.0/routers => generated 936 bytes in 1567 msecs (HTTP/1.1 201) 4 headers in 162 bytes (1 switches on core 0)
2026-07-24 06:04:57.384 7 INFO neutron.db.ovn_revision_numbers_db [None req-6a11ad0d-55ca-483e-8bdd-c7801532f40b 17ff640817f5454c966fe652f7caf629 354c0e0431104185b49cecee8cd527e5 - - default default] Successfully bumped revision number for resource afc04ea7-8230-4bbc-b320-e72739a98ed7 (type: security_groups) to 1
2026-07-24 06:04:57.398 7 INFO neutron.db.ovn_revision_numbers_db [None req-6a11ad0d-55ca-483e-8bdd-c7801532f40b 17ff640817f5454c966fe652f7caf629 354c0e0431104185b49cecee8cd527e5 - - default default] Successfully bumped revision number for resource 1f28514c-c44e-4378-92f2-836f98918225 (type: security_group_rules) to 0
2026-07-24 06:04:57.409 7 INFO neutron.db.ovn_revision_numbers_db [None req-6a11ad0d-55ca-483e-8bdd-c7801532f40b 17ff640817f5454c966fe652f7caf629 354c0e0431104185b49cecee8cd527e5 - - default default] Successfully bumped revision number for resource 60f1e76d-082e-4401-ada4-25272228d92b (type: security_group_rules) to 0
2026-07-24 06:04:57.423 7 INFO neutron.db.ovn_revision_numbers_db [None req-6a11ad0d-55ca-483e-8bdd-c7801532f40b 17ff640817f5454c966fe652f7caf629 354c0e0431104185b49cecee8cd527e5 - - default default] Successfully bumped revision number for resource ab767bab-be08-4a8a-9d62-3c348580c997 (type: security_group_rules) to 0
2026-07-24 06:04:57.438 7 INFO neutron.db.ovn_revision_numbers_db [None req-6a11ad0d-55ca-483e-8bdd-c7801532f40b 17ff640817f5454c966fe652f7caf629 354c0e0431104185b49cecee8cd527e5 - - default default] Successfully bumped revision number for resource b2648aea-d560-4230-a590-508e56ff840b (type: security_group_rules) to 0 [pid: 7|app: 0|req: 1230/2408] 10.0.0.81 () {32 vars in 773 bytes} [Fri Jul 24 06:04:57 2026] GET /v2.0/security-groups?tenant_id=6bf781d3680c4cf19ad04a137a20ce93&name=default => generated 2925 bytes in 388 msecs (HTTP/1.1 200) 4 headers in 158 bytes (1 switches on core 0)
2026-07-24 06:04:57.500 8 INFO neutron_taas.services.taas.taas_plugin [None req-882e05d2-7679-4914-be4d-512122ede1a3 7047bd40921b49d6b46f2815838a7a6e e9c74987d1e24240b9b43e29a1234526 - - default default] TaaS: Handle Delete Port: 8c618754-95d7-498c-a141-b20f1ab63b36
2026-07-24 06:04:57.503 8 INFO neutron_taas.services.taas.tap_mirror_plugin [None req-882e05d2-7679-4914-be4d-512122ede1a3 7047bd40921b49d6b46f2815838a7a6e e9c74987d1e24240b9b43e29a1234526 - - default default] Tap Mirror: Handle Delete Port: 8c618754-95d7-498c-a141-b20f1ab63b36
2026-07-24 06:04:57.689 8 INFO neutron.services.segments.plugin [-] Segment 7b18bf9e-9bce-4b72-b85b-c76c2596e4ee resource provider aggregate not found
2026-07-24 06:04:57.693 8 INFO neutron.services.segments.plugin [-] Segment 7b18bf9e-9bce-4b72-b85b-c76c2596e4ee resource provider aggregate not found
2026-07-24 06:04:57.706 8 INFO neutron.services.segments.plugin [-] Client error retrieving segment 7b18bf9e-9bce-4b72-b85b-c76c2596e4ee resource provider; error: Placement Client Error (4xx): {"errors": [{"status": 404, "title": "Not Found", "detail": "The resource could not be found.\n\n No resource provider with uuid 7b18bf9e-9bce-4b72-b85b-c76c2596e4ee found for delete ", "request_id": "req-438e5bbe-c7f9-4633-9f61-4260effdca14"}]}
2026-07-24 06:04:57.709 8 INFO neutron.services.segments.plugin [-] Client error retrieving segment 7b18bf9e-9bce-4b72-b85b-c76c2596e4ee resource provider; error: Placement Client Error (4xx): {"errors": [{"status": 404, "title": "Not Found", "detail": "The resource could not be found.\n\n No resource provider with uuid 7b18bf9e-9bce-4b72-b85b-c76c2596e4ee found for delete ", "request_id": "req-c53d5889-243c-41ac-ad8b-bc9322627d51"}]} [pid: 8|app: 0|req: 1179/2409] 10.0.0.81 () {32 vars in 725 bytes} [Fri Jul 24 06:04:57 2026] DELETE /v2.0/networks/0b688ab1-3a68-4738-a12b-b083d1eff190 => generated 0 bytes in 371 msecs (HTTP/1.1 204) 3 headers in 131 bytes (1 switches on core 0) [pid: 8|app: 0|req: 1180/2410] 10.0.0.81 () {32 vars in 739 bytes} [Fri Jul 24 06:04:57 2026] DELETE /v2.0/security-groups/afc04ea7-8230-4bbc-b320-e72739a98ed7 => generated 0 bytes in 210 msecs (HTTP/1.1 204) 2 headers in 112 bytes (1 switches on core 0)
2026-07-24 06:04:57.998 7 WARNING neutron.scheduler.dhcp_agent_scheduler [None req-44bf5e15-8479-4687-b3b7-90399686b9ad 2b916e5c43014898a1aad19eed0cd956 52057376e28b4a3a96516f2a6340e18c - - default default] No more DHCP agents
2026-07-24 06:04:57.999 7 WARNING neutron.api.rpc.agentnotifiers.dhcp_rpc_agent_api [None req-44bf5e15-8479-4687-b3b7-90399686b9ad 2b916e5c43014898a1aad19eed0cd956 52057376e28b4a3a96516f2a6340e18c - - default default] Unable to schedule network f46f6ccd-b637-4e9c-8778-9a7b96097d3a: no agents available; will retry on subsequent port and subnet creation events.
2026-07-24 06:04:58.080 8 INFO neutron_taas.services.taas.taas_plugin [None req-8c0042d8-9a1b-4ce7-9c06-3d648e00632c 7047bd40921b49d6b46f2815838a7a6e e9c74987d1e24240b9b43e29a1234526 - - default default] TaaS: Handle Delete Port: 7d84a703-9701-47c6-8694-cbbfa8de7a8a
2026-07-24 06:04:58.083 8 INFO neutron_taas.services.taas.tap_mirror_plugin [None req-8c0042d8-9a1b-4ce7-9c06-3d648e00632c 7047bd40921b49d6b46f2815838a7a6e e9c74987d1e24240b9b43e29a1234526 - - default default] Tap Mirror: Handle Delete Port: 7d84a703-9701-47c6-8694-cbbfa8de7a8a
2026-07-24 06:04:58.133 7 INFO neutron.db.ovn_revision_numbers_db [None req-44bf5e15-8479-4687-b3b7-90399686b9ad 2b916e5c43014898a1aad19eed0cd956 52057376e28b4a3a96516f2a6340e18c - - default default] Successfully bumped revision number for resource ecd0a22c-7734-4a92-aef6-de8cd49f15cb (type: ports) to 1 [pid: 8|app: 0|req: 1181/2411] 10.0.0.81 () {32 vars in 725 bytes} [Fri Jul 24 06:04:57 2026] DELETE /v2.0/networks/dc46e962-dd60-4744-aca9-afdcd7ef40df => generated 0 bytes in 401 msecs (HTTP/1.1 204) 3 headers in 131 bytes (1 switches on core 0)
2026-07-24 06:04:58.368 7 INFO neutron.services.segments.plugin [-] Segment c9c7cb55-17a1-41d9-b14e-4468aa580381 resource provider aggregate not found
2026-07-24 06:04:58.378 7 INFO neutron.services.segments.plugin [-] Segment c9c7cb55-17a1-41d9-b14e-4468aa580381 resource provider aggregate not found
2026-07-24 06:04:58.398 7 INFO neutron.services.segments.plugin [-] Client error retrieving segment c9c7cb55-17a1-41d9-b14e-4468aa580381 resource provider; error: Placement Client Error (4xx): {"errors": [{"status": 404, "title": "Not Found", "detail": "The resource could not be found.\n\n No resource provider with uuid c9c7cb55-17a1-41d9-b14e-4468aa580381 found for delete ", "request_id": "req-6cec6ab4-b4eb-4012-bc2b-fd636421c473"}]}
2026-07-24 06:04:58.403 7 INFO neutron.services.segments.plugin [-] Client error retrieving segment c9c7cb55-17a1-41d9-b14e-4468aa580381 resource provider; error: Placement Client Error (4xx): {"errors": [{"status": 404, "title": "Not Found", "detail": "The resource could not be found.\n\n No resource provider with uuid c9c7cb55-17a1-41d9-b14e-4468aa580381 found for delete ", "request_id": "req-80501735-68fe-4f8b-ba12-8f70d683a4c6"}]}
2026-07-24 06:04:58.434 7 INFO neutron.services.segments.plugin [-] Segment 22df3b00-0587-42ea-b1bb-3f3d13eacf80 resource provider aggregate not found
2026-07-24 06:04:58.439 7 INFO neutron.services.segments.plugin [-] Segment 22df3b00-0587-42ea-b1bb-3f3d13eacf80 resource provider aggregate not found
2026-07-24 06:04:58.470 7 INFO neutron.services.segments.plugin [-] Client error retrieving segment 22df3b00-0587-42ea-b1bb-3f3d13eacf80 resource provider; error: Placement Client Error (4xx): {"errors": [{"status": 404, "title": "Not Found", "detail": "The resource could not be found.\n\n No resource provider with uuid 22df3b00-0587-42ea-b1bb-3f3d13eacf80 found for delete ", "request_id": "req-53b2664a-cad0-420a-a290-768b370373d3"}]}
2026-07-24 06:04:58.470 7 INFO neutron.services.segments.plugin [-] Client error retrieving segment 22df3b00-0587-42ea-b1bb-3f3d13eacf80 resource provider; error: Placement Client Error (4xx): {"errors": [{"status": 404, "title": "Not Found", "detail": "The resource could not be found.\n\n No resource provider with uuid 22df3b00-0587-42ea-b1bb-3f3d13eacf80 found for delete ", "request_id": "req-36199984-57be-4767-9b00-2b8bca22bfd2"}]}
2026-07-24 06:04:59.033 7 WARNING neutron.scheduler.dhcp_agent_scheduler [None req-44bf5e15-8479-4687-b3b7-90399686b9ad 2b916e5c43014898a1aad19eed0cd956 52057376e28b4a3a96516f2a6340e18c - - default default] No more DHCP agents
2026-07-24 06:04:59.034 7 WARNING neutron.api.rpc.agentnotifiers.dhcp_rpc_agent_api [None req-44bf5e15-8479-4687-b3b7-90399686b9ad 2b916e5c43014898a1aad19eed0cd956 52057376e28b4a3a96516f2a6340e18c - - default default] Unable to schedule network f46f6ccd-b637-4e9c-8778-9a7b96097d3a: no agents available; will retry on subsequent port and subnet creation events.
2026-07-24 06:04:59.366 7 INFO neutron.db.ovn_revision_numbers_db [None req-44bf5e15-8479-4687-b3b7-90399686b9ad 2b916e5c43014898a1aad19eed0cd956 52057376e28b4a3a96516f2a6340e18c - - default default] Successfully bumped revision number for resource ecd0a22c-7734-4a92-aef6-de8cd49f15cb (type: router_ports) to 1 [pid: 7|app: 0|req: 1231/2412] 10.0.0.81 () {34 vars in 782 bytes} [Fri Jul 24 06:04:57 2026] PUT /v2.0/routers/181f3ef6-dda1-4b29-bfed-e2020c3f45f0/add_router_interface => generated 309 bytes in 1890 msecs (HTTP/1.1 200) 4 headers in 157 bytes (1 switches on core 0) [pid: 8|app: 0|req: 1182/2413] 10.0.0.81 () {32 vars in 773 bytes} [Fri Jul 24 06:04:59 2026] GET /v2.0/security-groups?tenant_id=e9c74987d1e24240b9b43e29a1234526&name=default => generated 2925 bytes in 224 msecs (HTTP/1.1 200) 4 headers in 158 bytes (1 switches on core 0) [pid: 8|app: 0|req: 1183/2414] 10.0.0.81 () {32 vars in 739 bytes} [Fri Jul 24 06:04:59 2026] DELETE /v2.0/security-groups/5dacbe27-adee-4a22-ae44-21a770ea7a96 => generated 0 bytes in 288 msecs (HTTP/1.1 204) 2 headers in 112 bytes (1 switches on core 0)
2026-07-24 06:04:59.728 8 INFO neutron.services.segments.plugin [-] Segment eb3dfbcb-efb0-4fe8-9dcc-e6116e5f4043 resource provider aggregate not found
2026-07-24 06:04:59.733 8 INFO neutron.services.segments.plugin [-] Segment eb3dfbcb-efb0-4fe8-9dcc-e6116e5f4043 resource provider aggregate not found
2026-07-24 06:04:59.754 8 INFO neutron.services.segments.plugin [-] Client error retrieving segment eb3dfbcb-efb0-4fe8-9dcc-e6116e5f4043 resource provider; error: Placement Client Error (4xx): {"errors": [{"status": 404, "title": "Not Found", "detail": "The resource could not be found.\n\n No resource provider with uuid eb3dfbcb-efb0-4fe8-9dcc-e6116e5f4043 found for delete ", "request_id": "req-dbf3093c-9000-402b-b713-5a798751b20f"}]}
2026-07-24 06:04:59.763 8 INFO neutron.services.segments.plugin [-] Client error retrieving segment eb3dfbcb-efb0-4fe8-9dcc-e6116e5f4043 resource provider; error: Placement Client Error (4xx): {"errors": [{"status": 404, "title": "Not Found", "detail": "The resource could not be found.\n\n No resource provider with uuid eb3dfbcb-efb0-4fe8-9dcc-e6116e5f4043 found for delete ", "request_id": "req-45a12e71-72ef-401c-90c0-59ddc9467319"}]}
2026-07-24 06:04:59.967 7 WARNING neutron.scheduler.dhcp_agent_scheduler [None req-4d4255ae-6add-473e-8c70-74c39074506b - - - - - -] No more DHCP agents
2026-07-24 06:04:59.970 7 WARNING neutron.api.rpc.agentnotifiers.dhcp_rpc_agent_api [None req-4d4255ae-6add-473e-8c70-74c39074506b - - - - - -] Unable to schedule network f73ecf1a-dfb0-46cb-ae55-4ba7b77c3391: no agents available; will retry on subsequent port and subnet creation events.
2026-07-24 06:05:00.012 8 INFO neutron.db.ovn_revision_numbers_db [None req-54ddf907-5911-45d1-b9c3-47ffc3b77f33 17ff640817f5454c966fe652f7caf629 354c0e0431104185b49cecee8cd527e5 - - default default] Successfully bumped revision number for resource 9e18bb50-043f-40df-9bde-1b47b4a3ad09 (type: security_groups) to 1
2026-07-24 06:05:00.027 8 INFO neutron.db.ovn_revision_numbers_db [None req-54ddf907-5911-45d1-b9c3-47ffc3b77f33 17ff640817f5454c966fe652f7caf629 354c0e0431104185b49cecee8cd527e5 - - default default] Successfully bumped revision number for resource 05a517e7-5c5b-447c-872c-ac5133ccec39 (type: security_group_rules) to 0
2026-07-24 06:05:00.040 8 INFO neutron.db.ovn_revision_numbers_db [None req-54ddf907-5911-45d1-b9c3-47ffc3b77f33 17ff640817f5454c966fe652f7caf629 354c0e0431104185b49cecee8cd527e5 - - default default] Successfully bumped revision number for resource 3de26e4a-29b0-4745-897c-dc8be4152d63 (type: security_group_rules) to 0
2026-07-24 06:05:00.052 8 INFO neutron.db.ovn_revision_numbers_db [None req-54ddf907-5911-45d1-b9c3-47ffc3b77f33 17ff640817f5454c966fe652f7caf629 354c0e0431104185b49cecee8cd527e5 - - default default] Successfully bumped revision number for resource 9baa74ab-0744-45ee-85a4-07ffbf0f7b93 (type: security_group_rules) to 0
2026-07-24 06:05:00.061 8 INFO neutron.db.ovn_revision_numbers_db [None req-54ddf907-5911-45d1-b9c3-47ffc3b77f33 17ff640817f5454c966fe652f7caf629 354c0e0431104185b49cecee8cd527e5 - - default default] Successfully bumped revision number for resource b6075af8-ad57-48af-914e-db7b0b753b26 (type: security_group_rules) to 0
2026-07-24 06:05:00.124 7 INFO neutron.db.ovn_revision_numbers_db [None req-4d4255ae-6add-473e-8c70-74c39074506b - - - - - -] Successfully bumped revision number for resource e59842d9-d4d5-4289-a0d5-cf432ad38b20 (type: ports) to 1 [pid: 8|app: 0|req: 1184/2415] 10.0.0.81 () {32 vars in 773 bytes} [Fri Jul 24 06:04:59 2026] GET /v2.0/security-groups?tenant_id=3f34b4ad87994240a91016753fb4a159&name=default => generated 2925 bytes in 244 msecs (HTTP/1.1 200) 4 headers in 158 bytes (1 switches on core 0) [pid: 8|app: 0|req: 1185/2416] 10.0.0.81 () {32 vars in 739 bytes} [Fri Jul 24 06:05:00 2026] DELETE /v2.0/security-groups/9e18bb50-043f-40df-9bde-1b47b4a3ad09 => generated 0 bytes in 286 msecs (HTTP/1.1 204) 2 headers in 112 bytes (1 switches on core 0)
2026-07-24 06:05:00.432 7 INFO neutron.db.ovn_revision_numbers_db [None req-4d4255ae-6add-473e-8c70-74c39074506b - - - - - -] Successfully bumped revision number for resource e59842d9-d4d5-4289-a0d5-cf432ad38b20 (type: ports) to 3
2026-07-24 06:05:00.520 7 INFO neutron.db.segments_db [None req-4d4255ae-6add-473e-8c70-74c39074506b - - - - - -] Added segment d4bcfad1-9fa9-42be-a0ca-14cf456d1fbb of type geneve for network 0cec535b-f8cf-4150-96dd-37818f14efb6
2026-07-24 06:05:00.667 7 INFO neutron.db.ovn_revision_numbers_db [None req-29352de1-db4f-4de0-929e-5496038d909f - - - - - -] Successfully bumped revision number for resource 0cec535b-f8cf-4150-96dd-37818f14efb6 (type: networks) to 1
2026-07-24 06:05:00.862 7 WARNING neutron.scheduler.dhcp_agent_scheduler [None req-29352de1-db4f-4de0-929e-5496038d909f - - - - - -] No more DHCP agents
2026-07-24 06:05:00.864 7 WARNING neutron.api.rpc.agentnotifiers.dhcp_rpc_agent_api [None req-29352de1-db4f-4de0-929e-5496038d909f - - - - - -] Unable to schedule network 0cec535b-f8cf-4150-96dd-37818f14efb6: no agents available; will retry on subsequent port and subnet creation events.
2026-07-24 06:05:00.902 8 INFO neutron.db.ovn_revision_numbers_db [None req-16c10891-bd76-44e4-939d-7ebd60612df5 17ff640817f5454c966fe652f7caf629 354c0e0431104185b49cecee8cd527e5 - - default default] Successfully bumped revision number for resource 4f6f4bfe-4850-4c4b-ad08-63ac8bdeb915 (type: security_groups) to 1
2026-07-24 06:05:00.933 8 INFO neutron.db.ovn_revision_numbers_db [None req-16c10891-bd76-44e4-939d-7ebd60612df5 17ff640817f5454c966fe652f7caf629 354c0e0431104185b49cecee8cd527e5 - - default default] Successfully bumped revision number for resource 3122ac8a-a9ad-49a7-ade8-304da0e5132e (type: security_group_rules) to 0
2026-07-24 06:05:00.950 8 INFO neutron.db.ovn_revision_numbers_db [None req-16c10891-bd76-44e4-939d-7ebd60612df5 17ff640817f5454c966fe652f7caf629 354c0e0431104185b49cecee8cd527e5 - - default default] Successfully bumped revision number for resource 468cbf7f-defc-4878-af81-9c2d0c47cd3b (type: security_group_rules) to 0
2026-07-24 06:05:00.961 7 INFO neutron.db.ovn_revision_numbers_db [None req-29352de1-db4f-4de0-929e-5496038d909f - - - - - -] Successfully bumped revision number for resource 82f330e0-2db0-4c5c-89ed-7f08132a57d9 (type: ports) to 1
2026-07-24 06:05:00.965 8 INFO neutron.db.ovn_revision_numbers_db [None req-16c10891-bd76-44e4-939d-7ebd60612df5 17ff640817f5454c966fe652f7caf629 354c0e0431104185b49cecee8cd527e5 - - default default] Successfully bumped revision number for resource 9143e2ca-a0b9-4d22-8d74-c3275a0c2449 (type: security_group_rules) to 0
2026-07-24 06:05:00.982 8 INFO neutron.db.ovn_revision_numbers_db [None req-16c10891-bd76-44e4-939d-7ebd60612df5 17ff640817f5454c966fe652f7caf629 354c0e0431104185b49cecee8cd527e5 - - default default] Successfully bumped revision number for resource c8b8c427-ee6f-4c33-a7b9-ffc5dc9c37d1 (type: security_group_rules) to 0 [pid: 8|app: 0|req: 1186/2417] 10.0.0.81 () {32 vars in 773 bytes} [Fri Jul 24 06:05:00 2026] GET /v2.0/security-groups?tenant_id=880644f50f1e40849da27051d25f9cbd&name=default => generated 2925 bytes in 602 msecs (HTTP/1.1 200) 4 headers in 158 bytes (1 switches on core 0)
2026-07-24 06:05:01.119 7 WARNING neutron.scheduler.dhcp_agent_scheduler [None req-29352de1-db4f-4de0-929e-5496038d909f - - - - - -] No more DHCP agents
2026-07-24 06:05:01.121 7 WARNING neutron.api.rpc.agentnotifiers.dhcp_rpc_agent_api [None req-29352de1-db4f-4de0-929e-5496038d909f - - - - - -] Unable to schedule network 0cec535b-f8cf-4150-96dd-37818f14efb6: no agents available; will retry on subsequent port and subnet creation events.
2026-07-24 06:05:01.149 7 INFO neutron.db.ovn_revision_numbers_db [None req-29352de1-db4f-4de0-929e-5496038d909f - - - - - -] Successfully bumped revision number for resource 0448017b-ea9c-4287-9a09-6e30448512ce (type: subnets) to 0
2026-07-24 06:05:01.181 8 INFO neutron.db.ovn_revision_numbers_db [None req-c6caeb66-51ce-4469-b49b-598394d05a05 17ff640817f5454c966fe652f7caf629 354c0e0431104185b49cecee8cd527e5 - - default default] Successfully bumped revision number for resource 793ee342-f5f1-47df-9d4d-b002476885f9 (type: security_groups) to 1
2026-07-24 06:05:01.193 8 INFO neutron.db.ovn_revision_numbers_db [None req-c6caeb66-51ce-4469-b49b-598394d05a05 17ff640817f5454c966fe652f7caf629 354c0e0431104185b49cecee8cd527e5 - - default default] Successfully bumped revision number for resource 1ae35acd-a1eb-43ec-aa27-9d5e21912ae3 (type: security_group_rules) to 0
2026-07-24 06:05:01.205 8 INFO neutron.db.ovn_revision_numbers_db [None req-c6caeb66-51ce-4469-b49b-598394d05a05 17ff640817f5454c966fe652f7caf629 354c0e0431104185b49cecee8cd527e5 - - default default] Successfully bumped revision number for resource 56d08ea7-a44b-4cb0-8a80-9f433c4e5970 (type: security_group_rules) to 0
2026-07-24 06:05:01.239 8 INFO neutron.db.ovn_revision_numbers_db [None req-c6caeb66-51ce-4469-b49b-598394d05a05 17ff640817f5454c966fe652f7caf629 354c0e0431104185b49cecee8cd527e5 - - default default] Successfully bumped revision number for resource 7c0aa8ab-d769-460c-ac8d-f3ab13318c74 (type: security_group_rules) to 0
2026-07-24 06:05:01.254 8 INFO neutron.db.ovn_revision_numbers_db [None req-c6caeb66-51ce-4469-b49b-598394d05a05 17ff640817f5454c966fe652f7caf629 354c0e0431104185b49cecee8cd527e5 - - default default] Successfully bumped revision number for resource ced5ddc3-f505-4e07-9e5d-07775b9781a3 (type: security_group_rules) to 0 [pid: 8|app: 0|req: 1187/2418] 10.0.0.81 () {32 vars in 773 bytes} [Fri Jul 24 06:05:01 2026] GET /v2.0/security-groups?tenant_id=76cec8408b5647738ae3c07ccccb444e&name=default => generated 2925 bytes in 278 msecs (HTTP/1.1 200) 4 headers in 158 bytes (1 switches on core 0) [pid: 8|app: 0|req: 1188/2419] 10.0.0.81 () {32 vars in 739 bytes} [Fri Jul 24 06:05:01 2026] DELETE /v2.0/security-groups/4f6f4bfe-4850-4c4b-ad08-63ac8bdeb915 => generated 0 bytes in 272 msecs (HTTP/1.1 204) 2 headers in 112 bytes (1 switches on core 0)
2026-07-24 06:05:01.667 7 WARNING neutron.scheduler.dhcp_agent_scheduler [None req-29352de1-db4f-4de0-929e-5496038d909f - - - - - -] No more DHCP agents
2026-07-24 06:05:01.669 7 WARNING neutron.api.rpc.agentnotifiers.dhcp_rpc_agent_api [None req-29352de1-db4f-4de0-929e-5496038d909f - - - - - -] Unable to schedule network 0cec535b-f8cf-4150-96dd-37818f14efb6: no agents available; will retry on subsequent port and subnet creation events.
2026-07-24 06:05:01.816 7 INFO neutron.plugins.ml2.drivers.ovn.mech_driver.mech_driver [None req-d1b331ce-13ca-4ce1-ade6-67d17a49b1a8 - - - - - -] OVN reports status down for port: 41079be3-80e0-4186-b36d-e672370c30a6 [pid: 8|app: 0|req: 1189/2420] 10.0.0.81 () {32 vars in 739 bytes} [Fri Jul 24 06:05:01 2026] DELETE /v2.0/security-groups/793ee342-f5f1-47df-9d4d-b002476885f9 => generated 0 bytes in 286 msecs (HTTP/1.1 204) 2 headers in 112 bytes (1 switches on core 0)
2026-07-24 06:05:01.898 7 INFO neutron.db.ovn_revision_numbers_db [None req-29352de1-db4f-4de0-929e-5496038d909f - - - - - -] Successfully bumped revision number for resource 41079be3-80e0-4186-b36d-e672370c30a6 (type: ports) to 1
2026-07-24 06:05:02.291 8 WARNING neutron.plugins.ml2.drivers.ovn.mech_driver.ovsdb.ovn_client [None req-3bb2c9c1-ef09-4aba-88a1-86b2c9d1d675 - - - - - -] No hosting information found for port 04d1a949-7b63-4a51-9934-c2124fd658fc: RuntimeError: No hosting information found for port 04d1a949-7b63-4a51-9934-c2124fd658fc
2026-07-24 06:05:02.291 8 INFO neutron.plugins.ml2.drivers.ovn.mech_driver.mech_driver [None req-3bb2c9c1-ef09-4aba-88a1-86b2c9d1d675 - - - - - -] OVN reports status down for port: ecd0a22c-7734-4a92-aef6-de8cd49f15cb
2026-07-24 06:05:02.386 8 INFO neutron.plugins.ml2.drivers.ovn.mech_driver.mech_driver [None req-3bb2c9c1-ef09-4aba-88a1-86b2c9d1d675 - - - - - -] OVN reports status up for port: ecd0a22c-7734-4a92-aef6-de8cd49f15cb
2026-07-24 06:05:02.404 8 INFO neutron.plugins.ml2.plugin [None req-3bb2c9c1-ef09-4aba-88a1-86b2c9d1d675 - - - - - -] Attempt 1 to provision port ecd0a22c-7734-4a92-aef6-de8cd49f15cb
2026-07-24 06:05:02.606 7 INFO neutron.plugins.ml2.drivers.ovn.mech_driver.mech_driver [None req-d1b331ce-13ca-4ce1-ade6-67d17a49b1a8 - - - - - -] OVN reports status up for port: 41079be3-80e0-4186-b36d-e672370c30a6
2026-07-24 06:05:02.631 7 INFO neutron.plugins.ml2.plugin [None req-d1b331ce-13ca-4ce1-ade6-67d17a49b1a8 - - - - - -] Attempt 1 to provision port 41079be3-80e0-4186-b36d-e672370c30a6
2026-07-24 06:05:02.773 7 WARNING neutron.scheduler.dhcp_agent_scheduler [None req-29352de1-db4f-4de0-929e-5496038d909f - - - - - -] No more DHCP agents
2026-07-24 06:05:02.778 7 WARNING neutron.api.rpc.agentnotifiers.dhcp_rpc_agent_api [None req-29352de1-db4f-4de0-929e-5496038d909f - - - - - -] Unable to schedule network 0cec535b-f8cf-4150-96dd-37818f14efb6: no agents available; will retry on subsequent port and subnet creation events.
2026-07-24 06:05:02.959 8 INFO neutron.db.ovn_revision_numbers_db [None req-3bb2c9c1-ef09-4aba-88a1-86b2c9d1d675 - - - - - -] Successfully bumped revision number for resource ecd0a22c-7734-4a92-aef6-de8cd49f15cb (type: ports) to 2
2026-07-24 06:05:03.178 8 INFO neutron.db.ovn_revision_numbers_db [None req-8d67720b-82be-4e09-9b4e-ece9c1f98f05 - - - - - -] Successfully bumped revision number for resource ecd0a22c-7734-4a92-aef6-de8cd49f15cb (type: router_ports) to 2
2026-07-24 06:05:03.179 8 INFO neutron.plugins.ml2.drivers.ovn.mech_driver.mech_driver [None req-8d67720b-82be-4e09-9b4e-ece9c1f98f05 - - - - - -] OVN reports status down for port: e59842d9-d4d5-4289-a0d5-cf432ad38b20
2026-07-24 06:05:03.234 8 INFO neutron.plugins.ml2.drivers.ovn.mech_driver.mech_driver [None req-8d67720b-82be-4e09-9b4e-ece9c1f98f05 - - - - - -] OVN reports status down for port: 82f330e0-2db0-4c5c-89ed-7f08132a57d9
2026-07-24 06:05:03.346 7 INFO neutron.db.ovn_revision_numbers_db [None req-d1b331ce-13ca-4ce1-ade6-67d17a49b1a8 - - - - - -] Successfully bumped revision number for resource 41079be3-80e0-4186-b36d-e672370c30a6 (type: ports) to 2
2026-07-24 06:05:03.786 7 INFO neutron.db.ovn_revision_numbers_db [None req-29352de1-db4f-4de0-929e-5496038d909f - - - - - -] Successfully bumped revision number for resource 41079be3-80e0-4186-b36d-e672370c30a6 (type: router_ports) to 1
2026-07-24 06:05:03.870 7 INFO neutron.db.ovn_revision_numbers_db [None req-039169db-cffe-4381-9035-793ead257046 - - - - - -] Successfully bumped revision number for resource 41079be3-80e0-4186-b36d-e672370c30a6 (type: router_ports) to 2
2026-07-24 06:05:04.094 7 WARNING neutron.scheduler.dhcp_agent_scheduler [None req-29352de1-db4f-4de0-929e-5496038d909f - - - - - -] No more DHCP agents
2026-07-24 06:05:04.096 7 WARNING neutron.api.rpc.agentnotifiers.dhcp_rpc_agent_api [None req-29352de1-db4f-4de0-929e-5496038d909f - - - - - -] Unable to schedule network 0cec535b-f8cf-4150-96dd-37818f14efb6: no agents available; will retry on subsequent port and subnet creation events.
2026-07-24 06:05:04.206 8 INFO neutron.plugins.ml2.drivers.ovn.mech_driver.mech_driver [None req-8d67720b-82be-4e09-9b4e-ece9c1f98f05 - - - - - -] OVN reports status down for port: 8712d9d9-b936-49c7-8025-51e7bda91add
2026-07-24 06:05:04.245 7 INFO neutron.db.ovn_revision_numbers_db [None req-29352de1-db4f-4de0-929e-5496038d909f - - - - - -] Successfully bumped revision number for resource 8712d9d9-b936-49c7-8025-51e7bda91add (type: ports) to 1
2026-07-24 06:05:04.514 7 INFO neutron.db.ovn_revision_numbers_db [None req-29352de1-db4f-4de0-929e-5496038d909f - - - - - -] Successfully bumped revision number for resource 8712d9d9-b936-49c7-8025-51e7bda91add (type: ports) to 3 [pid: 7|app: 0|req: 1232/2421] 10.0.0.81 () {34 vars in 684 bytes} [Fri Jul 24 06:04:59 2026] POST /v2.0/vpn/vpnservices => generated 458 bytes in 5345 msecs (HTTP/1.1 201) 4 headers in 162 bytes (1 switches on core 0) [pid: 7|app: 0|req: 1233/2422] 10.0.0.81 () {32 vars in 662 bytes} [Fri Jul 24 06:05:04 2026] GET /v2.0/vpn/vpnservices => generated 1313 bytes in 16 msecs (HTTP/1.1 200) 4 headers in 158 bytes (1 switches on core 0)
2026-07-24 06:05:05.061 8 INFO neutron.db.ovn_revision_numbers_db [None req-d34a311c-c94e-48f2-a4e5-8df0c7e31c2d 873ad5170cf8403c99e0f2678daa2aff e3a79bb966c94877a1bfeef685d31a5d - - default default] Successfully bumped revision number for resource fc2913f6-02a6-46ac-bfb8-59e7abf235c6 (type: security_groups) to 1
2026-07-24 06:05:05.075 8 INFO neutron.db.ovn_revision_numbers_db [None req-d34a311c-c94e-48f2-a4e5-8df0c7e31c2d 873ad5170cf8403c99e0f2678daa2aff e3a79bb966c94877a1bfeef685d31a5d - - default default] Successfully bumped revision number for resource 124aadfd-6341-41f4-99cc-001325382ec3 (type: security_group_rules) to 0
2026-07-24 06:05:05.098 7 INFO neutron_taas.services.taas.taas_plugin [None req-c385b465-ff5e-493f-bf1c-987498c8d03c b2e24ab6034e429db5b9a19a57e998cc 1a0a699f7b004c72931384ec47e0bcda - - default default] TaaS: Handle Delete Port: e59842d9-d4d5-4289-a0d5-cf432ad38b20
2026-07-24 06:05:05.099 8 INFO neutron.db.ovn_revision_numbers_db [None req-d34a311c-c94e-48f2-a4e5-8df0c7e31c2d 873ad5170cf8403c99e0f2678daa2aff e3a79bb966c94877a1bfeef685d31a5d - - default default] Successfully bumped revision number for resource 1dc12563-7105-4ab5-b37c-2ad4149f25b4 (type: security_group_rules) to 0
2026-07-24 06:05:05.101 7 INFO neutron_taas.services.taas.tap_mirror_plugin [None req-c385b465-ff5e-493f-bf1c-987498c8d03c b2e24ab6034e429db5b9a19a57e998cc 1a0a699f7b004c72931384ec47e0bcda - - default default] Tap Mirror: Handle Delete Port: e59842d9-d4d5-4289-a0d5-cf432ad38b20
2026-07-24 06:05:05.117 8 INFO neutron.db.ovn_revision_numbers_db [None req-d34a311c-c94e-48f2-a4e5-8df0c7e31c2d 873ad5170cf8403c99e0f2678daa2aff e3a79bb966c94877a1bfeef685d31a5d - - default default] Successfully bumped revision number for resource 8e72e854-cb8d-4cf0-989e-64a49962c110 (type: security_group_rules) to 0
2026-07-24 06:05:05.131 8 INFO neutron.db.ovn_revision_numbers_db [None req-d34a311c-c94e-48f2-a4e5-8df0c7e31c2d 873ad5170cf8403c99e0f2678daa2aff e3a79bb966c94877a1bfeef685d31a5d - - default default] Successfully bumped revision number for resource fc70fd62-a92d-45d2-bc55-ec838346779c (type: security_group_rules) to 0
2026-07-24 06:05:05.243 8 INFO neutron.db.segments_db [None req-d34a311c-c94e-48f2-a4e5-8df0c7e31c2d 873ad5170cf8403c99e0f2678daa2aff e3a79bb966c94877a1bfeef685d31a5d - - default default] Added segment f1cb9e6b-5939-428e-aebc-6209641a8f88 of type geneve for network b4dc0f4c-14c7-4106-90e7-3d247dca373a
2026-07-24 06:05:05.443 8 INFO neutron.db.ovn_revision_numbers_db [None req-d34a311c-c94e-48f2-a4e5-8df0c7e31c2d 873ad5170cf8403c99e0f2678daa2aff e3a79bb966c94877a1bfeef685d31a5d - - default default] Successfully bumped revision number for resource b4dc0f4c-14c7-4106-90e7-3d247dca373a (type: networks) to 1
2026-07-24 06:05:05.476 7 INFO neutron_taas.services.taas.taas_plugin [None req-5f44338d-1b3f-40ec-a688-6c993330c872 - - - - - -] TaaS: Handle Delete Port: 8712d9d9-b936-49c7-8025-51e7bda91add
2026-07-24 06:05:05.478 7 INFO neutron_taas.services.taas.tap_mirror_plugin [None req-5f44338d-1b3f-40ec-a688-6c993330c872 - - - - - -] Tap Mirror: Handle Delete Port: 8712d9d9-b936-49c7-8025-51e7bda91add
2026-07-24 06:05:05.662 8 WARNING neutron.scheduler.dhcp_agent_scheduler [None req-d34a311c-c94e-48f2-a4e5-8df0c7e31c2d 873ad5170cf8403c99e0f2678daa2aff e3a79bb966c94877a1bfeef685d31a5d - - default default] No more DHCP agents
2026-07-24 06:05:05.664 8 WARNING neutron.api.rpc.agentnotifiers.dhcp_rpc_agent_api [None req-d34a311c-c94e-48f2-a4e5-8df0c7e31c2d 873ad5170cf8403c99e0f2678daa2aff e3a79bb966c94877a1bfeef685d31a5d - - default default] Unable to schedule network b4dc0f4c-14c7-4106-90e7-3d247dca373a: no agents available; will retry on subsequent port and subnet creation events.
2026-07-24 06:05:05.724 8 INFO neutron.plugins.ml2.drivers.ovn.mech_driver.mech_driver [None req-8d67720b-82be-4e09-9b4e-ece9c1f98f05 - - - - - -] OVN reports status down for port: 11652b40-3177-429e-8e43-8609a6b8203c
2026-07-24 06:05:05.788 8 INFO neutron.db.ovn_revision_numbers_db [None req-d34a311c-c94e-48f2-a4e5-8df0c7e31c2d 873ad5170cf8403c99e0f2678daa2aff e3a79bb966c94877a1bfeef685d31a5d - - default default] Successfully bumped revision number for resource 11652b40-3177-429e-8e43-8609a6b8203c (type: ports) to 1 [pid: 8|app: 0|req: 1190/2423] 10.0.0.81 () {34 vars in 670 bytes} [Fri Jul 24 06:05:04 2026] POST /v2.0/networks => generated 671 bytes in 1182 msecs (HTTP/1.1 201) 4 headers in 162 bytes (1 switches on core 0)
2026-07-24 06:05:06.032 7 INFO neutron_taas.services.taas.taas_plugin [None req-cf7b4dcf-08ff-4d6c-b919-cad438f6f84c - - - - - -] TaaS: Handle Delete Port: 41079be3-80e0-4186-b36d-e672370c30a6
2026-07-24 06:05:06.036 7 INFO neutron_taas.services.taas.tap_mirror_plugin [None req-cf7b4dcf-08ff-4d6c-b919-cad438f6f84c - - - - - -] Tap Mirror: Handle Delete Port: 41079be3-80e0-4186-b36d-e672370c30a6
2026-07-24 06:05:06.289 8 WARNING neutron.scheduler.dhcp_agent_scheduler [None req-51b820f8-5b57-4061-b061-1b587b29b6c0 873ad5170cf8403c99e0f2678daa2aff e3a79bb966c94877a1bfeef685d31a5d - - default default] No more DHCP agents
2026-07-24 06:05:06.290 8 WARNING neutron.api.rpc.agentnotifiers.dhcp_rpc_agent_api [None req-51b820f8-5b57-4061-b061-1b587b29b6c0 873ad5170cf8403c99e0f2678daa2aff e3a79bb966c94877a1bfeef685d31a5d - - default default] Unable to schedule network f73ecf1a-dfb0-46cb-ae55-4ba7b77c3391: no agents available; will retry on subsequent port and subnet creation events.
2026-07-24 06:05:06.403 8 INFO neutron.plugins.ml2.drivers.ovn.mech_driver.mech_driver [None req-8d67720b-82be-4e09-9b4e-ece9c1f98f05 - - - - - -] OVN reports status down for port: 5bc2212c-052b-4afe-9b97-e768ec770067
2026-07-24 06:05:06.499 8 INFO neutron.db.ovn_revision_numbers_db [None req-51b820f8-5b57-4061-b061-1b587b29b6c0 873ad5170cf8403c99e0f2678daa2aff e3a79bb966c94877a1bfeef685d31a5d - - default default] Successfully bumped revision number for resource 5bc2212c-052b-4afe-9b97-e768ec770067 (type: ports) to 1
2026-07-24 06:05:06.945 7 INFO neutron_taas.services.taas.taas_plugin [None req-cf7b4dcf-08ff-4d6c-b919-cad438f6f84c - - - - - -] TaaS: Handle Delete Port: 82f330e0-2db0-4c5c-89ed-7f08132a57d9
2026-07-24 06:05:06.948 7 INFO neutron_taas.services.taas.tap_mirror_plugin [None req-cf7b4dcf-08ff-4d6c-b919-cad438f6f84c - - - - - -] Tap Mirror: Handle Delete Port: 82f330e0-2db0-4c5c-89ed-7f08132a57d9
2026-07-24 06:05:07.147 7 INFO neutron.services.segments.plugin [-] Segment d4bcfad1-9fa9-42be-a0ca-14cf456d1fbb resource provider aggregate not found
2026-07-24 06:05:07.154 7 INFO neutron.services.segments.plugin [-] Segment d4bcfad1-9fa9-42be-a0ca-14cf456d1fbb resource provider aggregate not found
2026-07-24 06:05:07.169 7 INFO neutron.services.segments.plugin [-] Client error retrieving segment d4bcfad1-9fa9-42be-a0ca-14cf456d1fbb resource provider; error: Placement Client Error (4xx): {"errors": [{"status": 404, "title": "Not Found", "detail": "The resource could not be found.\n\n No resource provider with uuid d4bcfad1-9fa9-42be-a0ca-14cf456d1fbb found for delete ", "request_id": "req-dc2e9e9f-fc1f-4c06-9abd-e96f6fa161bd"}]}
2026-07-24 06:05:07.173 7 INFO neutron.services.segments.plugin [-] Client error retrieving segment d4bcfad1-9fa9-42be-a0ca-14cf456d1fbb resource provider; error: Placement Client Error (4xx): {"errors": [{"status": 404, "title": "Not Found", "detail": "The resource could not be found.\n\n No resource provider with uuid d4bcfad1-9fa9-42be-a0ca-14cf456d1fbb found for delete ", "request_id": "req-4701563a-1840-41f7-a8b9-41255233b2d5"}]} [pid: 7|app: 0|req: 1234/2424] 10.0.0.81 () {32 vars in 739 bytes} [Fri Jul 24 06:05:04 2026] DELETE /v2.0/vpn/vpnservices/28cdfe89-aed1-4e3f-b91a-9cee3d4c6716 => generated 0 bytes in 2444 msecs (HTTP/1.1 204) 2 headers in 112 bytes (1 switches on core 0)
2026-07-24 06:05:07.229 8 INFO neutron.plugins.ml2.drivers.ovn.mech_driver.ovsdb.commands [None req-3e1c221d-6ed4-432a-a6e9-8ae6ab941203 - - - - - -] Schedule LRP lrp-5bc2212c-052b-4afe-9b97-e768ec770067 on gateway 34347bc6-9b3f-493b-ae09-1fdb0417251b with priority 1
2026-07-24 06:05:07.262 7 INFO neutron.plugins.ml2.drivers.ovn.mech_driver.ovsdb.ovsdb_monitor [None req-da967172-9357-41d4-a9e5-fe2631b8b94d - - - - - -] Router f6bac44f-eaab-4f99-809a-ec81648dc4a9 is bound to host instance
2026-07-24 06:05:07.285 8 INFO neutron.plugins.ml2.drivers.ovn.mech_driver.mech_driver [None req-8d67720b-82be-4e09-9b4e-ece9c1f98f05 - - - - - -] OVN reports status up for port: 5bc2212c-052b-4afe-9b97-e768ec770067
2026-07-24 06:05:07.312 8 INFO neutron.plugins.ml2.plugin [None req-8d67720b-82be-4e09-9b4e-ece9c1f98f05 - - - - - -] Attempt 1 to provision port 5bc2212c-052b-4afe-9b97-e768ec770067
2026-07-24 06:05:07.354 8 INFO neutron.db.ovn_revision_numbers_db [None req-51b820f8-5b57-4061-b061-1b587b29b6c0 873ad5170cf8403c99e0f2678daa2aff e3a79bb966c94877a1bfeef685d31a5d - - default default] Successfully bumped revision number for resource 5bc2212c-052b-4afe-9b97-e768ec770067 (type: router_ports) to 1 /var/lib/openstack/lib/python3.12/site-packages/pycadf/identifier.py:70: UserWarning: Invalid uuid: neutron. To ensure interoperability, identifiers should be a valid uuid. warnings.warn(('Invalid uuid: %s. To ensure interoperability, '
2026-07-24 06:05:07.493 8 INFO neutron.db.ovn_revision_numbers_db [None req-51b820f8-5b57-4061-b061-1b587b29b6c0 873ad5170cf8403c99e0f2678daa2aff e3a79bb966c94877a1bfeef685d31a5d - - default default] Successfully bumped revision number for resource f6bac44f-eaab-4f99-809a-ec81648dc4a9 (type: routers) to 2 [pid: 8|app: 0|req: 1191/2425] 10.0.0.81 () {34 vars in 668 bytes} [Fri Jul 24 06:05:05 2026] POST /v2.0/routers => generated 955 bytes in 1667 msecs (HTTP/1.1 201) 4 headers in 162 bytes (1 switches on core 0) [pid: 8|app: 0|req: 1192/2426] 10.0.0.81 () {34 vars in 692 bytes} [Fri Jul 24 06:05:07 2026] POST /v2.0/vpn/endpoint-groups => generated 302 bytes in 70 msecs (HTTP/1.1 201) 4 headers in 162 bytes (1 switches on core 0) [pid: 8|app: 0|req: 1193/2427] 10.0.0.81 () {32 vars in 775 bytes} [Fri Jul 24 06:05:07 2026] GET /v2.0/subnets?project_id=e3a79bb966c94877a1bfeef685d31a5d&cidr=10.100.0.0%2F28 => generated 14 bytes in 115 msecs (HTTP/1.1 200) 4 headers in 156 bytes (1 switches on core 0) [pid: 8|app: 0|req: 1196/2430] 10.0.0.81 () {34 vars in 692 bytes} [Fri Jul 24 06:05:07 2026] POST /v2.0/vpn/endpoint-groups => generated 294 bytes in 53 msecs (HTTP/1.1 201) 4 headers in 162 bytes (1 switches on core 0)
