2026-07-25 05:36:49.568 7 INFO placement.requestlog [None req-81d502af-8bb0-4437-9701-b8ba080013b1 - - - - - -] 10.0.0.32 "GET /" status: 200 len: 136 microversion: 1.0
2026-07-25 05:36:49.569 8 INFO placement.requestlog [None req-16497c5e-a989-4c75-b1dd-de68807bcbad - - - - - -] 10.0.0.32 "GET /" status: 200 len: 136 microversion: 1.0
2026-07-25 05:36:59.569 8 INFO placement.requestlog [None req-f77f1cf8-6243-46d3-b189-fa1b3d08e313 - - - - - -] 10.0.0.32 "GET /" status: 200 len: 136 microversion: 1.0
2026-07-25 05:36:59.569 7 INFO placement.requestlog [None req-9383316e-8d34-4ab5-84c7-8be41e9c383c - - - - - -] 10.0.0.32 "GET /" status: 200 len: 136 microversion: 1.0
2026-07-25 05:37:09.568 8 INFO placement.requestlog [None req-6e160d76-e08c-4df9-a847-044b2e6a1249 - - - - - -] 10.0.0.32 "GET /" status: 200 len: 136 microversion: 1.0
2026-07-25 05:37:09.568 7 INFO placement.requestlog [None req-abde110a-40f3-4e0c-8d00-5aa1ab36f038 - - - - - -] 10.0.0.32 "GET /" status: 200 len: 136 microversion: 1.0
2026-07-25 05:37:19.568 7 INFO placement.requestlog [None req-8bb1ff62-f648-4163-826f-4ea20a2f87e6 - - - - - -] 10.0.0.32 "GET /" status: 200 len: 136 microversion: 1.0
2026-07-25 05:37:19.568 8 INFO placement.requestlog [None req-78e09c52-ba5a-4569-9feb-b0240fcd826b - - - - - -] 10.0.0.32 "GET /" status: 200 len: 136 microversion: 1.0
2026-07-25 05:37:29.574 7 INFO placement.requestlog [None req-055547c8-61f4-43bc-a861-11962c0cfc4d - - - - - -] 10.0.0.32 "GET /" status: 200 len: 136 microversion: 1.0
2026-07-25 05:37:29.574 8 INFO placement.requestlog [None req-4b312ad9-a83e-489b-8786-be7312ff2aee - - - - - -] 10.0.0.32 "GET /" status: 200 len: 136 microversion: 1.0
2026-07-25 05:37:30.928 7 INFO placement.requestlog [req-9c087c20-5980-40aa-b8c1-ce898651ff5b req-d6c9345e-f92b-4906-b210-a8ac6a148b5c 7f1c5107fee443298fb8429795cdc5d8 5abcba19dad04eeaa8e1b92b7eeecef4 - - ce86364c47f24636a96d3754c3c1c549 ce86364c47f24636a96d3754c3c1c549] 199.204.45.23 "GET /resource_providers/50ec4efc-9aea-4119-b99c-9f4c642045ad/allocations" status: 200 len: 54 microversion: 1.0 [pid: 7|app: 0|req: 297/595] 199.204.45.23 () {32 vars in 856 bytes} [Sat Jul 25 05:37:30 2026] GET /resource_providers/50ec4efc-9aea-4119-b99c-9f4c642045ad/allocations => generated 54 bytes in 140 msecs (HTTP/1.1 200) 6 headers in 223 bytes (1 switches on core 0)
2026-07-25 05:37:30.954 8 INFO placement.requestlog [req-9c087c20-5980-40aa-b8c1-ce898651ff5b req-668641a3-3c0c-413a-a8e4-6b36ca4dfc83 7f1c5107fee443298fb8429795cdc5d8 5abcba19dad04eeaa8e1b92b7eeecef4 - - ce86364c47f24636a96d3754c3c1c549 ce86364c47f24636a96d3754c3c1c549] 199.204.45.23 "GET /resource_providers?in_tree=50ec4efc-9aea-4119-b99c-9f4c642045ad" status: 200 len: 797 microversion: 1.14 [pid: 8|app: 0|req: 299/596] 199.204.45.23 () {34 vars in 891 bytes} [Sat Jul 25 05:37:30 2026] GET /resource_providers?in_tree=50ec4efc-9aea-4119-b99c-9f4c642045ad => generated 797 bytes in 19 msecs (HTTP/1.1 200) 6 headers in 225 bytes (1 switches on core 0)
2026-07-25 05:37:30.977 7 INFO placement.requestlog [req-9c087c20-5980-40aa-b8c1-ce898651ff5b req-51de0e45-0047-447f-a305-2314dcd8092a 7f1c5107fee443298fb8429795cdc5d8 5abcba19dad04eeaa8e1b92b7eeecef4 - - ce86364c47f24636a96d3754c3c1c549 ce86364c47f24636a96d3754c3c1c549] 199.204.45.23 "GET /resource_providers/50ec4efc-9aea-4119-b99c-9f4c642045ad/inventories" status: 200 len: 400 microversion: 1.0 [pid: 7|app: 0|req: 298/597] 199.204.45.23 () {32 vars in 856 bytes} [Sat Jul 25 05:37:30 2026] GET /resource_providers/50ec4efc-9aea-4119-b99c-9f4c642045ad/inventories => generated 400 bytes in 13 msecs (HTTP/1.1 200) 6 headers in 224 bytes (1 switches on core 0)
2026-07-25 05:37:30.997 8 INFO placement.requestlog [req-9c087c20-5980-40aa-b8c1-ce898651ff5b req-029c015d-c51e-4abf-ab5a-770e3d31be13 7f1c5107fee443298fb8429795cdc5d8 5abcba19dad04eeaa8e1b92b7eeecef4 - - ce86364c47f24636a96d3754c3c1c549 ce86364c47f24636a96d3754c3c1c549] 199.204.45.23 "GET /resource_providers/50ec4efc-9aea-4119-b99c-9f4c642045ad/aggregates" status: 200 len: 53 microversion: 1.19 [pid: 8|app: 0|req: 300/598] 199.204.45.23 () {34 vars in 898 bytes} [Sat Jul 25 05:37:30 2026] GET /resource_providers/50ec4efc-9aea-4119-b99c-9f4c642045ad/aggregates => generated 53 bytes in 11 msecs (HTTP/1.1 200) 8 headers in 295 bytes (1 switches on core 0)
2026-07-25 05:37:31.020 7 INFO placement.requestlog [req-9c087c20-5980-40aa-b8c1-ce898651ff5b req-a14d25b3-0662-4e7c-9fc4-6be6a9a18598 7f1c5107fee443298fb8429795cdc5d8 5abcba19dad04eeaa8e1b92b7eeecef4 - - ce86364c47f24636a96d3754c3c1c549 ce86364c47f24636a96d3754c3c1c549] 199.204.45.23 "GET /resource_providers/50ec4efc-9aea-4119-b99c-9f4c642045ad/traits" status: 200 len: 1977 microversion: 1.6 [pid: 7|app: 0|req: 299/599] 199.204.45.23 () {34 vars in 889 bytes} [Sat Jul 25 05:37:31 2026] GET /resource_providers/50ec4efc-9aea-4119-b99c-9f4c642045ad/traits => generated 1977 bytes in 20 msecs (HTTP/1.1 200) 6 headers in 225 bytes (1 switches on core 0)
2026-07-25 05:37:31.047 8 INFO placement.requestlog [req-9c087c20-5980-40aa-b8c1-ce898651ff5b req-ce2cf77d-0e8d-423b-b1ad-8ae6d20055b1 7f1c5107fee443298fb8429795cdc5d8 5abcba19dad04eeaa8e1b92b7eeecef4 - - ce86364c47f24636a96d3754c3c1c549 ce86364c47f24636a96d3754c3c1c549] 199.204.45.23 "GET /resource_providers/50ec4efc-9aea-4119-b99c-9f4c642045ad/allocations" status: 200 len: 54 microversion: 1.0 [pid: 8|app: 0|req: 301/600] 199.204.45.23 () {32 vars in 856 bytes} [Sat Jul 25 05:37:31 2026] GET /resource_providers/50ec4efc-9aea-4119-b99c-9f4c642045ad/allocations => generated 54 bytes in 20 msecs (HTTP/1.1 200) 6 headers in 223 bytes (1 switches on core 0)
2026-07-25 05:37:39.569 8 INFO placement.requestlog [None req-b95dd75b-6bdf-4fdd-9a1c-dbcb4bb7e030 - - - - - -] 10.0.0.32 "GET /" status: 200 len: 136 microversion: 1.0
2026-07-25 05:37:39.569 7 INFO placement.requestlog [None req-6542b5f5-ffea-4fad-9df5-609a3e65385e - - - - - -] 10.0.0.32 "GET /" status: 200 len: 136 microversion: 1.0
2026-07-25 05:37:49.568 8 INFO placement.requestlog [None req-6a60092a-6060-4ec4-a339-50d4a7dec72d - - - - - -] 10.0.0.32 "GET /" status: 200 len: 136 microversion: 1.0
2026-07-25 05:37:49.568 7 INFO placement.requestlog [None req-31db5fe7-beab-46da-b902-0eb87767080a - - - - - -] 10.0.0.32 "GET /" status: 200 len: 136 microversion: 1.0
2026-07-25 05:37:59.568 8 INFO placement.requestlog [None req-759d703e-c3c0-4c71-a156-4c60438e68bf - - - - - -] 10.0.0.32 "GET /" status: 200 len: 136 microversion: 1.0
2026-07-25 05:37:59.568 7 INFO placement.requestlog [None req-03c4ed97-83be-415f-906a-88be89932105 - - - - - -] 10.0.0.32 "GET /" status: 200 len: 136 microversion: 1.0
2026-07-25 05:38:09.568 8 INFO placement.requestlog [None req-be937bac-39f0-4d1c-a24a-ea533914700d - - - - - -] 10.0.0.32 "GET /" status: 200 len: 136 microversion: 1.0
2026-07-25 05:38:09.570 7 INFO placement.requestlog [None req-7e4320ca-0f18-4575-b629-a4ee6d4b1b08 - - - - - -] 10.0.0.32 "GET /" status: 200 len: 136 microversion: 1.0
2026-07-25 05:38:19.569 8 INFO placement.requestlog [None req-6ae8c898-bfbb-4cf8-a445-5bcfe9b6c583 - - - - - -] 10.0.0.32 "GET /" status: 200 len: 136 microversion: 1.0
2026-07-25 05:38:19.569 7 INFO placement.requestlog [None req-578505ec-59ae-4389-8ce5-1274d8131257 - - - - - -] 10.0.0.32 "GET /" status: 200 len: 136 microversion: 1.0
2026-07-25 05:38:29.569 8 INFO placement.requestlog [None req-2c84d45d-0ce5-4e06-9ea0-2fcd3cab1b74 - - - - - -] 10.0.0.32 "GET /" status: 200 len: 136 microversion: 1.0
2026-07-25 05:38:29.569 7 INFO placement.requestlog [None req-da1d3ab9-0897-40d5-ae73-92a3abce2025 - - - - - -] 10.0.0.32 "GET /" status: 200 len: 136 microversion: 1.0
2026-07-25 05:38:31.848 8 INFO placement.requestlog [req-86dce51d-988a-4822-838a-99157bb9a974 req-622a13f9-d047-4a9a-b629-fcfba1f94c92 7f1c5107fee443298fb8429795cdc5d8 5abcba19dad04eeaa8e1b92b7eeecef4 - - ce86364c47f24636a96d3754c3c1c549 ce86364c47f24636a96d3754c3c1c549] 199.204.45.23 "GET /resource_providers/50ec4efc-9aea-4119-b99c-9f4c642045ad/allocations" status: 200 len: 54 microversion: 1.0 [pid: 8|app: 0|req: 308/613] 199.204.45.23 () {32 vars in 856 bytes} [Sat Jul 25 05:38:31 2026] GET /resource_providers/50ec4efc-9aea-4119-b99c-9f4c642045ad/allocations => generated 54 bytes in 19 msecs (HTTP/1.1 200) 6 headers in 223 bytes (1 switches on core 0)
2026-07-25 05:38:31.872 7 INFO placement.requestlog [req-86dce51d-988a-4822-838a-99157bb9a974 req-c8ccd107-d6a2-4140-9290-ddbf0bdbd441 7f1c5107fee443298fb8429795cdc5d8 5abcba19dad04eeaa8e1b92b7eeecef4 - - ce86364c47f24636a96d3754c3c1c549 ce86364c47f24636a96d3754c3c1c549] 199.204.45.23 "GET /resource_providers/50ec4efc-9aea-4119-b99c-9f4c642045ad/allocations" status: 200 len: 54 microversion: 1.0 [pid: 7|app: 0|req: 306/614] 199.204.45.23 () {32 vars in 856 bytes} [Sat Jul 25 05:38:31 2026] GET /resource_providers/50ec4efc-9aea-4119-b99c-9f4c642045ad/allocations => generated 54 bytes in 16 msecs (HTTP/1.1 200) 6 headers in 223 bytes (1 switches on core 0)
2026-07-25 05:38:39.569 7 INFO placement.requestlog [None req-7fcad6e3-3660-41be-abb6-e1e1f2860520 - - - - - -] 10.0.0.32 "GET /" status: 200 len: 136 microversion: 1.0
2026-07-25 05:38:39.569 8 INFO placement.requestlog [None req-6a84681c-a2b1-40d1-9f8e-7c8e6e363f0c - - - - - -] 10.0.0.32 "GET /" status: 200 len: 136 microversion: 1.0
2026-07-25 05:38:49.569 8 INFO placement.requestlog [None req-d7af1ee8-769b-465b-a95e-8374a96315ef - - - - - -] 10.0.0.32 "GET /" status: 200 len: 136 microversion: 1.0
2026-07-25 05:38:49.569 7 INFO placement.requestlog [None req-4795f56a-c544-462b-9adc-fef7b54e974d - - - - - -] 10.0.0.32 "GET /" status: 200 len: 136 microversion: 1.0
2026-07-25 05:38:59.568 7 INFO placement.requestlog [None req-b7f179db-7880-481b-996d-0c8a63ed5e18 - - - - - -] 10.0.0.32 "GET /" status: 200 len: 136 microversion: 1.0
2026-07-25 05:38:59.569 8 INFO placement.requestlog [None req-6aa26820-5705-48c8-86a3-8c765310ce9f - - - - - -] 10.0.0.32 "GET /" status: 200 len: 136 microversion: 1.0
2026-07-25 05:39:09.568 7 INFO placement.requestlog [None req-50e7cf10-bceb-43d8-ae25-b8444309f0da - - - - - -] 10.0.0.32 "GET /" status: 200 len: 136 microversion: 1.0
2026-07-25 05:39:09.569 8 INFO placement.requestlog [None req-797bcbe3-5478-4531-9247-691e7c67611b - - - - - -] 10.0.0.32 "GET /" status: 200 len: 136 microversion: 1.0
2026-07-25 05:39:19.569 7 INFO placement.requestlog [None req-0bd0c0a2-dd22-4d53-a645-a803a13b2b51 - - - - - -] 10.0.0.32 "GET /" status: 200 len: 136 microversion: 1.0
2026-07-25 05:39:19.569 8 INFO placement.requestlog [None req-f9cc932b-d85c-4c44-9095-fd4b09a92de9 - - - - - -] 10.0.0.32 "GET /" status: 200 len: 136 microversion: 1.0
2026-07-25 05:39:29.570 7 INFO placement.requestlog [None req-6ab0ab74-d547-4e05-a819-e6d4db0f6c51 - - - - - -] 10.0.0.32 "GET /" status: 200 len: 136 microversion: 1.0
2026-07-25 05:39:29.570 8 INFO placement.requestlog [None req-4367af16-38be-4350-87b5-dba6171be951 - - - - - -] 10.0.0.32 "GET /" status: 200 len: 136 microversion: 1.0
2026-07-25 05:39:31.854 7 INFO placement.requestlog [req-6eaba7a7-ea27-47aa-9a4e-9f9c3435997a req-aa45e837-07ee-486b-9fe9-c1642dee2eee 7f1c5107fee443298fb8429795cdc5d8 5abcba19dad04eeaa8e1b92b7eeecef4 - - ce86364c47f24636a96d3754c3c1c549 ce86364c47f24636a96d3754c3c1c549] 199.204.45.23 "GET /resource_providers/50ec4efc-9aea-4119-b99c-9f4c642045ad/allocations" status: 200 len: 54 microversion: 1.0 [pid: 7|app: 0|req: 313/627] 199.204.45.23 () {32 vars in 856 bytes} [Sat Jul 25 05:39:31 2026] GET /resource_providers/50ec4efc-9aea-4119-b99c-9f4c642045ad/allocations => generated 54 bytes in 16 msecs (HTTP/1.1 200) 6 headers in 223 bytes (1 switches on core 0)
2026-07-25 05:39:31.876 8 INFO placement.requestlog [req-6eaba7a7-ea27-47aa-9a4e-9f9c3435997a req-9543ee42-a3b5-4887-bbdb-96370bf32bc2 7f1c5107fee443298fb8429795cdc5d8 5abcba19dad04eeaa8e1b92b7eeecef4 - - ce86364c47f24636a96d3754c3c1c549 ce86364c47f24636a96d3754c3c1c549] 199.204.45.23 "GET /resource_providers/50ec4efc-9aea-4119-b99c-9f4c642045ad/allocations" status: 200 len: 54 microversion: 1.0 [pid: 8|app: 0|req: 315/628] 199.204.45.23 () {32 vars in 856 bytes} [Sat Jul 25 05:39:31 2026] GET /resource_providers/50ec4efc-9aea-4119-b99c-9f4c642045ad/allocations => generated 54 bytes in 13 msecs (HTTP/1.1 200) 6 headers in 223 bytes (1 switches on core 0)
2026-07-25 05:39:39.574 7 INFO placement.requestlog [None req-051e3719-a1a6-4228-ad0a-4a5daad90e6e - - - - - -] 10.0.0.32 "GET /" status: 200 len: 136 microversion: 1.0
2026-07-25 05:39:39.574 8 INFO placement.requestlog [None req-b88ad98b-9e2f-40cd-88ce-2f8e2812b799 - - - - - -] 10.0.0.32 "GET /" status: 200 len: 136 microversion: 1.0
2026-07-25 05:39:49.569 7 INFO placement.requestlog [None req-537d06ae-320d-420a-bf76-57ee3ff7431e - - - - - -] 10.0.0.32 "GET /" status: 200 len: 136 microversion: 1.0
2026-07-25 05:39:49.569 8 INFO placement.requestlog [None req-f6e7e4c9-0af9-47cc-94cf-850136c85600 - - - - - -] 10.0.0.32 "GET /" status: 200 len: 136 microversion: 1.0
2026-07-25 05:39:59.568 7 INFO placement.requestlog [None req-21806c74-46c9-49d9-92a0-7abec076db38 - - - - - -] 10.0.0.32 "GET /" status: 200 len: 136 microversion: 1.0
2026-07-25 05:39:59.568 8 INFO placement.requestlog [None req-a53516aa-60e1-4763-98ea-7989e8b8e1a1 - - - - - -] 10.0.0.32 "GET /" status: 200 len: 136 microversion: 1.0
2026-07-25 05:40:09.569 7 INFO placement.requestlog [None req-349cd6c6-bc5b-43ec-aca4-b41d6965fd5e - - - - - -] 10.0.0.32 "GET /" status: 200 len: 136 microversion: 1.0
2026-07-25 05:40:09.569 8 INFO placement.requestlog [None req-a4945b5e-e3ee-4f23-9c81-49d84c386cc9 - - - - - -] 10.0.0.32 "GET /" status: 200 len: 136 microversion: 1.0
2026-07-25 05:40:19.569 7 INFO placement.requestlog [None req-522897a3-a4d2-4a3b-b1d6-9067e4eeb7cf - - - - - -] 10.0.0.32 "GET /" status: 200 len: 136 microversion: 1.0
2026-07-25 05:40:19.569 8 INFO placement.requestlog [None req-1a56b9ae-8d44-46fb-9775-73fc944cd393 - - - - - -] 10.0.0.32 "GET /" status: 200 len: 136 microversion: 1.0
2026-07-25 05:40:21.051 7 INFO placement.requestlog [req-ac281331-6b22-4a8e-8715-c372a8c93d86 req-f118cd8a-55ae-4aed-9efe-6bd753c1f7fd 7f1c5107fee443298fb8429795cdc5d8 5abcba19dad04eeaa8e1b92b7eeecef4 - - ce86364c47f24636a96d3754c3c1c549 ce86364c47f24636a96d3754c3c1c549] 10.0.0.198 "GET /allocation_candidates?limit=1000&resources=DISK_GB%3A1%2CMEMORY_MB%3A512%2CVCPU%3A1&root_required=%21COMPUTE_STATUS_DISABLED" status: 200 len: 2442 microversion: 1.36 [pid: 7|app: 0|req: 319/639] 10.0.0.198 () {34 vars in 1012 bytes} [Sat Jul 25 05:40:20 2026] GET /allocation_candidates?limit=1000&resources=DISK_GB%3A1%2CMEMORY_MB%3A512%2CVCPU%3A1&root_required=%21COMPUTE_STATUS_DISABLED => generated 2442 bytes in 206 msecs (HTTP/1.1 200) 8 headers in 297 bytes (1 switches on core 0)
2026-07-25 05:40:21.088 8 INFO placement.requestlog [req-69da8dd8-4cde-4c92-b154-f5f14ac3ede9 req-4e3145ca-8255-4cf9-99c5-71ca1b801278 7f1c5107fee443298fb8429795cdc5d8 5abcba19dad04eeaa8e1b92b7eeecef4 - - ce86364c47f24636a96d3754c3c1c549 ce86364c47f24636a96d3754c3c1c549] 10.0.0.198 "GET /allocation_candidates?limit=1000&resources=DISK_GB%3A1%2CMEMORY_MB%3A512%2CVCPU%3A1&root_required=%21COMPUTE_STATUS_DISABLED" status: 200 len: 2442 microversion: 1.36 [pid: 8|app: 0|req: 321/640] 10.0.0.198 () {34 vars in 1012 bytes} [Sat Jul 25 05:40:21 2026] GET /allocation_candidates?limit=1000&resources=DISK_GB%3A1%2CMEMORY_MB%3A512%2CVCPU%3A1&root_required=%21COMPUTE_STATUS_DISABLED => generated 2442 bytes in 55 msecs (HTTP/1.1 200) 8 headers in 297 bytes (1 switches on core 0)
2026-07-25 05:40:21.091 7 INFO placement.requestlog [req-ac281331-6b22-4a8e-8715-c372a8c93d86 req-20284e5c-96bd-4710-aff2-dd74e7c7f338 7f1c5107fee443298fb8429795cdc5d8 5abcba19dad04eeaa8e1b92b7eeecef4 - - ce86364c47f24636a96d3754c3c1c549 ce86364c47f24636a96d3754c3c1c549] 10.0.0.198 "GET /allocations/c4957f8c-6a6b-4bd5-ba16-b95a6ef5b224" status: 200 len: 19 microversion: 1.28 [pid: 7|app: 0|req: 320/641] 10.0.0.198 () {34 vars in 861 bytes} [Sat Jul 25 05:40:21 2026] GET /allocations/c4957f8c-6a6b-4bd5-ba16-b95a6ef5b224 => generated 19 bytes in 14 msecs (HTTP/1.1 200) 8 headers in 295 bytes (1 switches on core 0)
2026-07-25 05:40:21.132 7 INFO placement.requestlog [req-69da8dd8-4cde-4c92-b154-f5f14ac3ede9 req-315c7fe9-9a62-4125-a874-8d88b35ed5bc 7f1c5107fee443298fb8429795cdc5d8 5abcba19dad04eeaa8e1b92b7eeecef4 - - ce86364c47f24636a96d3754c3c1c549 ce86364c47f24636a96d3754c3c1c549] 10.0.0.198 "GET /allocations/1d78f59c-d04f-4e27-8a7a-b52388c96a7e" status: 200 len: 19 microversion: 1.28 [pid: 7|app: 0|req: 321/642] 10.0.0.198 () {34 vars in 861 bytes} [Sat Jul 25 05:40:21 2026] GET /allocations/1d78f59c-d04f-4e27-8a7a-b52388c96a7e => generated 19 bytes in 15 msecs (HTTP/1.1 200) 8 headers in 295 bytes (1 switches on core 0)
2026-07-25 05:40:21.199 8 INFO placement.requestlog [req-ac281331-6b22-4a8e-8715-c372a8c93d86 req-9987237b-345d-4f5e-8e16-d37582c820da 7f1c5107fee443298fb8429795cdc5d8 5abcba19dad04eeaa8e1b92b7eeecef4 - - ce86364c47f24636a96d3754c3c1c549 ce86364c47f24636a96d3754c3c1c549] 10.0.0.198 "PUT /allocations/c4957f8c-6a6b-4bd5-ba16-b95a6ef5b224" status: 204 len: 0 microversion: 1.36 [pid: 8|app: 0|req: 322/643] 10.0.0.198 () {38 vars in 914 bytes} [Sat Jul 25 05:40:21 2026] PUT /allocations/c4957f8c-6a6b-4bd5-ba16-b95a6ef5b224 => generated 0 bytes in 100 msecs (HTTP/1.1 204) 5 headers in 199 bytes (1 switches on core 0)
2026-07-25 05:40:21.235 7 INFO placement.requestlog [req-69da8dd8-4cde-4c92-b154-f5f14ac3ede9 req-425c60c7-899c-41d6-8fd7-4fb3d664e6ca 7f1c5107fee443298fb8429795cdc5d8 5abcba19dad04eeaa8e1b92b7eeecef4 - - ce86364c47f24636a96d3754c3c1c549 ce86364c47f24636a96d3754c3c1c549] 10.0.0.198 "PUT /allocations/1d78f59c-d04f-4e27-8a7a-b52388c96a7e" status: 204 len: 0 microversion: 1.36 [pid: 7|app: 0|req: 322/644] 10.0.0.198 () {38 vars in 914 bytes} [Sat Jul 25 05:40:21 2026] PUT /allocations/1d78f59c-d04f-4e27-8a7a-b52388c96a7e => generated 0 bytes in 98 msecs (HTTP/1.1 204) 5 headers in 199 bytes (1 switches on core 0)
2026-07-25 05:40:22.756 8 INFO placement.requestlog [req-ac281331-6b22-4a8e-8715-c372a8c93d86 req-6642b742-c131-46c6-9027-89992d870297 7f1c5107fee443298fb8429795cdc5d8 5abcba19dad04eeaa8e1b92b7eeecef4 - - ce86364c47f24636a96d3754c3c1c549 ce86364c47f24636a96d3754c3c1c549] 199.204.45.23 "GET /allocations/c4957f8c-6a6b-4bd5-ba16-b95a6ef5b224" status: 200 len: 257 microversion: 1.28 [pid: 8|app: 0|req: 323/645] 199.204.45.23 () {34 vars in 862 bytes} [Sat Jul 25 05:40:22 2026] GET /allocations/c4957f8c-6a6b-4bd5-ba16-b95a6ef5b224 => generated 257 bytes in 19 msecs (HTTP/1.1 200) 8 headers in 296 bytes (1 switches on core 0)
2026-07-25 05:40:22.925 7 INFO placement.requestlog [req-69da8dd8-4cde-4c92-b154-f5f14ac3ede9 req-a7c5051d-a811-4034-a701-48d73468a67c 7f1c5107fee443298fb8429795cdc5d8 5abcba19dad04eeaa8e1b92b7eeecef4 - - ce86364c47f24636a96d3754c3c1c549 ce86364c47f24636a96d3754c3c1c549] 199.204.45.23 "GET /allocations/1d78f59c-d04f-4e27-8a7a-b52388c96a7e" status: 200 len: 257 microversion: 1.28 [pid: 7|app: 0|req: 323/646] 199.204.45.23 () {34 vars in 862 bytes} [Sat Jul 25 05:40:22 2026] GET /allocations/1d78f59c-d04f-4e27-8a7a-b52388c96a7e => generated 257 bytes in 18 msecs (HTTP/1.1 200) 8 headers in 296 bytes (1 switches on core 0)
2026-07-25 05:40:23.808 8 INFO placement.requestlog [req-ac281331-6b22-4a8e-8715-c372a8c93d86 req-37b56b2f-6d94-4232-b644-58d06780e9a5 7f1c5107fee443298fb8429795cdc5d8 5abcba19dad04eeaa8e1b92b7eeecef4 - - ce86364c47f24636a96d3754c3c1c549 ce86364c47f24636a96d3754c3c1c549] 199.204.45.23 "GET /resource_providers/50ec4efc-9aea-4119-b99c-9f4c642045ad/allocations" status: 200 len: 252 microversion: 1.0 [pid: 8|app: 0|req: 324/647] 199.204.45.23 () {32 vars in 856 bytes} [Sat Jul 25 05:40:23 2026] GET /resource_providers/50ec4efc-9aea-4119-b99c-9f4c642045ad/allocations => generated 252 bytes in 18 msecs (HTTP/1.1 200) 6 headers in 224 bytes (1 switches on core 0)
2026-07-25 05:40:23.834 7 INFO placement.requestlog [req-ac281331-6b22-4a8e-8715-c372a8c93d86 req-b3decf36-6452-431d-a981-01c606a53667 7f1c5107fee443298fb8429795cdc5d8 5abcba19dad04eeaa8e1b92b7eeecef4 - - ce86364c47f24636a96d3754c3c1c549 ce86364c47f24636a96d3754c3c1c549] 199.204.45.23 "GET /allocations/c4957f8c-6a6b-4bd5-ba16-b95a6ef5b224" status: 200 len: 257 microversion: 1.28 [pid: 7|app: 0|req: 324/648] 199.204.45.23 () {34 vars in 862 bytes} [Sat Jul 25 05:40:23 2026] GET /allocations/c4957f8c-6a6b-4bd5-ba16-b95a6ef5b224 => generated 257 bytes in 22 msecs (HTTP/1.1 200) 8 headers in 296 bytes (1 switches on core 0)
2026-07-25 05:40:23.866 8 INFO placement.requestlog [req-ac281331-6b22-4a8e-8715-c372a8c93d86 req-ece2499a-b581-4c40-a6dc-45332ffbf27f 7f1c5107fee443298fb8429795cdc5d8 5abcba19dad04eeaa8e1b92b7eeecef4 - - ce86364c47f24636a96d3754c3c1c549 ce86364c47f24636a96d3754c3c1c549] 199.204.45.23 "GET /allocations/1d78f59c-d04f-4e27-8a7a-b52388c96a7e" status: 200 len: 257 microversion: 1.28 [pid: 8|app: 0|req: 325/649] 199.204.45.23 () {34 vars in 862 bytes} [Sat Jul 25 05:40:23 2026] GET /allocations/1d78f59c-d04f-4e27-8a7a-b52388c96a7e => generated 257 bytes in 23 msecs (HTTP/1.1 200) 8 headers in 296 bytes (1 switches on core 0)
2026-07-25 05:40:23.950 7 INFO placement.requestlog [None req-fdba8048-5ac0-4c1b-b1f7-282f1f9dd9a6 576219312f1348088235b6a0451a14cf 5abcba19dad04eeaa8e1b92b7eeecef4 - - ce86364c47f24636a96d3754c3c1c549 ce86364c47f24636a96d3754c3c1c549] 10.0.0.190 "GET /resource_providers/6f803592-b81c-4ba4-8c39-591c14e85a44/aggregates" status: 404 len: 235 microversion: 1.1 [pid: 7|app: 0|req: 325/650] 10.0.0.190 () {32 vars in 816 bytes} [Sat Jul 25 05:40:23 2026] GET /resource_providers/6f803592-b81c-4ba4-8c39-591c14e85a44/aggregates => generated 235 bytes in 43 msecs (HTTP/1.1 404) 5 headers in 202 bytes (1 switches on core 0)
2026-07-25 05:40:23.968 7 INFO placement.requestlog [None req-24e1510d-6388-4dfb-87c6-81c01c5deab5 576219312f1348088235b6a0451a14cf 5abcba19dad04eeaa8e1b92b7eeecef4 - - ce86364c47f24636a96d3754c3c1c549 ce86364c47f24636a96d3754c3c1c549] 10.0.0.190 "DELETE /resource_providers/6f803592-b81c-4ba4-8c39-591c14e85a44" status: 404 len: 246 microversion: 1.1 [pid: 7|app: 0|req: 326/651] 10.0.0.190 () {34 vars in 816 bytes} [Sat Jul 25 05:40:23 2026] DELETE /resource_providers/6f803592-b81c-4ba4-8c39-591c14e85a44 => generated 246 bytes in 7 msecs (HTTP/1.1 404) 6 headers in 231 bytes (1 switches on core 0)
2026-07-25 05:40:23.981 8 INFO placement.requestlog [None req-589af9b9-a887-4699-99ab-da9e9a2d7602 576219312f1348088235b6a0451a14cf 5abcba19dad04eeaa8e1b92b7eeecef4 - - ce86364c47f24636a96d3754c3c1c549 ce86364c47f24636a96d3754c3c1c549] 10.0.0.190 "GET /resource_providers/6f803592-b81c-4ba4-8c39-591c14e85a44/aggregates" status: 404 len: 235 microversion: 1.1 [pid: 8|app: 0|req: 326/652] 10.0.0.190 () {32 vars in 816 bytes} [Sat Jul 25 05:40:23 2026] GET /resource_providers/6f803592-b81c-4ba4-8c39-591c14e85a44/aggregates => generated 235 bytes in 61 msecs (HTTP/1.1 404) 5 headers in 202 bytes (1 switches on core 0)
2026-07-25 05:40:23.995 7 INFO placement.requestlog [None req-8d15cf62-56ce-4bab-ba6f-7ffea6e970b1 576219312f1348088235b6a0451a14cf 5abcba19dad04eeaa8e1b92b7eeecef4 - - ce86364c47f24636a96d3754c3c1c549 ce86364c47f24636a96d3754c3c1c549] 10.0.0.190 "DELETE /resource_providers/6f803592-b81c-4ba4-8c39-591c14e85a44" status: 404 len: 246 microversion: 1.1 [pid: 7|app: 0|req: 327/653] 10.0.0.190 () {34 vars in 816 bytes} [Sat Jul 25 05:40:23 2026] DELETE /resource_providers/6f803592-b81c-4ba4-8c39-591c14e85a44 => generated 246 bytes in 6 msecs (HTTP/1.1 404) 6 headers in 231 bytes (1 switches on core 0)
2026-07-25 05:40:24.785 7 INFO placement.requestlog [None req-3bc40db9-be06-4c13-ba00-b67e66f9ba76 576219312f1348088235b6a0451a14cf 5abcba19dad04eeaa8e1b92b7eeecef4 - - ce86364c47f24636a96d3754c3c1c549 ce86364c47f24636a96d3754c3c1c549] 10.0.0.190 "GET /resource_providers/b6cb976c-0684-453b-ae99-0633e6badb7d/aggregates" status: 404 len: 235 microversion: 1.1 [pid: 7|app: 0|req: 328/654] 10.0.0.190 () {32 vars in 816 bytes} [Sat Jul 25 05:40:24 2026] GET /resource_providers/b6cb976c-0684-453b-ae99-0633e6badb7d/aggregates => generated 235 bytes in 234 msecs (HTTP/1.1 404) 5 headers in 202 bytes (1 switches on core 0)
2026-07-25 05:40:24.803 8 INFO placement.requestlog [None req-3a37a9f7-8443-4cc4-b4c6-be87352fedc1 576219312f1348088235b6a0451a14cf 5abcba19dad04eeaa8e1b92b7eeecef4 - - ce86364c47f24636a96d3754c3c1c549 ce86364c47f24636a96d3754c3c1c549] 10.0.0.190 "GET /resource_providers/b6cb976c-0684-453b-ae99-0633e6badb7d/aggregates" status: 404 len: 235 microversion: 1.1 [pid: 8|app: 0|req: 327/655] 10.0.0.190 () {32 vars in 816 bytes} [Sat Jul 25 05:40:24 2026] GET /resource_providers/b6cb976c-0684-453b-ae99-0633e6badb7d/aggregates => generated 235 bytes in 255 msecs (HTTP/1.1 404) 5 headers in 202 bytes (1 switches on core 0)
2026-07-25 05:40:24.809 7 INFO placement.requestlog [None req-6c0bf441-a337-4e03-b815-8cc4a308e3da 576219312f1348088235b6a0451a14cf 5abcba19dad04eeaa8e1b92b7eeecef4 - - ce86364c47f24636a96d3754c3c1c549 ce86364c47f24636a96d3754c3c1c549] 10.0.0.190 "DELETE /resource_providers/b6cb976c-0684-453b-ae99-0633e6badb7d" status: 404 len: 246 microversion: 1.1 [pid: 7|app: 0|req: 329/656] 10.0.0.190 () {34 vars in 816 bytes} [Sat Jul 25 05:40:24 2026] DELETE /resource_providers/b6cb976c-0684-453b-ae99-0633e6badb7d => generated 246 bytes in 10 msecs (HTTP/1.1 404) 6 headers in 231 bytes (1 switches on core 0)
2026-07-25 05:40:24.816 8 INFO placement.requestlog [None req-3722928f-ef3f-44d5-bf3d-ddb16358ef12 576219312f1348088235b6a0451a14cf 5abcba19dad04eeaa8e1b92b7eeecef4 - - ce86364c47f24636a96d3754c3c1c549 ce86364c47f24636a96d3754c3c1c549] 10.0.0.190 "DELETE /resource_providers/b6cb976c-0684-453b-ae99-0633e6badb7d" status: 404 len: 246 microversion: 1.1 [pid: 8|app: 0|req: 328/657] 10.0.0.190 () {34 vars in 816 bytes} [Sat Jul 25 05:40:24 2026] DELETE /resource_providers/b6cb976c-0684-453b-ae99-0633e6badb7d => generated 246 bytes in 6 msecs (HTTP/1.1 404) 6 headers in 231 bytes (1 switches on core 0)
2026-07-25 05:40:25.946 7 INFO placement.requestlog [req-69da8dd8-4cde-4c92-b154-f5f14ac3ede9 req-67663a47-a618-4b47-aa7b-5d2f55a54a56 7f1c5107fee443298fb8429795cdc5d8 5abcba19dad04eeaa8e1b92b7eeecef4 - - ce86364c47f24636a96d3754c3c1c549 ce86364c47f24636a96d3754c3c1c549] 199.204.45.23 "GET /resource_providers/50ec4efc-9aea-4119-b99c-9f4c642045ad/allocations" status: 200 len: 252 microversion: 1.0 [pid: 7|app: 0|req: 330/658] 199.204.45.23 () {32 vars in 856 bytes} [Sat Jul 25 05:40:25 2026] GET /resource_providers/50ec4efc-9aea-4119-b99c-9f4c642045ad/allocations => generated 252 bytes in 22 msecs (HTTP/1.1 200) 6 headers in 224 bytes (1 switches on core 0)
2026-07-25 05:40:25.961 8 INFO placement.requestlog [req-69da8dd8-4cde-4c92-b154-f5f14ac3ede9 req-ce1e66c9-afb8-484e-9be0-c27784c054bc 7f1c5107fee443298fb8429795cdc5d8 5abcba19dad04eeaa8e1b92b7eeecef4 - - ce86364c47f24636a96d3754c3c1c549 ce86364c47f24636a96d3754c3c1c549] 199.204.45.23 "GET /allocations/c4957f8c-6a6b-4bd5-ba16-b95a6ef5b224" status: 200 len: 257 microversion: 1.28 [pid: 8|app: 0|req: 329/659] 199.204.45.23 () {34 vars in 862 bytes} [Sat Jul 25 05:40:25 2026] GET /allocations/c4957f8c-6a6b-4bd5-ba16-b95a6ef5b224 => generated 257 bytes in 8 msecs (HTTP/1.1 200) 8 headers in 296 bytes (1 switches on core 0)
2026-07-25 05:40:25.979 7 INFO placement.requestlog [req-69da8dd8-4cde-4c92-b154-f5f14ac3ede9 req-3660fa4c-b92f-4437-b87f-23acd4d375eb 7f1c5107fee443298fb8429795cdc5d8 5abcba19dad04eeaa8e1b92b7eeecef4 - - ce86364c47f24636a96d3754c3c1c549 ce86364c47f24636a96d3754c3c1c549] 199.204.45.23 "GET /allocations/1d78f59c-d04f-4e27-8a7a-b52388c96a7e" status: 200 len: 257 microversion: 1.28 [pid: 7|app: 0|req: 331/660] 199.204.45.23 () {34 vars in 862 bytes} [Sat Jul 25 05:40:25 2026] GET /allocations/1d78f59c-d04f-4e27-8a7a-b52388c96a7e => generated 257 bytes in 14 msecs (HTTP/1.1 200) 8 headers in 296 bytes (1 switches on core 0)
2026-07-25 05:40:29.538 8 INFO placement.requestlog [req-89a75573-e863-4b31-847d-187dd6c6bd9d req-1c460d60-0cd9-4958-a973-673289c2eb36 7f1c5107fee443298fb8429795cdc5d8 5abcba19dad04eeaa8e1b92b7eeecef4 - - ce86364c47f24636a96d3754c3c1c549 ce86364c47f24636a96d3754c3c1c549] 10.0.0.198 "GET /allocation_candidates?limit=1000&resources=MEMORY_MB%3A512%2CVCPU%3A1&root_required=%21COMPUTE_STATUS_DISABLED" status: 200 len: 2431 microversion: 1.36 [pid: 8|app: 0|req: 330/661] 10.0.0.198 () {34 vars in 984 bytes} [Sat Jul 25 05:40:29 2026] GET /allocation_candidates?limit=1000&resources=MEMORY_MB%3A512%2CVCPU%3A1&root_required=%21COMPUTE_STATUS_DISABLED => generated 2431 bytes in 51 msecs (HTTP/1.1 200) 8 headers in 297 bytes (1 switches on core 0)
2026-07-25 05:40:29.568 8 INFO placement.requestlog [None req-b506207a-a3c7-43e1-ac16-ff4a2e8ec34f - - - - - -] 10.0.0.32 "GET /" status: 200 len: 136 microversion: 1.0
2026-07-25 05:40:29.569 8 INFO placement.requestlog [None req-774c8ec4-bacf-4d06-ab59-9107e50799ba - - - - - -] 10.0.0.32 "GET /" status: 200 len: 136 microversion: 1.0
2026-07-25 05:40:29.575 7 INFO placement.requestlog [req-89a75573-e863-4b31-847d-187dd6c6bd9d req-a445f7fc-7040-4db0-ba3a-5bcf8fa110df 7f1c5107fee443298fb8429795cdc5d8 5abcba19dad04eeaa8e1b92b7eeecef4 - - ce86364c47f24636a96d3754c3c1c549 ce86364c47f24636a96d3754c3c1c549] 10.0.0.198 "GET /allocations/30ab429e-0a6b-4ef0-8b01-d851e14de8ec" status: 200 len: 19 microversion: 1.28 [pid: 7|app: 0|req: 332/664] 10.0.0.198 () {34 vars in 861 bytes} [Sat Jul 25 05:40:29 2026] GET /allocations/30ab429e-0a6b-4ef0-8b01-d851e14de8ec => generated 19 bytes in 18 msecs (HTTP/1.1 200) 8 headers in 295 bytes (1 switches on core 0)
2026-07-25 05:40:29.654 8 INFO placement.requestlog [req-89a75573-e863-4b31-847d-187dd6c6bd9d req-78ba7b75-6d8f-4e2d-ba0a-c5204665bf5b 7f1c5107fee443298fb8429795cdc5d8 5abcba19dad04eeaa8e1b92b7eeecef4 - - ce86364c47f24636a96d3754c3c1c549 ce86364c47f24636a96d3754c3c1c549] 10.0.0.198 "PUT /allocations/30ab429e-0a6b-4ef0-8b01-d851e14de8ec" status: 204 len: 0 microversion: 1.36 [pid: 8|app: 0|req: 333/665] 10.0.0.198 () {38 vars in 914 bytes} [Sat Jul 25 05:40:29 2026] PUT /allocations/30ab429e-0a6b-4ef0-8b01-d851e14de8ec => generated 0 bytes in 69 msecs (HTTP/1.1 204) 5 headers in 199 bytes (1 switches on core 0)
2026-07-25 05:40:31.182 7 INFO placement.requestlog [req-89a75573-e863-4b31-847d-187dd6c6bd9d req-97068f56-c206-43d3-9c59-d081a39560c1 7f1c5107fee443298fb8429795cdc5d8 5abcba19dad04eeaa8e1b92b7eeecef4 - - ce86364c47f24636a96d3754c3c1c549 ce86364c47f24636a96d3754c3c1c549] 199.204.45.23 "GET /allocations/30ab429e-0a6b-4ef0-8b01-d851e14de8ec" status: 200 len: 243 microversion: 1.28 [pid: 7|app: 0|req: 333/666] 199.204.45.23 () {34 vars in 862 bytes} [Sat Jul 25 05:40:31 2026] GET /allocations/30ab429e-0a6b-4ef0-8b01-d851e14de8ec => generated 243 bytes in 30 msecs (HTTP/1.1 200) 8 headers in 296 bytes (1 switches on core 0)
2026-07-25 05:40:32.233 8 INFO placement.requestlog [req-89a75573-e863-4b31-847d-187dd6c6bd9d req-8d27906e-7658-4471-8eb8-53c4b2559358 7f1c5107fee443298fb8429795cdc5d8 5abcba19dad04eeaa8e1b92b7eeecef4 - - ce86364c47f24636a96d3754c3c1c549 ce86364c47f24636a96d3754c3c1c549] 199.204.45.23 "GET /resource_providers/50ec4efc-9aea-4119-b99c-9f4c642045ad/allocations" status: 200 len: 338 microversion: 1.0 [pid: 8|app: 0|req: 334/667] 199.204.45.23 () {32 vars in 856 bytes} [Sat Jul 25 05:40:32 2026] GET /resource_providers/50ec4efc-9aea-4119-b99c-9f4c642045ad/allocations => generated 338 bytes in 24 msecs (HTTP/1.1 200) 6 headers in 224 bytes (1 switches on core 0)
2026-07-25 05:40:32.256 7 INFO placement.requestlog [req-89a75573-e863-4b31-847d-187dd6c6bd9d req-796f8200-161a-4d81-aa15-9e0b8ef11af2 7f1c5107fee443298fb8429795cdc5d8 5abcba19dad04eeaa8e1b92b7eeecef4 - - ce86364c47f24636a96d3754c3c1c549 ce86364c47f24636a96d3754c3c1c549] 199.204.45.23 "GET /allocations/30ab429e-0a6b-4ef0-8b01-d851e14de8ec" status: 200 len: 243 microversion: 1.28 [pid: 7|app: 0|req: 334/668] 199.204.45.23 () {34 vars in 862 bytes} [Sat Jul 25 05:40:32 2026] GET /allocations/30ab429e-0a6b-4ef0-8b01-d851e14de8ec => generated 243 bytes in 14 msecs (HTTP/1.1 200) 8 headers in 296 bytes (1 switches on core 0)
2026-07-25 05:40:32.289 8 INFO placement.requestlog [req-89a75573-e863-4b31-847d-187dd6c6bd9d req-f829ea0b-6342-4e6a-aa98-f79c78465448 7f1c5107fee443298fb8429795cdc5d8 5abcba19dad04eeaa8e1b92b7eeecef4 - - ce86364c47f24636a96d3754c3c1c549 ce86364c47f24636a96d3754c3c1c549] 199.204.45.23 "GET /allocations/c4957f8c-6a6b-4bd5-ba16-b95a6ef5b224" status: 200 len: 257 microversion: 1.28 [pid: 8|app: 0|req: 335/669] 199.204.45.23 () {34 vars in 862 bytes} [Sat Jul 25 05:40:32 2026] GET /allocations/c4957f8c-6a6b-4bd5-ba16-b95a6ef5b224 => generated 257 bytes in 25 msecs (HTTP/1.1 200) 8 headers in 296 bytes (1 switches on core 0)
2026-07-25 05:40:32.309 7 INFO placement.requestlog [req-89a75573-e863-4b31-847d-187dd6c6bd9d req-0dcb50e6-9472-40ba-adad-b2288dc0f2f6 7f1c5107fee443298fb8429795cdc5d8 5abcba19dad04eeaa8e1b92b7eeecef4 - - ce86364c47f24636a96d3754c3c1c549 ce86364c47f24636a96d3754c3c1c549] 199.204.45.23 "GET /allocations/1d78f59c-d04f-4e27-8a7a-b52388c96a7e" status: 200 len: 257 microversion: 1.28 [pid: 7|app: 0|req: 335/670] 199.204.45.23 () {34 vars in 862 bytes} [Sat Jul 25 05:40:32 2026] GET /allocations/1d78f59c-d04f-4e27-8a7a-b52388c96a7e => generated 257 bytes in 12 msecs (HTTP/1.1 200) 8 headers in 296 bytes (1 switches on core 0)
2026-07-25 05:40:33.921 8 INFO placement.requestlog [req-d1cff607-5433-4ffd-8506-576953eb53f3 req-01c10a48-00fe-496f-b4a9-fb43d3880668 7f1c5107fee443298fb8429795cdc5d8 5abcba19dad04eeaa8e1b92b7eeecef4 - - ce86364c47f24636a96d3754c3c1c549 ce86364c47f24636a96d3754c3c1c549] 199.204.45.23 "GET /resource_providers/50ec4efc-9aea-4119-b99c-9f4c642045ad/allocations" status: 200 len: 338 microversion: 1.0 [pid: 8|app: 0|req: 336/671] 199.204.45.23 () {32 vars in 856 bytes} [Sat Jul 25 05:40:33 2026] GET /resource_providers/50ec4efc-9aea-4119-b99c-9f4c642045ad/allocations => generated 338 bytes in 31 msecs (HTTP/1.1 200) 6 headers in 224 bytes (1 switches on core 0)
2026-07-25 05:40:33.951 7 INFO placement.requestlog [req-d1cff607-5433-4ffd-8506-576953eb53f3 req-a1473183-464c-46e2-82c2-618037f53370 7f1c5107fee443298fb8429795cdc5d8 5abcba19dad04eeaa8e1b92b7eeecef4 - - ce86364c47f24636a96d3754c3c1c549 ce86364c47f24636a96d3754c3c1c549] 199.204.45.23 "GET /resource_providers/50ec4efc-9aea-4119-b99c-9f4c642045ad/allocations" status: 200 len: 338 microversion: 1.0 [pid: 7|app: 0|req: 336/672] 199.204.45.23 () {32 vars in 856 bytes} [Sat Jul 25 05:40:33 2026] GET /resource_providers/50ec4efc-9aea-4119-b99c-9f4c642045ad/allocations => generated 338 bytes in 23 msecs (HTTP/1.1 200) 6 headers in 224 bytes (1 switches on core 0)
2026-07-25 05:40:33.982 8 INFO placement.requestlog [req-d1cff607-5433-4ffd-8506-576953eb53f3 req-45f1f2d2-1a10-4c42-b17e-6e5e3979bc6c 7f1c5107fee443298fb8429795cdc5d8 5abcba19dad04eeaa8e1b92b7eeecef4 - - ce86364c47f24636a96d3754c3c1c549 ce86364c47f24636a96d3754c3c1c549] 199.204.45.23 "GET /allocations/30ab429e-0a6b-4ef0-8b01-d851e14de8ec" status: 200 len: 243 microversion: 1.28 [pid: 8|app: 0|req: 337/673] 199.204.45.23 () {34 vars in 862 bytes} [Sat Jul 25 05:40:33 2026] GET /allocations/30ab429e-0a6b-4ef0-8b01-d851e14de8ec => generated 243 bytes in 23 msecs (HTTP/1.1 200) 8 headers in 296 bytes (1 switches on core 0)
2026-07-25 05:40:34.008 7 INFO placement.requestlog [req-d1cff607-5433-4ffd-8506-576953eb53f3 req-ee3b2b55-fc6a-4f51-a34c-f81d918252f5 7f1c5107fee443298fb8429795cdc5d8 5abcba19dad04eeaa8e1b92b7eeecef4 - - ce86364c47f24636a96d3754c3c1c549 ce86364c47f24636a96d3754c3c1c549] 199.204.45.23 "GET /allocations/c4957f8c-6a6b-4bd5-ba16-b95a6ef5b224" status: 200 len: 257 microversion: 1.28 [pid: 7|app: 0|req: 337/674] 199.204.45.23 () {34 vars in 862 bytes} [Sat Jul 25 05:40:33 2026] GET /allocations/c4957f8c-6a6b-4bd5-ba16-b95a6ef5b224 => generated 257 bytes in 18 msecs (HTTP/1.1 200) 8 headers in 296 bytes (1 switches on core 0)
2026-07-25 05:40:34.026 8 INFO placement.requestlog [req-d1cff607-5433-4ffd-8506-576953eb53f3 req-2201d254-09f8-4eac-b21e-b6b76ba0de54 7f1c5107fee443298fb8429795cdc5d8 5abcba19dad04eeaa8e1b92b7eeecef4 - - ce86364c47f24636a96d3754c3c1c549 ce86364c47f24636a96d3754c3c1c549] 199.204.45.23 "GET /allocations/1d78f59c-d04f-4e27-8a7a-b52388c96a7e" status: 200 len: 257 microversion: 1.28 [pid: 8|app: 0|req: 338/675] 199.204.45.23 () {34 vars in 862 bytes} [Sat Jul 25 05:40:34 2026] GET /allocations/1d78f59c-d04f-4e27-8a7a-b52388c96a7e => generated 257 bytes in 13 msecs (HTTP/1.1 200) 8 headers in 296 bytes (1 switches on core 0)
2026-07-25 05:40:35.092 8 INFO placement.requestlog [None req-0023be36-9d14-48e6-a7ec-12c238509fb4 576219312f1348088235b6a0451a14cf 5abcba19dad04eeaa8e1b92b7eeecef4 - - ce86364c47f24636a96d3754c3c1c549 ce86364c47f24636a96d3754c3c1c549] 10.0.0.190 "GET /resource_providers/943b2e75-8a95-4fb7-9540-628c341a029d/aggregates" status: 404 len: 235 microversion: 1.1 [pid: 8|app: 0|req: 339/676] 10.0.0.190 () {32 vars in 816 bytes} [Sat Jul 25 05:40:35 2026] GET /resource_providers/943b2e75-8a95-4fb7-9540-628c341a029d/aggregates => generated 235 bytes in 12 msecs (HTTP/1.1 404) 5 headers in 202 bytes (1 switches on core 0)
2026-07-25 05:40:35.102 7 INFO placement.requestlog [None req-2d2755be-a5f0-4df9-81d9-b2e585dbc4f1 576219312f1348088235b6a0451a14cf 5abcba19dad04eeaa8e1b92b7eeecef4 - - ce86364c47f24636a96d3754c3c1c549 ce86364c47f24636a96d3754c3c1c549] 10.0.0.190 "GET /resource_providers/943b2e75-8a95-4fb7-9540-628c341a029d/aggregates" status: 404 len: 235 microversion: 1.1 [pid: 7|app: 0|req: 338/677] 10.0.0.190 () {32 vars in 816 bytes} [Sat Jul 25 05:40:35 2026] GET /resource_providers/943b2e75-8a95-4fb7-9540-628c341a029d/aggregates => generated 235 bytes in 25 msecs (HTTP/1.1 404) 5 headers in 202 bytes (1 switches on core 0)
2026-07-25 05:40:35.112 8 INFO placement.requestlog [None req-7310043d-47cc-4637-b65f-d4b98a3ecd3e 576219312f1348088235b6a0451a14cf 5abcba19dad04eeaa8e1b92b7eeecef4 - - ce86364c47f24636a96d3754c3c1c549 ce86364c47f24636a96d3754c3c1c549] 10.0.0.190 "DELETE /resource_providers/943b2e75-8a95-4fb7-9540-628c341a029d" status: 404 len: 246 microversion: 1.1 [pid: 8|app: 0|req: 340/678] 10.0.0.190 () {34 vars in 816 bytes} [Sat Jul 25 05:40:35 2026] DELETE /resource_providers/943b2e75-8a95-4fb7-9540-628c341a029d => generated 246 bytes in 12 msecs (HTTP/1.1 404) 6 headers in 231 bytes (1 switches on core 0)
2026-07-25 05:40:35.132 7 INFO placement.requestlog [None req-b249ef52-c099-4b52-b3c0-33ed7f148a78 576219312f1348088235b6a0451a14cf 5abcba19dad04eeaa8e1b92b7eeecef4 - - ce86364c47f24636a96d3754c3c1c549 ce86364c47f24636a96d3754c3c1c549] 10.0.0.190 "DELETE /resource_providers/943b2e75-8a95-4fb7-9540-628c341a029d" status: 404 len: 246 microversion: 1.1 [pid: 7|app: 0|req: 339/679] 10.0.0.190 () {34 vars in 816 bytes} [Sat Jul 25 05:40:35 2026] DELETE /resource_providers/943b2e75-8a95-4fb7-9540-628c341a029d => generated 246 bytes in 20 msecs (HTTP/1.1 404) 6 headers in 231 bytes (1 switches on core 0)
2026-07-25 05:40:35.645 8 INFO placement.requestlog [None req-5b0ae3ae-bcee-43fa-bbea-5b889f7e8dfe 576219312f1348088235b6a0451a14cf 5abcba19dad04eeaa8e1b92b7eeecef4 - - ce86364c47f24636a96d3754c3c1c549 ce86364c47f24636a96d3754c3c1c549] 10.0.0.190 "GET /resource_providers/e6ff7f4b-f61d-47b0-8173-e8162ec1c313/aggregates" status: 404 len: 235 microversion: 1.1 [pid: 8|app: 0|req: 341/680] 10.0.0.190 () {32 vars in 816 bytes} [Sat Jul 25 05:40:35 2026] GET /resource_providers/e6ff7f4b-f61d-47b0-8173-e8162ec1c313/aggregates => generated 235 bytes in 12 msecs (HTTP/1.1 404) 5 headers in 202 bytes (1 switches on core 0)
2026-07-25 05:40:35.653 7 INFO placement.requestlog [None req-ef0af0b8-325c-4c80-b66a-2c2cd8f41f0d 576219312f1348088235b6a0451a14cf 5abcba19dad04eeaa8e1b92b7eeecef4 - - ce86364c47f24636a96d3754c3c1c549 ce86364c47f24636a96d3754c3c1c549] 10.0.0.190 "GET /resource_providers/e6ff7f4b-f61d-47b0-8173-e8162ec1c313/aggregates" status: 404 len: 235 microversion: 1.1 [pid: 7|app: 0|req: 340/681] 10.0.0.190 () {32 vars in 816 bytes} [Sat Jul 25 05:40:35 2026] GET /resource_providers/e6ff7f4b-f61d-47b0-8173-e8162ec1c313/aggregates => generated 235 bytes in 19 msecs (HTTP/1.1 404) 5 headers in 202 bytes (1 switches on core 0)
2026-07-25 05:40:35.658 8 INFO placement.requestlog [None req-1a9fad50-b17c-4a22-b6f4-7c1d3a390ecf 576219312f1348088235b6a0451a14cf 5abcba19dad04eeaa8e1b92b7eeecef4 - - ce86364c47f24636a96d3754c3c1c549 ce86364c47f24636a96d3754c3c1c549] 10.0.0.190 "DELETE /resource_providers/e6ff7f4b-f61d-47b0-8173-e8162ec1c313" status: 404 len: 246 microversion: 1.1 [pid: 8|app: 0|req: 342/682] 10.0.0.190 () {34 vars in 816 bytes} [Sat Jul 25 05:40:35 2026] DELETE /resource_providers/e6ff7f4b-f61d-47b0-8173-e8162ec1c313 => generated 246 bytes in 6 msecs (HTTP/1.1 404) 6 headers in 231 bytes (1 switches on core 0)
2026-07-25 05:40:35.675 7 INFO placement.requestlog [None req-f50accc0-73d2-45bc-9072-b8599f2930bb 576219312f1348088235b6a0451a14cf 5abcba19dad04eeaa8e1b92b7eeecef4 - - ce86364c47f24636a96d3754c3c1c549 ce86364c47f24636a96d3754c3c1c549] 10.0.0.190 "DELETE /resource_providers/e6ff7f4b-f61d-47b0-8173-e8162ec1c313" status: 404 len: 246 microversion: 1.1 [pid: 7|app: 0|req: 341/683] 10.0.0.190 () {34 vars in 816 bytes} [Sat Jul 25 05:40:35 2026] DELETE /resource_providers/e6ff7f4b-f61d-47b0-8173-e8162ec1c313 => generated 246 bytes in 10 msecs (HTTP/1.1 404) 6 headers in 231 bytes (1 switches on core 0)
2026-07-25 05:40:39.570 8 INFO placement.requestlog [None req-04dcfdcc-1468-425b-be54-b0c12c4f8632 - - - - - -] 10.0.0.32 "GET /" status: 200 len: 136 microversion: 1.0
2026-07-25 05:40:39.572 7 INFO placement.requestlog [None req-5e4c62d9-36b0-44ca-a4b6-dc5815d02a50 - - - - - -] 10.0.0.32 "GET /" status: 200 len: 136 microversion: 1.0
2026-07-25 05:40:44.841 7 INFO placement.requestlog [req-c920e71e-f5cc-4c31-8816-4c7ad382b327 req-63fc77b5-03e4-4a28-babd-437374224051 7f1c5107fee443298fb8429795cdc5d8 5abcba19dad04eeaa8e1b92b7eeecef4 - - ce86364c47f24636a96d3754c3c1c549 ce86364c47f24636a96d3754c3c1c549] 10.0.0.198 "GET /allocation_candidates?limit=1000&resources=DISK_GB%3A1%2CMEMORY_MB%3A512%2CVCPU%3A1&root_required=%21COMPUTE_STATUS_DISABLED" status: 200 len: 2445 microversion: 1.36 [pid: 7|app: 0|req: 343/686] 10.0.0.198 () {34 vars in 1012 bytes} [Sat Jul 25 05:40:44 2026] GET /allocation_candidates?limit=1000&resources=DISK_GB%3A1%2CMEMORY_MB%3A512%2CVCPU%3A1&root_required=%21COMPUTE_STATUS_DISABLED => generated 2445 bytes in 49 msecs (HTTP/1.1 200) 8 headers in 297 bytes (1 switches on core 0)
2026-07-25 05:40:44.868 8 INFO placement.requestlog [req-c920e71e-f5cc-4c31-8816-4c7ad382b327 req-8a86d3b6-80e0-417f-90bb-cd453a5f2cb8 7f1c5107fee443298fb8429795cdc5d8 5abcba19dad04eeaa8e1b92b7eeecef4 - - ce86364c47f24636a96d3754c3c1c549 ce86364c47f24636a96d3754c3c1c549] 10.0.0.198 "GET /allocations/72a4560c-8c81-44fc-b2d5-fbb2caf3c636" status: 200 len: 19 microversion: 1.28 [pid: 8|app: 0|req: 344/687] 10.0.0.198 () {34 vars in 861 bytes} [Sat Jul 25 05:40:44 2026] GET /allocations/72a4560c-8c81-44fc-b2d5-fbb2caf3c636 => generated 19 bytes in 11 msecs (HTTP/1.1 200) 8 headers in 295 bytes (1 switches on core 0)
2026-07-25 05:40:44.935 7 INFO placement.requestlog [req-c920e71e-f5cc-4c31-8816-4c7ad382b327 req-6884c8a2-d2fd-4431-a9e5-de7c3732d246 7f1c5107fee443298fb8429795cdc5d8 5abcba19dad04eeaa8e1b92b7eeecef4 - - ce86364c47f24636a96d3754c3c1c549 ce86364c47f24636a96d3754c3c1c549] 10.0.0.198 "PUT /allocations/72a4560c-8c81-44fc-b2d5-fbb2caf3c636" status: 204 len: 0 microversion: 1.36 [pid: 7|app: 0|req: 344/688] 10.0.0.198 () {38 vars in 914 bytes} [Sat Jul 25 05:40:44 2026] PUT /allocations/72a4560c-8c81-44fc-b2d5-fbb2caf3c636 => generated 0 bytes in 60 msecs (HTTP/1.1 204) 5 headers in 199 bytes (1 switches on core 0)
2026-07-25 05:40:46.386 8 INFO placement.requestlog [req-02f999a1-0658-4a82-b0b8-b0cfe6f7c074 req-9f9d41ea-bf94-4463-ab21-11cc288581ba 7f1c5107fee443298fb8429795cdc5d8 5abcba19dad04eeaa8e1b92b7eeecef4 - - ce86364c47f24636a96d3754c3c1c549 ce86364c47f24636a96d3754c3c1c549] 199.204.45.23 "GET /resource_providers/50ec4efc-9aea-4119-b99c-9f4c642045ad/allocations" status: 200 len: 438 microversion: 1.0 [pid: 8|app: 0|req: 345/689] 199.204.45.23 () {32 vars in 856 bytes} [Sat Jul 25 05:40:46 2026] GET /resource_providers/50ec4efc-9aea-4119-b99c-9f4c642045ad/allocations => generated 438 bytes in 25 msecs (HTTP/1.1 200) 6 headers in 224 bytes (1 switches on core 0)
2026-07-25 05:40:46.407 7 INFO placement.requestlog [req-02f999a1-0658-4a82-b0b8-b0cfe6f7c074 req-8a177f48-51ca-42c7-b297-d717dca69fc1 7f1c5107fee443298fb8429795cdc5d8 5abcba19dad04eeaa8e1b92b7eeecef4 - - ce86364c47f24636a96d3754c3c1c549 ce86364c47f24636a96d3754c3c1c549] 199.204.45.23 "GET /allocations/72a4560c-8c81-44fc-b2d5-fbb2caf3c636" status: 200 len: 257 microversion: 1.28 [pid: 7|app: 0|req: 345/690] 199.204.45.23 () {34 vars in 862 bytes} [Sat Jul 25 05:40:46 2026] GET /allocations/72a4560c-8c81-44fc-b2d5-fbb2caf3c636 => generated 257 bytes in 17 msecs (HTTP/1.1 200) 8 headers in 296 bytes (1 switches on core 0)
2026-07-25 05:40:46.438 8 INFO placement.requestlog [req-02f999a1-0658-4a82-b0b8-b0cfe6f7c074 req-b2e7fefb-9753-4037-8202-5b38554e574b 7f1c5107fee443298fb8429795cdc5d8 5abcba19dad04eeaa8e1b92b7eeecef4 - - ce86364c47f24636a96d3754c3c1c549 ce86364c47f24636a96d3754c3c1c549] 199.204.45.23 "GET /allocations/30ab429e-0a6b-4ef0-8b01-d851e14de8ec" status: 200 len: 243 microversion: 1.28 [pid: 8|app: 0|req: 346/691] 199.204.45.23 () {34 vars in 862 bytes} [Sat Jul 25 05:40:46 2026] GET /allocations/30ab429e-0a6b-4ef0-8b01-d851e14de8ec => generated 243 bytes in 26 msecs (HTTP/1.1 200) 8 headers in 296 bytes (1 switches on core 0)
2026-07-25 05:40:46.462 7 INFO placement.requestlog [req-02f999a1-0658-4a82-b0b8-b0cfe6f7c074 req-ede27217-3115-4c2f-bac3-8006146caff3 7f1c5107fee443298fb8429795cdc5d8 5abcba19dad04eeaa8e1b92b7eeecef4 - - ce86364c47f24636a96d3754c3c1c549 ce86364c47f24636a96d3754c3c1c549] 199.204.45.23 "GET /allocations/c4957f8c-6a6b-4bd5-ba16-b95a6ef5b224" status: 200 len: 257 microversion: 1.28 [pid: 7|app: 0|req: 346/692] 199.204.45.23 () {34 vars in 862 bytes} [Sat Jul 25 05:40:46 2026] GET /allocations/c4957f8c-6a6b-4bd5-ba16-b95a6ef5b224 => generated 257 bytes in 18 msecs (HTTP/1.1 200) 8 headers in 296 bytes (1 switches on core 0)
2026-07-25 05:40:46.488 7 INFO placement.requestlog [req-02f999a1-0658-4a82-b0b8-b0cfe6f7c074 req-d82de857-8c99-44f3-909a-8757a20a750b 7f1c5107fee443298fb8429795cdc5d8 5abcba19dad04eeaa8e1b92b7eeecef4 - - ce86364c47f24636a96d3754c3c1c549 ce86364c47f24636a96d3754c3c1c549] 199.204.45.23 "GET /allocations/1d78f59c-d04f-4e27-8a7a-b52388c96a7e" status: 200 len: 257 microversion: 1.28 [pid: 7|app: 0|req: 347/693] 199.204.45.23 () {34 vars in 862 bytes} [Sat Jul 25 05:40:46 2026] GET /allocations/1d78f59c-d04f-4e27-8a7a-b52388c96a7e => generated 257 bytes in 12 msecs (HTTP/1.1 200) 8 headers in 296 bytes (1 switches on core 0)
2026-07-25 05:40:46.494 8 INFO placement.requestlog [req-c920e71e-f5cc-4c31-8816-4c7ad382b327 req-917fb81f-efcd-4ab7-a036-cd1f5377f218 7f1c5107fee443298fb8429795cdc5d8 5abcba19dad04eeaa8e1b92b7eeecef4 - - ce86364c47f24636a96d3754c3c1c549 ce86364c47f24636a96d3754c3c1c549] 199.204.45.23 "GET /allocations/72a4560c-8c81-44fc-b2d5-fbb2caf3c636" status: 200 len: 257 microversion: 1.28 [pid: 8|app: 0|req: 347/694] 199.204.45.23 () {34 vars in 862 bytes} [Sat Jul 25 05:40:46 2026] GET /allocations/72a4560c-8c81-44fc-b2d5-fbb2caf3c636 => generated 257 bytes in 19 msecs (HTTP/1.1 200) 8 headers in 296 bytes (1 switches on core 0)
2026-07-25 05:40:47.550 7 INFO placement.requestlog [req-02f999a1-0658-4a82-b0b8-b0cfe6f7c074 req-f23ab819-435e-4c28-9fb6-6d16b1ae06b1 7f1c5107fee443298fb8429795cdc5d8 5abcba19dad04eeaa8e1b92b7eeecef4 - - ce86364c47f24636a96d3754c3c1c549 ce86364c47f24636a96d3754c3c1c549] 199.204.45.23 "DELETE /allocations/c4957f8c-6a6b-4bd5-ba16-b95a6ef5b224" status: 204 len: 0 microversion: 1.0 [pid: 7|app: 0|req: 348/695] 199.204.45.23 () {34 vars in 840 bytes} [Sat Jul 25 05:40:47 2026] DELETE /allocations/c4957f8c-6a6b-4bd5-ba16-b95a6ef5b224 => generated 0 bytes in 35 msecs (HTTP/1.1 204) 5 headers in 198 bytes (1 switches on core 0)
2026-07-25 05:40:48.577 8 INFO placement.requestlog [req-c920e71e-f5cc-4c31-8816-4c7ad382b327 req-521ff9c1-aed9-486c-8b0b-945e7690c003 7f1c5107fee443298fb8429795cdc5d8 5abcba19dad04eeaa8e1b92b7eeecef4 - - ce86364c47f24636a96d3754c3c1c549 ce86364c47f24636a96d3754c3c1c549] 199.204.45.23 "GET /resource_providers/50ec4efc-9aea-4119-b99c-9f4c642045ad/allocations" status: 200 len: 338 microversion: 1.0 [pid: 8|app: 0|req: 348/696] 199.204.45.23 () {32 vars in 856 bytes} [Sat Jul 25 05:40:48 2026] GET /resource_providers/50ec4efc-9aea-4119-b99c-9f4c642045ad/allocations => generated 338 bytes in 21 msecs (HTTP/1.1 200) 6 headers in 224 bytes (1 switches on core 0)
2026-07-25 05:40:48.591 7 INFO placement.requestlog [req-c920e71e-f5cc-4c31-8816-4c7ad382b327 req-df9711e5-b673-4a9e-b3f3-5ee8c487bddd 7f1c5107fee443298fb8429795cdc5d8 5abcba19dad04eeaa8e1b92b7eeecef4 - - ce86364c47f24636a96d3754c3c1c549 ce86364c47f24636a96d3754c3c1c549] 199.204.45.23 "GET /allocations/72a4560c-8c81-44fc-b2d5-fbb2caf3c636" status: 200 len: 257 microversion: 1.28 [pid: 7|app: 0|req: 349/697] 199.204.45.23 () {34 vars in 862 bytes} [Sat Jul 25 05:40:48 2026] GET /allocations/72a4560c-8c81-44fc-b2d5-fbb2caf3c636 => generated 257 bytes in 10 msecs (HTTP/1.1 200) 8 headers in 296 bytes (1 switches on core 0)
