2026-07-25 05:45:01.035 8 INFO placement.requestlog [None req-ae7cea3a-557d-4387-a927-1fc2ab605ee0 576219312f1348088235b6a0451a14cf 5abcba19dad04eeaa8e1b92b7eeecef4 - - ce86364c47f24636a96d3754c3c1c549 ce86364c47f24636a96d3754c3c1c549] 10.0.0.190 "DELETE /resource_providers/1cb60544-c81e-432e-8f2f-35ff033a8f5b" status: 404 len: 246 microversion: 1.1 [pid: 8|app: 0|req: 610/1216] 10.0.0.190 () {34 vars in 816 bytes} [Sat Jul 25 05:45:01 2026] DELETE /resource_providers/1cb60544-c81e-432e-8f2f-35ff033a8f5b => generated 246 bytes in 16 msecs (HTTP/1.1 404) 6 headers in 231 bytes (1 switches on core 0)
2026-07-25 05:45:01.040 7 INFO placement.requestlog [None req-0a67a821-7b6d-4286-ad2d-e70844ac51e8 576219312f1348088235b6a0451a14cf 5abcba19dad04eeaa8e1b92b7eeecef4 - - ce86364c47f24636a96d3754c3c1c549 ce86364c47f24636a96d3754c3c1c549] 10.0.0.190 "DELETE /resource_providers/2439d574-9bdb-44ff-bc44-6f4a2cea0e79" status: 404 len: 246 microversion: 1.1 [pid: 7|app: 0|req: 607/1217] 10.0.0.190 () {34 vars in 816 bytes} [Sat Jul 25 05:45:01 2026] DELETE /resource_providers/2439d574-9bdb-44ff-bc44-6f4a2cea0e79 => generated 246 bytes in 10 msecs (HTTP/1.1 404) 6 headers in 231 bytes (1 switches on core 0)
2026-07-25 05:45:01.054 8 INFO placement.requestlog [None req-da478dd6-b15a-4d86-ba5f-0c03f6f86622 576219312f1348088235b6a0451a14cf 5abcba19dad04eeaa8e1b92b7eeecef4 - - ce86364c47f24636a96d3754c3c1c549 ce86364c47f24636a96d3754c3c1c549] 10.0.0.190 "GET /resource_providers/2439d574-9bdb-44ff-bc44-6f4a2cea0e79/aggregates" status: 404 len: 235 microversion: 1.1 [pid: 8|app: 0|req: 611/1218] 10.0.0.190 () {32 vars in 816 bytes} [Sat Jul 25 05:45:01 2026] GET /resource_providers/2439d574-9bdb-44ff-bc44-6f4a2cea0e79/aggregates => generated 235 bytes in 11 msecs (HTTP/1.1 404) 5 headers in 202 bytes (1 switches on core 0)
2026-07-25 05:45:01.070 7 INFO placement.requestlog [None req-7e09ec98-597d-41bd-81bd-a8e8c5726ede 576219312f1348088235b6a0451a14cf 5abcba19dad04eeaa8e1b92b7eeecef4 - - ce86364c47f24636a96d3754c3c1c549 ce86364c47f24636a96d3754c3c1c549] 10.0.0.190 "DELETE /resource_providers/2439d574-9bdb-44ff-bc44-6f4a2cea0e79" status: 404 len: 246 microversion: 1.1 [pid: 7|app: 0|req: 608/1219] 10.0.0.190 () {34 vars in 816 bytes} [Sat Jul 25 05:45:01 2026] DELETE /resource_providers/2439d574-9bdb-44ff-bc44-6f4a2cea0e79 => generated 246 bytes in 6 msecs (HTTP/1.1 404) 6 headers in 231 bytes (1 switches on core 0)
2026-07-25 05:45:01.128 8 INFO placement.requestlog [None req-69bfe351-24a7-4b92-8404-db11f8907e35 576219312f1348088235b6a0451a14cf 5abcba19dad04eeaa8e1b92b7eeecef4 - - ce86364c47f24636a96d3754c3c1c549 ce86364c47f24636a96d3754c3c1c549] 10.0.0.190 "GET /resource_providers/abf218c2-d2e8-4c87-8e0b-5e80b982f123/aggregates" status: 404 len: 235 microversion: 1.1 [pid: 8|app: 0|req: 612/1220] 10.0.0.190 () {32 vars in 816 bytes} [Sat Jul 25 05:45:01 2026] GET /resource_providers/abf218c2-d2e8-4c87-8e0b-5e80b982f123/aggregates => generated 235 bytes in 26 msecs (HTTP/1.1 404) 5 headers in 202 bytes (1 switches on core 0)
2026-07-25 05:45:01.136 7 INFO placement.requestlog [None req-8c90e0bb-5233-4cac-84d0-58a983d8949f 576219312f1348088235b6a0451a14cf 5abcba19dad04eeaa8e1b92b7eeecef4 - - ce86364c47f24636a96d3754c3c1c549 ce86364c47f24636a96d3754c3c1c549] 10.0.0.190 "GET /resource_providers/abf218c2-d2e8-4c87-8e0b-5e80b982f123/aggregates" status: 404 len: 235 microversion: 1.1 [pid: 7|app: 0|req: 609/1221] 10.0.0.190 () {32 vars in 816 bytes} [Sat Jul 25 05:45:01 2026] GET /resource_providers/abf218c2-d2e8-4c87-8e0b-5e80b982f123/aggregates => generated 235 bytes in 16 msecs (HTTP/1.1 404) 5 headers in 202 bytes (1 switches on core 0)
2026-07-25 05:45:01.165 8 INFO placement.requestlog [None req-35148748-2efd-448c-81ee-27cc59a03090 576219312f1348088235b6a0451a14cf 5abcba19dad04eeaa8e1b92b7eeecef4 - - ce86364c47f24636a96d3754c3c1c549 ce86364c47f24636a96d3754c3c1c549] 10.0.0.190 "DELETE /resource_providers/abf218c2-d2e8-4c87-8e0b-5e80b982f123" status: 404 len: 246 microversion: 1.1
2026-07-25 05:45:01.166 7 INFO placement.requestlog [None req-fdb7f254-0cb5-4154-9624-c89d28985d06 576219312f1348088235b6a0451a14cf 5abcba19dad04eeaa8e1b92b7eeecef4 - - ce86364c47f24636a96d3754c3c1c549 ce86364c47f24636a96d3754c3c1c549] 10.0.0.190 "DELETE /resource_providers/abf218c2-d2e8-4c87-8e0b-5e80b982f123" status: 404 len: 246 microversion: 1.1 [pid: 8|app: 0|req: 613/1222] 10.0.0.190 () {34 vars in 816 bytes} [Sat Jul 25 05:45:01 2026] DELETE /resource_providers/abf218c2-d2e8-4c87-8e0b-5e80b982f123 => generated 246 bytes in 19 msecs (HTTP/1.1 404) 6 headers in 231 bytes (1 switches on core 0) [pid: 7|app: 0|req: 610/1223] 10.0.0.190 () {34 vars in 816 bytes} [Sat Jul 25 05:45:01 2026] DELETE /resource_providers/abf218c2-d2e8-4c87-8e0b-5e80b982f123 => generated 246 bytes in 13 msecs (HTTP/1.1 404) 6 headers in 231 bytes (1 switches on core 0)
2026-07-25 05:45:01.198 7 INFO placement.requestlog [None req-38eea540-3f72-4fd8-b709-4b2076d56984 576219312f1348088235b6a0451a14cf 5abcba19dad04eeaa8e1b92b7eeecef4 - - ce86364c47f24636a96d3754c3c1c549 ce86364c47f24636a96d3754c3c1c549] 10.0.0.190 "GET /resource_providers/f323c772-370a-4e62-bc8a-457133880633/aggregates" status: 404 len: 235 microversion: 1.1 [pid: 7|app: 0|req: 611/1224] 10.0.0.190 () {32 vars in 816 bytes} [Sat Jul 25 05:45:01 2026] GET /resource_providers/f323c772-370a-4e62-bc8a-457133880633/aggregates => generated 235 bytes in 12 msecs (HTTP/1.1 404) 5 headers in 202 bytes (1 switches on core 0)
2026-07-25 05:45:01.200 8 INFO placement.requestlog [None req-883ace0f-6047-4b8a-bb2d-6a4e5b5a822e 576219312f1348088235b6a0451a14cf 5abcba19dad04eeaa8e1b92b7eeecef4 - - ce86364c47f24636a96d3754c3c1c549 ce86364c47f24636a96d3754c3c1c549] 10.0.0.190 "GET /resource_providers/f323c772-370a-4e62-bc8a-457133880633/aggregates" status: 404 len: 235 microversion: 1.1 [pid: 8|app: 0|req: 614/1225] 10.0.0.190 () {32 vars in 816 bytes} [Sat Jul 25 05:45:01 2026] GET /resource_providers/f323c772-370a-4e62-bc8a-457133880633/aggregates => generated 235 bytes in 17 msecs (HTTP/1.1 404) 5 headers in 202 bytes (1 switches on core 0)
2026-07-25 05:45:01.225 7 INFO placement.requestlog [None req-1cfd2694-7be3-4eb5-bdf8-dcbc525d0afc 576219312f1348088235b6a0451a14cf 5abcba19dad04eeaa8e1b92b7eeecef4 - - ce86364c47f24636a96d3754c3c1c549 ce86364c47f24636a96d3754c3c1c549] 10.0.0.190 "DELETE /resource_providers/f323c772-370a-4e62-bc8a-457133880633" status: 404 len: 246 microversion: 1.1 [pid: 7|app: 0|req: 612/1226] 10.0.0.190 () {34 vars in 816 bytes} [Sat Jul 25 05:45:01 2026] DELETE /resource_providers/f323c772-370a-4e62-bc8a-457133880633 => generated 246 bytes in 14 msecs (HTTP/1.1 404) 6 headers in 231 bytes (1 switches on core 0)
2026-07-25 05:45:01.229 8 INFO placement.requestlog [None req-0d3ac8bb-8709-4822-9dac-fc4765860314 576219312f1348088235b6a0451a14cf 5abcba19dad04eeaa8e1b92b7eeecef4 - - ce86364c47f24636a96d3754c3c1c549 ce86364c47f24636a96d3754c3c1c549] 10.0.0.190 "DELETE /resource_providers/f323c772-370a-4e62-bc8a-457133880633" status: 404 len: 246 microversion: 1.1 [pid: 8|app: 0|req: 615/1227] 10.0.0.190 () {34 vars in 816 bytes} [Sat Jul 25 05:45:01 2026] DELETE /resource_providers/f323c772-370a-4e62-bc8a-457133880633 => generated 246 bytes in 16 msecs (HTTP/1.1 404) 6 headers in 231 bytes (1 switches on core 0)
2026-07-25 05:45:01.272 7 INFO placement.requestlog [None req-b4235668-d2f9-4b21-9c29-f0b5ffaa5df7 576219312f1348088235b6a0451a14cf 5abcba19dad04eeaa8e1b92b7eeecef4 - - ce86364c47f24636a96d3754c3c1c549 ce86364c47f24636a96d3754c3c1c549] 10.0.0.190 "GET /resource_providers/dd077f8c-f105-4959-b75a-3bff543d56a0/aggregates" status: 404 len: 235 microversion: 1.1 [pid: 7|app: 0|req: 613/1228] 10.0.0.190 () {32 vars in 816 bytes} [Sat Jul 25 05:45:01 2026] GET /resource_providers/dd077f8c-f105-4959-b75a-3bff543d56a0/aggregates => generated 235 bytes in 16 msecs (HTTP/1.1 404) 5 headers in 202 bytes (1 switches on core 0)
2026-07-25 05:45:01.274 8 INFO placement.requestlog [None req-c9cc742b-e23c-416b-9e82-e9c1ab1e4e50 576219312f1348088235b6a0451a14cf 5abcba19dad04eeaa8e1b92b7eeecef4 - - ce86364c47f24636a96d3754c3c1c549 ce86364c47f24636a96d3754c3c1c549] 10.0.0.190 "GET /resource_providers/dd077f8c-f105-4959-b75a-3bff543d56a0/aggregates" status: 404 len: 235 microversion: 1.1 [pid: 8|app: 0|req: 616/1229] 10.0.0.190 () {32 vars in 816 bytes} [Sat Jul 25 05:45:01 2026] GET /resource_providers/dd077f8c-f105-4959-b75a-3bff543d56a0/aggregates => generated 235 bytes in 16 msecs (HTTP/1.1 404) 5 headers in 202 bytes (1 switches on core 0)
2026-07-25 05:45:01.295 7 INFO placement.requestlog [None req-39157f03-fc57-4f09-b035-4cb16c824046 576219312f1348088235b6a0451a14cf 5abcba19dad04eeaa8e1b92b7eeecef4 - - ce86364c47f24636a96d3754c3c1c549 ce86364c47f24636a96d3754c3c1c549] 10.0.0.190 "DELETE /resource_providers/dd077f8c-f105-4959-b75a-3bff543d56a0" status: 404 len: 246 microversion: 1.1 [pid: 7|app: 0|req: 614/1230] 10.0.0.190 () {34 vars in 816 bytes} [Sat Jul 25 05:45:01 2026] DELETE /resource_providers/dd077f8c-f105-4959-b75a-3bff543d56a0 => generated 246 bytes in 11 msecs (HTTP/1.1 404) 6 headers in 231 bytes (1 switches on core 0)
2026-07-25 05:45:01.306 8 INFO placement.requestlog [None req-70750a7f-a180-429a-bb3a-85a7d6d1131b 576219312f1348088235b6a0451a14cf 5abcba19dad04eeaa8e1b92b7eeecef4 - - ce86364c47f24636a96d3754c3c1c549 ce86364c47f24636a96d3754c3c1c549] 10.0.0.190 "DELETE /resource_providers/dd077f8c-f105-4959-b75a-3bff543d56a0" status: 404 len: 246 microversion: 1.1 [pid: 8|app: 0|req: 617/1231] 10.0.0.190 () {34 vars in 816 bytes} [Sat Jul 25 05:45:01 2026] DELETE /resource_providers/dd077f8c-f105-4959-b75a-3bff543d56a0 => generated 246 bytes in 19 msecs (HTTP/1.1 404) 6 headers in 231 bytes (1 switches on core 0)
2026-07-25 05:45:09.569 8 INFO placement.requestlog [None req-be80db4c-2d28-423b-a108-824420f817c0 - - - - - -] 10.0.0.32 "GET /" status: 200 len: 136 microversion: 1.0
2026-07-25 05:45:09.572 7 INFO placement.requestlog [None req-3a78d9e6-5f75-4434-85bf-a9d6a6b8267e - - - - - -] 10.0.0.32 "GET /" status: 200 len: 136 microversion: 1.0
2026-07-25 05:45:19.302 8 INFO placement.requestlog [None req-1497c694-4337-48d9-94dd-0b23762bf6c9 576219312f1348088235b6a0451a14cf 5abcba19dad04eeaa8e1b92b7eeecef4 - - ce86364c47f24636a96d3754c3c1c549 ce86364c47f24636a96d3754c3c1c549] 10.0.0.190 "GET /resource_providers/fc17b5c9-dc68-4515-b3cf-61cbf8964f6a/aggregates" status: 404 len: 235 microversion: 1.1 [pid: 8|app: 0|req: 619/1234] 10.0.0.190 () {32 vars in 816 bytes} [Sat Jul 25 05:45:19 2026] GET /resource_providers/fc17b5c9-dc68-4515-b3cf-61cbf8964f6a/aggregates => generated 235 bytes in 12 msecs (HTTP/1.1 404) 5 headers in 202 bytes (1 switches on core 0)
2026-07-25 05:45:19.305 7 INFO placement.requestlog [None req-f5ebd50f-c156-4029-953e-3aeffe6096e5 576219312f1348088235b6a0451a14cf 5abcba19dad04eeaa8e1b92b7eeecef4 - - ce86364c47f24636a96d3754c3c1c549 ce86364c47f24636a96d3754c3c1c549] 10.0.0.190 "GET /resource_providers/fc17b5c9-dc68-4515-b3cf-61cbf8964f6a/aggregates" status: 404 len: 235 microversion: 1.1 [pid: 7|app: 0|req: 616/1235] 10.0.0.190 () {32 vars in 816 bytes} [Sat Jul 25 05:45:19 2026] GET /resource_providers/fc17b5c9-dc68-4515-b3cf-61cbf8964f6a/aggregates => generated 235 bytes in 9 msecs (HTTP/1.1 404) 5 headers in 202 bytes (1 switches on core 0)
2026-07-25 05:45:19.329 8 INFO placement.requestlog [None req-2b768c96-3fb2-4498-bfb4-5b8ffc9067ea 576219312f1348088235b6a0451a14cf 5abcba19dad04eeaa8e1b92b7eeecef4 - - ce86364c47f24636a96d3754c3c1c549 ce86364c47f24636a96d3754c3c1c549] 10.0.0.190 "DELETE /resource_providers/fc17b5c9-dc68-4515-b3cf-61cbf8964f6a" status: 404 len: 246 microversion: 1.1 [pid: 8|app: 0|req: 620/1236] 10.0.0.190 () {34 vars in 816 bytes} [Sat Jul 25 05:45:19 2026] DELETE /resource_providers/fc17b5c9-dc68-4515-b3cf-61cbf8964f6a => generated 246 bytes in 9 msecs (HTTP/1.1 404) 6 headers in 231 bytes (1 switches on core 0)
2026-07-25 05:45:19.329 7 INFO placement.requestlog [None req-4b79d7b8-7966-4f67-8f70-348c505395f7 576219312f1348088235b6a0451a14cf 5abcba19dad04eeaa8e1b92b7eeecef4 - - ce86364c47f24636a96d3754c3c1c549 ce86364c47f24636a96d3754c3c1c549] 10.0.0.190 "DELETE /resource_providers/fc17b5c9-dc68-4515-b3cf-61cbf8964f6a" status: 404 len: 246 microversion: 1.1 [pid: 7|app: 0|req: 617/1237] 10.0.0.190 () {34 vars in 816 bytes} [Sat Jul 25 05:45:19 2026] DELETE /resource_providers/fc17b5c9-dc68-4515-b3cf-61cbf8964f6a => generated 246 bytes in 8 msecs (HTTP/1.1 404) 6 headers in 231 bytes (1 switches on core 0)
2026-07-25 05:45:19.569 8 INFO placement.requestlog [None req-7625d760-11f7-4d6c-8712-d22f75542e7b - - - - - -] 10.0.0.32 "GET /" status: 200 len: 136 microversion: 1.0
2026-07-25 05:45:19.570 7 INFO placement.requestlog [None req-440ee6ed-3460-4d9e-bcfa-c4c4926a6976 - - - - - -] 10.0.0.32 "GET /" status: 200 len: 136 microversion: 1.0
2026-07-25 05:45:21.352 7 INFO placement.requestlog [None req-c750762f-aff0-45ef-937c-9f65b1fa3c5b 576219312f1348088235b6a0451a14cf 5abcba19dad04eeaa8e1b92b7eeecef4 - - ce86364c47f24636a96d3754c3c1c549 ce86364c47f24636a96d3754c3c1c549] 10.0.0.190 "GET /resource_providers/7c00b89c-6715-4760-bf62-192cb86cc9ed/aggregates" status: 404 len: 235 microversion: 1.1 [pid: 7|app: 0|req: 619/1240] 10.0.0.190 () {32 vars in 816 bytes} [Sat Jul 25 05:45:21 2026] GET /resource_providers/7c00b89c-6715-4760-bf62-192cb86cc9ed/aggregates => generated 235 bytes in 6 msecs (HTTP/1.1 404) 5 headers in 202 bytes (1 switches on core 0)
2026-07-25 05:45:21.353 8 INFO placement.requestlog [None req-3de374b3-8c51-4b9f-a3ac-d1f8d600d1ad 576219312f1348088235b6a0451a14cf 5abcba19dad04eeaa8e1b92b7eeecef4 - - ce86364c47f24636a96d3754c3c1c549 ce86364c47f24636a96d3754c3c1c549] 10.0.0.190 "GET /resource_providers/7c00b89c-6715-4760-bf62-192cb86cc9ed/aggregates" status: 404 len: 235 microversion: 1.1 [pid: 8|app: 0|req: 622/1241] 10.0.0.190 () {32 vars in 816 bytes} [Sat Jul 25 05:45:21 2026] GET /resource_providers/7c00b89c-6715-4760-bf62-192cb86cc9ed/aggregates => generated 235 bytes in 8 msecs (HTTP/1.1 404) 5 headers in 202 bytes (1 switches on core 0)
2026-07-25 05:45:21.369 7 INFO placement.requestlog [None req-ccc696b1-1dfe-41b8-affc-b62f5a84c6d2 576219312f1348088235b6a0451a14cf 5abcba19dad04eeaa8e1b92b7eeecef4 - - ce86364c47f24636a96d3754c3c1c549 ce86364c47f24636a96d3754c3c1c549] 10.0.0.190 "DELETE /resource_providers/7c00b89c-6715-4760-bf62-192cb86cc9ed" status: 404 len: 246 microversion: 1.1 [pid: 7|app: 0|req: 620/1242] 10.0.0.190 () {34 vars in 816 bytes} [Sat Jul 25 05:45:21 2026] DELETE /resource_providers/7c00b89c-6715-4760-bf62-192cb86cc9ed => generated 246 bytes in 6 msecs (HTTP/1.1 404) 6 headers in 231 bytes (1 switches on core 0)
2026-07-25 05:45:21.378 8 INFO placement.requestlog [None req-2d422755-c80e-45e9-828d-54b1c62f374e 576219312f1348088235b6a0451a14cf 5abcba19dad04eeaa8e1b92b7eeecef4 - - ce86364c47f24636a96d3754c3c1c549 ce86364c47f24636a96d3754c3c1c549] 10.0.0.190 "DELETE /resource_providers/7c00b89c-6715-4760-bf62-192cb86cc9ed" status: 404 len: 246 microversion: 1.1 [pid: 8|app: 0|req: 623/1243] 10.0.0.190 () {34 vars in 816 bytes} [Sat Jul 25 05:45:21 2026] DELETE /resource_providers/7c00b89c-6715-4760-bf62-192cb86cc9ed => generated 246 bytes in 12 msecs (HTTP/1.1 404) 6 headers in 231 bytes (1 switches on core 0)
2026-07-25 05:45:27.387 8 INFO placement.requestlog [None req-108ce4c5-c063-4864-8345-4f254ea263dd 576219312f1348088235b6a0451a14cf 5abcba19dad04eeaa8e1b92b7eeecef4 - - ce86364c47f24636a96d3754c3c1c549 ce86364c47f24636a96d3754c3c1c549] 10.0.0.190 "GET /resource_providers/a23751a7-b7af-4534-8b4d-c47edfb32dc2/aggregates" status: 404 len: 235 microversion: 1.1 [pid: 8|app: 0|req: 624/1244] 10.0.0.190 () {32 vars in 816 bytes} [Sat Jul 25 05:45:27 2026] GET /resource_providers/a23751a7-b7af-4534-8b4d-c47edfb32dc2/aggregates => generated 235 bytes in 154 msecs (HTTP/1.1 404) 5 headers in 202 bytes (1 switches on core 0)
2026-07-25 05:45:27.390 7 INFO placement.requestlog [None req-2bb56da2-f880-4600-815c-47458d95c6a6 576219312f1348088235b6a0451a14cf 5abcba19dad04eeaa8e1b92b7eeecef4 - - ce86364c47f24636a96d3754c3c1c549 ce86364c47f24636a96d3754c3c1c549] 10.0.0.190 "GET /resource_providers/a23751a7-b7af-4534-8b4d-c47edfb32dc2/aggregates" status: 404 len: 235 microversion: 1.1 [pid: 7|app: 0|req: 621/1245] 10.0.0.190 () {32 vars in 816 bytes} [Sat Jul 25 05:45:27 2026] GET /resource_providers/a23751a7-b7af-4534-8b4d-c47edfb32dc2/aggregates => generated 235 bytes in 165 msecs (HTTP/1.1 404) 5 headers in 202 bytes (1 switches on core 0)
2026-07-25 05:45:27.406 8 INFO placement.requestlog [None req-fb2425c3-e9bb-4184-9ffb-d9871d229684 576219312f1348088235b6a0451a14cf 5abcba19dad04eeaa8e1b92b7eeecef4 - - ce86364c47f24636a96d3754c3c1c549 ce86364c47f24636a96d3754c3c1c549] 10.0.0.190 "DELETE /resource_providers/a23751a7-b7af-4534-8b4d-c47edfb32dc2" status: 404 len: 246 microversion: 1.1 [pid: 8|app: 0|req: 625/1246] 10.0.0.190 () {34 vars in 816 bytes} [Sat Jul 25 05:45:27 2026] DELETE /resource_providers/a23751a7-b7af-4534-8b4d-c47edfb32dc2 => generated 246 bytes in 8 msecs (HTTP/1.1 404) 6 headers in 231 bytes (1 switches on core 0)
2026-07-25 05:45:27.417 7 INFO placement.requestlog [None req-32faac71-a66d-429a-8e8c-37d05388a4b4 576219312f1348088235b6a0451a14cf 5abcba19dad04eeaa8e1b92b7eeecef4 - - ce86364c47f24636a96d3754c3c1c549 ce86364c47f24636a96d3754c3c1c549] 10.0.0.190 "DELETE /resource_providers/a23751a7-b7af-4534-8b4d-c47edfb32dc2" status: 404 len: 246 microversion: 1.1 [pid: 7|app: 0|req: 622/1247] 10.0.0.190 () {34 vars in 816 bytes} [Sat Jul 25 05:45:27 2026] DELETE /resource_providers/a23751a7-b7af-4534-8b4d-c47edfb32dc2 => generated 246 bytes in 14 msecs (HTTP/1.1 404) 6 headers in 231 bytes (1 switches on core 0)
2026-07-25 05:45:29.569 7 INFO placement.requestlog [None req-3761b659-8f8d-4d20-a43a-80f1bc9624be - - - - - -] 10.0.0.32 "GET /" status: 200 len: 136 microversion: 1.0
2026-07-25 05:45:29.569 8 INFO placement.requestlog [None req-fd79003f-3497-4b11-aaa2-f1939af3f27f - - - - - -] 10.0.0.32 "GET /" status: 200 len: 136 microversion: 1.0
2026-07-25 05:45:34.134 8 INFO placement.requestlog [None req-2e5af815-8823-4cc7-969c-0b5328d31478 576219312f1348088235b6a0451a14cf 5abcba19dad04eeaa8e1b92b7eeecef4 - - ce86364c47f24636a96d3754c3c1c549 ce86364c47f24636a96d3754c3c1c549] 10.0.0.190 "GET /resource_providers/8964e4df-d089-4445-8861-3fdc8d686199/aggregates" status: 404 len: 235 microversion: 1.1 [pid: 8|app: 0|req: 627/1250] 10.0.0.190 () {32 vars in 816 bytes} [Sat Jul 25 05:45:33 2026] GET /resource_providers/8964e4df-d089-4445-8861-3fdc8d686199/aggregates => generated 235 bytes in 151 msecs (HTTP/1.1 404) 5 headers in 202 bytes (1 switches on core 0)
2026-07-25 05:45:34.156 8 INFO placement.requestlog [None req-1590c643-713b-4041-8509-0510b44d59c5 576219312f1348088235b6a0451a14cf 5abcba19dad04eeaa8e1b92b7eeecef4 - - ce86364c47f24636a96d3754c3c1c549 ce86364c47f24636a96d3754c3c1c549] 10.0.0.190 "DELETE /resource_providers/8964e4df-d089-4445-8861-3fdc8d686199" status: 404 len: 246 microversion: 1.1 [pid: 8|app: 0|req: 628/1251] 10.0.0.190 () {34 vars in 816 bytes} [Sat Jul 25 05:45:34 2026] DELETE /resource_providers/8964e4df-d089-4445-8861-3fdc8d686199 => generated 246 bytes in 9 msecs (HTTP/1.1 404) 6 headers in 231 bytes (1 switches on core 0)
2026-07-25 05:45:34.178 7 INFO placement.requestlog [None req-29de9753-83d2-4ead-92bc-a1fd5bcc1d81 576219312f1348088235b6a0451a14cf 5abcba19dad04eeaa8e1b92b7eeecef4 - - ce86364c47f24636a96d3754c3c1c549 ce86364c47f24636a96d3754c3c1c549] 10.0.0.190 "GET /resource_providers/8964e4df-d089-4445-8861-3fdc8d686199/aggregates" status: 404 len: 235 microversion: 1.1 [pid: 7|app: 0|req: 624/1252] 10.0.0.190 () {32 vars in 816 bytes} [Sat Jul 25 05:45:33 2026] GET /resource_providers/8964e4df-d089-4445-8861-3fdc8d686199/aggregates => generated 235 bytes in 201 msecs (HTTP/1.1 404) 5 headers in 202 bytes (1 switches on core 0)
2026-07-25 05:45:34.197 8 INFO placement.requestlog [None req-58f7cceb-36de-4da2-b594-c70eca7ec7a1 576219312f1348088235b6a0451a14cf 5abcba19dad04eeaa8e1b92b7eeecef4 - - ce86364c47f24636a96d3754c3c1c549 ce86364c47f24636a96d3754c3c1c549] 10.0.0.190 "DELETE /resource_providers/8964e4df-d089-4445-8861-3fdc8d686199" status: 404 len: 246 microversion: 1.1 [pid: 8|app: 0|req: 629/1253] 10.0.0.190 () {34 vars in 816 bytes} [Sat Jul 25 05:45:34 2026] DELETE /resource_providers/8964e4df-d089-4445-8861-3fdc8d686199 => generated 246 bytes in 11 msecs (HTTP/1.1 404) 6 headers in 231 bytes (1 switches on core 0)
2026-07-25 05:45:39.229 7 INFO placement.requestlog [req-7275bf8e-037d-444d-8614-2f5f43adcc99 req-28cf17d8-8e73-41e8-8235-92365febb7d3 7f1c5107fee443298fb8429795cdc5d8 5abcba19dad04eeaa8e1b92b7eeecef4 - - ce86364c47f24636a96d3754c3c1c549 ce86364c47f24636a96d3754c3c1c549] 199.204.45.23 "GET /resource_providers/50ec4efc-9aea-4119-b99c-9f4c642045ad/allocations" status: 200 len: 340 microversion: 1.0 [pid: 7|app: 0|req: 625/1254] 199.204.45.23 () {32 vars in 856 bytes} [Sat Jul 25 05:45:39 2026] GET /resource_providers/50ec4efc-9aea-4119-b99c-9f4c642045ad/allocations => generated 340 bytes in 23 msecs (HTTP/1.1 200) 6 headers in 224 bytes (1 switches on core 0)
2026-07-25 05:45:39.252 8 INFO placement.requestlog [req-7275bf8e-037d-444d-8614-2f5f43adcc99 req-98564480-071a-4f41-8dc0-15f58b1aaab2 7f1c5107fee443298fb8429795cdc5d8 5abcba19dad04eeaa8e1b92b7eeecef4 - - ce86364c47f24636a96d3754c3c1c549 ce86364c47f24636a96d3754c3c1c549] 199.204.45.23 "GET /resource_providers/50ec4efc-9aea-4119-b99c-9f4c642045ad/allocations" status: 200 len: 340 microversion: 1.0 [pid: 8|app: 0|req: 630/1255] 199.204.45.23 () {32 vars in 856 bytes} [Sat Jul 25 05:45:39 2026] GET /resource_providers/50ec4efc-9aea-4119-b99c-9f4c642045ad/allocations => generated 340 bytes in 16 msecs (HTTP/1.1 200) 6 headers in 224 bytes (1 switches on core 0)
2026-07-25 05:45:39.275 7 INFO placement.requestlog [req-7275bf8e-037d-444d-8614-2f5f43adcc99 req-e8b84574-6332-4138-87c3-dff2f7abb8bc 7f1c5107fee443298fb8429795cdc5d8 5abcba19dad04eeaa8e1b92b7eeecef4 - - ce86364c47f24636a96d3754c3c1c549 ce86364c47f24636a96d3754c3c1c549] 199.204.45.23 "GET /allocations/3045ab77-1723-4fa4-b7c9-05d101600987" status: 200 len: 258 microversion: 1.28 [pid: 7|app: 0|req: 626/1256] 199.204.45.23 () {34 vars in 862 bytes} [Sat Jul 25 05:45:39 2026] GET /allocations/3045ab77-1723-4fa4-b7c9-05d101600987 => generated 258 bytes in 17 msecs (HTTP/1.1 200) 8 headers in 296 bytes (1 switches on core 0)
2026-07-25 05:45:39.294 8 INFO placement.requestlog [req-7275bf8e-037d-444d-8614-2f5f43adcc99 req-5c357aa4-a8fb-49d2-84d5-8d3482f3e7eb 7f1c5107fee443298fb8429795cdc5d8 5abcba19dad04eeaa8e1b92b7eeecef4 - - ce86364c47f24636a96d3754c3c1c549 ce86364c47f24636a96d3754c3c1c549] 199.204.45.23 "GET /allocations/38bfe7d5-ae47-4800-a883-4e83ff55dd74" status: 200 len: 258 microversion: 1.28 [pid: 8|app: 0|req: 631/1257] 199.204.45.23 () {34 vars in 862 bytes} [Sat Jul 25 05:45:39 2026] GET /allocations/38bfe7d5-ae47-4800-a883-4e83ff55dd74 => generated 258 bytes in 12 msecs (HTTP/1.1 200) 8 headers in 296 bytes (1 switches on core 0)
2026-07-25 05:45:39.317 7 INFO placement.requestlog [req-7275bf8e-037d-444d-8614-2f5f43adcc99 req-f4acaa98-c187-498b-bf4a-e9cf64977e98 7f1c5107fee443298fb8429795cdc5d8 5abcba19dad04eeaa8e1b92b7eeecef4 - - ce86364c47f24636a96d3754c3c1c549 ce86364c47f24636a96d3754c3c1c549] 199.204.45.23 "GET /allocations/a1522c5c-3c06-4c58-b04d-2240251e7ed0" status: 200 len: 245 microversion: 1.28 [pid: 7|app: 0|req: 627/1258] 199.204.45.23 () {34 vars in 862 bytes} [Sat Jul 25 05:45:39 2026] GET /allocations/a1522c5c-3c06-4c58-b04d-2240251e7ed0 => generated 245 bytes in 17 msecs (HTTP/1.1 200) 8 headers in 296 bytes (1 switches on core 0)
2026-07-25 05:45:39.569 8 INFO placement.requestlog [None req-bb430472-ae44-45c7-a4b5-e78635a77a04 - - - - - -] 10.0.0.32 "GET /" status: 200 len: 136 microversion: 1.0
2026-07-25 05:45:39.570 7 INFO placement.requestlog [None req-12ddfeef-42e6-4562-900d-ee3254284197 - - - - - -] 10.0.0.32 "GET /" status: 200 len: 136 microversion: 1.0
2026-07-25 05:45:49.569 7 INFO placement.requestlog [None req-f7c15eae-96a8-4f22-8500-8ab485404467 - - - - - -] 10.0.0.32 "GET /" status: 200 len: 136 microversion: 1.0
2026-07-25 05:45:49.569 8 INFO placement.requestlog [None req-b6254c19-35a8-49dd-a136-c6e3d9c247f4 - - - - - -] 10.0.0.32 "GET /" status: 200 len: 136 microversion: 1.0
2026-07-25 05:45:59.569 7 INFO placement.requestlog [None req-a822f140-3912-4b9d-85da-c2b6fa8ede59 - - - - - -] 10.0.0.32 "GET /" status: 200 len: 136 microversion: 1.0
2026-07-25 05:45:59.569 8 INFO placement.requestlog [None req-06221864-65ab-4a77-8b6f-b07f91347035 - - - - - -] 10.0.0.32 "GET /" status: 200 len: 136 microversion: 1.0
2026-07-25 05:46:09.568 7 INFO placement.requestlog [None req-36a3603a-2f8b-4f0b-bcac-59f833362d98 - - - - - -] 10.0.0.32 "GET /" status: 200 len: 136 microversion: 1.0
2026-07-25 05:46:09.569 8 INFO placement.requestlog [None req-ffd11838-00d9-4154-a7bd-f7c476732839 - - - - - -] 10.0.0.32 "GET /" status: 200 len: 136 microversion: 1.0
2026-07-25 05:46:19.568 7 INFO placement.requestlog [None req-bd426405-7cf6-4c9b-b052-0bf464f267e6 - - - - - -] 10.0.0.32 "GET /" status: 200 len: 136 microversion: 1.0
2026-07-25 05:46:19.569 8 INFO placement.requestlog [None req-1d903016-978d-43b8-9035-01e7c8e6a8d8 - - - - - -] 10.0.0.32 "GET /" status: 200 len: 136 microversion: 1.0
2026-07-25 05:46:29.568 8 INFO placement.requestlog [None req-db48bab9-e10b-4dd5-ae44-f0064d69cd09 - - - - - -] 10.0.0.32 "GET /" status: 200 len: 136 microversion: 1.0
2026-07-25 05:46:29.569 7 INFO placement.requestlog [None req-9a9e2024-1adf-41b1-ab4b-27d7413ed9a1 - - - - - -] 10.0.0.32 "GET /" status: 200 len: 136 microversion: 1.0
2026-07-25 05:46:39.277 8 INFO placement.requestlog [req-9e386da1-6727-40a8-a972-31a0d35a3f6a req-16ef1d10-b238-483a-a5f5-332aa8fc4de3 7f1c5107fee443298fb8429795cdc5d8 5abcba19dad04eeaa8e1b92b7eeecef4 - - ce86364c47f24636a96d3754c3c1c549 ce86364c47f24636a96d3754c3c1c549] 199.204.45.23 "GET /resource_providers/50ec4efc-9aea-4119-b99c-9f4c642045ad/allocations" status: 200 len: 340 microversion: 1.0 [pid: 8|app: 0|req: 638/1271] 199.204.45.23 () {32 vars in 856 bytes} [Sat Jul 25 05:46:39 2026] GET /resource_providers/50ec4efc-9aea-4119-b99c-9f4c642045ad/allocations => generated 340 bytes in 18 msecs (HTTP/1.1 200) 6 headers in 224 bytes (1 switches on core 0)
2026-07-25 05:46:39.300 7 INFO placement.requestlog [req-9e386da1-6727-40a8-a972-31a0d35a3f6a req-1f1c7a2c-787c-4ac2-9650-2a59eaa320bb 7f1c5107fee443298fb8429795cdc5d8 5abcba19dad04eeaa8e1b92b7eeecef4 - - ce86364c47f24636a96d3754c3c1c549 ce86364c47f24636a96d3754c3c1c549] 199.204.45.23 "GET /resource_providers/50ec4efc-9aea-4119-b99c-9f4c642045ad/allocations" status: 200 len: 340 microversion: 1.0 [pid: 7|app: 0|req: 634/1272] 199.204.45.23 () {32 vars in 856 bytes} [Sat Jul 25 05:46:39 2026] GET /resource_providers/50ec4efc-9aea-4119-b99c-9f4c642045ad/allocations => generated 340 bytes in 19 msecs (HTTP/1.1 200) 6 headers in 224 bytes (1 switches on core 0)
2026-07-25 05:46:39.324 8 INFO placement.requestlog [req-9e386da1-6727-40a8-a972-31a0d35a3f6a req-1eca6b27-bb57-4ec5-972a-5a27a39336f9 7f1c5107fee443298fb8429795cdc5d8 5abcba19dad04eeaa8e1b92b7eeecef4 - - ce86364c47f24636a96d3754c3c1c549 ce86364c47f24636a96d3754c3c1c549] 199.204.45.23 "GET /allocations/3045ab77-1723-4fa4-b7c9-05d101600987" status: 200 len: 258 microversion: 1.28 [pid: 8|app: 0|req: 639/1273] 199.204.45.23 () {34 vars in 862 bytes} [Sat Jul 25 05:46:39 2026] GET /allocations/3045ab77-1723-4fa4-b7c9-05d101600987 => generated 258 bytes in 19 msecs (HTTP/1.1 200) 8 headers in 296 bytes (1 switches on core 0)
2026-07-25 05:46:39.353 7 INFO placement.requestlog [req-9e386da1-6727-40a8-a972-31a0d35a3f6a req-5ff56366-03c3-489c-be47-41e45c3ffe8b 7f1c5107fee443298fb8429795cdc5d8 5abcba19dad04eeaa8e1b92b7eeecef4 - - ce86364c47f24636a96d3754c3c1c549 ce86364c47f24636a96d3754c3c1c549] 199.204.45.23 "GET /allocations/38bfe7d5-ae47-4800-a883-4e83ff55dd74" status: 200 len: 258 microversion: 1.28 [pid: 7|app: 0|req: 635/1274] 199.204.45.23 () {34 vars in 862 bytes} [Sat Jul 25 05:46:39 2026] GET /allocations/38bfe7d5-ae47-4800-a883-4e83ff55dd74 => generated 258 bytes in 25 msecs (HTTP/1.1 200) 8 headers in 296 bytes (1 switches on core 0)
2026-07-25 05:46:39.376 8 INFO placement.requestlog [req-9e386da1-6727-40a8-a972-31a0d35a3f6a req-0140a850-66df-460f-91c7-536944927726 7f1c5107fee443298fb8429795cdc5d8 5abcba19dad04eeaa8e1b92b7eeecef4 - - ce86364c47f24636a96d3754c3c1c549 ce86364c47f24636a96d3754c3c1c549] 199.204.45.23 "GET /allocations/a1522c5c-3c06-4c58-b04d-2240251e7ed0" status: 200 len: 245 microversion: 1.28 [pid: 8|app: 0|req: 640/1275] 199.204.45.23 () {34 vars in 862 bytes} [Sat Jul 25 05:46:39 2026] GET /allocations/a1522c5c-3c06-4c58-b04d-2240251e7ed0 => generated 245 bytes in 17 msecs (HTTP/1.1 200) 8 headers in 296 bytes (1 switches on core 0)
2026-07-25 05:46:39.569 7 INFO placement.requestlog [None req-931e0e2c-85d3-40a2-b479-ad2cf9344afe - - - - - -] 10.0.0.32 "GET /" status: 200 len: 136 microversion: 1.0
2026-07-25 05:46:39.569 8 INFO placement.requestlog [None req-523d65f3-7e88-4e41-b8fb-e0687edeb03c - - - - - -] 10.0.0.32 "GET /" status: 200 len: 136 microversion: 1.0
2026-07-25 05:46:49.569 7 INFO placement.requestlog [None req-16d602f5-7b70-4c81-9b28-aba0ce08b42c - - - - - -] 10.0.0.32 "GET /" status: 200 len: 136 microversion: 1.0
2026-07-25 05:46:49.569 8 INFO placement.requestlog [None req-dbc3dd4e-26f1-450b-8c35-0f271b077ada - - - - - -] 10.0.0.32 "GET /" status: 200 len: 136 microversion: 1.0
2026-07-25 05:46:59.569 7 INFO placement.requestlog [None req-7bd1219e-2ca3-4f05-a0ec-4baf55e24c3b - - - - - -] 10.0.0.32 "GET /" status: 200 len: 136 microversion: 1.0
2026-07-25 05:46:59.570 8 INFO placement.requestlog [None req-089f2419-7c68-4aa6-bc81-6173e8325332 - - - - - -] 10.0.0.32 "GET /" status: 200 len: 136 microversion: 1.0
2026-07-25 05:47:09.568 7 INFO placement.requestlog [None req-dddd8887-a564-4b3f-bfc4-5d20477fbe39 - - - - - -] 10.0.0.32 "GET /" status: 200 len: 136 microversion: 1.0
2026-07-25 05:47:09.569 8 INFO placement.requestlog [None req-f2807e7e-4c5a-447e-a59b-14d7ee19d711 - - - - - -] 10.0.0.32 "GET /" status: 200 len: 136 microversion: 1.0
2026-07-25 05:47:19.568 7 INFO placement.requestlog [None req-85c817d7-53e9-402e-b36f-72072f155f0c - - - - - -] 10.0.0.32 "GET /" status: 200 len: 136 microversion: 1.0
2026-07-25 05:47:19.568 8 INFO placement.requestlog [None req-4f5bfb05-9f5a-4173-94c2-bfdd0a46b173 - - - - - -] 10.0.0.32 "GET /" status: 200 len: 136 microversion: 1.0
2026-07-25 05:47:24.386 7 INFO placement.requestlog [req-6c55c5b1-a161-40f6-a278-fa8cf9e7dd2d req-e108aed3-cd51-4a6f-b4f9-b82760f12d0a 7f1c5107fee443298fb8429795cdc5d8 5abcba19dad04eeaa8e1b92b7eeecef4 - - ce86364c47f24636a96d3754c3c1c549 ce86364c47f24636a96d3754c3c1c549] 199.204.45.23 "GET /resource_providers/50ec4efc-9aea-4119-b99c-9f4c642045ad/allocations" status: 200 len: 340 microversion: 1.0 [pid: 7|app: 0|req: 641/1286] 199.204.45.23 () {32 vars in 856 bytes} [Sat Jul 25 05:47:24 2026] GET /resource_providers/50ec4efc-9aea-4119-b99c-9f4c642045ad/allocations => generated 340 bytes in 14 msecs (HTTP/1.1 200) 6 headers in 224 bytes (1 switches on core 0)
2026-07-25 05:47:24.405 8 INFO placement.requestlog [req-6c55c5b1-a161-40f6-a278-fa8cf9e7dd2d req-984d1286-d517-423f-b2dd-05f44fdfbe28 7f1c5107fee443298fb8429795cdc5d8 5abcba19dad04eeaa8e1b92b7eeecef4 - - ce86364c47f24636a96d3754c3c1c549 ce86364c47f24636a96d3754c3c1c549] 199.204.45.23 "GET /allocations/3045ab77-1723-4fa4-b7c9-05d101600987" status: 200 len: 258 microversion: 1.28 [pid: 8|app: 0|req: 646/1287] 199.204.45.23 () {34 vars in 862 bytes} [Sat Jul 25 05:47:24 2026] GET /allocations/3045ab77-1723-4fa4-b7c9-05d101600987 => generated 258 bytes in 12 msecs (HTTP/1.1 200) 8 headers in 296 bytes (1 switches on core 0)
2026-07-25 05:47:24.425 7 INFO placement.requestlog [req-6c55c5b1-a161-40f6-a278-fa8cf9e7dd2d req-4f5e7e1d-8b9c-44eb-8082-1d60c686c712 7f1c5107fee443298fb8429795cdc5d8 5abcba19dad04eeaa8e1b92b7eeecef4 - - ce86364c47f24636a96d3754c3c1c549 ce86364c47f24636a96d3754c3c1c549] 199.204.45.23 "GET /allocations/38bfe7d5-ae47-4800-a883-4e83ff55dd74" status: 200 len: 258 microversion: 1.28 [pid: 7|app: 0|req: 642/1288] 199.204.45.23 () {34 vars in 862 bytes} [Sat Jul 25 05:47:24 2026] GET /allocations/38bfe7d5-ae47-4800-a883-4e83ff55dd74 => generated 258 bytes in 13 msecs (HTTP/1.1 200) 8 headers in 296 bytes (1 switches on core 0)
2026-07-25 05:47:24.446 8 INFO placement.requestlog [req-6c55c5b1-a161-40f6-a278-fa8cf9e7dd2d req-dcdff29b-476b-4e4a-b6ee-70f3a703fae3 7f1c5107fee443298fb8429795cdc5d8 5abcba19dad04eeaa8e1b92b7eeecef4 - - ce86364c47f24636a96d3754c3c1c549 ce86364c47f24636a96d3754c3c1c549] 199.204.45.23 "GET /allocations/a1522c5c-3c06-4c58-b04d-2240251e7ed0" status: 200 len: 245 microversion: 1.28 [pid: 8|app: 0|req: 647/1289] 199.204.45.23 () {34 vars in 862 bytes} [Sat Jul 25 05:47:24 2026] GET /allocations/a1522c5c-3c06-4c58-b04d-2240251e7ed0 => generated 245 bytes in 14 msecs (HTTP/1.1 200) 8 headers in 296 bytes (1 switches on core 0)
2026-07-25 05:47:25.494 7 INFO placement.requestlog [req-6c55c5b1-a161-40f6-a278-fa8cf9e7dd2d req-3cc230cc-b7e3-4e38-a018-25e602966202 7f1c5107fee443298fb8429795cdc5d8 5abcba19dad04eeaa8e1b92b7eeecef4 - - ce86364c47f24636a96d3754c3c1c549 ce86364c47f24636a96d3754c3c1c549] 199.204.45.23 "DELETE /allocations/a1522c5c-3c06-4c58-b04d-2240251e7ed0" status: 204 len: 0 microversion: 1.0 [pid: 7|app: 0|req: 643/1290] 199.204.45.23 () {34 vars in 840 bytes} [Sat Jul 25 05:47:25 2026] DELETE /allocations/a1522c5c-3c06-4c58-b04d-2240251e7ed0 => generated 0 bytes in 23 msecs (HTTP/1.1 204) 5 headers in 198 bytes (1 switches on core 0)
2026-07-25 05:47:28.679 8 INFO placement.requestlog [req-d49558fb-1a2b-4dca-86c8-b17b78eed69a req-b5b455c9-d9b5-47e6-baef-42f5571ce8f9 7f1c5107fee443298fb8429795cdc5d8 5abcba19dad04eeaa8e1b92b7eeecef4 - - ce86364c47f24636a96d3754c3c1c549 ce86364c47f24636a96d3754c3c1c549] 199.204.45.23 "GET /resource_providers/50ec4efc-9aea-4119-b99c-9f4c642045ad/allocations" status: 200 len: 253 microversion: 1.0 [pid: 8|app: 0|req: 648/1291] 199.204.45.23 () {32 vars in 856 bytes} [Sat Jul 25 05:47:28 2026] GET /resource_providers/50ec4efc-9aea-4119-b99c-9f4c642045ad/allocations => generated 253 bytes in 17 msecs (HTTP/1.1 200) 6 headers in 224 bytes (1 switches on core 0)
2026-07-25 05:47:28.696 7 INFO placement.requestlog [req-d49558fb-1a2b-4dca-86c8-b17b78eed69a req-395ce164-17f3-479d-bf72-03c5c34ab962 7f1c5107fee443298fb8429795cdc5d8 5abcba19dad04eeaa8e1b92b7eeecef4 - - ce86364c47f24636a96d3754c3c1c549 ce86364c47f24636a96d3754c3c1c549] 199.204.45.23 "GET /allocations/3045ab77-1723-4fa4-b7c9-05d101600987" status: 200 len: 258 microversion: 1.28 [pid: 7|app: 0|req: 644/1292] 199.204.45.23 () {34 vars in 862 bytes} [Sat Jul 25 05:47:28 2026] GET /allocations/3045ab77-1723-4fa4-b7c9-05d101600987 => generated 258 bytes in 11 msecs (HTTP/1.1 200) 8 headers in 296 bytes (1 switches on core 0)
2026-07-25 05:47:28.713 8 INFO placement.requestlog [req-d49558fb-1a2b-4dca-86c8-b17b78eed69a req-05be8110-1d32-4c70-9336-15b067626784 7f1c5107fee443298fb8429795cdc5d8 5abcba19dad04eeaa8e1b92b7eeecef4 - - ce86364c47f24636a96d3754c3c1c549 ce86364c47f24636a96d3754c3c1c549] 199.204.45.23 "GET /allocations/38bfe7d5-ae47-4800-a883-4e83ff55dd74" status: 200 len: 258 microversion: 1.28 [pid: 8|app: 0|req: 649/1293] 199.204.45.23 () {34 vars in 862 bytes} [Sat Jul 25 05:47:28 2026] GET /allocations/38bfe7d5-ae47-4800-a883-4e83ff55dd74 => generated 258 bytes in 13 msecs (HTTP/1.1 200) 8 headers in 296 bytes (1 switches on core 0)
2026-07-25 05:47:29.569 7 INFO placement.requestlog [None req-49668984-2f6c-45eb-bc41-8732f2239184 - - - - - -] 10.0.0.32 "GET /" status: 200 len: 136 microversion: 1.0
2026-07-25 05:47:29.569 8 INFO placement.requestlog [None req-13ba3159-1d29-4bcb-b91e-3fa3288d3050 - - - - - -] 10.0.0.32 "GET /" status: 200 len: 136 microversion: 1.0
2026-07-25 05:47:29.763 7 INFO placement.requestlog [req-d49558fb-1a2b-4dca-86c8-b17b78eed69a req-03ec45c8-0601-47d3-8a08-f85645927cd9 7f1c5107fee443298fb8429795cdc5d8 5abcba19dad04eeaa8e1b92b7eeecef4 - - ce86364c47f24636a96d3754c3c1c549 ce86364c47f24636a96d3754c3c1c549] 199.204.45.23 "DELETE /allocations/3045ab77-1723-4fa4-b7c9-05d101600987" status: 204 len: 0 microversion: 1.0 [pid: 7|app: 0|req: 646/1296] 199.204.45.23 () {34 vars in 840 bytes} [Sat Jul 25 05:47:29 2026] DELETE /allocations/3045ab77-1723-4fa4-b7c9-05d101600987 => generated 0 bytes in 20 msecs (HTTP/1.1 204) 5 headers in 198 bytes (1 switches on core 0)
2026-07-25 05:47:39.113 8 INFO placement.requestlog [req-36d9c491-6594-4b40-a0f4-b097f987b924 req-6665bb7d-ca0f-489c-b477-a2074f688bc1 7f1c5107fee443298fb8429795cdc5d8 5abcba19dad04eeaa8e1b92b7eeecef4 - - ce86364c47f24636a96d3754c3c1c549 ce86364c47f24636a96d3754c3c1c549] 199.204.45.23 "GET /resource_providers/50ec4efc-9aea-4119-b99c-9f4c642045ad/allocations" status: 200 len: 153 microversion: 1.0 [pid: 8|app: 0|req: 651/1297] 199.204.45.23 () {32 vars in 856 bytes} [Sat Jul 25 05:47:38 2026] GET /resource_providers/50ec4efc-9aea-4119-b99c-9f4c642045ad/allocations => generated 153 bytes in 122 msecs (HTTP/1.1 200) 6 headers in 224 bytes (1 switches on core 0)
2026-07-25 05:47:39.134 7 INFO placement.requestlog [req-36d9c491-6594-4b40-a0f4-b097f987b924 req-1c824b05-e8cc-4df3-9231-58afb8db073c 7f1c5107fee443298fb8429795cdc5d8 5abcba19dad04eeaa8e1b92b7eeecef4 - - ce86364c47f24636a96d3754c3c1c549 ce86364c47f24636a96d3754c3c1c549] 199.204.45.23 "GET /resource_providers?in_tree=50ec4efc-9aea-4119-b99c-9f4c642045ad" status: 200 len: 798 microversion: 1.14 [pid: 7|app: 0|req: 647/1298] 199.204.45.23 () {34 vars in 891 bytes} [Sat Jul 25 05:47:39 2026] GET /resource_providers?in_tree=50ec4efc-9aea-4119-b99c-9f4c642045ad => generated 798 bytes in 16 msecs (HTTP/1.1 200) 6 headers in 225 bytes (1 switches on core 0)
2026-07-25 05:47:39.156 8 INFO placement.requestlog [req-36d9c491-6594-4b40-a0f4-b097f987b924 req-def4d1f5-b01e-47c8-b200-e793f8e457b2 7f1c5107fee443298fb8429795cdc5d8 5abcba19dad04eeaa8e1b92b7eeecef4 - - ce86364c47f24636a96d3754c3c1c549 ce86364c47f24636a96d3754c3c1c549] 199.204.45.23 "GET /resource_providers/50ec4efc-9aea-4119-b99c-9f4c642045ad/inventories" status: 200 len: 401 microversion: 1.0 [pid: 8|app: 0|req: 652/1299] 199.204.45.23 () {32 vars in 856 bytes} [Sat Jul 25 05:47:39 2026] GET /resource_providers/50ec4efc-9aea-4119-b99c-9f4c642045ad/inventories => generated 401 bytes in 11 msecs (HTTP/1.1 200) 6 headers in 224 bytes (1 switches on core 0)
2026-07-25 05:47:39.175 7 INFO placement.requestlog [req-36d9c491-6594-4b40-a0f4-b097f987b924 req-6d1bc429-208e-4f52-b6c6-53d6bb9237b8 7f1c5107fee443298fb8429795cdc5d8 5abcba19dad04eeaa8e1b92b7eeecef4 - - ce86364c47f24636a96d3754c3c1c549 ce86364c47f24636a96d3754c3c1c549] 199.204.45.23 "GET /resource_providers/50ec4efc-9aea-4119-b99c-9f4c642045ad/aggregates" status: 200 len: 54 microversion: 1.19 [pid: 7|app: 0|req: 648/1300] 199.204.45.23 () {34 vars in 898 bytes} [Sat Jul 25 05:47:39 2026] GET /resource_providers/50ec4efc-9aea-4119-b99c-9f4c642045ad/aggregates => generated 54 bytes in 11 msecs (HTTP/1.1 200) 8 headers in 295 bytes (1 switches on core 0)
2026-07-25 05:47:39.202 8 INFO placement.requestlog [req-36d9c491-6594-4b40-a0f4-b097f987b924 req-d58e49de-39b7-4d1e-bcad-57f46eea9647 7f1c5107fee443298fb8429795cdc5d8 5abcba19dad04eeaa8e1b92b7eeecef4 - - ce86364c47f24636a96d3754c3c1c549 ce86364c47f24636a96d3754c3c1c549] 199.204.45.23 "GET /resource_providers/50ec4efc-9aea-4119-b99c-9f4c642045ad/traits" status: 200 len: 1978 microversion: 1.6 [pid: 8|app: 0|req: 653/1301] 199.204.45.23 () {34 vars in 889 bytes} [Sat Jul 25 05:47:39 2026] GET /resource_providers/50ec4efc-9aea-4119-b99c-9f4c642045ad/traits => generated 1978 bytes in 20 msecs (HTTP/1.1 200) 6 headers in 225 bytes (1 switches on core 0)
2026-07-25 05:47:39.223 7 INFO placement.requestlog [req-36d9c491-6594-4b40-a0f4-b097f987b924 req-6fb1f825-698e-46f0-9f9f-03cec347bbff 7f1c5107fee443298fb8429795cdc5d8 5abcba19dad04eeaa8e1b92b7eeecef4 - - ce86364c47f24636a96d3754c3c1c549 ce86364c47f24636a96d3754c3c1c549] 199.204.45.23 "GET /resource_providers/50ec4efc-9aea-4119-b99c-9f4c642045ad/allocations" status: 200 len: 153 microversion: 1.0 [pid: 7|app: 0|req: 649/1302] 199.204.45.23 () {32 vars in 856 bytes} [Sat Jul 25 05:47:39 2026] GET /resource_providers/50ec4efc-9aea-4119-b99c-9f4c642045ad/allocations => generated 153 bytes in 14 msecs (HTTP/1.1 200) 6 headers in 224 bytes (1 switches on core 0)
2026-07-25 05:47:39.249 8 INFO placement.requestlog [req-36d9c491-6594-4b40-a0f4-b097f987b924 req-b75ba0b3-addf-4c09-a7ce-ef1c3c52a815 7f1c5107fee443298fb8429795cdc5d8 5abcba19dad04eeaa8e1b92b7eeecef4 - - ce86364c47f24636a96d3754c3c1c549 ce86364c47f24636a96d3754c3c1c549] 199.204.45.23 "GET /allocations/38bfe7d5-ae47-4800-a883-4e83ff55dd74" status: 200 len: 258 microversion: 1.28 [pid: 8|app: 0|req: 654/1303] 199.204.45.23 () {34 vars in 862 bytes} [Sat Jul 25 05:47:39 2026] GET /allocations/38bfe7d5-ae47-4800-a883-4e83ff55dd74 => generated 258 bytes in 19 msecs (HTTP/1.1 200) 8 headers in 296 bytes (1 switches on core 0)
2026-07-25 05:47:39.568 8 INFO placement.requestlog [None req-96f85efa-a4cd-4e09-a4b4-02b1d0421ea3 - - - - - -] 10.0.0.32 "GET /" status: 200 len: 136 microversion: 1.0
2026-07-25 05:47:39.568 7 INFO placement.requestlog [None req-5a7a64c8-3d53-4394-ab3a-a8b3695cd0c1 - - - - - -] 10.0.0.32 "GET /" status: 200 len: 136 microversion: 1.0
2026-07-25 05:47:40.296 8 INFO placement.requestlog [req-53c18592-0812-4414-80bd-8e8a1760833a req-a83b0d9f-194f-468d-aa6e-bea8138567a8 7f1c5107fee443298fb8429795cdc5d8 5abcba19dad04eeaa8e1b92b7eeecef4 - - ce86364c47f24636a96d3754c3c1c549 ce86364c47f24636a96d3754c3c1c549] 199.204.45.23 "GET /resource_providers/50ec4efc-9aea-4119-b99c-9f4c642045ad/allocations" status: 200 len: 153 microversion: 1.0 [pid: 8|app: 0|req: 656/1306] 199.204.45.23 () {32 vars in 856 bytes} [Sat Jul 25 05:47:40 2026] GET /resource_providers/50ec4efc-9aea-4119-b99c-9f4c642045ad/allocations => generated 153 bytes in 18 msecs (HTTP/1.1 200) 6 headers in 224 bytes (1 switches on core 0)
2026-07-25 05:47:40.315 7 INFO placement.requestlog [req-53c18592-0812-4414-80bd-8e8a1760833a req-69c6790f-4aff-482d-b5a0-63a68789aa64 7f1c5107fee443298fb8429795cdc5d8 5abcba19dad04eeaa8e1b92b7eeecef4 - - ce86364c47f24636a96d3754c3c1c549 ce86364c47f24636a96d3754c3c1c549] 199.204.45.23 "GET /allocations/38bfe7d5-ae47-4800-a883-4e83ff55dd74" status: 200 len: 258 microversion: 1.28 [pid: 7|app: 0|req: 651/1307] 199.204.45.23 () {34 vars in 862 bytes} [Sat Jul 25 05:47:40 2026] GET /allocations/38bfe7d5-ae47-4800-a883-4e83ff55dd74 => generated 258 bytes in 14 msecs (HTTP/1.1 200) 8 headers in 296 bytes (1 switches on core 0)
2026-07-25 05:47:41.381 8 INFO placement.requestlog [req-53c18592-0812-4414-80bd-8e8a1760833a req-f3b34565-8fbc-4ced-b753-dae60abacebd 7f1c5107fee443298fb8429795cdc5d8 5abcba19dad04eeaa8e1b92b7eeecef4 - - ce86364c47f24636a96d3754c3c1c549 ce86364c47f24636a96d3754c3c1c549] 199.204.45.23 "DELETE /allocations/38bfe7d5-ae47-4800-a883-4e83ff55dd74" status: 204 len: 0 microversion: 1.0 [pid: 8|app: 0|req: 657/1308] 199.204.45.23 () {34 vars in 840 bytes} [Sat Jul 25 05:47:41 2026] DELETE /allocations/38bfe7d5-ae47-4800-a883-4e83ff55dd74 => generated 0 bytes in 33 msecs (HTTP/1.1 204) 5 headers in 198 bytes (1 switches on core 0)
2026-07-25 05:47:49.568 8 INFO placement.requestlog [None req-402f75f7-0191-437a-8b04-3d8da0d4e9b6 - - - - - -] 10.0.0.32 "GET /" status: 200 len: 136 microversion: 1.0
2026-07-25 05:47:49.568 7 INFO placement.requestlog [None req-c5e06760-6d83-4162-ab48-1fef2341aa5f - - - - - -] 10.0.0.32 "GET /" status: 200 len: 136 microversion: 1.0
2026-07-25 05:47:51.162 8 INFO placement.requestlog [None req-de55e9ac-1f2a-4da3-91fa-63b391285311 576219312f1348088235b6a0451a14cf 5abcba19dad04eeaa8e1b92b7eeecef4 - - ce86364c47f24636a96d3754c3c1c549 ce86364c47f24636a96d3754c3c1c549] 10.0.0.190 "GET /resource_providers/ca52ce5a-619b-46bd-bb60-1cf427acc196/aggregates" status: 404 len: 235 microversion: 1.1 [pid: 8|app: 0|req: 659/1311] 10.0.0.190 () {32 vars in 816 bytes} [Sat Jul 25 05:47:51 2026] GET /resource_providers/ca52ce5a-619b-46bd-bb60-1cf427acc196/aggregates => generated 235 bytes in 9 msecs (HTTP/1.1 404) 5 headers in 202 bytes (1 switches on core 0)
2026-07-25 05:47:51.167 7 INFO placement.requestlog [None req-c0846e6c-b594-4fad-8be2-e206a8143712 576219312f1348088235b6a0451a14cf 5abcba19dad04eeaa8e1b92b7eeecef4 - - ce86364c47f24636a96d3754c3c1c549 ce86364c47f24636a96d3754c3c1c549] 10.0.0.190 "GET /resource_providers/ca52ce5a-619b-46bd-bb60-1cf427acc196/aggregates" status: 404 len: 235 microversion: 1.1 [pid: 7|app: 0|req: 653/1312] 10.0.0.190 () {32 vars in 816 bytes} [Sat Jul 25 05:47:51 2026] GET /resource_providers/ca52ce5a-619b-46bd-bb60-1cf427acc196/aggregates => generated 235 bytes in 10 msecs (HTTP/1.1 404) 5 headers in 202 bytes (1 switches on core 0)
2026-07-25 05:47:51.183 8 INFO placement.requestlog [None req-a74aa702-985e-4331-ac70-d71a07bb00af 576219312f1348088235b6a0451a14cf 5abcba19dad04eeaa8e1b92b7eeecef4 - - ce86364c47f24636a96d3754c3c1c549 ce86364c47f24636a96d3754c3c1c549] 10.0.0.190 "DELETE /resource_providers/ca52ce5a-619b-46bd-bb60-1cf427acc196" status: 404 len: 246 microversion: 1.1 [pid: 8|app: 0|req: 660/1313] 10.0.0.190 () {34 vars in 816 bytes} [Sat Jul 25 05:47:51 2026] DELETE /resource_providers/ca52ce5a-619b-46bd-bb60-1cf427acc196 => generated 246 bytes in 8 msecs (HTTP/1.1 404) 6 headers in 231 bytes (1 switches on core 0)
2026-07-25 05:47:51.189 7 INFO placement.requestlog [None req-016dadfc-bc99-462d-8caf-441cb9993478 576219312f1348088235b6a0451a14cf 5abcba19dad04eeaa8e1b92b7eeecef4 - - ce86364c47f24636a96d3754c3c1c549 ce86364c47f24636a96d3754c3c1c549] 10.0.0.190 "DELETE /resource_providers/ca52ce5a-619b-46bd-bb60-1cf427acc196" status: 404 len: 246 microversion: 1.1 [pid: 7|app: 0|req: 654/1314] 10.0.0.190 () {34 vars in 816 bytes} [Sat Jul 25 05:47:51 2026] DELETE /resource_providers/ca52ce5a-619b-46bd-bb60-1cf427acc196 => generated 246 bytes in 14 msecs (HTTP/1.1 404) 6 headers in 231 bytes (1 switches on core 0)
2026-07-25 05:47:53.212 7 INFO placement.requestlog [None req-ea74e6b0-8b9f-4509-9575-496ac7149853 576219312f1348088235b6a0451a14cf 5abcba19dad04eeaa8e1b92b7eeecef4 - - ce86364c47f24636a96d3754c3c1c549 ce86364c47f24636a96d3754c3c1c549] 10.0.0.190 "GET /resource_providers/1697b5d4-942e-4700-8f9b-a7d9020979af/aggregates" status: 404 len: 235 microversion: 1.1 [pid: 7|app: 0|req: 655/1315] 10.0.0.190 () {32 vars in 816 bytes} [Sat Jul 25 05:47:53 2026] GET /resource_providers/1697b5d4-942e-4700-8f9b-a7d9020979af/aggregates => generated 235 bytes in 10 msecs (HTTP/1.1 404) 5 headers in 202 bytes (1 switches on core 0)
2026-07-25 05:47:53.214 8 INFO placement.requestlog [None req-f5793e25-6d7f-4704-a6a2-06f4c8cf8b12 576219312f1348088235b6a0451a14cf 5abcba19dad04eeaa8e1b92b7eeecef4 - - ce86364c47f24636a96d3754c3c1c549 ce86364c47f24636a96d3754c3c1c549] 10.0.0.190 "GET /resource_providers/1697b5d4-942e-4700-8f9b-a7d9020979af/aggregates" status: 404 len: 235 microversion: 1.1 [pid: 8|app: 0|req: 661/1316] 10.0.0.190 () {32 vars in 816 bytes} [Sat Jul 25 05:47:53 2026] GET /resource_providers/1697b5d4-942e-4700-8f9b-a7d9020979af/aggregates => generated 235 bytes in 13 msecs (HTTP/1.1 404) 5 headers in 202 bytes (1 switches on core 0)
2026-07-25 05:47:53.238 7 INFO placement.requestlog [None req-f29d34eb-ecec-4087-a301-6f5bd379ef79 576219312f1348088235b6a0451a14cf 5abcba19dad04eeaa8e1b92b7eeecef4 - - ce86364c47f24636a96d3754c3c1c549 ce86364c47f24636a96d3754c3c1c549] 10.0.0.190 "DELETE /resource_providers/1697b5d4-942e-4700-8f9b-a7d9020979af" status: 404 len: 246 microversion: 1.1 [pid: 7|app: 0|req: 656/1317] 10.0.0.190 () {34 vars in 816 bytes} [Sat Jul 25 05:47:53 2026] DELETE /resource_providers/1697b5d4-942e-4700-8f9b-a7d9020979af => generated 246 bytes in 12 msecs (HTTP/1.1 404) 6 headers in 231 bytes (1 switches on core 0)
2026-07-25 05:47:53.247 8 INFO placement.requestlog [None req-c722ae85-8ac5-4e0b-84ed-288b305b714a 576219312f1348088235b6a0451a14cf 5abcba19dad04eeaa8e1b92b7eeecef4 - - ce86364c47f24636a96d3754c3c1c549 ce86364c47f24636a96d3754c3c1c549] 10.0.0.190 "DELETE /resource_providers/1697b5d4-942e-4700-8f9b-a7d9020979af" status: 404 len: 246 microversion: 1.1 [pid: 8|app: 0|req: 662/1318] 10.0.0.190 () {34 vars in 816 bytes} [Sat Jul 25 05:47:53 2026] DELETE /resource_providers/1697b5d4-942e-4700-8f9b-a7d9020979af => generated 246 bytes in 18 msecs (HTTP/1.1 404) 6 headers in 231 bytes (1 switches on core 0)
2026-07-25 05:47:53.271 7 INFO placement.requestlog [None req-2feeb127-6e95-45a7-b85c-4de4312b383a 576219312f1348088235b6a0451a14cf 5abcba19dad04eeaa8e1b92b7eeecef4 - - ce86364c47f24636a96d3754c3c1c549 ce86364c47f24636a96d3754c3c1c549] 10.0.0.190 "GET /resource_providers/733067af-73fc-4606-b0a4-d09e74b9ab0e/aggregates" status: 404 len: 235 microversion: 1.1 [pid: 7|app: 0|req: 657/1319] 10.0.0.190 () {32 vars in 816 bytes} [Sat Jul 25 05:47:53 2026] GET /resource_providers/733067af-73fc-4606-b0a4-d09e74b9ab0e/aggregates => generated 235 bytes in 11 msecs (HTTP/1.1 404) 5 headers in 202 bytes (1 switches on core 0)
