2026-07-15 00:23:44.937 7 INFO cinder.api.openstack.wsgi [None req-9d1297d4-b9a7-451f-9d73-92fc35d90f67 1862b96833a1425592bd986eb85b7455 8a6227ef6eb64bf886d24988a6e49e9c - - default default] http://cinder-api.openstack.svc.cluster.local:8776/v3/8a6227ef6eb64bf886d24988a6e49e9c/os-quota-sets/2750f7437f8e41febd0fa9c7466172e9?usage=true returned with HTTP 200 [pid: 7|app: 0|req: 456/913] 10.0.0.236 () {28 vars in 736 bytes} [Wed Jul 15 00:23:44 2026] GET /v3/8a6227ef6eb64bf886d24988a6e49e9c/os-quota-sets/2750f7437f8e41febd0fa9c7466172e9?usage=true => generated 847 bytes in 25 msecs (HTTP/1.1 200) 7 headers in 285 bytes (1 switches on core 0)
2026-07-15 00:23:44.949 8 INFO cinder.api.openstack.wsgi [None req-756ea51d-39e5-4996-a3ae-a890702f2294 1862b96833a1425592bd986eb85b7455 8a6227ef6eb64bf886d24988a6e49e9c - - default default] GET http://cinder-api.openstack.svc.cluster.local:8776/v3/8a6227ef6eb64bf886d24988a6e49e9c/os-quota-sets/2dbe8dc1c81b452bb43e5eebd6cbacf9?usage=true
2026-07-15 00:23:44.967 8 INFO cinder.api.openstack.wsgi [None req-756ea51d-39e5-4996-a3ae-a890702f2294 1862b96833a1425592bd986eb85b7455 8a6227ef6eb64bf886d24988a6e49e9c - - default default] http://cinder-api.openstack.svc.cluster.local:8776/v3/8a6227ef6eb64bf886d24988a6e49e9c/os-quota-sets/2dbe8dc1c81b452bb43e5eebd6cbacf9?usage=true returned with HTTP 200 [pid: 8|app: 0|req: 458/914] 10.0.0.236 () {28 vars in 736 bytes} [Wed Jul 15 00:23:44 2026] GET /v3/8a6227ef6eb64bf886d24988a6e49e9c/os-quota-sets/2dbe8dc1c81b452bb43e5eebd6cbacf9?usage=true => generated 847 bytes in 25 msecs (HTTP/1.1 200) 7 headers in 285 bytes (1 switches on core 0)
2026-07-15 00:23:44.979 7 INFO cinder.api.openstack.wsgi [None req-27d2b55e-29bc-4c69-a678-e02531853a9b 1862b96833a1425592bd986eb85b7455 8a6227ef6eb64bf886d24988a6e49e9c - - default default] GET http://cinder-api.openstack.svc.cluster.local:8776/v3/8a6227ef6eb64bf886d24988a6e49e9c/os-quota-sets/4311fa6a92794b879c3f4a6868e2948d?usage=true
2026-07-15 00:23:44.999 7 INFO cinder.api.openstack.wsgi [None req-27d2b55e-29bc-4c69-a678-e02531853a9b 1862b96833a1425592bd986eb85b7455 8a6227ef6eb64bf886d24988a6e49e9c - - default default] http://cinder-api.openstack.svc.cluster.local:8776/v3/8a6227ef6eb64bf886d24988a6e49e9c/os-quota-sets/4311fa6a92794b879c3f4a6868e2948d?usage=true returned with HTTP 200 [pid: 7|app: 0|req: 457/915] 10.0.0.236 () {28 vars in 736 bytes} [Wed Jul 15 00:23:44 2026] GET /v3/8a6227ef6eb64bf886d24988a6e49e9c/os-quota-sets/4311fa6a92794b879c3f4a6868e2948d?usage=true => generated 847 bytes in 28 msecs (HTTP/1.1 200) 7 headers in 285 bytes (1 switches on core 0)
2026-07-15 00:23:45.009 8 INFO cinder.api.openstack.wsgi [None req-bba9a919-f10a-40be-8cc0-11f77718f05f 1862b96833a1425592bd986eb85b7455 8a6227ef6eb64bf886d24988a6e49e9c - - default default] GET http://cinder-api.openstack.svc.cluster.local:8776/v3/8a6227ef6eb64bf886d24988a6e49e9c/os-quota-sets/55159a1495a44532b560554d3527c5b6?usage=true
2026-07-15 00:23:45.026 8 INFO cinder.api.openstack.wsgi [None req-bba9a919-f10a-40be-8cc0-11f77718f05f 1862b96833a1425592bd986eb85b7455 8a6227ef6eb64bf886d24988a6e49e9c - - default default] http://cinder-api.openstack.svc.cluster.local:8776/v3/8a6227ef6eb64bf886d24988a6e49e9c/os-quota-sets/55159a1495a44532b560554d3527c5b6?usage=true returned with HTTP 200 [pid: 8|app: 0|req: 459/916] 10.0.0.236 () {28 vars in 736 bytes} [Wed Jul 15 00:23:45 2026] GET /v3/8a6227ef6eb64bf886d24988a6e49e9c/os-quota-sets/55159a1495a44532b560554d3527c5b6?usage=true => generated 847 bytes in 24 msecs (HTTP/1.1 200) 7 headers in 285 bytes (1 switches on core 0)
2026-07-15 00:23:45.038 7 INFO cinder.api.openstack.wsgi [None req-1fe92ed5-3437-4f8d-bfda-b5ebe92e8b6c 1862b96833a1425592bd986eb85b7455 8a6227ef6eb64bf886d24988a6e49e9c - - default default] GET http://cinder-api.openstack.svc.cluster.local:8776/v3/8a6227ef6eb64bf886d24988a6e49e9c/os-quota-sets/6479a0fcdbff4e67a5bdf7366123dbf6?usage=true
2026-07-15 00:23:45.059 7 INFO cinder.api.openstack.wsgi [None req-1fe92ed5-3437-4f8d-bfda-b5ebe92e8b6c 1862b96833a1425592bd986eb85b7455 8a6227ef6eb64bf886d24988a6e49e9c - - default default] http://cinder-api.openstack.svc.cluster.local:8776/v3/8a6227ef6eb64bf886d24988a6e49e9c/os-quota-sets/6479a0fcdbff4e67a5bdf7366123dbf6?usage=true returned with HTTP 200 [pid: 7|app: 0|req: 458/917] 10.0.0.236 () {28 vars in 736 bytes} [Wed Jul 15 00:23:45 2026] GET /v3/8a6227ef6eb64bf886d24988a6e49e9c/os-quota-sets/6479a0fcdbff4e67a5bdf7366123dbf6?usage=true => generated 847 bytes in 30 msecs (HTTP/1.1 200) 7 headers in 285 bytes (1 switches on core 0)
2026-07-15 00:23:45.072 8 INFO cinder.api.openstack.wsgi [None req-a9eb2dc4-f491-4224-952b-795c84fc8d86 1862b96833a1425592bd986eb85b7455 8a6227ef6eb64bf886d24988a6e49e9c - - default default] GET http://cinder-api.openstack.svc.cluster.local:8776/v3/8a6227ef6eb64bf886d24988a6e49e9c/os-quota-sets/6ebb4c9fee3447cf863614545e23052b?usage=true
2026-07-15 00:23:45.096 8 INFO cinder.api.openstack.wsgi [None req-a9eb2dc4-f491-4224-952b-795c84fc8d86 1862b96833a1425592bd986eb85b7455 8a6227ef6eb64bf886d24988a6e49e9c - - default default] http://cinder-api.openstack.svc.cluster.local:8776/v3/8a6227ef6eb64bf886d24988a6e49e9c/os-quota-sets/6ebb4c9fee3447cf863614545e23052b?usage=true returned with HTTP 200 [pid: 8|app: 0|req: 460/918] 10.0.0.236 () {28 vars in 736 bytes} [Wed Jul 15 00:23:45 2026] GET /v3/8a6227ef6eb64bf886d24988a6e49e9c/os-quota-sets/6ebb4c9fee3447cf863614545e23052b?usage=true => generated 845 bytes in 32 msecs (HTTP/1.1 200) 7 headers in 285 bytes (1 switches on core 0)
2026-07-15 00:23:45.112 7 INFO cinder.api.openstack.wsgi [None req-f5ebd723-b69d-4748-aa44-69f1b45649e0 1862b96833a1425592bd986eb85b7455 8a6227ef6eb64bf886d24988a6e49e9c - - default default] GET http://cinder-api.openstack.svc.cluster.local:8776/v3/8a6227ef6eb64bf886d24988a6e49e9c/os-quota-sets/85a9def203d341cda9fa5e28e7a71428?usage=true
2026-07-15 00:23:45.131 7 INFO cinder.api.openstack.wsgi [None req-f5ebd723-b69d-4748-aa44-69f1b45649e0 1862b96833a1425592bd986eb85b7455 8a6227ef6eb64bf886d24988a6e49e9c - - default default] http://cinder-api.openstack.svc.cluster.local:8776/v3/8a6227ef6eb64bf886d24988a6e49e9c/os-quota-sets/85a9def203d341cda9fa5e28e7a71428?usage=true returned with HTTP 200 [pid: 7|app: 0|req: 459/919] 10.0.0.236 () {28 vars in 736 bytes} [Wed Jul 15 00:23:45 2026] GET /v3/8a6227ef6eb64bf886d24988a6e49e9c/os-quota-sets/85a9def203d341cda9fa5e28e7a71428?usage=true => generated 847 bytes in 27 msecs (HTTP/1.1 200) 7 headers in 285 bytes (1 switches on core 0)
2026-07-15 00:23:45.142 8 INFO cinder.api.openstack.wsgi [None req-b2cb49fd-c30c-490b-bc6b-c2adfadceecc 1862b96833a1425592bd986eb85b7455 8a6227ef6eb64bf886d24988a6e49e9c - - default default] GET http://cinder-api.openstack.svc.cluster.local:8776/v3/8a6227ef6eb64bf886d24988a6e49e9c/os-quota-sets/8a6227ef6eb64bf886d24988a6e49e9c?usage=true
2026-07-15 00:23:45.162 8 INFO cinder.api.openstack.wsgi [None req-b2cb49fd-c30c-490b-bc6b-c2adfadceecc 1862b96833a1425592bd986eb85b7455 8a6227ef6eb64bf886d24988a6e49e9c - - default default] http://cinder-api.openstack.svc.cluster.local:8776/v3/8a6227ef6eb64bf886d24988a6e49e9c/os-quota-sets/8a6227ef6eb64bf886d24988a6e49e9c?usage=true returned with HTTP 200 [pid: 8|app: 0|req: 461/920] 10.0.0.236 () {28 vars in 736 bytes} [Wed Jul 15 00:23:45 2026] GET /v3/8a6227ef6eb64bf886d24988a6e49e9c/os-quota-sets/8a6227ef6eb64bf886d24988a6e49e9c?usage=true => generated 845 bytes in 28 msecs (HTTP/1.1 200) 7 headers in 285 bytes (1 switches on core 0)
2026-07-15 00:23:45.172 7 INFO cinder.api.openstack.wsgi [None req-f101eff7-117b-4e8a-8337-e97ec22a201d 1862b96833a1425592bd986eb85b7455 8a6227ef6eb64bf886d24988a6e49e9c - - default default] GET http://cinder-api.openstack.svc.cluster.local:8776/v3/8a6227ef6eb64bf886d24988a6e49e9c/os-quota-sets/9e1d412103b44a93b4a5b6788f0c9922?usage=true
2026-07-15 00:23:45.195 7 INFO cinder.api.openstack.wsgi [None req-f101eff7-117b-4e8a-8337-e97ec22a201d 1862b96833a1425592bd986eb85b7455 8a6227ef6eb64bf886d24988a6e49e9c - - default default] http://cinder-api.openstack.svc.cluster.local:8776/v3/8a6227ef6eb64bf886d24988a6e49e9c/os-quota-sets/9e1d412103b44a93b4a5b6788f0c9922?usage=true returned with HTTP 200 [pid: 7|app: 0|req: 460/921] 10.0.0.236 () {28 vars in 736 bytes} [Wed Jul 15 00:23:45 2026] GET /v3/8a6227ef6eb64bf886d24988a6e49e9c/os-quota-sets/9e1d412103b44a93b4a5b6788f0c9922?usage=true => generated 847 bytes in 29 msecs (HTTP/1.1 200) 7 headers in 285 bytes (1 switches on core 0)
2026-07-15 00:23:45.205 8 INFO cinder.api.openstack.wsgi [None req-6b1fe258-39e6-4386-9a07-d817b6aef5f7 1862b96833a1425592bd986eb85b7455 8a6227ef6eb64bf886d24988a6e49e9c - - default default] GET http://cinder-api.openstack.svc.cluster.local:8776/v3/8a6227ef6eb64bf886d24988a6e49e9c/os-quota-sets/d6a6500fcd504b51808d9b3dd197ed59?usage=true
2026-07-15 00:23:45.239 8 INFO cinder.api.openstack.wsgi [None req-6b1fe258-39e6-4386-9a07-d817b6aef5f7 1862b96833a1425592bd986eb85b7455 8a6227ef6eb64bf886d24988a6e49e9c - - default default] http://cinder-api.openstack.svc.cluster.local:8776/v3/8a6227ef6eb64bf886d24988a6e49e9c/os-quota-sets/d6a6500fcd504b51808d9b3dd197ed59?usage=true returned with HTTP 200 [pid: 8|app: 0|req: 462/922] 10.0.0.236 () {28 vars in 736 bytes} [Wed Jul 15 00:23:45 2026] GET /v3/8a6227ef6eb64bf886d24988a6e49e9c/os-quota-sets/d6a6500fcd504b51808d9b3dd197ed59?usage=true => generated 847 bytes in 40 msecs (HTTP/1.1 200) 7 headers in 285 bytes (1 switches on core 0)
2026-07-15 00:23:45.250 7 INFO cinder.api.openstack.wsgi [None req-44fdaf22-90a7-4be0-a4e3-6fbda011bf99 1862b96833a1425592bd986eb85b7455 8a6227ef6eb64bf886d24988a6e49e9c - - default default] GET http://cinder-api.openstack.svc.cluster.local:8776/v3/8a6227ef6eb64bf886d24988a6e49e9c/os-quota-sets/da04d0ab5f094a3b85b20e5b372901f8?usage=true
2026-07-15 00:23:45.278 7 INFO cinder.api.openstack.wsgi [None req-44fdaf22-90a7-4be0-a4e3-6fbda011bf99 1862b96833a1425592bd986eb85b7455 8a6227ef6eb64bf886d24988a6e49e9c - - default default] http://cinder-api.openstack.svc.cluster.local:8776/v3/8a6227ef6eb64bf886d24988a6e49e9c/os-quota-sets/da04d0ab5f094a3b85b20e5b372901f8?usage=true returned with HTTP 200 [pid: 7|app: 0|req: 461/923] 10.0.0.236 () {28 vars in 736 bytes} [Wed Jul 15 00:23:45 2026] GET /v3/8a6227ef6eb64bf886d24988a6e49e9c/os-quota-sets/da04d0ab5f094a3b85b20e5b372901f8?usage=true => generated 847 bytes in 37 msecs (HTTP/1.1 200) 7 headers in 285 bytes (1 switches on core 0)
2026-07-15 00:23:45.294 8 INFO cinder.api.openstack.wsgi [None req-e282b77a-d810-48fb-9ca0-8e8d67da8db2 1862b96833a1425592bd986eb85b7455 8a6227ef6eb64bf886d24988a6e49e9c - - default default] GET http://cinder-api.openstack.svc.cluster.local:8776/v3/8a6227ef6eb64bf886d24988a6e49e9c/os-quota-sets/e69792cc5d4d4860b681c0eea1445503?usage=true
2026-07-15 00:23:45.322 8 INFO cinder.api.openstack.wsgi [None req-e282b77a-d810-48fb-9ca0-8e8d67da8db2 1862b96833a1425592bd986eb85b7455 8a6227ef6eb64bf886d24988a6e49e9c - - default default] http://cinder-api.openstack.svc.cluster.local:8776/v3/8a6227ef6eb64bf886d24988a6e49e9c/os-quota-sets/e69792cc5d4d4860b681c0eea1445503?usage=true returned with HTTP 200 [pid: 8|app: 0|req: 463/924] 10.0.0.236 () {28 vars in 736 bytes} [Wed Jul 15 00:23:45 2026] GET /v3/8a6227ef6eb64bf886d24988a6e49e9c/os-quota-sets/e69792cc5d4d4860b681c0eea1445503?usage=true => generated 847 bytes in 37 msecs (HTTP/1.1 200) 7 headers in 285 bytes (1 switches on core 0)
2026-07-15 00:23:45.336 7 INFO cinder.api.openstack.wsgi [None req-36ff0131-73b9-4db8-b184-dbcff8038f7b 1862b96833a1425592bd986eb85b7455 8a6227ef6eb64bf886d24988a6e49e9c - - default default] GET http://cinder-api.openstack.svc.cluster.local:8776/v3/8a6227ef6eb64bf886d24988a6e49e9c/os-quota-sets/fb05b59f898449e2bd7f28817ff12658?usage=true
2026-07-15 00:23:45.365 7 INFO cinder.api.openstack.wsgi [None req-36ff0131-73b9-4db8-b184-dbcff8038f7b 1862b96833a1425592bd986eb85b7455 8a6227ef6eb64bf886d24988a6e49e9c - - default default] http://cinder-api.openstack.svc.cluster.local:8776/v3/8a6227ef6eb64bf886d24988a6e49e9c/os-quota-sets/fb05b59f898449e2bd7f28817ff12658?usage=true returned with HTTP 200 [pid: 7|app: 0|req: 462/925] 10.0.0.236 () {28 vars in 736 bytes} [Wed Jul 15 00:23:45 2026] GET /v3/8a6227ef6eb64bf886d24988a6e49e9c/os-quota-sets/fb05b59f898449e2bd7f28817ff12658?usage=true => generated 847 bytes in 39 msecs (HTTP/1.1 200) 7 headers in 285 bytes (1 switches on core 0)
2026-07-15 00:23:45.376 8 INFO cinder.api.openstack.wsgi [None req-69d96b8c-8161-4587-acaf-01e259a0a5ee 1862b96833a1425592bd986eb85b7455 8a6227ef6eb64bf886d24988a6e49e9c - - default default] GET http://cinder-api.openstack.svc.cluster.local:8776/v3/8a6227ef6eb64bf886d24988a6e49e9c/volumes/detail?all_tenants=true
2026-07-15 00:23:45.387 8 INFO cinder.volume.api [None req-69d96b8c-8161-4587-acaf-01e259a0a5ee 1862b96833a1425592bd986eb85b7455 8a6227ef6eb64bf886d24988a6e49e9c - - default default] Get all volumes completed successfully.
2026-07-15 00:23:45.390 8 INFO cinder.api.openstack.wsgi [None req-69d96b8c-8161-4587-acaf-01e259a0a5ee 1862b96833a1425592bd986eb85b7455 8a6227ef6eb64bf886d24988a6e49e9c - - default default] http://cinder-api.openstack.svc.cluster.local:8776/v3/8a6227ef6eb64bf886d24988a6e49e9c/volumes/detail?all_tenants=true returned with HTTP 200 [pid: 8|app: 0|req: 464/926] 10.0.0.236 () {28 vars in 684 bytes} [Wed Jul 15 00:23:45 2026] GET /v3/8a6227ef6eb64bf886d24988a6e49e9c/volumes/detail?all_tenants=true => generated 15 bytes in 19 msecs (HTTP/1.1 200) 7 headers in 284 bytes (1 switches on core 0)
2026-07-15 00:23:47.456 7 INFO cinder.api.openstack.wsgi [None req-36ff0131-73b9-4db8-b184-dbcff8038f7b 1862b96833a1425592bd986eb85b7455 8a6227ef6eb64bf886d24988a6e49e9c - - default default] GET http://10.0.0.94:8776/
2026-07-15 00:23:47.456 8 INFO cinder.api.openstack.wsgi [None req-69d96b8c-8161-4587-acaf-01e259a0a5ee 1862b96833a1425592bd986eb85b7455 8a6227ef6eb64bf886d24988a6e49e9c - - default default] GET http://10.0.0.94:8776/
2026-07-15 00:23:47.457 7 INFO cinder.api.openstack.wsgi [None req-36ff0131-73b9-4db8-b184-dbcff8038f7b 1862b96833a1425592bd986eb85b7455 8a6227ef6eb64bf886d24988a6e49e9c - - default default] http://10.0.0.94:8776/ returned with HTTP 300
2026-07-15 00:23:47.457 8 INFO cinder.api.openstack.wsgi [None req-69d96b8c-8161-4587-acaf-01e259a0a5ee 1862b96833a1425592bd986eb85b7455 8a6227ef6eb64bf886d24988a6e49e9c - - default default] http://10.0.0.94:8776/ returned with HTTP 300
2026-07-15 00:23:57.455 7 INFO cinder.api.openstack.wsgi [None req-36ff0131-73b9-4db8-b184-dbcff8038f7b 1862b96833a1425592bd986eb85b7455 8a6227ef6eb64bf886d24988a6e49e9c - - default default] GET http://10.0.0.94:8776/
2026-07-15 00:23:57.456 7 INFO cinder.api.openstack.wsgi [None req-36ff0131-73b9-4db8-b184-dbcff8038f7b 1862b96833a1425592bd986eb85b7455 8a6227ef6eb64bf886d24988a6e49e9c - - default default] http://10.0.0.94:8776/ returned with HTTP 300
2026-07-15 00:23:57.456 8 INFO cinder.api.openstack.wsgi [None req-69d96b8c-8161-4587-acaf-01e259a0a5ee 1862b96833a1425592bd986eb85b7455 8a6227ef6eb64bf886d24988a6e49e9c - - default default] GET http://10.0.0.94:8776/
2026-07-15 00:23:57.457 8 INFO cinder.api.openstack.wsgi [None req-69d96b8c-8161-4587-acaf-01e259a0a5ee 1862b96833a1425592bd986eb85b7455 8a6227ef6eb64bf886d24988a6e49e9c - - default default] http://10.0.0.94:8776/ returned with HTTP 300
2026-07-15 00:24:07.456 8 INFO cinder.api.openstack.wsgi [None req-69d96b8c-8161-4587-acaf-01e259a0a5ee 1862b96833a1425592bd986eb85b7455 8a6227ef6eb64bf886d24988a6e49e9c - - default default] GET http://10.0.0.94:8776/
2026-07-15 00:24:07.456 7 INFO cinder.api.openstack.wsgi [None req-36ff0131-73b9-4db8-b184-dbcff8038f7b 1862b96833a1425592bd986eb85b7455 8a6227ef6eb64bf886d24988a6e49e9c - - default default] GET http://10.0.0.94:8776/
2026-07-15 00:24:07.458 7 INFO cinder.api.openstack.wsgi [None req-36ff0131-73b9-4db8-b184-dbcff8038f7b 1862b96833a1425592bd986eb85b7455 8a6227ef6eb64bf886d24988a6e49e9c - - default default] http://10.0.0.94:8776/ returned with HTTP 300
2026-07-15 00:24:07.458 8 INFO cinder.api.openstack.wsgi [None req-69d96b8c-8161-4587-acaf-01e259a0a5ee 1862b96833a1425592bd986eb85b7455 8a6227ef6eb64bf886d24988a6e49e9c - - default default] http://10.0.0.94:8776/ returned with HTTP 300
2026-07-15 00:24:17.458 8 INFO cinder.api.openstack.wsgi [None req-69d96b8c-8161-4587-acaf-01e259a0a5ee 1862b96833a1425592bd986eb85b7455 8a6227ef6eb64bf886d24988a6e49e9c - - default default] GET http://10.0.0.94:8776/
2026-07-15 00:24:17.458 7 INFO cinder.api.openstack.wsgi [None req-36ff0131-73b9-4db8-b184-dbcff8038f7b 1862b96833a1425592bd986eb85b7455 8a6227ef6eb64bf886d24988a6e49e9c - - default default] GET http://10.0.0.94:8776/
2026-07-15 00:24:17.459 8 INFO cinder.api.openstack.wsgi [None req-69d96b8c-8161-4587-acaf-01e259a0a5ee 1862b96833a1425592bd986eb85b7455 8a6227ef6eb64bf886d24988a6e49e9c - - default default] http://10.0.0.94:8776/ returned with HTTP 300
2026-07-15 00:24:17.459 7 INFO cinder.api.openstack.wsgi [None req-36ff0131-73b9-4db8-b184-dbcff8038f7b 1862b96833a1425592bd986eb85b7455 8a6227ef6eb64bf886d24988a6e49e9c - - default default] http://10.0.0.94:8776/ returned with HTTP 300
2026-07-15 00:24:21.013 8 INFO cinder.api.openstack.wsgi [None req-facb6ed9-4604-49bb-a49f-5d5d58c37deb 1862b96833a1425592bd986eb85b7455 8a6227ef6eb64bf886d24988a6e49e9c - - default default] POST http://cinder-api.openstack.svc.cluster.local:8776/v3/8a6227ef6eb64bf886d24988a6e49e9c/volumes
2026-07-15 00:24:21.112 8 INFO cinder.api.v3.volumes [None req-facb6ed9-4604-49bb-a49f-5d5d58c37deb 1862b96833a1425592bd986eb85b7455 8a6227ef6eb64bf886d24988a6e49e9c - - default default] Create volume of 16 GB
2026-07-15 00:24:21.120 8 INFO cinder.volume.api [None req-facb6ed9-4604-49bb-a49f-5d5d58c37deb 1862b96833a1425592bd986eb85b7455 8a6227ef6eb64bf886d24988a6e49e9c - - default default] Availability Zones retrieved successfully.
2026-07-15 00:24:21.351 8 INFO cinder.volume.api [None req-facb6ed9-4604-49bb-a49f-5d5d58c37deb 1862b96833a1425592bd986eb85b7455 8a6227ef6eb64bf886d24988a6e49e9c - - default default] Create volume request issued successfully.
2026-07-15 00:24:21.352 8 INFO cinder.api.openstack.wsgi [None req-facb6ed9-4604-49bb-a49f-5d5d58c37deb 1862b96833a1425592bd986eb85b7455 8a6227ef6eb64bf886d24988a6e49e9c - - default default] http://cinder-api.openstack.svc.cluster.local:8776/v3/8a6227ef6eb64bf886d24988a6e49e9c/volumes returned with HTTP 202 [pid: 8|app: 0|req: 469/935] 199.204.45.235 () {34 vars in 734 bytes} [Wed Jul 15 00:24:20 2026] POST /v3/8a6227ef6eb64bf886d24988a6e49e9c/volumes => generated 846 bytes in 387 msecs (HTTP/1.1 202) 7 headers in 291 bytes (1 switches on core 0)
2026-07-15 00:24:21.369 7 INFO cinder.api.openstack.wsgi [req-facb6ed9-4604-49bb-a49f-5d5d58c37deb req-cd0e4dc9-9e5d-496c-85e5-85e615209be1 1862b96833a1425592bd986eb85b7455 8a6227ef6eb64bf886d24988a6e49e9c - - default default] GET http://cinder-api.openstack.svc.cluster.local:8776/v3/8a6227ef6eb64bf886d24988a6e49e9c/volumes/2ac0c42d-21bf-43e2-af3c-d80e1a5fa072 /var/lib/openstack/lib/python3.12/site-packages/oslo_context/context.py:101: DeprecationWarning: Policy enforcement is depending on the value of is_admin. This key is deprecated. Please update your policy file to use the standard policy values. warnings.warn(
2026-07-15 00:24:21.529 7 INFO cinder.volume.api [req-facb6ed9-4604-49bb-a49f-5d5d58c37deb req-cd0e4dc9-9e5d-496c-85e5-85e615209be1 1862b96833a1425592bd986eb85b7455 8a6227ef6eb64bf886d24988a6e49e9c - - default default] Volume info retrieved successfully.
2026-07-15 00:24:21.533 7 INFO cinder.api.openstack.wsgi [req-facb6ed9-4604-49bb-a49f-5d5d58c37deb req-cd0e4dc9-9e5d-496c-85e5-85e615209be1 1862b96833a1425592bd986eb85b7455 8a6227ef6eb64bf886d24988a6e49e9c - - default default] http://cinder-api.openstack.svc.cluster.local:8776/v3/8a6227ef6eb64bf886d24988a6e49e9c/volumes/2ac0c42d-21bf-43e2-af3c-d80e1a5fa072 returned with HTTP 200 [pid: 7|app: 0|req: 467/936] 199.204.45.235 () {32 vars in 825 bytes} [Wed Jul 15 00:24:21 2026] GET /v3/8a6227ef6eb64bf886d24988a6e49e9c/volumes/2ac0c42d-21bf-43e2-af3c-d80e1a5fa072 => generated 1077 bytes in 170 msecs (HTTP/1.1 200) 7 headers in 286 bytes (1 switches on core 0) /var/lib/openstack/lib/python3.12/site-packages/pycadf/identifier.py:70: UserWarning: Invalid uuid: cinderv3. To ensure interoperability, identifiers should be a valid uuid. warnings.warn(('Invalid uuid: %s. To ensure interoperability, '
2026-07-15 00:24:26.548 8 INFO cinder.api.openstack.wsgi [req-facb6ed9-4604-49bb-a49f-5d5d58c37deb req-86f0b8fb-8b09-4793-b667-779ca273b7e5 1862b96833a1425592bd986eb85b7455 8a6227ef6eb64bf886d24988a6e49e9c - - default default] GET http://cinder-api.openstack.svc.cluster.local:8776/v3/8a6227ef6eb64bf886d24988a6e49e9c/volumes/2ac0c42d-21bf-43e2-af3c-d80e1a5fa072 /var/lib/openstack/lib/python3.12/site-packages/oslo_context/context.py:101: DeprecationWarning: Policy enforcement is depending on the value of is_admin. This key is deprecated. Please update your policy file to use the standard policy values. warnings.warn(
2026-07-15 00:24:26.565 8 INFO cinder.volume.api [req-facb6ed9-4604-49bb-a49f-5d5d58c37deb req-86f0b8fb-8b09-4793-b667-779ca273b7e5 1862b96833a1425592bd986eb85b7455 8a6227ef6eb64bf886d24988a6e49e9c - - default default] Volume info retrieved successfully.
2026-07-15 00:24:26.570 8 INFO cinder.api.openstack.wsgi [req-facb6ed9-4604-49bb-a49f-5d5d58c37deb req-86f0b8fb-8b09-4793-b667-779ca273b7e5 1862b96833a1425592bd986eb85b7455 8a6227ef6eb64bf886d24988a6e49e9c - - default default] http://cinder-api.openstack.svc.cluster.local:8776/v3/8a6227ef6eb64bf886d24988a6e49e9c/volumes/2ac0c42d-21bf-43e2-af3c-d80e1a5fa072 returned with HTTP 200 [pid: 8|app: 0|req: 470/937] 199.204.45.235 () {32 vars in 825 bytes} [Wed Jul 15 00:24:26 2026] GET /v3/8a6227ef6eb64bf886d24988a6e49e9c/volumes/2ac0c42d-21bf-43e2-af3c-d80e1a5fa072 => generated 1675 bytes in 28 msecs (HTTP/1.1 200) 7 headers in 286 bytes (1 switches on core 0) /var/lib/openstack/lib/python3.12/site-packages/pycadf/identifier.py:70: UserWarning: Invalid uuid: cinderv3. To ensure interoperability, identifiers should be a valid uuid. warnings.warn(('Invalid uuid: %s. To ensure interoperability, '
2026-07-15 00:24:27.057 7 INFO cinder.api.openstack.wsgi [req-35977554-1c7b-41e3-8de9-d9f8cbc955b6 req-ebea9781-5120-494a-bd4e-0bca2e27f4a6 1862b96833a1425592bd986eb85b7455 8a6227ef6eb64bf886d24988a6e49e9c - - default default] GET http://cinder-api.openstack.svc.cluster.local:8776/v3/8a6227ef6eb64bf886d24988a6e49e9c/volumes/2ac0c42d-21bf-43e2-af3c-d80e1a5fa072 /var/lib/openstack/lib/python3.12/site-packages/oslo_context/context.py:101: DeprecationWarning: Policy enforcement is depending on the value of is_admin. This key is deprecated. Please update your policy file to use the standard policy values. warnings.warn(
2026-07-15 00:24:27.073 7 INFO cinder.volume.api [req-35977554-1c7b-41e3-8de9-d9f8cbc955b6 req-ebea9781-5120-494a-bd4e-0bca2e27f4a6 1862b96833a1425592bd986eb85b7455 8a6227ef6eb64bf886d24988a6e49e9c - - default default] Volume info retrieved successfully.
2026-07-15 00:24:27.078 7 INFO cinder.api.openstack.wsgi [req-35977554-1c7b-41e3-8de9-d9f8cbc955b6 req-ebea9781-5120-494a-bd4e-0bca2e27f4a6 1862b96833a1425592bd986eb85b7455 8a6227ef6eb64bf886d24988a6e49e9c - - default default] http://cinder-api.openstack.svc.cluster.local:8776/v3/8a6227ef6eb64bf886d24988a6e49e9c/volumes/2ac0c42d-21bf-43e2-af3c-d80e1a5fa072 returned with HTTP 200 [pid: 7|app: 0|req: 468/938] 10.0.0.221 () {34 vars in 1028 bytes} [Wed Jul 15 00:24:27 2026] GET /v3/8a6227ef6eb64bf886d24988a6e49e9c/volumes/2ac0c42d-21bf-43e2-af3c-d80e1a5fa072 => generated 1675 bytes in 27 msecs (HTTP/1.1 200) 7 headers in 286 bytes (1 switches on core 0)
2026-07-15 00:24:27.456 7 INFO cinder.api.openstack.wsgi [req-35977554-1c7b-41e3-8de9-d9f8cbc955b6 req-ebea9781-5120-494a-bd4e-0bca2e27f4a6 1862b96833a1425592bd986eb85b7455 8a6227ef6eb64bf886d24988a6e49e9c - - default default] GET http://10.0.0.94:8776/
2026-07-15 00:24:27.456 8 INFO cinder.api.openstack.wsgi [req-facb6ed9-4604-49bb-a49f-5d5d58c37deb req-86f0b8fb-8b09-4793-b667-779ca273b7e5 1862b96833a1425592bd986eb85b7455 8a6227ef6eb64bf886d24988a6e49e9c - - default default] GET http://10.0.0.94:8776/
2026-07-15 00:24:27.457 7 INFO cinder.api.openstack.wsgi [req-35977554-1c7b-41e3-8de9-d9f8cbc955b6 req-ebea9781-5120-494a-bd4e-0bca2e27f4a6 1862b96833a1425592bd986eb85b7455 8a6227ef6eb64bf886d24988a6e49e9c - - default default] http://10.0.0.94:8776/ returned with HTTP 300
2026-07-15 00:24:27.457 8 INFO cinder.api.openstack.wsgi [req-facb6ed9-4604-49bb-a49f-5d5d58c37deb req-86f0b8fb-8b09-4793-b667-779ca273b7e5 1862b96833a1425592bd986eb85b7455 8a6227ef6eb64bf886d24988a6e49e9c - - default default] http://10.0.0.94:8776/ returned with HTTP 300 /var/lib/openstack/lib/python3.12/site-packages/pycadf/identifier.py:70: UserWarning: Invalid uuid: cinderv3. To ensure interoperability, identifiers should be a valid uuid. warnings.warn(('Invalid uuid: %s. To ensure interoperability, '
2026-07-15 00:24:27.558 7 INFO cinder.api.openstack.wsgi [req-35977554-1c7b-41e3-8de9-d9f8cbc955b6 req-1227db25-689a-4c79-ba7b-90601cec876f 1862b96833a1425592bd986eb85b7455 8a6227ef6eb64bf886d24988a6e49e9c - - default default] GET http://cinder-api.openstack.svc.cluster.local:8776/v3/8a6227ef6eb64bf886d24988a6e49e9c/volumes/2ac0c42d-21bf-43e2-af3c-d80e1a5fa072 /var/lib/openstack/lib/python3.12/site-packages/oslo_context/context.py:101: DeprecationWarning: Policy enforcement is depending on the value of is_admin. This key is deprecated. Please update your policy file to use the standard policy values. warnings.warn(
2026-07-15 00:24:27.570 7 INFO cinder.volume.api [req-35977554-1c7b-41e3-8de9-d9f8cbc955b6 req-1227db25-689a-4c79-ba7b-90601cec876f 1862b96833a1425592bd986eb85b7455 8a6227ef6eb64bf886d24988a6e49e9c - - default default] Volume info retrieved successfully.
2026-07-15 00:24:27.578 7 INFO cinder.api.openstack.wsgi [req-35977554-1c7b-41e3-8de9-d9f8cbc955b6 req-1227db25-689a-4c79-ba7b-90601cec876f 1862b96833a1425592bd986eb85b7455 8a6227ef6eb64bf886d24988a6e49e9c - - default default] http://cinder-api.openstack.svc.cluster.local:8776/v3/8a6227ef6eb64bf886d24988a6e49e9c/volumes/2ac0c42d-21bf-43e2-af3c-d80e1a5fa072 returned with HTTP 200 [pid: 7|app: 0|req: 470/941] 10.0.0.221 () {34 vars in 1028 bytes} [Wed Jul 15 00:24:27 2026] GET /v3/8a6227ef6eb64bf886d24988a6e49e9c/volumes/2ac0c42d-21bf-43e2-af3c-d80e1a5fa072 => generated 1675 bytes in 28 msecs (HTTP/1.1 200) 7 headers in 286 bytes (1 switches on core 0)
2026-07-15 00:24:27.587 8 INFO cinder.api.openstack.wsgi [req-facb6ed9-4604-49bb-a49f-5d5d58c37deb req-86f0b8fb-8b09-4793-b667-779ca273b7e5 1862b96833a1425592bd986eb85b7455 8a6227ef6eb64bf886d24988a6e49e9c - - default default] GET http://cinder-api.openstack.svc.cluster.local:8776/
2026-07-15 00:24:27.589 8 INFO cinder.api.openstack.wsgi [req-facb6ed9-4604-49bb-a49f-5d5d58c37deb req-86f0b8fb-8b09-4793-b667-779ca273b7e5 1862b96833a1425592bd986eb85b7455 8a6227ef6eb64bf886d24988a6e49e9c - - default default] http://cinder-api.openstack.svc.cluster.local:8776/ returned with HTTP 300 [pid: 8|app: 0|req: 472/942] 10.0.0.221 () {32 vars in 829 bytes} [Wed Jul 15 00:24:27 2026] GET / => generated 411 bytes in 2 msecs (HTTP/1.1 300) 5 headers in 169 bytes (1 switches on core 0) /var/lib/openstack/lib/python3.12/site-packages/pycadf/identifier.py:70: UserWarning: Invalid uuid: cinderv3. To ensure interoperability, identifiers should be a valid uuid. warnings.warn(('Invalid uuid: %s. To ensure interoperability, '
2026-07-15 00:24:27.599 7 INFO cinder.api.openstack.wsgi [req-35977554-1c7b-41e3-8de9-d9f8cbc955b6 req-a21237bf-7fe5-4c25-a3d3-8ab4feefc296 1862b96833a1425592bd986eb85b7455 8a6227ef6eb64bf886d24988a6e49e9c - - default default] POST http://cinder-api.openstack.svc.cluster.local:8776/v3/8a6227ef6eb64bf886d24988a6e49e9c/attachments /var/lib/openstack/lib/python3.12/site-packages/oslo_context/context.py:101: DeprecationWarning: Policy enforcement is depending on the value of is_admin. This key is deprecated. Please update your policy file to use the standard policy values. warnings.warn(
2026-07-15 00:24:27.644 7 INFO cinder.api.openstack.wsgi [req-35977554-1c7b-41e3-8de9-d9f8cbc955b6 req-a21237bf-7fe5-4c25-a3d3-8ab4feefc296 1862b96833a1425592bd986eb85b7455 8a6227ef6eb64bf886d24988a6e49e9c - - default default] http://cinder-api.openstack.svc.cluster.local:8776/v3/8a6227ef6eb64bf886d24988a6e49e9c/attachments returned with HTTP 200 [pid: 7|app: 0|req: 471/943] 10.0.0.221 () {40 vars in 1057 bytes} [Wed Jul 15 00:24:27 2026] POST /v3/8a6227ef6eb64bf886d24988a6e49e9c/attachments => generated 273 bytes in 51 msecs (HTTP/1.1 200) 7 headers in 286 bytes (1 switches on core 0) /var/lib/openstack/lib/python3.12/site-packages/pycadf/identifier.py:70: UserWarning: Invalid uuid: cinderv3. To ensure interoperability, identifiers should be a valid uuid. warnings.warn(('Invalid uuid: %s. To ensure interoperability, '
2026-07-15 00:24:31.104 8 INFO cinder.api.openstack.wsgi [req-facb6ed9-4604-49bb-a49f-5d5d58c37deb req-5b9bdd6e-83ce-4459-ac9b-b6dcc28136c9 1862b96833a1425592bd986eb85b7455 8a6227ef6eb64bf886d24988a6e49e9c - - default default] GET http://cinder-api.openstack.svc.cluster.local:8776/v3/8a6227ef6eb64bf886d24988a6e49e9c/volumes/2ac0c42d-21bf-43e2-af3c-d80e1a5fa072 /var/lib/openstack/lib/python3.12/site-packages/oslo_context/context.py:101: DeprecationWarning: Policy enforcement is depending on the value of is_admin. This key is deprecated. Please update your policy file to use the standard policy values. warnings.warn(
2026-07-15 00:24:31.127 8 INFO cinder.volume.api [req-facb6ed9-4604-49bb-a49f-5d5d58c37deb req-5b9bdd6e-83ce-4459-ac9b-b6dcc28136c9 1862b96833a1425592bd986eb85b7455 8a6227ef6eb64bf886d24988a6e49e9c - - default default] Volume info retrieved successfully.
2026-07-15 00:24:31.131 8 INFO cinder.api.openstack.wsgi [req-facb6ed9-4604-49bb-a49f-5d5d58c37deb req-5b9bdd6e-83ce-4459-ac9b-b6dcc28136c9 1862b96833a1425592bd986eb85b7455 8a6227ef6eb64bf886d24988a6e49e9c - - default default] http://cinder-api.openstack.svc.cluster.local:8776/v3/8a6227ef6eb64bf886d24988a6e49e9c/volumes/2ac0c42d-21bf-43e2-af3c-d80e1a5fa072 returned with HTTP 200 [pid: 8|app: 0|req: 473/944] 199.204.45.235 () {32 vars in 825 bytes} [Wed Jul 15 00:24:31 2026] GET /v3/8a6227ef6eb64bf886d24988a6e49e9c/volumes/2ac0c42d-21bf-43e2-af3c-d80e1a5fa072 => generated 1674 bytes in 35 msecs (HTTP/1.1 200) 7 headers in 286 bytes (1 switches on core 0)
2026-07-15 00:24:33.061 7 INFO cinder.api.openstack.wsgi [req-35977554-1c7b-41e3-8de9-d9f8cbc955b6 req-a21237bf-7fe5-4c25-a3d3-8ab4feefc296 1862b96833a1425592bd986eb85b7455 8a6227ef6eb64bf886d24988a6e49e9c - - default default] GET http://cinder-api.openstack.svc.cluster.local:8776/
2026-07-15 00:24:33.062 7 INFO cinder.api.openstack.wsgi [req-35977554-1c7b-41e3-8de9-d9f8cbc955b6 req-a21237bf-7fe5-4c25-a3d3-8ab4feefc296 1862b96833a1425592bd986eb85b7455 8a6227ef6eb64bf886d24988a6e49e9c - - default default] http://cinder-api.openstack.svc.cluster.local:8776/ returned with HTTP 300 [pid: 7|app: 0|req: 472/945] 199.204.45.235 () {32 vars in 840 bytes} [Wed Jul 15 00:24:33 2026] GET / => generated 411 bytes in 1 msecs (HTTP/1.1 300) 5 headers in 169 bytes (1 switches on core 0) /var/lib/openstack/lib/python3.12/site-packages/pycadf/identifier.py:70: UserWarning: Invalid uuid: cinderv3. To ensure interoperability, identifiers should be a valid uuid. warnings.warn(('Invalid uuid: %s. To ensure interoperability, '
2026-07-15 00:24:33.070 8 INFO cinder.api.openstack.wsgi [req-35977554-1c7b-41e3-8de9-d9f8cbc955b6 req-70af4763-7151-40a9-8456-19411bacf840 1862b96833a1425592bd986eb85b7455 8a6227ef6eb64bf886d24988a6e49e9c - - default default] GET http://cinder-api.openstack.svc.cluster.local:8776/v3/8a6227ef6eb64bf886d24988a6e49e9c/volumes/2ac0c42d-21bf-43e2-af3c-d80e1a5fa072 /var/lib/openstack/lib/python3.12/site-packages/oslo_context/context.py:101: DeprecationWarning: Policy enforcement is depending on the value of is_admin. This key is deprecated. Please update your policy file to use the standard policy values. warnings.warn(
2026-07-15 00:24:33.090 8 INFO cinder.volume.api [req-35977554-1c7b-41e3-8de9-d9f8cbc955b6 req-70af4763-7151-40a9-8456-19411bacf840 1862b96833a1425592bd986eb85b7455 8a6227ef6eb64bf886d24988a6e49e9c - - default default] Volume info retrieved successfully.
2026-07-15 00:24:33.095 8 INFO cinder.api.openstack.wsgi [req-35977554-1c7b-41e3-8de9-d9f8cbc955b6 req-70af4763-7151-40a9-8456-19411bacf840 1862b96833a1425592bd986eb85b7455 8a6227ef6eb64bf886d24988a6e49e9c - - default default] http://cinder-api.openstack.svc.cluster.local:8776/v3/8a6227ef6eb64bf886d24988a6e49e9c/volumes/2ac0c42d-21bf-43e2-af3c-d80e1a5fa072 returned with HTTP 200 [pid: 8|app: 0|req: 474/946] 199.204.45.235 () {36 vars in 1073 bytes} [Wed Jul 15 00:24:33 2026] GET /v3/8a6227ef6eb64bf886d24988a6e49e9c/volumes/2ac0c42d-21bf-43e2-af3c-d80e1a5fa072 => generated 1898 bytes in 31 msecs (HTTP/1.1 200) 7 headers in 287 bytes (1 switches on core 0) /var/lib/openstack/lib/python3.12/site-packages/pycadf/identifier.py:70: UserWarning: Invalid uuid: cinderv3. To ensure interoperability, identifiers should be a valid uuid. warnings.warn(('Invalid uuid: %s. To ensure interoperability, '
2026-07-15 00:24:33.169 7 INFO cinder.api.openstack.wsgi [req-35977554-1c7b-41e3-8de9-d9f8cbc955b6 req-9ad15ebd-cafc-416b-a3af-8a36acee5867 1862b96833a1425592bd986eb85b7455 8a6227ef6eb64bf886d24988a6e49e9c - - default default] PUT http://cinder-api.openstack.svc.cluster.local:8776/v3/8a6227ef6eb64bf886d24988a6e49e9c/attachments/0cd68e7c-a969-4a88-8ebf-3f748dede620 /var/lib/openstack/lib/python3.12/site-packages/oslo_context/context.py:101: DeprecationWarning: Policy enforcement is depending on the value of is_admin. This key is deprecated. Please update your policy file to use the standard policy values. warnings.warn( /var/lib/openstack/lib/python3.12/site-packages/pycadf/identifier.py:70: UserWarning: Invalid uuid: cinderv3. To ensure interoperability, identifiers should be a valid uuid. warnings.warn(('Invalid uuid: %s. To ensure interoperability, '
2026-07-15 00:24:34.101 8 INFO cinder.api.openstack.wsgi [req-facb6ed9-4604-49bb-a49f-5d5d58c37deb req-341d5d5e-aff7-4d7b-acb3-5b674ca73425 1862b96833a1425592bd986eb85b7455 8a6227ef6eb64bf886d24988a6e49e9c - - default default] GET http://cinder-api.openstack.svc.cluster.local:8776/v3/8a6227ef6eb64bf886d24988a6e49e9c/volumes/2ac0c42d-21bf-43e2-af3c-d80e1a5fa072 /var/lib/openstack/lib/python3.12/site-packages/oslo_context/context.py:101: DeprecationWarning: Policy enforcement is depending on the value of is_admin. This key is deprecated. Please update your policy file to use the standard policy values. warnings.warn(
2026-07-15 00:24:34.118 8 INFO cinder.volume.api [req-facb6ed9-4604-49bb-a49f-5d5d58c37deb req-341d5d5e-aff7-4d7b-acb3-5b674ca73425 1862b96833a1425592bd986eb85b7455 8a6227ef6eb64bf886d24988a6e49e9c - - default default] Volume info retrieved successfully.
2026-07-15 00:24:34.124 8 INFO cinder.api.openstack.wsgi [req-facb6ed9-4604-49bb-a49f-5d5d58c37deb req-341d5d5e-aff7-4d7b-acb3-5b674ca73425 1862b96833a1425592bd986eb85b7455 8a6227ef6eb64bf886d24988a6e49e9c - - default default] http://cinder-api.openstack.svc.cluster.local:8776/v3/8a6227ef6eb64bf886d24988a6e49e9c/volumes/2ac0c42d-21bf-43e2-af3c-d80e1a5fa072 returned with HTTP 200 [pid: 8|app: 0|req: 475/947] 199.204.45.235 () {32 vars in 825 bytes} [Wed Jul 15 00:24:34 2026] GET /v3/8a6227ef6eb64bf886d24988a6e49e9c/volumes/2ac0c42d-21bf-43e2-af3c-d80e1a5fa072 => generated 1675 bytes in 30 msecs (HTTP/1.1 200) 7 headers in 286 bytes (1 switches on core 0)
2026-07-15 00:24:34.205 7 INFO cinder.api.openstack.wsgi [req-35977554-1c7b-41e3-8de9-d9f8cbc955b6 req-9ad15ebd-cafc-416b-a3af-8a36acee5867 1862b96833a1425592bd986eb85b7455 8a6227ef6eb64bf886d24988a6e49e9c - - default default] http://cinder-api.openstack.svc.cluster.local:8776/v3/8a6227ef6eb64bf886d24988a6e49e9c/attachments/0cd68e7c-a969-4a88-8ebf-3f748dede620 returned with HTTP 200 [pid: 7|app: 0|req: 473/948] 199.204.45.235 () {40 vars in 1135 bytes} [Wed Jul 15 00:24:33 2026] PUT /v3/8a6227ef6eb64bf886d24988a6e49e9c/attachments/0cd68e7c-a969-4a88-8ebf-3f748dede620 => generated 802 bytes in 1043 msecs (HTTP/1.1 200) 7 headers in 286 bytes (1 switches on core 0) /var/lib/openstack/lib/python3.12/site-packages/pycadf/identifier.py:70: UserWarning: Invalid uuid: cinderv3. To ensure interoperability, identifiers should be a valid uuid. warnings.warn(('Invalid uuid: %s. To ensure interoperability, '
2026-07-15 00:24:34.725 8 INFO cinder.api.openstack.wsgi [req-35977554-1c7b-41e3-8de9-d9f8cbc955b6 req-f083ba28-ec21-4d98-9c5c-7cab3be570f5 1862b96833a1425592bd986eb85b7455 8a6227ef6eb64bf886d24988a6e49e9c - - default default] POST http://cinder-api.openstack.svc.cluster.local:8776/v3/8a6227ef6eb64bf886d24988a6e49e9c/attachments/0cd68e7c-a969-4a88-8ebf-3f748dede620/action /var/lib/openstack/lib/python3.12/site-packages/oslo_context/context.py:101: DeprecationWarning: Policy enforcement is depending on the value of is_admin. This key is deprecated. Please update your policy file to use the standard policy values. warnings.warn(
2026-07-15 00:24:34.764 8 INFO cinder.api.openstack.wsgi [req-35977554-1c7b-41e3-8de9-d9f8cbc955b6 req-f083ba28-ec21-4d98-9c5c-7cab3be570f5 1862b96833a1425592bd986eb85b7455 8a6227ef6eb64bf886d24988a6e49e9c - - default default] http://cinder-api.openstack.svc.cluster.local:8776/v3/8a6227ef6eb64bf886d24988a6e49e9c/attachments/0cd68e7c-a969-4a88-8ebf-3f748dede620/action returned with HTTP 204 [pid: 8|app: 0|req: 476/949] 199.204.45.235 () {40 vars in 1148 bytes} [Wed Jul 15 00:24:34 2026] POST /v3/8a6227ef6eb64bf886d24988a6e49e9c/attachments/0cd68e7c-a969-4a88-8ebf-3f748dede620/action => generated 0 bytes in 48 msecs (HTTP/1.1 204) 7 headers in 292 bytes (1 switches on core 0) /var/lib/openstack/lib/python3.12/site-packages/pycadf/identifier.py:70: UserWarning: Invalid uuid: cinderv3. To ensure interoperability, identifiers should be a valid uuid. warnings.warn(('Invalid uuid: %s. To ensure interoperability, '
2026-07-15 00:24:37.120 7 INFO cinder.api.openstack.wsgi [req-facb6ed9-4604-49bb-a49f-5d5d58c37deb req-1f22552c-2841-463b-b825-49fce87758c2 1862b96833a1425592bd986eb85b7455 8a6227ef6eb64bf886d24988a6e49e9c - - default default] GET http://cinder-api.openstack.svc.cluster.local:8776/v3/8a6227ef6eb64bf886d24988a6e49e9c/volumes/2ac0c42d-21bf-43e2-af3c-d80e1a5fa072 /var/lib/openstack/lib/python3.12/site-packages/oslo_context/context.py:101: DeprecationWarning: Policy enforcement is depending on the value of is_admin. This key is deprecated. Please update your policy file to use the standard policy values. warnings.warn(
2026-07-15 00:24:37.141 7 INFO cinder.volume.api [req-facb6ed9-4604-49bb-a49f-5d5d58c37deb req-1f22552c-2841-463b-b825-49fce87758c2 1862b96833a1425592bd986eb85b7455 8a6227ef6eb64bf886d24988a6e49e9c - - default default] Volume info retrieved successfully.
2026-07-15 00:24:37.148 7 INFO cinder.api.openstack.wsgi [req-facb6ed9-4604-49bb-a49f-5d5d58c37deb req-1f22552c-2841-463b-b825-49fce87758c2 1862b96833a1425592bd986eb85b7455 8a6227ef6eb64bf886d24988a6e49e9c - - default default] http://cinder-api.openstack.svc.cluster.local:8776/v3/8a6227ef6eb64bf886d24988a6e49e9c/volumes/2ac0c42d-21bf-43e2-af3c-d80e1a5fa072 returned with HTTP 200 [pid: 7|app: 0|req: 474/950] 199.204.45.235 () {32 vars in 825 bytes} [Wed Jul 15 00:24:37 2026] GET /v3/8a6227ef6eb64bf886d24988a6e49e9c/volumes/2ac0c42d-21bf-43e2-af3c-d80e1a5fa072 => generated 1973 bytes in 34 msecs (HTTP/1.1 200) 7 headers in 286 bytes (1 switches on core 0)
2026-07-15 00:24:37.457 8 INFO cinder.api.openstack.wsgi [req-35977554-1c7b-41e3-8de9-d9f8cbc955b6 req-f083ba28-ec21-4d98-9c5c-7cab3be570f5 1862b96833a1425592bd986eb85b7455 8a6227ef6eb64bf886d24988a6e49e9c - - default default] GET http://10.0.0.94:8776/
2026-07-15 00:24:37.458 8 INFO cinder.api.openstack.wsgi [req-35977554-1c7b-41e3-8de9-d9f8cbc955b6 req-f083ba28-ec21-4d98-9c5c-7cab3be570f5 1862b96833a1425592bd986eb85b7455 8a6227ef6eb64bf886d24988a6e49e9c - - default default] http://10.0.0.94:8776/ returned with HTTP 300
2026-07-15 00:24:37.458 7 INFO cinder.api.openstack.wsgi [req-facb6ed9-4604-49bb-a49f-5d5d58c37deb req-1f22552c-2841-463b-b825-49fce87758c2 1862b96833a1425592bd986eb85b7455 8a6227ef6eb64bf886d24988a6e49e9c - - default default] GET http://10.0.0.94:8776/
2026-07-15 00:24:37.459 7 INFO cinder.api.openstack.wsgi [req-facb6ed9-4604-49bb-a49f-5d5d58c37deb req-1f22552c-2841-463b-b825-49fce87758c2 1862b96833a1425592bd986eb85b7455 8a6227ef6eb64bf886d24988a6e49e9c - - default default] http://10.0.0.94:8776/ returned with HTTP 300 /var/lib/openstack/lib/python3.12/site-packages/pycadf/identifier.py:70: UserWarning: Invalid uuid: cinderv3. To ensure interoperability, identifiers should be a valid uuid. warnings.warn(('Invalid uuid: %s. To ensure interoperability, '
2026-07-15 00:24:39.978 8 INFO cinder.api.openstack.wsgi [req-facb6ed9-4604-49bb-a49f-5d5d58c37deb req-32c5f58c-dcde-452b-8c13-405dbae994ca 1862b96833a1425592bd986eb85b7455 8a6227ef6eb64bf886d24988a6e49e9c - - default default] GET http://cinder-api.openstack.svc.cluster.local:8776/v3/8a6227ef6eb64bf886d24988a6e49e9c/volumes/2ac0c42d-21bf-43e2-af3c-d80e1a5fa072 /var/lib/openstack/lib/python3.12/site-packages/oslo_context/context.py:101: DeprecationWarning: Policy enforcement is depending on the value of is_admin. This key is deprecated. Please update your policy file to use the standard policy values. warnings.warn(
2026-07-15 00:24:39.998 8 INFO cinder.volume.api [req-facb6ed9-4604-49bb-a49f-5d5d58c37deb req-32c5f58c-dcde-452b-8c13-405dbae994ca 1862b96833a1425592bd986eb85b7455 8a6227ef6eb64bf886d24988a6e49e9c - - default default] Volume info retrieved successfully.
2026-07-15 00:24:40.003 8 INFO cinder.api.openstack.wsgi [req-facb6ed9-4604-49bb-a49f-5d5d58c37deb req-32c5f58c-dcde-452b-8c13-405dbae994ca 1862b96833a1425592bd986eb85b7455 8a6227ef6eb64bf886d24988a6e49e9c - - default default] http://cinder-api.openstack.svc.cluster.local:8776/v3/8a6227ef6eb64bf886d24988a6e49e9c/volumes/2ac0c42d-21bf-43e2-af3c-d80e1a5fa072 returned with HTTP 200 [pid: 8|app: 0|req: 478/953] 199.204.45.235 () {32 vars in 825 bytes} [Wed Jul 15 00:24:39 2026] GET /v3/8a6227ef6eb64bf886d24988a6e49e9c/volumes/2ac0c42d-21bf-43e2-af3c-d80e1a5fa072 => generated 1973 bytes in 32 msecs (HTTP/1.1 200) 7 headers in 286 bytes (1 switches on core 0) /var/lib/openstack/lib/python3.12/site-packages/pycadf/identifier.py:70: UserWarning: Invalid uuid: cinderv3. To ensure interoperability, identifiers should be a valid uuid. warnings.warn(('Invalid uuid: %s. To ensure interoperability, '
2026-07-15 00:24:43.105 7 INFO cinder.api.openstack.wsgi [req-facb6ed9-4604-49bb-a49f-5d5d58c37deb req-75bdc338-1764-4100-8eef-d40742ff5637 1862b96833a1425592bd986eb85b7455 8a6227ef6eb64bf886d24988a6e49e9c - - default default] GET http://cinder-api.openstack.svc.cluster.local:8776/v3/8a6227ef6eb64bf886d24988a6e49e9c/volumes/2ac0c42d-21bf-43e2-af3c-d80e1a5fa072 /var/lib/openstack/lib/python3.12/site-packages/oslo_context/context.py:101: DeprecationWarning: Policy enforcement is depending on the value of is_admin. This key is deprecated. Please update your policy file to use the standard policy values. warnings.warn(
2026-07-15 00:24:43.124 7 INFO cinder.volume.api [req-facb6ed9-4604-49bb-a49f-5d5d58c37deb req-75bdc338-1764-4100-8eef-d40742ff5637 1862b96833a1425592bd986eb85b7455 8a6227ef6eb64bf886d24988a6e49e9c - - default default] Volume info retrieved successfully.
2026-07-15 00:24:43.129 7 INFO cinder.api.openstack.wsgi [req-facb6ed9-4604-49bb-a49f-5d5d58c37deb req-75bdc338-1764-4100-8eef-d40742ff5637 1862b96833a1425592bd986eb85b7455 8a6227ef6eb64bf886d24988a6e49e9c - - default default] http://cinder-api.openstack.svc.cluster.local:8776/v3/8a6227ef6eb64bf886d24988a6e49e9c/volumes/2ac0c42d-21bf-43e2-af3c-d80e1a5fa072 returned with HTTP 200 [pid: 7|app: 0|req: 476/954] 199.204.45.235 () {32 vars in 825 bytes} [Wed Jul 15 00:24:43 2026] GET /v3/8a6227ef6eb64bf886d24988a6e49e9c/volumes/2ac0c42d-21bf-43e2-af3c-d80e1a5fa072 => generated 1973 bytes in 32 msecs (HTTP/1.1 200) 7 headers in 286 bytes (1 switches on core 0) /var/lib/openstack/lib/python3.12/site-packages/pycadf/identifier.py:70: UserWarning: Invalid uuid: cinderv3. To ensure interoperability, identifiers should be a valid uuid. warnings.warn(('Invalid uuid: %s. To ensure interoperability, '
2026-07-15 00:24:44.237 8 INFO cinder.api.openstack.wsgi [None req-e3a6f632-b575-4ab9-9b07-73a8e3fe8de7 1862b96833a1425592bd986eb85b7455 8a6227ef6eb64bf886d24988a6e49e9c - - default default] GET http://cinder-api.openstack.svc.cluster.local:8776/v3/8a6227ef6eb64bf886d24988a6e49e9c/volumes/detail?all_tenants=true
2026-07-15 00:24:44.252 8 INFO cinder.volume.api [None req-e3a6f632-b575-4ab9-9b07-73a8e3fe8de7 1862b96833a1425592bd986eb85b7455 8a6227ef6eb64bf886d24988a6e49e9c - - default default] Get all volumes completed successfully. /var/lib/openstack/lib/python3.12/site-packages/oslo_context/context.py:101: DeprecationWarning: Policy enforcement is depending on the value of is_admin. This key is deprecated. Please update your policy file to use the standard policy values. warnings.warn(
2026-07-15 00:24:44.258 8 INFO cinder.api.openstack.wsgi [None req-e3a6f632-b575-4ab9-9b07-73a8e3fe8de7 1862b96833a1425592bd986eb85b7455 8a6227ef6eb64bf886d24988a6e49e9c - - default default] http://cinder-api.openstack.svc.cluster.local:8776/v3/8a6227ef6eb64bf886d24988a6e49e9c/volumes/detail?all_tenants=true returned with HTTP 200 [pid: 8|app: 0|req: 479/955] 10.0.0.236 () {28 vars in 684 bytes} [Wed Jul 15 00:24:44 2026] GET /v3/8a6227ef6eb64bf886d24988a6e49e9c/volumes/detail?all_tenants=true => generated 1976 bytes in 127 msecs (HTTP/1.1 200) 7 headers in 286 bytes (1 switches on core 0) /var/lib/openstack/lib/python3.12/site-packages/pycadf/identifier.py:70: UserWarning: Invalid uuid: cinderv3. To ensure interoperability, identifiers should be a valid uuid. warnings.warn(('Invalid uuid: %s. To ensure interoperability, '
2026-07-15 00:24:44.272 7 INFO cinder.api.openstack.wsgi [None req-2bdca1cd-7c39-4966-9ec9-3fbabc621834 1862b96833a1425592bd986eb85b7455 8a6227ef6eb64bf886d24988a6e49e9c - - default default] GET http://cinder-api.openstack.svc.cluster.local:8776/v3/8a6227ef6eb64bf886d24988a6e49e9c/os-services
2026-07-15 00:24:44.277 7 INFO cinder.api.openstack.wsgi [None req-2bdca1cd-7c39-4966-9ec9-3fbabc621834 1862b96833a1425592bd986eb85b7455 8a6227ef6eb64bf886d24988a6e49e9c - - default default] http://cinder-api.openstack.svc.cluster.local:8776/v3/8a6227ef6eb64bf886d24988a6e49e9c/os-services returned with HTTP 200 [pid: 7|app: 0|req: 477/956] 10.0.0.236 () {28 vars in 645 bytes} [Wed Jul 15 00:24:44 2026] GET /v3/8a6227ef6eb64bf886d24988a6e49e9c/os-services => generated 646 bytes in 12 msecs (HTTP/1.1 200) 7 headers in 285 bytes (1 switches on core 0) /var/lib/openstack/lib/python3.12/site-packages/pycadf/identifier.py:70: UserWarning: Invalid uuid: cinderv3. To ensure interoperability, identifiers should be a valid uuid. warnings.warn(('Invalid uuid: %s. To ensure interoperability, '
2026-07-15 00:24:44.286 8 INFO cinder.api.openstack.wsgi [None req-b2e18b1d-789f-4b0e-9f75-89b3bbb3b1bc 1862b96833a1425592bd986eb85b7455 8a6227ef6eb64bf886d24988a6e49e9c - - default default] GET http://cinder-api.openstack.svc.cluster.local:8776/v3/8a6227ef6eb64bf886d24988a6e49e9c/snapshots?all_tenants=true
2026-07-15 00:24:44.294 8 INFO cinder.volume.api [None req-b2e18b1d-789f-4b0e-9f75-89b3bbb3b1bc 1862b96833a1425592bd986eb85b7455 8a6227ef6eb64bf886d24988a6e49e9c - - default default] Get all snapshots completed successfully.
2026-07-15 00:24:44.295 8 INFO cinder.api.openstack.wsgi [None req-b2e18b1d-789f-4b0e-9f75-89b3bbb3b1bc 1862b96833a1425592bd986eb85b7455 8a6227ef6eb64bf886d24988a6e49e9c - - default default] http://cinder-api.openstack.svc.cluster.local:8776/v3/8a6227ef6eb64bf886d24988a6e49e9c/snapshots?all_tenants=true returned with HTTP 200 [pid: 8|app: 0|req: 480/957] 10.0.0.236 () {28 vars in 674 bytes} [Wed Jul 15 00:24:44 2026] GET /v3/8a6227ef6eb64bf886d24988a6e49e9c/snapshots?all_tenants=true => generated 17 bytes in 17 msecs (HTTP/1.1 200) 7 headers in 284 bytes (1 switches on core 0)
2026-07-15 00:24:44.307 7 INFO cinder.api.openstack.wsgi [None req-f1bfc600-d76f-4901-9820-1123335cfd2d 1862b96833a1425592bd986eb85b7455 8a6227ef6eb64bf886d24988a6e49e9c - - default default] GET http://cinder-api.openstack.svc.cluster.local:8776/v3/8a6227ef6eb64bf886d24988a6e49e9c/volumes/detail?all_tenants=true
2026-07-15 00:24:44.330 7 INFO cinder.volume.api [None req-f1bfc600-d76f-4901-9820-1123335cfd2d 1862b96833a1425592bd986eb85b7455 8a6227ef6eb64bf886d24988a6e49e9c - - default default] Get all volumes completed successfully. /var/lib/openstack/lib/python3.12/site-packages/oslo_context/context.py:101: DeprecationWarning: Policy enforcement is depending on the value of is_admin. This key is deprecated. Please update your policy file to use the standard policy values. warnings.warn(
2026-07-15 00:24:44.338 7 INFO cinder.api.openstack.wsgi [None req-f1bfc600-d76f-4901-9820-1123335cfd2d 1862b96833a1425592bd986eb85b7455 8a6227ef6eb64bf886d24988a6e49e9c - - default default] http://cinder-api.openstack.svc.cluster.local:8776/v3/8a6227ef6eb64bf886d24988a6e49e9c/volumes/detail?all_tenants=true returned with HTTP 200 [pid: 7|app: 0|req: 478/958] 10.0.0.236 () {28 vars in 684 bytes} [Wed Jul 15 00:24:44 2026] GET /v3/8a6227ef6eb64bf886d24988a6e49e9c/volumes/detail?all_tenants=true => generated 1976 bytes in 37 msecs (HTTP/1.1 200) 7 headers in 286 bytes (1 switches on core 0)
