2026-07-25 15:00:44.952 8 INFO cinder.api.openstack.wsgi [None req-1cc730da-36a7-48a7-98c8-468e3e311f09 67a3127f64d349679ebdcf0a2d90e6af 51c10db81fb042c1a540df1bae8ecdae - - default default] http://10.0.0.20:8776/ returned with HTTP 300
2026-07-25 15:00:44.953 7 INFO cinder.api.openstack.wsgi [None req-905b9b0f-854b-4ecf-8a50-b34862c11cb9 67a3127f64d349679ebdcf0a2d90e6af 51c10db81fb042c1a540df1bae8ecdae - - default default] http://10.0.0.20:8776/ returned with HTTP 300
2026-07-25 15:00:54.951 7 INFO cinder.api.openstack.wsgi [None req-905b9b0f-854b-4ecf-8a50-b34862c11cb9 67a3127f64d349679ebdcf0a2d90e6af 51c10db81fb042c1a540df1bae8ecdae - - default default] GET http://10.0.0.20:8776/
2026-07-25 15:00:54.951 8 INFO cinder.api.openstack.wsgi [None req-1cc730da-36a7-48a7-98c8-468e3e311f09 67a3127f64d349679ebdcf0a2d90e6af 51c10db81fb042c1a540df1bae8ecdae - - default default] GET http://10.0.0.20:8776/
2026-07-25 15:00:54.952 7 INFO cinder.api.openstack.wsgi [None req-905b9b0f-854b-4ecf-8a50-b34862c11cb9 67a3127f64d349679ebdcf0a2d90e6af 51c10db81fb042c1a540df1bae8ecdae - - default default] http://10.0.0.20:8776/ returned with HTTP 300
2026-07-25 15:00:54.953 8 INFO cinder.api.openstack.wsgi [None req-1cc730da-36a7-48a7-98c8-468e3e311f09 67a3127f64d349679ebdcf0a2d90e6af 51c10db81fb042c1a540df1bae8ecdae - - default default] http://10.0.0.20:8776/ returned with HTTP 300
2026-07-25 15:00:57.922 7 INFO cinder.api.openstack.wsgi [req-6ad8d6f8-3d4e-4fbb-9c0d-7494319ea16b req-f265f178-61c1-429c-a12e-52af469ff2a0 3b8b259802bf4886a273dfacf735b262 1a34f197865248d1a73a7ca1787acf81 - - default default] GET http://cinder-api.openstack.svc.cluster.local:8776/v3/1a34f197865248d1a73a7ca1787acf81/attachments?instance_id=a718f234-469a-4ea6-ad93-0e40b4436191
2026-07-25 15:00:57.942 7 INFO cinder.api.openstack.wsgi [req-6ad8d6f8-3d4e-4fbb-9c0d-7494319ea16b req-f265f178-61c1-429c-a12e-52af469ff2a0 3b8b259802bf4886a273dfacf735b262 1a34f197865248d1a73a7ca1787acf81 - - default default] http://cinder-api.openstack.svc.cluster.local:8776/v3/1a34f197865248d1a73a7ca1787acf81/attachments?instance_id=a718f234-469a-4ea6-ad93-0e40b4436191 returned with HTTP 200 [pid: 7|app: 0|req: 229/448] 199.204.45.129 () {36 vars in 1104 bytes} [Sat Jul 25 15:00:57 2026] GET /v3/1a34f197865248d1a73a7ca1787acf81/attachments?instance_id=a718f234-469a-4ea6-ad93-0e40b4436191 => generated 19 bytes in 33 msecs (HTTP/1.1 200) 7 headers in 285 bytes (1 switches on core 0)
2026-07-25 15:01:04.466 8 INFO cinder.api.openstack.wsgi [None req-17625837-be90-4a67-99e7-e847ef0b572e 67a3127f64d349679ebdcf0a2d90e6af 51c10db81fb042c1a540df1bae8ecdae - - default default] GET http://cinder-api.openstack.svc.cluster.local:8776/v3/51c10db81fb042c1a540df1bae8ecdae/snapshots?all_tenants=true
2026-07-25 15:01:04.472 8 INFO cinder.volume.api [None req-17625837-be90-4a67-99e7-e847ef0b572e 67a3127f64d349679ebdcf0a2d90e6af 51c10db81fb042c1a540df1bae8ecdae - - default default] Get all snapshots completed successfully.
2026-07-25 15:01:04.472 8 INFO cinder.api.openstack.wsgi [None req-17625837-be90-4a67-99e7-e847ef0b572e 67a3127f64d349679ebdcf0a2d90e6af 51c10db81fb042c1a540df1bae8ecdae - - default default] http://cinder-api.openstack.svc.cluster.local:8776/v3/51c10db81fb042c1a540df1bae8ecdae/snapshots?all_tenants=true returned with HTTP 200 [pid: 8|app: 0|req: 220/449] 10.0.0.75 () {28 vars in 673 bytes} [Sat Jul 25 15:01:04 2026] GET /v3/51c10db81fb042c1a540df1bae8ecdae/snapshots?all_tenants=true => generated 17 bytes in 126 msecs (HTTP/1.1 200) 7 headers in 284 bytes (1 switches on core 0)
2026-07-25 15:01:04.484 7 INFO cinder.api.openstack.wsgi [None req-1a252795-ebbc-4565-957a-94c6555e5dcc 67a3127f64d349679ebdcf0a2d90e6af 51c10db81fb042c1a540df1bae8ecdae - - default default] GET http://cinder-api.openstack.svc.cluster.local:8776/v3/51c10db81fb042c1a540df1bae8ecdae/scheduler-stats/get_pools?detail=true
2026-07-25 15:01:04.952 8 INFO cinder.api.openstack.wsgi [None req-17625837-be90-4a67-99e7-e847ef0b572e 67a3127f64d349679ebdcf0a2d90e6af 51c10db81fb042c1a540df1bae8ecdae - - default default] GET http://10.0.0.20:8776/
2026-07-25 15:01:04.953 8 INFO cinder.api.openstack.wsgi [None req-17625837-be90-4a67-99e7-e847ef0b572e 67a3127f64d349679ebdcf0a2d90e6af 51c10db81fb042c1a540df1bae8ecdae - - default default] http://10.0.0.20:8776/ returned with HTTP 300
2026-07-25 15:01:04.954 8 INFO cinder.api.openstack.wsgi [None req-17625837-be90-4a67-99e7-e847ef0b572e 67a3127f64d349679ebdcf0a2d90e6af 51c10db81fb042c1a540df1bae8ecdae - - default default] GET http://10.0.0.20:8776/
2026-07-25 15:01:04.955 8 INFO cinder.api.openstack.wsgi [None req-17625837-be90-4a67-99e7-e847ef0b572e 67a3127f64d349679ebdcf0a2d90e6af 51c10db81fb042c1a540df1bae8ecdae - - default default] http://10.0.0.20:8776/ returned with HTTP 300
2026-07-25 15:01:04.987 7 INFO cinder.api.openstack.wsgi [None req-1a252795-ebbc-4565-957a-94c6555e5dcc 67a3127f64d349679ebdcf0a2d90e6af 51c10db81fb042c1a540df1bae8ecdae - - default default] http://cinder-api.openstack.svc.cluster.local:8776/v3/51c10db81fb042c1a540df1bae8ecdae/scheduler-stats/get_pools?detail=true returned with HTTP 200 [pid: 7|app: 0|req: 230/452] 10.0.0.75 () {28 vars in 695 bytes} [Sat Jul 25 15:01:04 2026] GET /v3/51c10db81fb042c1a540df1bae8ecdae/scheduler-stats/get_pools?detail=true => generated 670 bytes in 510 msecs (HTTP/1.1 200) 7 headers in 285 bytes (1 switches on core 0)
2026-07-25 15:01:05.000 8 INFO cinder.api.openstack.wsgi [None req-a362b5bf-9e8b-44f1-abde-c25f930a8d56 67a3127f64d349679ebdcf0a2d90e6af 51c10db81fb042c1a540df1bae8ecdae - - default default] GET http://cinder-api.openstack.svc.cluster.local:8776/v3/51c10db81fb042c1a540df1bae8ecdae/volumes/detail?all_tenants=true
2026-07-25 15:01:05.015 8 INFO cinder.volume.api [None req-a362b5bf-9e8b-44f1-abde-c25f930a8d56 67a3127f64d349679ebdcf0a2d90e6af 51c10db81fb042c1a540df1bae8ecdae - - default default] Get all volumes completed successfully.
2026-07-25 15:01:05.018 8 INFO cinder.api.openstack.wsgi [None req-a362b5bf-9e8b-44f1-abde-c25f930a8d56 67a3127f64d349679ebdcf0a2d90e6af 51c10db81fb042c1a540df1bae8ecdae - - default default] http://cinder-api.openstack.svc.cluster.local:8776/v3/51c10db81fb042c1a540df1bae8ecdae/volumes/detail?all_tenants=true returned with HTTP 200 [pid: 8|app: 0|req: 223/453] 10.0.0.75 () {28 vars in 683 bytes} [Sat Jul 25 15:01:04 2026] GET /v3/51c10db81fb042c1a540df1bae8ecdae/volumes/detail?all_tenants=true => generated 15 bytes in 25 msecs (HTTP/1.1 200) 7 headers in 284 bytes (1 switches on core 0)
2026-07-25 15:01:05.030 7 INFO cinder.api.openstack.wsgi [None req-fe7f9805-8d10-4281-9b1b-d4dd7352938b 67a3127f64d349679ebdcf0a2d90e6af 51c10db81fb042c1a540df1bae8ecdae - - default default] GET http://cinder-api.openstack.svc.cluster.local:8776/v3/51c10db81fb042c1a540df1bae8ecdae/os-services
2026-07-25 15:01:05.037 7 INFO cinder.api.openstack.wsgi [None req-fe7f9805-8d10-4281-9b1b-d4dd7352938b 67a3127f64d349679ebdcf0a2d90e6af 51c10db81fb042c1a540df1bae8ecdae - - default default] http://cinder-api.openstack.svc.cluster.local:8776/v3/51c10db81fb042c1a540df1bae8ecdae/os-services returned with HTTP 200 [pid: 7|app: 0|req: 231/454] 10.0.0.75 () {28 vars in 644 bytes} [Sat Jul 25 15:01:05 2026] GET /v3/51c10db81fb042c1a540df1bae8ecdae/os-services => generated 646 bytes in 14 msecs (HTTP/1.1 200) 7 headers in 285 bytes (1 switches on core 0)
2026-07-25 15:01:05.094 8 INFO cinder.api.openstack.wsgi [None req-f214e9c0-26d2-4eed-a9e7-2a20ad4f92a9 67a3127f64d349679ebdcf0a2d90e6af 51c10db81fb042c1a540df1bae8ecdae - - default default] GET http://cinder-api.openstack.svc.cluster.local:8776/v3/51c10db81fb042c1a540df1bae8ecdae/os-quota-sets/1a34f197865248d1a73a7ca1787acf81?usage=true
2026-07-25 15:01:05.118 8 INFO cinder.api.openstack.wsgi [None req-f214e9c0-26d2-4eed-a9e7-2a20ad4f92a9 67a3127f64d349679ebdcf0a2d90e6af 51c10db81fb042c1a540df1bae8ecdae - - default default] http://cinder-api.openstack.svc.cluster.local:8776/v3/51c10db81fb042c1a540df1bae8ecdae/os-quota-sets/1a34f197865248d1a73a7ca1787acf81?usage=true returned with HTTP 200 [pid: 8|app: 0|req: 224/455] 10.0.0.75 () {28 vars in 735 bytes} [Sat Jul 25 15:01:05 2026] GET /v3/51c10db81fb042c1a540df1bae8ecdae/os-quota-sets/1a34f197865248d1a73a7ca1787acf81?usage=true => generated 847 bytes in 34 msecs (HTTP/1.1 200) 7 headers in 285 bytes (1 switches on core 0)
2026-07-25 15:01:05.135 7 INFO cinder.api.openstack.wsgi [None req-e82112aa-89ae-47a2-8004-f392eb16b18d 67a3127f64d349679ebdcf0a2d90e6af 51c10db81fb042c1a540df1bae8ecdae - - default default] GET http://cinder-api.openstack.svc.cluster.local:8776/v3/51c10db81fb042c1a540df1bae8ecdae/os-quota-sets/51c10db81fb042c1a540df1bae8ecdae?usage=true
2026-07-25 15:01:05.180 7 INFO cinder.api.openstack.wsgi [None req-e82112aa-89ae-47a2-8004-f392eb16b18d 67a3127f64d349679ebdcf0a2d90e6af 51c10db81fb042c1a540df1bae8ecdae - - default default] http://cinder-api.openstack.svc.cluster.local:8776/v3/51c10db81fb042c1a540df1bae8ecdae/os-quota-sets/51c10db81fb042c1a540df1bae8ecdae?usage=true returned with HTTP 200 [pid: 7|app: 0|req: 232/456] 10.0.0.75 () {28 vars in 735 bytes} [Sat Jul 25 15:01:05 2026] GET /v3/51c10db81fb042c1a540df1bae8ecdae/os-quota-sets/51c10db81fb042c1a540df1bae8ecdae?usage=true => generated 845 bytes in 51 msecs (HTTP/1.1 200) 7 headers in 285 bytes (1 switches on core 0)
2026-07-25 15:01:05.196 8 INFO cinder.api.openstack.wsgi [None req-c96d1557-c0b4-4917-acab-4ed16b78a8e5 67a3127f64d349679ebdcf0a2d90e6af 51c10db81fb042c1a540df1bae8ecdae - - default default] GET http://cinder-api.openstack.svc.cluster.local:8776/v3/51c10db81fb042c1a540df1bae8ecdae/os-quota-sets/78f1cfb227ec4583b0bc45d2caa342ad?usage=true
2026-07-25 15:01:05.224 8 INFO cinder.api.openstack.wsgi [None req-c96d1557-c0b4-4917-acab-4ed16b78a8e5 67a3127f64d349679ebdcf0a2d90e6af 51c10db81fb042c1a540df1bae8ecdae - - default default] http://cinder-api.openstack.svc.cluster.local:8776/v3/51c10db81fb042c1a540df1bae8ecdae/os-quota-sets/78f1cfb227ec4583b0bc45d2caa342ad?usage=true returned with HTTP 200 [pid: 8|app: 0|req: 225/457] 10.0.0.75 () {28 vars in 735 bytes} [Sat Jul 25 15:01:05 2026] GET /v3/51c10db81fb042c1a540df1bae8ecdae/os-quota-sets/78f1cfb227ec4583b0bc45d2caa342ad?usage=true => generated 847 bytes in 40 msecs (HTTP/1.1 200) 7 headers in 285 bytes (1 switches on core 0)
2026-07-25 15:01:05.237 7 INFO cinder.api.openstack.wsgi [None req-38187576-7d0e-432f-9496-cb84c8135364 67a3127f64d349679ebdcf0a2d90e6af 51c10db81fb042c1a540df1bae8ecdae - - default default] GET http://cinder-api.openstack.svc.cluster.local:8776/v3/51c10db81fb042c1a540df1bae8ecdae/os-quota-sets/90eae45c53a846c686d88dc3717d4456?usage=true
2026-07-25 15:01:05.264 7 INFO cinder.api.openstack.wsgi [None req-38187576-7d0e-432f-9496-cb84c8135364 67a3127f64d349679ebdcf0a2d90e6af 51c10db81fb042c1a540df1bae8ecdae - - default default] http://cinder-api.openstack.svc.cluster.local:8776/v3/51c10db81fb042c1a540df1bae8ecdae/os-quota-sets/90eae45c53a846c686d88dc3717d4456?usage=true returned with HTTP 200 [pid: 7|app: 0|req: 233/458] 10.0.0.75 () {28 vars in 735 bytes} [Sat Jul 25 15:01:05 2026] GET /v3/51c10db81fb042c1a540df1bae8ecdae/os-quota-sets/90eae45c53a846c686d88dc3717d4456?usage=true => generated 845 bytes in 36 msecs (HTTP/1.1 200) 7 headers in 285 bytes (1 switches on core 0)
2026-07-25 15:01:05.278 8 INFO cinder.api.openstack.wsgi [None req-df1fd674-64d2-4f61-b2ec-3667e1932695 67a3127f64d349679ebdcf0a2d90e6af 51c10db81fb042c1a540df1bae8ecdae - - default default] GET http://cinder-api.openstack.svc.cluster.local:8776/v3/51c10db81fb042c1a540df1bae8ecdae/os-quota-sets/91050834d0424470a18e6b916ba317cd?usage=true
2026-07-25 15:01:05.304 8 INFO cinder.api.openstack.wsgi [None req-df1fd674-64d2-4f61-b2ec-3667e1932695 67a3127f64d349679ebdcf0a2d90e6af 51c10db81fb042c1a540df1bae8ecdae - - default default] http://cinder-api.openstack.svc.cluster.local:8776/v3/51c10db81fb042c1a540df1bae8ecdae/os-quota-sets/91050834d0424470a18e6b916ba317cd?usage=true returned with HTTP 200 [pid: 8|app: 0|req: 226/459] 10.0.0.75 () {28 vars in 735 bytes} [Sat Jul 25 15:01:05 2026] GET /v3/51c10db81fb042c1a540df1bae8ecdae/os-quota-sets/91050834d0424470a18e6b916ba317cd?usage=true => generated 847 bytes in 36 msecs (HTTP/1.1 200) 7 headers in 285 bytes (1 switches on core 0)
2026-07-25 15:01:05.316 7 INFO cinder.api.openstack.wsgi [None req-7841f1c5-1f14-4899-85ff-bea5b7a23167 67a3127f64d349679ebdcf0a2d90e6af 51c10db81fb042c1a540df1bae8ecdae - - default default] GET http://cinder-api.openstack.svc.cluster.local:8776/v3/51c10db81fb042c1a540df1bae8ecdae/os-quota-sets/dfc095883529433a9f202076b0b8b218?usage=true
2026-07-25 15:01:05.347 7 INFO cinder.api.openstack.wsgi [None req-7841f1c5-1f14-4899-85ff-bea5b7a23167 67a3127f64d349679ebdcf0a2d90e6af 51c10db81fb042c1a540df1bae8ecdae - - default default] http://cinder-api.openstack.svc.cluster.local:8776/v3/51c10db81fb042c1a540df1bae8ecdae/os-quota-sets/dfc095883529433a9f202076b0b8b218?usage=true returned with HTTP 200 [pid: 7|app: 0|req: 234/460] 10.0.0.75 () {28 vars in 735 bytes} [Sat Jul 25 15:01:05 2026] GET /v3/51c10db81fb042c1a540df1bae8ecdae/os-quota-sets/dfc095883529433a9f202076b0b8b218?usage=true => generated 847 bytes in 39 msecs (HTTP/1.1 200) 7 headers in 285 bytes (1 switches on core 0)
2026-07-25 15:01:05.357 8 INFO cinder.api.openstack.wsgi [None req-abd13158-c850-42de-b638-0a3e52832507 67a3127f64d349679ebdcf0a2d90e6af 51c10db81fb042c1a540df1bae8ecdae - - default default] GET http://cinder-api.openstack.svc.cluster.local:8776/v3/51c10db81fb042c1a540df1bae8ecdae/os-quota-sets/ed34b5f757f64232a454f8e53e31ab64?usage=true
2026-07-25 15:01:05.405 8 INFO cinder.api.openstack.wsgi [None req-abd13158-c850-42de-b638-0a3e52832507 67a3127f64d349679ebdcf0a2d90e6af 51c10db81fb042c1a540df1bae8ecdae - - default default] http://cinder-api.openstack.svc.cluster.local:8776/v3/51c10db81fb042c1a540df1bae8ecdae/os-quota-sets/ed34b5f757f64232a454f8e53e31ab64?usage=true returned with HTTP 200 [pid: 8|app: 0|req: 227/461] 10.0.0.75 () {28 vars in 735 bytes} [Sat Jul 25 15:01:05 2026] GET /v3/51c10db81fb042c1a540df1bae8ecdae/os-quota-sets/ed34b5f757f64232a454f8e53e31ab64?usage=true => generated 847 bytes in 56 msecs (HTTP/1.1 200) 7 headers in 285 bytes (1 switches on core 0)
2026-07-25 15:01:05.418 7 INFO cinder.api.openstack.wsgi [None req-06635502-076e-41d1-a739-69e6d1f99fa0 67a3127f64d349679ebdcf0a2d90e6af 51c10db81fb042c1a540df1bae8ecdae - - default default] GET http://cinder-api.openstack.svc.cluster.local:8776/v3/51c10db81fb042c1a540df1bae8ecdae/volumes/detail?all_tenants=true
2026-07-25 15:01:05.429 7 INFO cinder.volume.api [None req-06635502-076e-41d1-a739-69e6d1f99fa0 67a3127f64d349679ebdcf0a2d90e6af 51c10db81fb042c1a540df1bae8ecdae - - default default] Get all volumes completed successfully.
2026-07-25 15:01:05.431 7 INFO cinder.api.openstack.wsgi [None req-06635502-076e-41d1-a739-69e6d1f99fa0 67a3127f64d349679ebdcf0a2d90e6af 51c10db81fb042c1a540df1bae8ecdae - - default default] http://cinder-api.openstack.svc.cluster.local:8776/v3/51c10db81fb042c1a540df1bae8ecdae/volumes/detail?all_tenants=true returned with HTTP 200 [pid: 7|app: 0|req: 235/462] 10.0.0.75 () {28 vars in 683 bytes} [Sat Jul 25 15:01:05 2026] GET /v3/51c10db81fb042c1a540df1bae8ecdae/volumes/detail?all_tenants=true => generated 15 bytes in 22 msecs (HTTP/1.1 200) 7 headers in 284 bytes (1 switches on core 0)
2026-07-25 15:01:11.277 8 INFO cinder.api.openstack.wsgi [None req-2e97c651-8585-4c07-99bb-d0d360075dc4 64cc3dec4f4b4af88195229e7897685e 91050834d0424470a18e6b916ba317cd - - default default] POST http://cinder-api.openstack.svc.cluster.local:8776/v3/91050834d0424470a18e6b916ba317cd/volumes
2026-07-25 15:01:11.913 8 INFO cinder.api.v3.volumes [None req-2e97c651-8585-4c07-99bb-d0d360075dc4 64cc3dec4f4b4af88195229e7897685e 91050834d0424470a18e6b916ba317cd - - default default] Create volume of 1 GB
2026-07-25 15:01:11.926 8 INFO cinder.volume.api [None req-2e97c651-8585-4c07-99bb-d0d360075dc4 64cc3dec4f4b4af88195229e7897685e 91050834d0424470a18e6b916ba317cd - - default default] Availability Zones retrieved successfully.
2026-07-25 15:01:12.243 8 INFO cinder.volume.api [None req-2e97c651-8585-4c07-99bb-d0d360075dc4 64cc3dec4f4b4af88195229e7897685e 91050834d0424470a18e6b916ba317cd - - default default] Create volume request issued successfully.
2026-07-25 15:01:12.244 8 INFO cinder.api.openstack.wsgi [None req-2e97c651-8585-4c07-99bb-d0d360075dc4 64cc3dec4f4b4af88195229e7897685e 91050834d0424470a18e6b916ba317cd - - default default] http://cinder-api.openstack.svc.cluster.local:8776/v3/91050834d0424470a18e6b916ba317cd/volumes returned with HTTP 202 [pid: 8|app: 0|req: 228/463] 10.0.0.174 () {34 vars in 723 bytes} [Sat Jul 25 15:01:11 2026] POST /v3/91050834d0424470a18e6b916ba317cd/volumes => generated 865 bytes in 975 msecs (HTTP/1.1 202) 7 headers in 291 bytes (1 switches on core 0)
2026-07-25 15:01:12.259 7 INFO cinder.api.openstack.wsgi [None req-b522bd6b-4e62-4e59-9474-8023ee5b1629 64cc3dec4f4b4af88195229e7897685e 91050834d0424470a18e6b916ba317cd - - default default] GET http://cinder-api.openstack.svc.cluster.local:8776/v3/91050834d0424470a18e6b916ba317cd/volumes/dc47d375-60fd-4545-84d6-812cc881242f /var/lib/openstack/lib/python3.12/site-packages/oslo_context/context.py:101: DeprecationWarning: Policy enforcement is depending on the value of is_admin. This key is deprecated. Please update your policy file to use the standard policy values. warnings.warn(
2026-07-25 15:01:12.293 7 INFO cinder.volume.api [None req-b522bd6b-4e62-4e59-9474-8023ee5b1629 64cc3dec4f4b4af88195229e7897685e 91050834d0424470a18e6b916ba317cd - - default default] Volume info retrieved successfully.
2026-07-25 15:01:12.301 7 INFO cinder.api.openstack.wsgi [None req-b522bd6b-4e62-4e59-9474-8023ee5b1629 64cc3dec4f4b4af88195229e7897685e 91050834d0424470a18e6b916ba317cd - - default default] http://cinder-api.openstack.svc.cluster.local:8776/v3/91050834d0424470a18e6b916ba317cd/volumes/dc47d375-60fd-4545-84d6-812cc881242f returned with HTTP 200 [pid: 7|app: 0|req: 236/464] 10.0.0.174 () {32 vars in 775 bytes} [Sat Jul 25 15:01:12 2026] GET /v3/91050834d0424470a18e6b916ba317cd/volumes/dc47d375-60fd-4545-84d6-812cc881242f => generated 933 bytes in 47 msecs (HTTP/1.1 200) 7 headers in 285 bytes (1 switches on core 0) /var/lib/openstack/lib/python3.12/site-packages/pycadf/identifier.py:70: UserWarning: Invalid uuid: cinderv3. To ensure interoperability, identifiers should be a valid uuid. warnings.warn(('Invalid uuid: %s. To ensure interoperability, '
2026-07-25 15:01:13.322 8 INFO cinder.api.openstack.wsgi [None req-5fcab7dd-2a23-4cf4-b15a-c5cc51cb69be 64cc3dec4f4b4af88195229e7897685e 91050834d0424470a18e6b916ba317cd - - default default] GET http://cinder-api.openstack.svc.cluster.local:8776/v3/91050834d0424470a18e6b916ba317cd/volumes/dc47d375-60fd-4545-84d6-812cc881242f /var/lib/openstack/lib/python3.12/site-packages/oslo_context/context.py:101: DeprecationWarning: Policy enforcement is depending on the value of is_admin. This key is deprecated. Please update your policy file to use the standard policy values. warnings.warn(
2026-07-25 15:01:13.348 8 INFO cinder.volume.api [None req-5fcab7dd-2a23-4cf4-b15a-c5cc51cb69be 64cc3dec4f4b4af88195229e7897685e 91050834d0424470a18e6b916ba317cd - - default default] Volume info retrieved successfully.
2026-07-25 15:01:13.354 8 INFO cinder.api.openstack.wsgi [None req-5fcab7dd-2a23-4cf4-b15a-c5cc51cb69be 64cc3dec4f4b4af88195229e7897685e 91050834d0424470a18e6b916ba317cd - - default default] http://cinder-api.openstack.svc.cluster.local:8776/v3/91050834d0424470a18e6b916ba317cd/volumes/dc47d375-60fd-4545-84d6-812cc881242f returned with HTTP 200 [pid: 8|app: 0|req: 229/465] 10.0.0.174 () {32 vars in 775 bytes} [Sat Jul 25 15:01:13 2026] GET /v3/91050834d0424470a18e6b916ba317cd/volumes/dc47d375-60fd-4545-84d6-812cc881242f => generated 957 bytes in 39 msecs (HTTP/1.1 200) 7 headers in 285 bytes (1 switches on core 0) /var/lib/openstack/lib/python3.12/site-packages/pycadf/identifier.py:70: UserWarning: Invalid uuid: cinderv3. To ensure interoperability, identifiers should be a valid uuid. warnings.warn(('Invalid uuid: %s. To ensure interoperability, '
2026-07-25 15:01:14.383 7 INFO cinder.api.openstack.wsgi [None req-b996d8cc-3056-4810-8dff-c674b5ff61f6 64cc3dec4f4b4af88195229e7897685e 91050834d0424470a18e6b916ba317cd - - default default] GET http://cinder-api.openstack.svc.cluster.local:8776/v3/91050834d0424470a18e6b916ba317cd/volumes/dc47d375-60fd-4545-84d6-812cc881242f /var/lib/openstack/lib/python3.12/site-packages/oslo_context/context.py:101: DeprecationWarning: Policy enforcement is depending on the value of is_admin. This key is deprecated. Please update your policy file to use the standard policy values. warnings.warn(
2026-07-25 15:01:14.395 7 INFO cinder.volume.api [None req-b996d8cc-3056-4810-8dff-c674b5ff61f6 64cc3dec4f4b4af88195229e7897685e 91050834d0424470a18e6b916ba317cd - - default default] Volume info retrieved successfully.
2026-07-25 15:01:14.401 7 INFO cinder.api.openstack.wsgi [None req-b996d8cc-3056-4810-8dff-c674b5ff61f6 64cc3dec4f4b4af88195229e7897685e 91050834d0424470a18e6b916ba317cd - - default default] http://cinder-api.openstack.svc.cluster.local:8776/v3/91050834d0424470a18e6b916ba317cd/volumes/dc47d375-60fd-4545-84d6-812cc881242f returned with HTTP 200 [pid: 7|app: 0|req: 237/466] 10.0.0.174 () {32 vars in 775 bytes} [Sat Jul 25 15:01:14 2026] GET /v3/91050834d0424470a18e6b916ba317cd/volumes/dc47d375-60fd-4545-84d6-812cc881242f => generated 957 bytes in 23 msecs (HTTP/1.1 200) 7 headers in 285 bytes (1 switches on core 0)
2026-07-25 15:01:14.951 7 INFO cinder.api.openstack.wsgi [None req-b996d8cc-3056-4810-8dff-c674b5ff61f6 64cc3dec4f4b4af88195229e7897685e 91050834d0424470a18e6b916ba317cd - - default default] GET http://10.0.0.20:8776/
2026-07-25 15:01:14.951 8 INFO cinder.api.openstack.wsgi [None req-5fcab7dd-2a23-4cf4-b15a-c5cc51cb69be 64cc3dec4f4b4af88195229e7897685e 91050834d0424470a18e6b916ba317cd - - default default] GET http://10.0.0.20:8776/
2026-07-25 15:01:14.952 8 INFO cinder.api.openstack.wsgi [None req-5fcab7dd-2a23-4cf4-b15a-c5cc51cb69be 64cc3dec4f4b4af88195229e7897685e 91050834d0424470a18e6b916ba317cd - - default default] http://10.0.0.20:8776/ returned with HTTP 300
2026-07-25 15:01:14.952 7 INFO cinder.api.openstack.wsgi [None req-b996d8cc-3056-4810-8dff-c674b5ff61f6 64cc3dec4f4b4af88195229e7897685e 91050834d0424470a18e6b916ba317cd - - default default] http://10.0.0.20:8776/ returned with HTTP 300 /var/lib/openstack/lib/python3.12/site-packages/pycadf/identifier.py:70: UserWarning: Invalid uuid: cinderv3. To ensure interoperability, identifiers should be a valid uuid. warnings.warn(('Invalid uuid: %s. To ensure interoperability, '
2026-07-25 15:01:15.428 8 INFO cinder.api.openstack.wsgi [None req-3eb60f18-08be-4607-bd51-dc690c4ada26 64cc3dec4f4b4af88195229e7897685e 91050834d0424470a18e6b916ba317cd - - default default] GET http://cinder-api.openstack.svc.cluster.local:8776/v3/91050834d0424470a18e6b916ba317cd/volumes/dc47d375-60fd-4545-84d6-812cc881242f /var/lib/openstack/lib/python3.12/site-packages/oslo_context/context.py:101: DeprecationWarning: Policy enforcement is depending on the value of is_admin. This key is deprecated. Please update your policy file to use the standard policy values. warnings.warn(
2026-07-25 15:01:15.447 8 INFO cinder.volume.api [None req-3eb60f18-08be-4607-bd51-dc690c4ada26 64cc3dec4f4b4af88195229e7897685e 91050834d0424470a18e6b916ba317cd - - default default] Volume info retrieved successfully.
2026-07-25 15:01:15.452 8 INFO cinder.api.openstack.wsgi [None req-3eb60f18-08be-4607-bd51-dc690c4ada26 64cc3dec4f4b4af88195229e7897685e 91050834d0424470a18e6b916ba317cd - - default default] http://cinder-api.openstack.svc.cluster.local:8776/v3/91050834d0424470a18e6b916ba317cd/volumes/dc47d375-60fd-4545-84d6-812cc881242f returned with HTTP 200 [pid: 8|app: 0|req: 231/469] 10.0.0.174 () {32 vars in 775 bytes} [Sat Jul 25 15:01:15 2026] GET /v3/91050834d0424470a18e6b916ba317cd/volumes/dc47d375-60fd-4545-84d6-812cc881242f => generated 1483 bytes in 31 msecs (HTTP/1.1 200) 7 headers in 286 bytes (1 switches on core 0) /var/lib/openstack/lib/python3.12/site-packages/pycadf/identifier.py:70: UserWarning: Invalid uuid: cinderv3. To ensure interoperability, identifiers should be a valid uuid. warnings.warn(('Invalid uuid: %s. To ensure interoperability, '
2026-07-25 15:01:15.531 7 INFO cinder.api.openstack.wsgi [req-1db8fa43-9154-48ca-91ce-b1544ff15424 req-7713b0b7-8aed-40ea-993c-b0f2ceb7d4e6 64cc3dec4f4b4af88195229e7897685e 91050834d0424470a18e6b916ba317cd - - default default] GET http://cinder-api.openstack.svc.cluster.local:8776/v3/91050834d0424470a18e6b916ba317cd/volumes/dc47d375-60fd-4545-84d6-812cc881242f /var/lib/openstack/lib/python3.12/site-packages/oslo_context/context.py:101: DeprecationWarning: Policy enforcement is depending on the value of is_admin. This key is deprecated. Please update your policy file to use the standard policy values. warnings.warn(
2026-07-25 15:01:15.547 7 INFO cinder.volume.api [req-1db8fa43-9154-48ca-91ce-b1544ff15424 req-7713b0b7-8aed-40ea-993c-b0f2ceb7d4e6 64cc3dec4f4b4af88195229e7897685e 91050834d0424470a18e6b916ba317cd - - default default] Volume info retrieved successfully.
2026-07-25 15:01:15.553 7 INFO cinder.api.openstack.wsgi [req-1db8fa43-9154-48ca-91ce-b1544ff15424 req-7713b0b7-8aed-40ea-993c-b0f2ceb7d4e6 64cc3dec4f4b4af88195229e7897685e 91050834d0424470a18e6b916ba317cd - - default default] http://cinder-api.openstack.svc.cluster.local:8776/v3/91050834d0424470a18e6b916ba317cd/volumes/dc47d375-60fd-4545-84d6-812cc881242f returned with HTTP 200 [pid: 7|app: 0|req: 239/470] 10.0.0.114 () {34 vars in 1028 bytes} [Sat Jul 25 15:01:15 2026] GET /v3/91050834d0424470a18e6b916ba317cd/volumes/dc47d375-60fd-4545-84d6-812cc881242f => generated 1483 bytes in 32 msecs (HTTP/1.1 200) 7 headers in 286 bytes (1 switches on core 0) /var/lib/openstack/lib/python3.12/site-packages/pycadf/identifier.py:70: UserWarning: Invalid uuid: cinderv3. To ensure interoperability, identifiers should be a valid uuid. warnings.warn(('Invalid uuid: %s. To ensure interoperability, '
2026-07-25 15:01:15.938 8 INFO cinder.api.openstack.wsgi [req-1db8fa43-9154-48ca-91ce-b1544ff15424 req-db123c34-6fe7-4a6a-9f84-09c2577c23e9 64cc3dec4f4b4af88195229e7897685e 91050834d0424470a18e6b916ba317cd - - default default] GET http://cinder-api.openstack.svc.cluster.local:8776/v3/91050834d0424470a18e6b916ba317cd/volumes/dc47d375-60fd-4545-84d6-812cc881242f /var/lib/openstack/lib/python3.12/site-packages/oslo_context/context.py:101: DeprecationWarning: Policy enforcement is depending on the value of is_admin. This key is deprecated. Please update your policy file to use the standard policy values. warnings.warn(
2026-07-25 15:01:15.951 8 INFO cinder.volume.api [req-1db8fa43-9154-48ca-91ce-b1544ff15424 req-db123c34-6fe7-4a6a-9f84-09c2577c23e9 64cc3dec4f4b4af88195229e7897685e 91050834d0424470a18e6b916ba317cd - - default default] Volume info retrieved successfully.
2026-07-25 15:01:15.957 8 INFO cinder.api.openstack.wsgi [req-1db8fa43-9154-48ca-91ce-b1544ff15424 req-db123c34-6fe7-4a6a-9f84-09c2577c23e9 64cc3dec4f4b4af88195229e7897685e 91050834d0424470a18e6b916ba317cd - - default default] http://cinder-api.openstack.svc.cluster.local:8776/v3/91050834d0424470a18e6b916ba317cd/volumes/dc47d375-60fd-4545-84d6-812cc881242f returned with HTTP 200 [pid: 8|app: 0|req: 232/471] 10.0.0.114 () {34 vars in 1028 bytes} [Sat Jul 25 15:01:15 2026] GET /v3/91050834d0424470a18e6b916ba317cd/volumes/dc47d375-60fd-4545-84d6-812cc881242f => generated 1483 bytes in 30 msecs (HTTP/1.1 200) 7 headers in 286 bytes (1 switches on core 0)
2026-07-25 15:01:15.966 7 INFO cinder.api.openstack.wsgi [req-1db8fa43-9154-48ca-91ce-b1544ff15424 req-7713b0b7-8aed-40ea-993c-b0f2ceb7d4e6 64cc3dec4f4b4af88195229e7897685e 91050834d0424470a18e6b916ba317cd - - default default] GET http://cinder-api.openstack.svc.cluster.local:8776/
2026-07-25 15:01:15.967 7 INFO cinder.api.openstack.wsgi [req-1db8fa43-9154-48ca-91ce-b1544ff15424 req-7713b0b7-8aed-40ea-993c-b0f2ceb7d4e6 64cc3dec4f4b4af88195229e7897685e 91050834d0424470a18e6b916ba317cd - - default default] http://cinder-api.openstack.svc.cluster.local:8776/ returned with HTTP 300 [pid: 7|app: 0|req: 240/472] 10.0.0.114 () {32 vars in 829 bytes} [Sat Jul 25 15:01:15 2026] GET / => generated 411 bytes in 2 msecs (HTTP/1.1 300) 5 headers in 169 bytes (1 switches on core 0) /var/lib/openstack/lib/python3.12/site-packages/pycadf/identifier.py:70: UserWarning: Invalid uuid: cinderv3. To ensure interoperability, identifiers should be a valid uuid. warnings.warn(('Invalid uuid: %s. To ensure interoperability, '
2026-07-25 15:01:15.980 8 INFO cinder.api.openstack.wsgi [req-1db8fa43-9154-48ca-91ce-b1544ff15424 req-b13aac46-1e54-4ecb-8c2d-ff09bbf10771 64cc3dec4f4b4af88195229e7897685e 91050834d0424470a18e6b916ba317cd - - default default] POST http://cinder-api.openstack.svc.cluster.local:8776/v3/91050834d0424470a18e6b916ba317cd/attachments /var/lib/openstack/lib/python3.12/site-packages/oslo_context/context.py:101: DeprecationWarning: Policy enforcement is depending on the value of is_admin. This key is deprecated. Please update your policy file to use the standard policy values. warnings.warn(
2026-07-25 15:01:16.037 8 INFO cinder.api.openstack.wsgi [req-1db8fa43-9154-48ca-91ce-b1544ff15424 req-b13aac46-1e54-4ecb-8c2d-ff09bbf10771 64cc3dec4f4b4af88195229e7897685e 91050834d0424470a18e6b916ba317cd - - default default] http://cinder-api.openstack.svc.cluster.local:8776/v3/91050834d0424470a18e6b916ba317cd/attachments returned with HTTP 200 [pid: 8|app: 0|req: 233/473] 10.0.0.114 () {40 vars in 1057 bytes} [Sat Jul 25 15:01:15 2026] POST /v3/91050834d0424470a18e6b916ba317cd/attachments => generated 273 bytes in 66 msecs (HTTP/1.1 200) 7 headers in 286 bytes (1 switches on core 0)
2026-07-25 15:01:21.917 7 INFO cinder.api.openstack.wsgi [req-1db8fa43-9154-48ca-91ce-b1544ff15424 req-7713b0b7-8aed-40ea-993c-b0f2ceb7d4e6 64cc3dec4f4b4af88195229e7897685e 91050834d0424470a18e6b916ba317cd - - default default] GET http://cinder-api.openstack.svc.cluster.local:8776/
2026-07-25 15:01:21.918 7 INFO cinder.api.openstack.wsgi [req-1db8fa43-9154-48ca-91ce-b1544ff15424 req-7713b0b7-8aed-40ea-993c-b0f2ceb7d4e6 64cc3dec4f4b4af88195229e7897685e 91050834d0424470a18e6b916ba317cd - - default default] http://cinder-api.openstack.svc.cluster.local:8776/ returned with HTTP 300 [pid: 7|app: 0|req: 241/474] 199.204.45.129 () {32 vars in 840 bytes} [Sat Jul 25 15:01:21 2026] GET / => generated 411 bytes in 2 msecs (HTTP/1.1 300) 5 headers in 169 bytes (1 switches on core 0) /var/lib/openstack/lib/python3.12/site-packages/pycadf/identifier.py:70: UserWarning: Invalid uuid: cinderv3. To ensure interoperability, identifiers should be a valid uuid. warnings.warn(('Invalid uuid: %s. To ensure interoperability, '
2026-07-25 15:01:21.934 8 INFO cinder.api.openstack.wsgi [req-1db8fa43-9154-48ca-91ce-b1544ff15424 req-cdcaa998-2a60-4148-b0a7-29520c7eba7e 64cc3dec4f4b4af88195229e7897685e 91050834d0424470a18e6b916ba317cd - - default default] GET http://cinder-api.openstack.svc.cluster.local:8776/v3/91050834d0424470a18e6b916ba317cd/volumes/dc47d375-60fd-4545-84d6-812cc881242f /var/lib/openstack/lib/python3.12/site-packages/oslo_context/context.py:101: DeprecationWarning: Policy enforcement is depending on the value of is_admin. This key is deprecated. Please update your policy file to use the standard policy values. warnings.warn(
2026-07-25 15:01:21.950 8 INFO cinder.volume.api [req-1db8fa43-9154-48ca-91ce-b1544ff15424 req-cdcaa998-2a60-4148-b0a7-29520c7eba7e 64cc3dec4f4b4af88195229e7897685e 91050834d0424470a18e6b916ba317cd - - default default] Volume info retrieved successfully.
2026-07-25 15:01:21.954 8 INFO cinder.api.openstack.wsgi [req-1db8fa43-9154-48ca-91ce-b1544ff15424 req-cdcaa998-2a60-4148-b0a7-29520c7eba7e 64cc3dec4f4b4af88195229e7897685e 91050834d0424470a18e6b916ba317cd - - default default] http://cinder-api.openstack.svc.cluster.local:8776/v3/91050834d0424470a18e6b916ba317cd/volumes/dc47d375-60fd-4545-84d6-812cc881242f returned with HTTP 200 [pid: 8|app: 0|req: 234/475] 199.204.45.129 () {36 vars in 1073 bytes} [Sat Jul 25 15:01:21 2026] GET /v3/91050834d0424470a18e6b916ba317cd/volumes/dc47d375-60fd-4545-84d6-812cc881242f => generated 1663 bytes in 31 msecs (HTTP/1.1 200) 7 headers in 287 bytes (1 switches on core 0) /var/lib/openstack/lib/python3.12/site-packages/pycadf/identifier.py:70: UserWarning: Invalid uuid: cinderv3. To ensure interoperability, identifiers should be a valid uuid. warnings.warn(('Invalid uuid: %s. To ensure interoperability, '
2026-07-25 15:01:23.822 7 INFO cinder.api.openstack.wsgi [req-1db8fa43-9154-48ca-91ce-b1544ff15424 req-7411c0d8-f47c-411f-9e2a-19ab0df78d64 64cc3dec4f4b4af88195229e7897685e 91050834d0424470a18e6b916ba317cd - - default default] PUT http://cinder-api.openstack.svc.cluster.local:8776/v3/91050834d0424470a18e6b916ba317cd/attachments/c7beeb51-d720-4518-997b-e34ce2bed4fb /var/lib/openstack/lib/python3.12/site-packages/oslo_context/context.py:101: DeprecationWarning: Policy enforcement is depending on the value of is_admin. This key is deprecated. Please update your policy file to use the standard policy values. warnings.warn(
2026-07-25 15:01:24.880 7 INFO cinder.api.openstack.wsgi [req-1db8fa43-9154-48ca-91ce-b1544ff15424 req-7411c0d8-f47c-411f-9e2a-19ab0df78d64 64cc3dec4f4b4af88195229e7897685e 91050834d0424470a18e6b916ba317cd - - default default] http://cinder-api.openstack.svc.cluster.local:8776/v3/91050834d0424470a18e6b916ba317cd/attachments/c7beeb51-d720-4518-997b-e34ce2bed4fb returned with HTTP 200 [pid: 7|app: 0|req: 242/476] 199.204.45.129 () {40 vars in 1135 bytes} [Sat Jul 25 15:01:23 2026] PUT /v3/91050834d0424470a18e6b916ba317cd/attachments/c7beeb51-d720-4518-997b-e34ce2bed4fb => generated 802 bytes in 1067 msecs (HTTP/1.1 200) 7 headers in 286 bytes (1 switches on core 0)
2026-07-25 15:01:24.951 8 INFO cinder.api.openstack.wsgi [req-1db8fa43-9154-48ca-91ce-b1544ff15424 req-cdcaa998-2a60-4148-b0a7-29520c7eba7e 64cc3dec4f4b4af88195229e7897685e 91050834d0424470a18e6b916ba317cd - - default default] GET http://10.0.0.20:8776/
2026-07-25 15:01:24.951 7 INFO cinder.api.openstack.wsgi [req-1db8fa43-9154-48ca-91ce-b1544ff15424 req-7411c0d8-f47c-411f-9e2a-19ab0df78d64 64cc3dec4f4b4af88195229e7897685e 91050834d0424470a18e6b916ba317cd - - default default] GET http://10.0.0.20:8776/
2026-07-25 15:01:24.952 8 INFO cinder.api.openstack.wsgi [req-1db8fa43-9154-48ca-91ce-b1544ff15424 req-cdcaa998-2a60-4148-b0a7-29520c7eba7e 64cc3dec4f4b4af88195229e7897685e 91050834d0424470a18e6b916ba317cd - - default default] http://10.0.0.20:8776/ returned with HTTP 300
2026-07-25 15:01:24.952 7 INFO cinder.api.openstack.wsgi [req-1db8fa43-9154-48ca-91ce-b1544ff15424 req-7411c0d8-f47c-411f-9e2a-19ab0df78d64 64cc3dec4f4b4af88195229e7897685e 91050834d0424470a18e6b916ba317cd - - default default] http://10.0.0.20:8776/ returned with HTTP 300 /var/lib/openstack/lib/python3.12/site-packages/pycadf/identifier.py:70: UserWarning: Invalid uuid: cinderv3. To ensure interoperability, identifiers should be a valid uuid. warnings.warn(('Invalid uuid: %s. To ensure interoperability, '
2026-07-25 15:01:25.399 8 INFO cinder.api.openstack.wsgi [req-1db8fa43-9154-48ca-91ce-b1544ff15424 req-8a28707f-4067-4d92-b2d9-1f8c05efe4fd 64cc3dec4f4b4af88195229e7897685e 91050834d0424470a18e6b916ba317cd - - default default] POST http://cinder-api.openstack.svc.cluster.local:8776/v3/91050834d0424470a18e6b916ba317cd/attachments/c7beeb51-d720-4518-997b-e34ce2bed4fb/action /var/lib/openstack/lib/python3.12/site-packages/oslo_context/context.py:101: DeprecationWarning: Policy enforcement is depending on the value of is_admin. This key is deprecated. Please update your policy file to use the standard policy values. warnings.warn(
2026-07-25 15:01:25.435 8 INFO cinder.api.openstack.wsgi [req-1db8fa43-9154-48ca-91ce-b1544ff15424 req-8a28707f-4067-4d92-b2d9-1f8c05efe4fd 64cc3dec4f4b4af88195229e7897685e 91050834d0424470a18e6b916ba317cd - - default default] http://cinder-api.openstack.svc.cluster.local:8776/v3/91050834d0424470a18e6b916ba317cd/attachments/c7beeb51-d720-4518-997b-e34ce2bed4fb/action returned with HTTP 204 [pid: 8|app: 0|req: 236/479] 199.204.45.129 () {40 vars in 1148 bytes} [Sat Jul 25 15:01:25 2026] POST /v3/91050834d0424470a18e6b916ba317cd/attachments/c7beeb51-d720-4518-997b-e34ce2bed4fb/action => generated 0 bytes in 46 msecs (HTTP/1.1 204) 7 headers in 292 bytes (1 switches on core 0)
2026-07-25 15:01:34.951 7 INFO cinder.api.openstack.wsgi [req-1db8fa43-9154-48ca-91ce-b1544ff15424 req-7411c0d8-f47c-411f-9e2a-19ab0df78d64 64cc3dec4f4b4af88195229e7897685e 91050834d0424470a18e6b916ba317cd - - default default] GET http://10.0.0.20:8776/
2026-07-25 15:01:34.951 8 INFO cinder.api.openstack.wsgi [req-1db8fa43-9154-48ca-91ce-b1544ff15424 req-8a28707f-4067-4d92-b2d9-1f8c05efe4fd 64cc3dec4f4b4af88195229e7897685e 91050834d0424470a18e6b916ba317cd - - default default] GET http://10.0.0.20:8776/
2026-07-25 15:01:34.952 7 INFO cinder.api.openstack.wsgi [req-1db8fa43-9154-48ca-91ce-b1544ff15424 req-7411c0d8-f47c-411f-9e2a-19ab0df78d64 64cc3dec4f4b4af88195229e7897685e 91050834d0424470a18e6b916ba317cd - - default default] http://10.0.0.20:8776/ returned with HTTP 300
2026-07-25 15:01:34.952 8 INFO cinder.api.openstack.wsgi [req-1db8fa43-9154-48ca-91ce-b1544ff15424 req-8a28707f-4067-4d92-b2d9-1f8c05efe4fd 64cc3dec4f4b4af88195229e7897685e 91050834d0424470a18e6b916ba317cd - - default default] http://10.0.0.20:8776/ returned with HTTP 300 /var/lib/openstack/lib/python3.12/site-packages/pycadf/identifier.py:70: UserWarning: Invalid uuid: cinderv3. To ensure interoperability, identifiers should be a valid uuid. warnings.warn(('Invalid uuid: %s. To ensure interoperability, '
2026-07-25 15:01:41.688 7 INFO cinder.api.openstack.wsgi [req-eb435566-025d-4ba2-8d1f-764f4f7ad8d0 req-921ec64d-a089-4488-86c2-700a94e9e6c7 64cc3dec4f4b4af88195229e7897685e 91050834d0424470a18e6b916ba317cd - - default default] DELETE http://cinder-api.openstack.svc.cluster.local:8776/v3/91050834d0424470a18e6b916ba317cd/attachments/c7beeb51-d720-4518-997b-e34ce2bed4fb /var/lib/openstack/lib/python3.12/site-packages/oslo_context/context.py:101: DeprecationWarning: Policy enforcement is depending on the value of is_admin. This key is deprecated. Please update your policy file to use the standard policy values. warnings.warn(
2026-07-25 15:01:42.256 7 INFO cinder.api.openstack.wsgi [req-eb435566-025d-4ba2-8d1f-764f4f7ad8d0 req-921ec64d-a089-4488-86c2-700a94e9e6c7 64cc3dec4f4b4af88195229e7897685e 91050834d0424470a18e6b916ba317cd - - default default] http://cinder-api.openstack.svc.cluster.local:8776/v3/91050834d0424470a18e6b916ba317cd/attachments/c7beeb51-d720-4518-997b-e34ce2bed4fb returned with HTTP 200 [pid: 7|app: 0|req: 245/482] 199.204.45.129 () {38 vars in 1103 bytes} [Sat Jul 25 15:01:41 2026] DELETE /v3/91050834d0424470a18e6b916ba317cd/attachments/c7beeb51-d720-4518-997b-e34ce2bed4fb => generated 19 bytes in 576 msecs (HTTP/1.1 200) 7 headers in 285 bytes (1 switches on core 0) /var/lib/openstack/lib/python3.12/site-packages/pycadf/identifier.py:70: UserWarning: Invalid uuid: cinderv3. To ensure interoperability, identifiers should be a valid uuid. warnings.warn(('Invalid uuid: %s. To ensure interoperability, '
2026-07-25 15:01:42.272 8 INFO cinder.api.openstack.wsgi [req-eb435566-025d-4ba2-8d1f-764f4f7ad8d0 req-4af8a248-aeed-4659-adff-f8e5d730ae64 64cc3dec4f4b4af88195229e7897685e 91050834d0424470a18e6b916ba317cd - - default default] DELETE http://cinder-api.openstack.svc.cluster.local:8776/v3/91050834d0424470a18e6b916ba317cd/volumes/dc47d375-60fd-4545-84d6-812cc881242f
2026-07-25 15:01:42.273 8 INFO cinder.api.v3.volumes [req-eb435566-025d-4ba2-8d1f-764f4f7ad8d0 req-4af8a248-aeed-4659-adff-f8e5d730ae64 64cc3dec4f4b4af88195229e7897685e 91050834d0424470a18e6b916ba317cd - - default default] Delete volume with id: dc47d375-60fd-4545-84d6-812cc881242f /var/lib/openstack/lib/python3.12/site-packages/oslo_context/context.py:101: DeprecationWarning: Policy enforcement is depending on the value of is_admin. This key is deprecated. Please update your policy file to use the standard policy values. warnings.warn(
2026-07-25 15:01:42.283 8 INFO cinder.volume.api [req-eb435566-025d-4ba2-8d1f-764f4f7ad8d0 req-4af8a248-aeed-4659-adff-f8e5d730ae64 64cc3dec4f4b4af88195229e7897685e 91050834d0424470a18e6b916ba317cd - - default default] Volume info retrieved successfully.
2026-07-25 15:01:42.317 8 INFO cinder.volume.api [req-eb435566-025d-4ba2-8d1f-764f4f7ad8d0 req-4af8a248-aeed-4659-adff-f8e5d730ae64 64cc3dec4f4b4af88195229e7897685e 91050834d0424470a18e6b916ba317cd - - default default] Delete volume request issued successfully.
2026-07-25 15:01:42.318 8 INFO cinder.api.openstack.wsgi [req-eb435566-025d-4ba2-8d1f-764f4f7ad8d0 req-4af8a248-aeed-4659-adff-f8e5d730ae64 64cc3dec4f4b4af88195229e7897685e 91050834d0424470a18e6b916ba317cd - - default default] http://cinder-api.openstack.svc.cluster.local:8776/v3/91050834d0424470a18e6b916ba317cd/volumes/dc47d375-60fd-4545-84d6-812cc881242f returned with HTTP 202 [pid: 8|app: 0|req: 238/483] 199.204.45.129 () {36 vars in 1054 bytes} [Sat Jul 25 15:01:42 2026] DELETE /v3/91050834d0424470a18e6b916ba317cd/volumes/dc47d375-60fd-4545-84d6-812cc881242f => generated 0 bytes in 52 msecs (HTTP/1.1 202) 6 headers in 233 bytes (1 switches on core 0)
2026-07-25 15:01:44.951 7 INFO cinder.api.openstack.wsgi [req-eb435566-025d-4ba2-8d1f-764f4f7ad8d0 req-921ec64d-a089-4488-86c2-700a94e9e6c7 64cc3dec4f4b4af88195229e7897685e 91050834d0424470a18e6b916ba317cd - - default default] GET http://10.0.0.20:8776/
2026-07-25 15:01:44.951 8 INFO cinder.api.openstack.wsgi [req-eb435566-025d-4ba2-8d1f-764f4f7ad8d0 req-4af8a248-aeed-4659-adff-f8e5d730ae64 64cc3dec4f4b4af88195229e7897685e 91050834d0424470a18e6b916ba317cd - - default default] GET http://10.0.0.20:8776/
2026-07-25 15:01:44.952 7 INFO cinder.api.openstack.wsgi [req-eb435566-025d-4ba2-8d1f-764f4f7ad8d0 req-921ec64d-a089-4488-86c2-700a94e9e6c7 64cc3dec4f4b4af88195229e7897685e 91050834d0424470a18e6b916ba317cd - - default default] http://10.0.0.20:8776/ returned with HTTP 300
2026-07-25 15:01:44.952 8 INFO cinder.api.openstack.wsgi [req-eb435566-025d-4ba2-8d1f-764f4f7ad8d0 req-4af8a248-aeed-4659-adff-f8e5d730ae64 64cc3dec4f4b4af88195229e7897685e 91050834d0424470a18e6b916ba317cd - - default default] http://10.0.0.20:8776/ returned with HTTP 300 /var/lib/openstack/lib/python3.12/site-packages/pycadf/identifier.py:70: UserWarning: Invalid uuid: cinderv3. To ensure interoperability, identifiers should be a valid uuid. warnings.warn(('Invalid uuid: %s. To ensure interoperability, '
2026-07-25 15:01:49.412 7 INFO cinder.api.openstack.wsgi [None req-b248649e-8ecf-43e9-8b2c-6959f7f42707 9cb6050a73ce483f9d0f44c905054418 45220786526f423898f01595b13521d6 - - default default] POST http://cinder-api.openstack.svc.cluster.local:8776/v3/45220786526f423898f01595b13521d6/volumes
2026-07-25 15:01:49.414 7 INFO cinder.api.v3.volumes [None req-b248649e-8ecf-43e9-8b2c-6959f7f42707 9cb6050a73ce483f9d0f44c905054418 45220786526f423898f01595b13521d6 - - default default] Create volume of 1 GB /var/lib/openstack/lib/python3.12/site-packages/oslo_context/context.py:101: DeprecationWarning: Policy enforcement is depending on the value of is_admin. This key is deprecated. Please update your policy file to use the standard policy values. warnings.warn(
2026-07-25 15:01:49.427 7 INFO cinder.volume.api [None req-b248649e-8ecf-43e9-8b2c-6959f7f42707 9cb6050a73ce483f9d0f44c905054418 45220786526f423898f01595b13521d6 - - default default] Availability Zones retrieved successfully.
2026-07-25 15:01:49.662 7 INFO cinder.volume.api [None req-b248649e-8ecf-43e9-8b2c-6959f7f42707 9cb6050a73ce483f9d0f44c905054418 45220786526f423898f01595b13521d6 - - default default] Create volume request issued successfully.
2026-07-25 15:01:49.663 7 INFO cinder.api.openstack.wsgi [None req-b248649e-8ecf-43e9-8b2c-6959f7f42707 9cb6050a73ce483f9d0f44c905054418 45220786526f423898f01595b13521d6 - - default default] http://cinder-api.openstack.svc.cluster.local:8776/v3/45220786526f423898f01595b13521d6/volumes returned with HTTP 202 [pid: 7|app: 0|req: 247/486] 10.0.0.174 () {34 vars in 722 bytes} [Sat Jul 25 15:01:49 2026] POST /v3/45220786526f423898f01595b13521d6/volumes => generated 860 bytes in 396 msecs (HTTP/1.1 202) 7 headers in 291 bytes (1 switches on core 0) /var/lib/openstack/lib/python3.12/site-packages/pycadf/identifier.py:70: UserWarning: Invalid uuid: cinderv3. To ensure interoperability, identifiers should be a valid uuid. warnings.warn(('Invalid uuid: %s. To ensure interoperability, '
2026-07-25 15:01:49.683 8 INFO cinder.api.openstack.wsgi [None req-a03dd5df-c337-4e4e-8dde-5f672ed28e41 9cb6050a73ce483f9d0f44c905054418 45220786526f423898f01595b13521d6 - - default default] GET http://cinder-api.openstack.svc.cluster.local:8776/v3/45220786526f423898f01595b13521d6/volumes/6658a6e5-050e-4bdb-ae80-88f020f99ee2 /var/lib/openstack/lib/python3.12/site-packages/oslo_context/context.py:101: DeprecationWarning: Policy enforcement is depending on the value of is_admin. This key is deprecated. Please update your policy file to use the standard policy values. warnings.warn(
2026-07-25 15:01:49.697 8 INFO cinder.volume.api [None req-a03dd5df-c337-4e4e-8dde-5f672ed28e41 9cb6050a73ce483f9d0f44c905054418 45220786526f423898f01595b13521d6 - - default default] Volume info retrieved successfully.
2026-07-25 15:01:49.703 8 INFO cinder.api.openstack.wsgi [None req-a03dd5df-c337-4e4e-8dde-5f672ed28e41 9cb6050a73ce483f9d0f44c905054418 45220786526f423898f01595b13521d6 - - default default] http://cinder-api.openstack.svc.cluster.local:8776/v3/45220786526f423898f01595b13521d6/volumes/6658a6e5-050e-4bdb-ae80-88f020f99ee2 returned with HTTP 200 [pid: 8|app: 0|req: 240/487] 10.0.0.174 () {32 vars in 775 bytes} [Sat Jul 25 15:01:49 2026] GET /v3/45220786526f423898f01595b13521d6/volumes/6658a6e5-050e-4bdb-ae80-88f020f99ee2 => generated 928 bytes in 26 msecs (HTTP/1.1 200) 7 headers in 285 bytes (1 switches on core 0) /var/lib/openstack/lib/python3.12/site-packages/pycadf/identifier.py:70: UserWarning: Invalid uuid: cinderv3. To ensure interoperability, identifiers should be a valid uuid. warnings.warn(('Invalid uuid: %s. To ensure interoperability, '
2026-07-25 15:01:50.727 7 INFO cinder.api.openstack.wsgi [None req-df1d9235-04c7-4e56-8d83-621cd2caf1a7 9cb6050a73ce483f9d0f44c905054418 45220786526f423898f01595b13521d6 - - default default] GET http://cinder-api.openstack.svc.cluster.local:8776/v3/45220786526f423898f01595b13521d6/volumes/6658a6e5-050e-4bdb-ae80-88f020f99ee2 /var/lib/openstack/lib/python3.12/site-packages/oslo_context/context.py:101: DeprecationWarning: Policy enforcement is depending on the value of is_admin. This key is deprecated. Please update your policy file to use the standard policy values. warnings.warn(
2026-07-25 15:01:50.743 7 INFO cinder.volume.api [None req-df1d9235-04c7-4e56-8d83-621cd2caf1a7 9cb6050a73ce483f9d0f44c905054418 45220786526f423898f01595b13521d6 - - default default] Volume info retrieved successfully.
2026-07-25 15:01:50.751 7 INFO cinder.api.openstack.wsgi [None req-df1d9235-04c7-4e56-8d83-621cd2caf1a7 9cb6050a73ce483f9d0f44c905054418 45220786526f423898f01595b13521d6 - - default default] http://cinder-api.openstack.svc.cluster.local:8776/v3/45220786526f423898f01595b13521d6/volumes/6658a6e5-050e-4bdb-ae80-88f020f99ee2 returned with HTTP 200 [pid: 7|app: 0|req: 248/488] 10.0.0.174 () {32 vars in 775 bytes} [Sat Jul 25 15:01:50 2026] GET /v3/45220786526f423898f01595b13521d6/volumes/6658a6e5-050e-4bdb-ae80-88f020f99ee2 => generated 953 bytes in 31 msecs (HTTP/1.1 200) 7 headers in 285 bytes (1 switches on core 0)
2026-07-25 15:01:54.951 7 INFO cinder.api.openstack.wsgi [None req-df1d9235-04c7-4e56-8d83-621cd2caf1a7 9cb6050a73ce483f9d0f44c905054418 45220786526f423898f01595b13521d6 - - default default] GET http://10.0.0.20:8776/
2026-07-25 15:01:54.951 8 INFO cinder.api.openstack.wsgi [None req-a03dd5df-c337-4e4e-8dde-5f672ed28e41 9cb6050a73ce483f9d0f44c905054418 45220786526f423898f01595b13521d6 - - default default] GET http://10.0.0.20:8776/
2026-07-25 15:01:54.952 7 INFO cinder.api.openstack.wsgi [None req-df1d9235-04c7-4e56-8d83-621cd2caf1a7 9cb6050a73ce483f9d0f44c905054418 45220786526f423898f01595b13521d6 - - default default] http://10.0.0.20:8776/ returned with HTTP 300
2026-07-25 15:01:54.952 8 INFO cinder.api.openstack.wsgi [None req-a03dd5df-c337-4e4e-8dde-5f672ed28e41 9cb6050a73ce483f9d0f44c905054418 45220786526f423898f01595b13521d6 - - default default] http://10.0.0.20:8776/ returned with HTTP 300 /var/lib/openstack/lib/python3.12/site-packages/pycadf/identifier.py:70: UserWarning: Invalid uuid: cinderv3. To ensure interoperability, identifiers should be a valid uuid. warnings.warn(('Invalid uuid: %s. To ensure interoperability, '
2026-07-25 15:02:04.430 7 INFO cinder.api.openstack.wsgi [None req-7f53fc58-d989-4d12-9a5e-1fafdcc1bf86 67a3127f64d349679ebdcf0a2d90e6af 51c10db81fb042c1a540df1bae8ecdae - - default default] GET http://cinder-api.openstack.svc.cluster.local:8776/v3/51c10db81fb042c1a540df1bae8ecdae/snapshots?all_tenants=true
2026-07-25 15:02:04.439 7 INFO cinder.volume.api [None req-7f53fc58-d989-4d12-9a5e-1fafdcc1bf86 67a3127f64d349679ebdcf0a2d90e6af 51c10db81fb042c1a540df1bae8ecdae - - default default] Get all snapshots completed successfully.
