2026-07-25 15:03:02.164 7 INFO placement.requestlog [req-1046a4d8-cb95-476a-950f-b9bacb347225 req-0bc31b1f-03e8-4c55-a27d-94a5c25a4887 21838c6e68e549259f25bd93c80d536f 90eae45c53a846c686d88dc3717d4456 - - 10dcbe41256441d5be8b40eca3a0954f 10dcbe41256441d5be8b40eca3a0954f] 199.204.45.129 "GET /resource_providers/363e52b2-f1cd-427a-8109-490a2e0d4d82/allocations" status: 200 len: 353 microversion: 1.0 [pid: 7|app: 0|req: 318/632] 199.204.45.129 () {32 vars in 856 bytes} [Sat Jul 25 15:03:02 2026] GET /resource_providers/363e52b2-f1cd-427a-8109-490a2e0d4d82/allocations => generated 353 bytes in 26 msecs (HTTP/1.1 200) 6 headers in 224 bytes (1 switches on core 0)
2026-07-25 15:03:02.188 8 INFO placement.requestlog [req-1046a4d8-cb95-476a-950f-b9bacb347225 req-31687034-821d-495d-988d-1d5af0010bc3 21838c6e68e549259f25bd93c80d536f 90eae45c53a846c686d88dc3717d4456 - - 10dcbe41256441d5be8b40eca3a0954f 10dcbe41256441d5be8b40eca3a0954f] 199.204.45.129 "GET /allocations/49217bd6-f555-457f-833d-497b34066d63" status: 200 len: 258 microversion: 1.28 [pid: 8|app: 0|req: 315/633] 199.204.45.129 () {34 vars in 862 bytes} [Sat Jul 25 15:03:02 2026] GET /allocations/49217bd6-f555-457f-833d-497b34066d63 => generated 258 bytes in 16 msecs (HTTP/1.1 200) 8 headers in 296 bytes (1 switches on core 0)
2026-07-25 15:03:02.207 7 INFO placement.requestlog [req-1046a4d8-cb95-476a-950f-b9bacb347225 req-d0afe6a2-dfae-4718-9458-62aa51fbcde2 21838c6e68e549259f25bd93c80d536f 90eae45c53a846c686d88dc3717d4456 - - 10dcbe41256441d5be8b40eca3a0954f 10dcbe41256441d5be8b40eca3a0954f] 199.204.45.129 "GET /allocations/714e2493-65d3-4e49-8f4c-6ef1aa7f93f4" status: 200 len: 258 microversion: 1.28 [pid: 7|app: 0|req: 319/634] 199.204.45.129 () {34 vars in 862 bytes} [Sat Jul 25 15:03:02 2026] GET /allocations/714e2493-65d3-4e49-8f4c-6ef1aa7f93f4 => generated 258 bytes in 14 msecs (HTTP/1.1 200) 8 headers in 296 bytes (1 switches on core 0)
2026-07-25 15:03:02.228 8 INFO placement.requestlog [req-1046a4d8-cb95-476a-950f-b9bacb347225 req-b4e77b76-4837-42bd-b704-27e39a9d1015 21838c6e68e549259f25bd93c80d536f 90eae45c53a846c686d88dc3717d4456 - - 10dcbe41256441d5be8b40eca3a0954f 10dcbe41256441d5be8b40eca3a0954f] 199.204.45.129 "GET /allocations/e824302a-9436-4ee9-95e8-c295ebf4e587" status: 200 len: 258 microversion: 1.28 [pid: 8|app: 0|req: 316/635] 199.204.45.129 () {34 vars in 862 bytes} [Sat Jul 25 15:03:02 2026] GET /allocations/e824302a-9436-4ee9-95e8-c295ebf4e587 => generated 258 bytes in 14 msecs (HTTP/1.1 200) 8 headers in 296 bytes (1 switches on core 0)
2026-07-25 15:03:02.871 7 INFO placement.requestlog [None req-acae843b-8eaa-455c-b2d4-0a16784e7521 8558c3c4754a4eefbf577e30227d01e0 90eae45c53a846c686d88dc3717d4456 - - 10dcbe41256441d5be8b40eca3a0954f 10dcbe41256441d5be8b40eca3a0954f] 10.0.0.87 "GET /resource_providers/6d06583f-f767-4c7d-bc63-a474537069f9/aggregates" status: 404 len: 235 microversion: 1.1 [pid: 7|app: 0|req: 320/636] 10.0.0.87 () {32 vars in 814 bytes} [Sat Jul 25 15:03:02 2026] GET /resource_providers/6d06583f-f767-4c7d-bc63-a474537069f9/aggregates => generated 235 bytes in 17 msecs (HTTP/1.1 404) 5 headers in 202 bytes (1 switches on core 0)
2026-07-25 15:03:02.876 8 INFO placement.requestlog [None req-3eab59ad-5fca-44d8-93ea-da996119dfe9 8558c3c4754a4eefbf577e30227d01e0 90eae45c53a846c686d88dc3717d4456 - - 10dcbe41256441d5be8b40eca3a0954f 10dcbe41256441d5be8b40eca3a0954f] 10.0.0.87 "GET /resource_providers/6d06583f-f767-4c7d-bc63-a474537069f9/aggregates" status: 404 len: 235 microversion: 1.1 [pid: 8|app: 0|req: 317/637] 10.0.0.87 () {32 vars in 814 bytes} [Sat Jul 25 15:03:02 2026] GET /resource_providers/6d06583f-f767-4c7d-bc63-a474537069f9/aggregates => generated 235 bytes in 13 msecs (HTTP/1.1 404) 5 headers in 202 bytes (1 switches on core 0)
2026-07-25 15:03:02.895 7 INFO placement.requestlog [None req-5a0c32bf-926c-4c80-b581-15bc3e114d67 8558c3c4754a4eefbf577e30227d01e0 90eae45c53a846c686d88dc3717d4456 - - 10dcbe41256441d5be8b40eca3a0954f 10dcbe41256441d5be8b40eca3a0954f] 10.0.0.87 "DELETE /resource_providers/6d06583f-f767-4c7d-bc63-a474537069f9" status: 404 len: 246 microversion: 1.1 [pid: 7|app: 0|req: 321/638] 10.0.0.87 () {34 vars in 814 bytes} [Sat Jul 25 15:03:02 2026] DELETE /resource_providers/6d06583f-f767-4c7d-bc63-a474537069f9 => generated 246 bytes in 13 msecs (HTTP/1.1 404) 6 headers in 231 bytes (1 switches on core 0)
2026-07-25 15:03:02.905 8 INFO placement.requestlog [None req-df0807d2-477a-4f17-a5bd-57df623a35fb 8558c3c4754a4eefbf577e30227d01e0 90eae45c53a846c686d88dc3717d4456 - - 10dcbe41256441d5be8b40eca3a0954f 10dcbe41256441d5be8b40eca3a0954f] 10.0.0.87 "DELETE /resource_providers/6d06583f-f767-4c7d-bc63-a474537069f9" status: 404 len: 246 microversion: 1.1 [pid: 8|app: 0|req: 318/639] 10.0.0.87 () {34 vars in 814 bytes} [Sat Jul 25 15:03:02 2026] DELETE /resource_providers/6d06583f-f767-4c7d-bc63-a474537069f9 => generated 246 bytes in 16 msecs (HTTP/1.1 404) 6 headers in 231 bytes (1 switches on core 0)
2026-07-25 15:03:03.275 7 INFO placement.requestlog [req-1046a4d8-cb95-476a-950f-b9bacb347225 req-e691bf8b-d69a-4011-8aef-2f659a74c0d8 21838c6e68e549259f25bd93c80d536f 90eae45c53a846c686d88dc3717d4456 - - 10dcbe41256441d5be8b40eca3a0954f 10dcbe41256441d5be8b40eca3a0954f] 199.204.45.129 "DELETE /allocations/e824302a-9436-4ee9-95e8-c295ebf4e587" status: 204 len: 0 microversion: 1.0 [pid: 7|app: 0|req: 322/640] 199.204.45.129 () {34 vars in 840 bytes} [Sat Jul 25 15:03:03 2026] DELETE /allocations/e824302a-9436-4ee9-95e8-c295ebf4e587 => generated 0 bytes in 24 msecs (HTTP/1.1 204) 5 headers in 198 bytes (1 switches on core 0)
2026-07-25 15:03:04.025 8 INFO placement.requestlog [None req-b06c4e68-4f04-4ba3-8636-0c1180e09cd3 - - - - - -] 10.0.0.219 "GET /" status: 200 len: 136 microversion: 1.0
2026-07-25 15:03:04.025 7 INFO placement.requestlog [None req-6f1cfb28-ba0f-4208-956e-e39e3379d0f4 - - - - - -] 10.0.0.219 "GET /" status: 200 len: 136 microversion: 1.0
2026-07-25 15:03:06.698 7 INFO placement.requestlog [None req-38e76643-966c-4096-bbab-5e7d251d5ae7 8558c3c4754a4eefbf577e30227d01e0 90eae45c53a846c686d88dc3717d4456 - - 10dcbe41256441d5be8b40eca3a0954f 10dcbe41256441d5be8b40eca3a0954f] 10.0.0.87 "GET /resource_providers/4f0140aa-1afc-426a-985c-5be68b3834ed/aggregates" status: 404 len: 235 microversion: 1.1 [pid: 7|app: 0|req: 324/643] 10.0.0.87 () {32 vars in 814 bytes} [Sat Jul 25 15:03:06 2026] GET /resource_providers/4f0140aa-1afc-426a-985c-5be68b3834ed/aggregates => generated 235 bytes in 11 msecs (HTTP/1.1 404) 5 headers in 202 bytes (1 switches on core 0)
2026-07-25 15:03:06.699 8 INFO placement.requestlog [None req-530359a0-3ca8-4a79-b7c4-744c0b648e40 8558c3c4754a4eefbf577e30227d01e0 90eae45c53a846c686d88dc3717d4456 - - 10dcbe41256441d5be8b40eca3a0954f 10dcbe41256441d5be8b40eca3a0954f] 10.0.0.87 "GET /resource_providers/4f0140aa-1afc-426a-985c-5be68b3834ed/aggregates" status: 404 len: 235 microversion: 1.1 [pid: 8|app: 0|req: 320/644] 10.0.0.87 () {32 vars in 814 bytes} [Sat Jul 25 15:03:06 2026] GET /resource_providers/4f0140aa-1afc-426a-985c-5be68b3834ed/aggregates => generated 235 bytes in 12 msecs (HTTP/1.1 404) 5 headers in 202 bytes (1 switches on core 0)
2026-07-25 15:03:06.719 8 INFO placement.requestlog [None req-c13ad35d-c469-4716-a85c-ae7587f05ad8 8558c3c4754a4eefbf577e30227d01e0 90eae45c53a846c686d88dc3717d4456 - - 10dcbe41256441d5be8b40eca3a0954f 10dcbe41256441d5be8b40eca3a0954f] 10.0.0.87 "DELETE /resource_providers/4f0140aa-1afc-426a-985c-5be68b3834ed" status: 404 len: 246 microversion: 1.1 [pid: 8|app: 0|req: 321/645] 10.0.0.87 () {34 vars in 814 bytes} [Sat Jul 25 15:03:06 2026] DELETE /resource_providers/4f0140aa-1afc-426a-985c-5be68b3834ed => generated 246 bytes in 9 msecs (HTTP/1.1 404) 6 headers in 231 bytes (1 switches on core 0)
2026-07-25 15:03:06.721 7 INFO placement.requestlog [None req-f33c14e9-ff81-49bd-bcad-7bdf294d86f6 8558c3c4754a4eefbf577e30227d01e0 90eae45c53a846c686d88dc3717d4456 - - 10dcbe41256441d5be8b40eca3a0954f 10dcbe41256441d5be8b40eca3a0954f] 10.0.0.87 "DELETE /resource_providers/4f0140aa-1afc-426a-985c-5be68b3834ed" status: 404 len: 246 microversion: 1.1 [pid: 7|app: 0|req: 325/646] 10.0.0.87 () {34 vars in 814 bytes} [Sat Jul 25 15:03:06 2026] DELETE /resource_providers/4f0140aa-1afc-426a-985c-5be68b3834ed => generated 246 bytes in 11 msecs (HTTP/1.1 404) 6 headers in 231 bytes (1 switches on core 0)
2026-07-25 15:03:09.859 7 INFO placement.requestlog [None req-164c652b-3906-4b52-b356-1b7f8530a34a 8558c3c4754a4eefbf577e30227d01e0 90eae45c53a846c686d88dc3717d4456 - - 10dcbe41256441d5be8b40eca3a0954f 10dcbe41256441d5be8b40eca3a0954f] 10.0.0.87 "GET /resource_providers/e18f5900-a13f-44fb-8afb-716b6377d32a/aggregates" status: 404 len: 235 microversion: 1.1 [pid: 7|app: 0|req: 326/647] 10.0.0.87 () {32 vars in 814 bytes} [Sat Jul 25 15:03:09 2026] GET /resource_providers/e18f5900-a13f-44fb-8afb-716b6377d32a/aggregates => generated 235 bytes in 13 msecs (HTTP/1.1 404) 5 headers in 202 bytes (1 switches on core 0)
2026-07-25 15:03:09.861 8 INFO placement.requestlog [None req-0f7a2985-e940-4ac0-8a27-485aa66479ee 8558c3c4754a4eefbf577e30227d01e0 90eae45c53a846c686d88dc3717d4456 - - 10dcbe41256441d5be8b40eca3a0954f 10dcbe41256441d5be8b40eca3a0954f] 10.0.0.87 "GET /resource_providers/e18f5900-a13f-44fb-8afb-716b6377d32a/aggregates" status: 404 len: 235 microversion: 1.1 [pid: 8|app: 0|req: 322/648] 10.0.0.87 () {32 vars in 814 bytes} [Sat Jul 25 15:03:09 2026] GET /resource_providers/e18f5900-a13f-44fb-8afb-716b6377d32a/aggregates => generated 235 bytes in 15 msecs (HTTP/1.1 404) 5 headers in 202 bytes (1 switches on core 0)
2026-07-25 15:03:09.886 8 INFO placement.requestlog [None req-53b60143-ecf3-459d-a0f1-4fd87cb9cf0f 8558c3c4754a4eefbf577e30227d01e0 90eae45c53a846c686d88dc3717d4456 - - 10dcbe41256441d5be8b40eca3a0954f 10dcbe41256441d5be8b40eca3a0954f] 10.0.0.87 "DELETE /resource_providers/e18f5900-a13f-44fb-8afb-716b6377d32a" status: 404 len: 246 microversion: 1.1 [pid: 8|app: 0|req: 323/649] 10.0.0.87 () {34 vars in 814 bytes} [Sat Jul 25 15:03:09 2026] DELETE /resource_providers/e18f5900-a13f-44fb-8afb-716b6377d32a => generated 246 bytes in 10 msecs (HTTP/1.1 404) 6 headers in 231 bytes (1 switches on core 0)
2026-07-25 15:03:09.893 7 INFO placement.requestlog [None req-371ad5c9-340c-4794-9b98-f9be9961a388 8558c3c4754a4eefbf577e30227d01e0 90eae45c53a846c686d88dc3717d4456 - - 10dcbe41256441d5be8b40eca3a0954f 10dcbe41256441d5be8b40eca3a0954f] 10.0.0.87 "DELETE /resource_providers/e18f5900-a13f-44fb-8afb-716b6377d32a" status: 404 len: 246 microversion: 1.1 [pid: 7|app: 0|req: 327/650] 10.0.0.87 () {34 vars in 814 bytes} [Sat Jul 25 15:03:09 2026] DELETE /resource_providers/e18f5900-a13f-44fb-8afb-716b6377d32a => generated 246 bytes in 18 msecs (HTTP/1.1 404) 6 headers in 231 bytes (1 switches on core 0)
2026-07-25 15:03:11.924 8 INFO placement.requestlog [None req-7097d9e6-b595-48a2-87af-ff4ccf3e38c1 8558c3c4754a4eefbf577e30227d01e0 90eae45c53a846c686d88dc3717d4456 - - 10dcbe41256441d5be8b40eca3a0954f 10dcbe41256441d5be8b40eca3a0954f] 10.0.0.87 "GET /resource_providers/8b490232-ac49-4204-b6ef-341432ee2914/aggregates" status: 404 len: 235 microversion: 1.1
2026-07-25 15:03:11.924 7 INFO placement.requestlog [None req-2667f18e-2beb-4655-b607-ba065c0df71a 8558c3c4754a4eefbf577e30227d01e0 90eae45c53a846c686d88dc3717d4456 - - 10dcbe41256441d5be8b40eca3a0954f 10dcbe41256441d5be8b40eca3a0954f] 10.0.0.87 "GET /resource_providers/8b490232-ac49-4204-b6ef-341432ee2914/aggregates" status: 404 len: 235 microversion: 1.1 [pid: 8|app: 0|req: 324/651] 10.0.0.87 () {32 vars in 814 bytes} [Sat Jul 25 15:03:11 2026] GET /resource_providers/8b490232-ac49-4204-b6ef-341432ee2914/aggregates => generated 235 bytes in 10 msecs (HTTP/1.1 404) 5 headers in 202 bytes (1 switches on core 0) [pid: 7|app: 0|req: 328/652] 10.0.0.87 () {32 vars in 814 bytes} [Sat Jul 25 15:03:11 2026] GET /resource_providers/8b490232-ac49-4204-b6ef-341432ee2914/aggregates => generated 235 bytes in 8 msecs (HTTP/1.1 404) 5 headers in 202 bytes (1 switches on core 0)
2026-07-25 15:03:11.961 8 INFO placement.requestlog [None req-64ea2007-72fe-43a2-94b7-be4a449737ef 8558c3c4754a4eefbf577e30227d01e0 90eae45c53a846c686d88dc3717d4456 - - 10dcbe41256441d5be8b40eca3a0954f 10dcbe41256441d5be8b40eca3a0954f] 10.0.0.87 "DELETE /resource_providers/8b490232-ac49-4204-b6ef-341432ee2914" status: 404 len: 246 microversion: 1.1 [pid: 8|app: 0|req: 325/653] 10.0.0.87 () {34 vars in 814 bytes} [Sat Jul 25 15:03:11 2026] DELETE /resource_providers/8b490232-ac49-4204-b6ef-341432ee2914 => generated 246 bytes in 10 msecs (HTTP/1.1 404) 6 headers in 231 bytes (1 switches on core 0)
2026-07-25 15:03:11.963 7 INFO placement.requestlog [None req-f5e07519-7c84-4d58-aaa1-860ad74cd341 8558c3c4754a4eefbf577e30227d01e0 90eae45c53a846c686d88dc3717d4456 - - 10dcbe41256441d5be8b40eca3a0954f 10dcbe41256441d5be8b40eca3a0954f] 10.0.0.87 "DELETE /resource_providers/8b490232-ac49-4204-b6ef-341432ee2914" status: 404 len: 246 microversion: 1.1 [pid: 7|app: 0|req: 329/654] 10.0.0.87 () {34 vars in 814 bytes} [Sat Jul 25 15:03:11 2026] DELETE /resource_providers/8b490232-ac49-4204-b6ef-341432ee2914 => generated 246 bytes in 10 msecs (HTTP/1.1 404) 6 headers in 231 bytes (1 switches on core 0)
2026-07-25 15:03:14.024 7 INFO placement.requestlog [None req-5227ecab-1f5f-4a4b-96e1-c117910f8d62 - - - - - -] 10.0.0.219 "GET /" status: 200 len: 136 microversion: 1.0
2026-07-25 15:03:14.025 8 INFO placement.requestlog [None req-0edcb7f6-e731-47f0-8a6c-43505a839444 - - - - - -] 10.0.0.219 "GET /" status: 200 len: 136 microversion: 1.0
2026-07-25 15:03:14.792 7 INFO placement.requestlog [req-f75f7473-a382-47b8-822f-ad0f2bdc4e0b req-90183b3f-1c65-4da4-81b0-19d16dcad00b 21838c6e68e549259f25bd93c80d536f 90eae45c53a846c686d88dc3717d4456 - - 10dcbe41256441d5be8b40eca3a0954f 10dcbe41256441d5be8b40eca3a0954f] 10.0.0.148 "GET /allocation_candidates?limit=1000&resources=DISK_GB%3A1%2CMEMORY_MB%3A512%2CVCPU%3A1&root_required=%21COMPUTE_STATUS_DISABLED" status: 200 len: 2784 microversion: 1.36 [pid: 7|app: 0|req: 331/657] 10.0.0.148 () {34 vars in 1011 bytes} [Sat Jul 25 15:03:14 2026] GET /allocation_candidates?limit=1000&resources=DISK_GB%3A1%2CMEMORY_MB%3A512%2CVCPU%3A1&root_required=%21COMPUTE_STATUS_DISABLED => generated 2784 bytes in 53 msecs (HTTP/1.1 200) 8 headers in 297 bytes (1 switches on core 0)
2026-07-25 15:03:14.827 8 INFO placement.requestlog [req-f75f7473-a382-47b8-822f-ad0f2bdc4e0b req-61bcd387-4809-4a01-b32b-7736b4f4bc89 21838c6e68e549259f25bd93c80d536f 90eae45c53a846c686d88dc3717d4456 - - 10dcbe41256441d5be8b40eca3a0954f 10dcbe41256441d5be8b40eca3a0954f] 10.0.0.148 "GET /allocations/33778937-2749-44ef-94e0-62cbb6add013" status: 200 len: 19 microversion: 1.28 [pid: 8|app: 0|req: 327/658] 10.0.0.148 () {34 vars in 860 bytes} [Sat Jul 25 15:03:14 2026] GET /allocations/33778937-2749-44ef-94e0-62cbb6add013 => generated 19 bytes in 15 msecs (HTTP/1.1 200) 8 headers in 295 bytes (1 switches on core 0)
2026-07-25 15:03:14.911 7 INFO placement.requestlog [req-f75f7473-a382-47b8-822f-ad0f2bdc4e0b req-1b7ef098-734a-4034-afb6-c33f17ea5720 21838c6e68e549259f25bd93c80d536f 90eae45c53a846c686d88dc3717d4456 - - 10dcbe41256441d5be8b40eca3a0954f 10dcbe41256441d5be8b40eca3a0954f] 10.0.0.148 "PUT /allocations/33778937-2749-44ef-94e0-62cbb6add013" status: 204 len: 0 microversion: 1.36 [pid: 7|app: 0|req: 332/659] 10.0.0.148 () {38 vars in 913 bytes} [Sat Jul 25 15:03:14 2026] PUT /allocations/33778937-2749-44ef-94e0-62cbb6add013 => generated 0 bytes in 77 msecs (HTTP/1.1 204) 5 headers in 199 bytes (1 switches on core 0)
2026-07-25 15:03:16.382 8 INFO placement.requestlog [req-f75f7473-a382-47b8-822f-ad0f2bdc4e0b req-33be6766-649e-4dd8-bc67-c8e7c661c236 21838c6e68e549259f25bd93c80d536f 90eae45c53a846c686d88dc3717d4456 - - 10dcbe41256441d5be8b40eca3a0954f 10dcbe41256441d5be8b40eca3a0954f] 199.204.45.129 "GET /allocations/33778937-2749-44ef-94e0-62cbb6add013" status: 200 len: 258 microversion: 1.28 [pid: 8|app: 0|req: 328/660] 199.204.45.129 () {34 vars in 862 bytes} [Sat Jul 25 15:03:16 2026] GET /allocations/33778937-2749-44ef-94e0-62cbb6add013 => generated 258 bytes in 18 msecs (HTTP/1.1 200) 8 headers in 296 bytes (1 switches on core 0)
2026-07-25 15:03:17.430 7 INFO placement.requestlog [req-f75f7473-a382-47b8-822f-ad0f2bdc4e0b req-2c98e46d-4822-4622-9ee3-812365216c0c 21838c6e68e549259f25bd93c80d536f 90eae45c53a846c686d88dc3717d4456 - - 10dcbe41256441d5be8b40eca3a0954f 10dcbe41256441d5be8b40eca3a0954f] 199.204.45.129 "GET /resource_providers/363e52b2-f1cd-427a-8109-490a2e0d4d82/allocations" status: 200 len: 353 microversion: 1.0 [pid: 7|app: 0|req: 333/661] 199.204.45.129 () {32 vars in 856 bytes} [Sat Jul 25 15:03:17 2026] GET /resource_providers/363e52b2-f1cd-427a-8109-490a2e0d4d82/allocations => generated 353 bytes in 19 msecs (HTTP/1.1 200) 6 headers in 224 bytes (1 switches on core 0)
2026-07-25 15:03:17.451 8 INFO placement.requestlog [req-f75f7473-a382-47b8-822f-ad0f2bdc4e0b req-9e8d7593-c15f-4925-881c-bbde8454e7d3 21838c6e68e549259f25bd93c80d536f 90eae45c53a846c686d88dc3717d4456 - - 10dcbe41256441d5be8b40eca3a0954f 10dcbe41256441d5be8b40eca3a0954f] 199.204.45.129 "GET /allocations/49217bd6-f555-457f-833d-497b34066d63" status: 200 len: 258 microversion: 1.28 [pid: 8|app: 0|req: 329/662] 199.204.45.129 () {34 vars in 862 bytes} [Sat Jul 25 15:03:17 2026] GET /allocations/49217bd6-f555-457f-833d-497b34066d63 => generated 258 bytes in 13 msecs (HTTP/1.1 200) 8 headers in 296 bytes (1 switches on core 0)
2026-07-25 15:03:17.473 7 INFO placement.requestlog [req-f75f7473-a382-47b8-822f-ad0f2bdc4e0b req-0e15ee14-0903-46a9-8f59-ee71e0e762b2 21838c6e68e549259f25bd93c80d536f 90eae45c53a846c686d88dc3717d4456 - - 10dcbe41256441d5be8b40eca3a0954f 10dcbe41256441d5be8b40eca3a0954f] 199.204.45.129 "GET /allocations/714e2493-65d3-4e49-8f4c-6ef1aa7f93f4" status: 200 len: 258 microversion: 1.28 [pid: 7|app: 0|req: 334/663] 199.204.45.129 () {34 vars in 862 bytes} [Sat Jul 25 15:03:17 2026] GET /allocations/714e2493-65d3-4e49-8f4c-6ef1aa7f93f4 => generated 258 bytes in 14 msecs (HTTP/1.1 200) 8 headers in 296 bytes (1 switches on core 0)
2026-07-25 15:03:17.490 8 INFO placement.requestlog [req-f75f7473-a382-47b8-822f-ad0f2bdc4e0b req-8253fdc9-75ca-47f9-b1ee-8953b62ec5cd 21838c6e68e549259f25bd93c80d536f 90eae45c53a846c686d88dc3717d4456 - - 10dcbe41256441d5be8b40eca3a0954f 10dcbe41256441d5be8b40eca3a0954f] 199.204.45.129 "GET /allocations/33778937-2749-44ef-94e0-62cbb6add013" status: 200 len: 258 microversion: 1.28 [pid: 8|app: 0|req: 330/664] 199.204.45.129 () {34 vars in 862 bytes} [Sat Jul 25 15:03:17 2026] GET /allocations/33778937-2749-44ef-94e0-62cbb6add013 => generated 258 bytes in 11 msecs (HTTP/1.1 200) 8 headers in 296 bytes (1 switches on core 0)
2026-07-25 15:03:18.479 7 INFO placement.requestlog [req-a0bc67a8-6dfe-41f5-8d60-7e63be478bc0 req-3f23951a-5567-433f-91d8-0091307a507f 21838c6e68e549259f25bd93c80d536f 90eae45c53a846c686d88dc3717d4456 - - 10dcbe41256441d5be8b40eca3a0954f 10dcbe41256441d5be8b40eca3a0954f] 10.0.0.148 "GET /allocation_candidates?limit=1000&resources=DISK_GB%3A1%2CMEMORY_MB%3A512%2CVCPU%3A1&root_required=%21COMPUTE_STATUS_DISABLED" status: 200 len: 2784 microversion: 1.36 [pid: 7|app: 0|req: 335/665] 10.0.0.148 () {34 vars in 1011 bytes} [Sat Jul 25 15:03:18 2026] GET /allocation_candidates?limit=1000&resources=DISK_GB%3A1%2CMEMORY_MB%3A512%2CVCPU%3A1&root_required=%21COMPUTE_STATUS_DISABLED => generated 2784 bytes in 45 msecs (HTTP/1.1 200) 8 headers in 297 bytes (1 switches on core 0)
2026-07-25 15:03:18.512 8 INFO placement.requestlog [req-a0bc67a8-6dfe-41f5-8d60-7e63be478bc0 req-0842f8ff-a5c0-4f6c-8f0a-44e9d65f3c57 21838c6e68e549259f25bd93c80d536f 90eae45c53a846c686d88dc3717d4456 - - 10dcbe41256441d5be8b40eca3a0954f 10dcbe41256441d5be8b40eca3a0954f] 10.0.0.148 "GET /allocations/976a4b0a-1bf6-4f97-9eea-87cde3cb2463" status: 200 len: 19 microversion: 1.28 [pid: 8|app: 0|req: 331/666] 10.0.0.148 () {34 vars in 860 bytes} [Sat Jul 25 15:03:18 2026] GET /allocations/976a4b0a-1bf6-4f97-9eea-87cde3cb2463 => generated 19 bytes in 12 msecs (HTTP/1.1 200) 8 headers in 295 bytes (1 switches on core 0)
2026-07-25 15:03:18.568 7 INFO placement.requestlog [req-a0bc67a8-6dfe-41f5-8d60-7e63be478bc0 req-d48fa96b-69a3-4b7b-a9a8-d58fe93648de 21838c6e68e549259f25bd93c80d536f 90eae45c53a846c686d88dc3717d4456 - - 10dcbe41256441d5be8b40eca3a0954f 10dcbe41256441d5be8b40eca3a0954f] 10.0.0.148 "PUT /allocations/976a4b0a-1bf6-4f97-9eea-87cde3cb2463" status: 204 len: 0 microversion: 1.36 [pid: 7|app: 0|req: 336/667] 10.0.0.148 () {38 vars in 913 bytes} [Sat Jul 25 15:03:18 2026] PUT /allocations/976a4b0a-1bf6-4f97-9eea-87cde3cb2463 => generated 0 bytes in 49 msecs (HTTP/1.1 204) 5 headers in 199 bytes (1 switches on core 0)
2026-07-25 15:03:20.058 8 INFO placement.requestlog [req-a0bc67a8-6dfe-41f5-8d60-7e63be478bc0 req-99639206-eb8b-4315-bcea-fe083629caa5 21838c6e68e549259f25bd93c80d536f 90eae45c53a846c686d88dc3717d4456 - - 10dcbe41256441d5be8b40eca3a0954f 10dcbe41256441d5be8b40eca3a0954f] 199.204.45.129 "GET /allocations/976a4b0a-1bf6-4f97-9eea-87cde3cb2463" status: 200 len: 258 microversion: 1.28 [pid: 8|app: 0|req: 332/668] 199.204.45.129 () {34 vars in 862 bytes} [Sat Jul 25 15:03:20 2026] GET /allocations/976a4b0a-1bf6-4f97-9eea-87cde3cb2463 => generated 258 bytes in 14 msecs (HTTP/1.1 200) 8 headers in 296 bytes (1 switches on core 0)
2026-07-25 15:03:21.099 7 INFO placement.requestlog [req-a0bc67a8-6dfe-41f5-8d60-7e63be478bc0 req-74b43faa-b568-4710-8baa-979e1b1869fa 21838c6e68e549259f25bd93c80d536f 90eae45c53a846c686d88dc3717d4456 - - 10dcbe41256441d5be8b40eca3a0954f 10dcbe41256441d5be8b40eca3a0954f] 199.204.45.129 "GET /resource_providers/363e52b2-f1cd-427a-8109-490a2e0d4d82/allocations" status: 200 len: 453 microversion: 1.0 [pid: 7|app: 0|req: 337/669] 199.204.45.129 () {32 vars in 856 bytes} [Sat Jul 25 15:03:21 2026] GET /resource_providers/363e52b2-f1cd-427a-8109-490a2e0d4d82/allocations => generated 453 bytes in 22 msecs (HTTP/1.1 200) 6 headers in 224 bytes (1 switches on core 0)
2026-07-25 15:03:21.119 8 INFO placement.requestlog [req-a0bc67a8-6dfe-41f5-8d60-7e63be478bc0 req-41b60f29-74a1-4c7f-8d27-cce11270cad8 21838c6e68e549259f25bd93c80d536f 90eae45c53a846c686d88dc3717d4456 - - 10dcbe41256441d5be8b40eca3a0954f 10dcbe41256441d5be8b40eca3a0954f] 199.204.45.129 "GET /allocations/49217bd6-f555-457f-833d-497b34066d63" status: 200 len: 258 microversion: 1.28 [pid: 8|app: 0|req: 333/670] 199.204.45.129 () {34 vars in 862 bytes} [Sat Jul 25 15:03:21 2026] GET /allocations/49217bd6-f555-457f-833d-497b34066d63 => generated 258 bytes in 12 msecs (HTTP/1.1 200) 8 headers in 296 bytes (1 switches on core 0)
2026-07-25 15:03:21.140 7 INFO placement.requestlog [req-a0bc67a8-6dfe-41f5-8d60-7e63be478bc0 req-dea7aa43-1314-4be4-bd02-9fa494a55f35 21838c6e68e549259f25bd93c80d536f 90eae45c53a846c686d88dc3717d4456 - - 10dcbe41256441d5be8b40eca3a0954f 10dcbe41256441d5be8b40eca3a0954f] 199.204.45.129 "GET /allocations/714e2493-65d3-4e49-8f4c-6ef1aa7f93f4" status: 200 len: 258 microversion: 1.28 [pid: 7|app: 0|req: 338/671] 199.204.45.129 () {34 vars in 862 bytes} [Sat Jul 25 15:03:21 2026] GET /allocations/714e2493-65d3-4e49-8f4c-6ef1aa7f93f4 => generated 258 bytes in 13 msecs (HTTP/1.1 200) 8 headers in 296 bytes (1 switches on core 0)
2026-07-25 15:03:21.157 8 INFO placement.requestlog [req-a0bc67a8-6dfe-41f5-8d60-7e63be478bc0 req-7b55f269-01d1-4ad9-99ca-15811a581dc1 21838c6e68e549259f25bd93c80d536f 90eae45c53a846c686d88dc3717d4456 - - 10dcbe41256441d5be8b40eca3a0954f 10dcbe41256441d5be8b40eca3a0954f] 199.204.45.129 "GET /allocations/33778937-2749-44ef-94e0-62cbb6add013" status: 200 len: 258 microversion: 1.28 [pid: 8|app: 0|req: 334/672] 199.204.45.129 () {34 vars in 862 bytes} [Sat Jul 25 15:03:21 2026] GET /allocations/33778937-2749-44ef-94e0-62cbb6add013 => generated 258 bytes in 10 msecs (HTTP/1.1 200) 8 headers in 296 bytes (1 switches on core 0)
2026-07-25 15:03:21.193 7 INFO placement.requestlog [req-a0bc67a8-6dfe-41f5-8d60-7e63be478bc0 req-8fc11896-696c-48a8-9902-032a363c0865 21838c6e68e549259f25bd93c80d536f 90eae45c53a846c686d88dc3717d4456 - - 10dcbe41256441d5be8b40eca3a0954f 10dcbe41256441d5be8b40eca3a0954f] 199.204.45.129 "GET /allocations/976a4b0a-1bf6-4f97-9eea-87cde3cb2463" status: 200 len: 258 microversion: 1.28 [pid: 7|app: 0|req: 339/673] 199.204.45.129 () {34 vars in 862 bytes} [Sat Jul 25 15:03:21 2026] GET /allocations/976a4b0a-1bf6-4f97-9eea-87cde3cb2463 => generated 258 bytes in 29 msecs (HTTP/1.1 200) 8 headers in 296 bytes (1 switches on core 0)
2026-07-25 15:03:24.024 8 INFO placement.requestlog [None req-af3e051b-52b5-4475-8b06-6106a66f6605 - - - - - -] 10.0.0.219 "GET /" status: 200 len: 136 microversion: 1.0
2026-07-25 15:03:24.025 7 INFO placement.requestlog [None req-83ef58a1-76d1-4440-aebf-44ba8aa4b1cb - - - - - -] 10.0.0.219 "GET /" status: 200 len: 136 microversion: 1.0
2026-07-25 15:03:32.498 8 INFO placement.requestlog [req-063c7cbf-3500-4ce3-b953-be3351237e01 req-8f5691d3-b75a-4477-b946-5c4c2e547a3e 21838c6e68e549259f25bd93c80d536f 90eae45c53a846c686d88dc3717d4456 - - 10dcbe41256441d5be8b40eca3a0954f 10dcbe41256441d5be8b40eca3a0954f] 199.204.45.129 "GET /resource_providers/363e52b2-f1cd-427a-8109-490a2e0d4d82/allocations" status: 200 len: 453 microversion: 1.0 [pid: 8|app: 0|req: 336/676] 199.204.45.129 () {32 vars in 856 bytes} [Sat Jul 25 15:03:32 2026] GET /resource_providers/363e52b2-f1cd-427a-8109-490a2e0d4d82/allocations => generated 453 bytes in 17 msecs (HTTP/1.1 200) 6 headers in 224 bytes (1 switches on core 0)
2026-07-25 15:03:32.527 7 INFO placement.requestlog [req-063c7cbf-3500-4ce3-b953-be3351237e01 req-204ed3e1-a6fa-46da-bf30-266d99e2d642 21838c6e68e549259f25bd93c80d536f 90eae45c53a846c686d88dc3717d4456 - - 10dcbe41256441d5be8b40eca3a0954f 10dcbe41256441d5be8b40eca3a0954f] 199.204.45.129 "GET /resource_providers/363e52b2-f1cd-427a-8109-490a2e0d4d82/allocations" status: 200 len: 453 microversion: 1.0 [pid: 7|app: 0|req: 341/677] 199.204.45.129 () {32 vars in 856 bytes} [Sat Jul 25 15:03:32 2026] GET /resource_providers/363e52b2-f1cd-427a-8109-490a2e0d4d82/allocations => generated 453 bytes in 21 msecs (HTTP/1.1 200) 6 headers in 224 bytes (1 switches on core 0)
2026-07-25 15:03:32.543 8 INFO placement.requestlog [req-063c7cbf-3500-4ce3-b953-be3351237e01 req-531e1851-3e93-4095-b831-feec3444cbc0 21838c6e68e549259f25bd93c80d536f 90eae45c53a846c686d88dc3717d4456 - - 10dcbe41256441d5be8b40eca3a0954f 10dcbe41256441d5be8b40eca3a0954f] 199.204.45.129 "GET /allocations/49217bd6-f555-457f-833d-497b34066d63" status: 200 len: 258 microversion: 1.28 [pid: 8|app: 0|req: 337/678] 199.204.45.129 () {34 vars in 862 bytes} [Sat Jul 25 15:03:32 2026] GET /allocations/49217bd6-f555-457f-833d-497b34066d63 => generated 258 bytes in 9 msecs (HTTP/1.1 200) 8 headers in 296 bytes (1 switches on core 0)
2026-07-25 15:03:32.562 7 INFO placement.requestlog [req-063c7cbf-3500-4ce3-b953-be3351237e01 req-b2a7044d-cfa1-4890-bb5b-25b406dd7add 21838c6e68e549259f25bd93c80d536f 90eae45c53a846c686d88dc3717d4456 - - 10dcbe41256441d5be8b40eca3a0954f 10dcbe41256441d5be8b40eca3a0954f] 199.204.45.129 "GET /allocations/714e2493-65d3-4e49-8f4c-6ef1aa7f93f4" status: 200 len: 258 microversion: 1.28 [pid: 7|app: 0|req: 342/679] 199.204.45.129 () {34 vars in 862 bytes} [Sat Jul 25 15:03:32 2026] GET /allocations/714e2493-65d3-4e49-8f4c-6ef1aa7f93f4 => generated 258 bytes in 13 msecs (HTTP/1.1 200) 8 headers in 296 bytes (1 switches on core 0)
2026-07-25 15:03:32.582 8 INFO placement.requestlog [req-063c7cbf-3500-4ce3-b953-be3351237e01 req-3ed46da4-4bf7-445b-b0a7-7d2605a59182 21838c6e68e549259f25bd93c80d536f 90eae45c53a846c686d88dc3717d4456 - - 10dcbe41256441d5be8b40eca3a0954f 10dcbe41256441d5be8b40eca3a0954f] 199.204.45.129 "GET /allocations/33778937-2749-44ef-94e0-62cbb6add013" status: 200 len: 258 microversion: 1.28 [pid: 8|app: 0|req: 338/680] 199.204.45.129 () {34 vars in 862 bytes} [Sat Jul 25 15:03:32 2026] GET /allocations/33778937-2749-44ef-94e0-62cbb6add013 => generated 258 bytes in 12 msecs (HTTP/1.1 200) 8 headers in 296 bytes (1 switches on core 0)
2026-07-25 15:03:32.601 7 INFO placement.requestlog [req-063c7cbf-3500-4ce3-b953-be3351237e01 req-a1b9cc44-cb85-4a5f-8c8c-82383ff908c1 21838c6e68e549259f25bd93c80d536f 90eae45c53a846c686d88dc3717d4456 - - 10dcbe41256441d5be8b40eca3a0954f 10dcbe41256441d5be8b40eca3a0954f] 199.204.45.129 "GET /allocations/976a4b0a-1bf6-4f97-9eea-87cde3cb2463" status: 200 len: 258 microversion: 1.28 [pid: 7|app: 0|req: 343/681] 199.204.45.129 () {34 vars in 862 bytes} [Sat Jul 25 15:03:32 2026] GET /allocations/976a4b0a-1bf6-4f97-9eea-87cde3cb2463 => generated 258 bytes in 14 msecs (HTTP/1.1 200) 8 headers in 296 bytes (1 switches on core 0)
2026-07-25 15:03:33.644 8 INFO placement.requestlog [req-0334d79e-cd6e-42f7-b266-eb31af59f274 req-88f2a9f7-81f2-441c-bc8a-612711c89296 21838c6e68e549259f25bd93c80d536f 90eae45c53a846c686d88dc3717d4456 - - 10dcbe41256441d5be8b40eca3a0954f 10dcbe41256441d5be8b40eca3a0954f] 199.204.45.129 "GET /resource_providers/363e52b2-f1cd-427a-8109-490a2e0d4d82/allocations" status: 200 len: 453 microversion: 1.0 [pid: 8|app: 0|req: 339/682] 199.204.45.129 () {32 vars in 856 bytes} [Sat Jul 25 15:03:33 2026] GET /resource_providers/363e52b2-f1cd-427a-8109-490a2e0d4d82/allocations => generated 453 bytes in 13 msecs (HTTP/1.1 200) 6 headers in 224 bytes (1 switches on core 0)
2026-07-25 15:03:33.668 7 INFO placement.requestlog [req-0334d79e-cd6e-42f7-b266-eb31af59f274 req-dcfbd0d4-d6b2-4f71-8c55-033c7e60b9ab 21838c6e68e549259f25bd93c80d536f 90eae45c53a846c686d88dc3717d4456 - - 10dcbe41256441d5be8b40eca3a0954f 10dcbe41256441d5be8b40eca3a0954f] 199.204.45.129 "GET /allocations/49217bd6-f555-457f-833d-497b34066d63" status: 200 len: 258 microversion: 1.28 [pid: 7|app: 0|req: 344/683] 199.204.45.129 () {34 vars in 862 bytes} [Sat Jul 25 15:03:33 2026] GET /allocations/49217bd6-f555-457f-833d-497b34066d63 => generated 258 bytes in 17 msecs (HTTP/1.1 200) 8 headers in 296 bytes (1 switches on core 0)
2026-07-25 15:03:33.682 8 INFO placement.requestlog [req-0334d79e-cd6e-42f7-b266-eb31af59f274 req-6fd119e3-251d-4c08-af5e-8a949f365279 21838c6e68e549259f25bd93c80d536f 90eae45c53a846c686d88dc3717d4456 - - 10dcbe41256441d5be8b40eca3a0954f 10dcbe41256441d5be8b40eca3a0954f] 199.204.45.129 "GET /allocations/714e2493-65d3-4e49-8f4c-6ef1aa7f93f4" status: 200 len: 258 microversion: 1.28 [pid: 8|app: 0|req: 340/684] 199.204.45.129 () {34 vars in 862 bytes} [Sat Jul 25 15:03:33 2026] GET /allocations/714e2493-65d3-4e49-8f4c-6ef1aa7f93f4 => generated 258 bytes in 8 msecs (HTTP/1.1 200) 8 headers in 296 bytes (1 switches on core 0)
2026-07-25 15:03:33.700 7 INFO placement.requestlog [req-0334d79e-cd6e-42f7-b266-eb31af59f274 req-e697629a-6443-4650-8b44-fdb6e4fbbc73 21838c6e68e549259f25bd93c80d536f 90eae45c53a846c686d88dc3717d4456 - - 10dcbe41256441d5be8b40eca3a0954f 10dcbe41256441d5be8b40eca3a0954f] 199.204.45.129 "GET /allocations/33778937-2749-44ef-94e0-62cbb6add013" status: 200 len: 258 microversion: 1.28 [pid: 7|app: 0|req: 345/685] 199.204.45.129 () {34 vars in 862 bytes} [Sat Jul 25 15:03:33 2026] GET /allocations/33778937-2749-44ef-94e0-62cbb6add013 => generated 258 bytes in 13 msecs (HTTP/1.1 200) 8 headers in 296 bytes (1 switches on core 0)
2026-07-25 15:03:33.715 8 INFO placement.requestlog [req-0334d79e-cd6e-42f7-b266-eb31af59f274 req-190ed3c2-65e4-4aa6-a993-e8015565dd22 21838c6e68e549259f25bd93c80d536f 90eae45c53a846c686d88dc3717d4456 - - 10dcbe41256441d5be8b40eca3a0954f 10dcbe41256441d5be8b40eca3a0954f] 199.204.45.129 "GET /allocations/976a4b0a-1bf6-4f97-9eea-87cde3cb2463" status: 200 len: 258 microversion: 1.28 [pid: 8|app: 0|req: 341/686] 199.204.45.129 () {34 vars in 862 bytes} [Sat Jul 25 15:03:33 2026] GET /allocations/976a4b0a-1bf6-4f97-9eea-87cde3cb2463 => generated 258 bytes in 8 msecs (HTTP/1.1 200) 8 headers in 296 bytes (1 switches on core 0)
2026-07-25 15:03:34.024 7 INFO placement.requestlog [None req-ad9d6ff9-923b-4777-91c7-035492abeafd - - - - - -] 10.0.0.219 "GET /" status: 200 len: 136 microversion: 1.0
2026-07-25 15:03:34.025 8 INFO placement.requestlog [None req-16a08d27-35d4-4d78-a5a8-5727969585e6 - - - - - -] 10.0.0.219 "GET /" status: 200 len: 136 microversion: 1.0
2026-07-25 15:03:34.767 7 INFO placement.requestlog [req-0334d79e-cd6e-42f7-b266-eb31af59f274 req-e5bb1087-8a7b-4f71-8d1e-3c947f8a190a 21838c6e68e549259f25bd93c80d536f 90eae45c53a846c686d88dc3717d4456 - - 10dcbe41256441d5be8b40eca3a0954f 10dcbe41256441d5be8b40eca3a0954f] 199.204.45.129 "DELETE /allocations/33778937-2749-44ef-94e0-62cbb6add013" status: 204 len: 0 microversion: 1.0 [pid: 7|app: 0|req: 347/689] 199.204.45.129 () {34 vars in 840 bytes} [Sat Jul 25 15:03:34 2026] DELETE /allocations/33778937-2749-44ef-94e0-62cbb6add013 => generated 0 bytes in 31 msecs (HTTP/1.1 204) 5 headers in 198 bytes (1 switches on core 0)
2026-07-25 15:03:37.037 8 INFO placement.requestlog [req-b5bea958-33f9-4c74-a0f9-f3c3ac5806f8 req-e9c90ea2-3caa-49f0-96b3-98dac2391a20 21838c6e68e549259f25bd93c80d536f 90eae45c53a846c686d88dc3717d4456 - - 10dcbe41256441d5be8b40eca3a0954f 10dcbe41256441d5be8b40eca3a0954f] 199.204.45.129 "GET /resource_providers/363e52b2-f1cd-427a-8109-490a2e0d4d82/allocations" status: 200 len: 353 microversion: 1.0 [pid: 8|app: 0|req: 343/690] 199.204.45.129 () {32 vars in 856 bytes} [Sat Jul 25 15:03:37 2026] GET /resource_providers/363e52b2-f1cd-427a-8109-490a2e0d4d82/allocations => generated 353 bytes in 13 msecs (HTTP/1.1 200) 6 headers in 224 bytes (1 switches on core 0)
2026-07-25 15:03:37.056 7 INFO placement.requestlog [req-b5bea958-33f9-4c74-a0f9-f3c3ac5806f8 req-b52fb67d-5706-4899-abf9-09a22cd21321 21838c6e68e549259f25bd93c80d536f 90eae45c53a846c686d88dc3717d4456 - - 10dcbe41256441d5be8b40eca3a0954f 10dcbe41256441d5be8b40eca3a0954f] 199.204.45.129 "GET /allocations/49217bd6-f555-457f-833d-497b34066d63" status: 200 len: 258 microversion: 1.28 [pid: 7|app: 0|req: 348/691] 199.204.45.129 () {34 vars in 862 bytes} [Sat Jul 25 15:03:37 2026] GET /allocations/49217bd6-f555-457f-833d-497b34066d63 => generated 258 bytes in 12 msecs (HTTP/1.1 200) 8 headers in 296 bytes (1 switches on core 0)
2026-07-25 15:03:37.071 8 INFO placement.requestlog [req-b5bea958-33f9-4c74-a0f9-f3c3ac5806f8 req-30a0c2ff-7551-4720-8aae-5fbd71777b77 21838c6e68e549259f25bd93c80d536f 90eae45c53a846c686d88dc3717d4456 - - 10dcbe41256441d5be8b40eca3a0954f 10dcbe41256441d5be8b40eca3a0954f] 199.204.45.129 "GET /allocations/714e2493-65d3-4e49-8f4c-6ef1aa7f93f4" status: 200 len: 258 microversion: 1.28 [pid: 8|app: 0|req: 344/692] 199.204.45.129 () {34 vars in 862 bytes} [Sat Jul 25 15:03:37 2026] GET /allocations/714e2493-65d3-4e49-8f4c-6ef1aa7f93f4 => generated 258 bytes in 11 msecs (HTTP/1.1 200) 8 headers in 296 bytes (1 switches on core 0)
2026-07-25 15:03:37.086 7 INFO placement.requestlog [req-b5bea958-33f9-4c74-a0f9-f3c3ac5806f8 req-292d1037-8977-4a55-897a-62db57e107e0 21838c6e68e549259f25bd93c80d536f 90eae45c53a846c686d88dc3717d4456 - - 10dcbe41256441d5be8b40eca3a0954f 10dcbe41256441d5be8b40eca3a0954f] 199.204.45.129 "GET /allocations/976a4b0a-1bf6-4f97-9eea-87cde3cb2463" status: 200 len: 258 microversion: 1.28 [pid: 7|app: 0|req: 349/693] 199.204.45.129 () {34 vars in 862 bytes} [Sat Jul 25 15:03:37 2026] GET /allocations/976a4b0a-1bf6-4f97-9eea-87cde3cb2463 => generated 258 bytes in 12 msecs (HTTP/1.1 200) 8 headers in 296 bytes (1 switches on core 0)
2026-07-25 15:03:37.895 8 INFO placement.requestlog [None req-b4509eb0-ddd0-4ec7-9d0b-4d86196e4058 8558c3c4754a4eefbf577e30227d01e0 90eae45c53a846c686d88dc3717d4456 - - 10dcbe41256441d5be8b40eca3a0954f 10dcbe41256441d5be8b40eca3a0954f] 10.0.0.87 "GET /resource_providers/0a31d186-cd3a-4d0a-897f-c25eea14b577/aggregates" status: 404 len: 235 microversion: 1.1 [pid: 8|app: 0|req: 345/694] 10.0.0.87 () {32 vars in 814 bytes} [Sat Jul 25 15:03:37 2026] GET /resource_providers/0a31d186-cd3a-4d0a-897f-c25eea14b577/aggregates => generated 235 bytes in 8 msecs (HTTP/1.1 404) 5 headers in 202 bytes (1 switches on core 0)
2026-07-25 15:03:37.911 7 INFO placement.requestlog [None req-9602c2bf-e369-4f36-b0c1-81f09918567d 8558c3c4754a4eefbf577e30227d01e0 90eae45c53a846c686d88dc3717d4456 - - 10dcbe41256441d5be8b40eca3a0954f 10dcbe41256441d5be8b40eca3a0954f] 10.0.0.87 "GET /resource_providers/0a31d186-cd3a-4d0a-897f-c25eea14b577/aggregates" status: 404 len: 235 microversion: 1.1 [pid: 7|app: 0|req: 350/695] 10.0.0.87 () {32 vars in 814 bytes} [Sat Jul 25 15:03:37 2026] GET /resource_providers/0a31d186-cd3a-4d0a-897f-c25eea14b577/aggregates => generated 235 bytes in 21 msecs (HTTP/1.1 404) 5 headers in 202 bytes (1 switches on core 0)
2026-07-25 15:03:37.920 8 INFO placement.requestlog [None req-f9f3b37b-ffdc-4568-ac4d-3042fa977ef1 8558c3c4754a4eefbf577e30227d01e0 90eae45c53a846c686d88dc3717d4456 - - 10dcbe41256441d5be8b40eca3a0954f 10dcbe41256441d5be8b40eca3a0954f] 10.0.0.87 "DELETE /resource_providers/0a31d186-cd3a-4d0a-897f-c25eea14b577" status: 404 len: 246 microversion: 1.1 [pid: 8|app: 0|req: 346/696] 10.0.0.87 () {34 vars in 814 bytes} [Sat Jul 25 15:03:37 2026] DELETE /resource_providers/0a31d186-cd3a-4d0a-897f-c25eea14b577 => generated 246 bytes in 10 msecs (HTTP/1.1 404) 6 headers in 231 bytes (1 switches on core 0)
2026-07-25 15:03:37.936 7 INFO placement.requestlog [None req-0e26e533-2633-4371-84b3-fdd6fc630993 8558c3c4754a4eefbf577e30227d01e0 90eae45c53a846c686d88dc3717d4456 - - 10dcbe41256441d5be8b40eca3a0954f 10dcbe41256441d5be8b40eca3a0954f] 10.0.0.87 "DELETE /resource_providers/0a31d186-cd3a-4d0a-897f-c25eea14b577" status: 404 len: 246 microversion: 1.1 [pid: 7|app: 0|req: 351/697] 10.0.0.87 () {34 vars in 814 bytes} [Sat Jul 25 15:03:37 2026] DELETE /resource_providers/0a31d186-cd3a-4d0a-897f-c25eea14b577 => generated 246 bytes in 16 msecs (HTTP/1.1 404) 6 headers in 231 bytes (1 switches on core 0)
2026-07-25 15:03:38.135 8 INFO placement.requestlog [req-b5bea958-33f9-4c74-a0f9-f3c3ac5806f8 req-9a2e73ed-a5a2-44ea-a622-29a1c2ffd467 21838c6e68e549259f25bd93c80d536f 90eae45c53a846c686d88dc3717d4456 - - 10dcbe41256441d5be8b40eca3a0954f 10dcbe41256441d5be8b40eca3a0954f] 199.204.45.129 "DELETE /allocations/49217bd6-f555-457f-833d-497b34066d63" status: 204 len: 0 microversion: 1.0 [pid: 8|app: 0|req: 347/698] 199.204.45.129 () {34 vars in 840 bytes} [Sat Jul 25 15:03:38 2026] DELETE /allocations/49217bd6-f555-457f-833d-497b34066d63 => generated 0 bytes in 23 msecs (HTTP/1.1 204) 5 headers in 198 bytes (1 switches on core 0)
2026-07-25 15:03:43.036 7 INFO placement.requestlog [None req-6586e962-a682-49e3-8546-acdd90c8d71c 8558c3c4754a4eefbf577e30227d01e0 90eae45c53a846c686d88dc3717d4456 - - 10dcbe41256441d5be8b40eca3a0954f 10dcbe41256441d5be8b40eca3a0954f] 10.0.0.87 "GET /resource_providers/bfe85458-5ae1-42de-84cb-69b685cf6b72/aggregates" status: 404 len: 235 microversion: 1.1 [pid: 7|app: 0|req: 352/699] 10.0.0.87 () {32 vars in 814 bytes} [Sat Jul 25 15:03:43 2026] GET /resource_providers/bfe85458-5ae1-42de-84cb-69b685cf6b72/aggregates => generated 235 bytes in 8 msecs (HTTP/1.1 404) 5 headers in 202 bytes (1 switches on core 0)
2026-07-25 15:03:43.039 8 INFO placement.requestlog [None req-f9019927-70e0-4aae-ba1b-03744746d17d 8558c3c4754a4eefbf577e30227d01e0 90eae45c53a846c686d88dc3717d4456 - - 10dcbe41256441d5be8b40eca3a0954f 10dcbe41256441d5be8b40eca3a0954f] 10.0.0.87 "GET /resource_providers/bfe85458-5ae1-42de-84cb-69b685cf6b72/aggregates" status: 404 len: 235 microversion: 1.1 [pid: 8|app: 0|req: 348/700] 10.0.0.87 () {32 vars in 814 bytes} [Sat Jul 25 15:03:43 2026] GET /resource_providers/bfe85458-5ae1-42de-84cb-69b685cf6b72/aggregates => generated 235 bytes in 10 msecs (HTTP/1.1 404) 5 headers in 202 bytes (1 switches on core 0)
2026-07-25 15:03:43.062 7 INFO placement.requestlog [None req-d5542573-a71b-454a-9545-3d451cbc5e41 8558c3c4754a4eefbf577e30227d01e0 90eae45c53a846c686d88dc3717d4456 - - 10dcbe41256441d5be8b40eca3a0954f 10dcbe41256441d5be8b40eca3a0954f] 10.0.0.87 "DELETE /resource_providers/bfe85458-5ae1-42de-84cb-69b685cf6b72" status: 404 len: 246 microversion: 1.1 [pid: 7|app: 0|req: 353/701] 10.0.0.87 () {34 vars in 814 bytes} [Sat Jul 25 15:03:43 2026] DELETE /resource_providers/bfe85458-5ae1-42de-84cb-69b685cf6b72 => generated 246 bytes in 12 msecs (HTTP/1.1 404) 6 headers in 231 bytes (1 switches on core 0)
2026-07-25 15:03:43.064 8 INFO placement.requestlog [None req-97a3559c-7dd4-46b1-afec-a602d9513857 8558c3c4754a4eefbf577e30227d01e0 90eae45c53a846c686d88dc3717d4456 - - 10dcbe41256441d5be8b40eca3a0954f 10dcbe41256441d5be8b40eca3a0954f] 10.0.0.87 "DELETE /resource_providers/bfe85458-5ae1-42de-84cb-69b685cf6b72" status: 404 len: 246 microversion: 1.1 [pid: 8|app: 0|req: 349/702] 10.0.0.87 () {34 vars in 814 bytes} [Sat Jul 25 15:03:43 2026] DELETE /resource_providers/bfe85458-5ae1-42de-84cb-69b685cf6b72 => generated 246 bytes in 7 msecs (HTTP/1.1 404) 6 headers in 231 bytes (1 switches on core 0)
2026-07-25 15:03:44.024 7 INFO placement.requestlog [None req-b6d60b70-ece6-447f-9683-d5dacb3f00cb - - - - - -] 10.0.0.219 "GET /" status: 200 len: 136 microversion: 1.0
2026-07-25 15:03:44.025 8 INFO placement.requestlog [None req-952d0551-c6bd-48ad-b4ac-38106a382973 - - - - - -] 10.0.0.219 "GET /" status: 200 len: 136 microversion: 1.0
2026-07-25 15:03:45.532 7 INFO placement.requestlog [None req-f6dd9a7d-ac84-4959-8e0e-91d5e8e894d3 8558c3c4754a4eefbf577e30227d01e0 90eae45c53a846c686d88dc3717d4456 - - 10dcbe41256441d5be8b40eca3a0954f 10dcbe41256441d5be8b40eca3a0954f] 10.0.0.87 "GET /resource_providers/11365e20-4907-44f8-b0a7-27fbde2774e3/aggregates" status: 404 len: 235 microversion: 1.1 [pid: 7|app: 0|req: 355/705] 10.0.0.87 () {32 vars in 814 bytes} [Sat Jul 25 15:03:45 2026] GET /resource_providers/11365e20-4907-44f8-b0a7-27fbde2774e3/aggregates => generated 235 bytes in 8 msecs (HTTP/1.1 404) 5 headers in 202 bytes (1 switches on core 0)
2026-07-25 15:03:45.548 8 INFO placement.requestlog [None req-5c4362bc-6318-49f6-8885-7c1774f4524e 8558c3c4754a4eefbf577e30227d01e0 90eae45c53a846c686d88dc3717d4456 - - 10dcbe41256441d5be8b40eca3a0954f 10dcbe41256441d5be8b40eca3a0954f] 10.0.0.87 "GET /resource_providers/11365e20-4907-44f8-b0a7-27fbde2774e3/aggregates" status: 404 len: 235 microversion: 1.1 [pid: 8|app: 0|req: 351/706] 10.0.0.87 () {32 vars in 814 bytes} [Sat Jul 25 15:03:45 2026] GET /resource_providers/11365e20-4907-44f8-b0a7-27fbde2774e3/aggregates => generated 235 bytes in 17 msecs (HTTP/1.1 404) 5 headers in 202 bytes (1 switches on core 0)
2026-07-25 15:03:45.563 7 INFO placement.requestlog [None req-84cc86b4-25de-4c63-b65d-ff12f8ee9c3e 8558c3c4754a4eefbf577e30227d01e0 90eae45c53a846c686d88dc3717d4456 - - 10dcbe41256441d5be8b40eca3a0954f 10dcbe41256441d5be8b40eca3a0954f] 10.0.0.87 "DELETE /resource_providers/11365e20-4907-44f8-b0a7-27fbde2774e3" status: 404 len: 246 microversion: 1.1 [pid: 7|app: 0|req: 356/707] 10.0.0.87 () {34 vars in 814 bytes} [Sat Jul 25 15:03:45 2026] DELETE /resource_providers/11365e20-4907-44f8-b0a7-27fbde2774e3 => generated 246 bytes in 9 msecs (HTTP/1.1 404) 6 headers in 231 bytes (1 switches on core 0)
2026-07-25 15:03:45.573 8 INFO placement.requestlog [None req-27d7ce7f-1bf6-439d-95b4-4afa5424029f 8558c3c4754a4eefbf577e30227d01e0 90eae45c53a846c686d88dc3717d4456 - - 10dcbe41256441d5be8b40eca3a0954f 10dcbe41256441d5be8b40eca3a0954f] 10.0.0.87 "DELETE /resource_providers/11365e20-4907-44f8-b0a7-27fbde2774e3" status: 404 len: 246 microversion: 1.1 [pid: 8|app: 0|req: 352/708] 10.0.0.87 () {34 vars in 814 bytes} [Sat Jul 25 15:03:45 2026] DELETE /resource_providers/11365e20-4907-44f8-b0a7-27fbde2774e3 => generated 246 bytes in 15 msecs (HTTP/1.1 404) 6 headers in 231 bytes (1 switches on core 0)
2026-07-25 15:03:47.615 7 INFO placement.requestlog [req-117bbfd5-f4a8-4a5f-af6e-7ee26400cfe6 req-2d25df73-e0ed-462b-8d4a-aebea402dda7 21838c6e68e549259f25bd93c80d536f 90eae45c53a846c686d88dc3717d4456 - - 10dcbe41256441d5be8b40eca3a0954f 10dcbe41256441d5be8b40eca3a0954f] 199.204.45.129 "GET /resource_providers/363e52b2-f1cd-427a-8109-490a2e0d4d82/allocations" status: 200 len: 253 microversion: 1.0 [pid: 7|app: 0|req: 357/709] 199.204.45.129 () {32 vars in 856 bytes} [Sat Jul 25 15:03:47 2026] GET /resource_providers/363e52b2-f1cd-427a-8109-490a2e0d4d82/allocations => generated 253 bytes in 17 msecs (HTTP/1.1 200) 6 headers in 224 bytes (1 switches on core 0)
2026-07-25 15:03:47.632 8 INFO placement.requestlog [req-117bbfd5-f4a8-4a5f-af6e-7ee26400cfe6 req-654aa965-b188-4adf-96f0-17f393144051 21838c6e68e549259f25bd93c80d536f 90eae45c53a846c686d88dc3717d4456 - - 10dcbe41256441d5be8b40eca3a0954f 10dcbe41256441d5be8b40eca3a0954f] 199.204.45.129 "GET /allocations/714e2493-65d3-4e49-8f4c-6ef1aa7f93f4" status: 200 len: 258 microversion: 1.28 [pid: 8|app: 0|req: 353/710] 199.204.45.129 () {34 vars in 862 bytes} [Sat Jul 25 15:03:47 2026] GET /allocations/714e2493-65d3-4e49-8f4c-6ef1aa7f93f4 => generated 258 bytes in 10 msecs (HTTP/1.1 200) 8 headers in 296 bytes (1 switches on core 0)
2026-07-25 15:03:47.651 7 INFO placement.requestlog [req-117bbfd5-f4a8-4a5f-af6e-7ee26400cfe6 req-e1b3bc30-d8ef-4301-9038-7ea33eac9369 21838c6e68e549259f25bd93c80d536f 90eae45c53a846c686d88dc3717d4456 - - 10dcbe41256441d5be8b40eca3a0954f 10dcbe41256441d5be8b40eca3a0954f] 199.204.45.129 "GET /allocations/976a4b0a-1bf6-4f97-9eea-87cde3cb2463" status: 200 len: 258 microversion: 1.28 [pid: 7|app: 0|req: 358/711] 199.204.45.129 () {34 vars in 862 bytes} [Sat Jul 25 15:03:47 2026] GET /allocations/976a4b0a-1bf6-4f97-9eea-87cde3cb2463 => generated 258 bytes in 13 msecs (HTTP/1.1 200) 8 headers in 296 bytes (1 switches on core 0)
2026-07-25 15:03:48.697 8 INFO placement.requestlog [req-117bbfd5-f4a8-4a5f-af6e-7ee26400cfe6 req-786990d5-81f5-46b1-b6db-aa7c27776202 21838c6e68e549259f25bd93c80d536f 90eae45c53a846c686d88dc3717d4456 - - 10dcbe41256441d5be8b40eca3a0954f 10dcbe41256441d5be8b40eca3a0954f] 199.204.45.129 "DELETE /allocations/976a4b0a-1bf6-4f97-9eea-87cde3cb2463" status: 204 len: 0 microversion: 1.0 [pid: 8|app: 0|req: 354/712] 199.204.45.129 () {34 vars in 840 bytes} [Sat Jul 25 15:03:48 2026] DELETE /allocations/976a4b0a-1bf6-4f97-9eea-87cde3cb2463 => generated 0 bytes in 22 msecs (HTTP/1.1 204) 5 headers in 198 bytes (1 switches on core 0)
2026-07-25 15:03:54.015 7 INFO placement.requestlog [None req-1d3cae6b-76b8-45a0-a751-f920e998b3a7 8558c3c4754a4eefbf577e30227d01e0 90eae45c53a846c686d88dc3717d4456 - - 10dcbe41256441d5be8b40eca3a0954f 10dcbe41256441d5be8b40eca3a0954f] 10.0.0.87 "GET /resource_providers/021e8511-d7cd-42de-86b1-a13c5628c029/aggregates" status: 404 len: 235 microversion: 1.1 [pid: 7|app: 0|req: 359/713] 10.0.0.87 () {32 vars in 814 bytes} [Sat Jul 25 15:03:54 2026] GET /resource_providers/021e8511-d7cd-42de-86b1-a13c5628c029/aggregates => generated 235 bytes in 10 msecs (HTTP/1.1 404) 5 headers in 202 bytes (1 switches on core 0)
2026-07-25 15:03:54.016 8 INFO placement.requestlog [None req-d8cbd547-4cf8-4a09-9bc5-73c50e8dee2c 8558c3c4754a4eefbf577e30227d01e0 90eae45c53a846c686d88dc3717d4456 - - 10dcbe41256441d5be8b40eca3a0954f 10dcbe41256441d5be8b40eca3a0954f] 10.0.0.87 "GET /resource_providers/021e8511-d7cd-42de-86b1-a13c5628c029/aggregates" status: 404 len: 235 microversion: 1.1 [pid: 8|app: 0|req: 355/714] 10.0.0.87 () {32 vars in 814 bytes} [Sat Jul 25 15:03:54 2026] GET /resource_providers/021e8511-d7cd-42de-86b1-a13c5628c029/aggregates => generated 235 bytes in 10 msecs (HTTP/1.1 404) 5 headers in 202 bytes (1 switches on core 0)
2026-07-25 15:03:54.023 8 INFO placement.requestlog [None req-7c1f77f1-f126-4b1c-8aeb-fdae8dafe702 - - - - - -] 10.0.0.219 "GET /" status: 200 len: 136 microversion: 1.0
2026-07-25 15:03:54.024 7 INFO placement.requestlog [None req-eecdd73c-db9c-4ed6-b087-6460a8ae8c75 - - - - - -] 10.0.0.219 "GET /" status: 200 len: 136 microversion: 1.0
2026-07-25 15:03:54.038 8 INFO placement.requestlog [None req-d5bc4889-c70c-4f14-a64f-87dc29790445 8558c3c4754a4eefbf577e30227d01e0 90eae45c53a846c686d88dc3717d4456 - - 10dcbe41256441d5be8b40eca3a0954f 10dcbe41256441d5be8b40eca3a0954f] 10.0.0.87 "DELETE /resource_providers/021e8511-d7cd-42de-86b1-a13c5628c029" status: 404 len: 246 microversion: 1.1 [pid: 8|app: 0|req: 357/717] 10.0.0.87 () {34 vars in 814 bytes} [Sat Jul 25 15:03:54 2026] DELETE /resource_providers/021e8511-d7cd-42de-86b1-a13c5628c029 => generated 246 bytes in 8 msecs (HTTP/1.1 404) 6 headers in 231 bytes (1 switches on core 0)
2026-07-25 15:03:54.040 7 INFO placement.requestlog [None req-12c5898f-a621-4e85-8ef4-9de24e36ec9d 8558c3c4754a4eefbf577e30227d01e0 90eae45c53a846c686d88dc3717d4456 - - 10dcbe41256441d5be8b40eca3a0954f 10dcbe41256441d5be8b40eca3a0954f] 10.0.0.87 "DELETE /resource_providers/021e8511-d7cd-42de-86b1-a13c5628c029" status: 404 len: 246 microversion: 1.1 [pid: 7|app: 0|req: 361/718] 10.0.0.87 () {34 vars in 814 bytes} [Sat Jul 25 15:03:54 2026] DELETE /resource_providers/021e8511-d7cd-42de-86b1-a13c5628c029 => generated 246 bytes in 9 msecs (HTTP/1.1 404) 6 headers in 231 bytes (1 switches on core 0)
2026-07-25 15:03:54.810 8 INFO placement.requestlog [req-7a1a6d6e-8b9a-4bbd-b628-3bdf32796442 req-226a1454-5d8c-4836-a4ed-1e278dbbc5df 21838c6e68e549259f25bd93c80d536f 90eae45c53a846c686d88dc3717d4456 - - 10dcbe41256441d5be8b40eca3a0954f 10dcbe41256441d5be8b40eca3a0954f] 199.204.45.129 "GET /resource_providers/363e52b2-f1cd-427a-8109-490a2e0d4d82/allocations" status: 200 len: 153 microversion: 1.0 [pid: 8|app: 0|req: 358/719] 199.204.45.129 () {32 vars in 856 bytes} [Sat Jul 25 15:03:54 2026] GET /resource_providers/363e52b2-f1cd-427a-8109-490a2e0d4d82/allocations => generated 153 bytes in 17 msecs (HTTP/1.1 200) 6 headers in 224 bytes (1 switches on core 0)
