2026-07-25 15:06:36.062 7 INFO placement.requestlog [req-4921d3de-7581-49cf-840b-cafc3c525d15 req-057b5946-26c8-4f4f-b4ff-1d2c202918b6 21838c6e68e549259f25bd93c80d536f 90eae45c53a846c686d88dc3717d4456 - - 10dcbe41256441d5be8b40eca3a0954f 10dcbe41256441d5be8b40eca3a0954f] 199.204.45.129 "GET /resource_providers/363e52b2-f1cd-427a-8109-490a2e0d4d82/allocations" status: 200 len: 253 microversion: 1.0 [pid: 7|app: 0|req: 454/904] 199.204.45.129 () {32 vars in 856 bytes} [Sat Jul 25 15:06:36 2026] GET /resource_providers/363e52b2-f1cd-427a-8109-490a2e0d4d82/allocations => generated 253 bytes in 14 msecs (HTTP/1.1 200) 6 headers in 224 bytes (1 switches on core 0)
2026-07-25 15:06:36.077 8 INFO placement.requestlog [req-4921d3de-7581-49cf-840b-cafc3c525d15 req-d0c57feb-5c8f-4aef-ab6e-8ad3ea493dd3 21838c6e68e549259f25bd93c80d536f 90eae45c53a846c686d88dc3717d4456 - - 10dcbe41256441d5be8b40eca3a0954f 10dcbe41256441d5be8b40eca3a0954f] 199.204.45.129 "GET /allocations/a7014735-8e6f-46d9-ae92-134c91627f06" status: 200 len: 258 microversion: 1.28 [pid: 8|app: 0|req: 451/905] 199.204.45.129 () {34 vars in 862 bytes} [Sat Jul 25 15:06:36 2026] GET /allocations/a7014735-8e6f-46d9-ae92-134c91627f06 => generated 258 bytes in 11 msecs (HTTP/1.1 200) 8 headers in 296 bytes (1 switches on core 0)
2026-07-25 15:06:36.095 7 INFO placement.requestlog [req-4921d3de-7581-49cf-840b-cafc3c525d15 req-65d8c591-bbb2-4578-94b1-ec2dc0e6e5c8 21838c6e68e549259f25bd93c80d536f 90eae45c53a846c686d88dc3717d4456 - - 10dcbe41256441d5be8b40eca3a0954f 10dcbe41256441d5be8b40eca3a0954f] 199.204.45.129 "GET /allocations/f151f2dc-0b89-409d-8838-5105a2bd55fe" status: 200 len: 258 microversion: 1.28 [pid: 7|app: 0|req: 455/906] 199.204.45.129 () {34 vars in 862 bytes} [Sat Jul 25 15:06:36 2026] GET /allocations/f151f2dc-0b89-409d-8838-5105a2bd55fe => generated 258 bytes in 13 msecs (HTTP/1.1 200) 8 headers in 296 bytes (1 switches on core 0)
2026-07-25 15:06:40.555 8 INFO placement.requestlog [req-15e2e70e-ce84-4a12-bc15-7c9266f4df1a req-e1291fb6-6a2b-4f7d-ae9b-93b89b52420c 21838c6e68e549259f25bd93c80d536f 90eae45c53a846c686d88dc3717d4456 - - 10dcbe41256441d5be8b40eca3a0954f 10dcbe41256441d5be8b40eca3a0954f] 10.0.0.148 "GET /allocation_candidates?limit=1000&resources=MEMORY_MB%3A2048%2CVCPU%3A2&root_required=%21COMPUTE_STATUS_DISABLED" status: 200 len: 2771 microversion: 1.36 [pid: 8|app: 0|req: 452/907] 10.0.0.148 () {34 vars in 985 bytes} [Sat Jul 25 15:06:40 2026] GET /allocation_candidates?limit=1000&resources=MEMORY_MB%3A2048%2CVCPU%3A2&root_required=%21COMPUTE_STATUS_DISABLED => generated 2771 bytes in 52 msecs (HTTP/1.1 200) 8 headers in 297 bytes (1 switches on core 0)
2026-07-25 15:06:40.586 7 INFO placement.requestlog [req-15e2e70e-ce84-4a12-bc15-7c9266f4df1a req-4e3b1f9e-6316-4a7b-91b9-07859215694b 21838c6e68e549259f25bd93c80d536f 90eae45c53a846c686d88dc3717d4456 - - 10dcbe41256441d5be8b40eca3a0954f 10dcbe41256441d5be8b40eca3a0954f] 10.0.0.148 "GET /allocations/869db5ec-2bce-43a9-ab63-c96aad2b74e8" status: 200 len: 19 microversion: 1.28 [pid: 7|app: 0|req: 456/908] 10.0.0.148 () {34 vars in 860 bytes} [Sat Jul 25 15:06:40 2026] GET /allocations/869db5ec-2bce-43a9-ab63-c96aad2b74e8 => generated 19 bytes in 9 msecs (HTTP/1.1 200) 8 headers in 295 bytes (1 switches on core 0)
2026-07-25 15:06:40.662 8 INFO placement.requestlog [req-15e2e70e-ce84-4a12-bc15-7c9266f4df1a req-3d3f2e5d-d8e2-4ce0-8cf3-ca129ab808c7 21838c6e68e549259f25bd93c80d536f 90eae45c53a846c686d88dc3717d4456 - - 10dcbe41256441d5be8b40eca3a0954f 10dcbe41256441d5be8b40eca3a0954f] 10.0.0.148 "PUT /allocations/869db5ec-2bce-43a9-ab63-c96aad2b74e8" status: 204 len: 0 microversion: 1.36 [pid: 8|app: 0|req: 453/909] 10.0.0.148 () {38 vars in 913 bytes} [Sat Jul 25 15:06:40 2026] PUT /allocations/869db5ec-2bce-43a9-ab63-c96aad2b74e8 => generated 0 bytes in 69 msecs (HTTP/1.1 204) 5 headers in 199 bytes (1 switches on core 0)
2026-07-25 15:06:42.152 7 INFO placement.requestlog [req-15e2e70e-ce84-4a12-bc15-7c9266f4df1a req-43fd3d27-f67f-47cc-a769-44125c9e4d63 21838c6e68e549259f25bd93c80d536f 90eae45c53a846c686d88dc3717d4456 - - 10dcbe41256441d5be8b40eca3a0954f 10dcbe41256441d5be8b40eca3a0954f] 199.204.45.129 "GET /allocations/869db5ec-2bce-43a9-ab63-c96aad2b74e8" status: 200 len: 245 microversion: 1.28 [pid: 7|app: 0|req: 457/910] 199.204.45.129 () {34 vars in 862 bytes} [Sat Jul 25 15:06:42 2026] GET /allocations/869db5ec-2bce-43a9-ab63-c96aad2b74e8 => generated 245 bytes in 11 msecs (HTTP/1.1 200) 8 headers in 296 bytes (1 switches on core 0)
2026-07-25 15:06:43.191 8 INFO placement.requestlog [req-15e2e70e-ce84-4a12-bc15-7c9266f4df1a req-de4a7a51-bbe0-4c6a-a142-11261364287b 21838c6e68e549259f25bd93c80d536f 90eae45c53a846c686d88dc3717d4456 - - 10dcbe41256441d5be8b40eca3a0954f 10dcbe41256441d5be8b40eca3a0954f] 199.204.45.129 "GET /resource_providers/363e52b2-f1cd-427a-8109-490a2e0d4d82/allocations" status: 200 len: 340 microversion: 1.0 [pid: 8|app: 0|req: 454/911] 199.204.45.129 () {32 vars in 856 bytes} [Sat Jul 25 15:06:43 2026] GET /resource_providers/363e52b2-f1cd-427a-8109-490a2e0d4d82/allocations => generated 340 bytes in 17 msecs (HTTP/1.1 200) 6 headers in 224 bytes (1 switches on core 0)
2026-07-25 15:06:43.207 7 INFO placement.requestlog [req-15e2e70e-ce84-4a12-bc15-7c9266f4df1a req-f88304db-02c0-4549-aa08-4e0fae9700b1 21838c6e68e549259f25bd93c80d536f 90eae45c53a846c686d88dc3717d4456 - - 10dcbe41256441d5be8b40eca3a0954f 10dcbe41256441d5be8b40eca3a0954f] 199.204.45.129 "GET /allocations/a7014735-8e6f-46d9-ae92-134c91627f06" status: 200 len: 258 microversion: 1.28 [pid: 7|app: 0|req: 458/912] 199.204.45.129 () {34 vars in 862 bytes} [Sat Jul 25 15:06:43 2026] GET /allocations/a7014735-8e6f-46d9-ae92-134c91627f06 => generated 258 bytes in 9 msecs (HTTP/1.1 200) 8 headers in 296 bytes (1 switches on core 0)
2026-07-25 15:06:43.224 8 INFO placement.requestlog [req-15e2e70e-ce84-4a12-bc15-7c9266f4df1a req-193dfadc-010b-4659-99b1-68dbaf68a449 21838c6e68e549259f25bd93c80d536f 90eae45c53a846c686d88dc3717d4456 - - 10dcbe41256441d5be8b40eca3a0954f 10dcbe41256441d5be8b40eca3a0954f] 199.204.45.129 "GET /allocations/869db5ec-2bce-43a9-ab63-c96aad2b74e8" status: 200 len: 245 microversion: 1.28 [pid: 8|app: 0|req: 455/913] 199.204.45.129 () {34 vars in 862 bytes} [Sat Jul 25 15:06:43 2026] GET /allocations/869db5ec-2bce-43a9-ab63-c96aad2b74e8 => generated 245 bytes in 12 msecs (HTTP/1.1 200) 8 headers in 296 bytes (1 switches on core 0)
2026-07-25 15:06:43.235 7 INFO placement.requestlog [req-15e2e70e-ce84-4a12-bc15-7c9266f4df1a req-5d6818ca-f88f-4ef7-a904-c66974c6e960 21838c6e68e549259f25bd93c80d536f 90eae45c53a846c686d88dc3717d4456 - - 10dcbe41256441d5be8b40eca3a0954f 10dcbe41256441d5be8b40eca3a0954f] 199.204.45.129 "GET /allocations/f151f2dc-0b89-409d-8838-5105a2bd55fe" status: 200 len: 258 microversion: 1.28 [pid: 7|app: 0|req: 459/914] 199.204.45.129 () {34 vars in 862 bytes} [Sat Jul 25 15:06:43 2026] GET /allocations/f151f2dc-0b89-409d-8838-5105a2bd55fe => generated 258 bytes in 8 msecs (HTTP/1.1 200) 8 headers in 296 bytes (1 switches on core 0)
2026-07-25 15:06:44.024 8 INFO placement.requestlog [None req-f941c84c-303d-4488-b276-8fbb1ac2d6a0 - - - - - -] 10.0.0.219 "GET /" status: 200 len: 136 microversion: 1.0
2026-07-25 15:06:44.025 7 INFO placement.requestlog [None req-e796b333-8c1b-4551-b8de-0d5a292e08a6 - - - - - -] 10.0.0.219 "GET /" status: 200 len: 136 microversion: 1.0
2026-07-25 15:06:54.025 8 INFO placement.requestlog [None req-c5640370-7c57-4789-960b-97b476314281 - - - - - -] 10.0.0.219 "GET /" status: 200 len: 136 microversion: 1.0
2026-07-25 15:06:54.025 7 INFO placement.requestlog [None req-cbb13570-7aff-4412-80f6-1f664733749a - - - - - -] 10.0.0.219 "GET /" status: 200 len: 136 microversion: 1.0
2026-07-25 15:07:04.024 7 INFO placement.requestlog [None req-42729487-8aaf-4c4d-bff4-ad3c4987669d - - - - - -] 10.0.0.219 "GET /" status: 200 len: 136 microversion: 1.0
2026-07-25 15:07:04.025 8 INFO placement.requestlog [None req-f3b11bc0-0e28-4d82-9908-5455f39fc9d6 - - - - - -] 10.0.0.219 "GET /" status: 200 len: 136 microversion: 1.0
2026-07-25 15:07:14.025 7 INFO placement.requestlog [None req-d09ada49-74a9-4b89-9003-5e30ae1e0f2a - - - - - -] 10.0.0.219 "GET /" status: 200 len: 136 microversion: 1.0
2026-07-25 15:07:14.026 8 INFO placement.requestlog [None req-01e1fa78-3280-4c6a-a32f-ae7157284b5f - - - - - -] 10.0.0.219 "GET /" status: 200 len: 136 microversion: 1.0
2026-07-25 15:07:24.025 7 INFO placement.requestlog [None req-792c1106-f0b3-4869-a5a9-8bef8e643e56 - - - - - -] 10.0.0.219 "GET /" status: 200 len: 136 microversion: 1.0
2026-07-25 15:07:24.025 8 INFO placement.requestlog [None req-af19d3aa-d9ce-409d-9a0b-844a575378c5 - - - - - -] 10.0.0.219 "GET /" status: 200 len: 136 microversion: 1.0
2026-07-25 15:07:34.024 7 INFO placement.requestlog [None req-083e59a3-1486-4f02-90b5-5e9d05c2223a - - - - - -] 10.0.0.219 "GET /" status: 200 len: 136 microversion: 1.0
2026-07-25 15:07:34.025 8 INFO placement.requestlog [None req-cc35d055-538e-43e7-b4fd-c511fd0e8e90 - - - - - -] 10.0.0.219 "GET /" status: 200 len: 136 microversion: 1.0
2026-07-25 15:07:36.053 7 INFO placement.requestlog [req-50a256b7-33df-4dac-ac54-411aebcbcc72 req-4ba6668a-497b-4906-bf30-46e6ae7ea2f9 21838c6e68e549259f25bd93c80d536f 90eae45c53a846c686d88dc3717d4456 - - 10dcbe41256441d5be8b40eca3a0954f 10dcbe41256441d5be8b40eca3a0954f] 199.204.45.129 "GET /resource_providers/363e52b2-f1cd-427a-8109-490a2e0d4d82/allocations" status: 200 len: 340 microversion: 1.0 [pid: 7|app: 0|req: 466/927] 199.204.45.129 () {32 vars in 856 bytes} [Sat Jul 25 15:07:36 2026] GET /resource_providers/363e52b2-f1cd-427a-8109-490a2e0d4d82/allocations => generated 340 bytes in 12 msecs (HTTP/1.1 200) 6 headers in 224 bytes (1 switches on core 0)
2026-07-25 15:07:36.076 8 INFO placement.requestlog [req-50a256b7-33df-4dac-ac54-411aebcbcc72 req-1e0b38c4-11dd-4c15-83ef-0610fa39a325 21838c6e68e549259f25bd93c80d536f 90eae45c53a846c686d88dc3717d4456 - - 10dcbe41256441d5be8b40eca3a0954f 10dcbe41256441d5be8b40eca3a0954f] 199.204.45.129 "GET /resource_providers/363e52b2-f1cd-427a-8109-490a2e0d4d82/allocations" status: 200 len: 340 microversion: 1.0 [pid: 8|app: 0|req: 462/928] 199.204.45.129 () {32 vars in 856 bytes} [Sat Jul 25 15:07:36 2026] GET /resource_providers/363e52b2-f1cd-427a-8109-490a2e0d4d82/allocations => generated 340 bytes in 17 msecs (HTTP/1.1 200) 6 headers in 224 bytes (1 switches on core 0)
2026-07-25 15:07:36.089 7 INFO placement.requestlog [req-50a256b7-33df-4dac-ac54-411aebcbcc72 req-676f25f9-d281-414b-8801-d8123511f86e 21838c6e68e549259f25bd93c80d536f 90eae45c53a846c686d88dc3717d4456 - - 10dcbe41256441d5be8b40eca3a0954f 10dcbe41256441d5be8b40eca3a0954f] 199.204.45.129 "GET /allocations/a7014735-8e6f-46d9-ae92-134c91627f06" status: 200 len: 258 microversion: 1.28 [pid: 7|app: 0|req: 467/929] 199.204.45.129 () {34 vars in 862 bytes} [Sat Jul 25 15:07:36 2026] GET /allocations/a7014735-8e6f-46d9-ae92-134c91627f06 => generated 258 bytes in 9 msecs (HTTP/1.1 200) 8 headers in 296 bytes (1 switches on core 0)
2026-07-25 15:07:36.112 8 INFO placement.requestlog [req-50a256b7-33df-4dac-ac54-411aebcbcc72 req-9e8f7602-fc31-4019-96e3-092f0ab626b2 21838c6e68e549259f25bd93c80d536f 90eae45c53a846c686d88dc3717d4456 - - 10dcbe41256441d5be8b40eca3a0954f 10dcbe41256441d5be8b40eca3a0954f] 199.204.45.129 "GET /allocations/869db5ec-2bce-43a9-ab63-c96aad2b74e8" status: 200 len: 245 microversion: 1.28 [pid: 8|app: 0|req: 463/930] 199.204.45.129 () {34 vars in 862 bytes} [Sat Jul 25 15:07:36 2026] GET /allocations/869db5ec-2bce-43a9-ab63-c96aad2b74e8 => generated 245 bytes in 17 msecs (HTTP/1.1 200) 8 headers in 296 bytes (1 switches on core 0)
2026-07-25 15:07:36.130 7 INFO placement.requestlog [req-50a256b7-33df-4dac-ac54-411aebcbcc72 req-91d6b12d-9816-4b2f-8b7a-fe5c12dc1372 21838c6e68e549259f25bd93c80d536f 90eae45c53a846c686d88dc3717d4456 - - 10dcbe41256441d5be8b40eca3a0954f 10dcbe41256441d5be8b40eca3a0954f] 199.204.45.129 "GET /allocations/f151f2dc-0b89-409d-8838-5105a2bd55fe" status: 200 len: 258 microversion: 1.28 [pid: 7|app: 0|req: 468/931] 199.204.45.129 () {34 vars in 862 bytes} [Sat Jul 25 15:07:36 2026] GET /allocations/f151f2dc-0b89-409d-8838-5105a2bd55fe => generated 258 bytes in 9 msecs (HTTP/1.1 200) 8 headers in 296 bytes (1 switches on core 0)
2026-07-25 15:07:44.024 7 INFO placement.requestlog [None req-5972d5d7-dd3f-487e-a199-5098eca454cd - - - - - -] 10.0.0.219 "GET /" status: 200 len: 136 microversion: 1.0
2026-07-25 15:07:44.025 8 INFO placement.requestlog [None req-f2fd18b7-03ee-402c-bd6b-75b17bf36e1f - - - - - -] 10.0.0.219 "GET /" status: 200 len: 136 microversion: 1.0
2026-07-25 15:07:54.024 8 INFO placement.requestlog [None req-54f0e1e3-3b39-4548-990d-665a11cb076f - - - - - -] 10.0.0.219 "GET /" status: 200 len: 136 microversion: 1.0
2026-07-25 15:07:54.025 7 INFO placement.requestlog [None req-ed11f501-f3f7-4aea-af2d-2ac26f69b102 - - - - - -] 10.0.0.219 "GET /" status: 200 len: 136 microversion: 1.0
2026-07-25 15:08:04.025 8 INFO placement.requestlog [None req-d3e6f498-298d-4493-bd31-bea6304c82fb - - - - - -] 10.0.0.219 "GET /" status: 200 len: 136 microversion: 1.0
2026-07-25 15:08:04.025 7 INFO placement.requestlog [None req-32211d6f-34da-4b42-828e-9f204e3dbdac - - - - - -] 10.0.0.219 "GET /" status: 200 len: 136 microversion: 1.0
2026-07-25 15:08:14.024 8 INFO placement.requestlog [None req-fd14e3db-c376-4977-b5c6-bc114e73dfc1 - - - - - -] 10.0.0.219 "GET /" status: 200 len: 136 microversion: 1.0
2026-07-25 15:08:14.024 7 INFO placement.requestlog [None req-a55a308a-861b-4168-bd73-77bc3b7bcdd5 - - - - - -] 10.0.0.219 "GET /" status: 200 len: 136 microversion: 1.0
2026-07-25 15:08:24.024 8 INFO placement.requestlog [None req-7ee6dff4-c211-4343-a1f7-9d8e18a2f544 - - - - - -] 10.0.0.219 "GET /" status: 200 len: 136 microversion: 1.0
2026-07-25 15:08:24.024 7 INFO placement.requestlog [None req-86b323dc-4b44-47b1-8bcf-67c94bb289fb - - - - - -] 10.0.0.219 "GET /" status: 200 len: 136 microversion: 1.0
2026-07-25 15:08:34.023 8 INFO placement.requestlog [None req-b9728230-2bac-4894-a808-5cd4bdb85260 - - - - - -] 10.0.0.219 "GET /" status: 200 len: 136 microversion: 1.0
2026-07-25 15:08:34.023 7 INFO placement.requestlog [None req-40260bc8-9424-46ec-ae4d-5e61ddf9fc8a - - - - - -] 10.0.0.219 "GET /" status: 200 len: 136 microversion: 1.0
2026-07-25 15:08:37.499 8 INFO placement.requestlog [req-9db363bb-6971-4aa8-8559-2f1fd8dca94c req-200e6521-4b2a-445a-9306-416e591fa007 21838c6e68e549259f25bd93c80d536f 90eae45c53a846c686d88dc3717d4456 - - 10dcbe41256441d5be8b40eca3a0954f 10dcbe41256441d5be8b40eca3a0954f] 199.204.45.129 "GET /resource_providers/363e52b2-f1cd-427a-8109-490a2e0d4d82/allocations" status: 200 len: 340 microversion: 1.0 [pid: 8|app: 0|req: 470/944] 199.204.45.129 () {32 vars in 856 bytes} [Sat Jul 25 15:08:37 2026] GET /resource_providers/363e52b2-f1cd-427a-8109-490a2e0d4d82/allocations => generated 340 bytes in 18 msecs (HTTP/1.1 200) 6 headers in 224 bytes (1 switches on core 0)
2026-07-25 15:08:37.523 7 INFO placement.requestlog [req-9db363bb-6971-4aa8-8559-2f1fd8dca94c req-f0e9cefd-71d4-4be2-a5fe-90f2a790d57d 21838c6e68e549259f25bd93c80d536f 90eae45c53a846c686d88dc3717d4456 - - 10dcbe41256441d5be8b40eca3a0954f 10dcbe41256441d5be8b40eca3a0954f] 199.204.45.129 "GET /resource_providers/363e52b2-f1cd-427a-8109-490a2e0d4d82/allocations" status: 200 len: 340 microversion: 1.0 [pid: 7|app: 0|req: 475/945] 199.204.45.129 () {32 vars in 856 bytes} [Sat Jul 25 15:08:37 2026] GET /resource_providers/363e52b2-f1cd-427a-8109-490a2e0d4d82/allocations => generated 340 bytes in 16 msecs (HTTP/1.1 200) 6 headers in 224 bytes (1 switches on core 0)
2026-07-25 15:08:37.540 8 INFO placement.requestlog [req-9db363bb-6971-4aa8-8559-2f1fd8dca94c req-ebc9ea62-6531-4004-a76a-aebe5974c4b2 21838c6e68e549259f25bd93c80d536f 90eae45c53a846c686d88dc3717d4456 - - 10dcbe41256441d5be8b40eca3a0954f 10dcbe41256441d5be8b40eca3a0954f] 199.204.45.129 "GET /allocations/a7014735-8e6f-46d9-ae92-134c91627f06" status: 200 len: 258 microversion: 1.28 [pid: 8|app: 0|req: 471/946] 199.204.45.129 () {34 vars in 862 bytes} [Sat Jul 25 15:08:37 2026] GET /allocations/a7014735-8e6f-46d9-ae92-134c91627f06 => generated 258 bytes in 11 msecs (HTTP/1.1 200) 8 headers in 296 bytes (1 switches on core 0)
2026-07-25 15:08:37.557 7 INFO placement.requestlog [req-9db363bb-6971-4aa8-8559-2f1fd8dca94c req-4f2555a7-4ef7-47d7-851f-72fbc7b240c2 21838c6e68e549259f25bd93c80d536f 90eae45c53a846c686d88dc3717d4456 - - 10dcbe41256441d5be8b40eca3a0954f 10dcbe41256441d5be8b40eca3a0954f] 199.204.45.129 "GET /allocations/869db5ec-2bce-43a9-ab63-c96aad2b74e8" status: 200 len: 245 microversion: 1.28 [pid: 7|app: 0|req: 476/947] 199.204.45.129 () {34 vars in 862 bytes} [Sat Jul 25 15:08:37 2026] GET /allocations/869db5ec-2bce-43a9-ab63-c96aad2b74e8 => generated 245 bytes in 11 msecs (HTTP/1.1 200) 8 headers in 296 bytes (1 switches on core 0)
2026-07-25 15:08:37.575 8 INFO placement.requestlog [req-9db363bb-6971-4aa8-8559-2f1fd8dca94c req-a3fa39df-b36b-4d3e-937c-3f2de76f5388 21838c6e68e549259f25bd93c80d536f 90eae45c53a846c686d88dc3717d4456 - - 10dcbe41256441d5be8b40eca3a0954f 10dcbe41256441d5be8b40eca3a0954f] 199.204.45.129 "GET /allocations/f151f2dc-0b89-409d-8838-5105a2bd55fe" status: 200 len: 258 microversion: 1.28 [pid: 8|app: 0|req: 472/948] 199.204.45.129 () {34 vars in 862 bytes} [Sat Jul 25 15:08:37 2026] GET /allocations/f151f2dc-0b89-409d-8838-5105a2bd55fe => generated 258 bytes in 11 msecs (HTTP/1.1 200) 8 headers in 296 bytes (1 switches on core 0)
2026-07-25 15:08:44.025 7 INFO placement.requestlog [None req-ca88bf59-73e0-40e9-ba70-32804775de1c - - - - - -] 10.0.0.219 "GET /" status: 200 len: 136 microversion: 1.0
2026-07-25 15:08:44.025 8 INFO placement.requestlog [None req-f06d7785-ec5f-49ec-8cce-da4f3a433a6a - - - - - -] 10.0.0.219 "GET /" status: 200 len: 136 microversion: 1.0
2026-07-25 15:08:54.024 8 INFO placement.requestlog [None req-9f2bfa3b-ff6c-4d6d-9bf9-ee97d5de6be9 - - - - - -] 10.0.0.219 "GET /" status: 200 len: 136 microversion: 1.0
2026-07-25 15:08:54.025 7 INFO placement.requestlog [None req-26ce8f27-02f0-4887-8063-a4e525e24273 - - - - - -] 10.0.0.219 "GET /" status: 200 len: 136 microversion: 1.0
2026-07-25 15:09:04.024 8 INFO placement.requestlog [None req-3f9b9b6d-45b4-49dd-94df-d42fb2321520 - - - - - -] 10.0.0.219 "GET /" status: 200 len: 136 microversion: 1.0
2026-07-25 15:09:04.025 7 INFO placement.requestlog [None req-72fa0bc3-7be5-4a48-8670-52d62cda1acd - - - - - -] 10.0.0.219 "GET /" status: 200 len: 136 microversion: 1.0
2026-07-25 15:09:14.024 8 INFO placement.requestlog [None req-ab2d6f32-c750-4a77-8094-3695d50089da - - - - - -] 10.0.0.219 "GET /" status: 200 len: 136 microversion: 1.0
2026-07-25 15:09:14.025 7 INFO placement.requestlog [None req-bbf56962-2920-41d8-a628-32d28d728f0c - - - - - -] 10.0.0.219 "GET /" status: 200 len: 136 microversion: 1.0
2026-07-25 15:09:24.024 7 INFO placement.requestlog [None req-2ddf9569-9dfc-4acd-a352-186e4d0998fc - - - - - -] 10.0.0.219 "GET /" status: 200 len: 136 microversion: 1.0
2026-07-25 15:09:24.024 8 INFO placement.requestlog [None req-8e69a3b5-19c5-4c29-97f7-98747957648b - - - - - -] 10.0.0.219 "GET /" status: 200 len: 136 microversion: 1.0
2026-07-25 15:09:31.108 7 INFO placement.requestlog [req-dd6f9ad8-dfc2-45e4-ac68-bbae68738927 req-c74bb452-f6c1-42af-bc9f-7a2b30716d07 21838c6e68e549259f25bd93c80d536f 90eae45c53a846c686d88dc3717d4456 - - 10dcbe41256441d5be8b40eca3a0954f 10dcbe41256441d5be8b40eca3a0954f] 199.204.45.129 "GET /resource_providers/363e52b2-f1cd-427a-8109-490a2e0d4d82/allocations" status: 200 len: 340 microversion: 1.0 [pid: 7|app: 0|req: 482/959] 199.204.45.129 () {32 vars in 856 bytes} [Sat Jul 25 15:09:31 2026] GET /resource_providers/363e52b2-f1cd-427a-8109-490a2e0d4d82/allocations => generated 340 bytes in 32 msecs (HTTP/1.1 200) 6 headers in 224 bytes (1 switches on core 0)
2026-07-25 15:09:31.136 8 INFO placement.requestlog [req-dd6f9ad8-dfc2-45e4-ac68-bbae68738927 req-28fd8ea0-f611-4a02-83d8-ae41e1631893 21838c6e68e549259f25bd93c80d536f 90eae45c53a846c686d88dc3717d4456 - - 10dcbe41256441d5be8b40eca3a0954f 10dcbe41256441d5be8b40eca3a0954f] 199.204.45.129 "GET /allocations/a7014735-8e6f-46d9-ae92-134c91627f06" status: 200 len: 258 microversion: 1.28 [pid: 8|app: 0|req: 478/960] 199.204.45.129 () {34 vars in 862 bytes} [Sat Jul 25 15:09:31 2026] GET /allocations/a7014735-8e6f-46d9-ae92-134c91627f06 => generated 258 bytes in 13 msecs (HTTP/1.1 200) 8 headers in 296 bytes (1 switches on core 0)
2026-07-25 15:09:31.154 7 INFO placement.requestlog [req-dd6f9ad8-dfc2-45e4-ac68-bbae68738927 req-7b15dd54-bfae-4b00-8019-11b93b3bb034 21838c6e68e549259f25bd93c80d536f 90eae45c53a846c686d88dc3717d4456 - - 10dcbe41256441d5be8b40eca3a0954f 10dcbe41256441d5be8b40eca3a0954f] 199.204.45.129 "GET /allocations/869db5ec-2bce-43a9-ab63-c96aad2b74e8" status: 200 len: 245 microversion: 1.28 [pid: 7|app: 0|req: 483/961] 199.204.45.129 () {34 vars in 862 bytes} [Sat Jul 25 15:09:31 2026] GET /allocations/869db5ec-2bce-43a9-ab63-c96aad2b74e8 => generated 245 bytes in 10 msecs (HTTP/1.1 200) 8 headers in 296 bytes (1 switches on core 0)
2026-07-25 15:09:31.177 8 INFO placement.requestlog [req-dd6f9ad8-dfc2-45e4-ac68-bbae68738927 req-e01a0f00-1f60-4591-baba-006cb3cb11f5 21838c6e68e549259f25bd93c80d536f 90eae45c53a846c686d88dc3717d4456 - - 10dcbe41256441d5be8b40eca3a0954f 10dcbe41256441d5be8b40eca3a0954f] 199.204.45.129 "GET /allocations/f151f2dc-0b89-409d-8838-5105a2bd55fe" status: 200 len: 258 microversion: 1.28 [pid: 8|app: 0|req: 479/962] 199.204.45.129 () {34 vars in 862 bytes} [Sat Jul 25 15:09:31 2026] GET /allocations/f151f2dc-0b89-409d-8838-5105a2bd55fe => generated 258 bytes in 11 msecs (HTTP/1.1 200) 8 headers in 296 bytes (1 switches on core 0)
2026-07-25 15:09:32.277 7 INFO placement.requestlog [req-dd6f9ad8-dfc2-45e4-ac68-bbae68738927 req-d3bc97bd-a67e-4cab-838e-aa331398e1c2 21838c6e68e549259f25bd93c80d536f 90eae45c53a846c686d88dc3717d4456 - - 10dcbe41256441d5be8b40eca3a0954f 10dcbe41256441d5be8b40eca3a0954f] 199.204.45.129 "DELETE /allocations/869db5ec-2bce-43a9-ab63-c96aad2b74e8" status: 204 len: 0 microversion: 1.0 [pid: 7|app: 0|req: 484/963] 199.204.45.129 () {34 vars in 840 bytes} [Sat Jul 25 15:09:32 2026] DELETE /allocations/869db5ec-2bce-43a9-ab63-c96aad2b74e8 => generated 0 bytes in 78 msecs (HTTP/1.1 204) 5 headers in 198 bytes (1 switches on core 0)
2026-07-25 15:09:34.024 8 INFO placement.requestlog [None req-3f0c824c-3a1a-46a0-a6cf-7dc1eeba4b76 - - - - - -] 10.0.0.219 "GET /" status: 200 len: 136 microversion: 1.0
2026-07-25 15:09:34.025 7 INFO placement.requestlog [None req-332a805d-9d5c-4227-bd68-9614f19c4c7d - - - - - -] 10.0.0.219 "GET /" status: 200 len: 136 microversion: 1.0
2026-07-25 15:09:35.392 8 INFO placement.requestlog [req-455fc546-aed2-417b-afcc-05560b67c306 req-bfa69e50-af4d-4fad-8f2a-82a7194c68e1 21838c6e68e549259f25bd93c80d536f 90eae45c53a846c686d88dc3717d4456 - - 10dcbe41256441d5be8b40eca3a0954f 10dcbe41256441d5be8b40eca3a0954f] 199.204.45.129 "GET /resource_providers?in_tree=363e52b2-f1cd-427a-8109-490a2e0d4d82" status: 200 len: 798 microversion: 1.14 [pid: 8|app: 0|req: 481/966] 199.204.45.129 () {34 vars in 891 bytes} [Sat Jul 25 15:09:35 2026] GET /resource_providers?in_tree=363e52b2-f1cd-427a-8109-490a2e0d4d82 => generated 798 bytes in 17 msecs (HTTP/1.1 200) 6 headers in 225 bytes (1 switches on core 0)
2026-07-25 15:09:35.412 7 INFO placement.requestlog [req-455fc546-aed2-417b-afcc-05560b67c306 req-e8c69e29-98a2-4fb9-920f-d3ac64b99065 21838c6e68e549259f25bd93c80d536f 90eae45c53a846c686d88dc3717d4456 - - 10dcbe41256441d5be8b40eca3a0954f 10dcbe41256441d5be8b40eca3a0954f] 199.204.45.129 "GET /resource_providers/363e52b2-f1cd-427a-8109-490a2e0d4d82/inventories" status: 200 len: 401 microversion: 1.0 [pid: 7|app: 0|req: 486/967] 199.204.45.129 () {32 vars in 856 bytes} [Sat Jul 25 15:09:35 2026] GET /resource_providers/363e52b2-f1cd-427a-8109-490a2e0d4d82/inventories => generated 401 bytes in 15 msecs (HTTP/1.1 200) 6 headers in 224 bytes (1 switches on core 0)
2026-07-25 15:09:35.432 8 INFO placement.requestlog [req-455fc546-aed2-417b-afcc-05560b67c306 req-b293621d-5e46-4b0a-9001-f618503b59a3 21838c6e68e549259f25bd93c80d536f 90eae45c53a846c686d88dc3717d4456 - - 10dcbe41256441d5be8b40eca3a0954f 10dcbe41256441d5be8b40eca3a0954f] 199.204.45.129 "GET /resource_providers/363e52b2-f1cd-427a-8109-490a2e0d4d82/aggregates" status: 200 len: 54 microversion: 1.19 [pid: 8|app: 0|req: 482/968] 199.204.45.129 () {34 vars in 898 bytes} [Sat Jul 25 15:09:35 2026] GET /resource_providers/363e52b2-f1cd-427a-8109-490a2e0d4d82/aggregates => generated 54 bytes in 12 msecs (HTTP/1.1 200) 8 headers in 295 bytes (1 switches on core 0)
2026-07-25 15:09:35.482 7 INFO placement.requestlog [req-455fc546-aed2-417b-afcc-05560b67c306 req-9418f716-c244-4096-81a9-81b0dd80376f 21838c6e68e549259f25bd93c80d536f 90eae45c53a846c686d88dc3717d4456 - - 10dcbe41256441d5be8b40eca3a0954f 10dcbe41256441d5be8b40eca3a0954f] 199.204.45.129 "GET /resource_providers/363e52b2-f1cd-427a-8109-490a2e0d4d82/traits" status: 200 len: 2317 microversion: 1.6 [pid: 7|app: 0|req: 487/969] 199.204.45.129 () {34 vars in 889 bytes} [Sat Jul 25 15:09:35 2026] GET /resource_providers/363e52b2-f1cd-427a-8109-490a2e0d4d82/traits => generated 2317 bytes in 46 msecs (HTTP/1.1 200) 6 headers in 225 bytes (1 switches on core 0)
2026-07-25 15:09:35.521 8 INFO placement.requestlog [req-455fc546-aed2-417b-afcc-05560b67c306 req-c6694a8e-7066-4722-8ab2-c4cdc6a0ead6 21838c6e68e549259f25bd93c80d536f 90eae45c53a846c686d88dc3717d4456 - - 10dcbe41256441d5be8b40eca3a0954f 10dcbe41256441d5be8b40eca3a0954f] 199.204.45.129 "GET /resource_providers/363e52b2-f1cd-427a-8109-490a2e0d4d82/allocations" status: 200 len: 253 microversion: 1.0 [pid: 8|app: 0|req: 483/970] 199.204.45.129 () {32 vars in 856 bytes} [Sat Jul 25 15:09:35 2026] GET /resource_providers/363e52b2-f1cd-427a-8109-490a2e0d4d82/allocations => generated 253 bytes in 28 msecs (HTTP/1.1 200) 6 headers in 224 bytes (1 switches on core 0)
2026-07-25 15:09:35.540 7 INFO placement.requestlog [req-455fc546-aed2-417b-afcc-05560b67c306 req-e15b0d7d-b59d-4509-b978-79015170daeb 21838c6e68e549259f25bd93c80d536f 90eae45c53a846c686d88dc3717d4456 - - 10dcbe41256441d5be8b40eca3a0954f 10dcbe41256441d5be8b40eca3a0954f] 199.204.45.129 "GET /allocations/a7014735-8e6f-46d9-ae92-134c91627f06" status: 200 len: 258 microversion: 1.28 [pid: 7|app: 0|req: 488/971] 199.204.45.129 () {34 vars in 862 bytes} [Sat Jul 25 15:09:35 2026] GET /allocations/a7014735-8e6f-46d9-ae92-134c91627f06 => generated 258 bytes in 13 msecs (HTTP/1.1 200) 8 headers in 296 bytes (1 switches on core 0)
2026-07-25 15:09:35.557 8 INFO placement.requestlog [req-455fc546-aed2-417b-afcc-05560b67c306 req-129a2b4b-0a31-477c-a80b-6e99bed14a4a 21838c6e68e549259f25bd93c80d536f 90eae45c53a846c686d88dc3717d4456 - - 10dcbe41256441d5be8b40eca3a0954f 10dcbe41256441d5be8b40eca3a0954f] 199.204.45.129 "GET /allocations/f151f2dc-0b89-409d-8838-5105a2bd55fe" status: 200 len: 258 microversion: 1.28 [pid: 8|app: 0|req: 484/972] 199.204.45.129 () {34 vars in 862 bytes} [Sat Jul 25 15:09:35 2026] GET /allocations/f151f2dc-0b89-409d-8838-5105a2bd55fe => generated 258 bytes in 10 msecs (HTTP/1.1 200) 8 headers in 296 bytes (1 switches on core 0)
2026-07-25 15:09:36.607 7 INFO placement.requestlog [req-455fc546-aed2-417b-afcc-05560b67c306 req-ac5b8024-a276-4797-baaf-7b8b79c37323 21838c6e68e549259f25bd93c80d536f 90eae45c53a846c686d88dc3717d4456 - - 10dcbe41256441d5be8b40eca3a0954f 10dcbe41256441d5be8b40eca3a0954f] 199.204.45.129 "DELETE /allocations/a7014735-8e6f-46d9-ae92-134c91627f06" status: 204 len: 0 microversion: 1.0 [pid: 7|app: 0|req: 489/973] 199.204.45.129 () {34 vars in 840 bytes} [Sat Jul 25 15:09:36 2026] DELETE /allocations/a7014735-8e6f-46d9-ae92-134c91627f06 => generated 0 bytes in 25 msecs (HTTP/1.1 204) 5 headers in 198 bytes (1 switches on core 0)
2026-07-25 15:09:39.471 8 INFO placement.requestlog [req-a775adb5-071d-4d32-acf7-bb7aa1c86e2d req-7a2dfbef-e26d-4161-9394-cee44c1e0682 21838c6e68e549259f25bd93c80d536f 90eae45c53a846c686d88dc3717d4456 - - 10dcbe41256441d5be8b40eca3a0954f 10dcbe41256441d5be8b40eca3a0954f] 199.204.45.129 "GET /resource_providers/363e52b2-f1cd-427a-8109-490a2e0d4d82/allocations" status: 200 len: 153 microversion: 1.0 [pid: 8|app: 0|req: 485/974] 199.204.45.129 () {32 vars in 856 bytes} [Sat Jul 25 15:09:39 2026] GET /resource_providers/363e52b2-f1cd-427a-8109-490a2e0d4d82/allocations => generated 153 bytes in 16 msecs (HTTP/1.1 200) 6 headers in 224 bytes (1 switches on core 0)
2026-07-25 15:09:39.501 7 INFO placement.requestlog [req-a775adb5-071d-4d32-acf7-bb7aa1c86e2d req-667b87fc-6945-45e5-a8da-887374ffa179 21838c6e68e549259f25bd93c80d536f 90eae45c53a846c686d88dc3717d4456 - - 10dcbe41256441d5be8b40eca3a0954f 10dcbe41256441d5be8b40eca3a0954f] 199.204.45.129 "GET /resource_providers/363e52b2-f1cd-427a-8109-490a2e0d4d82/allocations" status: 200 len: 153 microversion: 1.0 [pid: 7|app: 0|req: 490/975] 199.204.45.129 () {32 vars in 856 bytes} [Sat Jul 25 15:09:39 2026] GET /resource_providers/363e52b2-f1cd-427a-8109-490a2e0d4d82/allocations => generated 153 bytes in 16 msecs (HTTP/1.1 200) 6 headers in 224 bytes (1 switches on core 0)
2026-07-25 15:09:39.520 8 INFO placement.requestlog [req-a775adb5-071d-4d32-acf7-bb7aa1c86e2d req-542ca73a-1d97-438f-8a4e-91b38963006d 21838c6e68e549259f25bd93c80d536f 90eae45c53a846c686d88dc3717d4456 - - 10dcbe41256441d5be8b40eca3a0954f 10dcbe41256441d5be8b40eca3a0954f] 199.204.45.129 "GET /allocations/f151f2dc-0b89-409d-8838-5105a2bd55fe" status: 200 len: 258 microversion: 1.28 [pid: 8|app: 0|req: 486/976] 199.204.45.129 () {34 vars in 862 bytes} [Sat Jul 25 15:09:39 2026] GET /allocations/f151f2dc-0b89-409d-8838-5105a2bd55fe => generated 258 bytes in 12 msecs (HTTP/1.1 200) 8 headers in 296 bytes (1 switches on core 0)
2026-07-25 15:09:44.025 7 INFO placement.requestlog [None req-9c4e6abc-82d8-4014-b831-b1618aae5124 - - - - - -] 10.0.0.219 "GET /" status: 200 len: 136 microversion: 1.0
2026-07-25 15:09:44.025 8 INFO placement.requestlog [None req-72c7172a-0a77-4ce0-b0d6-47027ae8c6cf - - - - - -] 10.0.0.219 "GET /" status: 200 len: 136 microversion: 1.0
2026-07-25 15:09:45.683 8 INFO placement.requestlog [req-a11066d3-32ca-49d7-a41e-298fa115b203 req-10b9947d-508b-4974-8967-1834467036f6 21838c6e68e549259f25bd93c80d536f 90eae45c53a846c686d88dc3717d4456 - - 10dcbe41256441d5be8b40eca3a0954f 10dcbe41256441d5be8b40eca3a0954f] 199.204.45.129 "GET /resource_providers/363e52b2-f1cd-427a-8109-490a2e0d4d82/allocations" status: 200 len: 153 microversion: 1.0 [pid: 8|app: 0|req: 488/979] 199.204.45.129 () {32 vars in 856 bytes} [Sat Jul 25 15:09:45 2026] GET /resource_providers/363e52b2-f1cd-427a-8109-490a2e0d4d82/allocations => generated 153 bytes in 14 msecs (HTTP/1.1 200) 6 headers in 224 bytes (1 switches on core 0)
2026-07-25 15:09:45.703 7 INFO placement.requestlog [req-a11066d3-32ca-49d7-a41e-298fa115b203 req-1d03b399-46fb-47b4-a193-bbc4902eb431 21838c6e68e549259f25bd93c80d536f 90eae45c53a846c686d88dc3717d4456 - - 10dcbe41256441d5be8b40eca3a0954f 10dcbe41256441d5be8b40eca3a0954f] 199.204.45.129 "GET /allocations/f151f2dc-0b89-409d-8838-5105a2bd55fe" status: 200 len: 258 microversion: 1.28 [pid: 7|app: 0|req: 492/980] 199.204.45.129 () {34 vars in 862 bytes} [Sat Jul 25 15:09:45 2026] GET /allocations/f151f2dc-0b89-409d-8838-5105a2bd55fe => generated 258 bytes in 13 msecs (HTTP/1.1 200) 8 headers in 296 bytes (1 switches on core 0)
2026-07-25 15:09:46.754 8 INFO placement.requestlog [req-a11066d3-32ca-49d7-a41e-298fa115b203 req-93071cf1-d719-45e1-a4dc-8ccefc64476d 21838c6e68e549259f25bd93c80d536f 90eae45c53a846c686d88dc3717d4456 - - 10dcbe41256441d5be8b40eca3a0954f 10dcbe41256441d5be8b40eca3a0954f] 199.204.45.129 "DELETE /allocations/f151f2dc-0b89-409d-8838-5105a2bd55fe" status: 204 len: 0 microversion: 1.0 [pid: 8|app: 0|req: 489/981] 199.204.45.129 () {34 vars in 840 bytes} [Sat Jul 25 15:09:46 2026] DELETE /allocations/f151f2dc-0b89-409d-8838-5105a2bd55fe => generated 0 bytes in 22 msecs (HTTP/1.1 204) 5 headers in 198 bytes (1 switches on core 0)
2026-07-25 15:09:54.025 7 INFO placement.requestlog [None req-4e03b200-d154-4d25-baa7-39fe97fcb0a8 - - - - - -] 10.0.0.219 "GET /" status: 200 len: 136 microversion: 1.0
2026-07-25 15:09:54.025 8 INFO placement.requestlog [None req-64d1b7fd-aba6-482f-ab5d-1e7a43447cb4 - - - - - -] 10.0.0.219 "GET /" status: 200 len: 136 microversion: 1.0
2026-07-25 15:09:57.936 8 INFO placement.requestlog [None req-12a0f294-7b2f-49e6-aafa-70007cd42307 8558c3c4754a4eefbf577e30227d01e0 90eae45c53a846c686d88dc3717d4456 - - 10dcbe41256441d5be8b40eca3a0954f 10dcbe41256441d5be8b40eca3a0954f] 10.0.0.87 "GET /resource_providers/93631029-57b8-4709-9c30-ea3e489fcfb2/aggregates" status: 404 len: 235 microversion: 1.1 [pid: 8|app: 0|req: 491/984] 10.0.0.87 () {32 vars in 814 bytes} [Sat Jul 25 15:09:57 2026] GET /resource_providers/93631029-57b8-4709-9c30-ea3e489fcfb2/aggregates => generated 235 bytes in 9 msecs (HTTP/1.1 404) 5 headers in 202 bytes (1 switches on core 0)
2026-07-25 15:09:57.938 7 INFO placement.requestlog [None req-ef92c8d0-03f7-4feb-bc27-e5bd2c06c90f 8558c3c4754a4eefbf577e30227d01e0 90eae45c53a846c686d88dc3717d4456 - - 10dcbe41256441d5be8b40eca3a0954f 10dcbe41256441d5be8b40eca3a0954f] 10.0.0.87 "GET /resource_providers/93631029-57b8-4709-9c30-ea3e489fcfb2/aggregates" status: 404 len: 235 microversion: 1.1 [pid: 7|app: 0|req: 494/985] 10.0.0.87 () {32 vars in 814 bytes} [Sat Jul 25 15:09:57 2026] GET /resource_providers/93631029-57b8-4709-9c30-ea3e489fcfb2/aggregates => generated 235 bytes in 11 msecs (HTTP/1.1 404) 5 headers in 202 bytes (1 switches on core 0)
2026-07-25 15:09:57.957 8 INFO placement.requestlog [None req-d52ec7ee-1435-4b2e-860d-0f2850f42de0 8558c3c4754a4eefbf577e30227d01e0 90eae45c53a846c686d88dc3717d4456 - - 10dcbe41256441d5be8b40eca3a0954f 10dcbe41256441d5be8b40eca3a0954f] 10.0.0.87 "DELETE /resource_providers/93631029-57b8-4709-9c30-ea3e489fcfb2" status: 404 len: 246 microversion: 1.1 [pid: 8|app: 0|req: 492/986] 10.0.0.87 () {34 vars in 814 bytes} [Sat Jul 25 15:09:57 2026] DELETE /resource_providers/93631029-57b8-4709-9c30-ea3e489fcfb2 => generated 246 bytes in 7 msecs (HTTP/1.1 404) 6 headers in 231 bytes (1 switches on core 0)
2026-07-25 15:09:57.957 7 INFO placement.requestlog [None req-c77261ce-363c-4a8a-b6dd-07557031b43b 8558c3c4754a4eefbf577e30227d01e0 90eae45c53a846c686d88dc3717d4456 - - 10dcbe41256441d5be8b40eca3a0954f 10dcbe41256441d5be8b40eca3a0954f] 10.0.0.87 "DELETE /resource_providers/93631029-57b8-4709-9c30-ea3e489fcfb2" status: 404 len: 246 microversion: 1.1 [pid: 7|app: 0|req: 495/987] 10.0.0.87 () {34 vars in 814 bytes} [Sat Jul 25 15:09:57 2026] DELETE /resource_providers/93631029-57b8-4709-9c30-ea3e489fcfb2 => generated 246 bytes in 8 msecs (HTTP/1.1 404) 6 headers in 231 bytes (1 switches on core 0)
2026-07-25 15:09:59.979 8 INFO placement.requestlog [None req-36409de2-57dd-4b28-a286-8ed4986e1f90 8558c3c4754a4eefbf577e30227d01e0 90eae45c53a846c686d88dc3717d4456 - - 10dcbe41256441d5be8b40eca3a0954f 10dcbe41256441d5be8b40eca3a0954f] 10.0.0.87 "GET /resource_providers/b01db6d8-eac4-4fdf-bfb9-d3e0ba23b655/aggregates" status: 404 len: 235 microversion: 1.1 [pid: 8|app: 0|req: 493/988] 10.0.0.87 () {32 vars in 814 bytes} [Sat Jul 25 15:09:59 2026] GET /resource_providers/b01db6d8-eac4-4fdf-bfb9-d3e0ba23b655/aggregates => generated 235 bytes in 12 msecs (HTTP/1.1 404) 5 headers in 202 bytes (1 switches on core 0)
2026-07-25 15:09:59.980 7 INFO placement.requestlog [None req-7d7e9e13-a05d-430e-b38f-dde617e0bc2c 8558c3c4754a4eefbf577e30227d01e0 90eae45c53a846c686d88dc3717d4456 - - 10dcbe41256441d5be8b40eca3a0954f 10dcbe41256441d5be8b40eca3a0954f] 10.0.0.87 "GET /resource_providers/b01db6d8-eac4-4fdf-bfb9-d3e0ba23b655/aggregates" status: 404 len: 235 microversion: 1.1 [pid: 7|app: 0|req: 496/989] 10.0.0.87 () {32 vars in 814 bytes} [Sat Jul 25 15:09:59 2026] GET /resource_providers/b01db6d8-eac4-4fdf-bfb9-d3e0ba23b655/aggregates => generated 235 bytes in 12 msecs (HTTP/1.1 404) 5 headers in 202 bytes (1 switches on core 0)
2026-07-25 15:10:00.000 8 INFO placement.requestlog [None req-02096ef4-eb92-44c6-ae3d-96b5ae74a94f 8558c3c4754a4eefbf577e30227d01e0 90eae45c53a846c686d88dc3717d4456 - - 10dcbe41256441d5be8b40eca3a0954f 10dcbe41256441d5be8b40eca3a0954f] 10.0.0.87 "DELETE /resource_providers/b01db6d8-eac4-4fdf-bfb9-d3e0ba23b655" status: 404 len: 246 microversion: 1.1
2026-07-25 15:10:00.000 7 INFO placement.requestlog [None req-2a64c0cc-474d-4794-8208-1b1fefd17116 8558c3c4754a4eefbf577e30227d01e0 90eae45c53a846c686d88dc3717d4456 - - 10dcbe41256441d5be8b40eca3a0954f 10dcbe41256441d5be8b40eca3a0954f] 10.0.0.87 "DELETE /resource_providers/b01db6d8-eac4-4fdf-bfb9-d3e0ba23b655" status: 404 len: 246 microversion: 1.1 [pid: 8|app: 0|req: 494/990] 10.0.0.87 () {34 vars in 814 bytes} [Sat Jul 25 15:09:59 2026] DELETE /resource_providers/b01db6d8-eac4-4fdf-bfb9-d3e0ba23b655 => generated 246 bytes in 10 msecs (HTTP/1.1 404) 6 headers in 231 bytes (1 switches on core 0) [pid: 7|app: 0|req: 497/991] 10.0.0.87 () {34 vars in 814 bytes} [Sat Jul 25 15:09:59 2026] DELETE /resource_providers/b01db6d8-eac4-4fdf-bfb9-d3e0ba23b655 => generated 246 bytes in 9 msecs (HTTP/1.1 404) 6 headers in 231 bytes (1 switches on core 0)
2026-07-25 15:10:00.017 8 INFO placement.requestlog [None req-577990a8-28f5-4375-9aea-f8aa0ab9fa44 8558c3c4754a4eefbf577e30227d01e0 90eae45c53a846c686d88dc3717d4456 - - 10dcbe41256441d5be8b40eca3a0954f 10dcbe41256441d5be8b40eca3a0954f] 10.0.0.87 "GET /resource_providers/577df52c-1fa6-4a71-8f1d-4d1b61aaf97f/aggregates" status: 404 len: 235 microversion: 1.1 [pid: 8|app: 0|req: 495/992] 10.0.0.87 () {32 vars in 814 bytes} [Sat Jul 25 15:10:00 2026] GET /resource_providers/577df52c-1fa6-4a71-8f1d-4d1b61aaf97f/aggregates => generated 235 bytes in 9 msecs (HTTP/1.1 404) 5 headers in 202 bytes (1 switches on core 0)
2026-07-25 15:10:00.019 7 INFO placement.requestlog [None req-dd642b3d-6605-4198-a09a-cf15db90365a 8558c3c4754a4eefbf577e30227d01e0 90eae45c53a846c686d88dc3717d4456 - - 10dcbe41256441d5be8b40eca3a0954f 10dcbe41256441d5be8b40eca3a0954f] 10.0.0.87 "GET /resource_providers/577df52c-1fa6-4a71-8f1d-4d1b61aaf97f/aggregates" status: 404 len: 235 microversion: 1.1 [pid: 7|app: 0|req: 498/993] 10.0.0.87 () {32 vars in 814 bytes} [Sat Jul 25 15:10:00 2026] GET /resource_providers/577df52c-1fa6-4a71-8f1d-4d1b61aaf97f/aggregates => generated 235 bytes in 8 msecs (HTTP/1.1 404) 5 headers in 202 bytes (1 switches on core 0)
2026-07-25 15:10:00.031 8 INFO placement.requestlog [None req-367a1edc-276c-4d10-bc60-581b8f3d4880 8558c3c4754a4eefbf577e30227d01e0 90eae45c53a846c686d88dc3717d4456 - - 10dcbe41256441d5be8b40eca3a0954f 10dcbe41256441d5be8b40eca3a0954f] 10.0.0.87 "DELETE /resource_providers/577df52c-1fa6-4a71-8f1d-4d1b61aaf97f" status: 404 len: 246 microversion: 1.1 [pid: 8|app: 0|req: 496/994] 10.0.0.87 () {34 vars in 814 bytes} [Sat Jul 25 15:10:00 2026] DELETE /resource_providers/577df52c-1fa6-4a71-8f1d-4d1b61aaf97f => generated 246 bytes in 6 msecs (HTTP/1.1 404) 6 headers in 231 bytes (1 switches on core 0)
2026-07-25 15:10:00.036 7 INFO placement.requestlog [None req-d4d9c732-9561-456d-8c30-0bc317e81e00 8558c3c4754a4eefbf577e30227d01e0 90eae45c53a846c686d88dc3717d4456 - - 10dcbe41256441d5be8b40eca3a0954f 10dcbe41256441d5be8b40eca3a0954f] 10.0.0.87 "DELETE /resource_providers/577df52c-1fa6-4a71-8f1d-4d1b61aaf97f" status: 404 len: 246 microversion: 1.1 [pid: 7|app: 0|req: 499/995] 10.0.0.87 () {34 vars in 814 bytes} [Sat Jul 25 15:10:00 2026] DELETE /resource_providers/577df52c-1fa6-4a71-8f1d-4d1b61aaf97f => generated 246 bytes in 9 msecs (HTTP/1.1 404) 6 headers in 231 bytes (1 switches on core 0)
2026-07-25 15:10:04.024 7 INFO placement.requestlog [None req-6cee3d29-3305-4de3-b5ac-aac6de0fca31 - - - - - -] 10.0.0.219 "GET /" status: 200 len: 136 microversion: 1.0
2026-07-25 15:10:04.024 8 INFO placement.requestlog [None req-932dbe0b-183a-4920-bdc2-c1879347c3fb - - - - - -] 10.0.0.219 "GET /" status: 200 len: 136 microversion: 1.0
2026-07-25 15:10:14.025 7 INFO placement.requestlog [None req-8064920c-9e3f-4b7c-818b-c4b002759d28 - - - - - -] 10.0.0.219 "GET /" status: 200 len: 136 microversion: 1.0
2026-07-25 15:10:14.026 8 INFO placement.requestlog [None req-512fd92e-35e4-419f-8ef0-934730030dd5 - - - - - -] 10.0.0.219 "GET /" status: 200 len: 136 microversion: 1.0
2026-07-25 15:10:24.024 7 INFO placement.requestlog [None req-0b47a225-268c-447e-96db-f5a626871832 - - - - - -] 10.0.0.219 "GET /" status: 200 len: 136 microversion: 1.0
2026-07-25 15:10:24.025 8 INFO placement.requestlog [None req-e3418778-2475-4340-aab7-b5b1f36abad9 - - - - - -] 10.0.0.219 "GET /" status: 200 len: 136 microversion: 1.0
2026-07-25 15:10:34.024 7 INFO placement.requestlog [None req-f31e85f2-a691-44a8-a0ee-3f15cc5cdeb4 - - - - - -] 10.0.0.219 "GET /" status: 200 len: 136 microversion: 1.0
2026-07-25 15:10:34.025 8 INFO placement.requestlog [None req-79e7b43d-fe3a-4e76-ad14-7ed198e9b6d8 - - - - - -] 10.0.0.219 "GET /" status: 200 len: 136 microversion: 1.0
2026-07-25 15:10:38.015 7 INFO placement.requestlog [req-9a66719d-109e-46dd-a4ea-0d621ace6638 req-43a36021-9118-4aee-95df-fa6e16b9d3e8 21838c6e68e549259f25bd93c80d536f 90eae45c53a846c686d88dc3717d4456 - - 10dcbe41256441d5be8b40eca3a0954f 10dcbe41256441d5be8b40eca3a0954f] 199.204.45.129 "GET /resource_providers/363e52b2-f1cd-427a-8109-490a2e0d4d82/allocations" status: 200 len: 55 microversion: 1.0 [pid: 7|app: 0|req: 504/1004] 199.204.45.129 () {32 vars in 856 bytes} [Sat Jul 25 15:10:38 2026] GET /resource_providers/363e52b2-f1cd-427a-8109-490a2e0d4d82/allocations => generated 55 bytes in 14 msecs (HTTP/1.1 200) 6 headers in 223 bytes (1 switches on core 0)
2026-07-25 15:10:38.039 8 INFO placement.requestlog [req-9a66719d-109e-46dd-a4ea-0d621ace6638 req-4ed94798-e91d-4a51-b353-330a7c2e0c79 21838c6e68e549259f25bd93c80d536f 90eae45c53a846c686d88dc3717d4456 - - 10dcbe41256441d5be8b40eca3a0954f 10dcbe41256441d5be8b40eca3a0954f] 199.204.45.129 "GET /resource_providers/363e52b2-f1cd-427a-8109-490a2e0d4d82/allocations" status: 200 len: 55 microversion: 1.0 [pid: 8|app: 0|req: 501/1005] 199.204.45.129 () {32 vars in 856 bytes} [Sat Jul 25 15:10:38 2026] GET /resource_providers/363e52b2-f1cd-427a-8109-490a2e0d4d82/allocations => generated 55 bytes in 16 msecs (HTTP/1.1 200) 6 headers in 223 bytes (1 switches on core 0)
2026-07-25 15:10:44.024 7 INFO placement.requestlog [None req-75a09832-1afd-4052-ae20-eb5ebc33278a - - - - - -] 10.0.0.219 "GET /" status: 200 len: 136 microversion: 1.0
2026-07-25 15:10:44.025 8 INFO placement.requestlog [None req-99c3e506-55f7-40d1-8d64-5e8e0bddc96e - - - - - -] 10.0.0.219 "GET /" status: 200 len: 136 microversion: 1.0
2026-07-25 15:10:54.025 7 INFO placement.requestlog [None req-1419617d-097a-4e45-8e38-b0e9dddef290 - - - - - -] 10.0.0.219 "GET /" status: 200 len: 136 microversion: 1.0
2026-07-25 15:10:54.025 8 INFO placement.requestlog [None req-1c5dcb10-cd9a-41dd-9287-d08bd27a1098 - - - - - -] 10.0.0.219 "GET /" status: 200 len: 136 microversion: 1.0
2026-07-25 15:11:04.024 7 INFO placement.requestlog [None req-9f1eda68-a08d-4d00-87a9-5292dab5c08c - - - - - -] 10.0.0.219 "GET /" status: 200 len: 136 microversion: 1.0
2026-07-25 15:11:04.024 8 INFO placement.requestlog [None req-6bd48045-a62f-46b1-acf4-2ef580a9a264 - - - - - -] 10.0.0.219 "GET /" status: 200 len: 136 microversion: 1.0
2026-07-25 15:11:14.024 8 INFO placement.requestlog [None req-2db2626d-1115-4904-a9cb-f7cd9b30cadf - - - - - -] 10.0.0.219 "GET /" status: 200 len: 136 microversion: 1.0
2026-07-25 15:11:14.024 7 INFO placement.requestlog [None req-4e4235d4-c9bd-4a6d-b38b-3d9b049c0969 - - - - - -] 10.0.0.219 "GET /" status: 200 len: 136 microversion: 1.0
2026-07-25 15:11:24.024 8 INFO placement.requestlog [None req-be7db8e9-8d43-4823-a4b6-9c49081e5fbc - - - - - -] 10.0.0.219 "GET /" status: 200 len: 136 microversion: 1.0
2026-07-25 15:11:24.024 7 INFO placement.requestlog [None req-40193d41-99eb-4d80-ab8d-71e3d7cead17 - - - - - -] 10.0.0.219 "GET /" status: 200 len: 136 microversion: 1.0
2026-07-25 15:11:34.025 8 INFO placement.requestlog [None req-22f9b682-66eb-48db-ae09-495a7f1c3a8b - - - - - -] 10.0.0.219 "GET /" status: 200 len: 136 microversion: 1.0
2026-07-25 15:11:34.025 7 INFO placement.requestlog [None req-5f351c75-4482-48b5-95da-2a7f75b2aef0 - - - - - -] 10.0.0.219 "GET /" status: 200 len: 136 microversion: 1.0
2026-07-25 15:11:39.790 8 INFO placement.requestlog [req-6218ec4f-faae-45e1-b367-84c15fcb847a req-485a6972-08f1-414d-b7e9-499c59ebdbde 21838c6e68e549259f25bd93c80d536f 90eae45c53a846c686d88dc3717d4456 - - 10dcbe41256441d5be8b40eca3a0954f 10dcbe41256441d5be8b40eca3a0954f] 199.204.45.129 "GET /resource_providers/363e52b2-f1cd-427a-8109-490a2e0d4d82/allocations" status: 200 len: 55 microversion: 1.0 [pid: 8|app: 0|req: 508/1018] 199.204.45.129 () {32 vars in 856 bytes} [Sat Jul 25 15:11:39 2026] GET /resource_providers/363e52b2-f1cd-427a-8109-490a2e0d4d82/allocations => generated 55 bytes in 22 msecs (HTTP/1.1 200) 6 headers in 223 bytes (1 switches on core 0)
2026-07-25 15:11:39.811 7 INFO placement.requestlog [req-6218ec4f-faae-45e1-b367-84c15fcb847a req-b3f7d866-188d-4b66-be5f-8fa14af22ca2 21838c6e68e549259f25bd93c80d536f 90eae45c53a846c686d88dc3717d4456 - - 10dcbe41256441d5be8b40eca3a0954f 10dcbe41256441d5be8b40eca3a0954f] 199.204.45.129 "GET /resource_providers/363e52b2-f1cd-427a-8109-490a2e0d4d82/allocations" status: 200 len: 55 microversion: 1.0 [pid: 7|app: 0|req: 511/1019] 199.204.45.129 () {32 vars in 856 bytes} [Sat Jul 25 15:11:39 2026] GET /resource_providers/363e52b2-f1cd-427a-8109-490a2e0d4d82/allocations => generated 55 bytes in 15 msecs (HTTP/1.1 200) 6 headers in 223 bytes (1 switches on core 0)
2026-07-25 15:11:44.024 8 INFO placement.requestlog [None req-347b6221-43cb-4a9d-9d36-bc8040d4d865 - - - - - -] 10.0.0.219 "GET /" status: 200 len: 136 microversion: 1.0
2026-07-25 15:11:44.024 7 INFO placement.requestlog [None req-34ab3149-0c5e-48f0-82a1-c055339dcd83 - - - - - -] 10.0.0.219 "GET /" status: 200 len: 136 microversion: 1.0
2026-07-25 15:11:54.024 7 INFO placement.requestlog [None req-badd1950-6ff3-4d95-90cf-4a90929d3c34 - - - - - -] 10.0.0.219 "GET /" status: 200 len: 136 microversion: 1.0
2026-07-25 15:11:54.025 8 INFO placement.requestlog [None req-4113845c-b62d-4897-b6db-dcea9a8eecd1 - - - - - -] 10.0.0.219 "GET /" status: 200 len: 136 microversion: 1.0
2026-07-25 15:12:04.023 7 INFO placement.requestlog [None req-d2fb54c2-efed-4828-88a0-cf40a1a51897 - - - - - -] 10.0.0.219 "GET /" status: 200 len: 136 microversion: 1.0
2026-07-25 15:12:04.025 8 INFO placement.requestlog [None req-77440fae-7f02-4925-bf6d-2edb980ba454 - - - - - -] 10.0.0.219 "GET /" status: 200 len: 136 microversion: 1.0
2026-07-25 15:12:14.024 7 INFO placement.requestlog [None req-0d569e10-e63f-463f-8a5e-deadcda5a2d7 - - - - - -] 10.0.0.219 "GET /" status: 200 len: 136 microversion: 1.0
2026-07-25 15:12:14.024 8 INFO placement.requestlog [None req-fe89031c-7bd4-4dd8-bff3-3833bfad02f1 - - - - - -] 10.0.0.219 "GET /" status: 200 len: 136 microversion: 1.0
2026-07-25 15:12:24.024 8 INFO placement.requestlog [None req-f579543e-12a8-4e9c-8634-bbc79f151cee - - - - - -] 10.0.0.219 "GET /" status: 200 len: 136 microversion: 1.0
2026-07-25 15:12:24.025 7 INFO placement.requestlog [None req-39cff30a-621b-495d-a8c9-949ae2da6f7a - - - - - -] 10.0.0.219 "GET /" status: 200 len: 136 microversion: 1.0
2026-07-25 15:12:34.024 8 INFO placement.requestlog [None req-d4e4a92e-fcc7-4197-a749-e986837cb5c7 - - - - - -] 10.0.0.219 "GET /" status: 200 len: 136 microversion: 1.0
2026-07-25 15:12:34.024 7 INFO placement.requestlog [None req-c63dcf57-7058-4571-bf7a-f7267bd56a1e - - - - - -] 10.0.0.219 "GET /" status: 200 len: 136 microversion: 1.0
2026-07-25 15:12:39.718 8 INFO placement.requestlog [req-0631341a-ed36-43a1-a552-4adc429623de req-0d42d6ac-8195-459c-9158-e11dab807cdc 21838c6e68e549259f25bd93c80d536f 90eae45c53a846c686d88dc3717d4456 - - 10dcbe41256441d5be8b40eca3a0954f 10dcbe41256441d5be8b40eca3a0954f] 199.204.45.129 "GET /resource_providers/363e52b2-f1cd-427a-8109-490a2e0d4d82/allocations" status: 200 len: 55 microversion: 1.0 [pid: 8|app: 0|req: 515/1032] 199.204.45.129 () {32 vars in 856 bytes} [Sat Jul 25 15:12:39 2026] GET /resource_providers/363e52b2-f1cd-427a-8109-490a2e0d4d82/allocations => generated 55 bytes in 16 msecs (HTTP/1.1 200) 6 headers in 223 bytes (1 switches on core 0)
2026-07-25 15:12:39.737 7 INFO placement.requestlog [req-0631341a-ed36-43a1-a552-4adc429623de req-8d5cb566-b079-433d-8bbd-d558c97eeee8 21838c6e68e549259f25bd93c80d536f 90eae45c53a846c686d88dc3717d4456 - - 10dcbe41256441d5be8b40eca3a0954f 10dcbe41256441d5be8b40eca3a0954f] 199.204.45.129 "GET /resource_providers/363e52b2-f1cd-427a-8109-490a2e0d4d82/allocations" status: 200 len: 55 microversion: 1.0 [pid: 7|app: 0|req: 518/1033] 199.204.45.129 () {32 vars in 856 bytes} [Sat Jul 25 15:12:39 2026] GET /resource_providers/363e52b2-f1cd-427a-8109-490a2e0d4d82/allocations => generated 55 bytes in 12 msecs (HTTP/1.1 200) 6 headers in 223 bytes (1 switches on core 0)
2026-07-25 15:12:44.024 8 INFO placement.requestlog [None req-536b5ecf-9949-42db-9c2b-517b20747509 - - - - - -] 10.0.0.219 "GET /" status: 200 len: 136 microversion: 1.0
2026-07-25 15:12:44.024 7 INFO placement.requestlog [None req-a77183c8-d3ea-449b-ade9-e2c32126c4f8 - - - - - -] 10.0.0.219 "GET /" status: 200 len: 136 microversion: 1.0
2026-07-25 15:12:54.025 8 INFO placement.requestlog [None req-e9e3f2f3-9712-466c-812f-307f8dffdcd4 - - - - - -] 10.0.0.219 "GET /" status: 200 len: 136 microversion: 1.0
