2026-07-14 23:32:03.422 9 WARNING neutron.api.rpc.agentnotifiers.dhcp_rpc_agent_api [None req-3470a758-78a1-447e-bd1d-da47935e78c4 2814c7e946f3414494b58ef426458240 6b69807a849243fa9e6389949352b434 - - default default] Unable to schedule network 2b2c0c9c-ad69-432e-b605-0cf10e01de64: no agents available; will retry on subsequent port and subnet creation events.
2026-07-14 23:32:03.422 9 INFO neutron.plugins.ml2.drivers.ovn.mech_driver.ovsdb.extensions.qos [None req-3470a758-78a1-447e-bd1d-da47935e78c4 2814c7e946f3414494b58ef426458240 6b69807a849243fa9e6389949352b434 - - default default] Starting OVNClientQosExtension
2026-07-14 23:32:03.422 9 INFO neutron.plugins.ml2.drivers.ovn.mech_driver.ovsdb.extensions.placement [None req-3470a758-78a1-447e-bd1d-da47935e78c4 2814c7e946f3414494b58ef426458240 6b69807a849243fa9e6389949352b434 - - default default] Starting OVNClientPlacementExtension
2026-07-14 23:32:04.077 9 INFO neutron.db.ovn_revision_numbers_db [None req-3470a758-78a1-447e-bd1d-da47935e78c4 2814c7e946f3414494b58ef426458240 6b69807a849243fa9e6389949352b434 - - default default] Successfully bumped revision number for resource e1a4ebe0-438f-4c3f-b972-0e9f151c9f50 (type: ports) to 2
2026-07-14 23:32:04.123 9 INFO neutron.db.ovn_revision_numbers_db [None req-3470a758-78a1-447e-bd1d-da47935e78c4 2814c7e946f3414494b58ef426458240 6b69807a849243fa9e6389949352b434 - - default default] Successfully bumped revision number for resource 9cdd16f8-e109-4bc0-ae39-5a7892010a0f (type: subnets) to 0
2026-07-14 23:32:04.142 9 INFO neutron.wsgi [None req-3470a758-78a1-447e-bd1d-da47935e78c4 2814c7e946f3414494b58ef426458240 6b69807a849243fa9e6389949352b434 - - default default] 199.204.45.157,10.0.0.46 "POST /v2.0/subnets HTTP/1.1" status: 201 len: 821 time: 1.0140800
2026-07-14 23:32:06.099 15 INFO neutron.plugins.ml2.drivers.ovn.mech_driver.ovsdb.extensions.qos [None req-1902960c-7f67-4625-988a-d01082037d11 - - - - - -] Starting OVNClientQosExtension
2026-07-14 23:32:06.119 15 INFO neutron.plugins.ml2.drivers.ovn.mech_driver.ovsdb.extensions.qos [None req-1902960c-7f67-4625-988a-d01082037d11 - - - - - -] Starting OVNClientQosExtension
2026-07-14 23:32:11.216 9 INFO neutron.wsgi [-] 10.0.0.46 "GET / HTTP/1.1" status: 200 len: 247 time: 0.0032253
2026-07-14 23:32:26.218 10 INFO neutron.wsgi [-] 10.0.0.46 "GET / HTTP/1.1" status: 200 len: 247 time: 0.0037034
2026-07-14 23:32:41.218 9 INFO neutron.wsgi [-] 10.0.0.46 "GET / HTTP/1.1" status: 200 len: 247 time: 0.0045443
2026-07-14 23:32:56.214 10 INFO neutron.wsgi [-] 10.0.0.46 "GET / HTTP/1.1" status: 200 len: 247 time: 0.0016668
2026-07-14 23:32:56.215 9 INFO neutron.wsgi [-] 10.0.0.46 "GET / HTTP/1.1" status: 200 len: 247 time: 0.0026848
2026-07-14 23:33:11.215 10 INFO neutron.wsgi [-] 10.0.0.46 "GET / HTTP/1.1" status: 200 len: 247 time: 0.0021389
2026-07-14 23:33:11.216 9 INFO neutron.wsgi [-] 10.0.0.46 "GET / HTTP/1.1" status: 200 len: 247 time: 0.0025978
2026-07-14 23:33:26.216 10 INFO neutron.wsgi [-] 10.0.0.46 "GET / HTTP/1.1" status: 200 len: 247 time: 0.0026414
2026-07-14 23:33:26.216 9 INFO neutron.wsgi [-] 10.0.0.46 "GET / HTTP/1.1" status: 200 len: 247 time: 0.0023484
2026-07-14 23:33:41.216 10 INFO neutron.wsgi [-] 10.0.0.46 "GET / HTTP/1.1" status: 200 len: 247 time: 0.0031569
2026-07-14 23:33:41.220 10 INFO neutron.wsgi [-] 10.0.0.46 "GET / HTTP/1.1" status: 200 len: 247 time: 0.0028732
2026-07-14 23:33:56.216 9 INFO neutron.wsgi [-] 10.0.0.46 "GET / HTTP/1.1" status: 200 len: 247 time: 0.0033875
2026-07-14 23:33:56.217 10 INFO neutron.wsgi [-] 10.0.0.46 "GET / HTTP/1.1" status: 200 len: 247 time: 0.0029352
2026-07-14 23:34:11.216 9 INFO neutron.wsgi [-] 10.0.0.46 "GET / HTTP/1.1" status: 200 len: 247 time: 0.0029521
2026-07-14 23:34:11.219 9 INFO neutron.wsgi [-] 10.0.0.46 "GET / HTTP/1.1" status: 200 len: 247 time: 0.0014424
2026-07-14 23:34:26.214 10 INFO neutron.wsgi [-] 10.0.0.46 "GET / HTTP/1.1" status: 200 len: 247 time: 0.0017002
2026-07-14 23:34:26.215 9 INFO neutron.wsgi [-] 10.0.0.46 "GET / HTTP/1.1" status: 200 len: 247 time: 0.0025315
2026-07-14 23:34:41.215 9 INFO neutron.wsgi [-] 10.0.0.46 "GET / HTTP/1.1" status: 200 len: 247 time: 0.0028265
2026-07-14 23:34:41.216 10 INFO neutron.wsgi [-] 10.0.0.46 "GET / HTTP/1.1" status: 200 len: 247 time: 0.0032957
2026-07-14 23:34:56.216 9 INFO neutron.wsgi [-] 10.0.0.46 "GET / HTTP/1.1" status: 200 len: 247 time: 0.0024872
2026-07-14 23:34:56.219 9 INFO neutron.wsgi [-] 10.0.0.46 "GET / HTTP/1.1" status: 200 len: 247 time: 0.0014861
2026-07-14 23:35:11.217 10 INFO neutron.wsgi [-] 10.0.0.46 "GET / HTTP/1.1" status: 200 len: 247 time: 0.0031967
2026-07-14 23:35:11.218 9 INFO neutron.wsgi [-] 10.0.0.46 "GET / HTTP/1.1" status: 200 len: 247 time: 0.0023079
2026-07-14 23:35:26.215 10 INFO neutron.wsgi [-] 10.0.0.46 "GET / HTTP/1.1" status: 200 len: 247 time: 0.0020623
2026-07-14 23:35:26.216 9 INFO neutron.wsgi [-] 10.0.0.46 "GET / HTTP/1.1" status: 200 len: 247 time: 0.0023892
2026-07-14 23:35:41.216 9 INFO neutron.wsgi [-] 10.0.0.46 "GET / HTTP/1.1" status: 200 len: 247 time: 0.0032721
2026-07-14 23:35:41.217 10 INFO neutron.wsgi [-] 10.0.0.46 "GET / HTTP/1.1" status: 200 len: 247 time: 0.0041797
2026-07-14 23:35:56.215 10 INFO neutron.wsgi [-] 10.0.0.46 "GET / HTTP/1.1" status: 200 len: 247 time: 0.0024042
2026-07-14 23:35:56.216 9 INFO neutron.wsgi [-] 10.0.0.46 "GET / HTTP/1.1" status: 200 len: 247 time: 0.0030816
2026-07-14 23:36:11.216 9 INFO neutron.wsgi [-] 10.0.0.46 "GET / HTTP/1.1" status: 200 len: 247 time: 0.0036473
2026-07-14 23:36:11.220 9 INFO neutron.wsgi [-] 10.0.0.46 "GET / HTTP/1.1" status: 200 len: 247 time: 0.0023777
2026-07-14 23:36:26.215 9 INFO neutron.wsgi [-] 10.0.0.46 "GET / HTTP/1.1" status: 200 len: 247 time: 0.0018251
2026-07-14 23:36:26.217 10 INFO neutron.wsgi [-] 10.0.0.46 "GET / HTTP/1.1" status: 200 len: 247 time: 0.0033493
2026-07-14 23:36:34.702 10 INFO neutron.pecan_wsgi.hooks.translation [None req-92e51749-df88-48bd-b9f6-c32ab8ec58d0 2814c7e946f3414494b58ef426458240 6b69807a849243fa9e6389949352b434 - - default default] GET failed (client error): The resource could not be found.
2026-07-14 23:36:34.704 10 INFO neutron.wsgi [None req-92e51749-df88-48bd-b9f6-c32ab8ec58d0 2814c7e946f3414494b58ef426458240 6b69807a849243fa9e6389949352b434 - - default default] 199.204.45.157,10.0.0.46 "GET /v2.0/networks/lb-mgmt-net HTTP/1.1" status: 404 len: 295 time: 0.1473606
2026-07-14 23:36:34.722 10 INFO neutron.wsgi [None req-ff9afc9b-3acb-44ba-81e8-57ff13993bc4 2814c7e946f3414494b58ef426458240 6b69807a849243fa9e6389949352b434 - - default default] 199.204.45.157,10.0.0.46 "GET /v2.0/networks?name=lb-mgmt-net HTTP/1.1" status: 200 len: 189 time: 0.0146244
2026-07-14 23:36:34.818 10 INFO neutron.db.segments_db [None req-eeecf243-9e73-4b50-8061-a5635457ca86 2814c7e946f3414494b58ef426458240 6b69807a849243fa9e6389949352b434 - - default default] Added segment bf1de065-f80e-4ea6-a7b1-ad3804c404e5 of type geneve for network b44fa313-a395-41c6-a489-b62757891715
2026-07-14 23:36:34.976 10 INFO neutron.db.ovn_revision_numbers_db [None req-eeecf243-9e73-4b50-8061-a5635457ca86 2814c7e946f3414494b58ef426458240 6b69807a849243fa9e6389949352b434 - - default default] Successfully bumped revision number for resource b44fa313-a395-41c6-a489-b62757891715 (type: networks) to 1
2026-07-14 23:36:35.154 10 WARNING neutron.scheduler.dhcp_agent_scheduler [None req-eeecf243-9e73-4b50-8061-a5635457ca86 2814c7e946f3414494b58ef426458240 6b69807a849243fa9e6389949352b434 - - default default] No more DHCP agents
2026-07-14 23:36:35.159 10 WARNING neutron.api.rpc.agentnotifiers.dhcp_rpc_agent_api [None req-eeecf243-9e73-4b50-8061-a5635457ca86 2814c7e946f3414494b58ef426458240 6b69807a849243fa9e6389949352b434 - - default default] Unable to schedule network b44fa313-a395-41c6-a489-b62757891715: no agents available; will retry on subsequent port and subnet creation events.
2026-07-14 23:36:35.275 10 INFO neutron.db.ovn_revision_numbers_db [None req-eeecf243-9e73-4b50-8061-a5635457ca86 2814c7e946f3414494b58ef426458240 6b69807a849243fa9e6389949352b434 - - default default] Successfully bumped revision number for resource 0304eebb-3fdd-4923-9773-2faf9c8655d2 (type: ports) to 1
2026-07-14 23:36:35.297 10 INFO neutron.wsgi [None req-eeecf243-9e73-4b50-8061-a5635457ca86 2814c7e946f3414494b58ef426458240 6b69807a849243fa9e6389949352b434 - - default default] 199.204.45.157,10.0.0.46 "POST /v2.0/networks HTTP/1.1" status: 201 len: 890 time: 0.5690258
2026-07-14 23:36:36.228 10 INFO neutron.pecan_wsgi.hooks.translation [None req-cc79c70b-bbef-43dd-9b6c-cb6aae71bed2 2814c7e946f3414494b58ef426458240 6b69807a849243fa9e6389949352b434 - - default default] GET failed (client error): The resource could not be found.
2026-07-14 23:36:36.229 10 INFO neutron.wsgi [None req-cc79c70b-bbef-43dd-9b6c-cb6aae71bed2 2814c7e946f3414494b58ef426458240 6b69807a849243fa9e6389949352b434 - - default default] 199.204.45.157,10.0.0.46 "GET /v2.0/networks/lb-mgmt-net HTTP/1.1" status: 404 len: 295 time: 0.0475750
2026-07-14 23:36:36.289 10 INFO neutron.wsgi [None req-7537993b-e496-4384-aaca-3b0906b2f0d0 2814c7e946f3414494b58ef426458240 6b69807a849243fa9e6389949352b434 - - default default] 199.204.45.157,10.0.0.46 "GET /v2.0/networks?name=lb-mgmt-net HTTP/1.1" status: 200 len: 875 time: 0.0550737
2026-07-14 23:36:36.321 10 INFO neutron.pecan_wsgi.hooks.translation [None req-cb8b1616-0097-4652-bd0b-894f98f8df99 2814c7e946f3414494b58ef426458240 6b69807a849243fa9e6389949352b434 - - default default] GET failed (client error): The resource could not be found.
2026-07-14 23:36:36.322 10 INFO neutron.wsgi [None req-cb8b1616-0097-4652-bd0b-894f98f8df99 2814c7e946f3414494b58ef426458240 6b69807a849243fa9e6389949352b434 - - default default] 199.204.45.157,10.0.0.46 "GET /v2.0/subnets/lb-mgmt-subnet?network_id=b44fa313-a395-41c6-a489-b62757891715 HTTP/1.1" status: 404 len: 296 time: 0.0235052
2026-07-14 23:36:36.345 10 INFO neutron.wsgi [None req-c9ab1884-71e0-416c-a866-98d0332ff394 2814c7e946f3414494b58ef426458240 6b69807a849243fa9e6389949352b434 - - default default] 199.204.45.157,10.0.0.46 "GET /v2.0/subnets?name=lb-mgmt-subnet&network_id=b44fa313-a395-41c6-a489-b62757891715 HTTP/1.1" status: 200 len: 188 time: 0.0183046
2026-07-14 23:36:36.545 10 WARNING neutron.scheduler.dhcp_agent_scheduler [None req-56939ebd-1319-4f6e-99c4-28b6746b8a2c 2814c7e946f3414494b58ef426458240 6b69807a849243fa9e6389949352b434 - - default default] No more DHCP agents
2026-07-14 23:36:36.548 10 WARNING neutron.api.rpc.agentnotifiers.dhcp_rpc_agent_api [None req-56939ebd-1319-4f6e-99c4-28b6746b8a2c 2814c7e946f3414494b58ef426458240 6b69807a849243fa9e6389949352b434 - - default default] Unable to schedule network b44fa313-a395-41c6-a489-b62757891715: no agents available; will retry on subsequent port and subnet creation events.
2026-07-14 23:36:37.132 10 INFO neutron.db.ovn_revision_numbers_db [None req-56939ebd-1319-4f6e-99c4-28b6746b8a2c 2814c7e946f3414494b58ef426458240 6b69807a849243fa9e6389949352b434 - - default default] Successfully bumped revision number for resource 0304eebb-3fdd-4923-9773-2faf9c8655d2 (type: ports) to 2
2026-07-14 23:36:37.183 10 INFO neutron.db.ovn_revision_numbers_db [None req-56939ebd-1319-4f6e-99c4-28b6746b8a2c 2814c7e946f3414494b58ef426458240 6b69807a849243fa9e6389949352b434 - - default default] Successfully bumped revision number for resource 6204f82b-641c-4dfc-b457-007739472a70 (type: subnets) to 0
2026-07-14 23:36:37.202 10 INFO neutron.wsgi [None req-56939ebd-1319-4f6e-99c4-28b6746b8a2c 2814c7e946f3414494b58ef426458240 6b69807a849243fa9e6389949352b434 - - default default] 199.204.45.157,10.0.0.46 "POST /v2.0/subnets HTTP/1.1" status: 201 len: 807 time: 0.8517754
2026-07-14 23:36:38.366 10 INFO neutron.api.v2.resource [None req-c9f98a81-299e-4377-a9d5-1cd01b171c04 2814c7e946f3414494b58ef426458240 6b69807a849243fa9e6389949352b434 - - default default] show failed (client error): The resource could not be found.
2026-07-14 23:36:38.367 10 INFO neutron.wsgi [None req-c9f98a81-299e-4377-a9d5-1cd01b171c04 2814c7e946f3414494b58ef426458240 6b69807a849243fa9e6389949352b434 - - default default] 199.204.45.157,10.0.0.46 "GET /v2.0/security-groups/lb-health-mgr-sec-grp HTTP/1.1" status: 404 len: 313 time: 0.0567832
2026-07-14 23:36:38.393 10 INFO neutron.wsgi [None req-122e7c89-ff7a-489e-aab9-c4611243e421 2814c7e946f3414494b58ef426458240 6b69807a849243fa9e6389949352b434 - - default default] 199.204.45.157,10.0.0.46 "GET /v2.0/security-groups?name=lb-health-mgr-sec-grp HTTP/1.1" status: 200 len: 197 time: 0.0222924
2026-07-14 23:36:38.531 10 INFO neutron.db.ovn_revision_numbers_db [None req-14519944-d9a0-4e70-a0df-27de4a46de83 2814c7e946f3414494b58ef426458240 6b69807a849243fa9e6389949352b434 - - default default] Successfully bumped revision number for resource 4cd72260-531e-4aba-8f7f-a71ca25bc1eb (type: security_groups) to 1
2026-07-14 23:36:38.544 10 INFO neutron.db.ovn_revision_numbers_db [None req-14519944-d9a0-4e70-a0df-27de4a46de83 2814c7e946f3414494b58ef426458240 6b69807a849243fa9e6389949352b434 - - default default] Successfully bumped revision number for resource 8d851035-3380-4afc-b6d8-a3ee6aa2d5a4 (type: security_group_rules) to 0
2026-07-14 23:36:38.557 10 INFO neutron.db.ovn_revision_numbers_db [None req-14519944-d9a0-4e70-a0df-27de4a46de83 2814c7e946f3414494b58ef426458240 6b69807a849243fa9e6389949352b434 - - default default] Successfully bumped revision number for resource dfe23722-fc7b-41c6-a6a6-9d6b7ce6da83 (type: security_group_rules) to 0
2026-07-14 23:36:38.580 10 INFO neutron.wsgi [None req-14519944-d9a0-4e70-a0df-27de4a46de83 2814c7e946f3414494b58ef426458240 6b69807a849243fa9e6389949352b434 - - default default] 199.204.45.157,10.0.0.46 "POST /v2.0/security-groups HTTP/1.1" status: 201 len: 1733 time: 0.1791139
2026-07-14 23:36:39.805 10 INFO neutron.wsgi [None req-3befc22a-0cdb-40d1-bcc3-d6251d1272b9 2814c7e946f3414494b58ef426458240 6b69807a849243fa9e6389949352b434 - - default default] 199.204.45.157,10.0.0.46 "GET /v2.0/security-groups/4cd72260-531e-4aba-8f7f-a71ca25bc1eb HTTP/1.1" status: 200 len: 1728 time: 0.0663118
2026-07-14 23:36:39.839 10 INFO neutron.wsgi [None req-b4ee6d2f-b41f-407e-ae98-da6229c5a69c 2814c7e946f3414494b58ef426458240 6b69807a849243fa9e6389949352b434 - - default default] 199.204.45.157,10.0.0.46 "GET /v2.0/security-groups/4cd72260-531e-4aba-8f7f-a71ca25bc1eb HTTP/1.1" status: 200 len: 1728 time: 0.0265472
2026-07-14 23:36:39.867 10 INFO neutron.wsgi [None req-6b29d8ea-2709-4b7d-b5dd-1b747eac5b30 2814c7e946f3414494b58ef426458240 6b69807a849243fa9e6389949352b434 - - default default] 199.204.45.157,10.0.0.46 "GET /v2.0/security-groups/4cd72260-531e-4aba-8f7f-a71ca25bc1eb HTTP/1.1" status: 200 len: 1728 time: 0.0221508
2026-07-14 23:36:39.957 10 INFO neutron.db.ovn_revision_numbers_db [None req-c7d61553-8d8a-4eff-90dc-1bd0cf40a358 2814c7e946f3414494b58ef426458240 6b69807a849243fa9e6389949352b434 - - default default] Successfully bumped revision number for resource 5ca6559e-6925-4947-9ace-8e4a494f1670 (type: security_group_rules) to 0
2026-07-14 23:36:39.982 10 INFO neutron.wsgi [None req-c7d61553-8d8a-4eff-90dc-1bd0cf40a358 2814c7e946f3414494b58ef426458240 6b69807a849243fa9e6389949352b434 - - default default] 199.204.45.157,10.0.0.46 "POST /v2.0/security-group-rules HTTP/1.1" status: 201 len: 749 time: 0.1088617
2026-07-14 23:36:40.918 10 INFO neutron.wsgi [None req-92147f11-e7b2-495e-b372-f03b0b8c278f 2814c7e946f3414494b58ef426458240 6b69807a849243fa9e6389949352b434 - - default default] 199.204.45.157,10.0.0.46 "GET /v2.0/security-groups/4cd72260-531e-4aba-8f7f-a71ca25bc1eb HTTP/1.1" status: 200 len: 2310 time: 0.0714195
2026-07-14 23:36:40.968 10 INFO neutron.wsgi [None req-fc2430aa-8e38-49ef-aa14-85d12814a598 2814c7e946f3414494b58ef426458240 6b69807a849243fa9e6389949352b434 - - default default] 199.204.45.157,10.0.0.46 "GET /v2.0/security-groups/4cd72260-531e-4aba-8f7f-a71ca25bc1eb HTTP/1.1" status: 200 len: 2310 time: 0.0440958
2026-07-14 23:36:41.006 10 INFO neutron.wsgi [None req-c823b108-07b9-4563-ba80-b673c9a522e6 2814c7e946f3414494b58ef426458240 6b69807a849243fa9e6389949352b434 - - default default] 199.204.45.157,10.0.0.46 "GET /v2.0/security-groups/4cd72260-531e-4aba-8f7f-a71ca25bc1eb HTTP/1.1" status: 200 len: 2310 time: 0.0327380
2026-07-14 23:36:41.160 10 INFO neutron.db.ovn_revision_numbers_db [None req-ca0fd9eb-d8fe-4d9e-be25-beb141b5ebb8 2814c7e946f3414494b58ef426458240 6b69807a849243fa9e6389949352b434 - - default default] Successfully bumped revision number for resource 140ffc29-9034-4fcb-a66a-4d0929c06c0c (type: security_group_rules) to 0
2026-07-14 23:36:41.188 10 INFO neutron.wsgi [None req-ca0fd9eb-d8fe-4d9e-be25-beb141b5ebb8 2814c7e946f3414494b58ef426458240 6b69807a849243fa9e6389949352b434 - - default default] 199.204.45.157,10.0.0.46 "POST /v2.0/security-group-rules HTTP/1.1" status: 201 len: 751 time: 0.1742566
2026-07-14 23:36:41.216 10 INFO neutron.wsgi [-] 10.0.0.46 "GET / HTTP/1.1" status: 200 len: 247 time: 0.0027010
2026-07-14 23:36:41.219 10 INFO neutron.wsgi [-] 10.0.0.46 "GET / HTTP/1.1" status: 200 len: 247 time: 0.0020344
2026-07-14 23:36:42.101 10 INFO neutron.wsgi [None req-317c71a3-b0cc-4c1b-adab-7ff4f317a1a1 2814c7e946f3414494b58ef426458240 6b69807a849243fa9e6389949352b434 - - default default] 199.204.45.157,10.0.0.46 "GET /v2.0/security-groups/4cd72260-531e-4aba-8f7f-a71ca25bc1eb HTTP/1.1" status: 200 len: 2894 time: 0.0827255
2026-07-14 23:36:42.143 10 INFO neutron.wsgi [None req-44318da9-03b9-447b-a261-17034310fe4b 2814c7e946f3414494b58ef426458240 6b69807a849243fa9e6389949352b434 - - default default] 199.204.45.157,10.0.0.46 "GET /v2.0/security-groups/4cd72260-531e-4aba-8f7f-a71ca25bc1eb HTTP/1.1" status: 200 len: 2894 time: 0.0362947
2026-07-14 23:36:42.174 10 INFO neutron.wsgi [None req-47576947-d48d-4b97-87cc-92505a080078 2814c7e946f3414494b58ef426458240 6b69807a849243fa9e6389949352b434 - - default default] 199.204.45.157,10.0.0.46 "GET /v2.0/security-groups/4cd72260-531e-4aba-8f7f-a71ca25bc1eb HTTP/1.1" status: 200 len: 2894 time: 0.0254016
2026-07-14 23:36:42.288 10 INFO neutron.db.ovn_revision_numbers_db [None req-2fedf368-c3c0-4bc1-89fc-bf2acdad8675 2814c7e946f3414494b58ef426458240 6b69807a849243fa9e6389949352b434 - - default default] Successfully bumped revision number for resource b8715b15-fc01-46ec-9023-027d4d800b89 (type: security_group_rules) to 0
2026-07-14 23:36:42.322 10 INFO neutron.wsgi [None req-2fedf368-c3c0-4bc1-89fc-bf2acdad8675 2814c7e946f3414494b58ef426458240 6b69807a849243fa9e6389949352b434 - - default default] 199.204.45.157,10.0.0.46 "POST /v2.0/security-group-rules HTTP/1.1" status: 201 len: 751 time: 0.1397505
2026-07-14 23:36:43.288 10 INFO neutron.wsgi [None req-1b9f7526-1e81-468e-b1c5-bcdbffe96f0a 2814c7e946f3414494b58ef426458240 6b69807a849243fa9e6389949352b434 - - default default] 199.204.45.157,10.0.0.46 "GET /v2.0/security-groups/4cd72260-531e-4aba-8f7f-a71ca25bc1eb HTTP/1.1" status: 200 len: 3478 time: 0.0717092
2026-07-14 23:36:43.336 10 INFO neutron.wsgi [None req-23fdba07-0e17-40c6-b649-7152763034d8 2814c7e946f3414494b58ef426458240 6b69807a849243fa9e6389949352b434 - - default default] 199.204.45.157,10.0.0.46 "GET /v2.0/security-groups/4cd72260-531e-4aba-8f7f-a71ca25bc1eb HTTP/1.1" status: 200 len: 3478 time: 0.0406387
2026-07-14 23:36:43.411 10 INFO neutron.wsgi [None req-0024ee93-834a-421d-83da-e20dc2000d9f 2814c7e946f3414494b58ef426458240 6b69807a849243fa9e6389949352b434 - - default default] 199.204.45.157,10.0.0.46 "GET /v2.0/security-groups/4cd72260-531e-4aba-8f7f-a71ca25bc1eb HTTP/1.1" status: 200 len: 3478 time: 0.0687730
2026-07-14 23:36:43.536 10 INFO neutron.db.ovn_revision_numbers_db [None req-02c7e4a7-fd40-4699-b390-a12274076729 2814c7e946f3414494b58ef426458240 6b69807a849243fa9e6389949352b434 - - default default] Successfully bumped revision number for resource a7fbdad7-ff83-4f40-a4a3-ca387e6458c9 (type: security_group_rules) to 0
2026-07-14 23:36:43.558 10 INFO neutron.wsgi [None req-02c7e4a7-fd40-4699-b390-a12274076729 2814c7e946f3414494b58ef426458240 6b69807a849243fa9e6389949352b434 - - default default] 199.204.45.157,10.0.0.46 "POST /v2.0/security-group-rules HTTP/1.1" status: 201 len: 751 time: 0.1386871
2026-07-14 23:36:44.469 10 INFO neutron.wsgi [None req-2a7a82ee-66f2-4ea4-b3d2-e5e67b98a4d0 2814c7e946f3414494b58ef426458240 6b69807a849243fa9e6389949352b434 - - default default] 199.204.45.157,10.0.0.46 "GET /v2.0/security-groups/4cd72260-531e-4aba-8f7f-a71ca25bc1eb HTTP/1.1" status: 200 len: 4062 time: 0.0665679
2026-07-14 23:36:44.509 10 INFO neutron.wsgi [None req-739f77fc-7bab-421a-bfdd-136ea9a622a3 2814c7e946f3414494b58ef426458240 6b69807a849243fa9e6389949352b434 - - default default] 199.204.45.157,10.0.0.46 "GET /v2.0/security-groups/4cd72260-531e-4aba-8f7f-a71ca25bc1eb HTTP/1.1" status: 200 len: 4062 time: 0.0324571
2026-07-14 23:36:44.553 10 INFO neutron.wsgi [None req-768c23f2-f61a-45b1-aa4e-6db2c2777354 2814c7e946f3414494b58ef426458240 6b69807a849243fa9e6389949352b434 - - default default] 199.204.45.157,10.0.0.46 "GET /v2.0/security-groups/4cd72260-531e-4aba-8f7f-a71ca25bc1eb HTTP/1.1" status: 200 len: 4062 time: 0.0360618
2026-07-14 23:36:44.683 10 INFO neutron.db.ovn_revision_numbers_db [None req-3f333659-4c3e-4cfb-8d35-ebbe81e45292 2814c7e946f3414494b58ef426458240 6b69807a849243fa9e6389949352b434 - - default default] Successfully bumped revision number for resource 3ea2fe33-dad5-452f-9fc8-a6faaf7ce429 (type: security_group_rules) to 0
2026-07-14 23:36:44.706 10 INFO neutron.wsgi [None req-3f333659-4c3e-4cfb-8d35-ebbe81e45292 2814c7e946f3414494b58ef426458240 6b69807a849243fa9e6389949352b434 - - default default] 199.204.45.157,10.0.0.46 "POST /v2.0/security-group-rules HTTP/1.1" status: 201 len: 751 time: 0.1455669
2026-07-14 23:36:45.974 10 INFO neutron.wsgi [None req-81988962-b55a-4c91-8186-9bef6040bcfa 2814c7e946f3414494b58ef426458240 6b69807a849243fa9e6389949352b434 - - default default] 199.204.45.157,10.0.0.46 "GET /v2.0/networks/b44fa313-a395-41c6-a489-b62757891715 HTTP/1.1" status: 200 len: 910 time: 0.0873976
2026-07-14 23:36:46.001 10 INFO neutron.pecan_wsgi.hooks.translation [None req-47503d6a-f437-4965-9c7c-f0de0d5802f5 2814c7e946f3414494b58ef426458240 6b69807a849243fa9e6389949352b434 - - default default] GET failed (client error): The resource could not be found.
2026-07-14 23:36:46.002 10 INFO neutron.wsgi [None req-47503d6a-f437-4965-9c7c-f0de0d5802f5 2814c7e946f3414494b58ef426458240 6b69807a849243fa9e6389949352b434 - - default default] 199.204.45.157,10.0.0.46 "GET /v2.0/ports/octavia-health-manager-port-instance?network_id=b44fa313-a395-41c6-a489-b62757891715 HTTP/1.1" status: 404 len: 314 time: 0.0177624
2026-07-14 23:36:46.031 10 INFO neutron.wsgi [None req-2b4833ce-d08a-4674-8433-607f699e9be7 2814c7e946f3414494b58ef426458240 6b69807a849243fa9e6389949352b434 - - default default] 199.204.45.157,10.0.0.46 "GET /v2.0/ports?name=octavia-health-manager-port-instance&network_id=b44fa313-a395-41c6-a489-b62757891715 HTTP/1.1" status: 200 len: 186 time: 0.0247686
2026-07-14 23:36:46.068 10 INFO neutron.wsgi [None req-b120c3ff-6dd2-4e69-963c-0080a2ef53e1 2814c7e946f3414494b58ef426458240 6b69807a849243fa9e6389949352b434 - - default default] 199.204.45.157,10.0.0.46 "GET /v2.0/security-groups/4cd72260-531e-4aba-8f7f-a71ca25bc1eb HTTP/1.1" status: 200 len: 4646 time: 0.0304158
2026-07-14 23:36:46.319 10 WARNING neutron.scheduler.dhcp_agent_scheduler [None req-9238ec56-6ecc-4bad-b6f2-4f43103b93ef 2814c7e946f3414494b58ef426458240 6b69807a849243fa9e6389949352b434 - - default default] No more DHCP agents
2026-07-14 23:36:46.321 10 WARNING neutron.api.rpc.agentnotifiers.dhcp_rpc_agent_api [None req-9238ec56-6ecc-4bad-b6f2-4f43103b93ef 2814c7e946f3414494b58ef426458240 6b69807a849243fa9e6389949352b434 - - default default] Unable to schedule network b44fa313-a395-41c6-a489-b62757891715: no agents available; will retry on subsequent port and subnet creation events.
2026-07-14 23:36:46.425 10 INFO neutron.db.ovn_revision_numbers_db [None req-9238ec56-6ecc-4bad-b6f2-4f43103b93ef 2814c7e946f3414494b58ef426458240 6b69807a849243fa9e6389949352b434 - - default default] Successfully bumped revision number for resource 1fd87b92-c59a-49cf-8c8c-58f5b481d220 (type: ports) to 1
2026-07-14 23:36:46.443 10 INFO neutron.wsgi [None req-9238ec56-6ecc-4bad-b6f2-4f43103b93ef 2814c7e946f3414494b58ef426458240 6b69807a849243fa9e6389949352b434 - - default default] 199.204.45.157,10.0.0.46 "POST /v2.0/ports HTTP/1.1" status: 201 len: 1281 time: 0.3654153 /var/lib/openstack/lib/python3.10/site-packages/pycadf/identifier.py:71: UserWarning: Invalid uuid: unknown. To ensure interoperability, identifiers should be a valid uuid. warnings.warn(('Invalid uuid: %s. To ensure interoperability, '
2026-07-14 23:36:51.878 10 INFO neutron.pecan_wsgi.hooks.translation [None req-490ed1fc-d590-4676-9c86-527644091acd 2814c7e946f3414494b58ef426458240 6b69807a849243fa9e6389949352b434 - - default default] GET failed (client error): The resource could not be found.
2026-07-14 23:36:51.880 10 INFO neutron.wsgi [None req-490ed1fc-d590-4676-9c86-527644091acd 2814c7e946f3414494b58ef426458240 6b69807a849243fa9e6389949352b434 - - default default] 199.204.45.157,10.0.0.46 "GET /v2.0/ports/octavia-health-manager-port-instance HTTP/1.1" status: 404 len: 314 time: 0.0664551
2026-07-14 23:36:51.934 10 INFO neutron.wsgi [None req-a01be5a0-414d-4ea4-85cd-0d27e5d001cc 2814c7e946f3414494b58ef426458240 6b69807a849243fa9e6389949352b434 - - default default] 199.204.45.157,10.0.0.46 "GET /v2.0/ports?name=octavia-health-manager-port-instance HTTP/1.1" status: 200 len: 1279 time: 0.0497780
2026-07-14 23:36:52.322 10 INFO neutron.db.ovn_revision_numbers_db [None req-28f5ad64-cd0e-445c-bc4d-d1af5a485a7c 2814c7e946f3414494b58ef426458240 6b69807a849243fa9e6389949352b434 - - default default] Successfully bumped revision number for resource 1fd87b92-c59a-49cf-8c8c-58f5b481d220 (type: ports) to 1
2026-07-14 23:36:52.617 10 INFO neutron.db.ovn_revision_numbers_db [None req-28f5ad64-cd0e-445c-bc4d-d1af5a485a7c 2814c7e946f3414494b58ef426458240 6b69807a849243fa9e6389949352b434 - - default default] Successfully bumped revision number for resource 1fd87b92-c59a-49cf-8c8c-58f5b481d220 (type: ports) to 2
2026-07-14 23:36:52.643 10 INFO neutron.wsgi [None req-28f5ad64-cd0e-445c-bc4d-d1af5a485a7c 2814c7e946f3414494b58ef426458240 6b69807a849243fa9e6389949352b434 - - default default] 199.204.45.157,10.0.0.46 "PUT /v2.0/ports/1fd87b92-c59a-49cf-8c8c-58f5b481d220 HTTP/1.1" status: 200 len: 1366 time: 0.7020624 /var/lib/openstack/lib/python3.10/site-packages/pycadf/identifier.py:71: UserWarning: Invalid uuid: unknown. To ensure interoperability, identifiers should be a valid uuid. warnings.warn(('Invalid uuid: %s. To ensure interoperability, '
2026-07-14 23:36:54.319 10 INFO neutron.wsgi [None req-53bfd978-e232-45cb-a9e2-dee91f208f58 2814c7e946f3414494b58ef426458240 6b69807a849243fa9e6389949352b434 - - default default] 199.204.45.157,10.0.0.46 "GET /v2.0/ports HTTP/1.1" status: 200 len: 3511 time: 0.0909910
2026-07-14 23:36:55.319 10 INFO neutron.api.v2.resource [None req-144b2092-71c7-41e0-80be-598b5325cd1f 2814c7e946f3414494b58ef426458240 6b69807a849243fa9e6389949352b434 - - default default] show failed (client error): The resource could not be found.
2026-07-14 23:36:55.320 10 INFO neutron.wsgi [None req-144b2092-71c7-41e0-80be-598b5325cd1f 2814c7e946f3414494b58ef426458240 6b69807a849243fa9e6389949352b434 - - default default] 199.204.45.157,10.0.0.46 "GET /v2.0/security-groups/lb-mgmt-sec-grp HTTP/1.1" status: 404 len: 307 time: 0.0446413
2026-07-14 23:36:55.344 10 INFO neutron.wsgi [None req-87c26462-cd8b-4a4a-af68-bddbb6932a39 2814c7e946f3414494b58ef426458240 6b69807a849243fa9e6389949352b434 - - default default] 199.204.45.157,10.0.0.46 "GET /v2.0/security-groups?name=lb-mgmt-sec-grp HTTP/1.1" status: 200 len: 197 time: 0.0193360
2026-07-14 23:36:55.457 10 INFO neutron.db.ovn_revision_numbers_db [None req-0fa48baf-698d-40d5-ad0c-83df62c11ad6 2814c7e946f3414494b58ef426458240 6b69807a849243fa9e6389949352b434 - - default default] Successfully bumped revision number for resource 3f208dd6-a8a8-4f1e-a4be-df7d67463ede (type: security_groups) to 1
2026-07-14 23:36:55.470 10 INFO neutron.db.ovn_revision_numbers_db [None req-0fa48baf-698d-40d5-ad0c-83df62c11ad6 2814c7e946f3414494b58ef426458240 6b69807a849243fa9e6389949352b434 - - default default] Successfully bumped revision number for resource 182be339-1d7d-4eeb-acc9-10601507c0df (type: security_group_rules) to 0
2026-07-14 23:36:55.482 10 INFO neutron.db.ovn_revision_numbers_db [None req-0fa48baf-698d-40d5-ad0c-83df62c11ad6 2814c7e946f3414494b58ef426458240 6b69807a849243fa9e6389949352b434 - - default default] Successfully bumped revision number for resource c59c20fc-601a-461e-bea9-f8da2ed2f950 (type: security_group_rules) to 0
2026-07-14 23:36:55.506 10 INFO neutron.wsgi [None req-0fa48baf-698d-40d5-ad0c-83df62c11ad6 2814c7e946f3414494b58ef426458240 6b69807a849243fa9e6389949352b434 - - default default] 199.204.45.157,10.0.0.46 "POST /v2.0/security-groups HTTP/1.1" status: 201 len: 1727 time: 0.1557763
2026-07-14 23:36:55.931 15 INFO neutron.db.ovn_revision_numbers_db [None req-798bdb40-b59c-4c7d-a3ee-542be6f00a8a - - - - - -] Successfully bumped revision number for resource 2b2c0c9c-ad69-432e-b605-0cf10e01de64 (type: networks) to 2
2026-07-14 23:36:55.931 15 INFO neutron.plugins.ml2.drivers.ovn.mech_driver.ovsdb.maintenance [None req-798bdb40-b59c-4c7d-a3ee-542be6f00a8a - - - - - -] Maintenance task: Synchronization finished (took 0.13 seconds)
2026-07-14 23:36:56.215 9 INFO neutron.wsgi [-] 10.0.0.46 "GET / HTTP/1.1" status: 200 len: 247 time: 0.0022492
2026-07-14 23:36:56.217 10 INFO neutron.wsgi [-] 10.0.0.46 "GET / HTTP/1.1" status: 200 len: 247 time: 0.0024996
2026-07-14 23:36:56.586 10 INFO neutron.wsgi [None req-f0a21ea1-2406-4604-a7a0-a728f35b194b 2814c7e946f3414494b58ef426458240 6b69807a849243fa9e6389949352b434 - - default default] 199.204.45.157,10.0.0.46 "GET /v2.0/security-groups/3f208dd6-a8a8-4f1e-a4be-df7d67463ede HTTP/1.1" status: 200 len: 1722 time: 0.0656359
2026-07-14 23:36:56.635 10 INFO neutron.wsgi [None req-58dd320a-4ca4-4fee-9d6d-269fbe4d55ea 2814c7e946f3414494b58ef426458240 6b69807a849243fa9e6389949352b434 - - default default] 199.204.45.157,10.0.0.46 "GET /v2.0/security-groups/3f208dd6-a8a8-4f1e-a4be-df7d67463ede HTTP/1.1" status: 200 len: 1722 time: 0.0414124
2026-07-14 23:36:56.673 10 INFO neutron.wsgi [None req-657c499a-80fa-4fed-9512-19076e2d6141 2814c7e946f3414494b58ef426458240 6b69807a849243fa9e6389949352b434 - - default default] 199.204.45.157,10.0.0.46 "GET /v2.0/security-groups/3f208dd6-a8a8-4f1e-a4be-df7d67463ede HTTP/1.1" status: 200 len: 1722 time: 0.0299907
2026-07-14 23:36:56.787 10 INFO neutron.db.ovn_revision_numbers_db [None req-207c8a1b-bd6b-4109-8857-4cd638cd491f 2814c7e946f3414494b58ef426458240 6b69807a849243fa9e6389949352b434 - - default default] Successfully bumped revision number for resource 1f5c0f3e-d298-478f-ad16-b443c25e7d4f (type: security_group_rules) to 0
2026-07-14 23:36:56.809 10 INFO neutron.wsgi [None req-207c8a1b-bd6b-4109-8857-4cd638cd491f 2814c7e946f3414494b58ef426458240 6b69807a849243fa9e6389949352b434 - - default default] 199.204.45.157,10.0.0.46 "POST /v2.0/security-group-rules HTTP/1.1" status: 201 len: 771 time: 0.1319261
2026-07-14 23:36:57.725 10 INFO neutron.wsgi [None req-a44ee1f2-e9ad-45d8-9723-4c3acbb1a67f 2814c7e946f3414494b58ef426458240 6b69807a849243fa9e6389949352b434 - - default default] 199.204.45.157,10.0.0.46 "GET /v2.0/security-groups/3f208dd6-a8a8-4f1e-a4be-df7d67463ede HTTP/1.1" status: 200 len: 2326 time: 0.0800545
2026-07-14 23:36:57.754 10 INFO neutron.wsgi [None req-e69d6e50-c093-461c-8e7c-a6a1986513cc 2814c7e946f3414494b58ef426458240 6b69807a849243fa9e6389949352b434 - - default default] 199.204.45.157,10.0.0.46 "GET /v2.0/security-groups/3f208dd6-a8a8-4f1e-a4be-df7d67463ede HTTP/1.1" status: 200 len: 2326 time: 0.0219555
2026-07-14 23:36:57.781 10 INFO neutron.wsgi [None req-0778d676-35a5-46dc-9c47-d43633f75a4d 2814c7e946f3414494b58ef426458240 6b69807a849243fa9e6389949352b434 - - default default] 199.204.45.157,10.0.0.46 "GET /v2.0/security-groups/3f208dd6-a8a8-4f1e-a4be-df7d67463ede HTTP/1.1" status: 200 len: 2326 time: 0.0203879
2026-07-14 23:36:57.894 10 INFO neutron.db.ovn_revision_numbers_db [None req-fd2f7a77-0a62-477d-9db0-fd7d7399b827 2814c7e946f3414494b58ef426458240 6b69807a849243fa9e6389949352b434 - - default default] Successfully bumped revision number for resource 0a94c160-e904-423f-a02d-c538dd53e7eb (type: security_group_rules) to 0
2026-07-14 23:36:57.913 10 INFO neutron.wsgi [None req-fd2f7a77-0a62-477d-9db0-fd7d7399b827 2814c7e946f3414494b58ef426458240 6b69807a849243fa9e6389949352b434 - - default default] 199.204.45.157,10.0.0.46 "POST /v2.0/security-group-rules HTTP/1.1" status: 201 len: 775 time: 0.1233082
2026-07-14 23:37:11.217 10 INFO neutron.wsgi [-] 10.0.0.46 "GET / HTTP/1.1" status: 200 len: 247 time: 0.0033140
2026-07-14 23:37:11.217 9 INFO neutron.wsgi [-] 10.0.0.46 "GET / HTTP/1.1" status: 200 len: 247 time: 0.0034440
2026-07-14 23:37:26.216 10 INFO neutron.wsgi [-] 10.0.0.46 "GET / HTTP/1.1" status: 200 len: 247 time: 0.0026512
2026-07-14 23:37:26.217 9 INFO neutron.wsgi [-] 10.0.0.46 "GET / HTTP/1.1" status: 200 len: 247 time: 0.0037925
2026-07-14 23:37:41.215 9 INFO neutron.wsgi [-] 10.0.0.46 "GET / HTTP/1.1" status: 200 len: 247 time: 0.0022647
2026-07-14 23:37:41.216 10 INFO neutron.wsgi [-] 10.0.0.46 "GET / HTTP/1.1" status: 200 len: 247 time: 0.0023196
2026-07-14 23:37:56.215 9 INFO neutron.wsgi [-] 10.0.0.46 "GET / HTTP/1.1" status: 200 len: 247 time: 0.0023463
2026-07-14 23:37:56.216 10 INFO neutron.wsgi [-] 10.0.0.46 "GET / HTTP/1.1" status: 200 len: 247 time: 0.0030258
2026-07-14 23:37:59.576 10 INFO neutron.wsgi [None req-6327f0c9-5bd5-462a-83a8-c1377a95e343 2814c7e946f3414494b58ef426458240 6b69807a849243fa9e6389949352b434 - - default default] 199.204.45.157,10.0.0.46 "GET /v2.0/quotas/6b69807a849243fa9e6389949352b434 HTTP/1.1" status: 200 len: 362 time: 0.0150127 /var/lib/openstack/lib/python3.10/site-packages/neutron/extensions/quotasv2.py:139: UserWarning: Neutron quota engine will require "--force" parameter to set a quota limit without checking the resource usage. warnings.warn('Neutron quota engine will require "--force" '
2026-07-14 23:37:59.969 10 INFO neutron.wsgi [None req-9590590d-c6c1-4b69-874a-ed55de4c7452 2814c7e946f3414494b58ef426458240 6b69807a849243fa9e6389949352b434 - - default default] 199.204.45.157,10.0.0.46 "PUT /v2.0/quotas/6b69807a849243fa9e6389949352b434 HTTP/1.1" status: 200 len: 361 time: 0.0330973
2026-07-14 23:38:11.216 9 INFO neutron.wsgi [-] 10.0.0.46 "GET / HTTP/1.1" status: 200 len: 247 time: 0.0032582
2026-07-14 23:38:11.216 10 INFO neutron.wsgi [-] 10.0.0.46 "GET / HTTP/1.1" status: 200 len: 247 time: 0.0032580
2026-07-14 23:38:26.218 9 INFO neutron.wsgi [-] 10.0.0.46 "GET / HTTP/1.1" status: 200 len: 247 time: 0.0052624
2026-07-14 23:38:26.220 9 INFO neutron.wsgi [-] 10.0.0.46 "GET / HTTP/1.1" status: 200 len: 247 time: 0.0011990
2026-07-14 23:38:41.216 10 INFO neutron.wsgi [-] 10.0.0.46 "GET / HTTP/1.1" status: 200 len: 247 time: 0.0026102
2026-07-14 23:38:41.216 9 INFO neutron.wsgi [-] 10.0.0.46 "GET / HTTP/1.1" status: 200 len: 247 time: 0.0026507
2026-07-14 23:38:56.216 10 INFO neutron.wsgi [-] 10.0.0.46 "GET / HTTP/1.1" status: 200 len: 247 time: 0.0027363
2026-07-14 23:38:56.216 9 INFO neutron.wsgi [-] 10.0.0.46 "GET / HTTP/1.1" status: 200 len: 247 time: 0.0030785
2026-07-14 23:39:11.215 10 INFO neutron.wsgi [-] 10.0.0.46 "GET / HTTP/1.1" status: 200 len: 247 time: 0.0023365
2026-07-14 23:39:11.217 9 INFO neutron.wsgi [-] 10.0.0.46 "GET / HTTP/1.1" status: 200 len: 247 time: 0.0034673
2026-07-14 23:39:26.216 9 INFO neutron.wsgi [-] 10.0.0.46 "GET / HTTP/1.1" status: 200 len: 247 time: 0.0023980
2026-07-14 23:39:26.216 10 INFO neutron.wsgi [-] 10.0.0.46 "GET / HTTP/1.1" status: 200 len: 247 time: 0.0026138
2026-07-14 23:39:41.216 10 INFO neutron.wsgi [-] 10.0.0.46 "GET / HTTP/1.1" status: 200 len: 247 time: 0.0034847
2026-07-14 23:39:41.220 10 INFO neutron.wsgi [-] 10.0.0.46 "GET / HTTP/1.1" status: 200 len: 247 time: 0.0023408
2026-07-14 23:39:56.215 10 INFO neutron.wsgi [-] 10.0.0.46 "GET / HTTP/1.1" status: 200 len: 247 time: 0.0026147
2026-07-14 23:39:56.217 9 INFO neutron.wsgi [-] 10.0.0.46 "GET / HTTP/1.1" status: 200 len: 247 time: 0.0034904 /var/lib/openstack/lib/python3.10/site-packages/pycadf/identifier.py:71: UserWarning: Invalid uuid: neutron. To ensure interoperability, identifiers should be a valid uuid. warnings.warn(('Invalid uuid: %s. To ensure interoperability, '
2026-07-14 23:40:09.646 10 INFO neutron.pecan_wsgi.hooks.translation [None req-00facd78-b13f-4ad3-8029-6dce071d7994 2814c7e946f3414494b58ef426458240 6b69807a849243fa9e6389949352b434 - - default default] GET failed (client error): The resource could not be found.
2026-07-14 23:40:09.648 10 INFO neutron.wsgi [None req-00facd78-b13f-4ad3-8029-6dce071d7994 2814c7e946f3414494b58ef426458240 6b69807a849243fa9e6389949352b434 - - default default] 199.204.45.157 "GET /v2.0/ports/octavia-health-manager-port-instance HTTP/1.1" status: 404 len: 338 time: 0.1998014
2026-07-14 23:40:09.714 10 INFO neutron.wsgi [None req-b2565882-14d2-4ec5-ab8a-0b40e558ddb4 2814c7e946f3414494b58ef426458240 6b69807a849243fa9e6389949352b434 - - default default] 199.204.45.157 "GET /v2.0/ports?name=octavia-health-manager-port-instance HTTP/1.1" status: 200 len: 1421 time: 0.0592418
2026-07-14 23:40:11.216 10 INFO neutron.wsgi [-] 10.0.0.46 "GET / HTTP/1.1" status: 200 len: 247 time: 0.0025809
2026-07-14 23:40:11.217 9 INFO neutron.wsgi [-] 10.0.0.46 "GET / HTTP/1.1" status: 200 len: 247 time: 0.0031285
2026-07-14 23:40:11.868 10 INFO neutron.pecan_wsgi.hooks.translation [None req-16229113-5f11-4694-935e-0e1a85c7dc7e 2814c7e946f3414494b58ef426458240 6b69807a849243fa9e6389949352b434 - - default default] GET failed (client error): The resource could not be found.
2026-07-14 23:40:11.870 10 INFO neutron.wsgi [None req-16229113-5f11-4694-935e-0e1a85c7dc7e 2814c7e946f3414494b58ef426458240 6b69807a849243fa9e6389949352b434 - - default default] 199.204.45.157 "GET /v2.0/ports/octavia-health-manager-port-instance HTTP/1.1" status: 404 len: 338 time: 0.2162991
2026-07-14 23:40:11.911 10 INFO neutron.wsgi [None req-a71ce05c-cead-4715-bd4e-3731bcfd9363 2814c7e946f3414494b58ef426458240 6b69807a849243fa9e6389949352b434 - - default default] 199.204.45.157 "GET /v2.0/ports?name=octavia-health-manager-port-instance HTTP/1.1" status: 200 len: 1421 time: 0.0357215
2026-07-14 23:40:13.369 10 INFO neutron.plugins.ml2.drivers.ovn.mech_driver.mech_driver [-] OVN reports status up for port: 1fd87b92-c59a-49cf-8c8c-58f5b481d220
2026-07-14 23:40:13.389 10 INFO neutron.plugins.ml2.plugin [None req-0b1f3d0f-fb8a-4916-8b07-c7d3aab9768f - - - - - -] Attempt 1 to provision port 1fd87b92-c59a-49cf-8c8c-58f5b481d220
2026-07-14 23:40:13.776 10 INFO neutron.db.ovn_revision_numbers_db [None req-0b1f3d0f-fb8a-4916-8b07-c7d3aab9768f - - - - - -] Successfully bumped revision number for resource 1fd87b92-c59a-49cf-8c8c-58f5b481d220 (type: ports) to 4
2026-07-14 23:40:26.216 9 INFO neutron.wsgi [-] 10.0.0.46 "GET / HTTP/1.1" status: 200 len: 247 time: 0.0027502
2026-07-14 23:40:26.217 10 INFO neutron.wsgi [-] 10.0.0.46 "GET / HTTP/1.1" status: 200 len: 247 time: 0.0029185
2026-07-14 23:40:41.216 10 INFO neutron.wsgi [-] 10.0.0.46 "GET / HTTP/1.1" status: 200 len: 247 time: 0.0024853
2026-07-14 23:40:41.216 9 INFO neutron.wsgi [-] 10.0.0.46 "GET / HTTP/1.1" status: 200 len: 247 time: 0.0032139
2026-07-14 23:40:56.217 9 INFO neutron.wsgi [-] 10.0.0.46 "GET / HTTP/1.1" status: 200 len: 247 time: 0.0029500
2026-07-14 23:40:56.220 9 INFO neutron.wsgi [-] 10.0.0.46 "GET / HTTP/1.1" status: 200 len: 247 time: 0.0012324
2026-07-14 23:41:11.215 9 INFO neutron.wsgi [-] 10.0.0.46 "GET / HTTP/1.1" status: 200 len: 247 time: 0.0024178
2026-07-14 23:41:11.218 10 INFO neutron.wsgi [-] 10.0.0.46 "GET / HTTP/1.1" status: 200 len: 247 time: 0.0046763
2026-07-14 23:41:26.217 9 INFO neutron.wsgi [-] 10.0.0.46 "GET / HTTP/1.1" status: 200 len: 247 time: 0.0031915
2026-07-14 23:41:26.218 10 INFO neutron.wsgi [-] 10.0.0.46 "GET / HTTP/1.1" status: 200 len: 247 time: 0.0032010
2026-07-14 23:41:41.215 9 INFO neutron.wsgi [-] 10.0.0.46 "GET / HTTP/1.1" status: 200 len: 247 time: 0.0021186
2026-07-14 23:41:41.216 10 INFO neutron.wsgi [-] 10.0.0.46 "GET / HTTP/1.1" status: 200 len: 247 time: 0.0024159
2026-07-14 23:41:55.952 15 INFO neutron.db.ovn_revision_numbers_db [None req-798bdb40-b59c-4c7d-a3ee-542be6f00a8a - - - - - -] Successfully bumped revision number for resource b44fa313-a395-41c6-a489-b62757891715 (type: networks) to 2
2026-07-14 23:41:56.008 15 INFO neutron.db.ovn_revision_numbers_db [None req-798bdb40-b59c-4c7d-a3ee-542be6f00a8a - - - - - -] Successfully bumped revision number for resource 4cd72260-531e-4aba-8f7f-a71ca25bc1eb (type: security_groups) to 6
2026-07-14 23:41:56.055 15 INFO neutron.db.ovn_revision_numbers_db [None req-798bdb40-b59c-4c7d-a3ee-542be6f00a8a - - - - - -] Successfully bumped revision number for resource 3f208dd6-a8a8-4f1e-a4be-df7d67463ede (type: security_groups) to 3
2026-07-14 23:41:56.055 15 INFO neutron.plugins.ml2.drivers.ovn.mech_driver.ovsdb.maintenance [None req-798bdb40-b59c-4c7d-a3ee-542be6f00a8a - - - - - -] Maintenance task: Synchronization finished (took 0.24 seconds)
2026-07-14 23:41:56.216 9 INFO neutron.wsgi [-] 10.0.0.46 "GET / HTTP/1.1" status: 200 len: 247 time: 0.0024757
2026-07-14 23:41:56.216 10 INFO neutron.wsgi [-] 10.0.0.46 "GET / HTTP/1.1" status: 200 len: 247 time: 0.0027339
2026-07-14 23:42:11.217 10 INFO neutron.wsgi [-] 10.0.0.46 "GET / HTTP/1.1" status: 200 len: 247 time: 0.0027363
2026-07-14 23:42:11.217 9 INFO neutron.wsgi [-] 10.0.0.46 "GET / HTTP/1.1" status: 200 len: 247 time: 0.0033767
2026-07-14 23:42:26.215 9 INFO neutron.wsgi [-] 10.0.0.46 "GET / HTTP/1.1" status: 200 len: 247 time: 0.0021491
2026-07-14 23:42:26.215 10 INFO neutron.wsgi [-] 10.0.0.46 "GET / HTTP/1.1" status: 200 len: 247 time: 0.0021367
2026-07-14 23:42:41.215 9 INFO neutron.wsgi [-] 10.0.0.46 "GET / HTTP/1.1" status: 200 len: 247 time: 0.0026426
2026-07-14 23:42:41.218 9 INFO neutron.wsgi [-] 10.0.0.46 "GET / HTTP/1.1" status: 200 len: 247 time: 0.0015626
2026-07-14 23:42:56.216 10 INFO neutron.wsgi [-] 10.0.0.46 "GET / HTTP/1.1" status: 200 len: 247 time: 0.0029252
2026-07-14 23:42:56.217 9 INFO neutron.wsgi [-] 10.0.0.46 "GET / HTTP/1.1" status: 200 len: 247 time: 0.0035417
2026-07-14 23:43:11.215 9 INFO neutron.wsgi [-] 10.0.0.46 "GET / HTTP/1.1" status: 200 len: 247 time: 0.0025251
2026-07-14 23:43:11.219 9 INFO neutron.wsgi [-] 10.0.0.46 "GET / HTTP/1.1" status: 200 len: 247 time: 0.0022483
2026-07-14 23:43:26.216 10 INFO neutron.wsgi [-] 10.0.0.46 "GET / HTTP/1.1" status: 200 len: 247 time: 0.0025091
2026-07-14 23:43:26.217 9 INFO neutron.wsgi [-] 10.0.0.46 "GET / HTTP/1.1" status: 200 len: 247 time: 0.0033662
2026-07-14 23:43:41.217 10 INFO neutron.wsgi [-] 10.0.0.46 "GET / HTTP/1.1" status: 200 len: 247 time: 0.0036664
2026-07-14 23:43:41.220 10 INFO neutron.wsgi [-] 10.0.0.46 "GET / HTTP/1.1" status: 200 len: 247 time: 0.0022399
2026-07-14 23:43:56.214 10 INFO neutron.wsgi [-] 10.0.0.46 "GET / HTTP/1.1" status: 200 len: 247 time: 0.0014677
2026-07-14 23:43:56.214 9 INFO neutron.wsgi [-] 10.0.0.46 "GET / HTTP/1.1" status: 200 len: 247 time: 0.0017705
2026-07-14 23:44:11.214 10 INFO neutron.wsgi [-] 10.0.0.46 "GET / HTTP/1.1" status: 200 len: 247 time: 0.0013793
2026-07-14 23:44:11.216 9 INFO neutron.wsgi [-] 10.0.0.46 "GET / HTTP/1.1" status: 200 len: 247 time: 0.0033066
2026-07-14 23:44:26.216 10 INFO neutron.wsgi [-] 10.0.0.46 "GET / HTTP/1.1" status: 200 len: 247 time: 0.0027287
2026-07-14 23:44:26.220 10 INFO neutron.wsgi [-] 10.0.0.46 "GET / HTTP/1.1" status: 200 len: 247 time: 0.0023410
2026-07-14 23:44:41.216 9 INFO neutron.wsgi [-] 10.0.0.46 "GET / HTTP/1.1" status: 200 len: 247 time: 0.0025609
2026-07-14 23:44:41.219 9 INFO neutron.wsgi [-] 10.0.0.46 "GET / HTTP/1.1" status: 200 len: 247 time: 0.0012450
2026-07-14 23:44:56.216 9 INFO neutron.wsgi [-] 10.0.0.46 "GET / HTTP/1.1" status: 200 len: 247 time: 0.0026035
2026-07-14 23:44:56.222 10 INFO neutron.wsgi [-] 10.0.0.46 "GET / HTTP/1.1" status: 200 len: 247 time: 0.0078974
2026-07-14 23:45:11.216 9 INFO neutron.wsgi [-] 10.0.0.46 "GET / HTTP/1.1" status: 200 len: 247 time: 0.0023298
2026-07-14 23:45:11.221 9 INFO neutron.wsgi [-] 10.0.0.46 "GET / HTTP/1.1" status: 200 len: 247 time: 0.0042903
2026-07-14 23:45:26.215 9 INFO neutron.wsgi [-] 10.0.0.46 "GET / HTTP/1.1" status: 200 len: 247 time: 0.0024660
2026-07-14 23:45:26.216 10 INFO neutron.wsgi [-] 10.0.0.46 "GET / HTTP/1.1" status: 200 len: 247 time: 0.0027773
2026-07-14 23:45:41.215 9 INFO neutron.wsgi [-] 10.0.0.46 "GET / HTTP/1.1" status: 200 len: 247 time: 0.0025523
2026-07-14 23:45:41.216 10 INFO neutron.wsgi [-] 10.0.0.46 "GET / HTTP/1.1" status: 200 len: 247 time: 0.0036132
2026-07-14 23:45:56.216 9 INFO neutron.wsgi [-] 10.0.0.46 "GET / HTTP/1.1" status: 200 len: 247 time: 0.0030406
2026-07-14 23:45:56.217 10 INFO neutron.wsgi [-] 10.0.0.46 "GET / HTTP/1.1" status: 200 len: 247 time: 0.0043526
2026-07-14 23:46:11.216 10 INFO neutron.wsgi [-] 10.0.0.46 "GET / HTTP/1.1" status: 200 len: 247 time: 0.0025513
2026-07-14 23:46:11.217 9 INFO neutron.wsgi [-] 10.0.0.46 "GET / HTTP/1.1" status: 200 len: 247 time: 0.0029182
2026-07-14 23:46:26.214 9 INFO neutron.wsgi [-] 10.0.0.46 "GET / HTTP/1.1" status: 200 len: 247 time: 0.0018315
2026-07-14 23:46:26.216 10 INFO neutron.wsgi [-] 10.0.0.46 "GET / HTTP/1.1" status: 200 len: 247 time: 0.0029318
2026-07-14 23:46:40.747 9 INFO neutron.api.v2.resource [None req-e8336ed6-57e3-4c16-8497-b09c8a7a97ce 2814c7e946f3414494b58ef426458240 6b69807a849243fa9e6389949352b434 - - default default] show failed (client error): The resource could not be found.
2026-07-14 23:46:40.749 9 INFO neutron.wsgi [None req-e8336ed6-57e3-4c16-8497-b09c8a7a97ce 2814c7e946f3414494b58ef426458240 6b69807a849243fa9e6389949352b434 - - default default] 199.204.45.157,10.0.0.46 "GET /v2.0/security-groups/manila-service-security-group?project_id=366baba2e19a41e886acbd8f6db71cde HTTP/1.1" status: 404 len: 321 time: 0.2098627
2026-07-14 23:46:40.947 9 INFO neutron.db.ovn_revision_numbers_db [None req-5eafb4c7-04fd-4fb1-9b0f-775a664e8bf1 2814c7e946f3414494b58ef426458240 6b69807a849243fa9e6389949352b434 - - default default] Successfully bumped revision number for resource b4b16a09-cb57-461b-928c-2d79062535a8 (type: security_groups) to 1
2026-07-14 23:46:40.964 9 INFO neutron.db.ovn_revision_numbers_db [None req-5eafb4c7-04fd-4fb1-9b0f-775a664e8bf1 2814c7e946f3414494b58ef426458240 6b69807a849243fa9e6389949352b434 - - default default] Successfully bumped revision number for resource 17872c80-ae70-49bf-b135-d1c55cb7370e (type: security_group_rules) to 0
2026-07-14 23:46:40.984 9 INFO neutron.db.ovn_revision_numbers_db [None req-5eafb4c7-04fd-4fb1-9b0f-775a664e8bf1 2814c7e946f3414494b58ef426458240 6b69807a849243fa9e6389949352b434 - - default default] Successfully bumped revision number for resource 18c5cbd2-58db-4179-91db-e6ad1bce521b (type: security_group_rules) to 0
2026-07-14 23:46:41.004 9 INFO neutron.db.ovn_revision_numbers_db [None req-5eafb4c7-04fd-4fb1-9b0f-775a664e8bf1 2814c7e946f3414494b58ef426458240 6b69807a849243fa9e6389949352b434 - - default default] Successfully bumped revision number for resource 4bc92769-30f0-4f2a-a3c5-f81ae175ab43 (type: security_group_rules) to 0
2026-07-14 23:46:41.021 9 INFO neutron.db.ovn_revision_numbers_db [None req-5eafb4c7-04fd-4fb1-9b0f-775a664e8bf1 2814c7e946f3414494b58ef426458240 6b69807a849243fa9e6389949352b434 - - default default] Successfully bumped revision number for resource ea245361-666b-461e-be8d-8a11cd17a9b0 (type: security_group_rules) to 0
2026-07-14 23:46:41.040 9 INFO neutron.wsgi [None req-5eafb4c7-04fd-4fb1-9b0f-775a664e8bf1 2814c7e946f3414494b58ef426458240 6b69807a849243fa9e6389949352b434 - - default default] 199.204.45.157,10.0.0.46 "GET /v2.0/security-groups?name=manila-service-security-group&project_id=366baba2e19a41e886acbd8f6db71cde HTTP/1.1" status: 200 len: 197 time: 0.2853918
2026-07-14 23:46:41.216 10 INFO neutron.wsgi [-] 10.0.0.46 "GET / HTTP/1.1" status: 200 len: 247 time: 0.0027089
2026-07-14 23:46:41.219 10 INFO neutron.wsgi [-] 10.0.0.46 "GET / HTTP/1.1" status: 200 len: 247 time: 0.0022519
2026-07-14 23:46:41.260 9 INFO neutron.db.ovn_revision_numbers_db [None req-158cd8cb-efe4-42dc-83fe-bb4fdde70754 2814c7e946f3414494b58ef426458240 6b69807a849243fa9e6389949352b434 - - default default] Successfully bumped revision number for resource 8148c761-e328-4964-8b08-38932c1fabad (type: security_groups) to 1
2026-07-14 23:46:41.276 9 INFO neutron.db.ovn_revision_numbers_db [None req-158cd8cb-efe4-42dc-83fe-bb4fdde70754 2814c7e946f3414494b58ef426458240 6b69807a849243fa9e6389949352b434 - - default default] Successfully bumped revision number for resource 8040c0af-609e-452d-a1ca-5653ee707868 (type: security_group_rules) to 0
2026-07-14 23:46:41.291 9 INFO neutron.db.ovn_revision_numbers_db [None req-158cd8cb-efe4-42dc-83fe-bb4fdde70754 2814c7e946f3414494b58ef426458240 6b69807a849243fa9e6389949352b434 - - default default] Successfully bumped revision number for resource b65c0fc3-3266-4b4f-bc0d-35e7f0d158d5 (type: security_group_rules) to 0
