2026-07-14 23:46:41.315 9 INFO neutron.wsgi [None req-158cd8cb-efe4-42dc-83fe-bb4fdde70754 2814c7e946f3414494b58ef426458240 6b69807a849243fa9e6389949352b434 - - default default] 199.204.45.157,10.0.0.46 "POST /v2.0/security-groups HTTP/1.1" status: 201 len: 1741 time: 0.1959815 /var/lib/openstack/lib/python3.10/site-packages/pycadf/identifier.py:71: UserWarning: Invalid uuid: unknown. To ensure interoperability, identifiers should be a valid uuid. warnings.warn(('Invalid uuid: %s. To ensure interoperability, '
2026-07-14 23:46:42.421 10 INFO neutron.wsgi [None req-1ae3b737-eab1-4a3a-b39a-1e22c8ee489d 2814c7e946f3414494b58ef426458240 6b69807a849243fa9e6389949352b434 - - default default] 199.204.45.157,10.0.0.46 "GET /v2.0/security-groups/8148c761-e328-4964-8b08-38932c1fabad?project_id=366baba2e19a41e886acbd8f6db71cde HTTP/1.1" status: 200 len: 1736 time: 0.0780187
2026-07-14 23:46:42.459 10 INFO neutron.wsgi [None req-cd286bc3-2ab8-4bed-bfad-0eec575d6e47 2814c7e946f3414494b58ef426458240 6b69807a849243fa9e6389949352b434 - - default default] 199.204.45.157,10.0.0.46 "GET /v2.0/security-groups/8148c761-e328-4964-8b08-38932c1fabad HTTP/1.1" status: 200 len: 1736 time: 0.0283003
2026-07-14 23:46:42.571 10 INFO neutron.wsgi [None req-afc79fd3-8353-4e8f-b3e8-ceeb0c3e83c6 2814c7e946f3414494b58ef426458240 6b69807a849243fa9e6389949352b434 - - default default] 199.204.45.157,10.0.0.46 "GET /v2.0/security-groups/8148c761-e328-4964-8b08-38932c1fabad?project_id=366baba2e19a41e886acbd8f6db71cde HTTP/1.1" status: 200 len: 1736 time: 0.0309844
2026-07-14 23:46:42.744 10 INFO neutron.db.ovn_revision_numbers_db [None req-be59fb0d-89ce-402c-b693-5c90cebe1d11 2814c7e946f3414494b58ef426458240 6b69807a849243fa9e6389949352b434 - - default default] Successfully bumped revision number for resource f1e885fb-a4b5-4f37-a905-e6e7af9ab28f (type: security_group_rules) to 0
2026-07-14 23:46:42.773 10 INFO neutron.wsgi [None req-be59fb0d-89ce-402c-b693-5c90cebe1d11 2814c7e946f3414494b58ef426458240 6b69807a849243fa9e6389949352b434 - - default default] 199.204.45.157,10.0.0.46 "POST /v2.0/security-group-rules HTTP/1.1" status: 201 len: 745 time: 0.1966133
2026-07-14 23:46:43.783 10 INFO neutron.wsgi [None req-5711306a-2f3e-4db6-8f47-f24994a285f7 2814c7e946f3414494b58ef426458240 6b69807a849243fa9e6389949352b434 - - default default] 199.204.45.157,10.0.0.46 "GET /v2.0/security-groups/8148c761-e328-4964-8b08-38932c1fabad?project_id=366baba2e19a41e886acbd8f6db71cde HTTP/1.1" status: 200 len: 2314 time: 0.0662503
2026-07-14 23:46:43.824 10 INFO neutron.wsgi [None req-109e6b44-a35f-4803-9f32-17039fd548f4 2814c7e946f3414494b58ef426458240 6b69807a849243fa9e6389949352b434 - - default default] 199.204.45.157,10.0.0.46 "GET /v2.0/security-groups/8148c761-e328-4964-8b08-38932c1fabad HTTP/1.1" status: 200 len: 2314 time: 0.0292575
2026-07-14 23:46:43.955 10 INFO neutron.wsgi [None req-64e8e2a6-a83e-4cb6-8355-a55780306a3c 2814c7e946f3414494b58ef426458240 6b69807a849243fa9e6389949352b434 - - default default] 199.204.45.157,10.0.0.46 "GET /v2.0/security-groups/8148c761-e328-4964-8b08-38932c1fabad?project_id=366baba2e19a41e886acbd8f6db71cde HTTP/1.1" status: 200 len: 2314 time: 0.0365300
2026-07-14 23:46:44.078 10 INFO neutron.db.ovn_revision_numbers_db [None req-974ced61-394e-4d76-95dd-15f95d1e0a3c 2814c7e946f3414494b58ef426458240 6b69807a849243fa9e6389949352b434 - - default default] Successfully bumped revision number for resource ede3e9a6-a6aa-4650-8954-23326c98eb9d (type: security_group_rules) to 0
2026-07-14 23:46:44.096 10 INFO neutron.wsgi [None req-974ced61-394e-4d76-95dd-15f95d1e0a3c 2814c7e946f3414494b58ef426458240 6b69807a849243fa9e6389949352b434 - - default default] 199.204.45.157,10.0.0.46 "POST /v2.0/security-group-rules HTTP/1.1" status: 201 len: 747 time: 0.1329033
2026-07-14 23:46:45.126 10 INFO neutron.wsgi [None req-9d1049ae-3fb7-481c-b618-80bc5143a78e 2814c7e946f3414494b58ef426458240 6b69807a849243fa9e6389949352b434 - - default default] 199.204.45.157,10.0.0.46 "GET /v2.0/security-groups/8148c761-e328-4964-8b08-38932c1fabad?project_id=366baba2e19a41e886acbd8f6db71cde HTTP/1.1" status: 200 len: 2894 time: 0.0731573
2026-07-14 23:46:45.167 10 INFO neutron.wsgi [None req-4026b75f-04aa-43f4-adb4-62df0dc6aa1b 2814c7e946f3414494b58ef426458240 6b69807a849243fa9e6389949352b434 - - default default] 199.204.45.157,10.0.0.46 "GET /v2.0/security-groups/8148c761-e328-4964-8b08-38932c1fabad HTTP/1.1" status: 200 len: 2894 time: 0.0332196
2026-07-14 23:46:45.295 10 INFO neutron.wsgi [None req-91651ab0-4862-4d30-af90-5d92f29fc3ef 2814c7e946f3414494b58ef426458240 6b69807a849243fa9e6389949352b434 - - default default] 199.204.45.157,10.0.0.46 "GET /v2.0/security-groups/8148c761-e328-4964-8b08-38932c1fabad?project_id=366baba2e19a41e886acbd8f6db71cde HTTP/1.1" status: 200 len: 2894 time: 0.0421140
2026-07-14 23:46:45.456 10 INFO neutron.db.ovn_revision_numbers_db [None req-ae70d7f9-c686-4aff-9eae-34739af18390 2814c7e946f3414494b58ef426458240 6b69807a849243fa9e6389949352b434 - - default default] Successfully bumped revision number for resource c57fcc41-f546-44e9-9646-569f45735afd (type: security_group_rules) to 0
2026-07-14 23:46:45.485 10 INFO neutron.wsgi [None req-ae70d7f9-c686-4aff-9eae-34739af18390 2814c7e946f3414494b58ef426458240 6b69807a849243fa9e6389949352b434 - - default default] 199.204.45.157,10.0.0.46 "POST /v2.0/security-group-rules HTTP/1.1" status: 201 len: 749 time: 0.1857443
2026-07-14 23:46:46.624 9 INFO neutron.wsgi [None req-80a75207-c867-41f2-bef7-ce2495063a92 2814c7e946f3414494b58ef426458240 6b69807a849243fa9e6389949352b434 - - default default] 199.204.45.157,10.0.0.46 "GET /v2.0/security-groups/8148c761-e328-4964-8b08-38932c1fabad?project_id=366baba2e19a41e886acbd8f6db71cde HTTP/1.1" status: 200 len: 3476 time: 0.0837514
2026-07-14 23:46:46.680 9 INFO neutron.wsgi [None req-a9f2eb40-ba2c-42da-9319-c00752f51d3b 2814c7e946f3414494b58ef426458240 6b69807a849243fa9e6389949352b434 - - default default] 199.204.45.157,10.0.0.46 "GET /v2.0/security-groups/8148c761-e328-4964-8b08-38932c1fabad HTTP/1.1" status: 200 len: 3476 time: 0.0487959
2026-07-14 23:46:46.813 9 INFO neutron.wsgi [None req-80d58f2b-77df-451d-b2c2-86346ccb02e0 2814c7e946f3414494b58ef426458240 6b69807a849243fa9e6389949352b434 - - default default] 199.204.45.157,10.0.0.46 "GET /v2.0/security-groups/8148c761-e328-4964-8b08-38932c1fabad?project_id=366baba2e19a41e886acbd8f6db71cde HTTP/1.1" status: 200 len: 3476 time: 0.0431786
2026-07-14 23:46:46.928 9 INFO neutron.db.ovn_revision_numbers_db [None req-1b6bd108-cdf3-43d9-b6a7-972efc23792e 2814c7e946f3414494b58ef426458240 6b69807a849243fa9e6389949352b434 - - default default] Successfully bumped revision number for resource 0eb68b0a-67ea-401c-a8e7-b44d75c7a11f (type: security_group_rules) to 0
2026-07-14 23:46:46.955 9 INFO neutron.wsgi [None req-1b6bd108-cdf3-43d9-b6a7-972efc23792e 2814c7e946f3414494b58ef426458240 6b69807a849243fa9e6389949352b434 - - default default] 199.204.45.157,10.0.0.46 "POST /v2.0/security-group-rules HTTP/1.1" status: 201 len: 750 time: 0.1350815
2026-07-14 23:46:56.215 9 INFO neutron.wsgi [-] 10.0.0.46 "GET / HTTP/1.1" status: 200 len: 247 time: 0.0021927
2026-07-14 23:46:56.215 10 INFO neutron.wsgi [-] 10.0.0.46 "GET / HTTP/1.1" status: 200 len: 247 time: 0.0026081
2026-07-14 23:47:11.215 10 INFO neutron.wsgi [-] 10.0.0.46 "GET / HTTP/1.1" status: 200 len: 247 time: 0.0020955
2026-07-14 23:47:11.217 9 INFO neutron.wsgi [-] 10.0.0.46 "GET / HTTP/1.1" status: 200 len: 247 time: 0.0032055
2026-07-14 23:47:26.216 10 INFO neutron.wsgi [-] 10.0.0.46 "GET / HTTP/1.1" status: 200 len: 247 time: 0.0029714
2026-07-14 23:47:26.217 9 INFO neutron.wsgi [-] 10.0.0.46 "GET / HTTP/1.1" status: 200 len: 247 time: 0.0044525
2026-07-14 23:47:41.216 10 INFO neutron.wsgi [-] 10.0.0.46 "GET / HTTP/1.1" status: 200 len: 247 time: 0.0025270
2026-07-14 23:47:41.218 9 INFO neutron.wsgi [-] 10.0.0.46 "GET / HTTP/1.1" status: 200 len: 247 time: 0.0044332
2026-07-14 23:47:56.215 9 INFO neutron.wsgi [-] 10.0.0.46 "GET / HTTP/1.1" status: 200 len: 247 time: 0.0022953
2026-07-14 23:47:56.215 10 INFO neutron.wsgi [-] 10.0.0.46 "GET / HTTP/1.1" status: 200 len: 247 time: 0.0025375
2026-07-14 23:48:11.218 10 INFO neutron.wsgi [-] 10.0.0.46 "GET / HTTP/1.1" status: 200 len: 247 time: 0.0020466
2026-07-14 23:48:11.218 9 INFO neutron.wsgi [-] 10.0.0.46 "GET / HTTP/1.1" status: 200 len: 247 time: 0.0024295
2026-07-14 23:48:26.216 10 INFO neutron.wsgi [-] 10.0.0.46 "GET / HTTP/1.1" status: 200 len: 247 time: 0.0026505
2026-07-14 23:48:26.219 10 INFO neutron.wsgi [-] 10.0.0.46 "GET / HTTP/1.1" status: 200 len: 247 time: 0.0019977
2026-07-14 23:48:41.217 9 INFO neutron.wsgi [-] 10.0.0.46 "GET / HTTP/1.1" status: 200 len: 247 time: 0.0034716
2026-07-14 23:48:41.218 10 INFO neutron.wsgi [-] 10.0.0.46 "GET / HTTP/1.1" status: 200 len: 247 time: 0.0042522
2026-07-14 23:48:56.216 10 INFO neutron.wsgi [-] 10.0.0.46 "GET / HTTP/1.1" status: 200 len: 247 time: 0.0027332
2026-07-14 23:48:56.216 9 INFO neutron.wsgi [-] 10.0.0.46 "GET / HTTP/1.1" status: 200 len: 247 time: 0.0032659 /var/lib/openstack/lib/python3.10/site-packages/pycadf/identifier.py:71: UserWarning: Invalid uuid: neutron. To ensure interoperability, identifiers should be a valid uuid. warnings.warn(('Invalid uuid: %s. To ensure interoperability, '
2026-07-14 23:48:58.111 9 INFO neutron.wsgi [None req-789d8eac-30af-4d4a-817c-f71f761e4eb1 9928034c6a5f4a32888d6c10c5db1ece 366baba2e19a41e886acbd8f6db71cde - - 22ed7c1bba634345b1701dc3bc0dd3cd 22ed7c1bba634345b1701dc3bc0dd3cd] 199.204.45.157 "GET /v2.0/networks?tenant_id=366baba2e19a41e886acbd8f6db71cde&shared=False HTTP/1.1" status: 200 len: 213 time: 0.1451571
2026-07-14 23:48:58.206 9 INFO neutron.db.segments_db [None req-67e1b7d6-a0e7-4172-b173-546414aa6d6e 9928034c6a5f4a32888d6c10c5db1ece 366baba2e19a41e886acbd8f6db71cde - - 22ed7c1bba634345b1701dc3bc0dd3cd 22ed7c1bba634345b1701dc3bc0dd3cd] Added segment 2b6664bb-bf2c-471b-a5da-5eb1066f4ec7 of type geneve for network ad1998a1-86ac-401e-b8a8-17c29f5118ba
2026-07-14 23:48:58.395 9 INFO neutron.db.ovn_revision_numbers_db [None req-67e1b7d6-a0e7-4172-b173-546414aa6d6e 9928034c6a5f4a32888d6c10c5db1ece 366baba2e19a41e886acbd8f6db71cde - - 22ed7c1bba634345b1701dc3bc0dd3cd 22ed7c1bba634345b1701dc3bc0dd3cd] Successfully bumped revision number for resource ad1998a1-86ac-401e-b8a8-17c29f5118ba (type: networks) to 1
2026-07-14 23:48:58.561 9 WARNING neutron.scheduler.dhcp_agent_scheduler [None req-67e1b7d6-a0e7-4172-b173-546414aa6d6e 9928034c6a5f4a32888d6c10c5db1ece 366baba2e19a41e886acbd8f6db71cde - - 22ed7c1bba634345b1701dc3bc0dd3cd 22ed7c1bba634345b1701dc3bc0dd3cd] No more DHCP agents
2026-07-14 23:48:58.563 9 WARNING neutron.api.rpc.agentnotifiers.dhcp_rpc_agent_api [None req-67e1b7d6-a0e7-4172-b173-546414aa6d6e 9928034c6a5f4a32888d6c10c5db1ece 366baba2e19a41e886acbd8f6db71cde - - 22ed7c1bba634345b1701dc3bc0dd3cd 22ed7c1bba634345b1701dc3bc0dd3cd] Unable to schedule network ad1998a1-86ac-401e-b8a8-17c29f5118ba: no agents available; will retry on subsequent port and subnet creation events.
2026-07-14 23:48:58.694 9 INFO neutron.db.ovn_revision_numbers_db [None req-67e1b7d6-a0e7-4172-b173-546414aa6d6e 9928034c6a5f4a32888d6c10c5db1ece 366baba2e19a41e886acbd8f6db71cde - - 22ed7c1bba634345b1701dc3bc0dd3cd 22ed7c1bba634345b1701dc3bc0dd3cd] Successfully bumped revision number for resource 3e804db0-674f-4ed0-8574-3b1626d17719 (type: ports) to 1
2026-07-14 23:48:58.725 9 INFO neutron.wsgi [None req-67e1b7d6-a0e7-4172-b173-546414aa6d6e 9928034c6a5f4a32888d6c10c5db1ece 366baba2e19a41e886acbd8f6db71cde - - 22ed7c1bba634345b1701dc3bc0dd3cd 22ed7c1bba634345b1701dc3bc0dd3cd] 199.204.45.157 "POST /v2.0/networks HTTP/1.1" status: 201 len: 924 time: 0.6069489
2026-07-14 23:48:58.772 9 INFO neutron.wsgi [None req-4d6487f2-3419-4d4c-9cb8-116ab62e8e1e 9928034c6a5f4a32888d6c10c5db1ece 366baba2e19a41e886acbd8f6db71cde - - 22ed7c1bba634345b1701dc3bc0dd3cd 22ed7c1bba634345b1701dc3bc0dd3cd] 199.204.45.157 "GET /v2.0/ports?device_id=manila-share&binding%3Ahost_id=instance HTTP/1.1" status: 200 len: 210 time: 0.0402591
2026-07-14 23:48:58.786 9 INFO neutron.wsgi [None req-2664ce00-f26c-47ad-91e5-af593f0eb0be 9928034c6a5f4a32888d6c10c5db1ece 366baba2e19a41e886acbd8f6db71cde - - 22ed7c1bba634345b1701dc3bc0dd3cd 22ed7c1bba634345b1701dc3bc0dd3cd] 199.204.45.157 "GET /v2.0/extensions HTTP/1.1" status: 200 len: 16980 time: 0.0066762
2026-07-14 23:48:58.975 9 WARNING neutron.scheduler.dhcp_agent_scheduler [None req-9b9c68fc-c168-440f-a833-64e4910a2580 9928034c6a5f4a32888d6c10c5db1ece 366baba2e19a41e886acbd8f6db71cde - - 22ed7c1bba634345b1701dc3bc0dd3cd 22ed7c1bba634345b1701dc3bc0dd3cd] No more DHCP agents
2026-07-14 23:48:58.978 9 WARNING neutron.api.rpc.agentnotifiers.dhcp_rpc_agent_api [None req-9b9c68fc-c168-440f-a833-64e4910a2580 9928034c6a5f4a32888d6c10c5db1ece 366baba2e19a41e886acbd8f6db71cde - - 22ed7c1bba634345b1701dc3bc0dd3cd 22ed7c1bba634345b1701dc3bc0dd3cd] Unable to schedule network ad1998a1-86ac-401e-b8a8-17c29f5118ba: no agents available; will retry on subsequent port and subnet creation events.
2026-07-14 23:48:59.064 9 INFO neutron.db.ovn_revision_numbers_db [None req-9b9c68fc-c168-440f-a833-64e4910a2580 9928034c6a5f4a32888d6c10c5db1ece 366baba2e19a41e886acbd8f6db71cde - - 22ed7c1bba634345b1701dc3bc0dd3cd 22ed7c1bba634345b1701dc3bc0dd3cd] Successfully bumped revision number for resource 4f96451d-da10-4407-96be-d760c16b9d7a (type: ports) to 1
2026-07-14 23:48:59.272 9 INFO neutron.db.ovn_revision_numbers_db [None req-9b9c68fc-c168-440f-a833-64e4910a2580 9928034c6a5f4a32888d6c10c5db1ece 366baba2e19a41e886acbd8f6db71cde - - 22ed7c1bba634345b1701dc3bc0dd3cd 22ed7c1bba634345b1701dc3bc0dd3cd] Successfully bumped revision number for resource 4f96451d-da10-4407-96be-d760c16b9d7a (type: ports) to 1
2026-07-14 23:48:59.305 9 INFO neutron.wsgi [None req-9b9c68fc-c168-440f-a833-64e4910a2580 9928034c6a5f4a32888d6c10c5db1ece 366baba2e19a41e886acbd8f6db71cde - - 22ed7c1bba634345b1701dc3bc0dd3cd 22ed7c1bba634345b1701dc3bc0dd3cd] 199.204.45.157 "POST /v2.0/ports HTTP/1.1" status: 201 len: 1144 time: 0.5149558
2026-07-14 23:48:59.429 9 INFO neutron.wsgi [None req-0a1e2c20-9c32-4424-aa03-0fed615fd216 9928034c6a5f4a32888d6c10c5db1ece 366baba2e19a41e886acbd8f6db71cde - - 22ed7c1bba634345b1701dc3bc0dd3cd 22ed7c1bba634345b1701dc3bc0dd3cd] 199.204.45.157 "GET /v2.0/networks/ad1998a1-86ac-401e-b8a8-17c29f5118ba HTTP/1.1" status: 200 len: 906 time: 0.1157761
2026-07-14 23:49:00.274 9 INFO neutron.plugins.ml2.drivers.ovn.mech_driver.mech_driver [-] OVN reports status up for port: 4f96451d-da10-4407-96be-d760c16b9d7a
2026-07-14 23:49:00.291 9 INFO neutron.plugins.ml2.plugin [None req-cd42d139-d374-438c-9e8e-a8597efa9b18 - - - - - -] Attempt 1 to provision port 4f96451d-da10-4407-96be-d760c16b9d7a
2026-07-14 23:49:00.516 9 INFO neutron.db.ovn_revision_numbers_db [None req-cd42d139-d374-438c-9e8e-a8597efa9b18 - - - - - -] Successfully bumped revision number for resource 4f96451d-da10-4407-96be-d760c16b9d7a (type: ports) to 3
2026-07-14 23:49:02.080 9 INFO neutron.wsgi [None req-721e4b68-7e79-4aee-a4c6-0926907f4e10 9928034c6a5f4a32888d6c10c5db1ece 366baba2e19a41e886acbd8f6db71cde - - 22ed7c1bba634345b1701dc3bc0dd3cd 22ed7c1bba634345b1701dc3bc0dd3cd] 199.204.45.157 "GET /v2.0/ports?device_id=manila-share&binding%3Ahost_id=instance HTTP/1.1" status: 200 len: 1172 time: 0.0520556
2026-07-14 23:49:02.131 9 INFO neutron.wsgi [None req-b0f207ad-c7f8-474c-a1c1-84af5a239140 9928034c6a5f4a32888d6c10c5db1ece 366baba2e19a41e886acbd8f6db71cde - - 22ed7c1bba634345b1701dc3bc0dd3cd 22ed7c1bba634345b1701dc3bc0dd3cd] 199.204.45.157 "GET /v2.0/networks/ad1998a1-86ac-401e-b8a8-17c29f5118ba HTTP/1.1" status: 200 len: 906 time: 0.0418959
2026-07-14 23:49:11.216 9 INFO neutron.wsgi [-] 10.0.0.46 "GET / HTTP/1.1" status: 200 len: 247 time: 0.0028939
2026-07-14 23:49:11.217 10 INFO neutron.wsgi [-] 10.0.0.46 "GET / HTTP/1.1" status: 200 len: 247 time: 0.0037677
2026-07-14 23:49:25.403 9 INFO neutron.wsgi [None req-3e50096b-58c5-42b2-b7ca-92d3fd0e2576 2814c7e946f3414494b58ef426458240 6b69807a849243fa9e6389949352b434 - - default default] 199.204.45.157,10.0.0.46 "GET /v2.0/quotas/366baba2e19a41e886acbd8f6db71cde HTTP/1.1" status: 200 len: 362 time: 0.0138984 /var/lib/openstack/lib/python3.10/site-packages/neutron/extensions/quotasv2.py:139: UserWarning: Neutron quota engine will require "--force" parameter to set a quota limit without checking the resource usage. warnings.warn('Neutron quota engine will require "--force" '
2026-07-14 23:49:25.943 9 INFO neutron.wsgi [None req-077fa330-28ee-4822-a314-67a438974c0f 2814c7e946f3414494b58ef426458240 6b69807a849243fa9e6389949352b434 - - default default] 199.204.45.157,10.0.0.46 "PUT /v2.0/quotas/366baba2e19a41e886acbd8f6db71cde HTTP/1.1" status: 200 len: 361 time: 0.0359397
2026-07-14 23:49:26.216 9 INFO neutron.wsgi [-] 10.0.0.46 "GET / HTTP/1.1" status: 200 len: 247 time: 0.0026453
2026-07-14 23:49:26.217 10 INFO neutron.wsgi [-] 10.0.0.46 "GET / HTTP/1.1" status: 200 len: 247 time: 0.0030205
2026-07-14 23:49:41.216 10 INFO neutron.wsgi [-] 10.0.0.46 "GET / HTTP/1.1" status: 200 len: 247 time: 0.0029590
2026-07-14 23:49:41.218 9 INFO neutron.wsgi [-] 10.0.0.46 "GET / HTTP/1.1" status: 200 len: 247 time: 0.0050535
2026-07-14 23:49:56.215 9 INFO neutron.wsgi [-] 10.0.0.46 "GET / HTTP/1.1" status: 200 len: 247 time: 0.0024252
2026-07-14 23:49:56.217 10 INFO neutron.wsgi [-] 10.0.0.46 "GET / HTTP/1.1" status: 200 len: 247 time: 0.0037127
2026-07-14 23:50:11.215 10 INFO neutron.wsgi [-] 10.0.0.46 "GET / HTTP/1.1" status: 200 len: 247 time: 0.0024526
2026-07-14 23:50:11.216 9 INFO neutron.wsgi [-] 10.0.0.46 "GET / HTTP/1.1" status: 200 len: 247 time: 0.0034053
2026-07-14 23:50:26.067 9 INFO neutron.wsgi [None req-87877ac6-2dd0-46a2-8ff6-e8236a40f5fc 2814c7e946f3414494b58ef426458240 6b69807a849243fa9e6389949352b434 - - default default] 10.0.0.91 "GET /v2.0/routers HTTP/1.1" status: 200 len: 189 time: 0.0823581
2026-07-14 23:50:26.104 9 INFO neutron.wsgi [None req-22583bb1-3c8a-4e2d-b666-a7f82b8aeea2 2814c7e946f3414494b58ef426458240 6b69807a849243fa9e6389949352b434 - - default default] 10.0.0.91 "GET /v2.0/agents?binary=ovn-controller HTTP/1.1" status: 200 len: 591 time: 0.0362060
2026-07-14 23:50:26.117 9 INFO neutron.wsgi [None req-cf837e53-813c-44df-bc4d-1fb3d4ec4352 2814c7e946f3414494b58ef426458240 6b69807a849243fa9e6389949352b434 - - default default] 10.0.0.91 "GET /v2.0/agents HTTP/1.1" status: 200 len: 997 time: 0.0112302
2026-07-14 23:50:26.173 9 INFO neutron.wsgi [None req-0a2bda06-a78d-42b6-ba11-7f70aa450dd7 2814c7e946f3414494b58ef426458240 6b69807a849243fa9e6389949352b434 - - default default] 10.0.0.91 "GET /v2.0/subnets HTTP/1.1" status: 200 len: 1437 time: 0.0553329
2026-07-14 23:50:26.192 9 INFO neutron.wsgi [None req-b8157a34-843a-49b4-a6a9-a4a930f030ac 2814c7e946f3414494b58ef426458240 6b69807a849243fa9e6389949352b434 - - default default] 10.0.0.91 "GET /v2.0/subnetpools HTTP/1.1" status: 200 len: 193 time: 0.0164797
2026-07-14 23:50:26.216 10 INFO neutron.wsgi [-] 10.0.0.46 "GET / HTTP/1.1" status: 200 len: 247 time: 0.0026858
2026-07-14 23:50:26.220 10 INFO neutron.wsgi [-] 10.0.0.46 "GET / HTTP/1.1" status: 200 len: 247 time: 0.0025079
2026-07-14 23:50:26.230 9 INFO neutron.wsgi [None req-349e17db-680e-4a3a-a29e-8ff900bb6e05 2814c7e946f3414494b58ef426458240 6b69807a849243fa9e6389949352b434 - - default default] 10.0.0.91 "GET /v2.0/floatingips HTTP/1.1" status: 200 len: 193 time: 0.0372760
2026-07-14 23:50:26.299 9 INFO neutron.wsgi [None req-1b4df5a0-f606-4dfe-ace3-c69cc78bfc74 2814c7e946f3414494b58ef426458240 6b69807a849243fa9e6389949352b434 - - default default] 10.0.0.91 "GET /v2.0/ports HTTP/1.1" status: 200 len: 5351 time: 0.0677669
2026-07-14 23:50:26.389 9 INFO neutron.wsgi [None req-3c558f2b-c29b-4984-b7c4-6613ec5c57c8 2814c7e946f3414494b58ef426458240 6b69807a849243fa9e6389949352b434 - - default default] 10.0.0.91 "GET /v2.0/networks HTTP/1.1" status: 200 len: 2349 time: 0.0868065
2026-07-14 23:50:26.436 9 INFO neutron.wsgi [None req-e16b3f5a-d95c-41e4-959d-a5f91d52204d 2814c7e946f3414494b58ef426458240 6b69807a849243fa9e6389949352b434 - - default default] 10.0.0.91 "GET /v2.0/security-groups HTTP/1.1" status: 200 len: 16803 time: 0.0455191
2026-07-14 23:50:26.480 9 INFO neutron.wsgi [None req-1bbbacb4-92a8-4a5e-819b-e95ec64bc8ec 2814c7e946f3414494b58ef426458240 6b69807a849243fa9e6389949352b434 - - default default] 10.0.0.91 "GET /v2.0/subnets HTTP/1.1" status: 200 len: 1437 time: 0.0370088
2026-07-14 23:50:26.498 9 INFO neutron.wsgi [None req-38389faa-33bc-4ca4-80b5-6bf4f531d75a 2814c7e946f3414494b58ef426458240 6b69807a849243fa9e6389949352b434 - - default default] 10.0.0.91 "GET /v2.0/network-ip-availabilities HTTP/1.1" status: 200 len: 1280 time: 0.0163341
2026-07-14 23:50:41.216 10 INFO neutron.wsgi [-] 10.0.0.46 "GET / HTTP/1.1" status: 200 len: 247 time: 0.0029058
2026-07-14 23:50:41.219 10 INFO neutron.wsgi [-] 10.0.0.46 "GET / HTTP/1.1" status: 200 len: 247 time: 0.0029624
2026-07-14 23:50:56.216 9 INFO neutron.wsgi [-] 10.0.0.46 "GET / HTTP/1.1" status: 200 len: 247 time: 0.0030885
2026-07-14 23:50:56.217 10 INFO neutron.wsgi [-] 10.0.0.46 "GET / HTTP/1.1" status: 200 len: 247 time: 0.0042956
2026-07-14 23:51:11.215 9 INFO neutron.wsgi [-] 10.0.0.46 "GET / HTTP/1.1" status: 200 len: 247 time: 0.0027788
2026-07-14 23:51:11.216 10 INFO neutron.wsgi [-] 10.0.0.46 "GET / HTTP/1.1" status: 200 len: 247 time: 0.0026212
2026-07-14 23:51:26.079 9 INFO neutron.wsgi [None req-72f03b27-9e62-4d52-9ede-c31f24b85c6e 2814c7e946f3414494b58ef426458240 6b69807a849243fa9e6389949352b434 - - default default] 10.0.0.91 "GET /v2.0/ports HTTP/1.1" status: 200 len: 5351 time: 0.1077795
2026-07-14 23:51:26.127 9 INFO neutron.wsgi [None req-4ea0b67d-0f17-4091-bacf-e138f4bc30bd 2814c7e946f3414494b58ef426458240 6b69807a849243fa9e6389949352b434 - - default default] 10.0.0.91 "GET /v2.0/agents HTTP/1.1" status: 200 len: 997 time: 0.0440710
2026-07-14 23:51:26.150 9 INFO neutron.wsgi [None req-648a7223-7363-46a6-a859-c0459228b389 2814c7e946f3414494b58ef426458240 6b69807a849243fa9e6389949352b434 - - default default] 10.0.0.91 "GET /v2.0/floatingips HTTP/1.1" status: 200 len: 193 time: 0.0202262
2026-07-14 23:51:26.215 10 INFO neutron.wsgi [-] 10.0.0.46 "GET / HTTP/1.1" status: 200 len: 247 time: 0.0023372
2026-07-14 23:51:26.218 10 INFO neutron.wsgi [-] 10.0.0.46 "GET / HTTP/1.1" status: 200 len: 247 time: 0.0014975
2026-07-14 23:51:26.248 9 INFO neutron.wsgi [None req-fb36206a-6a88-4ae5-b5cd-a193ffa0bf73 2814c7e946f3414494b58ef426458240 6b69807a849243fa9e6389949352b434 - - default default] 10.0.0.91 "GET /v2.0/networks HTTP/1.1" status: 200 len: 2349 time: 0.0964170
2026-07-14 23:51:26.286 9 INFO neutron.wsgi [None req-77463fb8-4372-4030-92f4-b27cce8fef4c 2814c7e946f3414494b58ef426458240 6b69807a849243fa9e6389949352b434 - - default default] 10.0.0.91 "GET /v2.0/subnets HTTP/1.1" status: 200 len: 1437 time: 0.0361590
2026-07-14 23:51:26.318 9 INFO neutron.wsgi [None req-dff8a0e4-d373-45de-a852-ce9fc4bc7275 2814c7e946f3414494b58ef426458240 6b69807a849243fa9e6389949352b434 - - default default] 10.0.0.91 "GET /v2.0/routers HTTP/1.1" status: 200 len: 189 time: 0.0310335
2026-07-14 23:51:26.334 9 INFO neutron.wsgi [None req-67b8e2da-b87e-4f74-8ca5-c67c4bf409f2 2814c7e946f3414494b58ef426458240 6b69807a849243fa9e6389949352b434 - - default default] 10.0.0.91 "GET /v2.0/agents?binary=ovn-controller HTTP/1.1" status: 200 len: 591 time: 0.0150936
2026-07-14 23:51:26.378 9 INFO neutron.wsgi [None req-ac6d4a9c-f560-4035-8079-bfcd0cd1f2e8 2814c7e946f3414494b58ef426458240 6b69807a849243fa9e6389949352b434 - - default default] 10.0.0.91 "GET /v2.0/subnets HTTP/1.1" status: 200 len: 1437 time: 0.0430582
2026-07-14 23:51:26.392 9 INFO neutron.wsgi [None req-f340beec-1321-4d58-b123-7302948c8567 2814c7e946f3414494b58ef426458240 6b69807a849243fa9e6389949352b434 - - default default] 10.0.0.91 "GET /v2.0/subnetpools HTTP/1.1" status: 200 len: 193 time: 0.0135136
2026-07-14 23:51:26.441 9 INFO neutron.wsgi [None req-80610009-ce53-406a-9079-014f171609d9 2814c7e946f3414494b58ef426458240 6b69807a849243fa9e6389949352b434 - - default default] 10.0.0.91 "GET /v2.0/security-groups HTTP/1.1" status: 200 len: 16803 time: 0.0477731
2026-07-14 23:51:26.467 9 INFO neutron.wsgi [None req-d8947766-41ec-4c91-b282-4b238d17a2ff 2814c7e946f3414494b58ef426458240 6b69807a849243fa9e6389949352b434 - - default default] 10.0.0.91 "GET /v2.0/network-ip-availabilities HTTP/1.1" status: 200 len: 1280 time: 0.0153799
2026-07-14 23:51:41.216 9 INFO neutron.wsgi [-] 10.0.0.46 "GET / HTTP/1.1" status: 200 len: 247 time: 0.0026588
2026-07-14 23:51:41.217 10 INFO neutron.wsgi [-] 10.0.0.46 "GET / HTTP/1.1" status: 200 len: 247 time: 0.0026453
2026-07-14 23:51:55.891 15 INFO neutron.db.ovn_revision_numbers_db [None req-798bdb40-b59c-4c7d-a3ee-542be6f00a8a - - - - - -] Successfully bumped revision number for resource 8148c761-e328-4964-8b08-38932c1fabad (type: security_groups) to 5
2026-07-14 23:51:55.891 15 INFO neutron.plugins.ml2.drivers.ovn.mech_driver.ovsdb.maintenance [None req-798bdb40-b59c-4c7d-a3ee-542be6f00a8a - - - - - -] Maintenance task: Synchronization finished (took 0.04 seconds)
2026-07-14 23:51:56.216 10 INFO neutron.wsgi [-] 10.0.0.46 "GET / HTTP/1.1" status: 200 len: 247 time: 0.0026741
2026-07-14 23:51:56.217 9 INFO neutron.wsgi [-] 10.0.0.46 "GET / HTTP/1.1" status: 200 len: 247 time: 0.0032957
2026-07-14 23:52:11.214 10 INFO neutron.wsgi [-] 10.0.0.46 "GET / HTTP/1.1" status: 200 len: 247 time: 0.0017953
2026-07-14 23:52:11.217 9 INFO neutron.wsgi [-] 10.0.0.46 "GET / HTTP/1.1" status: 200 len: 247 time: 0.0038078
2026-07-14 23:52:25.999 9 INFO neutron.wsgi [None req-ad1a3a5a-c8d4-46d2-8d1d-48cfe078b3bb 2814c7e946f3414494b58ef426458240 6b69807a849243fa9e6389949352b434 - - default default] 10.0.0.91 "GET /v2.0/floatingips HTTP/1.1" status: 200 len: 193 time: 0.0680549
2026-07-14 23:52:26.060 9 INFO neutron.wsgi [None req-56b908d4-7967-416a-b360-bef390961990 2814c7e946f3414494b58ef426458240 6b69807a849243fa9e6389949352b434 - - default default] 10.0.0.91 "GET /v2.0/agents HTTP/1.1" status: 200 len: 997 time: 0.0601370
2026-07-14 23:52:26.214 9 INFO neutron.wsgi [-] 10.0.0.46 "GET / HTTP/1.1" status: 200 len: 247 time: 0.0013688
2026-07-14 23:52:26.216 9 INFO neutron.wsgi [-] 10.0.0.46 "GET / HTTP/1.1" status: 200 len: 247 time: 0.0008366
2026-07-14 23:52:26.227 9 INFO neutron.wsgi [None req-da38840c-4fff-41f3-a161-f8d02fc6b36b 2814c7e946f3414494b58ef426458240 6b69807a849243fa9e6389949352b434 - - default default] 10.0.0.91 "GET /v2.0/security-groups HTTP/1.1" status: 200 len: 16803 time: 0.1665652
2026-07-14 23:52:26.265 9 INFO neutron.wsgi [None req-a6f94d89-bf3a-44b6-bceb-deaaed7a1b53 2814c7e946f3414494b58ef426458240 6b69807a849243fa9e6389949352b434 - - default default] 10.0.0.91 "GET /v2.0/subnets HTTP/1.1" status: 200 len: 1437 time: 0.0324583
2026-07-14 23:52:26.285 9 INFO neutron.wsgi [None req-115c30f6-bdcb-4506-bc52-1a9dda6d5968 2814c7e946f3414494b58ef426458240 6b69807a849243fa9e6389949352b434 - - default default] 10.0.0.91 "GET /v2.0/routers HTTP/1.1" status: 200 len: 189 time: 0.0185506
2026-07-14 23:52:26.295 9 INFO neutron.wsgi [None req-76f5358d-ebb9-4710-bfdb-122f7753d135 2814c7e946f3414494b58ef426458240 6b69807a849243fa9e6389949352b434 - - default default] 10.0.0.91 "GET /v2.0/agents?binary=ovn-controller HTTP/1.1" status: 200 len: 591 time: 0.0094650
2026-07-14 23:52:26.308 9 INFO neutron.wsgi [None req-4937bfcf-da7f-4d4e-aa88-29f4a27cefbc 2814c7e946f3414494b58ef426458240 6b69807a849243fa9e6389949352b434 - - default default] 10.0.0.91 "GET /v2.0/network-ip-availabilities HTTP/1.1" status: 200 len: 1280 time: 0.0116165
2026-07-14 23:52:26.372 9 INFO neutron.wsgi [None req-ed8079e0-4e3a-4df2-8dbb-09d12fe8d4d9 2814c7e946f3414494b58ef426458240 6b69807a849243fa9e6389949352b434 - - default default] 10.0.0.91 "GET /v2.0/networks HTTP/1.1" status: 200 len: 2349 time: 0.0634124
2026-07-14 23:52:26.421 9 INFO neutron.wsgi [None req-dd84e646-fedc-43d8-a38f-fb9b908f0c78 2814c7e946f3414494b58ef426458240 6b69807a849243fa9e6389949352b434 - - default default] 10.0.0.91 "GET /v2.0/ports HTTP/1.1" status: 200 len: 5351 time: 0.0449309
2026-07-14 23:52:26.458 9 INFO neutron.wsgi [None req-bf468c26-df8c-497b-8e34-e1272d16778d 2814c7e946f3414494b58ef426458240 6b69807a849243fa9e6389949352b434 - - default default] 10.0.0.91 "GET /v2.0/subnets HTTP/1.1" status: 200 len: 1437 time: 0.0325556
2026-07-14 23:52:26.466 9 INFO neutron.wsgi [None req-9e5f3746-de28-442d-a37c-a6e194f5b356 2814c7e946f3414494b58ef426458240 6b69807a849243fa9e6389949352b434 - - default default] 10.0.0.91 "GET /v2.0/subnetpools HTTP/1.1" status: 200 len: 193 time: 0.0071273
2026-07-14 23:52:41.216 10 INFO neutron.wsgi [-] 10.0.0.46 "GET / HTTP/1.1" status: 200 len: 247 time: 0.0028269
2026-07-14 23:52:41.216 9 INFO neutron.wsgi [-] 10.0.0.46 "GET / HTTP/1.1" status: 200 len: 247 time: 0.0028076
2026-07-14 23:52:56.216 9 INFO neutron.wsgi [-] 10.0.0.46 "GET / HTTP/1.1" status: 200 len: 247 time: 0.0025542
2026-07-14 23:52:56.216 10 INFO neutron.wsgi [-] 10.0.0.46 "GET / HTTP/1.1" status: 200 len: 247 time: 0.0030363
2026-07-14 23:53:11.217 9 INFO neutron.wsgi [-] 10.0.0.46 "GET / HTTP/1.1" status: 200 len: 247 time: 0.0038655
2026-07-14 23:53:11.219 9 INFO neutron.wsgi [-] 10.0.0.46 "GET / HTTP/1.1" status: 200 len: 247 time: 0.0012662
2026-07-14 23:53:26.138 9 INFO neutron.wsgi [None req-fc68b76d-256c-41d9-8b74-a8c7619c826c 2814c7e946f3414494b58ef426458240 6b69807a849243fa9e6389949352b434 - - default default] 10.0.0.91 "GET /v2.0/network-ip-availabilities HTTP/1.1" status: 200 len: 1280 time: 0.0666552
2026-07-14 23:53:26.178 9 INFO neutron.wsgi [None req-63f6f087-90ed-4283-ad5f-cda7c8a1dd4b 2814c7e946f3414494b58ef426458240 6b69807a849243fa9e6389949352b434 - - default default] 10.0.0.91 "GET /v2.0/subnets HTTP/1.1" status: 200 len: 1437 time: 0.0390525
2026-07-14 23:53:26.192 9 INFO neutron.wsgi [None req-a0ad934a-602d-466b-a599-a6cd1737fb55 2814c7e946f3414494b58ef426458240 6b69807a849243fa9e6389949352b434 - - default default] 10.0.0.91 "GET /v2.0/subnetpools HTTP/1.1" status: 200 len: 193 time: 0.0116472
2026-07-14 23:53:26.215 10 INFO neutron.wsgi [-] 10.0.0.46 "GET / HTTP/1.1" status: 200 len: 247 time: 0.0021167
2026-07-14 23:53:26.217 10 INFO neutron.wsgi [-] 10.0.0.46 "GET / HTTP/1.1" status: 200 len: 247 time: 0.0014114
2026-07-14 23:53:26.274 9 INFO neutron.wsgi [None req-9f1748d8-aec8-46c9-8d16-53fe0ca73e9b 2814c7e946f3414494b58ef426458240 6b69807a849243fa9e6389949352b434 - - default default] 10.0.0.91 "GET /v2.0/security-groups HTTP/1.1" status: 200 len: 16803 time: 0.0680785
2026-07-14 23:53:26.320 9 INFO neutron.wsgi [None req-d03d43e6-61d0-4e6d-86ab-1b213df785c3 2814c7e946f3414494b58ef426458240 6b69807a849243fa9e6389949352b434 - - default default] 10.0.0.91 "GET /v2.0/subnets HTTP/1.1" status: 200 len: 1437 time: 0.0408800
2026-07-14 23:53:26.383 9 INFO neutron.wsgi [None req-569a16aa-296e-4a3f-bbc1-cc0de394fac5 2814c7e946f3414494b58ef426458240 6b69807a849243fa9e6389949352b434 - - default default] 10.0.0.91 "GET /v2.0/ports HTTP/1.1" status: 200 len: 5351 time: 0.0597582
2026-07-14 23:53:26.452 9 INFO neutron.wsgi [None req-7d71910a-282d-416a-8b1b-6aa929bca37e 2814c7e946f3414494b58ef426458240 6b69807a849243fa9e6389949352b434 - - default default] 10.0.0.91 "GET /v2.0/networks HTTP/1.1" status: 200 len: 2349 time: 0.0660803
2026-07-14 23:53:26.479 9 INFO neutron.wsgi [None req-fe1defab-bb80-4e97-b86f-43a9df46a3e0 2814c7e946f3414494b58ef426458240 6b69807a849243fa9e6389949352b434 - - default default] 10.0.0.91 "GET /v2.0/routers HTTP/1.1" status: 200 len: 189 time: 0.0241997
2026-07-14 23:53:26.505 9 INFO neutron.wsgi [None req-3201cfe3-ae54-413c-b961-6080fcad2300 2814c7e946f3414494b58ef426458240 6b69807a849243fa9e6389949352b434 - - default default] 10.0.0.91 "GET /v2.0/agents?binary=ovn-controller HTTP/1.1" status: 200 len: 591 time: 0.0259004
2026-07-14 23:53:26.516 9 INFO neutron.wsgi [None req-9113338e-7a01-4eb7-b69a-39d004e47e73 2814c7e946f3414494b58ef426458240 6b69807a849243fa9e6389949352b434 - - default default] 10.0.0.91 "GET /v2.0/agents HTTP/1.1" status: 200 len: 997 time: 0.0099235
2026-07-14 23:53:26.543 9 INFO neutron.wsgi [None req-6d689b91-44d9-4f35-9aea-29e0137824d8 2814c7e946f3414494b58ef426458240 6b69807a849243fa9e6389949352b434 - - default default] 10.0.0.91 "GET /v2.0/floatingips HTTP/1.1" status: 200 len: 193 time: 0.0253530
2026-07-14 23:53:41.215 10 INFO neutron.wsgi [-] 10.0.0.46 "GET / HTTP/1.1" status: 200 len: 247 time: 0.0021009
2026-07-14 23:53:41.217 9 INFO neutron.wsgi [-] 10.0.0.46 "GET / HTTP/1.1" status: 200 len: 247 time: 0.0029039
2026-07-14 23:53:56.218 10 INFO neutron.wsgi [-] 10.0.0.46 "GET / HTTP/1.1" status: 200 len: 247 time: 0.0040767
2026-07-14 23:53:56.219 10 INFO neutron.wsgi [-] 10.0.0.46 "GET / HTTP/1.1" status: 200 len: 247 time: 0.0009317
2026-07-14 23:54:11.216 9 INFO neutron.wsgi [-] 10.0.0.46 "GET / HTTP/1.1" status: 200 len: 247 time: 0.0027158
2026-07-14 23:54:11.222 10 INFO neutron.wsgi [-] 10.0.0.46 "GET / HTTP/1.1" status: 200 len: 247 time: 0.0070186
2026-07-14 23:54:26.045 9 INFO neutron.wsgi [None req-632784ff-2703-4540-998b-9981678f3609 2814c7e946f3414494b58ef426458240 6b69807a849243fa9e6389949352b434 - - default default] 10.0.0.91 "GET /v2.0/floatingips HTTP/1.1" status: 200 len: 193 time: 0.0825479
2026-07-14 23:54:26.090 9 INFO neutron.wsgi [None req-7c33b817-fd46-4ec0-a705-96d6105e59f8 2814c7e946f3414494b58ef426458240 6b69807a849243fa9e6389949352b434 - - default default] 10.0.0.91 "GET /v2.0/subnets HTTP/1.1" status: 200 len: 1437 time: 0.0436780
2026-07-14 23:54:26.116 9 INFO neutron.wsgi [None req-32d65a66-5609-4df8-818d-accb2e2fa9fa 2814c7e946f3414494b58ef426458240 6b69807a849243fa9e6389949352b434 - - default default] 10.0.0.91 "GET /v2.0/routers HTTP/1.1" status: 200 len: 189 time: 0.0254726
2026-07-14 23:54:26.145 9 INFO neutron.wsgi [None req-7f24c972-7720-48de-94ea-8422bf391724 2814c7e946f3414494b58ef426458240 6b69807a849243fa9e6389949352b434 - - default default] 10.0.0.91 "GET /v2.0/agents?binary=ovn-controller HTTP/1.1" status: 200 len: 591 time: 0.0274694
2026-07-14 23:54:26.181 9 INFO neutron.wsgi [None req-c33f83da-cf37-458a-b7d4-b1a815fd0cec 2814c7e946f3414494b58ef426458240 6b69807a849243fa9e6389949352b434 - - default default] 10.0.0.91 "GET /v2.0/subnets HTTP/1.1" status: 200 len: 1437 time: 0.0346007
2026-07-14 23:54:26.191 9 INFO neutron.wsgi [None req-2b84846b-ad7f-4efe-af38-dffd38eb1a42 2814c7e946f3414494b58ef426458240 6b69807a849243fa9e6389949352b434 - - default default] 10.0.0.91 "GET /v2.0/subnetpools HTTP/1.1" status: 200 len: 193 time: 0.0090580
2026-07-14 23:54:26.200 9 INFO neutron.wsgi [None req-f34e6cc8-4474-4f7d-9168-dda8fa4ed87c 2814c7e946f3414494b58ef426458240 6b69807a849243fa9e6389949352b434 - - default default] 10.0.0.91 "GET /v2.0/agents HTTP/1.1" status: 200 len: 997 time: 0.0091851
2026-07-14 23:54:26.211 9 INFO neutron.wsgi [None req-05fe1531-5435-43da-8509-2be1754f9595 2814c7e946f3414494b58ef426458240 6b69807a849243fa9e6389949352b434 - - default default] 10.0.0.91 "GET /v2.0/network-ip-availabilities HTTP/1.1" status: 200 len: 1280 time: 0.0095720
2026-07-14 23:54:26.213 9 INFO neutron.wsgi [-] 10.0.0.46 "GET / HTTP/1.1" status: 200 len: 247 time: 0.0015566
2026-07-14 23:54:26.216 10 INFO neutron.wsgi [-] 10.0.0.46 "GET / HTTP/1.1" status: 200 len: 247 time: 0.0029166
2026-07-14 23:54:26.287 9 INFO neutron.wsgi [None req-856bb9fa-e172-46cb-a0da-4cedb3e1249e 2814c7e946f3414494b58ef426458240 6b69807a849243fa9e6389949352b434 - - default default] 10.0.0.91 "GET /v2.0/networks HTTP/1.1" status: 200 len: 2349 time: 0.0728908
2026-07-14 23:54:26.340 9 INFO neutron.wsgi [None req-efec3f55-2f7c-4854-94a4-a688dbf728d4 2814c7e946f3414494b58ef426458240 6b69807a849243fa9e6389949352b434 - - default default] 10.0.0.91 "GET /v2.0/security-groups HTTP/1.1" status: 200 len: 16803 time: 0.0479848
2026-07-14 23:54:26.391 9 INFO neutron.wsgi [None req-a2fd2f63-e904-46be-b34e-143ca93e5777 2814c7e946f3414494b58ef426458240 6b69807a849243fa9e6389949352b434 - - default default] 10.0.0.91 "GET /v2.0/ports HTTP/1.1" status: 200 len: 5351 time: 0.0465326
2026-07-14 23:54:41.216 9 INFO neutron.wsgi [-] 10.0.0.46 "GET / HTTP/1.1" status: 200 len: 247 time: 0.0026562
2026-07-14 23:54:41.219 9 INFO neutron.wsgi [-] 10.0.0.46 "GET / HTTP/1.1" status: 200 len: 247 time: 0.0018141
2026-07-14 23:54:56.216 9 INFO neutron.wsgi [-] 10.0.0.46 "GET / HTTP/1.1" status: 200 len: 247 time: 0.0024898
2026-07-14 23:54:56.216 10 INFO neutron.wsgi [-] 10.0.0.46 "GET / HTTP/1.1" status: 200 len: 247 time: 0.0028672
2026-07-14 23:55:11.216 10 INFO neutron.wsgi [-] 10.0.0.46 "GET / HTTP/1.1" status: 200 len: 247 time: 0.0032473
2026-07-14 23:55:11.216 9 INFO neutron.wsgi [-] 10.0.0.46 "GET / HTTP/1.1" status: 200 len: 247 time: 0.0032868
2026-07-14 23:55:26.036 9 INFO neutron.wsgi [None req-68e9edb7-496c-4185-94ba-6d673e8a7f58 2814c7e946f3414494b58ef426458240 6b69807a849243fa9e6389949352b434 - - default default] 10.0.0.91 "GET /v2.0/subnets HTTP/1.1" status: 200 len: 1437 time: 0.1098075
2026-07-14 23:55:26.070 9 INFO neutron.wsgi [None req-9ba18278-c82c-4597-bc49-823585efe83e 2814c7e946f3414494b58ef426458240 6b69807a849243fa9e6389949352b434 - - default default] 10.0.0.91 "GET /v2.0/subnets HTTP/1.1" status: 200 len: 1437 time: 0.0325673
2026-07-14 23:55:26.091 9 INFO neutron.wsgi [None req-75f80278-7cda-4222-bdd2-828941d84384 2814c7e946f3414494b58ef426458240 6b69807a849243fa9e6389949352b434 - - default default] 10.0.0.91 "GET /v2.0/subnetpools HTTP/1.1" status: 200 len: 193 time: 0.0196812
2026-07-14 23:55:26.115 9 INFO neutron.wsgi [None req-c0688e94-4c6a-4332-923d-b9a95e246153 2814c7e946f3414494b58ef426458240 6b69807a849243fa9e6389949352b434 - - default default] 10.0.0.91 "GET /v2.0/routers HTTP/1.1" status: 200 len: 189 time: 0.0216980
2026-07-14 23:55:26.151 9 INFO neutron.wsgi [None req-cd7fb0d7-a445-4d47-90be-da56c1177ee7 2814c7e946f3414494b58ef426458240 6b69807a849243fa9e6389949352b434 - - default default] 10.0.0.91 "GET /v2.0/agents?binary=ovn-controller HTTP/1.1" status: 200 len: 591 time: 0.0354588
2026-07-14 23:55:26.214 10 INFO neutron.wsgi [-] 10.0.0.46 "GET / HTTP/1.1" status: 200 len: 247 time: 0.0017490
2026-07-14 23:55:26.216 10 INFO neutron.wsgi [-] 10.0.0.46 "GET / HTTP/1.1" status: 200 len: 247 time: 0.0015059
2026-07-14 23:55:26.230 9 INFO neutron.wsgi [None req-08ad26b4-b5e6-469f-a6d0-b23f52c7b537 2814c7e946f3414494b58ef426458240 6b69807a849243fa9e6389949352b434 - - default default] 10.0.0.91 "GET /v2.0/networks HTTP/1.1" status: 200 len: 2349 time: 0.0784903
2026-07-14 23:55:26.301 9 INFO neutron.wsgi [None req-4cc78b55-9d73-43d7-9bf0-de22650fd963 2814c7e946f3414494b58ef426458240 6b69807a849243fa9e6389949352b434 - - default default] 10.0.0.91 "GET /v2.0/security-groups HTTP/1.1" status: 200 len: 16803 time: 0.0678048
2026-07-14 23:55:26.327 9 INFO neutron.wsgi [None req-8100f930-ee99-4815-82eb-b7dbb523d8b4 2814c7e946f3414494b58ef426458240 6b69807a849243fa9e6389949352b434 - - default default] 10.0.0.91 "GET /v2.0/network-ip-availabilities HTTP/1.1" status: 200 len: 1280 time: 0.0203147
2026-07-14 23:55:26.348 9 INFO neutron.wsgi [None req-318dd4bc-65b9-4bd3-b3cb-e913c3dd35a6 2814c7e946f3414494b58ef426458240 6b69807a849243fa9e6389949352b434 - - default default] 10.0.0.91 "GET /v2.0/floatingips HTTP/1.1" status: 200 len: 193 time: 0.0198841
2026-07-14 23:55:26.392 9 INFO neutron.wsgi [None req-76b95f4d-4697-4779-8412-ef44b1beb689 2814c7e946f3414494b58ef426458240 6b69807a849243fa9e6389949352b434 - - default default] 10.0.0.91 "GET /v2.0/ports HTTP/1.1" status: 200 len: 5351 time: 0.0434506
2026-07-14 23:55:26.419 9 INFO neutron.wsgi [None req-5331701a-bd6a-40bc-a396-8fa4f6045f52 2814c7e946f3414494b58ef426458240 6b69807a849243fa9e6389949352b434 - - default default] 10.0.0.91 "GET /v2.0/agents HTTP/1.1" status: 200 len: 997 time: 0.0234468
2026-07-14 23:55:41.217 9 INFO neutron.wsgi [-] 10.0.0.46 "GET / HTTP/1.1" status: 200 len: 247 time: 0.0028207
2026-07-14 23:55:41.220 9 INFO neutron.wsgi [-] 10.0.0.46 "GET / HTTP/1.1" status: 200 len: 247 time: 0.0020230
2026-07-14 23:55:56.215 10 INFO neutron.wsgi [-] 10.0.0.46 "GET / HTTP/1.1" status: 200 len: 247 time: 0.0025604
2026-07-14 23:55:56.216 9 INFO neutron.wsgi [-] 10.0.0.46 "GET / HTTP/1.1" status: 200 len: 247 time: 0.0028787
2026-07-14 23:56:12.249 9 INFO neutron.wsgi [-] 10.0.0.46 "GET / HTTP/1.1" status: 200 len: 247 time: 0.0066264
2026-07-14 23:56:12.259 9 INFO neutron.wsgi [-] 10.0.0.46 "GET / HTTP/1.1" status: 200 len: 247 time: 0.0065188
2026-07-14 23:56:26.022 9 INFO neutron.wsgi [None req-9cc1b324-2e01-41f9-bf5a-b791f9653485 2814c7e946f3414494b58ef426458240 6b69807a849243fa9e6389949352b434 - - default default] 10.0.0.91 "GET /v2.0/floatingips HTTP/1.1" status: 200 len: 193 time: 0.0779128
2026-07-14 23:56:26.079 9 INFO neutron.wsgi [None req-3af3c560-99da-4697-b71a-172255509a40 2814c7e946f3414494b58ef426458240 6b69807a849243fa9e6389949352b434 - - default default] 10.0.0.91 "GET /v2.0/networks HTTP/1.1" status: 200 len: 2349 time: 0.0542939
2026-07-14 23:56:26.135 9 INFO neutron.wsgi [None req-0d72c708-21a5-4150-b520-b58fb006d4b0 2814c7e946f3414494b58ef426458240 6b69807a849243fa9e6389949352b434 - - default default] 10.0.0.91 "GET /v2.0/security-groups HTTP/1.1" status: 200 len: 16803 time: 0.0533741
2026-07-14 23:56:26.193 9 INFO neutron.wsgi [None req-39e48515-a5ae-479e-b0e7-66a47eb80ae8 2814c7e946f3414494b58ef426458240 6b69807a849243fa9e6389949352b434 - - default default] 10.0.0.91 "GET /v2.0/ports HTTP/1.1" status: 200 len: 5351 time: 0.0513747
2026-07-14 23:56:26.218 10 INFO neutron.wsgi [-] 10.0.0.46 "GET / HTTP/1.1" status: 200 len: 247 time: 0.0037782
2026-07-14 23:56:26.220 10 INFO neutron.wsgi [-] 10.0.0.46 "GET / HTTP/1.1" status: 200 len: 247 time: 0.0017533
2026-07-14 23:56:26.235 9 INFO neutron.wsgi [None req-674ba4ef-36af-4912-ab27-3779b6028f51 2814c7e946f3414494b58ef426458240 6b69807a849243fa9e6389949352b434 - - default default] 10.0.0.91 "GET /v2.0/subnets HTTP/1.1" status: 200 len: 1437 time: 0.0386164
2026-07-14 23:56:26.270 9 INFO neutron.wsgi [None req-c225de8b-f0a3-4273-8ed7-6259ab115bf5 2814c7e946f3414494b58ef426458240 6b69807a849243fa9e6389949352b434 - - default default] 10.0.0.91 "GET /v2.0/routers HTTP/1.1" status: 200 len: 189 time: 0.0341787
2026-07-14 23:56:26.314 9 INFO neutron.wsgi [None req-86c0eb7a-13e9-4c25-9ebe-93c78ae2a8c8 2814c7e946f3414494b58ef426458240 6b69807a849243fa9e6389949352b434 - - default default] 10.0.0.91 "GET /v2.0/agents?binary=ovn-controller HTTP/1.1" status: 200 len: 591 time: 0.0426214
2026-07-14 23:56:26.328 9 INFO neutron.wsgi [None req-68a9e6e8-c6a8-4954-bb69-7df071771e68 2814c7e946f3414494b58ef426458240 6b69807a849243fa9e6389949352b434 - - default default] 10.0.0.91 "GET /v2.0/network-ip-availabilities HTTP/1.1" status: 200 len: 1280 time: 0.0130444
2026-07-14 23:56:26.363 9 INFO neutron.wsgi [None req-7bc760af-5f49-4f73-aec1-a1707819a911 2814c7e946f3414494b58ef426458240 6b69807a849243fa9e6389949352b434 - - default default] 10.0.0.91 "GET /v2.0/subnets HTTP/1.1" status: 200 len: 1437 time: 0.0342875
2026-07-14 23:56:26.379 9 INFO neutron.wsgi [None req-b1991f3d-c854-4773-b4c8-b6c636ba1e4c 2814c7e946f3414494b58ef426458240 6b69807a849243fa9e6389949352b434 - - default default] 10.0.0.91 "GET /v2.0/subnetpools HTTP/1.1" status: 200 len: 193 time: 0.0130925
2026-07-14 23:56:26.394 9 INFO neutron.wsgi [None req-e30053b2-3fe3-4bcb-b335-2e58cc8c9ddd 2814c7e946f3414494b58ef426458240 6b69807a849243fa9e6389949352b434 - - default default] 10.0.0.91 "GET /v2.0/agents HTTP/1.1" status: 200 len: 997 time: 0.0138900
2026-07-14 23:56:41.215 10 INFO neutron.wsgi [-] 10.0.0.46 "GET / HTTP/1.1" status: 200 len: 247 time: 0.0022755
2026-07-14 23:56:41.216 9 INFO neutron.wsgi [-] 10.0.0.46 "GET / HTTP/1.1" status: 200 len: 247 time: 0.0026071
2026-07-14 23:56:56.216 10 INFO neutron.wsgi [-] 10.0.0.46 "GET / HTTP/1.1" status: 200 len: 247 time: 0.0020218
2026-07-14 23:56:56.217 9 INFO neutron.wsgi [-] 10.0.0.46 "GET / HTTP/1.1" status: 200 len: 247 time: 0.0033009
2026-07-14 23:57:11.216 9 INFO neutron.wsgi [-] 10.0.0.46 "GET / HTTP/1.1" status: 200 len: 247 time: 0.0027132
2026-07-14 23:57:11.219 9 INFO neutron.wsgi [-] 10.0.0.46 "GET / HTTP/1.1" status: 200 len: 247 time: 0.0020828
2026-07-14 23:57:26.129 9 INFO neutron.wsgi [None req-0e8f080f-30a5-4301-a0a0-b845e8ee3539 2814c7e946f3414494b58ef426458240 6b69807a849243fa9e6389949352b434 - - default default] 10.0.0.91 "GET /v2.0/ports HTTP/1.1" status: 200 len: 5351 time: 0.1497693
2026-07-14 23:57:26.189 9 INFO neutron.wsgi [None req-8615a479-106a-49d2-b8be-7f6ec9735d49 2814c7e946f3414494b58ef426458240 6b69807a849243fa9e6389949352b434 - - default default] 10.0.0.91 "GET /v2.0/agents HTTP/1.1" status: 200 len: 997 time: 0.0535567
2026-07-14 23:57:26.214 9 INFO neutron.wsgi [-] 10.0.0.46 "GET / HTTP/1.1" status: 200 len: 247 time: 0.0012431
2026-07-14 23:57:26.215 9 INFO neutron.wsgi [-] 10.0.0.46 "GET / HTTP/1.1" status: 200 len: 247 time: 0.0009389
2026-07-14 23:57:26.246 9 INFO neutron.wsgi [None req-7f34d6eb-ae8b-4bc4-bc50-7b1971c06d9b 2814c7e946f3414494b58ef426458240 6b69807a849243fa9e6389949352b434 - - default default] 10.0.0.91 "GET /v2.0/subnets HTTP/1.1" status: 200 len: 1437 time: 0.0545313
2026-07-14 23:57:26.269 9 INFO neutron.wsgi [None req-63e5c79d-b817-44c2-a1bf-6abffa49aa71 2814c7e946f3414494b58ef426458240 6b69807a849243fa9e6389949352b434 - - default default] 10.0.0.91 "GET /v2.0/subnetpools HTTP/1.1" status: 200 len: 193 time: 0.0193086
2026-07-14 23:57:26.289 9 INFO neutron.wsgi [None req-c1845631-980b-410b-8921-aa4fc6a487e8 2814c7e946f3414494b58ef426458240 6b69807a849243fa9e6389949352b434 - - default default] 10.0.0.91 "GET /v2.0/floatingips HTTP/1.1" status: 200 len: 193 time: 0.0194378
2026-07-14 23:57:26.366 9 INFO neutron.wsgi [None req-81b4f0ac-101c-40c9-b23d-f9630fa5fc74 2814c7e946f3414494b58ef426458240 6b69807a849243fa9e6389949352b434 - - default default] 10.0.0.91 "GET /v2.0/networks HTTP/1.1" status: 200 len: 2349 time: 0.0763469
2026-07-14 23:57:26.442 9 INFO neutron.wsgi [None req-5733bbb0-c251-4ff7-8e60-76eb0d2eddd5 2814c7e946f3414494b58ef426458240 6b69807a849243fa9e6389949352b434 - - default default] 10.0.0.91 "GET /v2.0/security-groups HTTP/1.1" status: 200 len: 16803 time: 0.0731430
2026-07-14 23:57:26.495 9 INFO neutron.wsgi [None req-f4b5a328-bddf-4da1-80a0-6422f12e2e71 2814c7e946f3414494b58ef426458240 6b69807a849243fa9e6389949352b434 - - default default] 10.0.0.91 "GET /v2.0/subnets HTTP/1.1" status: 200 len: 1437 time: 0.0457177
2026-07-14 23:57:26.518 9 INFO neutron.wsgi [None req-7839cadf-0af9-42fa-a459-1a980d941c36 2814c7e946f3414494b58ef426458240 6b69807a849243fa9e6389949352b434 - - default default] 10.0.0.91 "GET /v2.0/routers HTTP/1.1" status: 200 len: 189 time: 0.0209596
2026-07-14 23:57:26.529 9 INFO neutron.wsgi [None req-f57e529c-34e3-41f0-9d06-4d1c493a44e3 2814c7e946f3414494b58ef426458240 6b69807a849243fa9e6389949352b434 - - default default] 10.0.0.91 "GET /v2.0/agents?binary=ovn-controller HTTP/1.1" status: 200 len: 591 time: 0.0100219
2026-07-14 23:57:26.546 9 INFO neutron.wsgi [None req-e1424a1e-179f-4fbf-a2bf-b09a9d588316 2814c7e946f3414494b58ef426458240 6b69807a849243fa9e6389949352b434 - - default default] 10.0.0.91 "GET /v2.0/network-ip-availabilities HTTP/1.1" status: 200 len: 1280 time: 0.0159583
2026-07-14 23:57:41.214 9 INFO neutron.wsgi [-] 10.0.0.46 "GET / HTTP/1.1" status: 200 len: 247 time: 0.0014796
2026-07-14 23:57:41.215 10 INFO neutron.wsgi [-] 10.0.0.46 "GET / HTTP/1.1" status: 200 len: 247 time: 0.0026813
2026-07-14 23:57:56.216 10 INFO neutron.wsgi [-] 10.0.0.46 "GET / HTTP/1.1" status: 200 len: 247 time: 0.0027051
2026-07-14 23:57:56.219 9 INFO neutron.wsgi [-] 10.0.0.46 "GET / HTTP/1.1" status: 200 len: 247 time: 0.0056221
2026-07-14 23:58:11.216 9 INFO neutron.wsgi [-] 10.0.0.46 "GET / HTTP/1.1" status: 200 len: 247 time: 0.0028811
2026-07-14 23:58:11.217 10 INFO neutron.wsgi [-] 10.0.0.46 "GET / HTTP/1.1" status: 200 len: 247 time: 0.0034134
2026-07-14 23:58:26.050 9 INFO neutron.wsgi [None req-356473d2-bc3b-4fd1-9b2e-29244d390e2c 2814c7e946f3414494b58ef426458240 6b69807a849243fa9e6389949352b434 - - default default] 10.0.0.91 "GET /v2.0/agents HTTP/1.1" status: 200 len: 997 time: 0.1039207
2026-07-14 23:58:26.072 9 INFO neutron.wsgi [None req-f2f728e8-d205-4721-867f-3ae8e1d5baa1 2814c7e946f3414494b58ef426458240 6b69807a849243fa9e6389949352b434 - - default default] 10.0.0.91 "GET /v2.0/floatingips HTTP/1.1" status: 200 len: 193 time: 0.0215492
2026-07-14 23:58:26.104 9 INFO neutron.wsgi [None req-0b7e65d2-a40f-4960-9dc3-890cd48ae02a 2814c7e946f3414494b58ef426458240 6b69807a849243fa9e6389949352b434 - - default default] 10.0.0.91 "GET /v2.0/subnets HTTP/1.1" status: 200 len: 1437 time: 0.0317590
2026-07-14 23:58:26.150 9 INFO neutron.wsgi [None req-ab2f5419-3271-4363-9797-3b1941f90d17 2814c7e946f3414494b58ef426458240 6b69807a849243fa9e6389949352b434 - - default default] 10.0.0.91 "GET /v2.0/ports HTTP/1.1" status: 200 len: 5351 time: 0.0442019
2026-07-14 23:58:26.215 10 INFO neutron.wsgi [-] 10.0.0.46 "GET / HTTP/1.1" status: 200 len: 247 time: 0.0021567
2026-07-14 23:58:26.218 10 INFO neutron.wsgi [-] 10.0.0.46 "GET / HTTP/1.1" status: 200 len: 247 time: 0.0012980
2026-07-14 23:58:26.315 9 INFO neutron.wsgi [None req-c0a76bc7-3b5f-46c7-91bb-ef980d43405e 2814c7e946f3414494b58ef426458240 6b69807a849243fa9e6389949352b434 - - default default] 10.0.0.91 "GET /v2.0/security-groups HTTP/1.1" status: 200 len: 16803 time: 0.1625271
