2026-07-17 04:52:14.782 7 INFO neutron.db.ovn_revision_numbers_db [None req-0b454670-4d0b-40cf-83b1-bcacc506a1b2 eeea5aea5b37407bb592494c251c8754 a3cedd2357514fe5b0b93c4263e8bbdb - - default default] Successfully bumped revision number for resource 2b21cadd-f2db-4c98-aea6-1e53d81330ab (type: floatingips) to 3
2026-07-17 04:52:14.832 7 INFO neutron.db.l3_db [None req-0b454670-4d0b-40cf-83b1-bcacc506a1b2 eeea5aea5b37407bb592494c251c8754 a3cedd2357514fe5b0b93c4263e8bbdb - - default default] Floating IP 2b21cadd-f2db-4c98-aea6-1e53d81330ab disassociated. External IP: 10.96.250.219, port: 87889633-f7f3-45e4-bd17-0764fbbae6b6.
2026-07-17 04:52:14.863 8 INFO neutron.db.ovn_revision_numbers_db [None req-d2975ae3-7015-4209-9eb2-5325caf801a8 400339b082ad4a7394408bfdb57752ca 4c93eda88aa34712a77213f0c7bd2288 - - default default] Successfully bumped revision number for resource d173babc-6935-4f5e-a2b7-ce839fba41b5 (type: networks) to 1 [pid: 7|app: 0|req: 765/1538] 10.0.0.208 () {34 vars in 749 bytes} [Fri Jul 17 04:52:14 2026] PUT /v2.0/floatingips/2b21cadd-f2db-4c98-aea6-1e53d81330ab => generated 554 bytes in 311 msecs (HTTP/1.1 200) 4 headers in 157 bytes (1 switches on core 0) [pid: 7|app: 0|req: 766/1539] 10.0.0.1 () {34 vars in 988 bytes} [Fri Jul 17 04:52:14 2026] GET /v2.0/ports?device_id=16eb7023-e42e-4472-a4c1-2aac8c6b045b => generated 969 bytes in 38 msecs (HTTP/1.1 200) 4 headers in 157 bytes (1 switches on core 0)
2026-07-17 04:52:15.010 8 WARNING neutron.scheduler.dhcp_agent_scheduler [None req-d2975ae3-7015-4209-9eb2-5325caf801a8 400339b082ad4a7394408bfdb57752ca 4c93eda88aa34712a77213f0c7bd2288 - - default default] No more DHCP agents
2026-07-17 04:52:15.011 8 WARNING neutron.api.rpc.agentnotifiers.dhcp_rpc_agent_api [None req-d2975ae3-7015-4209-9eb2-5325caf801a8 400339b082ad4a7394408bfdb57752ca 4c93eda88aa34712a77213f0c7bd2288 - - default default] Unable to schedule network d173babc-6935-4f5e-a2b7-ce839fba41b5: no agents available; will retry on subsequent port and subnet creation events.
2026-07-17 04:52:15.031 7 INFO neutron_taas.services.taas.taas_plugin [None req-3403ad69-3eaf-4935-bea1-a80994f3d814 eeea5aea5b37407bb592494c251c8754 a3cedd2357514fe5b0b93c4263e8bbdb - - default default] TaaS: Handle Delete Port: 2d651b5c-a3bc-4f69-b921-e59e34cdb414
2026-07-17 04:52:15.033 7 INFO neutron_taas.services.taas.tap_mirror_plugin [None req-3403ad69-3eaf-4935-bea1-a80994f3d814 eeea5aea5b37407bb592494c251c8754 a3cedd2357514fe5b0b93c4263e8bbdb - - default default] Tap Mirror: Handle Delete Port: 2d651b5c-a3bc-4f69-b921-e59e34cdb414
2026-07-17 04:52:15.089 8 INFO neutron.db.ovn_revision_numbers_db [None req-d2975ae3-7015-4209-9eb2-5325caf801a8 400339b082ad4a7394408bfdb57752ca 4c93eda88aa34712a77213f0c7bd2288 - - default default] Successfully bumped revision number for resource e7918393-a5ff-482f-a1b4-62fe43f513cd (type: ports) to 1 [pid: 8|app: 0|req: 774/1540] 10.0.0.208 () {34 vars in 670 bytes} [Fri Jul 17 04:52:14 2026] POST /v2.0/networks => generated 651 bytes in 473 msecs (HTTP/1.1 201) 4 headers in 162 bytes (1 switches on core 0) /var/lib/openstack/lib/python3.12/site-packages/pycadf/identifier.py:70: UserWarning: Invalid uuid: neutron. To ensure interoperability, identifiers should be a valid uuid. warnings.warn(('Invalid uuid: %s. To ensure interoperability, ' [pid: 8|app: 0|req: 775/1541] 10.0.0.1 () {34 vars in 1038 bytes} [Fri Jul 17 04:52:15 2026] GET /v2.0/security-groups?id=d97b4e0f-ff68-430a-9626-8cf42110cc9c&fields=id&fields=name => generated 88 bytes in 33 msecs (HTTP/1.1 200) 4 headers in 156 bytes (1 switches on core 0) [pid: 7|app: 0|req: 767/1542] 10.0.0.208 () {32 vars in 732 bytes} [Fri Jul 17 04:52:14 2026] DELETE /v2.0/floatingips/2b21cadd-f2db-4c98-aea6-1e53d81330ab => generated 0 bytes in 306 msecs (HTTP/1.1 204) 2 headers in 112 bytes (1 switches on core 0)
2026-07-17 04:52:15.237 8 INFO neutron.db.segments_db [None req-95f3eac7-ee19-40f9-9ca1-520e7b0c9d4f 400339b082ad4a7394408bfdb57752ca 4c93eda88aa34712a77213f0c7bd2288 - - default default] Added segment d2a75e9b-c552-4917-acc7-c1238de87444 of type geneve for network c0cf747d-d842-43a4-ae6d-34a80023fd50
2026-07-17 04:52:15.248 7 INFO neutron.api.v2.resource [None req-0ea0d182-3f55-4354-adfe-39ca6d603c69 eeea5aea5b37407bb592494c251c8754 a3cedd2357514fe5b0b93c4263e8bbdb - - default default] delete failed (client error): The resource could not be found. [pid: 7|app: 0|req: 768/1543] 10.0.0.208 () {32 vars in 732 bytes} [Fri Jul 17 04:52:15 2026] DELETE /v2.0/floatingips/2b21cadd-f2db-4c98-aea6-1e53d81330ab => generated 144 bytes in 18 msecs (HTTP/1.1 404) 4 headers in 164 bytes (1 switches on core 0)
2026-07-17 04:52:15.341 8 INFO neutron.db.ovn_revision_numbers_db [None req-95f3eac7-ee19-40f9-9ca1-520e7b0c9d4f 400339b082ad4a7394408bfdb57752ca 4c93eda88aa34712a77213f0c7bd2288 - - default default] Successfully bumped revision number for resource c0cf747d-d842-43a4-ae6d-34a80023fd50 (type: networks) to 1
2026-07-17 04:52:15.367 7 INFO neutron_taas.services.taas.taas_plugin [None req-7e55de26-0c79-4e74-a4ea-c3e76f641a6f eeea5aea5b37407bb592494c251c8754 a3cedd2357514fe5b0b93c4263e8bbdb - - default default] TaaS: Handle Delete Port: 87889633-f7f3-45e4-bd17-0764fbbae6b6
2026-07-17 04:52:15.369 7 INFO neutron_taas.services.taas.tap_mirror_plugin [None req-7e55de26-0c79-4e74-a4ea-c3e76f641a6f eeea5aea5b37407bb592494c251c8754 a3cedd2357514fe5b0b93c4263e8bbdb - - default default] Tap Mirror: Handle Delete Port: 87889633-f7f3-45e4-bd17-0764fbbae6b6 [pid: 7|app: 0|req: 769/1544] 10.0.0.208 () {32 vars in 720 bytes} [Fri Jul 17 04:52:15 2026] DELETE /v2.0/ports/87889633-f7f3-45e4-bd17-0764fbbae6b6 => generated 0 bytes in 257 msecs (HTTP/1.1 204) 3 headers in 131 bytes (1 switches on core 0)
2026-07-17 04:52:15.525 8 WARNING neutron.scheduler.dhcp_agent_scheduler [None req-95f3eac7-ee19-40f9-9ca1-520e7b0c9d4f 400339b082ad4a7394408bfdb57752ca 4c93eda88aa34712a77213f0c7bd2288 - - default default] No more DHCP agents
2026-07-17 04:52:15.529 8 WARNING neutron.api.rpc.agentnotifiers.dhcp_rpc_agent_api [None req-95f3eac7-ee19-40f9-9ca1-520e7b0c9d4f 400339b082ad4a7394408bfdb57752ca 4c93eda88aa34712a77213f0c7bd2288 - - default default] Unable to schedule network c0cf747d-d842-43a4-ae6d-34a80023fd50: no agents available; will retry on subsequent port and subnet creation events.
2026-07-17 04:52:15.617 8 INFO neutron.db.ovn_revision_numbers_db [None req-95f3eac7-ee19-40f9-9ca1-520e7b0c9d4f 400339b082ad4a7394408bfdb57752ca 4c93eda88aa34712a77213f0c7bd2288 - - default default] Successfully bumped revision number for resource 78ca688d-1445-48be-862d-4971257ca984 (type: ports) to 1 [pid: 8|app: 0|req: 776/1545] 10.0.0.208 () {34 vars in 670 bytes} [Fri Jul 17 04:52:15 2026] POST /v2.0/networks => generated 651 bytes in 495 msecs (HTTP/1.1 201) 4 headers in 162 bytes (1 switches on core 0)
2026-07-17 04:52:15.682 7 INFO neutron_taas.services.taas.taas_plugin [None req-77521d9f-db25-4459-a4ef-7c2dcaf69913 eeea5aea5b37407bb592494c251c8754 a3cedd2357514fe5b0b93c4263e8bbdb - - default default] TaaS: Handle Delete Port: ca2dc1aa-70aa-4473-9352-19c06204f202
2026-07-17 04:52:15.686 7 INFO neutron_taas.services.taas.tap_mirror_plugin [None req-77521d9f-db25-4459-a4ef-7c2dcaf69913 eeea5aea5b37407bb592494c251c8754 a3cedd2357514fe5b0b93c4263e8bbdb - - default default] Tap Mirror: Handle Delete Port: ca2dc1aa-70aa-4473-9352-19c06204f202
2026-07-17 04:52:15.738 8 INFO neutron.db.segments_db [None req-cb324bb8-6c00-469f-9515-99d3c2c95464 400339b082ad4a7394408bfdb57752ca 4c93eda88aa34712a77213f0c7bd2288 - - default default] Added segment 46eb6627-f0b9-4e0d-b4d7-fdc93ab46e43 of type geneve for network 9891d9db-03ea-451f-a454-64350f756260
2026-07-17 04:52:15.854 8 INFO neutron.db.ovn_revision_numbers_db [None req-cb324bb8-6c00-469f-9515-99d3c2c95464 400339b082ad4a7394408bfdb57752ca 4c93eda88aa34712a77213f0c7bd2288 - - default default] Successfully bumped revision number for resource 9891d9db-03ea-451f-a454-64350f756260 (type: networks) to 1 [pid: 7|app: 0|req: 770/1546] 10.0.0.208 () {32 vars in 720 bytes} [Fri Jul 17 04:52:15 2026] DELETE /v2.0/ports/ca2dc1aa-70aa-4473-9352-19c06204f202 => generated 0 bytes in 341 msecs (HTTP/1.1 204) 3 headers in 131 bytes (1 switches on core 0) [pid: 7|app: 0|req: 771/1547] 10.0.0.208 () {32 vars in 736 bytes} [Fri Jul 17 04:52:15 2026] GET /v2.0/ports?device_id=fa8a9f68-ac97-4831-8f8a-2b5c04d69563 => generated 946 bytes in 36 msecs (HTTP/1.1 200) 4 headers in 157 bytes (1 switches on core 0)
2026-07-17 04:52:16.018 8 WARNING neutron.scheduler.dhcp_agent_scheduler [None req-cb324bb8-6c00-469f-9515-99d3c2c95464 400339b082ad4a7394408bfdb57752ca 4c93eda88aa34712a77213f0c7bd2288 - - default default] No more DHCP agents
2026-07-17 04:52:16.019 8 WARNING neutron.api.rpc.agentnotifiers.dhcp_rpc_agent_api [None req-cb324bb8-6c00-469f-9515-99d3c2c95464 400339b082ad4a7394408bfdb57752ca 4c93eda88aa34712a77213f0c7bd2288 - - default default] Unable to schedule network 9891d9db-03ea-451f-a454-64350f756260: no agents available; will retry on subsequent port and subnet creation events.
2026-07-17 04:52:16.070 8 INFO neutron.plugins.ml2.drivers.ovn.mech_driver.mech_driver [None req-265902d2-6374-4e12-89bd-7817caf910d0 - - - - - -] OVN reports status down for port: b16cf319-b47f-4ea5-880d-c4094fa6db66
2026-07-17 04:52:16.118 8 INFO neutron.db.ovn_revision_numbers_db [None req-cb324bb8-6c00-469f-9515-99d3c2c95464 400339b082ad4a7394408bfdb57752ca 4c93eda88aa34712a77213f0c7bd2288 - - default default] Successfully bumped revision number for resource b16cf319-b47f-4ea5-880d-c4094fa6db66 (type: ports) to 1 [pid: 8|app: 0|req: 777/1548] 10.0.0.208 () {34 vars in 670 bytes} [Fri Jul 17 04:52:15 2026] POST /v2.0/networks => generated 651 bytes in 509 msecs (HTTP/1.1 201) 4 headers in 162 bytes (1 switches on core 0)
2026-07-17 04:52:16.196 7 INFO neutron_taas.services.taas.taas_plugin [None req-64e49cb5-4d71-4e70-9396-83c98fdc4bad eeea5aea5b37407bb592494c251c8754 a3cedd2357514fe5b0b93c4263e8bbdb - - default default] TaaS: Handle Delete Port: 5d4f6b23-40fd-41aa-8a9b-5b828ec7d368
2026-07-17 04:52:16.199 7 INFO neutron_taas.services.taas.tap_mirror_plugin [None req-64e49cb5-4d71-4e70-9396-83c98fdc4bad eeea5aea5b37407bb592494c251c8754 a3cedd2357514fe5b0b93c4263e8bbdb - - default default] Tap Mirror: Handle Delete Port: 5d4f6b23-40fd-41aa-8a9b-5b828ec7d368
2026-07-17 04:52:16.248 8 INFO neutron.db.segments_db [None req-feee6198-87a9-4364-84d7-c6049afdb592 400339b082ad4a7394408bfdb57752ca 4c93eda88aa34712a77213f0c7bd2288 - - default default] Added segment 6d5e7ba5-6d7c-49cc-9ac5-be56bd1dad78 of type geneve for network e70abd30-8d4c-40e1-a9b0-fda39b16b1b9
2026-07-17 04:52:16.343 8 INFO neutron.db.ovn_revision_numbers_db [None req-feee6198-87a9-4364-84d7-c6049afdb592 400339b082ad4a7394408bfdb57752ca 4c93eda88aa34712a77213f0c7bd2288 - - default default] Successfully bumped revision number for resource e70abd30-8d4c-40e1-a9b0-fda39b16b1b9 (type: networks) to 1
2026-07-17 04:52:16.526 8 WARNING neutron.scheduler.dhcp_agent_scheduler [None req-feee6198-87a9-4364-84d7-c6049afdb592 400339b082ad4a7394408bfdb57752ca 4c93eda88aa34712a77213f0c7bd2288 - - default default] No more DHCP agents
2026-07-17 04:52:16.529 8 WARNING neutron.api.rpc.agentnotifiers.dhcp_rpc_agent_api [None req-feee6198-87a9-4364-84d7-c6049afdb592 400339b082ad4a7394408bfdb57752ca 4c93eda88aa34712a77213f0c7bd2288 - - default default] Unable to schedule network e70abd30-8d4c-40e1-a9b0-fda39b16b1b9: no agents available; will retry on subsequent port and subnet creation events.
2026-07-17 04:52:16.608 8 INFO neutron.db.ovn_revision_numbers_db [None req-feee6198-87a9-4364-84d7-c6049afdb592 400339b082ad4a7394408bfdb57752ca 4c93eda88aa34712a77213f0c7bd2288 - - default default] Successfully bumped revision number for resource 39838f81-465d-4cfa-8e4d-13578be97b40 (type: ports) to 1 [pid: 8|app: 0|req: 778/1549] 10.0.0.208 () {34 vars in 670 bytes} [Fri Jul 17 04:52:16 2026] POST /v2.0/networks => generated 651 bytes in 470 msecs (HTTP/1.1 201) 4 headers in 162 bytes (1 switches on core 0) [pid: 8|app: 0|req: 779/1550] 10.0.0.1 () {34 vars in 988 bytes} [Fri Jul 17 04:52:16 2026] GET /v2.0/ports?device_id=16eb7023-e42e-4472-a4c1-2aac8c6b045b => generated 969 bytes in 44 msecs (HTTP/1.1 200) 4 headers in 157 bytes (1 switches on core 0) [pid: 8|app: 0|req: 780/1551] 10.0.0.208 () {34 vars in 753 bytes} [Fri Jul 17 04:52:16 2026] PUT /v2.0/networks/4a7d96df-4e55-48b5-a218-be40b19aabe0/tags => generated 17 bytes in 45 msecs (HTTP/1.1 200) 4 headers in 156 bytes (1 switches on core 0) [pid: 8|app: 0|req: 781/1552] 10.0.0.1 () {34 vars in 1038 bytes} [Fri Jul 17 04:52:16 2026] GET /v2.0/security-groups?id=d97b4e0f-ff68-430a-9626-8cf42110cc9c&fields=id&fields=name => generated 88 bytes in 35 msecs (HTTP/1.1 200) 4 headers in 156 bytes (1 switches on core 0) [pid: 7|app: 0|req: 772/1553] 10.0.0.208 () {34 vars in 789 bytes} [Fri Jul 17 04:52:15 2026] PUT /v2.0/routers/fa8a9f68-ac97-4831-8f8a-2b5c04d69563/remove_router_interface => generated 309 bytes in 865 msecs (HTTP/1.1 200) 4 headers in 157 bytes (1 switches on core 0) /var/lib/openstack/lib/python3.12/site-packages/pycadf/identifier.py:70: UserWarning: Invalid uuid: neutron. To ensure interoperability, identifiers should be a valid uuid. warnings.warn(('Invalid uuid: %s. To ensure interoperability, ' [pid: 8|app: 0|req: 782/1554] 10.0.0.208 () {34 vars in 753 bytes} [Fri Jul 17 04:52:16 2026] PUT /v2.0/networks/d173babc-6935-4f5e-a2b7-ce839fba41b5/tags => generated 25 bytes in 58 msecs (HTTP/1.1 200) 4 headers in 156 bytes (1 switches on core 0) [pid: 8|app: 0|req: 783/1555] 10.0.0.208 () {34 vars in 753 bytes} [Fri Jul 17 04:52:16 2026] PUT /v2.0/networks/c0cf747d-d842-43a4-ae6d-34a80023fd50/tags => generated 34 bytes in 53 msecs (HTTP/1.1 200) 4 headers in 156 bytes (1 switches on core 0) [pid: 8|app: 0|req: 784/1556] 10.0.0.208 () {34 vars in 753 bytes} [Fri Jul 17 04:52:16 2026] PUT /v2.0/networks/9891d9db-03ea-451f-a454-64350f756260/tags => generated 19 bytes in 55 msecs (HTTP/1.1 200) 4 headers in 156 bytes (1 switches on core 0) [pid: 8|app: 0|req: 785/1557] 10.0.0.208 () {32 vars in 666 bytes} [Fri Jul 17 04:52:16 2026] GET /v2.0/networks?tags=red => generated 1989 bytes in 64 msecs (HTTP/1.1 200) 4 headers in 158 bytes (1 switches on core 0) [pid: 8|app: 0|req: 786/1558] 10.0.0.208 () {32 vars in 680 bytes} [Fri Jul 17 04:52:17 2026] GET /v2.0/networks?tags=red%2Cblue => generated 1338 bytes in 53 msecs (HTTP/1.1 200) 4 headers in 158 bytes (1 switches on core 0)
2026-07-17 04:52:17.096 7 INFO neutron_taas.services.taas.taas_plugin [None req-6dccba04-9363-48b9-96b5-f3d06e2070af eeea5aea5b37407bb592494c251c8754 a3cedd2357514fe5b0b93c4263e8bbdb - - default default] TaaS: Handle Delete Port: 58978c1a-c222-4966-9f23-6479118e4a2f
2026-07-17 04:52:17.100 7 INFO neutron_taas.services.taas.tap_mirror_plugin [None req-6dccba04-9363-48b9-96b5-f3d06e2070af eeea5aea5b37407bb592494c251c8754 a3cedd2357514fe5b0b93c4263e8bbdb - - default default] Tap Mirror: Handle Delete Port: 58978c1a-c222-4966-9f23-6479118e4a2f
2026-07-17 04:52:17.397 7 WARNING neutron.plugins.ml2.drivers.ovn.mech_driver.ovsdb.ovn_client [None req-052a8c95-b8fd-4149-9673-0d9f267496e4 - - - - - -] No port found with ID 5d4f6b23-40fd-41aa-8a9b-5b828ec7d368: RuntimeError: No port found with ID 5d4f6b23-40fd-41aa-8a9b-5b828ec7d368
2026-07-17 04:52:17.415 7 INFO neutron.plugins.ml2.drivers.ovn.mech_driver.mech_driver [None req-052a8c95-b8fd-4149-9673-0d9f267496e4 - - - - - -] OVN reports status down for port: ca2dc1aa-70aa-4473-9352-19c06204f202
2026-07-17 04:52:17.547 7 INFO neutron.plugins.ml2.drivers.ovn.mech_driver.mech_driver [None req-052a8c95-b8fd-4149-9673-0d9f267496e4 - - - - - -] OVN reports status up for port: fb5983b1-d24b-4135-84ed-c71c42b9bb8f
2026-07-17 04:52:17.583 7 INFO neutron.plugins.ml2.plugin [None req-052a8c95-b8fd-4149-9673-0d9f267496e4 - - - - - -] Attempt 1 to provision port fb5983b1-d24b-4135-84ed-c71c42b9bb8f [pid: 8|app: 0|req: 787/1559] 10.0.0.208 () {32 vars in 676 bytes} [Fri Jul 17 04:52:17 2026] GET /v2.0/networks?tags-any=blue => generated 1338 bytes in 529 msecs (HTTP/1.1 200) 4 headers in 158 bytes (1 switches on core 0) [pid: 7|app: 0|req: 773/1560] 10.0.0.208 () {32 vars in 724 bytes} [Fri Jul 17 04:52:16 2026] DELETE /v2.0/routers/fa8a9f68-ac97-4831-8f8a-2b5c04d69563 => generated 0 bytes in 881 msecs (HTTP/1.1 204) 2 headers in 112 bytes (1 switches on core 0) /var/lib/openstack/lib/python3.12/site-packages/pycadf/identifier.py:70: UserWarning: Invalid uuid: neutron. To ensure interoperability, identifiers should be a valid uuid. warnings.warn(('Invalid uuid: %s. To ensure interoperability, ' [pid: 7|app: 0|req: 774/1561] 10.0.0.208 () {32 vars in 688 bytes} [Fri Jul 17 04:52:17 2026] GET /v2.0/networks?tags-any=red%2Cblue => generated 1989 bytes in 95 msecs (HTTP/1.1 200) 4 headers in 158 bytes (1 switches on core 0)
2026-07-17 04:52:17.766 7 INFO neutron.notifiers.nova [-] Nova event matching ['req-14479aea-da88-46db-96dc-5c005d5c95c4'] response: {'server_uuid': '16eb7023-e42e-4472-a4c1-2aac8c6b045b', 'name': 'network-vif-plugged', 'status': 'completed', 'tag': 'fb5983b1-d24b-4135-84ed-c71c42b9bb8f', 'code': 200}
2026-07-17 04:52:17.800 8 INFO neutron.db.ovn_revision_numbers_db [None req-22f09961-edc1-432f-b149-806274437204 7429bbffe4e946ad95104b685a44727c dc858f6b102d479ab1704aeda25ed970 - - default default] Successfully bumped revision number for resource 0e397813-e212-4334-902a-90c73961f587 (type: security_groups) to 1
2026-07-17 04:52:17.814 8 INFO neutron.db.ovn_revision_numbers_db [None req-22f09961-edc1-432f-b149-806274437204 7429bbffe4e946ad95104b685a44727c dc858f6b102d479ab1704aeda25ed970 - - default default] Successfully bumped revision number for resource 6c5a1055-b162-4799-8a7b-f95390bb3b8e (type: security_group_rules) to 0
2026-07-17 04:52:17.824 8 INFO neutron.db.ovn_revision_numbers_db [None req-22f09961-edc1-432f-b149-806274437204 7429bbffe4e946ad95104b685a44727c dc858f6b102d479ab1704aeda25ed970 - - default default] Successfully bumped revision number for resource bf7c1117-0e99-44dd-9cb5-e28c0261e678 (type: security_group_rules) to 0
2026-07-17 04:52:17.834 8 INFO neutron.db.ovn_revision_numbers_db [None req-22f09961-edc1-432f-b149-806274437204 7429bbffe4e946ad95104b685a44727c dc858f6b102d479ab1704aeda25ed970 - - default default] Successfully bumped revision number for resource e6924e1a-9e96-4e1c-80fb-585704fb0037 (type: security_group_rules) to 0
2026-07-17 04:52:17.849 8 INFO neutron.db.ovn_revision_numbers_db [None req-22f09961-edc1-432f-b149-806274437204 7429bbffe4e946ad95104b685a44727c dc858f6b102d479ab1704aeda25ed970 - - default default] Successfully bumped revision number for resource f5091dd2-4c3a-48b1-a0d0-f93a233061f4 (type: security_group_rules) to 0 [pid: 8|app: 0|req: 788/1562] 10.0.0.208 () {32 vars in 774 bytes} [Fri Jul 17 04:52:17 2026] GET /v2.0/security-groups?tenant_id=7f13386572244f799ba21065690d1afe&name=default => generated 2925 bytes in 288 msecs (HTTP/1.1 200) 4 headers in 158 bytes (1 switches on core 0) [pid: 8|app: 0|req: 789/1563] 10.0.0.208 () {32 vars in 674 bytes} [Fri Jul 17 04:52:17 2026] GET /v2.0/networks?not-tags=red => generated 1988 bytes in 61 msecs (HTTP/1.1 200) 4 headers in 158 bytes (1 switches on core 0) [pid: 8|app: 0|req: 790/1564] 10.0.0.1 () {34 vars in 988 bytes} [Fri Jul 17 04:52:17 2026] GET /v2.0/ports?device_id=16eb7023-e42e-4472-a4c1-2aac8c6b045b => generated 971 bytes in 31 msecs (HTTP/1.1 200) 4 headers in 157 bytes (1 switches on core 0) [pid: 7|app: 0|req: 775/1565] 10.0.0.208 () {32 vars in 724 bytes} [Fri Jul 17 04:52:17 2026] DELETE /v2.0/subnets/e8a7473e-a744-4ea9-8ee8-72d6e772434b => generated 0 bytes in 306 msecs (HTTP/1.1 204) 3 headers in 131 bytes (1 switches on core 0)
2026-07-17 04:52:18.061 7 INFO neutron.db.ovn_revision_numbers_db [None req-052a8c95-b8fd-4149-9673-0d9f267496e4 - - - - - -] Successfully bumped revision number for resource fb5983b1-d24b-4135-84ed-c71c42b9bb8f (type: ports) to 5 [pid: 8|app: 0|req: 791/1566] 10.0.0.208 () {32 vars in 740 bytes} [Fri Jul 17 04:52:17 2026] DELETE /v2.0/security-groups/0e397813-e212-4334-902a-90c73961f587 => generated 0 bytes in 229 msecs (HTTP/1.1 204) 2 headers in 112 bytes (1 switches on core 0) [pid: 8|app: 0|req: 792/1567] 10.0.0.1 () {34 vars in 1038 bytes} [Fri Jul 17 04:52:18 2026] GET /v2.0/security-groups?id=d97b4e0f-ff68-430a-9626-8cf42110cc9c&fields=id&fields=name => generated 88 bytes in 34 msecs (HTTP/1.1 200) 4 headers in 156 bytes (1 switches on core 0)
2026-07-17 04:52:18.253 7 INFO neutron.plugins.ml2.drivers.ovn.mech_driver.mech_driver [None req-d87928d5-9de1-44eb-affc-072354e4f83b - - - - - -] OVN reports status down for port: c8b23050-86d5-47c8-aac9-067fcac3d395 [pid: 7|app: 0|req: 776/1568] 10.0.0.208 () {32 vars in 688 bytes} [Fri Jul 17 04:52:18 2026] GET /v2.0/networks?not-tags=red%2Cblue => generated 2639 bytes in 216 msecs (HTTP/1.1 200) 4 headers in 158 bytes (1 switches on core 0) /var/lib/openstack/lib/python3.12/site-packages/pycadf/identifier.py:70: UserWarning: Invalid uuid: neutron. To ensure interoperability, identifiers should be a valid uuid. warnings.warn(('Invalid uuid: %s. To ensure interoperability, '
2026-07-17 04:52:18.363 7 INFO neutron.plugins.ml2.drivers.ovn.mech_driver.mech_driver [None req-d87928d5-9de1-44eb-affc-072354e4f83b - - - - - -] OVN reports status down for port: e7918393-a5ff-482f-a1b4-62fe43f513cd [pid: 7|app: 0|req: 777/1569] 10.0.0.208 () {32 vars in 684 bytes} [Fri Jul 17 04:52:18 2026] GET /v2.0/networks?not-tags-any=blue => generated 2639 bytes in 87 msecs (HTTP/1.1 200) 4 headers in 158 bytes (1 switches on core 0)
2026-07-17 04:52:18.375 8 INFO neutron_taas.services.taas.taas_plugin [None req-65e8c45f-24cd-424b-8241-72ad666fed64 eeea5aea5b37407bb592494c251c8754 a3cedd2357514fe5b0b93c4263e8bbdb - - default default] TaaS: Handle Delete Port: 0445037c-3609-4339-ac89-356180f13e6b
2026-07-17 04:52:18.378 8 INFO neutron_taas.services.taas.tap_mirror_plugin [None req-65e8c45f-24cd-424b-8241-72ad666fed64 eeea5aea5b37407bb592494c251c8754 a3cedd2357514fe5b0b93c4263e8bbdb - - default default] Tap Mirror: Handle Delete Port: 0445037c-3609-4339-ac89-356180f13e6b [pid: 7|app: 0|req: 778/1570] 10.0.0.208 () {32 vars in 696 bytes} [Fri Jul 17 04:52:18 2026] GET /v2.0/networks?not-tags-any=red%2Cblue => generated 1988 bytes in 69 msecs (HTTP/1.1 200) 4 headers in 158 bytes (1 switches on core 0)
2026-07-17 04:52:18.482 7 INFO neutron.plugins.ml2.drivers.ovn.mech_driver.mech_driver [None req-d87928d5-9de1-44eb-affc-072354e4f83b - - - - - -] OVN reports status down for port: 78ca688d-1445-48be-862d-4971257ca984
2026-07-17 04:52:18.570 7 INFO neutron.plugins.ml2.drivers.ovn.mech_driver.mech_driver [None req-d87928d5-9de1-44eb-affc-072354e4f83b - - - - - -] OVN reports status down for port: 39838f81-465d-4cfa-8e4d-13578be97b40
2026-07-17 04:52:18.576 8 INFO neutron.services.segments.plugin [-] Segment 336bfed6-cbac-4452-990f-5840b60cc805 resource provider aggregate not found
2026-07-17 04:52:18.580 8 INFO neutron.services.segments.plugin [-] Segment 336bfed6-cbac-4452-990f-5840b60cc805 resource provider aggregate not found
2026-07-17 04:52:18.597 8 INFO neutron.services.segments.plugin [-] Segment 336bfed6-cbac-4452-990f-5840b60cc805 resource provider not found; error: Placement Client Error (4xx): {"errors": [{"status": 404, "title": "Not Found", "detail": "The resource could not be found.\n\n No resource provider with uuid 336bfed6-cbac-4452-990f-5840b60cc805 found for delete ", "request_id": "req-05bb78cb-22f8-4833-96a4-92c1d677b82c"}]}
2026-07-17 04:52:18.598 8 INFO neutron.services.segments.plugin [-] Segment 336bfed6-cbac-4452-990f-5840b60cc805 resource provider not found; error: Placement Client Error (4xx): {"errors": [{"status": 404, "title": "Not Found", "detail": "The resource could not be found.\n\n No resource provider with uuid 336bfed6-cbac-4452-990f-5840b60cc805 found for delete ", "request_id": "req-fcdf0a83-ee5e-4149-bb11-abb395f453e3"}]} [pid: 8|app: 0|req: 793/1571] 10.0.0.208 () {32 vars in 726 bytes} [Fri Jul 17 04:52:18 2026] DELETE /v2.0/networks/be042d0e-921f-4a15-8291-bb50374b15a6 => generated 0 bytes in 373 msecs (HTTP/1.1 204) 3 headers in 131 bytes (1 switches on core 0)
2026-07-17 04:52:18.653 7 INFO neutron_taas.services.taas.taas_plugin [None req-61b30584-fe29-4a4c-a2db-f1d429df0abc 400339b082ad4a7394408bfdb57752ca 4c93eda88aa34712a77213f0c7bd2288 - - default default] TaaS: Handle Delete Port: c8b23050-86d5-47c8-aac9-067fcac3d395
2026-07-17 04:52:18.658 7 INFO neutron_taas.services.taas.tap_mirror_plugin [None req-61b30584-fe29-4a4c-a2db-f1d429df0abc 400339b082ad4a7394408bfdb57752ca 4c93eda88aa34712a77213f0c7bd2288 - - default default] Tap Mirror: Handle Delete Port: c8b23050-86d5-47c8-aac9-067fcac3d395
2026-07-17 04:52:18.846 7 INFO neutron.services.segments.plugin [-] Segment 7f944a3a-15b7-46de-85fa-3f7cc445344c resource provider aggregate not found
2026-07-17 04:52:18.846 7 INFO neutron.services.segments.plugin [-] Segment 7f944a3a-15b7-46de-85fa-3f7cc445344c resource provider aggregate not found
2026-07-17 04:52:18.868 7 INFO neutron.services.segments.plugin [-] Segment 7f944a3a-15b7-46de-85fa-3f7cc445344c resource provider not found; error: Placement Client Error (4xx): {"errors": [{"status": 404, "title": "Not Found", "detail": "The resource could not be found.\n\n No resource provider with uuid 7f944a3a-15b7-46de-85fa-3f7cc445344c found for delete ", "request_id": "req-b2db7444-9b84-44ad-b941-85d620748269"}]}
2026-07-17 04:52:18.871 7 INFO neutron.services.segments.plugin [-] Segment 7f944a3a-15b7-46de-85fa-3f7cc445344c resource provider not found; error: Placement Client Error (4xx): {"errors": [{"status": 404, "title": "Not Found", "detail": "The resource could not be found.\n\n No resource provider with uuid 7f944a3a-15b7-46de-85fa-3f7cc445344c found for delete ", "request_id": "req-324c61f7-4463-4555-8909-ae440bbfae1d"}]} [pid: 7|app: 0|req: 779/1572] 10.0.0.208 () {32 vars in 726 bytes} [Fri Jul 17 04:52:18 2026] DELETE /v2.0/networks/4a7d96df-4e55-48b5-a218-be40b19aabe0 => generated 0 bytes in 446 msecs (HTTP/1.1 204) 3 headers in 131 bytes (1 switches on core 0)
2026-07-17 04:52:18.990 8 INFO neutron_taas.services.taas.taas_plugin [None req-a5c02db7-8238-4ef9-a0a5-a7d079d56464 400339b082ad4a7394408bfdb57752ca 4c93eda88aa34712a77213f0c7bd2288 - - default default] TaaS: Handle Delete Port: e7918393-a5ff-482f-a1b4-62fe43f513cd
2026-07-17 04:52:18.993 8 INFO neutron_taas.services.taas.tap_mirror_plugin [None req-a5c02db7-8238-4ef9-a0a5-a7d079d56464 400339b082ad4a7394408bfdb57752ca 4c93eda88aa34712a77213f0c7bd2288 - - default default] Tap Mirror: Handle Delete Port: e7918393-a5ff-482f-a1b4-62fe43f513cd [pid: 8|app: 0|req: 794/1573] 10.0.0.208 () {32 vars in 726 bytes} [Fri Jul 17 04:52:18 2026] DELETE /v2.0/networks/d173babc-6935-4f5e-a2b7-ce839fba41b5 => generated 0 bytes in 280 msecs (HTTP/1.1 204) 3 headers in 131 bytes (1 switches on core 0) [pid: 7|app: 0|req: 780/1574] 10.0.0.208 () {32 vars in 774 bytes} [Fri Jul 17 04:52:19 2026] GET /v2.0/security-groups?tenant_id=a3cedd2357514fe5b0b93c4263e8bbdb&name=default => generated 2925 bytes in 182 msecs (HTTP/1.1 200) 4 headers in 158 bytes (1 switches on core 0)
2026-07-17 04:52:19.292 8 INFO neutron_taas.services.taas.taas_plugin [None req-4e7c93a1-a953-49f3-b517-9cf9237cf3f2 400339b082ad4a7394408bfdb57752ca 4c93eda88aa34712a77213f0c7bd2288 - - default default] TaaS: Handle Delete Port: 78ca688d-1445-48be-862d-4971257ca984
2026-07-17 04:52:19.294 8 INFO neutron_taas.services.taas.tap_mirror_plugin [None req-4e7c93a1-a953-49f3-b517-9cf9237cf3f2 400339b082ad4a7394408bfdb57752ca 4c93eda88aa34712a77213f0c7bd2288 - - default default] Tap Mirror: Handle Delete Port: 78ca688d-1445-48be-862d-4971257ca984 [pid: 7|app: 0|req: 781/1575] 10.0.0.208 () {32 vars in 740 bytes} [Fri Jul 17 04:52:19 2026] DELETE /v2.0/security-groups/a562b64b-9b56-4231-a1f8-b7e81889f101 => generated 0 bytes in 229 msecs (HTTP/1.1 204) 2 headers in 112 bytes (1 switches on core 0) [pid: 8|app: 0|req: 795/1576] 10.0.0.208 () {32 vars in 726 bytes} [Fri Jul 17 04:52:19 2026] DELETE /v2.0/networks/c0cf747d-d842-43a4-ae6d-34a80023fd50 => generated 0 bytes in 349 msecs (HTTP/1.1 204) 3 headers in 131 bytes (1 switches on core 0) [pid: 7|app: 0|req: 782/1577] 10.0.0.1 () {34 vars in 988 bytes} [Fri Jul 17 04:52:19 2026] GET /v2.0/ports?device_id=16eb7023-e42e-4472-a4c1-2aac8c6b045b => generated 971 bytes in 107 msecs (HTTP/1.1 200) 4 headers in 157 bytes (1 switches on core 0) [pid: 7|app: 0|req: 783/1578] 10.0.0.1 () {34 vars in 1038 bytes} [Fri Jul 17 04:52:19 2026] GET /v2.0/security-groups?id=d97b4e0f-ff68-430a-9626-8cf42110cc9c&fields=id&fields=name => generated 88 bytes in 27 msecs (HTTP/1.1 200) 4 headers in 156 bytes (1 switches on core 0)
2026-07-17 04:52:19.664 8 INFO neutron_taas.services.taas.taas_plugin [None req-015160e5-1b9d-4974-9e1d-5f62ba593378 400339b082ad4a7394408bfdb57752ca 4c93eda88aa34712a77213f0c7bd2288 - - default default] TaaS: Handle Delete Port: b16cf319-b47f-4ea5-880d-c4094fa6db66
2026-07-17 04:52:19.666 8 INFO neutron_taas.services.taas.tap_mirror_plugin [None req-015160e5-1b9d-4974-9e1d-5f62ba593378 400339b082ad4a7394408bfdb57752ca 4c93eda88aa34712a77213f0c7bd2288 - - default default] Tap Mirror: Handle Delete Port: b16cf319-b47f-4ea5-880d-c4094fa6db66
2026-07-17 04:52:19.802 7 INFO neutron.notifiers.nova [-] Nova event matching ['req-442f7261-63f0-4d27-aace-623bcddcb4ce'] response: {'server_uuid': '16eb7023-e42e-4472-a4c1-2aac8c6b045b', 'name': 'network-vif-plugged', 'status': 'completed', 'tag': 'fb5983b1-d24b-4135-84ed-c71c42b9bb8f', 'code': 200} [pid: 8|app: 0|req: 796/1579] 10.0.0.208 () {32 vars in 726 bytes} [Fri Jul 17 04:52:19 2026] DELETE /v2.0/networks/9891d9db-03ea-451f-a454-64350f756260 => generated 0 bytes in 303 msecs (HTTP/1.1 204) 3 headers in 131 bytes (1 switches on core 0) [pid: 8|app: 0|req: 797/1580] 10.0.0.1 () {34 vars in 988 bytes} [Fri Jul 17 04:52:19 2026] GET /v2.0/ports?device_id=16eb7023-e42e-4472-a4c1-2aac8c6b045b => generated 971 bytes in 58 msecs (HTTP/1.1 200) 4 headers in 157 bytes (1 switches on core 0)
2026-07-17 04:52:19.965 7 INFO neutron_taas.services.taas.taas_plugin [None req-be54474b-9420-4cec-b44a-750a2658d661 400339b082ad4a7394408bfdb57752ca 4c93eda88aa34712a77213f0c7bd2288 - - default default] TaaS: Handle Delete Port: 39838f81-465d-4cfa-8e4d-13578be97b40
2026-07-17 04:52:19.967 7 INFO neutron_taas.services.taas.tap_mirror_plugin [None req-be54474b-9420-4cec-b44a-750a2658d661 400339b082ad4a7394408bfdb57752ca 4c93eda88aa34712a77213f0c7bd2288 - - default default] Tap Mirror: Handle Delete Port: 39838f81-465d-4cfa-8e4d-13578be97b40 [pid: 8|app: 0|req: 798/1581] 10.0.0.1 () {34 vars in 1038 bytes} [Fri Jul 17 04:52:19 2026] GET /v2.0/security-groups?id=d97b4e0f-ff68-430a-9626-8cf42110cc9c&fields=id&fields=name => generated 88 bytes in 22 msecs (HTTP/1.1 200) 4 headers in 156 bytes (1 switches on core 0) [pid: 7|app: 0|req: 784/1582] 10.0.0.208 () {32 vars in 726 bytes} [Fri Jul 17 04:52:19 2026] DELETE /v2.0/networks/e70abd30-8d4c-40e1-a9b0-fda39b16b1b9 => generated 0 bytes in 317 msecs (HTTP/1.1 204) 3 headers in 131 bytes (1 switches on core 0)
2026-07-17 04:52:20.616 8 INFO neutron.services.segments.plugin [-] Segment 3156050e-0a1c-49d1-bd7a-6992828a404c resource provider aggregate not found
2026-07-17 04:52:20.616 8 INFO neutron.services.segments.plugin [-] Segment 3156050e-0a1c-49d1-bd7a-6992828a404c resource provider aggregate not found
2026-07-17 04:52:20.629 8 INFO neutron.services.segments.plugin [-] Segment 3156050e-0a1c-49d1-bd7a-6992828a404c resource provider not found; error: Placement Client Error (4xx): {"errors": [{"status": 404, "title": "Not Found", "detail": "The resource could not be found.\n\n No resource provider with uuid 3156050e-0a1c-49d1-bd7a-6992828a404c found for delete ", "request_id": "req-b5d82ec1-8cbd-4446-aec3-64d736a14ab2"}]}
2026-07-17 04:52:20.637 8 INFO neutron.services.segments.plugin [-] Segment 3156050e-0a1c-49d1-bd7a-6992828a404c resource provider not found; error: Placement Client Error (4xx): {"errors": [{"status": 404, "title": "Not Found", "detail": "The resource could not be found.\n\n No resource provider with uuid 3156050e-0a1c-49d1-bd7a-6992828a404c found for delete ", "request_id": "req-44fffc87-0a4e-48ea-b821-9773d103c1a9"}]}
2026-07-17 04:52:20.649 8 INFO neutron.services.segments.plugin [-] Segment d2a75e9b-c552-4917-acc7-c1238de87444 resource provider aggregate not found
2026-07-17 04:52:20.658 8 INFO neutron.services.segments.plugin [-] Segment d2a75e9b-c552-4917-acc7-c1238de87444 resource provider aggregate not found
2026-07-17 04:52:20.670 8 INFO neutron.services.segments.plugin [-] Segment d2a75e9b-c552-4917-acc7-c1238de87444 resource provider not found; error: Placement Client Error (4xx): {"errors": [{"status": 404, "title": "Not Found", "detail": "The resource could not be found.\n\n No resource provider with uuid d2a75e9b-c552-4917-acc7-c1238de87444 found for delete ", "request_id": "req-c2782723-7f6c-4c4a-8cb9-96cb4af94912"}]}
2026-07-17 04:52:20.672 8 INFO neutron.services.segments.plugin [-] Segment d2a75e9b-c552-4917-acc7-c1238de87444 resource provider not found; error: Placement Client Error (4xx): {"errors": [{"status": 404, "title": "Not Found", "detail": "The resource could not be found.\n\n No resource provider with uuid d2a75e9b-c552-4917-acc7-c1238de87444 found for delete ", "request_id": "req-cacb94e6-23a1-4544-aa4f-9db82141b7c3"}]}
2026-07-17 04:52:20.691 8 INFO neutron.services.segments.plugin [-] Segment 46eb6627-f0b9-4e0d-b4d7-fdc93ab46e43 resource provider aggregate not found
2026-07-17 04:52:20.695 8 INFO neutron.services.segments.plugin [-] Segment 46eb6627-f0b9-4e0d-b4d7-fdc93ab46e43 resource provider aggregate not found
2026-07-17 04:52:20.705 8 INFO neutron.services.segments.plugin [-] Segment 46eb6627-f0b9-4e0d-b4d7-fdc93ab46e43 resource provider not found; error: Placement Client Error (4xx): {"errors": [{"status": 404, "title": "Not Found", "detail": "The resource could not be found.\n\n No resource provider with uuid 46eb6627-f0b9-4e0d-b4d7-fdc93ab46e43 found for delete ", "request_id": "req-ee2a3dbb-2bc2-4b6a-bba0-5dc61c570124"}]}
2026-07-17 04:52:20.708 8 INFO neutron.services.segments.plugin [-] Segment 46eb6627-f0b9-4e0d-b4d7-fdc93ab46e43 resource provider not found; error: Placement Client Error (4xx): {"errors": [{"status": 404, "title": "Not Found", "detail": "The resource could not be found.\n\n No resource provider with uuid 46eb6627-f0b9-4e0d-b4d7-fdc93ab46e43 found for delete ", "request_id": "req-9e62b817-2dec-4ac1-ad3b-6cf0ed57fcd8"}]}
2026-07-17 04:52:20.887 7 INFO neutron.services.segments.plugin [-] Segment 6d5e7ba5-6d7c-49cc-9ac5-be56bd1dad78 resource provider aggregate not found
2026-07-17 04:52:20.898 7 INFO neutron.services.segments.plugin [-] Segment 6d5e7ba5-6d7c-49cc-9ac5-be56bd1dad78 resource provider aggregate not found
2026-07-17 04:52:20.907 7 INFO neutron.services.segments.plugin [-] Segment 6d5e7ba5-6d7c-49cc-9ac5-be56bd1dad78 resource provider not found; error: Placement Client Error (4xx): {"errors": [{"status": 404, "title": "Not Found", "detail": "The resource could not be found.\n\n No resource provider with uuid 6d5e7ba5-6d7c-49cc-9ac5-be56bd1dad78 found for delete ", "request_id": "req-08fa4468-0381-4dbe-80be-7eae80c83fea"}]}
2026-07-17 04:52:20.916 7 INFO neutron.services.segments.plugin [-] Segment 6d5e7ba5-6d7c-49cc-9ac5-be56bd1dad78 resource provider not found; error: Placement Client Error (4xx): {"errors": [{"status": 404, "title": "Not Found", "detail": "The resource could not be found.\n\n No resource provider with uuid 6d5e7ba5-6d7c-49cc-9ac5-be56bd1dad78 found for delete ", "request_id": "req-31cf8a5f-4380-4368-b51c-850b254ee15a"}]}
2026-07-17 04:52:20.944 7 INFO neutron.plugins.ml2.drivers.ovn.mech_driver.mech_driver [None req-d87928d5-9de1-44eb-affc-072354e4f83b - - - - - -] OVN reports status down for port: fb5983b1-d24b-4135-84ed-c71c42b9bb8f [pid: 7|app: 0|req: 785/1583] 10.0.0.1 () {34 vars in 988 bytes} [Fri Jul 17 04:52:21 2026] GET /v2.0/ports?device_id=16eb7023-e42e-4472-a4c1-2aac8c6b045b => generated 969 bytes in 59 msecs (HTTP/1.1 200) 4 headers in 157 bytes (1 switches on core 0) [pid: 7|app: 0|req: 786/1584] 10.0.0.1 () {34 vars in 1038 bytes} [Fri Jul 17 04:52:21 2026] GET /v2.0/security-groups?id=d97b4e0f-ff68-430a-9626-8cf42110cc9c&fields=id&fields=name => generated 88 bytes in 70 msecs (HTTP/1.1 200) 4 headers in 156 bytes (1 switches on core 0)
2026-07-17 04:52:21.281 8 INFO neutron.db.ovn_revision_numbers_db [None req-88b043e9-2d37-48fb-a4a7-5aa53aadb1ca 7429bbffe4e946ad95104b685a44727c dc858f6b102d479ab1704aeda25ed970 - - default default] Successfully bumped revision number for resource eb18c72c-f9f2-43ff-a674-f1864c6f87dd (type: security_groups) to 1
2026-07-17 04:52:21.300 8 INFO neutron.db.ovn_revision_numbers_db [None req-88b043e9-2d37-48fb-a4a7-5aa53aadb1ca 7429bbffe4e946ad95104b685a44727c dc858f6b102d479ab1704aeda25ed970 - - default default] Successfully bumped revision number for resource 2d601359-3c44-493f-9395-16d871500a8e (type: security_group_rules) to 0
2026-07-17 04:52:21.312 7 INFO neutron.db.ovn_revision_numbers_db [None req-d87928d5-9de1-44eb-affc-072354e4f83b - - - - - -] Successfully bumped revision number for resource fb5983b1-d24b-4135-84ed-c71c42b9bb8f (type: ports) to 6
2026-07-17 04:52:21.313 8 INFO neutron.db.ovn_revision_numbers_db [None req-88b043e9-2d37-48fb-a4a7-5aa53aadb1ca 7429bbffe4e946ad95104b685a44727c dc858f6b102d479ab1704aeda25ed970 - - default default] Successfully bumped revision number for resource 790a55c1-73f1-452a-874b-e58ce24568e0 (type: security_group_rules) to 0
2026-07-17 04:52:21.326 8 INFO neutron.db.ovn_revision_numbers_db [None req-88b043e9-2d37-48fb-a4a7-5aa53aadb1ca 7429bbffe4e946ad95104b685a44727c dc858f6b102d479ab1704aeda25ed970 - - default default] Successfully bumped revision number for resource 8d9d6195-0208-4315-af13-77a42d926c01 (type: security_group_rules) to 0
2026-07-17 04:52:21.341 8 INFO neutron.db.ovn_revision_numbers_db [None req-88b043e9-2d37-48fb-a4a7-5aa53aadb1ca 7429bbffe4e946ad95104b685a44727c dc858f6b102d479ab1704aeda25ed970 - - default default] Successfully bumped revision number for resource cc3e0d24-2f3a-4f7a-af8e-e38aabddbfd0 (type: security_group_rules) to 0 [pid: 8|app: 0|req: 799/1585] 10.0.0.208 () {32 vars in 774 bytes} [Fri Jul 17 04:52:20 2026] GET /v2.0/security-groups?tenant_id=9607d79803bc4181b886a26030e5e747&name=default => generated 2925 bytes in 447 msecs (HTTP/1.1 200) 4 headers in 158 bytes (1 switches on core 0) /var/lib/openstack/lib/python3.12/site-packages/pycadf/identifier.py:70: UserWarning: Invalid uuid: neutron. To ensure interoperability, identifiers should be a valid uuid. warnings.warn(('Invalid uuid: %s. To ensure interoperability, '
2026-07-17 04:52:21.565 7 INFO neutron.db.ovn_revision_numbers_db [None req-d6f020e9-3dbd-4d3a-87c0-b6c70eeac3c7 613f0adba7f44ce7b47809610ec150b1 16344fc19a99400db198805dd3ede310 - - default default] Successfully bumped revision number for resource c1bb52da-d0be-4d43-94f4-5d0e6888e023 (type: security_groups) to 1
2026-07-17 04:52:21.578 7 INFO neutron.db.ovn_revision_numbers_db [None req-d6f020e9-3dbd-4d3a-87c0-b6c70eeac3c7 613f0adba7f44ce7b47809610ec150b1 16344fc19a99400db198805dd3ede310 - - default default] Successfully bumped revision number for resource c98245b7-2d72-48db-adef-f3c19a737313 (type: security_group_rules) to 0
2026-07-17 04:52:21.589 7 INFO neutron.db.ovn_revision_numbers_db [None req-d6f020e9-3dbd-4d3a-87c0-b6c70eeac3c7 613f0adba7f44ce7b47809610ec150b1 16344fc19a99400db198805dd3ede310 - - default default] Successfully bumped revision number for resource f28c0da8-2077-4edd-b078-326772427425 (type: security_group_rules) to 0
2026-07-17 04:52:21.602 7 INFO neutron.db.ovn_revision_numbers_db [None req-d6f020e9-3dbd-4d3a-87c0-b6c70eeac3c7 613f0adba7f44ce7b47809610ec150b1 16344fc19a99400db198805dd3ede310 - - default default] Successfully bumped revision number for resource f5244680-73f1-45bb-8352-12bd42e63841 (type: security_group_rules) to 0
2026-07-17 04:52:21.617 7 INFO neutron.db.ovn_revision_numbers_db [None req-d6f020e9-3dbd-4d3a-87c0-b6c70eeac3c7 613f0adba7f44ce7b47809610ec150b1 16344fc19a99400db198805dd3ede310 - - default default] Successfully bumped revision number for resource fc78437f-6aff-4300-a67e-e99272261d3d (type: security_group_rules) to 0 [pid: 8|app: 0|req: 800/1586] 10.0.0.208 () {32 vars in 740 bytes} [Fri Jul 17 04:52:21 2026] DELETE /v2.0/security-groups/eb18c72c-f9f2-43ff-a674-f1864c6f87dd => generated 0 bytes in 242 msecs (HTTP/1.1 204) 2 headers in 112 bytes (1 switches on core 0)
2026-07-17 04:52:21.709 7 INFO neutron.db.segments_db [None req-d6f020e9-3dbd-4d3a-87c0-b6c70eeac3c7 613f0adba7f44ce7b47809610ec150b1 16344fc19a99400db198805dd3ede310 - - default default] Added segment 243ff989-a412-48ed-a4cd-0c039c58f493 of type geneve for network 44d8198d-8bca-4555-afa0-4f4d722f42bc
2026-07-17 04:52:21.810 8 INFO neutron.db.ovn_revision_numbers_db [None req-bbc4af38-59cd-4999-a1d2-c35deffe6f8a 125df3f5cea9451fa3290eb05ab64109 3866fe34df0f457aa5901df2daaa9b9b - - default default] Successfully bumped revision number for resource ff6d1d98-65d5-43a2-a771-4dc335adcbf9 (type: security_groups) to 1
2026-07-17 04:52:21.822 8 INFO neutron.db.ovn_revision_numbers_db [None req-bbc4af38-59cd-4999-a1d2-c35deffe6f8a 125df3f5cea9451fa3290eb05ab64109 3866fe34df0f457aa5901df2daaa9b9b - - default default] Successfully bumped revision number for resource 1772f1c6-cd52-4e96-89a2-e49ecbb11472 (type: security_group_rules) to 0
2026-07-17 04:52:21.829 7 INFO neutron.db.ovn_revision_numbers_db [None req-d6f020e9-3dbd-4d3a-87c0-b6c70eeac3c7 613f0adba7f44ce7b47809610ec150b1 16344fc19a99400db198805dd3ede310 - - default default] Successfully bumped revision number for resource 44d8198d-8bca-4555-afa0-4f4d722f42bc (type: networks) to 1
2026-07-17 04:52:21.835 8 INFO neutron.db.ovn_revision_numbers_db [None req-bbc4af38-59cd-4999-a1d2-c35deffe6f8a 125df3f5cea9451fa3290eb05ab64109 3866fe34df0f457aa5901df2daaa9b9b - - default default] Successfully bumped revision number for resource 28445b52-3b9e-4412-b294-38008d3766f8 (type: security_group_rules) to 0
2026-07-17 04:52:21.844 7 INFO neutron.notifiers.nova [-] Nova event matching ['req-a99374cb-8178-46ab-9225-db455517bdff'] response: {'server_uuid': '16eb7023-e42e-4472-a4c1-2aac8c6b045b', 'name': 'network-vif-unplugged', 'status': 'completed', 'tag': 'fb5983b1-d24b-4135-84ed-c71c42b9bb8f', 'code': 200}
2026-07-17 04:52:21.844 7 INFO neutron.notifiers.nova [-] Nova event matching ['req-a99374cb-8178-46ab-9225-db455517bdff'] response: {'server_uuid': '16eb7023-e42e-4472-a4c1-2aac8c6b045b', 'name': 'network-vif-unplugged', 'status': 'completed', 'tag': 'fb5983b1-d24b-4135-84ed-c71c42b9bb8f', 'code': 200}
2026-07-17 04:52:21.846 8 INFO neutron.db.ovn_revision_numbers_db [None req-bbc4af38-59cd-4999-a1d2-c35deffe6f8a 125df3f5cea9451fa3290eb05ab64109 3866fe34df0f457aa5901df2daaa9b9b - - default default] Successfully bumped revision number for resource 356209b0-887b-4e6a-97bb-306e2a828509 (type: security_group_rules) to 0
2026-07-17 04:52:21.859 8 INFO neutron.db.ovn_revision_numbers_db [None req-bbc4af38-59cd-4999-a1d2-c35deffe6f8a 125df3f5cea9451fa3290eb05ab64109 3866fe34df0f457aa5901df2daaa9b9b - - default default] Successfully bumped revision number for resource 88635a9e-0144-499c-a76f-4feb252b7fa9 (type: security_group_rules) to 0
2026-07-17 04:52:21.926 8 INFO neutron.db.segments_db [None req-bbc4af38-59cd-4999-a1d2-c35deffe6f8a 125df3f5cea9451fa3290eb05ab64109 3866fe34df0f457aa5901df2daaa9b9b - - default default] Added segment 2af8254d-31f0-4187-8e2c-843a54e321f1 of type geneve for network a18fc69d-60ec-4f7c-9bda-d30c047ba738
2026-07-17 04:52:21.994 7 WARNING neutron.scheduler.dhcp_agent_scheduler [None req-d6f020e9-3dbd-4d3a-87c0-b6c70eeac3c7 613f0adba7f44ce7b47809610ec150b1 16344fc19a99400db198805dd3ede310 - - default default] No more DHCP agents
2026-07-17 04:52:21.995 7 WARNING neutron.api.rpc.agentnotifiers.dhcp_rpc_agent_api [None req-d6f020e9-3dbd-4d3a-87c0-b6c70eeac3c7 613f0adba7f44ce7b47809610ec150b1 16344fc19a99400db198805dd3ede310 - - default default] Unable to schedule network 44d8198d-8bca-4555-afa0-4f4d722f42bc: no agents available; will retry on subsequent port and subnet creation events.
2026-07-17 04:52:22.051 8 INFO neutron.plugins.ml2.drivers.ovn.mech_driver.mech_driver [None req-265902d2-6374-4e12-89bd-7817caf910d0 - - - - - -] OVN reports status down for port: bda3c97d-4875-4e3c-afdc-71d6d6d3032b
2026-07-17 04:52:22.054 8 INFO neutron.db.ovn_revision_numbers_db [None req-bbc4af38-59cd-4999-a1d2-c35deffe6f8a 125df3f5cea9451fa3290eb05ab64109 3866fe34df0f457aa5901df2daaa9b9b - - default default] Successfully bumped revision number for resource a18fc69d-60ec-4f7c-9bda-d30c047ba738 (type: networks) to 1
2026-07-17 04:52:22.075 7 INFO neutron.db.ovn_revision_numbers_db [None req-d6f020e9-3dbd-4d3a-87c0-b6c70eeac3c7 613f0adba7f44ce7b47809610ec150b1 16344fc19a99400db198805dd3ede310 - - default default] Successfully bumped revision number for resource bda3c97d-4875-4e3c-afdc-71d6d6d3032b (type: ports) to 1 [pid: 7|app: 0|req: 787/1587] 10.0.0.208 () {34 vars in 671 bytes} [Fri Jul 17 04:52:21 2026] POST /v2.0/networks => generated 652 bytes in 862 msecs (HTTP/1.1 201) 4 headers in 162 bytes (1 switches on core 0) [pid: 7|app: 0|req: 788/1588] 10.0.0.208 () {32 vars in 774 bytes} [Fri Jul 17 04:52:22 2026] GET /v2.0/security-groups?tenant_id=4c93eda88aa34712a77213f0c7bd2288&name=default => generated 2925 bytes in 25 msecs (HTTP/1.1 200) 4 headers in 158 bytes (1 switches on core 0)
2026-07-17 04:52:22.263 8 WARNING neutron.scheduler.dhcp_agent_scheduler [None req-bbc4af38-59cd-4999-a1d2-c35deffe6f8a 125df3f5cea9451fa3290eb05ab64109 3866fe34df0f457aa5901df2daaa9b9b - - default default] No more DHCP agents
2026-07-17 04:52:22.264 8 WARNING neutron.api.rpc.agentnotifiers.dhcp_rpc_agent_api [None req-bbc4af38-59cd-4999-a1d2-c35deffe6f8a 125df3f5cea9451fa3290eb05ab64109 3866fe34df0f457aa5901df2daaa9b9b - - default default] Unable to schedule network a18fc69d-60ec-4f7c-9bda-d30c047ba738: no agents available; will retry on subsequent port and subnet creation events.
2026-07-17 04:52:22.313 8 INFO neutron.plugins.ml2.drivers.ovn.mech_driver.mech_driver [None req-265902d2-6374-4e12-89bd-7817caf910d0 - - - - - -] OVN reports status down for port: 884d14d1-975d-4e62-88f2-a4a36e1413a5
2026-07-17 04:52:22.367 8 INFO neutron.db.ovn_revision_numbers_db [None req-bbc4af38-59cd-4999-a1d2-c35deffe6f8a 125df3f5cea9451fa3290eb05ab64109 3866fe34df0f457aa5901df2daaa9b9b - - default default] Successfully bumped revision number for resource 884d14d1-975d-4e62-88f2-a4a36e1413a5 (type: ports) to 1 [pid: 8|app: 0|req: 801/1589] 10.0.0.208 () {34 vars in 670 bytes} [Fri Jul 17 04:52:21 2026] POST /v2.0/networks => generated 667 bytes in 775 msecs (HTTP/1.1 201) 4 headers in 162 bytes (1 switches on core 0)
2026-07-17 04:52:22.525 7 WARNING neutron.scheduler.dhcp_agent_scheduler [None req-04250fda-a49d-40b3-9b6a-93d4a792e2dc 613f0adba7f44ce7b47809610ec150b1 16344fc19a99400db198805dd3ede310 - - default default] No more DHCP agents
2026-07-17 04:52:22.529 7 WARNING neutron.api.rpc.agentnotifiers.dhcp_rpc_agent_api [None req-04250fda-a49d-40b3-9b6a-93d4a792e2dc 613f0adba7f44ce7b47809610ec150b1 16344fc19a99400db198805dd3ede310 - - default default] Unable to schedule network b9acc83f-c2c4-4ef6-8439-169991b42654: no agents available; will retry on subsequent port and subnet creation events.
2026-07-17 04:52:22.679 8 INFO neutron.plugins.ml2.drivers.ovn.mech_driver.mech_driver [None req-265902d2-6374-4e12-89bd-7817caf910d0 - - - - - -] OVN reports status down for port: aa21fb1c-f550-4b35-b18b-8ab09087fd6e
2026-07-17 04:52:22.707 7 INFO neutron.db.ovn_revision_numbers_db [None req-04250fda-a49d-40b3-9b6a-93d4a792e2dc 613f0adba7f44ce7b47809610ec150b1 16344fc19a99400db198805dd3ede310 - - default default] Successfully bumped revision number for resource aa21fb1c-f550-4b35-b18b-8ab09087fd6e (type: ports) to 1 [pid: 8|app: 0|req: 802/1590] 10.0.0.208 () {32 vars in 740 bytes} [Fri Jul 17 04:52:22 2026] DELETE /v2.0/security-groups/0411790b-ce75-4838-bad3-af6e31e782d6 => generated 0 bytes in 353 msecs (HTTP/1.1 204) 2 headers in 112 bytes (1 switches on core 0) [pid: 8|app: 0|req: 803/1591] 199.204.45.216 () {34 vars in 994 bytes} [Fri Jul 17 04:52:22 2026] GET /v2.0/ports?device_id=16eb7023-e42e-4472-a4c1-2aac8c6b045b => generated 969 bytes in 49 msecs (HTTP/1.1 200) 4 headers in 157 bytes (1 switches on core 0) [pid: 8|app: 0|req: 804/1592] 10.0.0.1 () {34 vars in 988 bytes} [Fri Jul 17 04:52:22 2026] GET /v2.0/ports?device_id=16eb7023-e42e-4472-a4c1-2aac8c6b045b => generated 969 bytes in 30 msecs (HTTP/1.1 200) 4 headers in 157 bytes (1 switches on core 0)
2026-07-17 04:52:22.953 8 INFO neutron_taas.services.taas.taas_plugin [req-f1d207c7-b1b1-4d80-a0ee-59603c700e82 req-a9f6673a-c688-4dcb-85e4-6dab323cdfa5 70cb8a2de15d4bf286d00332892c9e78 ec2e7f62b65649f68f1c3c455afd29d7 - - default default] TaaS: Handle Delete Port: fb5983b1-d24b-4135-84ed-c71c42b9bb8f
