2026-07-17 04:52:54.600 8 INFO neutron.db.ovn_revision_numbers_db [None req-f06cac1e-a49a-4198-85f9-70f430085f02 9db60d91aaf74f53856c3b74e4694e23 aa50bc7315b44700b35745ada7678349 - - default default] Successfully bumped revision number for resource 4c681c27-26e3-4808-acf0-7ea3ed3b7b1d (type: routers) to 1 [pid: 8|app: 0|req: 1020/1943] 10.0.0.208 () {34 vars in 669 bytes} [Fri Jul 17 04:52:54 2026] POST /v2.0/routers => generated 606 bytes in 133 msecs (HTTP/1.1 201) 4 headers in 162 bytes (1 switches on core 0) [pid: 7|app: 0|req: 924/1944] 10.0.0.208 () {32 vars in 717 bytes} [Fri Jul 17 04:52:54 2026] GET /v2.0/ports/2951d3d6-ee4e-43c2-a0ca-45bd9fa627f0 => generated 826 bytes in 148 msecs (HTTP/1.1 200) 4 headers in 157 bytes (1 switches on core 0) [pid: 7|app: 0|req: 925/1945] 10.0.0.208 () {32 vars in 722 bytes} [Fri Jul 17 04:52:54 2026] DELETE /v2.0/trunks/4093d714-991e-403c-a311-8ae2435a8a79 => generated 0 bytes in 111 msecs (HTTP/1.1 204) 2 headers in 112 bytes (1 switches on core 0) [pid: 7|app: 0|req: 926/1946] 10.0.0.208 () {32 vars in 719 bytes} [Fri Jul 17 04:52:54 2026] GET /v2.0/trunks/7cc67947-f1f2-4be8-af00-04c273742931 => generated 416 bytes in 22 msecs (HTTP/1.1 200) 4 headers in 157 bytes (1 switches on core 0) [pid: 7|app: 0|req: 927/1947] 10.0.0.208 () {32 vars in 717 bytes} [Fri Jul 17 04:52:54 2026] GET /v2.0/ports/d1f6f4d6-f6eb-470e-853e-aeab916f179d => generated 826 bytes in 121 msecs (HTTP/1.1 200) 4 headers in 157 bytes (1 switches on core 0)
2026-07-17 04:52:55.063 8 WARNING neutron.scheduler.dhcp_agent_scheduler [None req-a6dedc73-f0ca-44fe-8f7a-1e39b580625a 9db60d91aaf74f53856c3b74e4694e23 aa50bc7315b44700b35745ada7678349 - - default default] No more DHCP agents
2026-07-17 04:52:55.066 8 WARNING neutron.api.rpc.agentnotifiers.dhcp_rpc_agent_api [None req-a6dedc73-f0ca-44fe-8f7a-1e39b580625a 9db60d91aaf74f53856c3b74e4694e23 aa50bc7315b44700b35745ada7678349 - - default default] Unable to schedule network fe324e6b-98f8-4997-918d-f0bad4acf1f5: no agents available; will retry on subsequent port and subnet creation events. [pid: 7|app: 0|req: 928/1948] 10.0.0.208 () {32 vars in 722 bytes} [Fri Jul 17 04:52:54 2026] DELETE /v2.0/trunks/7cc67947-f1f2-4be8-af00-04c273742931 => generated 0 bytes in 124 msecs (HTTP/1.1 204) 2 headers in 112 bytes (1 switches on core 0) [pid: 7|app: 0|req: 929/1949] 10.0.0.208 () {32 vars in 719 bytes} [Fri Jul 17 04:52:55 2026] GET /v2.0/trunks/8d407076-6690-4f1f-8146-35d9709e1718 => generated 409 bytes in 38 msecs (HTTP/1.1 200) 4 headers in 157 bytes (1 switches on core 0)
2026-07-17 04:52:55.161 8 INFO neutron.plugins.ml2.drivers.ovn.mech_driver.mech_driver [None req-a0c82749-9496-4ba1-9d52-2c60b86a09cb - - - - - -] OVN reports status down for port: cbd7ff81-850b-4a94-867c-f085fe607f78
2026-07-17 04:52:55.253 8 INFO neutron.db.ovn_revision_numbers_db [None req-a6dedc73-f0ca-44fe-8f7a-1e39b580625a 9db60d91aaf74f53856c3b74e4694e23 aa50bc7315b44700b35745ada7678349 - - default default] Successfully bumped revision number for resource cbd7ff81-850b-4a94-867c-f085fe607f78 (type: ports) to 1 [pid: 7|app: 0|req: 930/1950] 10.0.0.208 () {32 vars in 717 bytes} [Fri Jul 17 04:52:55 2026] GET /v2.0/ports/5c3c191f-5c4c-49bb-bf18-ae01fc7bee06 => generated 826 bytes in 189 msecs (HTTP/1.1 200) 4 headers in 157 bytes (1 switches on core 0)
2026-07-17 04:52:55.362 7 INFO neutron.db.ovn_revision_numbers_db [None req-38978d83-9517-4763-9371-e8e08a863cc2 - - - - - -] Successfully bumped revision number for resource 2d86b255-dfec-477d-9e3c-41abf2abe063 (type: ports) to 2
2026-07-17 04:52:55.585 7 INFO neutron.db.ovn_revision_numbers_db [None req-58b97399-0155-4acf-9d0e-5d7ed038cc9d 7429bbffe4e946ad95104b685a44727c dc858f6b102d479ab1704aeda25ed970 - - default default] Successfully bumped revision number for resource f4194c1a-8436-4464-bef7-f0efce5a23c9 (type: security_groups) to 1
2026-07-17 04:52:55.598 7 INFO neutron.db.ovn_revision_numbers_db [None req-58b97399-0155-4acf-9d0e-5d7ed038cc9d 7429bbffe4e946ad95104b685a44727c dc858f6b102d479ab1704aeda25ed970 - - default default] Successfully bumped revision number for resource 5745db88-448c-4d6d-b6d4-efa240a1400a (type: security_group_rules) to 0
2026-07-17 04:52:55.613 7 INFO neutron.db.ovn_revision_numbers_db [None req-58b97399-0155-4acf-9d0e-5d7ed038cc9d 7429bbffe4e946ad95104b685a44727c dc858f6b102d479ab1704aeda25ed970 - - default default] Successfully bumped revision number for resource 5f7c08ab-235b-4f58-87ea-03f1b42581d2 (type: security_group_rules) to 0
2026-07-17 04:52:55.627 7 INFO neutron.db.ovn_revision_numbers_db [None req-58b97399-0155-4acf-9d0e-5d7ed038cc9d 7429bbffe4e946ad95104b685a44727c dc858f6b102d479ab1704aeda25ed970 - - default default] Successfully bumped revision number for resource 6f66db60-ccb1-42e1-9cde-55c5e43fc385 (type: security_group_rules) to 0
2026-07-17 04:52:55.646 7 INFO neutron.db.ovn_revision_numbers_db [None req-58b97399-0155-4acf-9d0e-5d7ed038cc9d 7429bbffe4e946ad95104b685a44727c dc858f6b102d479ab1704aeda25ed970 - - default default] Successfully bumped revision number for resource f93eb55c-e893-466a-bc8f-c2c907c37207 (type: security_group_rules) to 0
2026-07-17 04:52:55.724 7 INFO neutron.db.segments_db [None req-58b97399-0155-4acf-9d0e-5d7ed038cc9d 7429bbffe4e946ad95104b685a44727c dc858f6b102d479ab1704aeda25ed970 - - default default] Added segment 4e675f6b-869e-4dac-b1f4-fda6b4a05f6d of type geneve for network 018c45dc-7e96-4088-ad51-9cfa76e3e1c9
2026-07-17 04:52:55.824 8 INFO neutron.plugins.ml2.drivers.ovn.mech_driver.mech_driver [None req-a0c82749-9496-4ba1-9d52-2c60b86a09cb - - - - - -] OVN reports status up for port: cbd7ff81-850b-4a94-867c-f085fe607f78
2026-07-17 04:52:55.849 8 INFO neutron.plugins.ml2.plugin [None req-a0c82749-9496-4ba1-9d52-2c60b86a09cb - - - - - -] Attempt 1 to provision port cbd7ff81-850b-4a94-867c-f085fe607f78
2026-07-17 04:52:55.854 7 INFO neutron.db.ovn_revision_numbers_db [None req-58b97399-0155-4acf-9d0e-5d7ed038cc9d 7429bbffe4e946ad95104b685a44727c dc858f6b102d479ab1704aeda25ed970 - - default default] Successfully bumped revision number for resource 018c45dc-7e96-4088-ad51-9cfa76e3e1c9 (type: networks) to 1
2026-07-17 04:52:55.980 8 WARNING neutron.scheduler.dhcp_agent_scheduler [None req-a6dedc73-f0ca-44fe-8f7a-1e39b580625a 9db60d91aaf74f53856c3b74e4694e23 aa50bc7315b44700b35745ada7678349 - - default default] No more DHCP agents
2026-07-17 04:52:55.982 8 WARNING neutron.api.rpc.agentnotifiers.dhcp_rpc_agent_api [None req-a6dedc73-f0ca-44fe-8f7a-1e39b580625a 9db60d91aaf74f53856c3b74e4694e23 aa50bc7315b44700b35745ada7678349 - - default default] Unable to schedule network fe324e6b-98f8-4997-918d-f0bad4acf1f5: no agents available; will retry on subsequent port and subnet creation events.
2026-07-17 04:52:56.049 7 WARNING neutron.scheduler.dhcp_agent_scheduler [None req-58b97399-0155-4acf-9d0e-5d7ed038cc9d 7429bbffe4e946ad95104b685a44727c dc858f6b102d479ab1704aeda25ed970 - - default default] No more DHCP agents
2026-07-17 04:52:56.050 7 WARNING neutron.api.rpc.agentnotifiers.dhcp_rpc_agent_api [None req-58b97399-0155-4acf-9d0e-5d7ed038cc9d 7429bbffe4e946ad95104b685a44727c dc858f6b102d479ab1704aeda25ed970 - - default default] Unable to schedule network 018c45dc-7e96-4088-ad51-9cfa76e3e1c9: no agents available; will retry on subsequent port and subnet creation events.
2026-07-17 04:52:56.134 7 INFO neutron.db.ovn_revision_numbers_db [None req-58b97399-0155-4acf-9d0e-5d7ed038cc9d 7429bbffe4e946ad95104b685a44727c dc858f6b102d479ab1704aeda25ed970 - - default default] Successfully bumped revision number for resource 2556f92a-2dd2-4767-9e9d-1739ab21c563 (type: ports) to 1 [pid: 7|app: 0|req: 931/1951] 10.0.0.208 () {34 vars in 671 bytes} [Fri Jul 17 04:52:55 2026] POST /v2.0/networks => generated 763 bytes in 826 msecs (HTTP/1.1 201) 4 headers in 162 bytes (1 switches on core 0) [pid: 7|app: 0|req: 932/1952] 10.0.0.208 () {32 vars in 722 bytes} [Fri Jul 17 04:52:56 2026] DELETE /v2.0/trunks/8d407076-6690-4f1f-8146-35d9709e1718 => generated 0 bytes in 61 msecs (HTTP/1.1 204) 2 headers in 112 bytes (1 switches on core 0)
2026-07-17 04:52:56.362 8 INFO neutron.db.ovn_revision_numbers_db [None req-a6dedc73-f0ca-44fe-8f7a-1e39b580625a 9db60d91aaf74f53856c3b74e4694e23 aa50bc7315b44700b35745ada7678349 - - default default] Successfully bumped revision number for resource cbd7ff81-850b-4a94-867c-f085fe607f78 (type: router_ports) to 1 [pid: 8|app: 0|req: 1021/1953] 10.0.0.208 () {34 vars in 783 bytes} [Fri Jul 17 04:52:54 2026] PUT /v2.0/routers/4c681c27-26e3-4808-acf0-7ea3ed3b7b1d/add_router_interface => generated 309 bytes in 1747 msecs (HTTP/1.1 200) 4 headers in 157 bytes (1 switches on core 0) [pid: 7|app: 0|req: 933/1954] 10.0.0.189 () {34 vars in 990 bytes} [Fri Jul 17 04:52:56 2026] GET /v2.0/ports?device_id=0e3dca57-e0cd-49ed-84d6-19233df49e6b => generated 1213 bytes in 151 msecs (HTTP/1.1 200) 4 headers in 158 bytes (1 switches on core 0)
2026-07-17 04:52:56.532 7 INFO neutron_taas.services.taas.taas_plugin [None req-a4925e2d-4299-46dc-822a-85a9cb54f9d8 14e32b930a6d40eeb79f83fa2edc7cbf f02ed0918fc14878a815208b55df29a0 - - default default] TaaS: Handle Delete Port: eaaf52be-397f-432b-8634-f65a2ab78dc1
2026-07-17 04:52:56.536 7 INFO neutron_taas.services.taas.tap_mirror_plugin [None req-a4925e2d-4299-46dc-822a-85a9cb54f9d8 14e32b930a6d40eeb79f83fa2edc7cbf f02ed0918fc14878a815208b55df29a0 - - default default] Tap Mirror: Handle Delete Port: eaaf52be-397f-432b-8634-f65a2ab78dc1
2026-07-17 04:52:56.554 8 INFO neutron.db.ovn_revision_numbers_db [None req-a0c82749-9496-4ba1-9d52-2c60b86a09cb - - - - - -] Successfully bumped revision number for resource cbd7ff81-850b-4a94-867c-f085fe607f78 (type: ports) to 2
2026-07-17 04:52:56.654 8 WARNING neutron.scheduler.dhcp_agent_scheduler [None req-5d00a4b8-d24d-4989-8c01-e07df1772231 7429bbffe4e946ad95104b685a44727c dc858f6b102d479ab1704aeda25ed970 - - default default] No more DHCP agents [pid: 7|app: 0|req: 934/1955] 10.0.0.208 () {32 vars in 720 bytes} [Fri Jul 17 04:52:56 2026] DELETE /v2.0/ports/eaaf52be-397f-432b-8634-f65a2ab78dc1 => generated 0 bytes in 278 msecs (HTTP/1.1 204) 3 headers in 131 bytes (1 switches on core 0)
2026-07-17 04:52:56.657 8 WARNING neutron.api.rpc.agentnotifiers.dhcp_rpc_agent_api [None req-5d00a4b8-d24d-4989-8c01-e07df1772231 7429bbffe4e946ad95104b685a44727c dc858f6b102d479ab1704aeda25ed970 - - default default] Unable to schedule network 018c45dc-7e96-4088-ad51-9cfa76e3e1c9: no agents available; will retry on subsequent port and subnet creation events. [pid: 7|app: 0|req: 935/1956] 10.0.0.208 () {32 vars in 717 bytes} [Fri Jul 17 04:52:56 2026] GET /v2.0/ports/cbd7ff81-850b-4a94-867c-f085fe607f78 => generated 947 bytes in 63 msecs (HTTP/1.1 200) 4 headers in 157 bytes (1 switches on core 0) [pid: 7|app: 0|req: 936/1957] 10.0.0.189 () {34 vars in 1040 bytes} [Fri Jul 17 04:52:56 2026] GET /v2.0/security-groups?id=9563d8a3-ceb8-49c9-b7a2-aa2b9ef10553&fields=id&fields=name => generated 114 bytes in 23 msecs (HTTP/1.1 200) 4 headers in 157 bytes (1 switches on core 0)
2026-07-17 04:52:56.859 7 INFO neutron_taas.services.taas.taas_plugin [None req-ca325036-b940-4ed7-ae79-9e8916ada2c8 14e32b930a6d40eeb79f83fa2edc7cbf f02ed0918fc14878a815208b55df29a0 - - default default] TaaS: Handle Delete Port: c308efd7-5c63-4eaa-bdc7-2e568a0fc07f
2026-07-17 04:52:56.864 7 INFO neutron_taas.services.taas.tap_mirror_plugin [None req-ca325036-b940-4ed7-ae79-9e8916ada2c8 14e32b930a6d40eeb79f83fa2edc7cbf f02ed0918fc14878a815208b55df29a0 - - default default] Tap Mirror: Handle Delete Port: c308efd7-5c63-4eaa-bdc7-2e568a0fc07f [pid: 7|app: 0|req: 937/1958] 10.0.0.208 () {32 vars in 720 bytes} [Fri Jul 17 04:52:56 2026] DELETE /v2.0/ports/c308efd7-5c63-4eaa-bdc7-2e568a0fc07f => generated 0 bytes in 266 msecs (HTTP/1.1 204) 3 headers in 131 bytes (1 switches on core 0)
2026-07-17 04:52:57.103 8 INFO neutron.db.ovn_revision_numbers_db [None req-151b5660-7afe-4c4b-bd8c-62859abe1b56 - - - - - -] Successfully bumped revision number for resource 2556f92a-2dd2-4767-9e9d-1739ab21c563 (type: ports) to 2
2026-07-17 04:52:57.133 8 INFO neutron.db.ovn_revision_numbers_db [None req-151b5660-7afe-4c4b-bd8c-62859abe1b56 - - - - - -] Successfully bumped revision number for resource 7cb649a6-f22d-40b4-9baa-00396b372135 (type: subnets) to 0 [pid: 8|app: 0|req: 1022/1959] 10.0.0.208 () {34 vars in 669 bytes} [Fri Jul 17 04:52:56 2026] POST /v2.0/subnets => generated 688 bytes in 780 msecs (HTTP/1.1 201) 4 headers in 162 bytes (1 switches on core 0)
2026-07-17 04:52:57.290 8 INFO neutron_taas.services.taas.taas_plugin [None req-4a512d35-cc2e-4fcc-862f-49df5bf2d4f9 14e32b930a6d40eeb79f83fa2edc7cbf f02ed0918fc14878a815208b55df29a0 - - default default] TaaS: Handle Delete Port: 2951d3d6-ee4e-43c2-a0ca-45bd9fa627f0
2026-07-17 04:52:57.294 8 INFO neutron_taas.services.taas.tap_mirror_plugin [None req-4a512d35-cc2e-4fcc-862f-49df5bf2d4f9 14e32b930a6d40eeb79f83fa2edc7cbf f02ed0918fc14878a815208b55df29a0 - - default default] Tap Mirror: Handle Delete Port: 2951d3d6-ee4e-43c2-a0ca-45bd9fa627f0 [pid: 8|app: 0|req: 1023/1960] 10.0.0.208 () {32 vars in 720 bytes} [Fri Jul 17 04:52:57 2026] DELETE /v2.0/ports/2951d3d6-ee4e-43c2-a0ca-45bd9fa627f0 => generated 0 bytes in 239 msecs (HTTP/1.1 204) 3 headers in 131 bytes (1 switches on core 0)
2026-07-17 04:52:57.464 7 WARNING neutron.scheduler.dhcp_agent_scheduler [None req-715e466d-95f6-4771-8c42-3b2405c39493 9db60d91aaf74f53856c3b74e4694e23 aa50bc7315b44700b35745ada7678349 - - default default] No more DHCP agents
2026-07-17 04:52:57.466 7 WARNING neutron.api.rpc.agentnotifiers.dhcp_rpc_agent_api [None req-715e466d-95f6-4771-8c42-3b2405c39493 9db60d91aaf74f53856c3b74e4694e23 aa50bc7315b44700b35745ada7678349 - - default default] Unable to schedule network 6cb2a823-e1be-4532-b1d2-c0f7ea9ad3f9: no agents available; will retry on subsequent port and subnet creation events.
2026-07-17 04:52:57.599 7 INFO neutron.db.ovn_revision_numbers_db [None req-715e466d-95f6-4771-8c42-3b2405c39493 9db60d91aaf74f53856c3b74e4694e23 aa50bc7315b44700b35745ada7678349 - - default default] Successfully bumped revision number for resource 7bb2dad9-bbcd-43d0-a96c-35376e9d16f2 (type: ports) to 1
2026-07-17 04:52:57.825 8 WARNING neutron.scheduler.dhcp_agent_scheduler [None req-563c4320-0763-453f-b64a-518d24280afe 7429bbffe4e946ad95104b685a44727c dc858f6b102d479ab1704aeda25ed970 - - default default] No more DHCP agents
2026-07-17 04:52:57.826 8 WARNING neutron.api.rpc.agentnotifiers.dhcp_rpc_agent_api [None req-563c4320-0763-453f-b64a-518d24280afe 7429bbffe4e946ad95104b685a44727c dc858f6b102d479ab1704aeda25ed970 - - default default] Unable to schedule network b9acc83f-c2c4-4ef6-8439-169991b42654: no agents available; will retry on subsequent port and subnet creation events.
2026-07-17 04:52:57.993 8 INFO neutron.db.ovn_revision_numbers_db [None req-563c4320-0763-453f-b64a-518d24280afe 7429bbffe4e946ad95104b685a44727c dc858f6b102d479ab1704aeda25ed970 - - default default] Successfully bumped revision number for resource 50fe2227-2ad4-4090-825b-3726ea0a506d (type: ports) to 1
2026-07-17 04:52:58.302 7 WARNING neutron.scheduler.dhcp_agent_scheduler [None req-715e466d-95f6-4771-8c42-3b2405c39493 9db60d91aaf74f53856c3b74e4694e23 aa50bc7315b44700b35745ada7678349 - - default default] No more DHCP agents
2026-07-17 04:52:58.304 7 WARNING neutron.api.rpc.agentnotifiers.dhcp_rpc_agent_api [None req-715e466d-95f6-4771-8c42-3b2405c39493 9db60d91aaf74f53856c3b74e4694e23 aa50bc7315b44700b35745ada7678349 - - default default] Unable to schedule network 6cb2a823-e1be-4532-b1d2-c0f7ea9ad3f9: no agents available; will retry on subsequent port and subnet creation events.
2026-07-17 04:52:58.525 7 INFO neutron.db.ovn_revision_numbers_db [None req-715e466d-95f6-4771-8c42-3b2405c39493 9db60d91aaf74f53856c3b74e4694e23 aa50bc7315b44700b35745ada7678349 - - default default] Successfully bumped revision number for resource 7bb2dad9-bbcd-43d0-a96c-35376e9d16f2 (type: router_ports) to 1 [pid: 7|app: 0|req: 938/1961] 10.0.0.208 () {34 vars in 783 bytes} [Fri Jul 17 04:52:57 2026] PUT /v2.0/routers/4c681c27-26e3-4808-acf0-7ea3ed3b7b1d/add_router_interface => generated 309 bytes in 1524 msecs (HTTP/1.1 200) 4 headers in 157 bytes (1 switches on core 0)
2026-07-17 04:52:58.639 8 INFO neutron.plugins.ml2.drivers.ovn.mech_driver.ovsdb.commands [None req-37039950-f1a8-4672-8bcc-fe72eed94b08 - - - - - -] Schedule LRP lrp-50fe2227-2ad4-4090-825b-3726ea0a506d on gateway eee1ccc5-105f-4790-841b-a1cdd9cc6bce with priority 1
2026-07-17 04:52:58.673 7 INFO neutron_taas.services.taas.taas_plugin [None req-17c63b25-967a-4c9a-9b33-a82a3f07c5c9 14e32b930a6d40eeb79f83fa2edc7cbf f02ed0918fc14878a815208b55df29a0 - - default default] TaaS: Handle Delete Port: d1f6f4d6-f6eb-470e-853e-aeab916f179d
2026-07-17 04:52:58.677 7 INFO neutron_taas.services.taas.tap_mirror_plugin [None req-17c63b25-967a-4c9a-9b33-a82a3f07c5c9 14e32b930a6d40eeb79f83fa2edc7cbf f02ed0918fc14878a815208b55df29a0 - - default default] Tap Mirror: Handle Delete Port: d1f6f4d6-f6eb-470e-853e-aeab916f179d
2026-07-17 04:52:58.698 7 INFO neutron.plugins.ml2.drivers.ovn.mech_driver.ovsdb.ovsdb_monitor [None req-16213724-acd0-4e4c-abff-4bb7f866ddbd - - - - - -] Router 228328a8-f20c-451d-a293-5bec64939ca9 is bound to host instance
2026-07-17 04:52:58.732 8 INFO neutron.db.ovn_revision_numbers_db [None req-563c4320-0763-453f-b64a-518d24280afe 7429bbffe4e946ad95104b685a44727c dc858f6b102d479ab1704aeda25ed970 - - default default] Successfully bumped revision number for resource 50fe2227-2ad4-4090-825b-3726ea0a506d (type: router_ports) to 1
2026-07-17 04:52:58.803 8 INFO neutron.db.ovn_revision_numbers_db [None req-563c4320-0763-453f-b64a-518d24280afe 7429bbffe4e946ad95104b685a44727c dc858f6b102d479ab1704aeda25ed970 - - default default] Successfully bumped revision number for resource 228328a8-f20c-451d-a293-5bec64939ca9 (type: routers) to 2 [pid: 8|app: 0|req: 1024/1962] 10.0.0.208 () {34 vars in 669 bytes} [Fri Jul 17 04:52:57 2026] POST /v2.0/routers => generated 966 bytes in 1438 msecs (HTTP/1.1 201) 4 headers in 162 bytes (1 switches on core 0) [pid: 8|app: 0|req: 1025/1963] 10.0.0.208 () {32 vars in 717 bytes} [Fri Jul 17 04:52:58 2026] GET /v2.0/ports/7bb2dad9-bbcd-43d0-a96c-35376e9d16f2 => generated 953 bytes in 50 msecs (HTTP/1.1 200) 4 headers in 157 bytes (1 switches on core 0) [pid: 7|app: 0|req: 939/1964] 10.0.0.208 () {32 vars in 720 bytes} [Fri Jul 17 04:52:58 2026] DELETE /v2.0/ports/d1f6f4d6-f6eb-470e-853e-aeab916f179d => generated 0 bytes in 346 msecs (HTTP/1.1 204) 3 headers in 131 bytes (1 switches on core 0) [pid: 7|app: 0|req: 940/1965] 10.0.0.208 () {32 vars in 717 bytes} [Fri Jul 17 04:52:58 2026] GET /v2.0/ports/7bb2dad9-bbcd-43d0-a96c-35376e9d16f2 => generated 953 bytes in 151 msecs (HTTP/1.1 200) 4 headers in 157 bytes (1 switches on core 0)
2026-07-17 04:52:59.217 7 INFO neutron_taas.services.taas.taas_plugin [None req-bbc60bb4-7565-4f2f-b65a-c0b70c00b806 14e32b930a6d40eeb79f83fa2edc7cbf f02ed0918fc14878a815208b55df29a0 - - default default] TaaS: Handle Delete Port: 5c3c191f-5c4c-49bb-bf18-ae01fc7bee06
2026-07-17 04:52:59.222 7 INFO neutron_taas.services.taas.tap_mirror_plugin [None req-bbc60bb4-7565-4f2f-b65a-c0b70c00b806 14e32b930a6d40eeb79f83fa2edc7cbf f02ed0918fc14878a815208b55df29a0 - - default default] Tap Mirror: Handle Delete Port: 5c3c191f-5c4c-49bb-bf18-ae01fc7bee06
2026-07-17 04:52:59.296 8 WARNING neutron.scheduler.dhcp_agent_scheduler [None req-94862e65-62e8-4a63-b188-4e25f650010a 7429bbffe4e946ad95104b685a44727c dc858f6b102d479ab1704aeda25ed970 - - default default] No more DHCP agents
2026-07-17 04:52:59.297 8 WARNING neutron.api.rpc.agentnotifiers.dhcp_rpc_agent_api [None req-94862e65-62e8-4a63-b188-4e25f650010a 7429bbffe4e946ad95104b685a44727c dc858f6b102d479ab1704aeda25ed970 - - default default] Unable to schedule network 018c45dc-7e96-4088-ad51-9cfa76e3e1c9: no agents available; will retry on subsequent port and subnet creation events.
2026-07-17 04:52:59.457 8 INFO neutron.db.ovn_revision_numbers_db [None req-94862e65-62e8-4a63-b188-4e25f650010a 7429bbffe4e946ad95104b685a44727c dc858f6b102d479ab1704aeda25ed970 - - default default] Successfully bumped revision number for resource 41941ca9-9e48-4944-b8b9-00e6bc880d0a (type: ports) to 1 [pid: 7|app: 0|req: 941/1966] 10.0.0.208 () {32 vars in 720 bytes} [Fri Jul 17 04:52:59 2026] DELETE /v2.0/ports/5c3c191f-5c4c-49bb-bf18-ae01fc7bee06 => generated 0 bytes in 434 msecs (HTTP/1.1 204) 3 headers in 131 bytes (1 switches on core 0) [pid: 7|app: 0|req: 942/1967] 10.0.0.208 () {32 vars in 826 bytes} [Fri Jul 17 04:52:59 2026] GET /v2.0/ports?project_id=16344fc19a99400db198805dd3ede310&network_id=44d8198d-8bca-4555-afa0-4f4d722f42bc => generated 3319 bytes in 113 msecs (HTTP/1.1 200) 4 headers in 158 bytes (1 switches on core 0)
2026-07-17 04:52:59.797 7 INFO neutron_taas.services.taas.taas_plugin [None req-fd5f47c2-79f5-493f-93e0-49a116b11656 14e32b930a6d40eeb79f83fa2edc7cbf f02ed0918fc14878a815208b55df29a0 - - default default] TaaS: Handle Delete Port: 76686a14-b5df-4171-9c07-616bae79de25
2026-07-17 04:52:59.802 7 INFO neutron_taas.services.taas.tap_mirror_plugin [None req-fd5f47c2-79f5-493f-93e0-49a116b11656 14e32b930a6d40eeb79f83fa2edc7cbf f02ed0918fc14878a815208b55df29a0 - - default default] Tap Mirror: Handle Delete Port: 76686a14-b5df-4171-9c07-616bae79de25
2026-07-17 04:53:00.070 7 INFO neutron.db.ovn_revision_numbers_db [None req-78906c5b-b17c-4d2c-97ed-33ceefcb53cc - - - - - -] Successfully bumped revision number for resource 50fe2227-2ad4-4090-825b-3726ea0a506d (type: ports) to 4
2026-07-17 04:53:00.079 8 WARNING neutron.scheduler.dhcp_agent_scheduler [None req-94862e65-62e8-4a63-b188-4e25f650010a 7429bbffe4e946ad95104b685a44727c dc858f6b102d479ab1704aeda25ed970 - - default default] No more DHCP agents
2026-07-17 04:53:00.080 8 WARNING neutron.api.rpc.agentnotifiers.dhcp_rpc_agent_api [None req-94862e65-62e8-4a63-b188-4e25f650010a 7429bbffe4e946ad95104b685a44727c dc858f6b102d479ab1704aeda25ed970 - - default default] Unable to schedule network 018c45dc-7e96-4088-ad51-9cfa76e3e1c9: no agents available; will retry on subsequent port and subnet creation events.
2026-07-17 04:53:00.153 7 INFO neutron.services.segments.plugin [-] Segment bb00b9fc-2bf1-4e39-b5c0-64878531349d resource provider aggregate not found
2026-07-17 04:53:00.154 7 INFO neutron.services.segments.plugin [-] Segment bb00b9fc-2bf1-4e39-b5c0-64878531349d resource provider aggregate not found
2026-07-17 04:53:00.179 7 INFO neutron.services.segments.plugin [-] Segment bb00b9fc-2bf1-4e39-b5c0-64878531349d resource provider not found; error: Placement Client Error (4xx): {"errors": [{"status": 404, "title": "Not Found", "detail": "The resource could not be found.\n\n No resource provider with uuid bb00b9fc-2bf1-4e39-b5c0-64878531349d found for delete ", "request_id": "req-6741c9af-6af2-4cee-ac81-799f0c4390dd"}]}
2026-07-17 04:53:00.181 7 INFO neutron.services.segments.plugin [-] Segment bb00b9fc-2bf1-4e39-b5c0-64878531349d resource provider not found; error: Placement Client Error (4xx): {"errors": [{"status": 404, "title": "Not Found", "detail": "The resource could not be found.\n\n No resource provider with uuid bb00b9fc-2bf1-4e39-b5c0-64878531349d found for delete ", "request_id": "req-4af559d5-9aa4-47e3-8613-6577c877ee68"}]} [pid: 7|app: 0|req: 945/1970] 10.0.0.208 () {32 vars in 726 bytes} [Fri Jul 17 04:52:59 2026] DELETE /v2.0/networks/d3cdeca7-181e-431a-90ad-6171ce037342 => generated 0 bytes in 674 msecs (HTTP/1.1 204) 3 headers in 131 bytes (1 switches on core 0) [pid: 7|app: 0|req: 946/1971] 10.0.0.208 () {32 vars in 742 bytes} [Fri Jul 17 04:53:00 2026] GET /v2.0/subnets?network_id=b9acc83f-c2c4-4ef6-8439-169991b42654 => generated 667 bytes in 58 msecs (HTTP/1.1 200) 4 headers in 157 bytes (1 switches on core 0) [pid: 7|app: 0|req: 947/1972] 10.0.0.208 () {32 vars in 717 bytes} [Fri Jul 17 04:53:00 2026] GET /v2.0/ports/7bb2dad9-bbcd-43d0-a96c-35376e9d16f2 => generated 953 bytes in 56 msecs (HTTP/1.1 200) 4 headers in 157 bytes (1 switches on core 0)
2026-07-17 04:53:00.591 8 INFO neutron.db.ovn_revision_numbers_db [None req-94862e65-62e8-4a63-b188-4e25f650010a 7429bbffe4e946ad95104b685a44727c dc858f6b102d479ab1704aeda25ed970 - - default default] Successfully bumped revision number for resource 41941ca9-9e48-4944-b8b9-00e6bc880d0a (type: router_ports) to 1 [pid: 8|app: 0|req: 1026/1973] 10.0.0.208 () {34 vars in 783 bytes} [Fri Jul 17 04:52:58 2026] PUT /v2.0/routers/228328a8-f20c-451d-a293-5bec64939ca9/add_router_interface => generated 309 bytes in 1717 msecs (HTTP/1.1 200) 4 headers in 157 bytes (1 switches on core 0)
2026-07-17 04:53:00.609 7 INFO neutron_taas.services.taas.taas_plugin [None req-078184b4-404f-46bd-98b1-9c9976c1585b 14e32b930a6d40eeb79f83fa2edc7cbf f02ed0918fc14878a815208b55df29a0 - - default default] TaaS: Handle Delete Port: 960652ae-bd50-44a1-a042-932eb408f2f1
2026-07-17 04:53:00.616 7 INFO neutron_taas.services.taas.tap_mirror_plugin [None req-078184b4-404f-46bd-98b1-9c9976c1585b 14e32b930a6d40eeb79f83fa2edc7cbf f02ed0918fc14878a815208b55df29a0 - - default default] Tap Mirror: Handle Delete Port: 960652ae-bd50-44a1-a042-932eb408f2f1
2026-07-17 04:53:00.694 7 INFO neutron.db.ovn_revision_numbers_db [None req-78906c5b-b17c-4d2c-97ed-33ceefcb53cc - - - - - -] Successfully bumped revision number for resource 50fe2227-2ad4-4090-825b-3726ea0a506d (type: ports) to 5
2026-07-17 04:53:00.778 8 INFO neutron.db.ovn_revision_numbers_db [None req-c9d16702-9170-49a2-a2c7-114fc1c91e14 613f0adba7f44ce7b47809610ec150b1 16344fc19a99400db198805dd3ede310 - - default default] Successfully bumped revision number for resource cae19ac4-98a3-4df5-a395-378968adc530 (type: floatingips) to 2
2026-07-17 04:53:00.822 8 INFO neutron.db.l3_db [None req-c9d16702-9170-49a2-a2c7-114fc1c91e14 613f0adba7f44ce7b47809610ec150b1 16344fc19a99400db198805dd3ede310 - - default default] Floating IP cae19ac4-98a3-4df5-a395-378968adc530 disassociated. External IP: 10.96.250.211, port: e01c7133-8655-4ab8-bdee-86d697017d9a. [pid: 8|app: 0|req: 1027/1974] 10.0.0.208 () {34 vars in 749 bytes} [Fri Jul 17 04:53:00 2026] PUT /v2.0/floatingips/cae19ac4-98a3-4df5-a395-378968adc530 => generated 554 bytes in 252 msecs (HTTP/1.1 200) 4 headers in 157 bytes (1 switches on core 0)
2026-07-17 04:53:00.870 7 WARNING neutron.plugins.ml2.drivers.ovn.mech_driver.ovsdb.ovn_client [None req-9e9ed8ab-dc3f-4a7a-9bf5-23df8107aa19 - - - - - -] No hosting information found for port 2d86b255-dfec-477d-9e3c-41abf2abe063: RuntimeError: No hosting information found for port 2d86b255-dfec-477d-9e3c-41abf2abe063 [pid: 8|app: 0|req: 1028/1975] 10.0.0.208 () {32 vars in 729 bytes} [Fri Jul 17 04:53:00 2026] GET /v2.0/floatingips/cae19ac4-98a3-4df5-a395-378968adc530 => generated 552 bytes in 23 msecs (HTTP/1.1 200) 4 headers in 157 bytes (1 switches on core 0)
2026-07-17 04:53:00.883 8 INFO neutron.notifiers.nova [-] Nova event matching ['req-0ee9e228-5b3d-4db2-9411-68b2d202e5f7'] response: {'name': 'network-changed', 'server_uuid': '0e3dca57-e0cd-49ed-84d6-19233df49e6b', 'tag': 'e01c7133-8655-4ab8-bdee-86d697017d9a', 'status': 'completed', 'code': 200}
2026-07-17 04:53:01.037 7 INFO neutron.db.ovn_revision_numbers_db [None req-9e9ed8ab-dc3f-4a7a-9bf5-23df8107aa19 - - - - - -] Successfully bumped revision number for resource 2d86b255-dfec-477d-9e3c-41abf2abe063 (type: router_ports) to 2 [pid: 7|app: 0|req: 948/1976] 10.0.0.208 () {32 vars in 726 bytes} [Fri Jul 17 04:53:00 2026] DELETE /v2.0/networks/41e49acc-bb3e-4ff6-be07-12642d292a97 => generated 0 bytes in 690 msecs (HTTP/1.1 204) 3 headers in 131 bytes (1 switches on core 0)
2026-07-17 04:53:01.092 7 INFO neutron.plugins.ml2.drivers.ovn.mech_driver.mech_driver [None req-9e9ed8ab-dc3f-4a7a-9bf5-23df8107aa19 - - - - - -] OVN reports status down for port: 2556f92a-2dd2-4767-9e9d-1739ab21c563
2026-07-17 04:53:01.176 8 INFO neutron_taas.services.taas.taas_plugin [None req-d43568d7-624b-4472-beb4-693b55bc1e75 14e32b930a6d40eeb79f83fa2edc7cbf f02ed0918fc14878a815208b55df29a0 - - default default] TaaS: Handle Delete Port: e2865391-e3b4-4698-8fd4-b8f055a91385
2026-07-17 04:53:01.179 8 INFO neutron_taas.services.taas.tap_mirror_plugin [None req-d43568d7-624b-4472-beb4-693b55bc1e75 14e32b930a6d40eeb79f83fa2edc7cbf f02ed0918fc14878a815208b55df29a0 - - default default] Tap Mirror: Handle Delete Port: e2865391-e3b4-4698-8fd4-b8f055a91385
2026-07-17 04:53:01.180 7 INFO neutron.plugins.ml2.drivers.ovn.mech_driver.mech_driver [None req-9e9ed8ab-dc3f-4a7a-9bf5-23df8107aa19 - - - - - -] OVN reports status down for port: 7bb2dad9-bbcd-43d0-a96c-35376e9d16f2
2026-07-17 04:53:01.280 7 WARNING neutron.plugins.ml2.drivers.ovn.mech_driver.ovsdb.ovn_client [None req-9e9ed8ab-dc3f-4a7a-9bf5-23df8107aa19 - - - - - -] Logical_Switch_Port %s host information not removed, the port state is up
2026-07-17 04:53:01.281 7 INFO neutron.plugins.ml2.drivers.ovn.mech_driver.mech_driver [None req-9e9ed8ab-dc3f-4a7a-9bf5-23df8107aa19 - - - - - -] OVN reports status up for port: 7bb2dad9-bbcd-43d0-a96c-35376e9d16f2
2026-07-17 04:53:01.297 7 INFO neutron.plugins.ml2.plugin [None req-9e9ed8ab-dc3f-4a7a-9bf5-23df8107aa19 - - - - - -] Attempt 1 to provision port 7bb2dad9-bbcd-43d0-a96c-35376e9d16f2
2026-07-17 04:53:01.307 7 INFO neutron.db.ovn_revision_numbers_db [None req-07189b9c-46b6-477b-b0d0-dbdf5b507742 876a5b3cda1844b38f93aaa7d4bf22a6 d591a48710b8451c959c4ed1aad9a3cb - - default default] Successfully bumped revision number for resource b840c916-4c0c-4885-b1d3-9439044ae1cd (type: security_groups) to 1
2026-07-17 04:53:01.325 7 INFO neutron.db.ovn_revision_numbers_db [None req-07189b9c-46b6-477b-b0d0-dbdf5b507742 876a5b3cda1844b38f93aaa7d4bf22a6 d591a48710b8451c959c4ed1aad9a3cb - - default default] Successfully bumped revision number for resource 3e6f1e27-1b60-472e-8f1f-ea3586a24fcf (type: security_group_rules) to 0
2026-07-17 04:53:01.344 8 INFO neutron.services.segments.plugin [-] Segment e3faf26d-7192-4d02-b4fd-7ded63279c03 resource provider aggregate not found
2026-07-17 04:53:01.346 7 INFO neutron.db.ovn_revision_numbers_db [None req-07189b9c-46b6-477b-b0d0-dbdf5b507742 876a5b3cda1844b38f93aaa7d4bf22a6 d591a48710b8451c959c4ed1aad9a3cb - - default default] Successfully bumped revision number for resource 815d1fb0-643a-43ad-9e54-ebe894f036f3 (type: security_group_rules) to 0
2026-07-17 04:53:01.348 8 INFO neutron.services.segments.plugin [-] Segment e3faf26d-7192-4d02-b4fd-7ded63279c03 resource provider aggregate not found
2026-07-17 04:53:01.366 8 INFO neutron.services.segments.plugin [-] Segment e3faf26d-7192-4d02-b4fd-7ded63279c03 resource provider not found; error: Placement Client Error (4xx): {"errors": [{"status": 404, "title": "Not Found", "detail": "The resource could not be found.\n\n No resource provider with uuid e3faf26d-7192-4d02-b4fd-7ded63279c03 found for delete ", "request_id": "req-e8ab6d5a-6e05-46b0-b6de-3b6ada6b4c73"}]}
2026-07-17 04:53:01.369 8 INFO neutron.services.segments.plugin [-] Segment e3faf26d-7192-4d02-b4fd-7ded63279c03 resource provider not found; error: Placement Client Error (4xx): {"errors": [{"status": 404, "title": "Not Found", "detail": "The resource could not be found.\n\n No resource provider with uuid e3faf26d-7192-4d02-b4fd-7ded63279c03 found for delete ", "request_id": "req-8b351672-6373-475d-b4f1-707ac4caa60e"}]} [pid: 8|app: 0|req: 1029/1977] 10.0.0.208 () {32 vars in 726 bytes} [Fri Jul 17 04:53:01 2026] DELETE /v2.0/networks/87386619-c290-45a8-8e17-9153cb632a1e => generated 0 bytes in 327 msecs (HTTP/1.1 204) 3 headers in 131 bytes (1 switches on core 0) [pid: 7|app: 0|req: 949/1978] 10.0.0.208 () {34 vars in 685 bytes} [Fri Jul 17 04:53:01 2026] POST /v2.0/security-groups => generated 1675 bytes in 320 msecs (HTTP/1.1 201) 4 headers in 163 bytes (1 switches on core 0) [pid: 8|app: 0|req: 1030/1979] 10.0.0.208 () {32 vars in 717 bytes} [Fri Jul 17 04:53:01 2026] GET /v2.0/ports/7bb2dad9-bbcd-43d0-a96c-35376e9d16f2 => generated 953 bytes in 69 msecs (HTTP/1.1 200) 4 headers in 157 bytes (1 switches on core 0) [pid: 7|app: 0|req: 950/1980] 199.204.45.216 () {34 vars in 1080 bytes} [Fri Jul 17 04:53:01 2026] GET /v2.0/ports?tenant_id=16344fc19a99400db198805dd3ede310&device_id=0e3dca57-e0cd-49ed-84d6-19233df49e6b => generated 1213 bytes in 79 msecs (HTTP/1.1 200) 4 headers in 158 bytes (1 switches on core 0)
2026-07-17 04:53:01.597 8 INFO neutron_taas.services.taas.taas_plugin [None req-07a85940-c0c3-4072-9500-028ffb620f23 14e32b930a6d40eeb79f83fa2edc7cbf f02ed0918fc14878a815208b55df29a0 - - default default] TaaS: Handle Delete Port: 333ab9b3-0256-4852-9ea1-69645bc9af3d
2026-07-17 04:53:01.599 8 INFO neutron_taas.services.taas.tap_mirror_plugin [None req-07a85940-c0c3-4072-9500-028ffb620f23 14e32b930a6d40eeb79f83fa2edc7cbf f02ed0918fc14878a815208b55df29a0 - - default default] Tap Mirror: Handle Delete Port: 333ab9b3-0256-4852-9ea1-69645bc9af3d
2026-07-17 04:53:01.728 7 INFO neutron.db.ovn_revision_numbers_db [None req-4a6c78a0-b8ae-4026-b125-a4b6f6273b6c 876a5b3cda1844b38f93aaa7d4bf22a6 d591a48710b8451c959c4ed1aad9a3cb - - default default] Successfully bumped revision number for resource 9db1eb24-40dc-481a-8d77-7d96143c097d (type: security_group_rules) to 0 [pid: 7|app: 0|req: 951/1981] 10.0.0.208 () {34 vars in 695 bytes} [Fri Jul 17 04:53:01 2026] POST /v2.0/security-group-rules => generated 597 bytes in 289 msecs (HTTP/1.1 201) 4 headers in 162 bytes (1 switches on core 0)
2026-07-17 04:53:01.799 8 WARNING neutron.plugins.ml2.drivers.ovn.mech_driver.ovsdb.ovn_client [None req-76af1d5e-e157-4045-a115-334120ed269c - - - - - -] No hosting information found for port cbd7ff81-850b-4a94-867c-f085fe607f78: RuntimeError: No hosting information found for port cbd7ff81-850b-4a94-867c-f085fe607f78 [pid: 8|app: 0|req: 1031/1982] 10.0.0.208 () {32 vars in 726 bytes} [Fri Jul 17 04:53:01 2026] DELETE /v2.0/networks/b611ed31-4985-4dd3-803d-81a08dd08d02 => generated 0 bytes in 384 msecs (HTTP/1.1 204) 3 headers in 131 bytes (1 switches on core 0) [pid: 7|app: 0|req: 952/1983] 199.204.45.216 () {34 vars in 986 bytes} [Fri Jul 17 04:53:01 2026] GET /v2.0/networks?id=44d8198d-8bca-4555-afa0-4f4d722f42bc => generated 798 bytes in 90 msecs (HTTP/1.1 200) 4 headers in 157 bytes (1 switches on core 0)
2026-07-17 04:53:01.901 7 INFO neutron.db.ovn_revision_numbers_db [None req-9e9ed8ab-dc3f-4a7a-9bf5-23df8107aa19 - - - - - -] Successfully bumped revision number for resource 7bb2dad9-bbcd-43d0-a96c-35376e9d16f2 (type: ports) to 2
2026-07-17 04:53:01.924 8 INFO neutron.db.ovn_revision_numbers_db [None req-76af1d5e-e157-4045-a115-334120ed269c - - - - - -] Successfully bumped revision number for resource cbd7ff81-850b-4a94-867c-f085fe607f78 (type: router_ports) to 2
2026-07-17 04:53:02.005 8 INFO neutron.plugins.ml2.drivers.ovn.mech_driver.mech_driver [None req-76af1d5e-e157-4045-a115-334120ed269c - - - - - -] OVN reports status down for port: 50fe2227-2ad4-4090-825b-3726ea0a506d
2026-07-17 04:53:02.051 7 INFO neutron_taas.services.taas.taas_plugin [None req-49294310-4689-4aba-a420-733a4ba7d557 14e32b930a6d40eeb79f83fa2edc7cbf f02ed0918fc14878a815208b55df29a0 - - default default] TaaS: Handle Delete Port: 78baed01-75fe-4497-a4aa-060453d69376
2026-07-17 04:53:02.053 7 INFO neutron_taas.services.taas.tap_mirror_plugin [None req-49294310-4689-4aba-a420-733a4ba7d557 14e32b930a6d40eeb79f83fa2edc7cbf f02ed0918fc14878a815208b55df29a0 - - default default] Tap Mirror: Handle Delete Port: 78baed01-75fe-4497-a4aa-060453d69376
2026-07-17 04:53:02.086 8 INFO neutron.db.ovn_revision_numbers_db [None req-23e6f8cc-c5b9-489a-8b22-a226459e235e 876a5b3cda1844b38f93aaa7d4bf22a6 d591a48710b8451c959c4ed1aad9a3cb - - default default] Successfully bumped revision number for resource c0604aaa-9306-4c6d-aec6-0c0901ff5fd7 (type: security_group_rules) to 0 [pid: 8|app: 0|req: 1032/1984] 10.0.0.208 () {34 vars in 695 bytes} [Fri Jul 17 04:53:01 2026] POST /v2.0/security-group-rules => generated 596 bytes in 313 msecs (HTTP/1.1 201) 4 headers in 162 bytes (1 switches on core 0)
2026-07-17 04:53:02.201 7 INFO neutron.services.segments.plugin [-] Segment 7035afd9-1b31-4f60-a342-0215a3912313 resource provider aggregate not found
2026-07-17 04:53:02.204 7 INFO neutron.services.segments.plugin [-] Segment 7035afd9-1b31-4f60-a342-0215a3912313 resource provider aggregate not found
2026-07-17 04:53:02.222 7 INFO neutron.services.segments.plugin [-] Segment 7035afd9-1b31-4f60-a342-0215a3912313 resource provider not found; error: Placement Client Error (4xx): {"errors": [{"status": 404, "title": "Not Found", "detail": "The resource could not be found.\n\n No resource provider with uuid 7035afd9-1b31-4f60-a342-0215a3912313 found for delete ", "request_id": "req-279343d8-2220-40d6-9465-139cf2fdde64"}]}
2026-07-17 04:53:02.224 7 INFO neutron.services.segments.plugin [-] Segment 7035afd9-1b31-4f60-a342-0215a3912313 resource provider not found; error: Placement Client Error (4xx): {"errors": [{"status": 404, "title": "Not Found", "detail": "The resource could not be found.\n\n No resource provider with uuid 7035afd9-1b31-4f60-a342-0215a3912313 found for delete ", "request_id": "req-b8bae801-f41d-4fd4-a589-e58162482a5d"}]} [pid: 8|app: 0|req: 1033/1985] 199.204.45.216 () {34 vars in 1060 bytes} [Fri Jul 17 04:53:02 2026] GET /v2.0/floatingips?fixed_ip_address=10.100.0.13&port_id=e01c7133-8655-4ab8-bdee-86d697017d9a => generated 19 bytes in 64 msecs (HTTP/1.1 200) 4 headers in 156 bytes (1 switches on core 0) [pid: 7|app: 0|req: 953/1986] 10.0.0.208 () {32 vars in 726 bytes} [Fri Jul 17 04:53:01 2026] DELETE /v2.0/networks/13bf4444-b657-45d6-b212-0b445a65485e => generated 0 bytes in 424 msecs (HTTP/1.1 204) 3 headers in 131 bytes (1 switches on core 0)
2026-07-17 04:53:02.428 7 INFO neutron.db.ovn_revision_numbers_db [None req-a1e39f96-95a5-4206-aea0-6196337d6576 876a5b3cda1844b38f93aaa7d4bf22a6 d591a48710b8451c959c4ed1aad9a3cb - - default default] Successfully bumped revision number for resource 44515310-01dd-418c-b0eb-7cc785add5b6 (type: security_group_rules) to 0 [pid: 7|app: 0|req: 954/1987] 10.0.0.208 () {34 vars in 695 bytes} [Fri Jul 17 04:53:02 2026] POST /v2.0/security-group-rules => generated 602 bytes in 154 msecs (HTTP/1.1 201) 4 headers in 162 bytes (1 switches on core 0)
2026-07-17 04:53:02.469 8 INFO neutron.db.ovn_revision_numbers_db [None req-3caa694a-ba5e-47f7-9cf5-19a7f3e51050 613f0adba7f44ce7b47809610ec150b1 16344fc19a99400db198805dd3ede310 - - default default] Successfully bumped revision number for resource 1814dbdc-4758-4113-994b-281a84a26311 (type: security_groups) to 1 [pid: 7|app: 0|req: 955/1988] 199.204.45.216 () {34 vars in 984 bytes} [Fri Jul 17 04:53:02 2026] GET /v2.0/subnets?id=b9f37d43-27fd-4782-a625-6d8712b8172c => generated 678 bytes in 34 msecs (HTTP/1.1 200) 4 headers in 157 bytes (1 switches on core 0)
2026-07-17 04:53:02.498 8 INFO neutron.db.ovn_revision_numbers_db [None req-3caa694a-ba5e-47f7-9cf5-19a7f3e51050 613f0adba7f44ce7b47809610ec150b1 16344fc19a99400db198805dd3ede310 - - default default] Successfully bumped revision number for resource 18505e08-90b9-4bcb-80ff-3fd374e5e8b2 (type: security_group_rules) to 0
2026-07-17 04:53:02.520 8 INFO neutron.db.ovn_revision_numbers_db [None req-3caa694a-ba5e-47f7-9cf5-19a7f3e51050 613f0adba7f44ce7b47809610ec150b1 16344fc19a99400db198805dd3ede310 - - default default] Successfully bumped revision number for resource a285cfff-5be6-4f1c-950f-3f69a47ee7be (type: security_group_rules) to 0 [pid: 8|app: 0|req: 1034/1989] 10.0.0.208 () {34 vars in 685 bytes} [Fri Jul 17 04:53:02 2026] POST /v2.0/security-groups => generated 1673 bytes in 369 msecs (HTTP/1.1 201) 4 headers in 163 bytes (1 switches on core 0)
2026-07-17 04:53:02.640 8 INFO neutron.db.ovn_revision_numbers_db [None req-76af1d5e-e157-4045-a115-334120ed269c - - - - - -] Successfully bumped revision number for resource 50fe2227-2ad4-4090-825b-3726ea0a506d (type: ports) to 6 [pid: 8|app: 0|req: 1035/1990] 10.0.0.208 () {32 vars in 717 bytes} [Fri Jul 17 04:53:02 2026] GET /v2.0/ports/7bb2dad9-bbcd-43d0-a96c-35376e9d16f2 => generated 955 bytes in 50 msecs (HTTP/1.1 200) 4 headers in 157 bytes (1 switches on core 0)
2026-07-17 04:53:02.661 7 INFO neutron.db.ovn_revision_numbers_db [None req-73ab9d27-fef2-4767-a60d-12180eb2a097 876a5b3cda1844b38f93aaa7d4bf22a6 d591a48710b8451c959c4ed1aad9a3cb - - default default] Successfully bumped revision number for resource 06659a40-0c0b-40a6-8bfe-abf29e6505c6 (type: security_group_rules) to 0 [pid: 8|app: 0|req: 1036/1991] 199.204.45.216 () {34 vars in 1052 bytes} [Fri Jul 17 04:53:02 2026] GET /v2.0/ports?network_id=44d8198d-8bca-4555-afa0-4f4d722f42bc&device_owner=network%3Adhcp => generated 12 bytes in 30 msecs (HTTP/1.1 200) 4 headers in 156 bytes (1 switches on core 0) [pid: 7|app: 0|req: 956/1992] 10.0.0.208 () {34 vars in 695 bytes} [Fri Jul 17 04:53:02 2026] POST /v2.0/security-group-rules => generated 601 bytes in 191 msecs (HTTP/1.1 201) 4 headers in 162 bytes (1 switches on core 0)
2026-07-17 04:53:02.780 8 WARNING neutron.plugins.ml2.drivers.ovn.mech_driver.ovsdb.ovn_client [None req-f25d8451-c10a-4575-9b3d-def8a3d5969e - - - - - -] Logical_Switch_Port %s host information not removed, the port state is up
2026-07-17 04:53:02.781 8 INFO neutron.plugins.ml2.drivers.ovn.mech_driver.mech_driver [None req-f25d8451-c10a-4575-9b3d-def8a3d5969e - - - - - -] OVN reports status up for port: 50fe2227-2ad4-4090-825b-3726ea0a506d
2026-07-17 04:53:02.802 8 INFO neutron.plugins.ml2.plugin [None req-f25d8451-c10a-4575-9b3d-def8a3d5969e - - - - - -] Attempt 1 to provision port 50fe2227-2ad4-4090-825b-3726ea0a506d
2026-07-17 04:53:02.886 8 INFO neutron.db.ovn_revision_numbers_db [None req-d477206d-b16f-408f-849c-c8621b39e7d1 613f0adba7f44ce7b47809610ec150b1 16344fc19a99400db198805dd3ede310 - - default default] Successfully bumped revision number for resource 44f3202b-d6cf-4a2b-a151-6a1ae38e182d (type: security_group_rules) to 0 [pid: 8|app: 0|req: 1037/1993] 10.0.0.208 () {34 vars in 695 bytes} [Fri Jul 17 04:53:02 2026] POST /v2.0/security-group-rules => generated 597 bytes in 260 msecs (HTTP/1.1 201) 4 headers in 162 bytes (1 switches on core 0)
2026-07-17 04:53:02.964 7 INFO neutron_taas.services.taas.taas_plugin [None req-94f3fca9-d8ed-48f5-9787-0c2db88b5f7c 9db60d91aaf74f53856c3b74e4694e23 aa50bc7315b44700b35745ada7678349 - - default default] TaaS: Handle Delete Port: 7bb2dad9-bbcd-43d0-a96c-35376e9d16f2
2026-07-17 04:53:02.968 7 INFO neutron_taas.services.taas.tap_mirror_plugin [None req-94f3fca9-d8ed-48f5-9787-0c2db88b5f7c 9db60d91aaf74f53856c3b74e4694e23 aa50bc7315b44700b35745ada7678349 - - default default] Tap Mirror: Handle Delete Port: 7bb2dad9-bbcd-43d0-a96c-35376e9d16f2 [pid: 8|app: 0|req: 1038/1994] 199.204.45.216 () {34 vars in 1012 bytes} [Fri Jul 17 04:53:02 2026] GET /v2.0/networks/44d8198d-8bca-4555-afa0-4f4d722f42bc?fields=segments => generated 14 bytes in 81 msecs (HTTP/1.1 200) 4 headers in 156 bytes (1 switches on core 0)
2026-07-17 04:53:03.085 8 INFO neutron.db.securitygroups_db [None req-48352f23-685f-4b2c-9485-e635200e46cb 876a5b3cda1844b38f93aaa7d4bf22a6 d591a48710b8451c959c4ed1aad9a3cb - - default default] Project d591a48710b8451c959c4ed1aad9a3cb added a security group rule with legacy IPv6 ICMP protocol name icmp, ipv6-icmp should be used instead. It was automatically converted. [pid: 7|app: 0|req: 957/1995] 10.0.0.208 () {34 vars in 789 bytes} [Fri Jul 17 04:53:02 2026] PUT /v2.0/routers/4c681c27-26e3-4808-acf0-7ea3ed3b7b1d/remove_router_interface => generated 309 bytes in 607 msecs (HTTP/1.1 200) 4 headers in 157 bytes (1 switches on core 0) /var/lib/openstack/lib/python3.12/site-packages/pycadf/identifier.py:70: UserWarning: Invalid uuid: neutron. To ensure interoperability, identifiers should be a valid uuid. warnings.warn(('Invalid uuid: %s. To ensure interoperability, '
2026-07-17 04:53:03.327 8 INFO neutron.db.ovn_revision_numbers_db [None req-48352f23-685f-4b2c-9485-e635200e46cb 876a5b3cda1844b38f93aaa7d4bf22a6 d591a48710b8451c959c4ed1aad9a3cb - - default default] Successfully bumped revision number for resource bdb4d6c5-eb5e-4525-be3a-c9fd1169ac13 (type: security_group_rules) to 0
2026-07-17 04:53:03.365 8 INFO neutron.db.ovn_revision_numbers_db [None req-f25d8451-c10a-4575-9b3d-def8a3d5969e - - - - - -] Successfully bumped revision number for resource 50fe2227-2ad4-4090-825b-3726ea0a506d (type: ports) to 7 [pid: 8|app: 0|req: 1039/1996] 10.0.0.208 () {34 vars in 695 bytes} [Fri Jul 17 04:53:03 2026] POST /v2.0/security-group-rules => generated 607 bytes in 361 msecs (HTTP/1.1 201) 4 headers in 162 bytes (1 switches on core 0)
2026-07-17 04:53:03.390 8 INFO neutron.services.segments.plugin [-] Segment 08c0a1ad-59df-4ab7-95a4-1ec2f4184e3d resource provider aggregate not found
2026-07-17 04:53:03.396 8 INFO neutron.services.segments.plugin [-] Segment 08c0a1ad-59df-4ab7-95a4-1ec2f4184e3d resource provider aggregate not found
2026-07-17 04:53:03.411 8 INFO neutron.services.segments.plugin [-] Segment 08c0a1ad-59df-4ab7-95a4-1ec2f4184e3d resource provider not found; error: Placement Client Error (4xx): {"errors": [{"status": 404, "title": "Not Found", "detail": "The resource could not be found.\n\n No resource provider with uuid 08c0a1ad-59df-4ab7-95a4-1ec2f4184e3d found for delete ", "request_id": "req-a6f28c31-2879-4a0c-b143-482962997221"}]}
2026-07-17 04:53:03.415 8 INFO neutron.services.segments.plugin [-] Segment 08c0a1ad-59df-4ab7-95a4-1ec2f4184e3d resource provider not found; error: Placement Client Error (4xx): {"errors": [{"status": 404, "title": "Not Found", "detail": "The resource could not be found.\n\n No resource provider with uuid 08c0a1ad-59df-4ab7-95a4-1ec2f4184e3d found for delete ", "request_id": "req-d07fb039-0295-49a7-848b-1b39c2bde37b"}]}
2026-07-17 04:53:03.459 7 INFO neutron.db.ovn_revision_numbers_db [None req-4aa8e246-faa3-45cc-b25d-4688ee09191b 613f0adba7f44ce7b47809610ec150b1 16344fc19a99400db198805dd3ede310 - - default default] Successfully bumped revision number for resource 0d7a5ed4-b343-46bd-b6f6-264708a29825 (type: security_group_rules) to 0 [pid: 8|app: 0|req: 1040/1997] 199.204.45.216 () {34 vars in 1112 bytes} [Fri Jul 17 04:53:03 2026] GET /v2.0/networks/44d8198d-8bca-4555-afa0-4f4d722f42bc?fields=provider%3Aphysical_network&fields=provider%3Anetwork_type => generated 79 bytes in 109 msecs (HTTP/1.1 200) 4 headers in 156 bytes (1 switches on core 0) [pid: 7|app: 0|req: 958/1998] 10.0.0.208 () {34 vars in 695 bytes} [Fri Jul 17 04:53:03 2026] POST /v2.0/security-group-rules => generated 596 bytes in 208 msecs (HTTP/1.1 201) 4 headers in 162 bytes (1 switches on core 0)
2026-07-17 04:53:03.565 8 INFO neutron.plugins.ml2.drivers.ovn.mech_driver.mech_driver [None req-3df5cffd-8f51-47f3-860c-df5c19ba0f6e - - - - - -] OVN reports status down for port: 41941ca9-9e48-4944-b8b9-00e6bc880d0a [pid: 7|app: 0|req: 959/1999] 10.0.0.208 () {32 vars in 717 bytes} [Fri Jul 17 04:53:03 2026] GET /v2.0/ports/cbd7ff81-850b-4a94-867c-f085fe607f78 => generated 947 bytes in 88 msecs (HTTP/1.1 200) 4 headers in 157 bytes (1 switches on core 0)
2026-07-17 04:53:03.621 7 INFO neutron.db.securitygroups_db [None req-cb060def-acae-4287-a02e-d1cf6c06a960 876a5b3cda1844b38f93aaa7d4bf22a6 d591a48710b8451c959c4ed1aad9a3cb - - default default] Project d591a48710b8451c959c4ed1aad9a3cb added a security group rule with legacy IPv6 ICMP protocol name icmp, ipv6-icmp should be used instead. It was automatically converted.
2026-07-17 04:53:03.623 8 WARNING neutron.plugins.ml2.drivers.ovn.mech_driver.ovsdb.ovn_client [None req-3df5cffd-8f51-47f3-860c-df5c19ba0f6e - - - - - -] Logical_Switch_Port %s host information not removed, the port state is up
2026-07-17 04:53:03.623 8 INFO neutron.plugins.ml2.drivers.ovn.mech_driver.mech_driver [None req-3df5cffd-8f51-47f3-860c-df5c19ba0f6e - - - - - -] OVN reports status up for port: 41941ca9-9e48-4944-b8b9-00e6bc880d0a
2026-07-17 04:53:03.635 8 INFO neutron.plugins.ml2.plugin [None req-3df5cffd-8f51-47f3-860c-df5c19ba0f6e - - - - - -] Attempt 1 to provision port 41941ca9-9e48-4944-b8b9-00e6bc880d0a [pid: 8|app: 0|req: 1041/2000] 10.0.0.208 () {32 vars in 774 bytes} [Fri Jul 17 04:53:03 2026] GET /v2.0/security-groups?tenant_id=f02ed0918fc14878a815208b55df29a0&name=default => generated 2925 bytes in 224 msecs (HTTP/1.1 200) 4 headers in 158 bytes (1 switches on core 0)
2026-07-17 04:53:03.759 7 INFO neutron.db.ovn_revision_numbers_db [None req-cb060def-acae-4287-a02e-d1cf6c06a960 876a5b3cda1844b38f93aaa7d4bf22a6 d591a48710b8451c959c4ed1aad9a3cb - - default default] Successfully bumped revision number for resource 09efa7c3-7d22-4575-8f42-0774d783513b (type: security_group_rules) to 0 [pid: 7|app: 0|req: 960/2001] 10.0.0.208 () {34 vars in 695 bytes} [Fri Jul 17 04:53:03 2026] POST /v2.0/security-group-rules => generated 606 bytes in 199 msecs (HTTP/1.1 201) 4 headers in 162 bytes (1 switches on core 0)
2026-07-17 04:53:03.976 8 INFO neutron.db.ovn_revision_numbers_db [None req-de62dd90-39bc-4051-b759-3ab984993c6d 613f0adba7f44ce7b47809610ec150b1 16344fc19a99400db198805dd3ede310 - - default default] Successfully bumped revision number for resource df879bd9-db5a-4eba-b28f-fd8a68a33993 (type: security_group_rules) to 0 [pid: 8|app: 0|req: 1042/2002] 10.0.0.208 () {34 vars in 695 bytes} [Fri Jul 17 04:53:03 2026] POST /v2.0/security-group-rules => generated 602 bytes in 329 msecs (HTTP/1.1 201) 4 headers in 162 bytes (1 switches on core 0)
2026-07-17 04:53:04.065 7 INFO neutron_taas.services.taas.taas_plugin [None req-001830f9-6354-4776-807b-63a117cf49cb 9db60d91aaf74f53856c3b74e4694e23 aa50bc7315b44700b35745ada7678349 - - default default] TaaS: Handle Delete Port: cbd7ff81-850b-4a94-867c-f085fe607f78
