2026-07-17 04:51:41.945 8 INFO neutron_taas.services.taas.taas_plugin [None req-8cda1aef-8588-49a3-9ed5-879333ae639e 7429bbffe4e946ad95104b685a44727c dc858f6b102d479ab1704aeda25ed970 - - default default] TaaS: Handle Delete Port: 6fddb7ba-ddb7-4148-af6b-96a89826fc40
2026-07-17 04:51:41.948 8 INFO neutron_taas.services.taas.tap_mirror_plugin [None req-8cda1aef-8588-49a3-9ed5-879333ae639e 7429bbffe4e946ad95104b685a44727c dc858f6b102d479ab1704aeda25ed970 - - default default] Tap Mirror: Handle Delete Port: 6fddb7ba-ddb7-4148-af6b-96a89826fc40 [pid: 7|app: 0|req: 681/1343] 10.0.0.208 () {32 vars in 726 bytes} [Fri Jul 17 04:51:41 2026] DELETE /v2.0/networks/c4935e31-83eb-489f-bf12-4c97248e7b97 => generated 0 bytes in 348 msecs (HTTP/1.1 204) 3 headers in 131 bytes (1 switches on core 0) [pid: 7|app: 0|req: 682/1344] 10.0.0.1 () {34 vars in 988 bytes} [Fri Jul 17 04:51:41 2026] GET /v2.0/ports?device_id=e16bd16c-e459-4205-9acf-9585aa148985 => generated 971 bytes in 80 msecs (HTTP/1.1 200) 4 headers in 157 bytes (1 switches on core 0)
2026-07-17 04:51:42.167 7 INFO neutron_taas.services.taas.taas_plugin [None req-238ee9b4-0554-4981-af6e-95c993ebc415 fbf16b54f388422da33d64d89f7d8be4 3ef286a57c114fc39f04e7f43d48f89b - - default default] TaaS: Handle Delete Port: 4fd9d2f0-502b-498a-8de0-2bd7dc61d67b
2026-07-17 04:51:42.169 7 INFO neutron_taas.services.taas.tap_mirror_plugin [None req-238ee9b4-0554-4981-af6e-95c993ebc415 fbf16b54f388422da33d64d89f7d8be4 3ef286a57c114fc39f04e7f43d48f89b - - default default] Tap Mirror: Handle Delete Port: 4fd9d2f0-502b-498a-8de0-2bd7dc61d67b [pid: 8|app: 0|req: 663/1345] 10.0.0.208 () {32 vars in 724 bytes} [Fri Jul 17 04:51:41 2026] DELETE /v2.0/routers/55a57398-0a5d-49d3-94b9-e8079513d6df => generated 0 bytes in 749 msecs (HTTP/1.1 204) 2 headers in 112 bytes (1 switches on core 0) [pid: 8|app: 0|req: 664/1346] 10.0.0.1 () {34 vars in 1038 bytes} [Fri Jul 17 04:51:42 2026] GET /v2.0/security-groups?id=82a69a50-784a-4bed-ae80-0c028ea9a37e&fields=id&fields=name => generated 113 bytes in 34 msecs (HTTP/1.1 200) 4 headers in 157 bytes (1 switches on core 0) [pid: 7|app: 0|req: 683/1347] 10.0.0.208 () {32 vars in 726 bytes} [Fri Jul 17 04:51:42 2026] DELETE /v2.0/networks/49383f9e-c0aa-4e87-9190-96728603828a => generated 0 bytes in 336 msecs (HTTP/1.1 204) 3 headers in 131 bytes (1 switches on core 0) [pid: 8|app: 0|req: 665/1348] 10.0.0.208 () {32 vars in 724 bytes} [Fri Jul 17 04:51:42 2026] DELETE /v2.0/subnets/54749ae1-d3cb-4bf2-b522-ad52362dbe6f => generated 0 bytes in 182 msecs (HTTP/1.1 204) 3 headers in 131 bytes (1 switches on core 0) [pid: 7|app: 0|req: 684/1349] 10.0.0.1 () {34 vars in 988 bytes} [Fri Jul 17 04:51:42 2026] GET /v2.0/ports?device_id=e16bd16c-e459-4205-9acf-9585aa148985 => generated 971 bytes in 50 msecs (HTTP/1.1 200) 4 headers in 157 bytes (1 switches on core 0) [pid: 7|app: 0|req: 685/1350] 10.0.0.1 () {34 vars in 1038 bytes} [Fri Jul 17 04:51:42 2026] GET /v2.0/security-groups?id=82a69a50-784a-4bed-ae80-0c028ea9a37e&fields=id&fields=name => generated 113 bytes in 31 msecs (HTTP/1.1 200) 4 headers in 157 bytes (1 switches on core 0)
2026-07-17 04:51:42.726 8 INFO neutron_taas.services.taas.taas_plugin [None req-e241c64a-c396-4a08-82eb-2cff51778b28 7429bbffe4e946ad95104b685a44727c dc858f6b102d479ab1704aeda25ed970 - - default default] TaaS: Handle Delete Port: d9e552a7-0c21-4486-9fd4-f891d93e0cd1
2026-07-17 04:51:42.729 8 INFO neutron_taas.services.taas.tap_mirror_plugin [None req-e241c64a-c396-4a08-82eb-2cff51778b28 7429bbffe4e946ad95104b685a44727c dc858f6b102d479ab1704aeda25ed970 - - default default] Tap Mirror: Handle Delete Port: d9e552a7-0c21-4486-9fd4-f891d93e0cd1
2026-07-17 04:51:42.879 8 INFO neutron.services.segments.plugin [-] Segment b5bfdcb5-ffb9-43a0-91e6-6c6a27ba4f46 resource provider aggregate not found
2026-07-17 04:51:42.883 8 INFO neutron.services.segments.plugin [-] Segment b5bfdcb5-ffb9-43a0-91e6-6c6a27ba4f46 resource provider aggregate not found
2026-07-17 04:51:42.889 8 INFO neutron.services.segments.plugin [-] Segment b5bfdcb5-ffb9-43a0-91e6-6c6a27ba4f46 resource provider not found; error: Placement Client Error (4xx): {"errors": [{"status": 404, "title": "Not Found", "detail": "The resource could not be found.\n\n No resource provider with uuid b5bfdcb5-ffb9-43a0-91e6-6c6a27ba4f46 found for delete ", "request_id": "req-dff67fab-f2c6-4f7b-b920-2e20b6c2f542"}]}
2026-07-17 04:51:42.900 8 INFO neutron.services.segments.plugin [-] Segment b5bfdcb5-ffb9-43a0-91e6-6c6a27ba4f46 resource provider not found; error: Placement Client Error (4xx): {"errors": [{"status": 404, "title": "Not Found", "detail": "The resource could not be found.\n\n No resource provider with uuid b5bfdcb5-ffb9-43a0-91e6-6c6a27ba4f46 found for delete ", "request_id": "req-637b90df-8750-4ebc-a6cd-cd103b76b96d"}]} [pid: 8|app: 0|req: 666/1351] 10.0.0.208 () {32 vars in 726 bytes} [Fri Jul 17 04:51:42 2026] DELETE /v2.0/networks/10909bbb-fbad-4834-a293-aff6bccf16c1 => generated 0 bytes in 365 msecs (HTTP/1.1 204) 3 headers in 131 bytes (1 switches on core 0)
2026-07-17 04:51:43.146 7 INFO neutron.services.segments.plugin [-] Segment 17afa0a2-f7fc-4538-8dd1-090ef6091daf resource provider aggregate not found
2026-07-17 04:51:43.164 7 INFO neutron.services.segments.plugin [-] Segment 17afa0a2-f7fc-4538-8dd1-090ef6091daf resource provider aggregate not found
2026-07-17 04:51:43.174 7 INFO neutron.services.segments.plugin [-] Segment 17afa0a2-f7fc-4538-8dd1-090ef6091daf resource provider not found; error: Placement Client Error (4xx): {"errors": [{"status": 404, "title": "Not Found", "detail": "The resource could not be found.\n\n No resource provider with uuid 17afa0a2-f7fc-4538-8dd1-090ef6091daf found for delete ", "request_id": "req-47b0971c-9a89-41e5-9555-a1073952e428"}]} [pid: 8|app: 0|req: 667/1352] 10.0.0.208 () {32 vars in 774 bytes} [Fri Jul 17 04:51:43 2026] GET /v2.0/security-groups?tenant_id=90648b04f64f4cc19c5d8fa06b0c8c88&name=default => generated 2925 bytes in 31 msecs (HTTP/1.1 200) 4 headers in 158 bytes (1 switches on core 0)
2026-07-17 04:51:43.194 7 INFO neutron.services.segments.plugin [-] Segment 17afa0a2-f7fc-4538-8dd1-090ef6091daf resource provider not found; error: Placement Client Error (4xx): {"errors": [{"status": 404, "title": "Not Found", "detail": "The resource could not be found.\n\n No resource provider with uuid 17afa0a2-f7fc-4538-8dd1-090ef6091daf found for delete ", "request_id": "req-965a0ac5-5f3b-43a0-84a4-6492f157c0f5"}]}
2026-07-17 04:51:43.195 7 INFO neutron.services.segments.plugin [-] Segment 9b0f9d1d-ef4f-46f9-b961-8932d35d7913 resource provider aggregate not found
2026-07-17 04:51:43.219 7 INFO neutron.services.segments.plugin [-] Segment 9b0f9d1d-ef4f-46f9-b961-8932d35d7913 resource provider not found; error: Placement Client Error (4xx): {"errors": [{"status": 404, "title": "Not Found", "detail": "The resource could not be found.\n\n No resource provider with uuid 9b0f9d1d-ef4f-46f9-b961-8932d35d7913 found for delete ", "request_id": "req-6b0b06d2-c321-44c9-a7f6-d1acc367b6d9"}]}
2026-07-17 04:51:43.223 7 INFO neutron.services.segments.plugin [-] Segment 9b0f9d1d-ef4f-46f9-b961-8932d35d7913 resource provider aggregate not found
2026-07-17 04:51:43.233 7 INFO neutron.services.segments.plugin [-] Segment 41331738-8540-45b1-ad87-2a046f9286aa resource provider aggregate not found
2026-07-17 04:51:43.237 7 INFO neutron.services.segments.plugin [-] Segment 9b0f9d1d-ef4f-46f9-b961-8932d35d7913 resource provider not found; error: Placement Client Error (4xx): {"errors": [{"status": 404, "title": "Not Found", "detail": "The resource could not be found.\n\n No resource provider with uuid 9b0f9d1d-ef4f-46f9-b961-8932d35d7913 found for delete ", "request_id": "req-18dc3c34-8323-4eec-92b2-e2f4b3f158ce"}]}
2026-07-17 04:51:43.246 7 INFO neutron.services.segments.plugin [-] Segment 41331738-8540-45b1-ad87-2a046f9286aa resource provider not found; error: Placement Client Error (4xx): {"errors": [{"status": 404, "title": "Not Found", "detail": "The resource could not be found.\n\n No resource provider with uuid 41331738-8540-45b1-ad87-2a046f9286aa found for delete ", "request_id": "req-0560826e-076b-4bb8-ad5c-4e2b58832163"}]}
2026-07-17 04:51:43.263 7 INFO neutron.services.segments.plugin [-] Segment 41331738-8540-45b1-ad87-2a046f9286aa resource provider aggregate not found
2026-07-17 04:51:43.275 7 INFO neutron.services.segments.plugin [-] Segment 41331738-8540-45b1-ad87-2a046f9286aa resource provider not found; error: Placement Client Error (4xx): {"errors": [{"status": 404, "title": "Not Found", "detail": "The resource could not be found.\n\n No resource provider with uuid 41331738-8540-45b1-ad87-2a046f9286aa found for delete ", "request_id": "req-a92cd4d7-3c31-471f-b4bc-7f31f31be287"}]} [pid: 7|app: 0|req: 686/1353] 10.0.0.208 () {32 vars in 774 bytes} [Fri Jul 17 04:51:43 2026] GET /v2.0/security-groups?tenant_id=3ef286a57c114fc39f04e7f43d48f89b&name=default => generated 2925 bytes in 284 msecs (HTTP/1.1 200) 4 headers in 158 bytes (1 switches on core 0) [pid: 8|app: 0|req: 668/1354] 10.0.0.208 () {32 vars in 740 bytes} [Fri Jul 17 04:51:43 2026] DELETE /v2.0/security-groups/f65cfd87-ca1a-4093-a786-c1ba7df5933e => generated 0 bytes in 229 msecs (HTTP/1.1 204) 2 headers in 112 bytes (1 switches on core 0)
2026-07-17 04:51:43.614 8 INFO neutron.plugins.ml2.drivers.ovn.mech_driver.mech_driver [None req-1991f75d-b039-4097-9a0e-3045095b0bd9 - - - - - -] OVN reports status down for port: 534cdbfc-b4a1-40be-a8f8-178c8e3fca00 [pid: 7|app: 0|req: 687/1355] 10.0.0.208 () {32 vars in 740 bytes} [Fri Jul 17 04:51:43 2026] DELETE /v2.0/security-groups/044989b9-3757-4811-ad78-b6c5183a5251 => generated 0 bytes in 271 msecs (HTTP/1.1 204) 2 headers in 112 bytes (1 switches on core 0)
2026-07-17 04:51:43.826 8 INFO neutron.notifiers.nova [-] Nova event matching ['req-c70cf5e7-b991-4712-9dcb-da16d56756ea'] response: {'server_uuid': 'e16bd16c-e459-4205-9acf-9585aa148985', 'name': 'network-vif-unplugged', 'status': 'completed', 'tag': '534cdbfc-b4a1-40be-a8f8-178c8e3fca00', 'code': 200} [pid: 8|app: 0|req: 669/1356] 10.0.0.1 () {34 vars in 988 bytes} [Fri Jul 17 04:51:43 2026] GET /v2.0/ports?device_id=e16bd16c-e459-4205-9acf-9585aa148985 => generated 971 bytes in 138 msecs (HTTP/1.1 200) 4 headers in 157 bytes (1 switches on core 0) [pid: 7|app: 0|req: 688/1357] 10.0.0.1 () {34 vars in 1038 bytes} [Fri Jul 17 04:51:43 2026] GET /v2.0/security-groups?id=82a69a50-784a-4bed-ae80-0c028ea9a37e&fields=id&fields=name => generated 113 bytes in 36 msecs (HTTP/1.1 200) 4 headers in 157 bytes (1 switches on core 0)
2026-07-17 04:51:43.965 8 INFO neutron.db.ovn_revision_numbers_db [None req-1991f75d-b039-4097-9a0e-3045095b0bd9 - - - - - -] Successfully bumped revision number for resource 534cdbfc-b4a1-40be-a8f8-178c8e3fca00 (type: ports) to 8 /var/lib/openstack/lib/python3.12/site-packages/pycadf/identifier.py:70: UserWarning: Invalid uuid: neutron. To ensure interoperability, identifiers should be a valid uuid. warnings.warn(('Invalid uuid: %s. To ensure interoperability, '
2026-07-17 04:51:44.702 8 INFO neutron.db.ovn_revision_numbers_db [None req-6f774dff-d31a-4cef-b60e-53def7ee2cc3 7429bbffe4e946ad95104b685a44727c dc858f6b102d479ab1704aeda25ed970 - - default default] Successfully bumped revision number for resource ea45a6fd-1b51-4b66-a8b3-4f6d3e004838 (type: security_groups) to 1
2026-07-17 04:51:44.713 8 INFO neutron.db.ovn_revision_numbers_db [None req-6f774dff-d31a-4cef-b60e-53def7ee2cc3 7429bbffe4e946ad95104b685a44727c dc858f6b102d479ab1704aeda25ed970 - - default default] Successfully bumped revision number for resource 9083c9a1-8676-44bc-bb14-fc99a1b53c4b (type: security_group_rules) to 0
2026-07-17 04:51:44.722 8 INFO neutron.db.ovn_revision_numbers_db [None req-6f774dff-d31a-4cef-b60e-53def7ee2cc3 7429bbffe4e946ad95104b685a44727c dc858f6b102d479ab1704aeda25ed970 - - default default] Successfully bumped revision number for resource bf71297d-2f9f-42e4-8e77-0e38cbe676ec (type: security_group_rules) to 0
2026-07-17 04:51:44.733 8 INFO neutron.db.ovn_revision_numbers_db [None req-6f774dff-d31a-4cef-b60e-53def7ee2cc3 7429bbffe4e946ad95104b685a44727c dc858f6b102d479ab1704aeda25ed970 - - default default] Successfully bumped revision number for resource f3061c43-b15a-402c-8c59-fc76d863779b (type: security_group_rules) to 0
2026-07-17 04:51:44.744 8 INFO neutron.db.ovn_revision_numbers_db [None req-6f774dff-d31a-4cef-b60e-53def7ee2cc3 7429bbffe4e946ad95104b685a44727c dc858f6b102d479ab1704aeda25ed970 - - default default] Successfully bumped revision number for resource f464fe10-2b6a-4105-b5f9-d562c082a20b (type: security_group_rules) to 0 [pid: 8|app: 0|req: 670/1360] 10.0.0.208 () {32 vars in 774 bytes} [Fri Jul 17 04:51:44 2026] GET /v2.0/security-groups?tenant_id=b213605c8627442582e5d3e1ecc0334c&name=default => generated 2925 bytes in 752 msecs (HTTP/1.1 200) 4 headers in 158 bytes (1 switches on core 0) [pid: 7|app: 0|req: 691/1361] 199.204.45.216 () {34 vars in 994 bytes} [Fri Jul 17 04:51:44 2026] GET /v2.0/ports?device_id=e16bd16c-e459-4205-9acf-9585aa148985 => generated 969 bytes in 39 msecs (HTTP/1.1 200) 4 headers in 157 bytes (1 switches on core 0)
2026-07-17 04:51:44.950 7 INFO neutron_taas.services.taas.taas_plugin [req-08377ca1-5670-4e22-9f28-3bd339a2e0cc req-ac64d36c-a72f-4f73-b12a-4d760f406181 e87431da639f4ef9944c1ccbfde44b47 d6662c4d4edd48c888f3b66d0e1a37dd - - default default] TaaS: Handle Delete Port: 534cdbfc-b4a1-40be-a8f8-178c8e3fca00
2026-07-17 04:51:44.954 7 INFO neutron_taas.services.taas.tap_mirror_plugin [req-08377ca1-5670-4e22-9f28-3bd339a2e0cc req-ac64d36c-a72f-4f73-b12a-4d760f406181 e87431da639f4ef9944c1ccbfde44b47 d6662c4d4edd48c888f3b66d0e1a37dd - - default default] Tap Mirror: Handle Delete Port: 534cdbfc-b4a1-40be-a8f8-178c8e3fca00 [pid: 8|app: 0|req: 671/1362] 10.0.0.208 () {32 vars in 740 bytes} [Fri Jul 17 04:51:44 2026] DELETE /v2.0/security-groups/ea45a6fd-1b51-4b66-a8b3-4f6d3e004838 => generated 0 bytes in 223 msecs (HTTP/1.1 204) 2 headers in 112 bytes (1 switches on core 0) [pid: 8|app: 0|req: 672/1363] 10.0.0.1 () {34 vars in 988 bytes} [Fri Jul 17 04:51:45 2026] GET /v2.0/ports?device_id=e16bd16c-e459-4205-9acf-9585aa148985 => generated 969 bytes in 42 msecs (HTTP/1.1 200) 4 headers in 157 bytes (1 switches on core 0) [pid: 8|app: 0|req: 673/1364] 10.0.0.1 () {34 vars in 1038 bytes} [Fri Jul 17 04:51:45 2026] GET /v2.0/security-groups?id=82a69a50-784a-4bed-ae80-0c028ea9a37e&fields=id&fields=name => generated 113 bytes in 52 msecs (HTTP/1.1 200) 4 headers in 157 bytes (1 switches on core 0)
2026-07-17 04:51:45.159 7 INFO neutron.db.l3_db [req-08377ca1-5670-4e22-9f28-3bd339a2e0cc req-ac64d36c-a72f-4f73-b12a-4d760f406181 e87431da639f4ef9944c1ccbfde44b47 d6662c4d4edd48c888f3b66d0e1a37dd - - default default] Floating IP 93be13e3-1e00-4ffb-9d18-ae4d0f915b10 disassociated. External IP: 10.96.250.202, port: 534cdbfc-b4a1-40be-a8f8-178c8e3fca00. [pid: 7|app: 0|req: 692/1365] 199.204.45.216 () {36 vars in 997 bytes} [Fri Jul 17 04:51:44 2026] DELETE /v2.0/ports/534cdbfc-b4a1-40be-a8f8-178c8e3fca00 => generated 0 bytes in 469 msecs (HTTP/1.1 204) 3 headers in 131 bytes (1 switches on core 0)
2026-07-17 04:51:45.327 7 INFO neutron.notifiers.nova [-] Nova event matching ['req-a41735f7-73ea-458c-984d-8022a0936d98'] response: {'server_uuid': 'e16bd16c-e459-4205-9acf-9585aa148985', 'name': 'network-vif-deleted', 'tag': '534cdbfc-b4a1-40be-a8f8-178c8e3fca00', 'status': 'completed', 'code': 200}
2026-07-17 04:51:45.346 8 INFO neutron.db.ovn_revision_numbers_db [None req-0cbe3ef0-055b-4d65-99fe-f7858b3e9e9c 7429bbffe4e946ad95104b685a44727c dc858f6b102d479ab1704aeda25ed970 - - default default] Successfully bumped revision number for resource 529d1bfe-4857-4d16-97a7-7d2fbff26225 (type: security_groups) to 1
2026-07-17 04:51:45.359 8 INFO neutron.db.ovn_revision_numbers_db [None req-0cbe3ef0-055b-4d65-99fe-f7858b3e9e9c 7429bbffe4e946ad95104b685a44727c dc858f6b102d479ab1704aeda25ed970 - - default default] Successfully bumped revision number for resource 031f2102-237d-49f7-9e25-25f3f996ded0 (type: security_group_rules) to 0
2026-07-17 04:51:45.371 8 INFO neutron.db.ovn_revision_numbers_db [None req-0cbe3ef0-055b-4d65-99fe-f7858b3e9e9c 7429bbffe4e946ad95104b685a44727c dc858f6b102d479ab1704aeda25ed970 - - default default] Successfully bumped revision number for resource 36cab9a2-95e7-4b59-aa91-92993eaf5966 (type: security_group_rules) to 0
2026-07-17 04:51:45.385 8 INFO neutron.db.ovn_revision_numbers_db [None req-0cbe3ef0-055b-4d65-99fe-f7858b3e9e9c 7429bbffe4e946ad95104b685a44727c dc858f6b102d479ab1704aeda25ed970 - - default default] Successfully bumped revision number for resource 81e91404-5750-46b6-a7f8-ad94eeb6a272 (type: security_group_rules) to 0
2026-07-17 04:51:45.396 8 INFO neutron.db.ovn_revision_numbers_db [None req-0cbe3ef0-055b-4d65-99fe-f7858b3e9e9c 7429bbffe4e946ad95104b685a44727c dc858f6b102d479ab1704aeda25ed970 - - default default] Successfully bumped revision number for resource fbfeb17c-384e-4e10-918f-77fcc5178394 (type: security_group_rules) to 0 [pid: 8|app: 0|req: 674/1366] 10.0.0.208 () {32 vars in 774 bytes} [Fri Jul 17 04:51:45 2026] GET /v2.0/security-groups?tenant_id=975eb5492a4e46e386f39f324ed36fc5&name=default => generated 2925 bytes in 230 msecs (HTTP/1.1 200) 4 headers in 158 bytes (1 switches on core 0) /var/lib/openstack/lib/python3.12/site-packages/pycadf/identifier.py:70: UserWarning: Invalid uuid: neutron. To ensure interoperability, identifiers should be a valid uuid. warnings.warn(('Invalid uuid: %s. To ensure interoperability, ' [pid: 7|app: 0|req: 693/1367] 10.0.0.208 () {32 vars in 740 bytes} [Fri Jul 17 04:51:45 2026] DELETE /v2.0/security-groups/529d1bfe-4857-4d16-97a7-7d2fbff26225 => generated 0 bytes in 239 msecs (HTTP/1.1 204) 2 headers in 112 bytes (1 switches on core 0)
2026-07-17 04:51:45.763 8 INFO neutron.db.ovn_revision_numbers_db [None req-fe68a6a3-f2c5-440f-9cf9-1fc7787314dd b804a4baceac411fb321d5143aef847e 122d86ae34f44328bf836cbb7d0d3471 - - default default] Successfully bumped revision number for resource 14bdfb29-b573-4c32-883b-c427c9409407 (type: security_groups) to 1
2026-07-17 04:51:45.774 8 INFO neutron.db.ovn_revision_numbers_db [None req-fe68a6a3-f2c5-440f-9cf9-1fc7787314dd b804a4baceac411fb321d5143aef847e 122d86ae34f44328bf836cbb7d0d3471 - - default default] Successfully bumped revision number for resource 01ae9865-dd52-408b-8565-74c1cc63917e (type: security_group_rules) to 0
2026-07-17 04:51:45.786 8 INFO neutron.db.ovn_revision_numbers_db [None req-fe68a6a3-f2c5-440f-9cf9-1fc7787314dd b804a4baceac411fb321d5143aef847e 122d86ae34f44328bf836cbb7d0d3471 - - default default] Successfully bumped revision number for resource 48cced62-f6e5-4721-9946-b4d0ee78c7fe (type: security_group_rules) to 0
2026-07-17 04:51:45.800 8 INFO neutron.db.ovn_revision_numbers_db [None req-fe68a6a3-f2c5-440f-9cf9-1fc7787314dd b804a4baceac411fb321d5143aef847e 122d86ae34f44328bf836cbb7d0d3471 - - default default] Successfully bumped revision number for resource 88b7f189-72c2-4501-a869-adecfd673e2b (type: security_group_rules) to 0
2026-07-17 04:51:45.812 8 INFO neutron.db.ovn_revision_numbers_db [None req-fe68a6a3-f2c5-440f-9cf9-1fc7787314dd b804a4baceac411fb321d5143aef847e 122d86ae34f44328bf836cbb7d0d3471 - - default default] Successfully bumped revision number for resource f370ec00-9866-4531-a6e9-64600068a833 (type: security_group_rules) to 0
2026-07-17 04:51:45.863 8 INFO neutron.notifiers.nova [-] Nova event matching ['req-f8d048a9-4c4d-4c29-9165-a4887e1883aa'] response: {'server_uuid': 'e16bd16c-e459-4205-9acf-9585aa148985', 'name': 'network-vif-unplugged', 'status': 'completed', 'tag': '534cdbfc-b4a1-40be-a8f8-178c8e3fca00', 'code': 200}
2026-07-17 04:51:45.888 8 INFO neutron.db.segments_db [None req-fe68a6a3-f2c5-440f-9cf9-1fc7787314dd b804a4baceac411fb321d5143aef847e 122d86ae34f44328bf836cbb7d0d3471 - - default default] Added segment 2b571b89-85cb-42ae-a399-b80d217746bd of type geneve for network 77e94472-bc68-489c-964e-87055a22560d
2026-07-17 04:51:45.982 8 INFO neutron.db.ovn_revision_numbers_db [None req-fe68a6a3-f2c5-440f-9cf9-1fc7787314dd b804a4baceac411fb321d5143aef847e 122d86ae34f44328bf836cbb7d0d3471 - - default default] Successfully bumped revision number for resource 77e94472-bc68-489c-964e-87055a22560d (type: networks) to 1
2026-07-17 04:51:46.132 8 WARNING neutron.scheduler.dhcp_agent_scheduler [None req-fe68a6a3-f2c5-440f-9cf9-1fc7787314dd b804a4baceac411fb321d5143aef847e 122d86ae34f44328bf836cbb7d0d3471 - - default default] No more DHCP agents
2026-07-17 04:51:46.134 8 WARNING neutron.api.rpc.agentnotifiers.dhcp_rpc_agent_api [None req-fe68a6a3-f2c5-440f-9cf9-1fc7787314dd b804a4baceac411fb321d5143aef847e 122d86ae34f44328bf836cbb7d0d3471 - - default default] Unable to schedule network 77e94472-bc68-489c-964e-87055a22560d: no agents available; will retry on subsequent port and subnet creation events.
2026-07-17 04:51:46.184 8 INFO neutron.plugins.ml2.drivers.ovn.mech_driver.mech_driver [None req-729d92e8-f32a-4798-8dee-38a9cbdd54fe - - - - - -] OVN reports status down for port: a0bebd01-c14b-4911-8440-f008de2ef5ac [pid: 7|app: 0|req: 694/1368] 10.0.0.1 () {34 vars in 988 bytes} [Fri Jul 17 04:51:46 2026] GET /v2.0/ports?device_id=e16bd16c-e459-4205-9acf-9585aa148985 => generated 12 bytes in 24 msecs (HTTP/1.1 200) 4 headers in 156 bytes (1 switches on core 0)
2026-07-17 04:51:46.238 8 INFO neutron.db.ovn_revision_numbers_db [None req-fe68a6a3-f2c5-440f-9cf9-1fc7787314dd b804a4baceac411fb321d5143aef847e 122d86ae34f44328bf836cbb7d0d3471 - - default default] Successfully bumped revision number for resource a0bebd01-c14b-4911-8440-f008de2ef5ac (type: ports) to 1 [pid: 8|app: 0|req: 675/1369] 10.0.0.208 () {34 vars in 670 bytes} [Fri Jul 17 04:51:45 2026] POST /v2.0/networks => generated 663 bytes in 751 msecs (HTTP/1.1 201) 4 headers in 162 bytes (1 switches on core 0)
2026-07-17 04:51:46.508 7 WARNING neutron.scheduler.dhcp_agent_scheduler [None req-bbc50be5-1dc2-4d90-ad82-16d65feeb677 b804a4baceac411fb321d5143aef847e 122d86ae34f44328bf836cbb7d0d3471 - - default default] No more DHCP agents
2026-07-17 04:51:46.509 7 WARNING neutron.api.rpc.agentnotifiers.dhcp_rpc_agent_api [None req-bbc50be5-1dc2-4d90-ad82-16d65feeb677 b804a4baceac411fb321d5143aef847e 122d86ae34f44328bf836cbb7d0d3471 - - default default] Unable to schedule network 77e94472-bc68-489c-964e-87055a22560d: no agents available; will retry on subsequent port and subnet creation events.
2026-07-17 04:51:46.574 8 INFO neutron.plugins.ml2.drivers.ovn.mech_driver.mech_driver [None req-729d92e8-f32a-4798-8dee-38a9cbdd54fe - - - - - -] OVN reports status down for port: e50f6f64-ce5c-4261-a170-7b97721da474
2026-07-17 04:51:46.621 7 INFO neutron.db.ovn_revision_numbers_db [None req-bbc50be5-1dc2-4d90-ad82-16d65feeb677 b804a4baceac411fb321d5143aef847e 122d86ae34f44328bf836cbb7d0d3471 - - default default] Successfully bumped revision number for resource e50f6f64-ce5c-4261-a170-7b97721da474 (type: ports) to 1 [pid: 7|app: 0|req: 695/1370] 10.0.0.208 () {34 vars in 665 bytes} [Fri Jul 17 04:51:46 2026] POST /v2.0/ports => generated 774 bytes in 401 msecs (HTTP/1.1 201) 4 headers in 162 bytes (1 switches on core 0)
2026-07-17 04:51:46.785 8 INFO neutron.db.segments_db [None req-4dfc0580-bde5-4be3-b471-c71ee5fb03c7 b804a4baceac411fb321d5143aef847e 122d86ae34f44328bf836cbb7d0d3471 - - default default] Added segment 3aeb279a-fe9f-4a23-a7d3-3cea6a33c947 of type geneve for network c0235f40-7b99-43e9-9af1-8e3397bc8d2e
2026-07-17 04:51:46.916 8 INFO neutron.db.ovn_revision_numbers_db [None req-4dfc0580-bde5-4be3-b471-c71ee5fb03c7 b804a4baceac411fb321d5143aef847e 122d86ae34f44328bf836cbb7d0d3471 - - default default] Successfully bumped revision number for resource c0235f40-7b99-43e9-9af1-8e3397bc8d2e (type: networks) to 1
2026-07-17 04:51:47.062 8 WARNING neutron.scheduler.dhcp_agent_scheduler [None req-4dfc0580-bde5-4be3-b471-c71ee5fb03c7 b804a4baceac411fb321d5143aef847e 122d86ae34f44328bf836cbb7d0d3471 - - default default] No more DHCP agents
2026-07-17 04:51:47.064 8 WARNING neutron.api.rpc.agentnotifiers.dhcp_rpc_agent_api [None req-4dfc0580-bde5-4be3-b471-c71ee5fb03c7 b804a4baceac411fb321d5143aef847e 122d86ae34f44328bf836cbb7d0d3471 - - default default] Unable to schedule network c0235f40-7b99-43e9-9af1-8e3397bc8d2e: no agents available; will retry on subsequent port and subnet creation events.
2026-07-17 04:51:47.112 8 INFO neutron.plugins.ml2.drivers.ovn.mech_driver.mech_driver [None req-729d92e8-f32a-4798-8dee-38a9cbdd54fe - - - - - -] OVN reports status down for port: 1bc02a13-86d4-4889-acc9-8cfba24add01
2026-07-17 04:51:47.169 8 INFO neutron.db.ovn_revision_numbers_db [None req-4dfc0580-bde5-4be3-b471-c71ee5fb03c7 b804a4baceac411fb321d5143aef847e 122d86ae34f44328bf836cbb7d0d3471 - - default default] Successfully bumped revision number for resource 1bc02a13-86d4-4889-acc9-8cfba24add01 (type: ports) to 1 [pid: 8|app: 0|req: 676/1371] 10.0.0.208 () {34 vars in 670 bytes} [Fri Jul 17 04:51:46 2026] POST /v2.0/networks => generated 650 bytes in 527 msecs (HTTP/1.1 201) 4 headers in 162 bytes (1 switches on core 0) /var/lib/openstack/lib/python3.12/site-packages/pycadf/identifier.py:70: UserWarning: Invalid uuid: neutron. To ensure interoperability, identifiers should be a valid uuid. warnings.warn(('Invalid uuid: %s. To ensure interoperability, ' [pid: 8|app: 0|req: 677/1372] 10.0.0.1 () {34 vars in 988 bytes} [Fri Jul 17 04:51:47 2026] GET /v2.0/ports?device_id=e16bd16c-e459-4205-9acf-9585aa148985 => generated 12 bytes in 20 msecs (HTTP/1.1 200) 4 headers in 156 bytes (1 switches on core 0)
2026-07-17 04:51:47.366 7 WARNING neutron.scheduler.dhcp_agent_scheduler [None req-6cbafed2-ae3e-440e-a5f5-fa71acc742e0 b804a4baceac411fb321d5143aef847e 122d86ae34f44328bf836cbb7d0d3471 - - default default] No more DHCP agents
2026-07-17 04:51:47.367 7 WARNING neutron.api.rpc.agentnotifiers.dhcp_rpc_agent_api [None req-6cbafed2-ae3e-440e-a5f5-fa71acc742e0 b804a4baceac411fb321d5143aef847e 122d86ae34f44328bf836cbb7d0d3471 - - default default] Unable to schedule network c0235f40-7b99-43e9-9af1-8e3397bc8d2e: no agents available; will retry on subsequent port and subnet creation events.
2026-07-17 04:51:47.822 7 INFO neutron.db.ovn_revision_numbers_db [None req-dc06cd6f-92ee-4942-bd5d-1cc68c9ef13b - - - - - -] Successfully bumped revision number for resource 1bc02a13-86d4-4889-acc9-8cfba24add01 (type: ports) to 2
2026-07-17 04:51:47.853 7 INFO neutron.db.ovn_revision_numbers_db [None req-dc06cd6f-92ee-4942-bd5d-1cc68c9ef13b - - - - - -] Successfully bumped revision number for resource 3549f97e-7482-4880-a139-9857ca534b4b (type: subnets) to 0 [pid: 7|app: 0|req: 696/1373] 10.0.0.208 () {34 vars in 669 bytes} [Fri Jul 17 04:51:47 2026] POST /v2.0/subnets => generated 626 bytes in 652 msecs (HTTP/1.1 201) 4 headers in 162 bytes (1 switches on core 0)
2026-07-17 04:51:48.141 8 WARNING neutron.scheduler.dhcp_agent_scheduler [None req-a0b8e1a2-8e8c-43e1-9ea4-215acbe365af b804a4baceac411fb321d5143aef847e 122d86ae34f44328bf836cbb7d0d3471 - - default default] No more DHCP agents
2026-07-17 04:51:48.142 8 WARNING neutron.api.rpc.agentnotifiers.dhcp_rpc_agent_api [None req-a0b8e1a2-8e8c-43e1-9ea4-215acbe365af b804a4baceac411fb321d5143aef847e 122d86ae34f44328bf836cbb7d0d3471 - - default default] Unable to schedule network c0235f40-7b99-43e9-9af1-8e3397bc8d2e: no agents available; will retry on subsequent port and subnet creation events.
2026-07-17 04:51:48.255 8 INFO neutron.plugins.ml2.drivers.ovn.mech_driver.mech_driver [None req-729d92e8-f32a-4798-8dee-38a9cbdd54fe - - - - - -] OVN reports status down for port: d364a1e1-f293-4adb-b3b9-1b8eddac2c7c
2026-07-17 04:51:48.307 8 INFO neutron.db.ovn_revision_numbers_db [None req-a0b8e1a2-8e8c-43e1-9ea4-215acbe365af b804a4baceac411fb321d5143aef847e 122d86ae34f44328bf836cbb7d0d3471 - - default default] Successfully bumped revision number for resource d364a1e1-f293-4adb-b3b9-1b8eddac2c7c (type: ports) to 1 [pid: 8|app: 0|req: 678/1374] 10.0.0.208 () {34 vars in 665 bytes} [Fri Jul 17 04:51:47 2026] POST /v2.0/ports => generated 954 bytes in 530 msecs (HTTP/1.1 201) 4 headers in 162 bytes (1 switches on core 0) /var/lib/openstack/lib/python3.12/site-packages/pycadf/identifier.py:70: UserWarning: Invalid uuid: neutron. To ensure interoperability, identifiers should be a valid uuid. warnings.warn(('Invalid uuid: %s. To ensure interoperability, ' [pid: 7|app: 0|req: 697/1375] 10.0.0.1 () {34 vars in 988 bytes} [Fri Jul 17 04:51:48 2026] GET /v2.0/ports?device_id=e16bd16c-e459-4205-9acf-9585aa148985 => generated 12 bytes in 19 msecs (HTTP/1.1 200) 4 headers in 156 bytes (1 switches on core 0)
2026-07-17 04:51:48.558 8 INFO neutron_taas.services.taas.taas_plugin [None req-a1510741-cfef-4ec3-8adb-ae9a72908e4e b804a4baceac411fb321d5143aef847e 122d86ae34f44328bf836cbb7d0d3471 - - default default] TaaS: Handle Delete Port: d364a1e1-f293-4adb-b3b9-1b8eddac2c7c
2026-07-17 04:51:48.561 8 INFO neutron_taas.services.taas.tap_mirror_plugin [None req-a1510741-cfef-4ec3-8adb-ae9a72908e4e b804a4baceac411fb321d5143aef847e 122d86ae34f44328bf836cbb7d0d3471 - - default default] Tap Mirror: Handle Delete Port: d364a1e1-f293-4adb-b3b9-1b8eddac2c7c [pid: 8|app: 0|req: 679/1376] 10.0.0.208 () {32 vars in 720 bytes} [Fri Jul 17 04:51:48 2026] DELETE /v2.0/ports/d364a1e1-f293-4adb-b3b9-1b8eddac2c7c => generated 0 bytes in 344 msecs (HTTP/1.1 204) 3 headers in 131 bytes (1 switches on core 0)
2026-07-17 04:51:48.775 7 INFO neutron.pecan_wsgi.hooks.translation [None req-e914741c-929a-4a34-9df3-d77454d1101d b804a4baceac411fb321d5143aef847e 122d86ae34f44328bf836cbb7d0d3471 - - default default] DELETE failed (client error): The resource could not be found. [pid: 7|app: 0|req: 698/1377] 10.0.0.208 () {32 vars in 720 bytes} [Fri Jul 17 04:51:48 2026] DELETE /v2.0/ports/d364a1e1-f293-4adb-b3b9-1b8eddac2c7c => generated 132 bytes in 21 msecs (HTTP/1.1 404) 4 headers in 164 bytes (1 switches on core 0)
2026-07-17 04:51:48.799 8 INFO neutron.pecan_wsgi.hooks.translation [None req-a062c540-bd39-417f-8b39-8c89fe5c825e b804a4baceac411fb321d5143aef847e 122d86ae34f44328bf836cbb7d0d3471 - - default default] GET failed (client error): The resource could not be found. [pid: 8|app: 0|req: 680/1378] 10.0.0.208 () {32 vars in 717 bytes} [Fri Jul 17 04:51:48 2026] GET /v2.0/ports/d364a1e1-f293-4adb-b3b9-1b8eddac2c7c => generated 132 bytes in 18 msecs (HTTP/1.1 404) 4 headers in 164 bytes (1 switches on core 0) [pid: 7|app: 0|req: 699/1379] 10.0.0.208 () {32 vars in 724 bytes} [Fri Jul 17 04:51:48 2026] DELETE /v2.0/subnets/3549f97e-7482-4880-a139-9857ca534b4b => generated 0 bytes in 159 msecs (HTTP/1.1 204) 3 headers in 131 bytes (1 switches on core 0)
2026-07-17 04:51:49.085 8 INFO neutron_taas.services.taas.taas_plugin [None req-8bd94cda-e0ee-4937-aec3-5d76e7d913da b804a4baceac411fb321d5143aef847e 122d86ae34f44328bf836cbb7d0d3471 - - default default] TaaS: Handle Delete Port: 1bc02a13-86d4-4889-acc9-8cfba24add01
2026-07-17 04:51:49.087 8 INFO neutron_taas.services.taas.tap_mirror_plugin [None req-8bd94cda-e0ee-4937-aec3-5d76e7d913da b804a4baceac411fb321d5143aef847e 122d86ae34f44328bf836cbb7d0d3471 - - default default] Tap Mirror: Handle Delete Port: 1bc02a13-86d4-4889-acc9-8cfba24add01
2026-07-17 04:51:49.255 8 INFO neutron.services.segments.plugin [-] Segment 3aeb279a-fe9f-4a23-a7d3-3cea6a33c947 resource provider aggregate not found
2026-07-17 04:51:49.259 8 INFO neutron.services.segments.plugin [-] Segment 3aeb279a-fe9f-4a23-a7d3-3cea6a33c947 resource provider aggregate not found
2026-07-17 04:51:49.275 8 INFO neutron.services.segments.plugin [-] Segment 3aeb279a-fe9f-4a23-a7d3-3cea6a33c947 resource provider not found; error: Placement Client Error (4xx): {"errors": [{"status": 404, "title": "Not Found", "detail": "The resource could not be found.\n\n No resource provider with uuid 3aeb279a-fe9f-4a23-a7d3-3cea6a33c947 found for delete ", "request_id": "req-01fd7f82-8913-4317-9b1f-3349f0716cb3"}]}
2026-07-17 04:51:49.276 8 INFO neutron.services.segments.plugin [-] Segment 3aeb279a-fe9f-4a23-a7d3-3cea6a33c947 resource provider not found; error: Placement Client Error (4xx): {"errors": [{"status": 404, "title": "Not Found", "detail": "The resource could not be found.\n\n No resource provider with uuid 3aeb279a-fe9f-4a23-a7d3-3cea6a33c947 found for delete ", "request_id": "req-6b3b27ff-0fe2-4e74-ba99-e81eb540b109"}]} [pid: 8|app: 0|req: 681/1380] 10.0.0.208 () {32 vars in 726 bytes} [Fri Jul 17 04:51:48 2026] DELETE /v2.0/networks/c0235f40-7b99-43e9-9af1-8e3397bc8d2e => generated 0 bytes in 325 msecs (HTTP/1.1 204) 3 headers in 131 bytes (1 switches on core 0)
2026-07-17 04:51:49.391 7 INFO neutron.db.segments_db [None req-d518c0e8-8dc9-4138-8517-d3b7d073a492 b804a4baceac411fb321d5143aef847e 122d86ae34f44328bf836cbb7d0d3471 - - default default] Added segment e9423d84-dce2-4ad6-acbb-403a04159b85 of type geneve for network 492be246-a847-41ef-8cce-cbf5f73abda8
2026-07-17 04:51:49.546 7 INFO neutron.db.ovn_revision_numbers_db [None req-d518c0e8-8dc9-4138-8517-d3b7d073a492 b804a4baceac411fb321d5143aef847e 122d86ae34f44328bf836cbb7d0d3471 - - default default] Successfully bumped revision number for resource 492be246-a847-41ef-8cce-cbf5f73abda8 (type: networks) to 1 [pid: 8|app: 0|req: 682/1381] 10.0.0.208 () {32 vars in 740 bytes} [Fri Jul 17 04:51:49 2026] DELETE /v2.0/security-groups/82a69a50-784a-4bed-ae80-0c028ea9a37e => generated 0 bytes in 151 msecs (HTTP/1.1 204) 2 headers in 112 bytes (1 switches on core 0)
2026-07-17 04:51:49.687 8 INFO neutron.api.v2.resource [None req-2b4c90b7-56c3-4695-8fcd-43860f463aed e87431da639f4ef9944c1ccbfde44b47 d6662c4d4edd48c888f3b66d0e1a37dd - - default default] show failed (client error): The resource could not be found. [pid: 8|app: 0|req: 683/1382] 10.0.0.208 () {32 vars in 737 bytes} [Fri Jul 17 04:51:49 2026] GET /v2.0/security-groups/82a69a50-784a-4bed-ae80-0c028ea9a37e => generated 146 bytes in 10 msecs (HTTP/1.1 404) 4 headers in 164 bytes (1 switches on core 0)
2026-07-17 04:51:49.747 7 WARNING neutron.scheduler.dhcp_agent_scheduler [None req-d518c0e8-8dc9-4138-8517-d3b7d073a492 b804a4baceac411fb321d5143aef847e 122d86ae34f44328bf836cbb7d0d3471 - - default default] No more DHCP agents
2026-07-17 04:51:49.749 7 WARNING neutron.api.rpc.agentnotifiers.dhcp_rpc_agent_api [None req-d518c0e8-8dc9-4138-8517-d3b7d073a492 b804a4baceac411fb321d5143aef847e 122d86ae34f44328bf836cbb7d0d3471 - - default default] Unable to schedule network 492be246-a847-41ef-8cce-cbf5f73abda8: no agents available; will retry on subsequent port and subnet creation events.
2026-07-17 04:51:49.831 8 INFO neutron.plugins.ml2.drivers.ovn.mech_driver.mech_driver [None req-729d92e8-f32a-4798-8dee-38a9cbdd54fe - - - - - -] OVN reports status down for port: 9174565f-55be-4eb6-a606-32f1d0c47a09
2026-07-17 04:51:49.834 7 INFO neutron.db.ovn_revision_numbers_db [None req-d518c0e8-8dc9-4138-8517-d3b7d073a492 b804a4baceac411fb321d5143aef847e 122d86ae34f44328bf836cbb7d0d3471 - - default default] Successfully bumped revision number for resource 9174565f-55be-4eb6-a606-32f1d0c47a09 (type: ports) to 1
2026-07-17 04:51:49.853 8 INFO neutron_taas.services.taas.taas_plugin [None req-65cacd7b-3558-47fb-8d9c-d6c496f7ec6f e87431da639f4ef9944c1ccbfde44b47 d6662c4d4edd48c888f3b66d0e1a37dd - - default default] TaaS: Handle Delete Port: 3f1fa512-1090-4ca7-8f6e-60c5ca47a8fe
2026-07-17 04:51:49.859 8 INFO neutron_taas.services.taas.tap_mirror_plugin [None req-65cacd7b-3558-47fb-8d9c-d6c496f7ec6f e87431da639f4ef9944c1ccbfde44b47 d6662c4d4edd48c888f3b66d0e1a37dd - - default default] Tap Mirror: Handle Delete Port: 3f1fa512-1090-4ca7-8f6e-60c5ca47a8fe [pid: 7|app: 0|req: 700/1383] 10.0.0.208 () {34 vars in 670 bytes} [Fri Jul 17 04:51:49 2026] POST /v2.0/networks => generated 650 bytes in 557 msecs (HTTP/1.1 201) 4 headers in 162 bytes (1 switches on core 0) [pid: 8|app: 0|req: 684/1384] 10.0.0.208 () {32 vars in 732 bytes} [Fri Jul 17 04:51:49 2026] DELETE /v2.0/floatingips/93be13e3-1e00-4ffb-9d18-ae4d0f915b10 => generated 0 bytes in 355 msecs (HTTP/1.1 204) 2 headers in 112 bytes (1 switches on core 0)
2026-07-17 04:51:50.051 7 WARNING neutron.scheduler.dhcp_agent_scheduler [None req-0768909d-5070-4f46-a96d-97d8305a51c3 b804a4baceac411fb321d5143aef847e 122d86ae34f44328bf836cbb7d0d3471 - - default default] No more DHCP agents
2026-07-17 04:51:50.053 7 WARNING neutron.api.rpc.agentnotifiers.dhcp_rpc_agent_api [None req-0768909d-5070-4f46-a96d-97d8305a51c3 b804a4baceac411fb321d5143aef847e 122d86ae34f44328bf836cbb7d0d3471 - - default default] Unable to schedule network 492be246-a847-41ef-8cce-cbf5f73abda8: no agents available; will retry on subsequent port and subnet creation events.
2026-07-17 04:51:50.377 8 INFO neutron_taas.services.taas.taas_plugin [None req-10abac3f-9464-4cdd-8981-ea8751310517 7429bbffe4e946ad95104b685a44727c dc858f6b102d479ab1704aeda25ed970 - - default default] TaaS: Handle Delete Port: 2ea3dcad-a254-4610-a181-6cc12901014b
2026-07-17 04:51:50.381 8 INFO neutron_taas.services.taas.tap_mirror_plugin [None req-10abac3f-9464-4cdd-8981-ea8751310517 7429bbffe4e946ad95104b685a44727c dc858f6b102d479ab1704aeda25ed970 - - default default] Tap Mirror: Handle Delete Port: 2ea3dcad-a254-4610-a181-6cc12901014b
2026-07-17 04:51:50.563 7 INFO neutron.db.ovn_revision_numbers_db [None req-b8e5813b-92c3-4763-9203-791d2094f397 - - - - - -] Successfully bumped revision number for resource 9174565f-55be-4eb6-a606-32f1d0c47a09 (type: ports) to 2
2026-07-17 04:51:50.605 7 INFO neutron.db.ovn_revision_numbers_db [None req-b8e5813b-92c3-4763-9203-791d2094f397 - - - - - -] Successfully bumped revision number for resource ca9488ef-8e60-4aa8-b7bc-5c4271ad4fd1 (type: subnets) to 0 [pid: 7|app: 0|req: 701/1385] 10.0.0.208 () {34 vars in 669 bytes} [Fri Jul 17 04:51:49 2026] POST /v2.0/subnets => generated 626 bytes in 784 msecs (HTTP/1.1 201) 4 headers in 162 bytes (1 switches on core 0)
2026-07-17 04:51:50.981 7 WARNING neutron.scheduler.dhcp_agent_scheduler [None req-c8ae3701-0364-4da8-87a2-f8d6218ca17b b804a4baceac411fb321d5143aef847e 122d86ae34f44328bf836cbb7d0d3471 - - default default] No more DHCP agents
2026-07-17 04:51:50.983 7 WARNING neutron.api.rpc.agentnotifiers.dhcp_rpc_agent_api [None req-c8ae3701-0364-4da8-87a2-f8d6218ca17b b804a4baceac411fb321d5143aef847e 122d86ae34f44328bf836cbb7d0d3471 - - default default] Unable to schedule network 492be246-a847-41ef-8cce-cbf5f73abda8: no agents available; will retry on subsequent port and subnet creation events.
2026-07-17 04:51:51.115 8 INFO neutron.plugins.ml2.drivers.ovn.mech_driver.mech_driver [None req-729d92e8-f32a-4798-8dee-38a9cbdd54fe - - - - - -] OVN reports status down for port: 99848327-b063-40db-9a35-49291b6b37dd
2026-07-17 04:51:51.128 7 INFO neutron.db.ovn_revision_numbers_db [None req-c8ae3701-0364-4da8-87a2-f8d6218ca17b b804a4baceac411fb321d5143aef847e 122d86ae34f44328bf836cbb7d0d3471 - - default default] Successfully bumped revision number for resource 99848327-b063-40db-9a35-49291b6b37dd (type: ports) to 1 [pid: 8|app: 0|req: 685/1386] 10.0.0.208 () {34 vars in 789 bytes} [Fri Jul 17 04:51:50 2026] PUT /v2.0/routers/438e068d-d9c0-4d14-aeef-3af097bdb823/remove_router_interface => generated 309 bytes in 1097 msecs (HTTP/1.1 200) 4 headers in 157 bytes (1 switches on core 0) /var/lib/openstack/lib/python3.12/site-packages/pycadf/identifier.py:70: UserWarning: Invalid uuid: neutron. To ensure interoperability, identifiers should be a valid uuid. warnings.warn(('Invalid uuid: %s. To ensure interoperability, ' [pid: 7|app: 0|req: 702/1387] 10.0.0.208 () {34 vars in 665 bytes} [Fri Jul 17 04:51:50 2026] POST /v2.0/ports => generated 915 bytes in 529 msecs (HTTP/1.1 201) 4 headers in 162 bytes (1 switches on core 0)
2026-07-17 04:51:51.319 7 INFO neutron_taas.services.taas.taas_plugin [None req-ab83b726-d667-4880-945f-13085b273613 b804a4baceac411fb321d5143aef847e 122d86ae34f44328bf836cbb7d0d3471 - - default default] TaaS: Handle Delete Port: 99848327-b063-40db-9a35-49291b6b37dd
2026-07-17 04:51:51.324 7 INFO neutron_taas.services.taas.tap_mirror_plugin [None req-ab83b726-d667-4880-945f-13085b273613 b804a4baceac411fb321d5143aef847e 122d86ae34f44328bf836cbb7d0d3471 - - default default] Tap Mirror: Handle Delete Port: 99848327-b063-40db-9a35-49291b6b37dd [pid: 7|app: 0|req: 703/1388] 10.0.0.208 () {32 vars in 720 bytes} [Fri Jul 17 04:51:51 2026] DELETE /v2.0/ports/99848327-b063-40db-9a35-49291b6b37dd => generated 0 bytes in 317 msecs (HTTP/1.1 204) 3 headers in 131 bytes (1 switches on core 0)
2026-07-17 04:51:51.532 7 INFO neutron.pecan_wsgi.hooks.translation [None req-2daff00d-b659-4524-a57f-ccf738b217df b804a4baceac411fb321d5143aef847e 122d86ae34f44328bf836cbb7d0d3471 - - default default] GET failed (client error): The resource could not be found. [pid: 7|app: 0|req: 704/1389] 10.0.0.208 () {32 vars in 717 bytes} [Fri Jul 17 04:51:51 2026] GET /v2.0/ports/99848327-b063-40db-9a35-49291b6b37dd => generated 132 bytes in 28 msecs (HTTP/1.1 404) 4 headers in 164 bytes (1 switches on core 0)
2026-07-17 04:51:51.576 8 INFO neutron_taas.services.taas.taas_plugin [None req-9f48b79f-9202-4c5b-a1f3-dfcacbc49161 7429bbffe4e946ad95104b685a44727c dc858f6b102d479ab1704aeda25ed970 - - default default] TaaS: Handle Delete Port: 54d0069b-403b-4f25-a11b-d32725ad3911
2026-07-17 04:51:51.579 8 INFO neutron_taas.services.taas.tap_mirror_plugin [None req-9f48b79f-9202-4c5b-a1f3-dfcacbc49161 7429bbffe4e946ad95104b685a44727c dc858f6b102d479ab1704aeda25ed970 - - default default] Tap Mirror: Handle Delete Port: 54d0069b-403b-4f25-a11b-d32725ad3911 [pid: 7|app: 0|req: 705/1390] 10.0.0.208 () {32 vars in 724 bytes} [Fri Jul 17 04:51:51 2026] DELETE /v2.0/subnets/ca9488ef-8e60-4aa8-b7bc-5c4271ad4fd1 => generated 0 bytes in 163 msecs (HTTP/1.1 204) 3 headers in 131 bytes (1 switches on core 0)
2026-07-17 04:51:51.831 7 INFO neutron_taas.services.taas.taas_plugin [None req-592fd66e-47e1-4ca1-b2b7-30ae7d490b2c b804a4baceac411fb321d5143aef847e 122d86ae34f44328bf836cbb7d0d3471 - - default default] TaaS: Handle Delete Port: 9174565f-55be-4eb6-a606-32f1d0c47a09
2026-07-17 04:51:51.834 7 INFO neutron_taas.services.taas.tap_mirror_plugin [None req-592fd66e-47e1-4ca1-b2b7-30ae7d490b2c b804a4baceac411fb321d5143aef847e 122d86ae34f44328bf836cbb7d0d3471 - - default default] Tap Mirror: Handle Delete Port: 9174565f-55be-4eb6-a606-32f1d0c47a09 [pid: 8|app: 0|req: 686/1391] 10.0.0.208 () {32 vars in 724 bytes} [Fri Jul 17 04:51:51 2026] DELETE /v2.0/routers/438e068d-d9c0-4d14-aeef-3af097bdb823 => generated 0 bytes in 848 msecs (HTTP/1.1 204) 2 headers in 112 bytes (1 switches on core 0)
2026-07-17 04:51:52.030 7 INFO neutron.services.segments.plugin [-] Segment e9423d84-dce2-4ad6-acbb-403a04159b85 resource provider aggregate not found
2026-07-17 04:51:52.038 7 INFO neutron.services.segments.plugin [-] Segment e9423d84-dce2-4ad6-acbb-403a04159b85 resource provider aggregate not found
2026-07-17 04:51:52.049 7 INFO neutron.services.segments.plugin [-] Segment e9423d84-dce2-4ad6-acbb-403a04159b85 resource provider not found; error: Placement Client Error (4xx): {"errors": [{"status": 404, "title": "Not Found", "detail": "The resource could not be found.\n\n No resource provider with uuid e9423d84-dce2-4ad6-acbb-403a04159b85 found for delete ", "request_id": "req-a8977442-f76f-4295-92ab-9080f14dbd1b"}]}
2026-07-17 04:51:52.058 7 INFO neutron.services.segments.plugin [-] Segment e9423d84-dce2-4ad6-acbb-403a04159b85 resource provider not found; error: Placement Client Error (4xx): {"errors": [{"status": 404, "title": "Not Found", "detail": "The resource could not be found.\n\n No resource provider with uuid e9423d84-dce2-4ad6-acbb-403a04159b85 found for delete ", "request_id": "req-695aea57-980c-47ff-8501-6b5b1d8ab4a7"}]} [pid: 7|app: 0|req: 706/1392] 10.0.0.208 () {32 vars in 726 bytes} [Fri Jul 17 04:51:51 2026] DELETE /v2.0/networks/492be246-a847-41ef-8cce-cbf5f73abda8 => generated 0 bytes in 375 msecs (HTTP/1.1 204) 3 headers in 131 bytes (1 switches on core 0) [pid: 8|app: 0|req: 687/1393] 10.0.0.208 () {32 vars in 724 bytes} [Fri Jul 17 04:51:52 2026] DELETE /v2.0/subnets/6e8415b8-ce8a-41dd-8908-c038f92c5f94 => generated 0 bytes in 171 msecs (HTTP/1.1 204) 3 headers in 131 bytes (1 switches on core 0)
2026-07-17 04:51:52.302 8 INFO neutron_taas.services.taas.taas_plugin [None req-4b56601e-48d2-434a-975c-dea346a7adca 7429bbffe4e946ad95104b685a44727c dc858f6b102d479ab1704aeda25ed970 - - default default] TaaS: Handle Delete Port: 47254a98-9af7-41a8-9927-e073650f5f28
2026-07-17 04:51:52.305 8 INFO neutron_taas.services.taas.tap_mirror_plugin [None req-4b56601e-48d2-434a-975c-dea346a7adca 7429bbffe4e946ad95104b685a44727c dc858f6b102d479ab1704aeda25ed970 - - default default] Tap Mirror: Handle Delete Port: 47254a98-9af7-41a8-9927-e073650f5f28
2026-07-17 04:51:52.310 7 WARNING neutron.scheduler.dhcp_agent_scheduler [None req-1d3394a7-a416-480f-a045-80bc3ce01750 b804a4baceac411fb321d5143aef847e 122d86ae34f44328bf836cbb7d0d3471 - - default default] No more DHCP agents
2026-07-17 04:51:52.312 7 WARNING neutron.api.rpc.agentnotifiers.dhcp_rpc_agent_api [None req-1d3394a7-a416-480f-a045-80bc3ce01750 b804a4baceac411fb321d5143aef847e 122d86ae34f44328bf836cbb7d0d3471 - - default default] Unable to schedule network 77e94472-bc68-489c-964e-87055a22560d: no agents available; will retry on subsequent port and subnet creation events.
2026-07-17 04:51:52.389 8 INFO neutron.plugins.ml2.drivers.ovn.mech_driver.mech_driver [None req-729d92e8-f32a-4798-8dee-38a9cbdd54fe - - - - - -] OVN reports status down for port: ca387064-1fed-49c8-ab7e-c830547441e4
2026-07-17 04:51:52.414 7 INFO neutron.db.ovn_revision_numbers_db [None req-1d3394a7-a416-480f-a045-80bc3ce01750 b804a4baceac411fb321d5143aef847e 122d86ae34f44328bf836cbb7d0d3471 - - default default] Successfully bumped revision number for resource ca387064-1fed-49c8-ab7e-c830547441e4 (type: ports) to 1 [pid: 7|app: 0|req: 707/1394] 10.0.0.208 () {34 vars in 665 bytes} [Fri Jul 17 04:51:52 2026] POST /v2.0/ports => generated 774 bytes in 421 msecs (HTTP/1.1 201) 4 headers in 162 bytes (1 switches on core 0)
2026-07-17 04:51:52.592 8 INFO neutron.services.segments.plugin [-] Segment c753ac30-711c-4bc4-b340-898daced89b9 resource provider aggregate not found
2026-07-17 04:51:52.595 8 INFO neutron.services.segments.plugin [-] Segment c753ac30-711c-4bc4-b340-898daced89b9 resource provider aggregate not found
2026-07-17 04:51:52.612 8 INFO neutron.services.segments.plugin [-] Segment c753ac30-711c-4bc4-b340-898daced89b9 resource provider not found; error: Placement Client Error (4xx): {"errors": [{"status": 404, "title": "Not Found", "detail": "The resource could not be found.\n\n No resource provider with uuid c753ac30-711c-4bc4-b340-898daced89b9 found for delete ", "request_id": "req-0193aedd-f226-485b-89c0-3b864133b0de"}]}
2026-07-17 04:51:52.626 8 INFO neutron.services.segments.plugin [-] Segment c753ac30-711c-4bc4-b340-898daced89b9 resource provider not found; error: Placement Client Error (4xx): {"errors": [{"status": 404, "title": "Not Found", "detail": "The resource could not be found.\n\n No resource provider with uuid c753ac30-711c-4bc4-b340-898daced89b9 found for delete ", "request_id": "req-dbcbb5f4-a57b-4931-acdf-e2681632dd55"}]} [pid: 8|app: 0|req: 688/1395] 10.0.0.208 () {32 vars in 726 bytes} [Fri Jul 17 04:51:52 2026] DELETE /v2.0/networks/f6d26152-df55-4fb8-800a-7b7dc38bbcab => generated 0 bytes in 464 msecs (HTTP/1.1 204) 3 headers in 131 bytes (1 switches on core 0) /var/lib/openstack/lib/python3.12/site-packages/pycadf/identifier.py:70: UserWarning: Invalid uuid: neutron. To ensure interoperability, identifiers should be a valid uuid. warnings.warn(('Invalid uuid: %s. To ensure interoperability, '
2026-07-17 04:51:52.815 7 INFO neutron.db.ovn_revision_numbers_db [None req-072f7df0-62b1-4e5b-9f3e-2cc54ceafd98 7429bbffe4e946ad95104b685a44727c dc858f6b102d479ab1704aeda25ed970 - - default default] Successfully bumped revision number for resource 6c7db824-12d2-4660-950b-07aef11a9422 (type: security_groups) to 1
2026-07-17 04:51:52.826 7 INFO neutron.db.ovn_revision_numbers_db [None req-072f7df0-62b1-4e5b-9f3e-2cc54ceafd98 7429bbffe4e946ad95104b685a44727c dc858f6b102d479ab1704aeda25ed970 - - default default] Successfully bumped revision number for resource 1bfc7d3b-042b-478d-9860-e16ae4c3f2d1 (type: security_group_rules) to 0
2026-07-17 04:51:52.838 7 INFO neutron.db.ovn_revision_numbers_db [None req-072f7df0-62b1-4e5b-9f3e-2cc54ceafd98 7429bbffe4e946ad95104b685a44727c dc858f6b102d479ab1704aeda25ed970 - - default default] Successfully bumped revision number for resource 72101bb1-099c-471e-823f-6d73380cd6d2 (type: security_group_rules) to 0
2026-07-17 04:51:52.849 7 INFO neutron.db.ovn_revision_numbers_db [None req-072f7df0-62b1-4e5b-9f3e-2cc54ceafd98 7429bbffe4e946ad95104b685a44727c dc858f6b102d479ab1704aeda25ed970 - - default default] Successfully bumped revision number for resource 7aa14948-a196-4673-bd87-9c21a92226ad (type: security_group_rules) to 0
2026-07-17 04:51:52.866 7 INFO neutron.db.ovn_revision_numbers_db [None req-072f7df0-62b1-4e5b-9f3e-2cc54ceafd98 7429bbffe4e946ad95104b685a44727c dc858f6b102d479ab1704aeda25ed970 - - default default] Successfully bumped revision number for resource 8f8d6deb-277e-4af4-9a73-2df3ba63f082 (type: security_group_rules) to 0
