2026-07-17 04:16:23.298 7 INFO neutron.api.extensions [None req-445e9b7c-0d38-41e1-b92a-90811101b867 - - - - - -] Loaded extension: vpn-endpoint-groups
2026-07-17 04:16:23.298 8 INFO neutron.api.extensions [None req-289b954a-1def-48f0-9db6-de75fb1ef7ef - - - - - -] Extension metering not supported by any of loaded plugins
2026-07-17 04:16:23.299 7 INFO neutron.api.extensions [None req-445e9b7c-0d38-41e1-b92a-90811101b867 - - - - - -] Loaded extension: vpn-flavors
2026-07-17 04:16:23.299 8 INFO neutron.api.extensions [None req-289b954a-1def-48f0-9db6-de75fb1ef7ef - - - - - -] Extension metering_source_and_destination_fields not supported by any of loaded plugins
2026-07-17 04:16:23.299 8 INFO neutron.api.extensions [None req-289b954a-1def-48f0-9db6-de75fb1ef7ef - - - - - -] Loaded extension: multi-provider
2026-07-17 04:16:23.300 8 INFO neutron.api.extensions [None req-289b954a-1def-48f0-9db6-de75fb1ef7ef - - - - - -] Loaded extension: net-mtu
2026-07-17 04:16:23.300 7 INFO neutron.api.extensions [None req-445e9b7c-0d38-41e1-b92a-90811101b867 - - - - - -] Loaded extension: vpnaas
2026-07-17 04:16:23.300 8 INFO neutron.api.extensions [None req-289b954a-1def-48f0-9db6-de75fb1ef7ef - - - - - -] Loaded extension: net-mtu-writable
2026-07-17 04:16:23.301 8 INFO neutron.api.extensions [None req-289b954a-1def-48f0-9db6-de75fb1ef7ef - - - - - -] Loaded extension: network_availability_zone
2026-07-17 04:16:23.301 8 INFO neutron.api.extensions [None req-289b954a-1def-48f0-9db6-de75fb1ef7ef - - - - - -] Extension network_ha not supported by any of loaded plugins
2026-07-17 04:16:23.301 7 INFO neutron.api.extensions [None req-445e9b7c-0d38-41e1-b92a-90811101b867 - - - - - -] Loaded extension: taas
2026-07-17 04:16:23.302 8 INFO neutron.api.extensions [None req-289b954a-1def-48f0-9db6-de75fb1ef7ef - - - - - -] Loaded extension: network-ip-availability
2026-07-17 04:16:23.302 7 INFO neutron.api.extensions [None req-445e9b7c-0d38-41e1-b92a-90811101b867 - - - - - -] Loaded extension: tap-mirror
2026-07-17 04:16:23.303 7 INFO neutron.api.extensions [None req-445e9b7c-0d38-41e1-b92a-90811101b867 - - - - - -] Loaded extension: taas-vlan-filter
2026-07-17 04:16:23.303 8 INFO neutron.api.extensions [None req-289b954a-1def-48f0-9db6-de75fb1ef7ef - - - - - -] Extension network-segment-range not supported by any of loaded plugins
2026-07-17 04:16:23.303 8 INFO neutron.api.extensions [None req-289b954a-1def-48f0-9db6-de75fb1ef7ef - - - - - -] Loaded extension: pagination
2026-07-17 04:16:23.304 8 INFO neutron.api.extensions [None req-289b954a-1def-48f0-9db6-de75fb1ef7ef - - - - - -] Loaded extension: port-device-profile
2026-07-17 04:16:23.304 8 INFO neutron.api.extensions [None req-289b954a-1def-48f0-9db6-de75fb1ef7ef - - - - - -] Extension port-hardware-offload-type not supported by any of loaded plugins
2026-07-17 04:16:23.305 8 INFO neutron.api.extensions [None req-289b954a-1def-48f0-9db6-de75fb1ef7ef - - - - - -] Extension port-hint-ovs-tx-steering not supported by any of loaded plugins
2026-07-17 04:16:23.305 7 INFO neutron.quota.resource_registry [None req-445e9b7c-0d38-41e1-b92a-90811101b867 - - - - - -] Creating instance of TrackedResource for resource:network
2026-07-17 04:16:23.305 8 INFO neutron.api.extensions [None req-289b954a-1def-48f0-9db6-de75fb1ef7ef - - - - - -] Extension port-hints not supported by any of loaded plugins
2026-07-17 04:16:23.305 7 INFO neutron.quota.resource_registry [None req-445e9b7c-0d38-41e1-b92a-90811101b867 - - - - - -] Creating instance of TrackedResource for resource:subnet
2026-07-17 04:16:23.306 7 INFO neutron.quota.resource_registry [None req-445e9b7c-0d38-41e1-b92a-90811101b867 - - - - - -] Creating instance of TrackedResource for resource:subnetpool
2026-07-17 04:16:23.306 7 INFO neutron.quota.resource_registry [None req-445e9b7c-0d38-41e1-b92a-90811101b867 - - - - - -] Creating instance of TrackedResource for resource:port
2026-07-17 04:16:23.306 8 INFO neutron.api.extensions [None req-289b954a-1def-48f0-9db6-de75fb1ef7ef - - - - - -] Extension port-mac-override not supported by any of loaded plugins
2026-07-17 04:16:23.306 8 INFO neutron.api.extensions [None req-289b954a-1def-48f0-9db6-de75fb1ef7ef - - - - - -] Loaded extension: port-mac-address-regenerate
2026-07-17 04:16:23.307 8 INFO neutron.api.extensions [None req-289b954a-1def-48f0-9db6-de75fb1ef7ef - - - - - -] Loaded extension: port-numa-affinity-policy
2026-07-17 04:16:23.307 8 INFO neutron.api.extensions [None req-289b954a-1def-48f0-9db6-de75fb1ef7ef - - - - - -] Loaded extension: port-numa-affinity-policy-socket
2026-07-17 04:16:23.308 8 INFO neutron.api.extensions [None req-289b954a-1def-48f0-9db6-de75fb1ef7ef - - - - - -] Loaded extension: port-resource-request
2026-07-17 04:16:23.308 8 INFO neutron.api.extensions [None req-289b954a-1def-48f0-9db6-de75fb1ef7ef - - - - - -] Loaded extension: port-resource-request-groups
2026-07-17 04:16:23.309 8 INFO neutron.api.extensions [None req-289b954a-1def-48f0-9db6-de75fb1ef7ef - - - - - -] Extension port-trusted-vif not supported by any of loaded plugins
2026-07-17 04:16:23.309 7 INFO neutron.quota.resource_registry [None req-445e9b7c-0d38-41e1-b92a-90811101b867 - - - - - -] Creating instance of TrackedResource for resource:router
2026-07-17 04:16:23.309 7 INFO neutron.quota.resource_registry [None req-445e9b7c-0d38-41e1-b92a-90811101b867 - - - - - -] Creating instance of TrackedResource for resource:floatingip
2026-07-17 04:16:23.309 8 INFO neutron.api.extensions [None req-289b954a-1def-48f0-9db6-de75fb1ef7ef - - - - - -] Loaded extension: binding
2026-07-17 04:16:23.310 8 INFO neutron.api.extensions [None req-289b954a-1def-48f0-9db6-de75fb1ef7ef - - - - - -] Loaded extension: binding-extended
2026-07-17 04:16:23.311 8 INFO neutron.api.extensions [None req-289b954a-1def-48f0-9db6-de75fb1ef7ef - - - - - -] Loaded extension: port-security
2026-07-17 04:16:23.311 8 INFO neutron.api.extensions [None req-289b954a-1def-48f0-9db6-de75fb1ef7ef - - - - - -] Loaded extension: project-id
2026-07-17 04:16:23.312 8 INFO neutron.api.extensions [None req-289b954a-1def-48f0-9db6-de75fb1ef7ef - - - - - -] Loaded extension: provider
2026-07-17 04:16:23.313 8 INFO neutron.api.extensions [None req-289b954a-1def-48f0-9db6-de75fb1ef7ef - - - - - -] Loaded extension: qinq
2026-07-17 04:16:23.314 7 INFO neutron.quota.resource_registry [None req-445e9b7c-0d38-41e1-b92a-90811101b867 - - - - - -] Creating instance of CountableResource for resource:rbac_policy
2026-07-17 04:16:23.314 8 INFO neutron.api.extensions [None req-289b954a-1def-48f0-9db6-de75fb1ef7ef - - - - - -] Loaded extension: qos
2026-07-17 04:16:23.315 7 INFO neutron.quota.resource_registry [None req-445e9b7c-0d38-41e1-b92a-90811101b867 - - - - - -] Creating instance of TrackedResource for resource:security_group
2026-07-17 04:16:23.315 8 INFO neutron.api.extensions [None req-289b954a-1def-48f0-9db6-de75fb1ef7ef - - - - - -] Loaded extension: qos-bw-limit-direction
2026-07-17 04:16:23.315 7 INFO neutron.quota.resource_registry [None req-445e9b7c-0d38-41e1-b92a-90811101b867 - - - - - -] Creating instance of TrackedResource for resource:security_group_rule
2026-07-17 04:16:23.316 8 INFO neutron.api.extensions [None req-289b954a-1def-48f0-9db6-de75fb1ef7ef - - - - - -] Loaded extension: qos-bw-minimum-ingress
2026-07-17 04:16:23.316 8 INFO neutron.api.extensions [None req-289b954a-1def-48f0-9db6-de75fb1ef7ef - - - - - -] Loaded extension: qos-default
2026-07-17 04:16:23.316 7 INFO neutron.quota.resource_registry [None req-445e9b7c-0d38-41e1-b92a-90811101b867 - - - - - -] Creating instance of TrackedResource for resource:subnetpool
2026-07-17 04:16:23.316 7 WARNING neutron.quota.resource_registry [None req-445e9b7c-0d38-41e1-b92a-90811101b867 - - - - - -] subnetpool is already registered
2026-07-17 04:16:23.317 8 INFO neutron.api.extensions [None req-289b954a-1def-48f0-9db6-de75fb1ef7ef - - - - - -] Loaded extension: qos-fip
2026-07-17 04:16:23.317 7 INFO neutron.quota.resource_registry [None req-445e9b7c-0d38-41e1-b92a-90811101b867 - - - - - -] Creating instance of CountableResource for resource:trunk
2026-07-17 04:16:23.317 7 INFO neutron.quota.resource_registry [None req-445e9b7c-0d38-41e1-b92a-90811101b867 - - - - - -] Creating instance of CountableResource for resource:ikepolicy
2026-07-17 04:16:23.317 8 INFO neutron.api.extensions [None req-289b954a-1def-48f0-9db6-de75fb1ef7ef - - - - - -] Extension qos-fip-network-policy not supported by any of loaded plugins
2026-07-17 04:16:23.317 7 INFO neutron.quota.resource_registry [None req-445e9b7c-0d38-41e1-b92a-90811101b867 - - - - - -] Creating instance of CountableResource for resource:ipsecpolicy
2026-07-17 04:16:23.318 8 INFO neutron.api.extensions [None req-289b954a-1def-48f0-9db6-de75fb1ef7ef - - - - - -] Loaded extension: qos-gateway-ip
2026-07-17 04:16:23.318 7 INFO neutron.quota.resource_registry [None req-445e9b7c-0d38-41e1-b92a-90811101b867 - - - - - -] Creating instance of CountableResource for resource:endpoint_group
2026-07-17 04:16:23.318 8 INFO neutron.api.extensions [None req-289b954a-1def-48f0-9db6-de75fb1ef7ef - - - - - -] Loaded extension: qos-port-network-policy
2026-07-17 04:16:23.318 7 INFO neutron.quota.resource_registry [None req-445e9b7c-0d38-41e1-b92a-90811101b867 - - - - - -] Creating instance of CountableResource for resource:vpnservice
2026-07-17 04:16:23.319 8 INFO neutron.api.extensions [None req-289b954a-1def-48f0-9db6-de75fb1ef7ef - - - - - -] Loaded extension: qos-pps-minimum
2026-07-17 04:16:23.319 7 INFO neutron.quota.resource_registry [None req-445e9b7c-0d38-41e1-b92a-90811101b867 - - - - - -] Creating instance of CountableResource for resource:ipsec_site_connection
2026-07-17 04:16:23.319 7 INFO neutron.quota.resource_registry [None req-445e9b7c-0d38-41e1-b92a-90811101b867 - - - - - -] Creating instance of CountableResource for resource:ipsecpolicy
2026-07-17 04:16:23.319 8 INFO neutron.api.extensions [None req-289b954a-1def-48f0-9db6-de75fb1ef7ef - - - - - -] Loaded extension: qos-pps-minimum-rule-alias
2026-07-17 04:16:23.319 7 WARNING neutron.quota.resource_registry [None req-445e9b7c-0d38-41e1-b92a-90811101b867 - - - - - -] ipsecpolicy is already registered
2026-07-17 04:16:23.320 7 INFO neutron.quota.resource_registry [None req-445e9b7c-0d38-41e1-b92a-90811101b867 - - - - - -] Creating instance of CountableResource for resource:ikepolicy
2026-07-17 04:16:23.320 7 WARNING neutron.quota.resource_registry [None req-445e9b7c-0d38-41e1-b92a-90811101b867 - - - - - -] ikepolicy is already registered
2026-07-17 04:16:23.320 8 INFO neutron.api.extensions [None req-289b954a-1def-48f0-9db6-de75fb1ef7ef - - - - - -] Loaded extension: qos-pps
2026-07-17 04:16:23.320 8 INFO neutron.api.extensions [None req-289b954a-1def-48f0-9db6-de75fb1ef7ef - - - - - -] Loaded extension: qos-rule-type-details
2026-07-17 04:16:23.321 8 INFO neutron.api.extensions [None req-289b954a-1def-48f0-9db6-de75fb1ef7ef - - - - - -] Loaded extension: qos-rule-type-filter
2026-07-17 04:16:23.321 8 INFO neutron.api.extensions [None req-289b954a-1def-48f0-9db6-de75fb1ef7ef - - - - - -] Loaded extension: qos-rules-alias
2026-07-17 04:16:23.322 8 INFO neutron.api.extensions [None req-289b954a-1def-48f0-9db6-de75fb1ef7ef - - - - - -] Loaded extension: quota-check-limit
2026-07-17 04:16:23.323 8 INFO neutron.api.extensions [None req-289b954a-1def-48f0-9db6-de75fb1ef7ef - - - - - -] Loaded extension: quota-check-limit-default
2026-07-17 04:16:23.324 7 INFO neutron.quota.resource_registry [None req-445e9b7c-0d38-41e1-b92a-90811101b867 - - - - - -] Creating instance of TrackedResource for resource:router
2026-07-17 04:16:23.324 7 WARNING neutron.quota.resource_registry [None req-445e9b7c-0d38-41e1-b92a-90811101b867 - - - - - -] router is already registered
2026-07-17 04:16:23.325 7 INFO neutron.quota.resource_registry [None req-445e9b7c-0d38-41e1-b92a-90811101b867 - - - - - -] Creating instance of TrackedResource for resource:floatingip
2026-07-17 04:16:23.325 8 INFO neutron.api.extensions [None req-289b954a-1def-48f0-9db6-de75fb1ef7ef - - - - - -] Loaded extension: quotas
2026-07-17 04:16:23.325 7 WARNING neutron.quota.resource_registry [None req-445e9b7c-0d38-41e1-b92a-90811101b867 - - - - - -] floatingip is already registered
2026-07-17 04:16:23.326 8 INFO neutron.api.extensions [None req-289b954a-1def-48f0-9db6-de75fb1ef7ef - - - - - -] Loaded extension: quota_details
2026-07-17 04:16:23.327 8 INFO neutron.api.extensions [None req-289b954a-1def-48f0-9db6-de75fb1ef7ef - - - - - -] Loaded extension: rbac-policies
2026-07-17 04:16:23.328 8 INFO neutron.api.extensions [None req-289b954a-1def-48f0-9db6-de75fb1ef7ef - - - - - -] Extension rbac-address-group not supported by any of loaded plugins
2026-07-17 04:16:23.328 8 INFO neutron.api.extensions [None req-289b954a-1def-48f0-9db6-de75fb1ef7ef - - - - - -] Loaded extension: rbac-address-scope
2026-07-17 04:16:23.329 8 INFO neutron.api.extensions [None req-289b954a-1def-48f0-9db6-de75fb1ef7ef - - - - - -] Loaded extension: rbac-security-groups
2026-07-17 04:16:23.329 8 INFO neutron.api.extensions [None req-289b954a-1def-48f0-9db6-de75fb1ef7ef - - - - - -] Extension rbac-subnetpool not supported by any of loaded plugins
2026-07-17 04:16:23.329 7 INFO neutron.quota.resource_registry [None req-445e9b7c-0d38-41e1-b92a-90811101b867 - - - - - -] Creating instance of CountableResource for resource:rbac_policy
2026-07-17 04:16:23.329 7 WARNING neutron.quota.resource_registry [None req-445e9b7c-0d38-41e1-b92a-90811101b867 - - - - - -] rbac_policy is already registered
2026-07-17 04:16:23.329 8 INFO neutron.api.extensions [None req-289b954a-1def-48f0-9db6-de75fb1ef7ef - - - - - -] Loaded extension: revision-if-match
2026-07-17 04:16:23.330 7 INFO neutron.quota.resource_registry [None req-445e9b7c-0d38-41e1-b92a-90811101b867 - - - - - -] Creating instance of TrackedResource for resource:security_group
2026-07-17 04:16:23.330 7 WARNING neutron.quota.resource_registry [None req-445e9b7c-0d38-41e1-b92a-90811101b867 - - - - - -] security_group is already registered
2026-07-17 04:16:23.330 8 INFO neutron.api.extensions [None req-289b954a-1def-48f0-9db6-de75fb1ef7ef - - - - - -] Loaded extension: standard-attr-revisions
2026-07-17 04:16:23.330 7 INFO neutron.quota.resource_registry [None req-445e9b7c-0d38-41e1-b92a-90811101b867 - - - - - -] Creating instance of TrackedResource for resource:security_group_rule
2026-07-17 04:16:23.331 7 WARNING neutron.quota.resource_registry [None req-445e9b7c-0d38-41e1-b92a-90811101b867 - - - - - -] security_group_rule is already registered
2026-07-17 04:16:23.331 8 INFO neutron.api.extensions [None req-289b954a-1def-48f0-9db6-de75fb1ef7ef - - - - - -] Loaded extension: router_availability_zone
2026-07-17 04:16:23.331 8 INFO neutron.api.extensions [None req-289b954a-1def-48f0-9db6-de75fb1ef7ef - - - - - -] Extension router-service-type not supported by any of loaded plugins
2026-07-17 04:16:23.331 7 INFO neutron.quota.resource_registry [None req-445e9b7c-0d38-41e1-b92a-90811101b867 - - - - - -] Creating instance of TrackedResource for resource:subnetpool
2026-07-17 04:16:23.331 7 WARNING neutron.quota.resource_registry [None req-445e9b7c-0d38-41e1-b92a-90811101b867 - - - - - -] subnetpool is already registered
2026-07-17 04:16:23.332 7 INFO neutron.quota.resource_registry [None req-445e9b7c-0d38-41e1-b92a-90811101b867 - - - - - -] Creating instance of CountableResource for resource:trunk
2026-07-17 04:16:23.332 7 WARNING neutron.quota.resource_registry [None req-445e9b7c-0d38-41e1-b92a-90811101b867 - - - - - -] trunk is already registered
2026-07-17 04:16:23.332 7 INFO neutron.quota.resource_registry [None req-445e9b7c-0d38-41e1-b92a-90811101b867 - - - - - -] Creating instance of CountableResource for resource:ikepolicy
2026-07-17 04:16:23.333 7 WARNING neutron.quota.resource_registry [None req-445e9b7c-0d38-41e1-b92a-90811101b867 - - - - - -] ikepolicy is already registered
2026-07-17 04:16:23.333 8 INFO neutron.api.extensions [None req-289b954a-1def-48f0-9db6-de75fb1ef7ef - - - - - -] Loaded extension: security-groups-default-rules
2026-07-17 04:16:23.333 7 INFO neutron.quota.resource_registry [None req-445e9b7c-0d38-41e1-b92a-90811101b867 - - - - - -] Creating instance of CountableResource for resource:ipsecpolicy
2026-07-17 04:16:23.333 7 WARNING neutron.quota.resource_registry [None req-445e9b7c-0d38-41e1-b92a-90811101b867 - - - - - -] ipsecpolicy is already registered
2026-07-17 04:16:23.333 8 INFO neutron.api.extensions [None req-289b954a-1def-48f0-9db6-de75fb1ef7ef - - - - - -] Loaded extension: security-groups-normalized-cidr
2026-07-17 04:16:23.333 7 INFO neutron.quota.resource_registry [None req-445e9b7c-0d38-41e1-b92a-90811101b867 - - - - - -] Creating instance of CountableResource for resource:endpoint_group
2026-07-17 04:16:23.334 7 WARNING neutron.quota.resource_registry [None req-445e9b7c-0d38-41e1-b92a-90811101b867 - - - - - -] endpoint_group is already registered
2026-07-17 04:16:23.334 8 INFO neutron.api.extensions [None req-289b954a-1def-48f0-9db6-de75fb1ef7ef - - - - - -] Extension port-security-groups-filtering not supported by any of loaded plugins
2026-07-17 04:16:23.334 7 INFO neutron.quota.resource_registry [None req-445e9b7c-0d38-41e1-b92a-90811101b867 - - - - - -] Creating instance of CountableResource for resource:vpnservice
2026-07-17 04:16:23.334 7 WARNING neutron.quota.resource_registry [None req-445e9b7c-0d38-41e1-b92a-90811101b867 - - - - - -] vpnservice is already registered
2026-07-17 04:16:23.334 7 INFO neutron.quota.resource_registry [None req-445e9b7c-0d38-41e1-b92a-90811101b867 - - - - - -] Creating instance of CountableResource for resource:ipsec_site_connection
2026-07-17 04:16:23.334 8 INFO neutron.api.extensions [None req-289b954a-1def-48f0-9db6-de75fb1ef7ef - - - - - -] Loaded extension: security-groups-remote-address-group
2026-07-17 04:16:23.334 7 WARNING neutron.quota.resource_registry [None req-445e9b7c-0d38-41e1-b92a-90811101b867 - - - - - -] ipsec_site_connection is already registered
2026-07-17 04:16:23.335 7 INFO neutron.quota.resource_registry [None req-445e9b7c-0d38-41e1-b92a-90811101b867 - - - - - -] Creating instance of CountableResource for resource:ipsecpolicy
2026-07-17 04:16:23.335 8 INFO neutron.api.extensions [None req-289b954a-1def-48f0-9db6-de75fb1ef7ef - - - - - -] Loaded extension: security-groups-rules-belongs-to-default-sg
2026-07-17 04:16:23.335 7 WARNING neutron.quota.resource_registry [None req-445e9b7c-0d38-41e1-b92a-90811101b867 - - - - - -] ipsecpolicy is already registered
2026-07-17 04:16:23.335 7 INFO neutron.quota.resource_registry [None req-445e9b7c-0d38-41e1-b92a-90811101b867 - - - - - -] Creating instance of CountableResource for resource:ikepolicy
2026-07-17 04:16:23.335 8 INFO neutron.api.extensions [None req-289b954a-1def-48f0-9db6-de75fb1ef7ef - - - - - -] Loaded extension: security-groups-shared-filtering
2026-07-17 04:16:23.335 7 WARNING neutron.quota.resource_registry [None req-445e9b7c-0d38-41e1-b92a-90811101b867 - - - - - -] ikepolicy is already registered
2026-07-17 04:16:23.340 8 INFO neutron.api.extensions [None req-289b954a-1def-48f0-9db6-de75fb1ef7ef - - - - - -] Loaded extension: security-group
2026-07-17 04:16:23.341 8 INFO neutron.api.extensions [None req-289b954a-1def-48f0-9db6-de75fb1ef7ef - - - - - -] Loaded extension: segment
2026-07-17 04:16:23.341 8 INFO neutron.api.extensions [None req-289b954a-1def-48f0-9db6-de75fb1ef7ef - - - - - -] Loaded extension: segments-peer-subnet-host-routes
2026-07-17 04:16:23.342 8 INFO neutron.api.extensions [None req-289b954a-1def-48f0-9db6-de75fb1ef7ef - - - - - -] Loaded extension: service-type
2026-07-17 04:16:23.342 8 INFO neutron.api.extensions [None req-289b954a-1def-48f0-9db6-de75fb1ef7ef - - - - - -] Loaded extension: sorting
2026-07-17 04:16:23.343 8 INFO neutron.api.extensions [None req-289b954a-1def-48f0-9db6-de75fb1ef7ef - - - - - -] Loaded extension: standard-attr-segment
2026-07-17 04:16:23.343 8 INFO neutron.api.extensions [None req-289b954a-1def-48f0-9db6-de75fb1ef7ef - - - - - -] Loaded extension: standard-attr-description
2026-07-17 04:16:23.344 8 INFO neutron.api.extensions [None req-289b954a-1def-48f0-9db6-de75fb1ef7ef - - - - - -] Loaded extension: stateful-security-group
2026-07-17 04:16:23.344 8 WARNING neutron.api.extensions [None req-289b954a-1def-48f0-9db6-de75fb1ef7ef - - - - - -] Did not find expected name "Stdattrs_common" in /var/lib/openstack/lib/python3.12/site-packages/neutron/extensions/stdattrs_common.py
2026-07-17 04:16:23.345 8 INFO neutron.api.extensions [None req-289b954a-1def-48f0-9db6-de75fb1ef7ef - - - - - -] Loaded extension: subnet-dns-publish-fixed-ip
2026-07-17 04:16:23.345 8 INFO neutron.api.extensions [None req-289b954a-1def-48f0-9db6-de75fb1ef7ef - - - - - -] Loaded extension: subnet-external-network
2026-07-17 04:16:23.346 8 INFO neutron.api.extensions [None req-289b954a-1def-48f0-9db6-de75fb1ef7ef - - - - - -] Extension subnet_onboard not supported by any of loaded plugins
2026-07-17 04:16:23.346 8 INFO neutron.api.extensions [None req-289b954a-1def-48f0-9db6-de75fb1ef7ef - - - - - -] Loaded extension: subnet-segmentid-writable
2026-07-17 04:16:23.347 8 INFO neutron.api.extensions [None req-289b954a-1def-48f0-9db6-de75fb1ef7ef - - - - - -] Loaded extension: subnet-service-types
2026-07-17 04:16:23.348 8 INFO neutron.api.extensions [None req-289b954a-1def-48f0-9db6-de75fb1ef7ef - - - - - -] Loaded extension: subnet_allocation
2026-07-17 04:16:23.348 8 INFO neutron.api.extensions [None req-289b954a-1def-48f0-9db6-de75fb1ef7ef - - - - - -] Loaded extension: subnetpool-prefix-ops
2026-07-17 04:16:23.349 8 INFO neutron.api.extensions [None req-289b954a-1def-48f0-9db6-de75fb1ef7ef - - - - - -] Loaded extension: tag-creation
2026-07-17 04:16:23.349 8 INFO neutron.api.extensions [None req-289b954a-1def-48f0-9db6-de75fb1ef7ef - - - - - -] Extension tag-ports-during-bulk-creation not supported by any of loaded plugins
2026-07-17 04:16:23.353 8 INFO neutron.api.extensions [None req-289b954a-1def-48f0-9db6-de75fb1ef7ef - - - - - -] Loaded extension: standard-attr-tag
2026-07-17 04:16:23.354 8 INFO neutron.api.extensions [None req-289b954a-1def-48f0-9db6-de75fb1ef7ef - - - - - -] Loaded extension: standard-attr-timestamp
2026-07-17 04:16:23.354 8 INFO neutron.api.extensions [None req-289b954a-1def-48f0-9db6-de75fb1ef7ef - - - - - -] Loaded extension: trunk
2026-07-17 04:16:23.355 8 INFO neutron.api.extensions [None req-289b954a-1def-48f0-9db6-de75fb1ef7ef - - - - - -] Loaded extension: trunk-details
2026-07-17 04:16:23.355 8 INFO neutron.api.extensions [None req-289b954a-1def-48f0-9db6-de75fb1ef7ef - - - - - -] Extension uplink-status-propagation not supported by any of loaded plugins
2026-07-17 04:16:23.356 8 INFO neutron.api.extensions [None req-289b954a-1def-48f0-9db6-de75fb1ef7ef - - - - - -] Extension uplink-status-propagation-updatable not supported by any of loaded plugins
2026-07-17 04:16:23.356 8 INFO neutron.api.extensions [None req-289b954a-1def-48f0-9db6-de75fb1ef7ef - - - - - -] Loaded extension: vlan-transparent
2026-07-17 04:16:23.357 8 INFO neutron.api.extensions [None req-289b954a-1def-48f0-9db6-de75fb1ef7ef - - - - - -] Loaded extension: vpn-aes-ctr
2026-07-17 04:16:23.359 8 INFO neutron.api.extensions [None req-289b954a-1def-48f0-9db6-de75fb1ef7ef - - - - - -] Loaded extension: vpn-agent-scheduler
2026-07-17 04:16:23.360 8 INFO neutron.api.extensions [None req-289b954a-1def-48f0-9db6-de75fb1ef7ef - - - - - -] Loaded extension: vpn-endpoint-groups
2026-07-17 04:16:23.360 8 INFO neutron.api.extensions [None req-289b954a-1def-48f0-9db6-de75fb1ef7ef - - - - - -] Loaded extension: vpn-flavors
2026-07-17 04:16:23.362 8 INFO neutron.api.extensions [None req-289b954a-1def-48f0-9db6-de75fb1ef7ef - - - - - -] Loaded extension: vpnaas
2026-07-17 04:16:23.363 8 INFO neutron.api.extensions [None req-289b954a-1def-48f0-9db6-de75fb1ef7ef - - - - - -] Loaded extension: taas
2026-07-17 04:16:23.364 8 INFO neutron.api.extensions [None req-289b954a-1def-48f0-9db6-de75fb1ef7ef - - - - - -] Loaded extension: tap-mirror
2026-07-17 04:16:23.365 8 INFO neutron.api.extensions [None req-289b954a-1def-48f0-9db6-de75fb1ef7ef - - - - - -] Loaded extension: taas-vlan-filter
2026-07-17 04:16:23.367 8 INFO neutron.quota.resource_registry [None req-289b954a-1def-48f0-9db6-de75fb1ef7ef - - - - - -] Creating instance of TrackedResource for resource:network
2026-07-17 04:16:23.367 8 INFO neutron.quota.resource_registry [None req-289b954a-1def-48f0-9db6-de75fb1ef7ef - - - - - -] Creating instance of TrackedResource for resource:subnet
2026-07-17 04:16:23.367 8 INFO neutron.quota.resource_registry [None req-289b954a-1def-48f0-9db6-de75fb1ef7ef - - - - - -] Creating instance of TrackedResource for resource:subnetpool
2026-07-17 04:16:23.367 8 INFO neutron.quota.resource_registry [None req-289b954a-1def-48f0-9db6-de75fb1ef7ef - - - - - -] Creating instance of TrackedResource for resource:port
2026-07-17 04:16:23.370 8 INFO neutron.quota.resource_registry [None req-289b954a-1def-48f0-9db6-de75fb1ef7ef - - - - - -] Creating instance of TrackedResource for resource:router
2026-07-17 04:16:23.371 8 INFO neutron.quota.resource_registry [None req-289b954a-1def-48f0-9db6-de75fb1ef7ef - - - - - -] Creating instance of TrackedResource for resource:floatingip
2026-07-17 04:16:23.371 7 WARNING keystonemiddleware._common.config [None req-445e9b7c-0d38-41e1-b92a-90811101b867 - - - - - -] The option "audit_map_file" is not known to keystonemiddleware
2026-07-17 04:16:23.375 8 INFO neutron.quota.resource_registry [None req-289b954a-1def-48f0-9db6-de75fb1ef7ef - - - - - -] Creating instance of CountableResource for resource:rbac_policy
2026-07-17 04:16:23.376 8 INFO neutron.quota.resource_registry [None req-289b954a-1def-48f0-9db6-de75fb1ef7ef - - - - - -] Creating instance of TrackedResource for resource:security_group
2026-07-17 04:16:23.376 8 INFO neutron.quota.resource_registry [None req-289b954a-1def-48f0-9db6-de75fb1ef7ef - - - - - -] Creating instance of TrackedResource for resource:security_group_rule
2026-07-17 04:16:23.377 8 INFO neutron.quota.resource_registry [None req-289b954a-1def-48f0-9db6-de75fb1ef7ef - - - - - -] Creating instance of TrackedResource for resource:subnetpool
2026-07-17 04:16:23.377 8 WARNING neutron.quota.resource_registry [None req-289b954a-1def-48f0-9db6-de75fb1ef7ef - - - - - -] subnetpool is already registered
2026-07-17 04:16:23.377 7 WARNING oslo_config.cfg [None req-445e9b7c-0d38-41e1-b92a-90811101b867 - - - - - -] Deprecated: Option "auth_uri" from group "keystone_authtoken" is deprecated. Use option "www_authenticate_uri" from group "keystone_authtoken".
2026-07-17 04:16:23.378 8 INFO neutron.quota.resource_registry [None req-289b954a-1def-48f0-9db6-de75fb1ef7ef - - - - - -] Creating instance of CountableResource for resource:trunk
2026-07-17 04:16:23.378 8 INFO neutron.quota.resource_registry [None req-289b954a-1def-48f0-9db6-de75fb1ef7ef - - - - - -] Creating instance of CountableResource for resource:ikepolicy
2026-07-17 04:16:23.379 8 INFO neutron.quota.resource_registry [None req-289b954a-1def-48f0-9db6-de75fb1ef7ef - - - - - -] Creating instance of CountableResource for resource:ipsecpolicy
2026-07-17 04:16:23.379 8 INFO neutron.quota.resource_registry [None req-289b954a-1def-48f0-9db6-de75fb1ef7ef - - - - - -] Creating instance of CountableResource for resource:endpoint_group
2026-07-17 04:16:23.379 8 INFO neutron.quota.resource_registry [None req-289b954a-1def-48f0-9db6-de75fb1ef7ef - - - - - -] Creating instance of CountableResource for resource:vpnservice
2026-07-17 04:16:23.380 8 INFO neutron.quota.resource_registry [None req-289b954a-1def-48f0-9db6-de75fb1ef7ef - - - - - -] Creating instance of CountableResource for resource:ipsec_site_connection
2026-07-17 04:16:23.380 8 INFO neutron.quota.resource_registry [None req-289b954a-1def-48f0-9db6-de75fb1ef7ef - - - - - -] Creating instance of CountableResource for resource:ipsecpolicy
2026-07-17 04:16:23.380 8 WARNING neutron.quota.resource_registry [None req-289b954a-1def-48f0-9db6-de75fb1ef7ef - - - - - -] ipsecpolicy is already registered
2026-07-17 04:16:23.381 8 INFO neutron.quota.resource_registry [None req-289b954a-1def-48f0-9db6-de75fb1ef7ef - - - - - -] Creating instance of CountableResource for resource:ikepolicy
2026-07-17 04:16:23.381 8 WARNING neutron.quota.resource_registry [None req-289b954a-1def-48f0-9db6-de75fb1ef7ef - - - - - -] ikepolicy is already registered
2026-07-17 04:16:23.385 8 INFO neutron.quota.resource_registry [None req-289b954a-1def-48f0-9db6-de75fb1ef7ef - - - - - -] Creating instance of TrackedResource for resource:router
2026-07-17 04:16:23.385 8 WARNING neutron.quota.resource_registry [None req-289b954a-1def-48f0-9db6-de75fb1ef7ef - - - - - -] router is already registered
2026-07-17 04:16:23.386 8 INFO neutron.quota.resource_registry [None req-289b954a-1def-48f0-9db6-de75fb1ef7ef - - - - - -] Creating instance of TrackedResource for resource:floatingip
2026-07-17 04:16:23.386 8 WARNING neutron.quota.resource_registry [None req-289b954a-1def-48f0-9db6-de75fb1ef7ef - - - - - -] floatingip is already registered
2026-07-17 04:16:23.390 8 INFO neutron.quota.resource_registry [None req-289b954a-1def-48f0-9db6-de75fb1ef7ef - - - - - -] Creating instance of CountableResource for resource:rbac_policy
2026-07-17 04:16:23.391 8 WARNING neutron.quota.resource_registry [None req-289b954a-1def-48f0-9db6-de75fb1ef7ef - - - - - -] rbac_policy is already registered
2026-07-17 04:16:23.391 8 INFO neutron.quota.resource_registry [None req-289b954a-1def-48f0-9db6-de75fb1ef7ef - - - - - -] Creating instance of TrackedResource for resource:security_group
2026-07-17 04:16:23.391 8 WARNING neutron.quota.resource_registry [None req-289b954a-1def-48f0-9db6-de75fb1ef7ef - - - - - -] security_group is already registered
2026-07-17 04:16:23.391 7 WARNING neutron.plugins.ml2.drivers.ovn.mech_driver.mech_driver [None req-445e9b7c-0d38-41e1-b92a-90811101b867 - - - - - -] uWSGI must provide a start time using the configuration parameter "start-time %t" in the configuration file
2026-07-17 04:16:23.392 8 INFO neutron.quota.resource_registry [None req-289b954a-1def-48f0-9db6-de75fb1ef7ef - - - - - -] Creating instance of TrackedResource for resource:security_group_rule
2026-07-17 04:16:23.392 8 WARNING neutron.quota.resource_registry [None req-289b954a-1def-48f0-9db6-de75fb1ef7ef - - - - - -] security_group_rule is already registered
2026-07-17 04:16:23.392 8 INFO neutron.quota.resource_registry [None req-289b954a-1def-48f0-9db6-de75fb1ef7ef - - - - - -] Creating instance of TrackedResource for resource:subnetpool
2026-07-17 04:16:23.393 8 WARNING neutron.quota.resource_registry [None req-289b954a-1def-48f0-9db6-de75fb1ef7ef - - - - - -] subnetpool is already registered
2026-07-17 04:16:23.393 8 INFO neutron.quota.resource_registry [None req-289b954a-1def-48f0-9db6-de75fb1ef7ef - - - - - -] Creating instance of CountableResource for resource:trunk
2026-07-17 04:16:23.393 8 WARNING neutron.quota.resource_registry [None req-289b954a-1def-48f0-9db6-de75fb1ef7ef - - - - - -] trunk is already registered
2026-07-17 04:16:23.394 8 INFO neutron.quota.resource_registry [None req-289b954a-1def-48f0-9db6-de75fb1ef7ef - - - - - -] Creating instance of CountableResource for resource:ikepolicy
2026-07-17 04:16:23.394 8 WARNING neutron.quota.resource_registry [None req-289b954a-1def-48f0-9db6-de75fb1ef7ef - - - - - -] ikepolicy is already registered
2026-07-17 04:16:23.394 8 INFO neutron.quota.resource_registry [None req-289b954a-1def-48f0-9db6-de75fb1ef7ef - - - - - -] Creating instance of CountableResource for resource:ipsecpolicy
2026-07-17 04:16:23.394 8 WARNING neutron.quota.resource_registry [None req-289b954a-1def-48f0-9db6-de75fb1ef7ef - - - - - -] ipsecpolicy is already registered
2026-07-17 04:16:23.395 8 INFO neutron.quota.resource_registry [None req-289b954a-1def-48f0-9db6-de75fb1ef7ef - - - - - -] Creating instance of CountableResource for resource:endpoint_group
2026-07-17 04:16:23.395 8 WARNING neutron.quota.resource_registry [None req-289b954a-1def-48f0-9db6-de75fb1ef7ef - - - - - -] endpoint_group is already registered
2026-07-17 04:16:23.395 8 INFO neutron.quota.resource_registry [None req-289b954a-1def-48f0-9db6-de75fb1ef7ef - - - - - -] Creating instance of CountableResource for resource:vpnservice
2026-07-17 04:16:23.395 8 WARNING neutron.quota.resource_registry [None req-289b954a-1def-48f0-9db6-de75fb1ef7ef - - - - - -] vpnservice is already registered
2026-07-17 04:16:23.395 8 INFO neutron.quota.resource_registry [None req-289b954a-1def-48f0-9db6-de75fb1ef7ef - - - - - -] Creating instance of CountableResource for resource:ipsec_site_connection
2026-07-17 04:16:23.396 8 WARNING neutron.quota.resource_registry [None req-289b954a-1def-48f0-9db6-de75fb1ef7ef - - - - - -] ipsec_site_connection is already registered
2026-07-17 04:16:23.396 8 INFO neutron.quota.resource_registry [None req-289b954a-1def-48f0-9db6-de75fb1ef7ef - - - - - -] Creating instance of CountableResource for resource:ipsecpolicy
2026-07-17 04:16:23.396 8 WARNING neutron.quota.resource_registry [None req-289b954a-1def-48f0-9db6-de75fb1ef7ef - - - - - -] ipsecpolicy is already registered
2026-07-17 04:16:23.396 8 INFO neutron.quota.resource_registry [None req-289b954a-1def-48f0-9db6-de75fb1ef7ef - - - - - -] Creating instance of CountableResource for resource:ikepolicy
2026-07-17 04:16:23.397 8 WARNING neutron.quota.resource_registry [None req-289b954a-1def-48f0-9db6-de75fb1ef7ef - - - - - -] ikepolicy is already registered
2026-07-17 04:16:23.402 7 INFO neutron.db.ovn_hash_ring_db [None req-445e9b7c-0d38-41e1-b92a-90811101b867 - - - - - -] Nodes from host "neutron-server-6bfc9c5b5d-ktgdt" and group "mechanism_driver" removed from the Hash Ring created at
2026-07-17 04:16:23+00:00
2026-07-17 04:16:23.405 7 INFO neutron.db.ovn_hash_ring_db [None req-445e9b7c-0d38-41e1-b92a-90811101b867 - - - - - -] Node 2dd9b8444ed25826921b25e9000b98e8 from host "neutron-server-6bfc9c5b5d-ktgdt" and group "mechanism_driver" added to the Hash Ring
2026-07-17 04:16:23.413 7 INFO neutron.plugins.ml2.drivers.ovn.mech_driver.mech_driver [None req-445e9b7c-0d38-41e1-b92a-90811101b867 - - - - - -] Hash Ring probing thread for node 2dd9b8444ed25826921b25e9000b98e8 has started
2026-07-17 04:16:23.414 7 INFO neutron.plugins.ml2.drivers.ovn.mech_driver.ovsdb.impl_idl_ovn [None req-445e9b7c-0d38-41e1-b92a-90811101b867 - - - - - -] Getting OvsdbNbOvnIdl for WorkerService with retry
2026-07-17 04:16:23.432 8 WARNING keystonemiddleware._common.config [None req-289b954a-1def-48f0-9db6-de75fb1ef7ef - - - - - -] The option "audit_map_file" is not known to keystonemiddleware
2026-07-17 04:16:23.438 8 WARNING oslo_config.cfg [None req-289b954a-1def-48f0-9db6-de75fb1ef7ef - - - - - -] Deprecated: Option "auth_uri" from group "keystone_authtoken" is deprecated. Use option "www_authenticate_uri" from group "keystone_authtoken".
2026-07-17 04:16:23.440 7 INFO ovsdbapp.backend.ovs_idl.vlog [None req-445e9b7c-0d38-41e1-b92a-90811101b867 - - - - - -] tcp:10.98.75.147:6641: connecting...
2026-07-17 04:16:23.440 7 INFO ovsdbapp.backend.ovs_idl.vlog [None req-445e9b7c-0d38-41e1-b92a-90811101b867 - - - - - -] tcp:10.98.75.147:6641: connected
2026-07-17 04:16:23.463 8 WARNING neutron.plugins.ml2.drivers.ovn.mech_driver.mech_driver [None req-289b954a-1def-48f0-9db6-de75fb1ef7ef - - - - - -] uWSGI must provide a start time using the configuration parameter "start-time %t" in the configuration file
2026-07-17 04:16:23.478 8 INFO neutron.db.ovn_hash_ring_db [None req-289b954a-1def-48f0-9db6-de75fb1ef7ef - - - - - -] Nodes from host "neutron-server-6bfc9c5b5d-ktgdt" and group "mechanism_driver" removed from the Hash Ring created at
2026-07-17 04:16:23+00:00
2026-07-17 04:16:23.481 8 INFO neutron.db.ovn_hash_ring_db [None req-289b954a-1def-48f0-9db6-de75fb1ef7ef - - - - - -] Node 318fd463b71152bc8552e16a17ab88e9 from host "neutron-server-6bfc9c5b5d-ktgdt" and group "mechanism_driver" added to the Hash Ring
2026-07-17 04:16:23.489 8 INFO neutron.plugins.ml2.drivers.ovn.mech_driver.mech_driver [None req-289b954a-1def-48f0-9db6-de75fb1ef7ef - - - - - -] Hash Ring probing thread for node 318fd463b71152bc8552e16a17ab88e9 has started
2026-07-17 04:16:23.490 8 INFO neutron.plugins.ml2.drivers.ovn.mech_driver.ovsdb.impl_idl_ovn [None req-289b954a-1def-48f0-9db6-de75fb1ef7ef - - - - - -] Getting OvsdbNbOvnIdl for WorkerService with retry
2026-07-17 04:16:23.494 7 INFO neutron.plugins.ml2.drivers.ovn.mech_driver.ovsdb.impl_idl_ovn [None req-445e9b7c-0d38-41e1-b92a-90811101b867 - - - - - -] Getting OvsdbSbOvnIdl for WorkerService with retry
2026-07-17 04:16:23.512 7 INFO ovsdbapp.backend.ovs_idl.vlog [None req-445e9b7c-0d38-41e1-b92a-90811101b867 - - - - - -] tcp:10.102.85.170:6642: connecting...
2026-07-17 04:16:23.513 7 INFO ovsdbapp.backend.ovs_idl.vlog [None req-445e9b7c-0d38-41e1-b92a-90811101b867 - - - - - -] tcp:10.102.85.170:6642: connected
2026-07-17 04:16:23.526 8 INFO ovsdbapp.backend.ovs_idl.vlog [None req-289b954a-1def-48f0-9db6-de75fb1ef7ef - - - - - -] tcp:10.98.75.147:6641: connecting...
2026-07-17 04:16:23.526 8 INFO ovsdbapp.backend.ovs_idl.vlog [None req-289b954a-1def-48f0-9db6-de75fb1ef7ef - - - - - -] tcp:10.98.75.147:6641: connected
2026-07-17 04:16:23.544 7 INFO neutron.plugins.ml2.drivers.ovn.mech_driver.mech_driver [None req-445e9b7c-0d38-41e1-b92a-90811101b867 - - - - - -] WorkerService process has finished the post initialization
2026-07-17 04:16:23.562 7 INFO ovsdbapp.backend.ovs_idl.vlog [None req-445e9b7c-0d38-41e1-b92a-90811101b867 - - - - - -] tcp:10.98.75.147:6641: connecting...
2026-07-17 04:16:23.562 7 INFO ovsdbapp.backend.ovs_idl.vlog [None req-445e9b7c-0d38-41e1-b92a-90811101b867 - - - - - -] tcp:10.98.75.147:6641: connected
2026-07-17 04:16:23.564 8 INFO neutron.plugins.ml2.drivers.ovn.mech_driver.ovsdb.impl_idl_ovn [None req-289b954a-1def-48f0-9db6-de75fb1ef7ef - - - - - -] Getting OvsdbSbOvnIdl for WorkerService with retry
2026-07-17 04:16:23.585 8 INFO ovsdbapp.backend.ovs_idl.vlog [None req-289b954a-1def-48f0-9db6-de75fb1ef7ef - - - - - -] tcp:10.102.85.170:6642: connecting...
2026-07-17 04:16:23.585 8 INFO ovsdbapp.backend.ovs_idl.vlog [None req-289b954a-1def-48f0-9db6-de75fb1ef7ef - - - - - -] tcp:10.102.85.170:6642: connected
2026-07-17 04:16:23.598 7 INFO ovsdbapp.backend.ovs_idl.vlog [None req-445e9b7c-0d38-41e1-b92a-90811101b867 - - - - - -] tcp:10.98.75.147:6641: connecting...
2026-07-17 04:16:23.598 7 INFO ovsdbapp.backend.ovs_idl.vlog [None req-445e9b7c-0d38-41e1-b92a-90811101b867 - - - - - -] tcp:10.98.75.147:6641: connected
2026-07-17 04:16:23.615 8 INFO neutron.plugins.ml2.drivers.ovn.mech_driver.mech_driver [None req-289b954a-1def-48f0-9db6-de75fb1ef7ef - - - - - -] WorkerService process has finished the post initialization
2026-07-17 04:16:23.615 8 INFO neutron.plugins.ml2.drivers.ovn.mech_driver.ovsdb.extensions.qos [-] Starting OVNClientQosExtension
2026-07-17 04:16:23.616 8 INFO neutron.plugins.ml2.drivers.ovn.mech_driver.ovsdb.extensions.placement [-] Starting OVNClientPlacementExtension WSGI app 0 (mountpoint='') ready in 10 seconds on interpreter 0x7fef76262668 pid: 7 (default app)
2026-07-17 04:16:23.636 8 INFO ovsdbapp.backend.ovs_idl.vlog [None req-289b954a-1def-48f0-9db6-de75fb1ef7ef - - - - - -] tcp:10.98.75.147:6641: connecting...
2026-07-17 04:16:23.636 8 INFO ovsdbapp.backend.ovs_idl.vlog [None req-289b954a-1def-48f0-9db6-de75fb1ef7ef - - - - - -] tcp:10.98.75.147:6641: connected
2026-07-17 04:16:23.689 8 INFO ovsdbapp.backend.ovs_idl.vlog [None req-289b954a-1def-48f0-9db6-de75fb1ef7ef - - - - - -] tcp:10.98.75.147:6641: connecting...
2026-07-17 04:16:23.689 8 INFO ovsdbapp.backend.ovs_idl.vlog [None req-289b954a-1def-48f0-9db6-de75fb1ef7ef - - - - - -] tcp:10.98.75.147:6641: connected WSGI app 0 (mountpoint='') ready in 10 seconds on interpreter 0x7fef76262668 pid: 8 (default app) /var/lib/openstack/lib/python3.12/site-packages/pycadf/identifier.py:70: UserWarning: Invalid uuid: unknown. To ensure interoperability, identifiers should be a valid uuid. warnings.warn(('Invalid uuid: %s. To ensure interoperability, '
2026-07-17 04:16:26.086 7 INFO neutron.pecan_wsgi.hooks.translation [None req-4272675f-3031-45f3-b63d-19605d47949a 7429bbffe4e946ad95104b685a44727c dc858f6b102d479ab1704aeda25ed970 - - default default] GET failed (client error): The resource could not be found. [pid: 7|app: 0|req: 3/3] 199.204.45.216 () {44 vars in 927 bytes} [Fri Jul 17 04:16:25 2026] GET /v2.0/networks/public => generated 108 bytes in 856 msecs (HTTP/1.1 404) 4 headers in 164 bytes (1 switches on core 0) /var/lib/openstack/lib/python3.12/site-packages/pycadf/identifier.py:70: UserWarning: Invalid uuid: unknown. To ensure interoperability, identifiers should be a valid uuid. warnings.warn(('Invalid uuid: %s. To ensure interoperability, ' [pid: 8|app: 0|req: 1/4] 199.204.45.216 () {44 vars in 949 bytes} [Fri Jul 17 04:16:26 2026] GET /v2.0/networks?name=public => generated 15 bytes in 381 msecs (HTTP/1.1 200) 4 headers in 156 bytes (1 switches on core 0)
2026-07-17 04:16:26.801 7 INFO neutron.plugins.ml2.drivers.ovn.mech_driver.ovsdb.extensions.qos [None req-8304572f-2ebf-4db4-b3f5-2d4af357b2ae 7429bbffe4e946ad95104b685a44727c dc858f6b102d479ab1704aeda25ed970 - - default default] Starting OVNClientQosExtension
2026-07-17 04:16:26.801 7 INFO neutron.plugins.ml2.drivers.ovn.mech_driver.ovsdb.extensions.placement [None req-8304572f-2ebf-4db4-b3f5-2d4af357b2ae 7429bbffe4e946ad95104b685a44727c dc858f6b102d479ab1704aeda25ed970 - - default default] Starting OVNClientPlacementExtension
2026-07-17 04:16:26.842 7 INFO neutron.db.ovn_revision_numbers_db [None req-8304572f-2ebf-4db4-b3f5-2d4af357b2ae 7429bbffe4e946ad95104b685a44727c dc858f6b102d479ab1704aeda25ed970 - - default default] Successfully bumped revision number for resource 569b7705-0532-4236-b0fe-38359226ec1b (type: security_groups) to 1
2026-07-17 04:16:26.857 7 INFO neutron.db.ovn_revision_numbers_db [None req-8304572f-2ebf-4db4-b3f5-2d4af357b2ae 7429bbffe4e946ad95104b685a44727c dc858f6b102d479ab1704aeda25ed970 - - default default] Successfully bumped revision number for resource 4d88ffe0-bb41-470c-b2a8-365fb9267441 (type: security_group_rules) to 0
2026-07-17 04:16:26.868 7 INFO neutron.db.ovn_revision_numbers_db [None req-8304572f-2ebf-4db4-b3f5-2d4af357b2ae 7429bbffe4e946ad95104b685a44727c dc858f6b102d479ab1704aeda25ed970 - - default default] Successfully bumped revision number for resource 5be14526-479b-45c7-ac00-08988241efcd (type: security_group_rules) to 0
2026-07-17 04:16:26.878 7 INFO neutron.db.ovn_revision_numbers_db [None req-8304572f-2ebf-4db4-b3f5-2d4af357b2ae 7429bbffe4e946ad95104b685a44727c dc858f6b102d479ab1704aeda25ed970 - - default default] Successfully bumped revision number for resource 87ebe36e-9cdd-435c-8dc8-b4d85c36b820 (type: security_group_rules) to 0
2026-07-17 04:16:26.891 7 INFO neutron.db.ovn_revision_numbers_db [None req-8304572f-2ebf-4db4-b3f5-2d4af357b2ae 7429bbffe4e946ad95104b685a44727c dc858f6b102d479ab1704aeda25ed970 - - default default] Successfully bumped revision number for resource c9f3572c-d915-4525-91e8-47cc639c369e (type: security_group_rules) to 0
2026-07-17 04:16:26.967 7 WARNING neutron.services.revisions.revision_plugin [None req-8304572f-2ebf-4db4-b3f5-2d4af357b2ae 7429bbffe4e946ad95104b685a44727c dc858f6b102d479ab1704aeda25ed970 - - default default] Could not find related network for resource to bump revision.
2026-07-17 04:16:26.995 7 INFO neutron.db.segments_db [None req-8304572f-2ebf-4db4-b3f5-2d4af357b2ae 7429bbffe4e946ad95104b685a44727c dc858f6b102d479ab1704aeda25ed970 - - default default] Added segment e03e92a0-e6ab-4152-bfaa-1652d15ed53b of type flat for network b9acc83f-c2c4-4ef6-8439-169991b42654
2026-07-17 04:16:27.133 7 INFO neutron.plugins.ml2.drivers.ovn.mech_driver.mech_driver [-] OVN reports status down for port: provnet-e03e92a0-e6ab-4152-bfaa-1652d15ed53b
2026-07-17 04:16:27.190 7 INFO neutron.db.ovn_revision_numbers_db [None req-8304572f-2ebf-4db4-b3f5-2d4af357b2ae 7429bbffe4e946ad95104b685a44727c dc858f6b102d479ab1704aeda25ed970 - - default default] Successfully bumped revision number for resource b9acc83f-c2c4-4ef6-8439-169991b42654 (type: networks) to 1
2026-07-17 04:16:27.446 7 WARNING neutron.scheduler.dhcp_agent_scheduler [None req-8304572f-2ebf-4db4-b3f5-2d4af357b2ae 7429bbffe4e946ad95104b685a44727c dc858f6b102d479ab1704aeda25ed970 - - default default] No more DHCP agents
2026-07-17 04:16:27.447 7 WARNING neutron.api.rpc.agentnotifiers.dhcp_rpc_agent_api [None req-8304572f-2ebf-4db4-b3f5-2d4af357b2ae 7429bbffe4e946ad95104b685a44727c dc858f6b102d479ab1704aeda25ed970 - - default default] Unable to schedule network b9acc83f-c2c4-4ef6-8439-169991b42654: no agents available; will retry on subsequent port and subnet creation events.
2026-07-17 04:16:27.711 7 INFO neutron.plugins.ml2.drivers.ovn.mech_driver.mech_driver [None req-d02c23f4-62d6-4ac4-bc07-3f19f0eab579 - - - - - -] OVN reports status down for port: f38821a7-71f1-4958-8786-b18277c695b3
2026-07-17 04:16:27.793 7 INFO neutron.db.ovn_revision_numbers_db [None req-8304572f-2ebf-4db4-b3f5-2d4af357b2ae 7429bbffe4e946ad95104b685a44727c dc858f6b102d479ab1704aeda25ed970 - - default default] Successfully bumped revision number for resource f38821a7-71f1-4958-8786-b18277c695b3 (type: ports) to 1 [pid: 7|app: 0|req: 4/5] 199.204.45.216 () {48 vars in 967 bytes} [Fri Jul 17 04:16:26 2026] POST /v2.0/networks => generated 744 bytes in 1402 msecs (HTTP/1.1 201) 4 headers in 162 bytes (1 switches on core 0)
2026-07-17 04:16:29.320 8 INFO neutron.pecan_wsgi.hooks.translation [None req-6768942a-2b1c-4f09-bd6e-26a4ec646db7 7429bbffe4e946ad95104b685a44727c dc858f6b102d479ab1704aeda25ed970 - - default default] GET failed (client error): The resource could not be found. [pid: 8|app: 0|req: 2/6] 199.204.45.216 () {44 vars in 927 bytes} [Fri Jul 17 04:16:28 2026] GET /v2.0/networks/public => generated 108 bytes in 374 msecs (HTTP/1.1 404) 4 headers in 164 bytes (1 switches on core 0) [pid: 7|app: 0|req: 5/8] 199.204.45.216 () {44 vars in 949 bytes} [Fri Jul 17 04:16:29 2026] GET /v2.0/networks?name=public => generated 753 bytes in 39 msecs (HTTP/1.1 200) 4 headers in 157 bytes (1 switches on core 0)
2026-07-17 04:16:29.403 8 INFO neutron.pecan_wsgi.hooks.translation [None req-992c9b2a-27e6-4474-96c5-879f6c4c225a 7429bbffe4e946ad95104b685a44727c dc858f6b102d479ab1704aeda25ed970 - - default default] GET failed (client error): The resource could not be found. [pid: 8|app: 0|req: 4/9] 199.204.45.216 () {44 vars in 1034 bytes} [Fri Jul 17 04:16:29 2026] GET /v2.0/subnets/public-subnet?network_id=b9acc83f-c2c4-4ef6-8439-169991b42654 => generated 113 bytes in 28 msecs (HTTP/1.1 404) 4 headers in 164 bytes (1 switches on core 0) [pid: 7|app: 0|req: 6/10] 199.204.45.216 () {44 vars in 1057 bytes} [Fri Jul 17 04:16:29 2026] GET /v2.0/subnets?name=public-subnet&network_id=b9acc83f-c2c4-4ef6-8439-169991b42654 => generated 14 bytes in 21 msecs (HTTP/1.1 200) 4 headers in 156 bytes (1 switches on core 0)
2026-07-17 04:16:29.950 8 WARNING neutron.scheduler.dhcp_agent_scheduler [None req-8a40d487-128e-4abe-ab48-640251f5a0cf 7429bbffe4e946ad95104b685a44727c dc858f6b102d479ab1704aeda25ed970 - - default default] No more DHCP agents
2026-07-17 04:16:29.951 8 WARNING neutron.api.rpc.agentnotifiers.dhcp_rpc_agent_api [None req-8a40d487-128e-4abe-ab48-640251f5a0cf 7429bbffe4e946ad95104b685a44727c dc858f6b102d479ab1704aeda25ed970 - - default default] Unable to schedule network b9acc83f-c2c4-4ef6-8439-169991b42654: no agents available; will retry on subsequent port and subnet creation events.
2026-07-17 04:16:30.745 8 INFO neutron.db.ovn_revision_numbers_db [None req-f0001ded-bb03-4fc4-904a-91933103e908 - - - - - -] Successfully bumped revision number for resource f38821a7-71f1-4958-8786-b18277c695b3 (type: ports) to 2
2026-07-17 04:16:30.780 8 INFO neutron.db.ovn_revision_numbers_db [None req-f0001ded-bb03-4fc4-904a-91933103e908 - - - - - -] Successfully bumped revision number for resource 651f0816-7a90-4647-ab3e-7b54cba4b670 (type: subnets) to 0 [pid: 8|app: 0|req: 5/11] 199.204.45.216 () {48 vars in 965 bytes} [Fri Jul 17 04:16:29 2026] POST /v2.0/subnets => generated 664 bytes in 1361 msecs (HTTP/1.1 201) 4 headers in 162 bytes (1 switches on core 0)
2026-07-17 04:21:18.862 8 INFO neutron.pecan_wsgi.hooks.translation [None req-4eb3505c-0902-4ed6-b3b3-9d1443f54176 7429bbffe4e946ad95104b685a44727c dc858f6b102d479ab1704aeda25ed970 - - default default] GET failed (client error): The resource could not be found. [pid: 8|app: 0|req: 24/48] 199.204.45.216 () {44 vars in 937 bytes} [Fri Jul 17 04:21:18 2026] GET /v2.0/networks/lb-mgmt-net => generated 113 bytes in 109 msecs (HTTP/1.1 404) 4 headers in 164 bytes (1 switches on core 0) [pid: 7|app: 0|req: 25/49] 199.204.45.216 () {44 vars in 959 bytes} [Fri Jul 17 04:21:18 2026] GET /v2.0/networks?name=lb-mgmt-net => generated 15 bytes in 14 msecs (HTTP/1.1 200) 4 headers in 156 bytes (1 switches on core 0)
2026-07-17 04:21:18.973 8 INFO neutron.db.segments_db [None req-d9e49e80-0f43-4da3-aa18-00540172577e 7429bbffe4e946ad95104b685a44727c dc858f6b102d479ab1704aeda25ed970 - - default default] Added segment 41277510-21a5-4f6e-b860-409afc414d10 of type geneve for network 547541d5-4c8a-40e7-813d-e48fb7477934
2026-07-17 04:21:19.124 8 INFO neutron.db.ovn_revision_numbers_db [None req-d9e49e80-0f43-4da3-aa18-00540172577e 7429bbffe4e946ad95104b685a44727c dc858f6b102d479ab1704aeda25ed970 - - default default] Successfully bumped revision number for resource 547541d5-4c8a-40e7-813d-e48fb7477934 (type: networks) to 1
