2026-07-17 04:50:34.288 7 INFO neutron.services.segments.plugin [-] Segment f824d36a-df79-4ba6-9216-31754f596d24 resource provider not found; error: Placement Client Error (4xx): {"errors": [{"status": 404, "title": "Not Found", "detail": "The resource could not be found.\n\n No resource provider with uuid f824d36a-df79-4ba6-9216-31754f596d24 found for delete ", "request_id": "req-4ef7af5b-5c14-4b56-92df-d783a1703c4a"}]}
2026-07-17 04:50:34.297 7 INFO neutron.services.segments.plugin [-] Segment f824d36a-df79-4ba6-9216-31754f596d24 resource provider not found; error: Placement Client Error (4xx): {"errors": [{"status": 404, "title": "Not Found", "detail": "The resource could not be found.\n\n No resource provider with uuid f824d36a-df79-4ba6-9216-31754f596d24 found for delete ", "request_id": "req-8eb11783-fa9b-4f3c-8244-83cf3efcbb0c"}]}
2026-07-17 04:50:34.315 8 INFO neutron_taas.services.taas.taas_plugin [None req-fccc8bb2-e9d8-40e2-bc8e-39a4281bab54 7429bbffe4e946ad95104b685a44727c dc858f6b102d479ab1704aeda25ed970 - - default default] TaaS: Handle Delete Port: bf64291b-329b-4177-b9d4-5faee40440f0
2026-07-17 04:50:34.318 8 INFO neutron_taas.services.taas.tap_mirror_plugin [None req-fccc8bb2-e9d8-40e2-bc8e-39a4281bab54 7429bbffe4e946ad95104b685a44727c dc858f6b102d479ab1704aeda25ed970 - - default default] Tap Mirror: Handle Delete Port: bf64291b-329b-4177-b9d4-5faee40440f0 [pid: 7|app: 0|req: 448/887] 10.0.0.208 () {32 vars in 726 bytes} [Fri Jul 17 04:50:33 2026] DELETE /v2.0/networks/0e3c1307-45f6-407e-b1ca-b9bceaa69aa3 => generated 0 bytes in 337 msecs (HTTP/1.1 204) 3 headers in 131 bytes (1 switches on core 0) [pid: 7|app: 0|req: 449/888] 10.0.0.208 () {32 vars in 774 bytes} [Fri Jul 17 04:50:34 2026] GET /v2.0/security-groups?tenant_id=f2ac64c59a124739ad2d7130d4d04d04&name=default => generated 2925 bytes in 123 msecs (HTTP/1.1 200) 4 headers in 158 bytes (1 switches on core 0) [pid: 8|app: 0|req: 440/889] 10.0.0.208 () {34 vars in 789 bytes} [Fri Jul 17 04:50:34 2026] PUT /v2.0/routers/62060d1a-ba71-44e2-a1e1-3677b2b645e1/remove_router_interface => generated 309 bytes in 911 msecs (HTTP/1.1 200) 4 headers in 157 bytes (1 switches on core 0) /var/lib/openstack/lib/python3.12/site-packages/pycadf/identifier.py:70: UserWarning: Invalid uuid: neutron. To ensure interoperability, identifiers should be a valid uuid. warnings.warn(('Invalid uuid: %s. To ensure interoperability, ' [pid: 8|app: 0|req: 441/890] 10.0.0.1 () {34 vars in 988 bytes} [Fri Jul 17 04:50:34 2026] GET /v2.0/ports?device_id=39da8a2f-7f6a-44f2-989d-438891715883 => generated 969 bytes in 77 msecs (HTTP/1.1 200) 4 headers in 157 bytes (1 switches on core 0) [pid: 7|app: 0|req: 450/891] 10.0.0.208 () {32 vars in 740 bytes} [Fri Jul 17 04:50:34 2026] DELETE /v2.0/security-groups/5d08e78d-8e7d-4983-bcfe-3e68bb928ec7 => generated 0 bytes in 217 msecs (HTTP/1.1 204) 2 headers in 112 bytes (1 switches on core 0) [pid: 7|app: 0|req: 451/892] 10.0.0.1 () {34 vars in 1038 bytes} [Fri Jul 17 04:50:35 2026] GET /v2.0/security-groups?id=311c445c-41de-4d25-80b3-ed1497352514&fields=id&fields=name => generated 114 bytes in 37 msecs (HTTP/1.1 200) 4 headers in 157 bytes (1 switches on core 0)
2026-07-17 04:50:35.319 8 INFO neutron_taas.services.taas.taas_plugin [None req-fb76418c-c1de-47ba-879f-c33b5e0865c6 7429bbffe4e946ad95104b685a44727c dc858f6b102d479ab1704aeda25ed970 - - default default] TaaS: Handle Delete Port: 0803f2db-ca02-4521-a7c3-2d6ca74be24d
2026-07-17 04:50:35.322 8 INFO neutron_taas.services.taas.tap_mirror_plugin [None req-fb76418c-c1de-47ba-879f-c33b5e0865c6 7429bbffe4e946ad95104b685a44727c dc858f6b102d479ab1704aeda25ed970 - - default default] Tap Mirror: Handle Delete Port: 0803f2db-ca02-4521-a7c3-2d6ca74be24d [pid: 8|app: 0|req: 442/893] 10.0.0.208 () {32 vars in 724 bytes} [Fri Jul 17 04:50:35 2026] DELETE /v2.0/routers/62060d1a-ba71-44e2-a1e1-3677b2b645e1 => generated 0 bytes in 727 msecs (HTTP/1.1 204) 2 headers in 112 bytes (1 switches on core 0) [pid: 7|app: 0|req: 452/894] 10.0.0.208 () {32 vars in 724 bytes} [Fri Jul 17 04:50:35 2026] DELETE /v2.0/subnets/12d9e2ac-b33a-4089-970e-308a80b824c6 => generated 0 bytes in 164 msecs (HTTP/1.1 204) 3 headers in 131 bytes (1 switches on core 0)
2026-07-17 04:50:36.017 8 INFO neutron_taas.services.taas.taas_plugin [None req-4ffe98ff-9612-4f53-bfde-194753327a78 7429bbffe4e946ad95104b685a44727c dc858f6b102d479ab1704aeda25ed970 - - default default] TaaS: Handle Delete Port: 19c26663-10a4-40cd-9806-68c4a3cacbab
2026-07-17 04:50:36.020 8 INFO neutron_taas.services.taas.tap_mirror_plugin [None req-4ffe98ff-9612-4f53-bfde-194753327a78 7429bbffe4e946ad95104b685a44727c dc858f6b102d479ab1704aeda25ed970 - - default default] Tap Mirror: Handle Delete Port: 19c26663-10a4-40cd-9806-68c4a3cacbab
2026-07-17 04:50:36.176 8 INFO neutron.services.segments.plugin [-] Segment 638161ac-f921-441d-9aab-4910043f35cf resource provider aggregate not found
2026-07-17 04:50:36.186 8 INFO neutron.services.segments.plugin [-] Segment 638161ac-f921-441d-9aab-4910043f35cf resource provider aggregate not found
2026-07-17 04:50:36.195 8 INFO neutron.services.segments.plugin [-] Segment 638161ac-f921-441d-9aab-4910043f35cf resource provider not found; error: Placement Client Error (4xx): {"errors": [{"status": 404, "title": "Not Found", "detail": "The resource could not be found.\n\n No resource provider with uuid 638161ac-f921-441d-9aab-4910043f35cf found for delete ", "request_id": "req-8b2efed8-a2ec-4995-b687-fb70240a0920"}]}
2026-07-17 04:50:36.199 8 INFO neutron.services.segments.plugin [-] Segment 638161ac-f921-441d-9aab-4910043f35cf resource provider not found; error: Placement Client Error (4xx): {"errors": [{"status": 404, "title": "Not Found", "detail": "The resource could not be found.\n\n No resource provider with uuid 638161ac-f921-441d-9aab-4910043f35cf found for delete ", "request_id": "req-dbe67c55-7df2-45e3-8ee5-59161712d39f"}]} [pid: 8|app: 0|req: 443/895] 10.0.0.208 () {32 vars in 726 bytes} [Fri Jul 17 04:50:35 2026] DELETE /v2.0/networks/b50f3a6d-7b96-4153-ad7c-7c64eca75622 => generated 0 bytes in 304 msecs (HTTP/1.1 204) 3 headers in 131 bytes (1 switches on core 0) [pid: 7|app: 0|req: 453/896] 10.0.0.1 () {34 vars in 988 bytes} [Fri Jul 17 04:50:36 2026] GET /v2.0/ports?device_id=39da8a2f-7f6a-44f2-989d-438891715883 => generated 969 bytes in 85 msecs (HTTP/1.1 200) 4 headers in 157 bytes (1 switches on core 0) [pid: 7|app: 0|req: 454/897] 10.0.0.1 () {34 vars in 1038 bytes} [Fri Jul 17 04:50:36 2026] GET /v2.0/security-groups?id=311c445c-41de-4d25-80b3-ed1497352514&fields=id&fields=name => generated 114 bytes in 30 msecs (HTTP/1.1 200) 4 headers in 157 bytes (1 switches on core 0) [pid: 7|app: 0|req: 455/898] 10.0.0.208 () {32 vars in 774 bytes} [Fri Jul 17 04:50:36 2026] GET /v2.0/security-groups?tenant_id=8f4bb1c4ca36430ba8d9b368846523e0&name=default => generated 2921 bytes in 24 msecs (HTTP/1.1 200) 4 headers in 158 bytes (1 switches on core 0) [pid: 7|app: 0|req: 456/899] 10.0.0.208 () {32 vars in 740 bytes} [Fri Jul 17 04:50:36 2026] DELETE /v2.0/security-groups/f6d3aac9-c063-4c29-bede-4e47f857f5cb => generated 0 bytes in 230 msecs (HTTP/1.1 204) 2 headers in 112 bytes (1 switches on core 0) [pid: 8|app: 0|req: 444/900] 10.0.0.189 () {34 vars in 990 bytes} [Fri Jul 17 04:50:36 2026] GET /v2.0/ports?device_id=ed0d03a8-be66-45db-ac48-86c8e95a0e0a => generated 1213 bytes in 421 msecs (HTTP/1.1 200) 4 headers in 158 bytes (1 switches on core 0) [pid: 7|app: 0|req: 457/901] 10.0.0.189 () {34 vars in 1040 bytes} [Fri Jul 17 04:50:36 2026] GET /v2.0/security-groups?id=8822ca28-f54d-4cf1-ba6b-307c7846407b&fields=id&fields=name => generated 114 bytes in 36 msecs (HTTP/1.1 200) 4 headers in 157 bytes (1 switches on core 0)
2026-07-17 04:50:37.058 8 INFO neutron.db.ovn_revision_numbers_db [None req-b921d308-e67a-4ded-aaa6-b6435d44b5c6 bd76106a9bb74af5b8f10b074cd31140 abfa5f1b49004c2fbdf8c9fb51deb347 - - default default] Successfully bumped revision number for resource f973db06-2bf8-40c3-bd98-bbb14c038c99 (type: security_groups) to 1
2026-07-17 04:50:37.074 8 INFO neutron.db.ovn_revision_numbers_db [None req-b921d308-e67a-4ded-aaa6-b6435d44b5c6 bd76106a9bb74af5b8f10b074cd31140 abfa5f1b49004c2fbdf8c9fb51deb347 - - default default] Successfully bumped revision number for resource 0f0f7aeb-7c4b-450b-b68d-ec87265b8cef (type: security_group_rules) to 0
2026-07-17 04:50:37.093 8 INFO neutron.db.ovn_revision_numbers_db [None req-b921d308-e67a-4ded-aaa6-b6435d44b5c6 bd76106a9bb74af5b8f10b074cd31140 abfa5f1b49004c2fbdf8c9fb51deb347 - - default default] Successfully bumped revision number for resource 4e32e2d1-5afa-41f4-bca3-06640a581e3c (type: security_group_rules) to 0
2026-07-17 04:50:37.105 8 INFO neutron.db.ovn_revision_numbers_db [None req-b921d308-e67a-4ded-aaa6-b6435d44b5c6 bd76106a9bb74af5b8f10b074cd31140 abfa5f1b49004c2fbdf8c9fb51deb347 - - default default] Successfully bumped revision number for resource 86c9a55f-0010-4f87-845e-24a6246d253e (type: security_group_rules) to 0
2026-07-17 04:50:37.119 8 INFO neutron.db.ovn_revision_numbers_db [None req-b921d308-e67a-4ded-aaa6-b6435d44b5c6 bd76106a9bb74af5b8f10b074cd31140 abfa5f1b49004c2fbdf8c9fb51deb347 - - default default] Successfully bumped revision number for resource d20378f9-4d49-4dc5-8f98-fdd27d7d0e4c (type: security_group_rules) to 0
2026-07-17 04:50:37.197 8 INFO neutron.db.segments_db [None req-b921d308-e67a-4ded-aaa6-b6435d44b5c6 bd76106a9bb74af5b8f10b074cd31140 abfa5f1b49004c2fbdf8c9fb51deb347 - - default default] Added segment e69caa66-eea8-4fba-849c-f74118e197e7 of type geneve for network 70aba555-4b99-488f-8caf-e19c9457c410
2026-07-17 04:50:37.305 8 INFO neutron.db.ovn_revision_numbers_db [None req-b921d308-e67a-4ded-aaa6-b6435d44b5c6 bd76106a9bb74af5b8f10b074cd31140 abfa5f1b49004c2fbdf8c9fb51deb347 - - default default] Successfully bumped revision number for resource 70aba555-4b99-488f-8caf-e19c9457c410 (type: networks) to 1
2026-07-17 04:50:37.418 7 INFO neutron.plugins.ml2.drivers.ovn.mech_driver.mech_driver [None req-8393ad87-f98d-4fda-b172-7b6484d30dc2 - - - - - -] OVN reports status up for port: e5bf2db3-2954-4d73-817c-c0894971a4ba
2026-07-17 04:50:37.460 7 INFO neutron.plugins.ml2.plugin [None req-8393ad87-f98d-4fda-b172-7b6484d30dc2 - - - - - -] Attempt 1 to provision port e5bf2db3-2954-4d73-817c-c0894971a4ba [pid: 7|app: 0|req: 458/902] 10.0.0.1 () {34 vars in 988 bytes} [Fri Jul 17 04:50:37 2026] GET /v2.0/ports?device_id=39da8a2f-7f6a-44f2-989d-438891715883 => generated 969 bytes in 84 msecs (HTTP/1.1 200) 4 headers in 157 bytes (1 switches on core 0)
2026-07-17 04:50:37.545 8 WARNING neutron.scheduler.dhcp_agent_scheduler [None req-b921d308-e67a-4ded-aaa6-b6435d44b5c6 bd76106a9bb74af5b8f10b074cd31140 abfa5f1b49004c2fbdf8c9fb51deb347 - - default default] No more DHCP agents
2026-07-17 04:50:37.546 8 WARNING neutron.api.rpc.agentnotifiers.dhcp_rpc_agent_api [None req-b921d308-e67a-4ded-aaa6-b6435d44b5c6 bd76106a9bb74af5b8f10b074cd31140 abfa5f1b49004c2fbdf8c9fb51deb347 - - default default] Unable to schedule network 70aba555-4b99-488f-8caf-e19c9457c410: no agents available; will retry on subsequent port and subnet creation events. [pid: 7|app: 0|req: 459/903] 10.0.0.1 () {34 vars in 1038 bytes} [Fri Jul 17 04:50:37 2026] GET /v2.0/security-groups?id=311c445c-41de-4d25-80b3-ed1497352514&fields=id&fields=name => generated 114 bytes in 62 msecs (HTTP/1.1 200) 4 headers in 157 bytes (1 switches on core 0)
2026-07-17 04:50:37.598 8 INFO neutron.plugins.ml2.drivers.ovn.mech_driver.mech_driver [None req-e7a11d54-2b6e-4844-a5f7-2792cf659f1a - - - - - -] OVN reports status down for port: c686130c-07b5-41c6-94bf-9514dd39b76a
2026-07-17 04:50:37.633 7 INFO neutron.notifiers.nova [-] Nova event matching ['req-273c88a4-df22-4d51-9d01-7e590ddbf01b'] response: {'server_uuid': '39da8a2f-7f6a-44f2-989d-438891715883', 'name': 'network-vif-plugged', 'status': 'completed', 'tag': 'e5bf2db3-2954-4d73-817c-c0894971a4ba', 'code': 200}
2026-07-17 04:50:37.657 8 INFO neutron.db.ovn_revision_numbers_db [None req-b921d308-e67a-4ded-aaa6-b6435d44b5c6 bd76106a9bb74af5b8f10b074cd31140 abfa5f1b49004c2fbdf8c9fb51deb347 - - default default] Successfully bumped revision number for resource c686130c-07b5-41c6-94bf-9514dd39b76a (type: ports) to 1 [pid: 8|app: 0|req: 445/904] 10.0.0.208 () {34 vars in 670 bytes} [Fri Jul 17 04:50:36 2026] POST /v2.0/networks => generated 668 bytes in 863 msecs (HTTP/1.1 201) 4 headers in 162 bytes (1 switches on core 0)
2026-07-17 04:50:37.783 7 INFO neutron.db.ovn_revision_numbers_db [None req-8393ad87-f98d-4fda-b172-7b6484d30dc2 - - - - - -] Successfully bumped revision number for resource e5bf2db3-2954-4d73-817c-c0894971a4ba (type: ports) to 5
2026-07-17 04:50:38.036 7 WARNING neutron.scheduler.dhcp_agent_scheduler [None req-6013645b-5057-4364-8222-66c026148642 bd76106a9bb74af5b8f10b074cd31140 abfa5f1b49004c2fbdf8c9fb51deb347 - - default default] No more DHCP agents
2026-07-17 04:50:38.037 7 WARNING neutron.api.rpc.agentnotifiers.dhcp_rpc_agent_api [None req-6013645b-5057-4364-8222-66c026148642 bd76106a9bb74af5b8f10b074cd31140 abfa5f1b49004c2fbdf8c9fb51deb347 - - default default] Unable to schedule network 70aba555-4b99-488f-8caf-e19c9457c410: no agents available; will retry on subsequent port and subnet creation events.
2026-07-17 04:50:38.080 7 INFO neutron.plugins.ml2.drivers.ovn.mech_driver.mech_driver [None req-29ae712d-cb57-4126-9a27-96b5bd5693dc - - - - - -] OVN reports status down for port: 8dfd9be1-88a7-42ae-a5d9-3abaa22f8896
2026-07-17 04:50:38.139 7 INFO neutron.db.ovn_revision_numbers_db [None req-6013645b-5057-4364-8222-66c026148642 bd76106a9bb74af5b8f10b074cd31140 abfa5f1b49004c2fbdf8c9fb51deb347 - - default default] Successfully bumped revision number for resource 8dfd9be1-88a7-42ae-a5d9-3abaa22f8896 (type: ports) to 1 [pid: 7|app: 0|req: 460/905] 10.0.0.208 () {34 vars in 665 bytes} [Fri Jul 17 04:50:37 2026] POST /v2.0/ports => generated 779 bytes in 519 msecs (HTTP/1.1 201) 4 headers in 162 bytes (1 switches on core 0)
2026-07-17 04:50:38.356 8 INFO neutron.db.segments_db [None req-c4dd803d-45f0-4bf8-a633-419ba0a01db4 bd76106a9bb74af5b8f10b074cd31140 abfa5f1b49004c2fbdf8c9fb51deb347 - - default default] Added segment 6199a3cf-7795-405b-9f64-7beca8b924e8 of type geneve for network 4c1b8788-2e15-44ce-a69e-01cf9a36e4cc
2026-07-17 04:50:38.461 8 INFO neutron.db.ovn_revision_numbers_db [None req-c4dd803d-45f0-4bf8-a633-419ba0a01db4 bd76106a9bb74af5b8f10b074cd31140 abfa5f1b49004c2fbdf8c9fb51deb347 - - default default] Successfully bumped revision number for resource 4c1b8788-2e15-44ce-a69e-01cf9a36e4cc (type: networks) to 1 /var/lib/openstack/lib/python3.12/site-packages/pycadf/identifier.py:70: UserWarning: Invalid uuid: neutron. To ensure interoperability, identifiers should be a valid uuid. warnings.warn(('Invalid uuid: %s. To ensure interoperability, '
2026-07-17 04:50:38.671 8 WARNING neutron.scheduler.dhcp_agent_scheduler [None req-c4dd803d-45f0-4bf8-a633-419ba0a01db4 bd76106a9bb74af5b8f10b074cd31140 abfa5f1b49004c2fbdf8c9fb51deb347 - - default default] No more DHCP agents
2026-07-17 04:50:38.673 8 WARNING neutron.api.rpc.agentnotifiers.dhcp_rpc_agent_api [None req-c4dd803d-45f0-4bf8-a633-419ba0a01db4 bd76106a9bb74af5b8f10b074cd31140 abfa5f1b49004c2fbdf8c9fb51deb347 - - default default] Unable to schedule network 4c1b8788-2e15-44ce-a69e-01cf9a36e4cc: no agents available; will retry on subsequent port and subnet creation events.
2026-07-17 04:50:38.717 7 INFO neutron.plugins.ml2.drivers.ovn.mech_driver.mech_driver [None req-29ae712d-cb57-4126-9a27-96b5bd5693dc - - - - - -] OVN reports status down for port: 77ead793-732a-4bd3-a120-9c12a05712a2
2026-07-17 04:50:38.740 8 INFO neutron.db.ovn_revision_numbers_db [None req-c4dd803d-45f0-4bf8-a633-419ba0a01db4 bd76106a9bb74af5b8f10b074cd31140 abfa5f1b49004c2fbdf8c9fb51deb347 - - default default] Successfully bumped revision number for resource 77ead793-732a-4bd3-a120-9c12a05712a2 (type: ports) to 1 [pid: 8|app: 0|req: 446/906] 10.0.0.208 () {34 vars in 670 bytes} [Fri Jul 17 04:50:38 2026] POST /v2.0/networks => generated 654 bytes in 537 msecs (HTTP/1.1 201) 4 headers in 162 bytes (1 switches on core 0)
2026-07-17 04:50:38.800 7 INFO neutron.db.ovn_revision_numbers_db [None req-787273d1-ef52-402a-86e1-f92fe774339f 7429bbffe4e946ad95104b685a44727c dc858f6b102d479ab1704aeda25ed970 - - default default] Successfully bumped revision number for resource 97f6b089-f157-4bc9-a4b0-41cc2713d7e8 (type: security_groups) to 1 [pid: 8|app: 0|req: 447/907] 10.0.0.1 () {34 vars in 988 bytes} [Fri Jul 17 04:50:38 2026] GET /v2.0/ports?device_id=39da8a2f-7f6a-44f2-989d-438891715883 => generated 971 bytes in 39 msecs (HTTP/1.1 200) 4 headers in 157 bytes (1 switches on core 0)
2026-07-17 04:50:38.818 7 INFO neutron.db.ovn_revision_numbers_db [None req-787273d1-ef52-402a-86e1-f92fe774339f 7429bbffe4e946ad95104b685a44727c dc858f6b102d479ab1704aeda25ed970 - - default default] Successfully bumped revision number for resource 385e0c89-63d9-48ff-be1a-f61aee8e0b69 (type: security_group_rules) to 0
2026-07-17 04:50:38.833 7 INFO neutron.db.ovn_revision_numbers_db [None req-787273d1-ef52-402a-86e1-f92fe774339f 7429bbffe4e946ad95104b685a44727c dc858f6b102d479ab1704aeda25ed970 - - default default] Successfully bumped revision number for resource 3cecd873-5054-45a4-a536-b5b6d7cdf111 (type: security_group_rules) to 0
2026-07-17 04:50:38.847 7 INFO neutron.db.ovn_revision_numbers_db [None req-787273d1-ef52-402a-86e1-f92fe774339f 7429bbffe4e946ad95104b685a44727c dc858f6b102d479ab1704aeda25ed970 - - default default] Successfully bumped revision number for resource 5fe6533b-330a-4012-8b07-674b68897da1 (type: security_group_rules) to 0
2026-07-17 04:50:38.859 7 INFO neutron.db.ovn_revision_numbers_db [None req-787273d1-ef52-402a-86e1-f92fe774339f 7429bbffe4e946ad95104b685a44727c dc858f6b102d479ab1704aeda25ed970 - - default default] Successfully bumped revision number for resource fcaae841-21de-4981-9820-c2450d6f173f (type: security_group_rules) to 0
2026-07-17 04:50:38.939 7 INFO neutron.db.segments_db [None req-787273d1-ef52-402a-86e1-f92fe774339f 7429bbffe4e946ad95104b685a44727c dc858f6b102d479ab1704aeda25ed970 - - default default] Added segment c753ac30-711c-4bc4-b340-898daced89b9 of type geneve for network f6d26152-df55-4fb8-800a-7b7dc38bbcab
2026-07-17 04:50:39.010 8 WARNING neutron.scheduler.dhcp_agent_scheduler [None req-745311b3-e841-4df3-9980-a8fac8702fc0 bd76106a9bb74af5b8f10b074cd31140 abfa5f1b49004c2fbdf8c9fb51deb347 - - default default] No more DHCP agents
2026-07-17 04:50:39.015 8 WARNING neutron.api.rpc.agentnotifiers.dhcp_rpc_agent_api [None req-745311b3-e841-4df3-9980-a8fac8702fc0 bd76106a9bb74af5b8f10b074cd31140 abfa5f1b49004c2fbdf8c9fb51deb347 - - default default] Unable to schedule network 4c1b8788-2e15-44ce-a69e-01cf9a36e4cc: no agents available; will retry on subsequent port and subnet creation events.
2026-07-17 04:50:39.033 7 INFO neutron.db.ovn_revision_numbers_db [None req-787273d1-ef52-402a-86e1-f92fe774339f 7429bbffe4e946ad95104b685a44727c dc858f6b102d479ab1704aeda25ed970 - - default default] Successfully bumped revision number for resource f6d26152-df55-4fb8-800a-7b7dc38bbcab (type: networks) to 1
2026-07-17 04:50:39.042 8 INFO neutron.db.ovn_revision_numbers_db [None req-745311b3-e841-4df3-9980-a8fac8702fc0 bd76106a9bb74af5b8f10b074cd31140 abfa5f1b49004c2fbdf8c9fb51deb347 - - default default] Successfully bumped revision number for resource 140dffe4-cbf7-4f00-8213-fc0ece2f49aa (type: subnets) to 0 [pid: 8|app: 0|req: 448/908] 10.0.0.208 () {34 vars in 669 bytes} [Fri Jul 17 04:50:38 2026] POST /v2.0/subnets => generated 646 bytes in 251 msecs (HTTP/1.1 201) 4 headers in 162 bytes (1 switches on core 0) [pid: 8|app: 0|req: 449/909] 10.0.0.1 () {34 vars in 1038 bytes} [Fri Jul 17 04:50:39 2026] GET /v2.0/security-groups?id=311c445c-41de-4d25-80b3-ed1497352514&fields=id&fields=name => generated 114 bytes in 28 msecs (HTTP/1.1 200) 4 headers in 157 bytes (1 switches on core 0)
2026-07-17 04:50:39.171 7 WARNING neutron.scheduler.dhcp_agent_scheduler [None req-787273d1-ef52-402a-86e1-f92fe774339f 7429bbffe4e946ad95104b685a44727c dc858f6b102d479ab1704aeda25ed970 - - default default] No more DHCP agents
2026-07-17 04:50:39.172 7 WARNING neutron.api.rpc.agentnotifiers.dhcp_rpc_agent_api [None req-787273d1-ef52-402a-86e1-f92fe774339f 7429bbffe4e946ad95104b685a44727c dc858f6b102d479ab1704aeda25ed970 - - default default] Unable to schedule network f6d26152-df55-4fb8-800a-7b7dc38bbcab: no agents available; will retry on subsequent port and subnet creation events.
2026-07-17 04:50:39.217 7 INFO neutron.plugins.ml2.drivers.ovn.mech_driver.mech_driver [None req-29ae712d-cb57-4126-9a27-96b5bd5693dc - - - - - -] OVN reports status down for port: 47254a98-9af7-41a8-9927-e073650f5f28
2026-07-17 04:50:39.269 7 INFO neutron.db.ovn_revision_numbers_db [None req-787273d1-ef52-402a-86e1-f92fe774339f 7429bbffe4e946ad95104b685a44727c dc858f6b102d479ab1704aeda25ed970 - - default default] Successfully bumped revision number for resource 47254a98-9af7-41a8-9927-e073650f5f28 (type: ports) to 1 [pid: 7|app: 0|req: 461/910] 10.0.0.208 () {34 vars in 671 bytes} [Fri Jul 17 04:50:38 2026] POST /v2.0/networks => generated 766 bytes in 887 msecs (HTTP/1.1 201) 4 headers in 162 bytes (1 switches on core 0)
2026-07-17 04:50:39.362 8 WARNING neutron.scheduler.dhcp_agent_scheduler [None req-cc3f7501-ec79-41b5-957a-2822ac34a8ca bd76106a9bb74af5b8f10b074cd31140 abfa5f1b49004c2fbdf8c9fb51deb347 - - default default] No more DHCP agents
2026-07-17 04:50:39.363 8 WARNING neutron.api.rpc.agentnotifiers.dhcp_rpc_agent_api [None req-cc3f7501-ec79-41b5-957a-2822ac34a8ca bd76106a9bb74af5b8f10b074cd31140 abfa5f1b49004c2fbdf8c9fb51deb347 - - default default] Unable to schedule network 4c1b8788-2e15-44ce-a69e-01cf9a36e4cc: no agents available; will retry on subsequent port and subnet creation events.
2026-07-17 04:50:39.422 8 INFO neutron.plugins.ml2.drivers.ovn.mech_driver.mech_driver [None req-e7a11d54-2b6e-4844-a5f7-2792cf659f1a - - - - - -] OVN reports status down for port: 63047a79-5e8b-42e0-ace6-d211c82f5125
2026-07-17 04:50:39.482 7 WARNING neutron.scheduler.dhcp_agent_scheduler [None req-1b8ceb68-59f9-4a77-af27-5e9e080969f8 7429bbffe4e946ad95104b685a44727c dc858f6b102d479ab1704aeda25ed970 - - default default] No more DHCP agents
2026-07-17 04:50:39.484 7 WARNING neutron.api.rpc.agentnotifiers.dhcp_rpc_agent_api [None req-1b8ceb68-59f9-4a77-af27-5e9e080969f8 7429bbffe4e946ad95104b685a44727c dc858f6b102d479ab1704aeda25ed970 - - default default] Unable to schedule network f6d26152-df55-4fb8-800a-7b7dc38bbcab: no agents available; will retry on subsequent port and subnet creation events.
2026-07-17 04:50:39.495 8 INFO neutron.db.ovn_revision_numbers_db [None req-cc3f7501-ec79-41b5-957a-2822ac34a8ca bd76106a9bb74af5b8f10b074cd31140 abfa5f1b49004c2fbdf8c9fb51deb347 - - default default] Successfully bumped revision number for resource 63047a79-5e8b-42e0-ace6-d211c82f5125 (type: ports) to 1 [pid: 8|app: 0|req: 450/911] 10.0.0.208 () {34 vars in 665 bytes} [Fri Jul 17 04:50:39 2026] POST /v2.0/ports => generated 962 bytes in 470 msecs (HTTP/1.1 201) 4 headers in 162 bytes (1 switches on core 0) /var/lib/openstack/lib/python3.12/site-packages/pycadf/identifier.py:70: UserWarning: Invalid uuid: neutron. To ensure interoperability, identifiers should be a valid uuid. warnings.warn(('Invalid uuid: %s. To ensure interoperability, '
2026-07-17 04:50:39.690 7 INFO neutron.notifiers.nova [-] Nova event matching ['req-4edc8fb7-f3d0-447c-aa73-8cabb7c533d9'] response: {'server_uuid': '39da8a2f-7f6a-44f2-989d-438891715883', 'name': 'network-vif-plugged', 'status': 'completed', 'tag': 'e5bf2db3-2954-4d73-817c-c0894971a4ba', 'code': 200}
2026-07-17 04:50:39.737 8 INFO neutron_taas.services.taas.taas_plugin [None req-2246e2a3-68a0-4915-8488-763de10edc09 bd76106a9bb74af5b8f10b074cd31140 abfa5f1b49004c2fbdf8c9fb51deb347 - - default default] TaaS: Handle Delete Port: 63047a79-5e8b-42e0-ace6-d211c82f5125
2026-07-17 04:50:39.743 8 INFO neutron_taas.services.taas.tap_mirror_plugin [None req-2246e2a3-68a0-4915-8488-763de10edc09 bd76106a9bb74af5b8f10b074cd31140 abfa5f1b49004c2fbdf8c9fb51deb347 - - default default] Tap Mirror: Handle Delete Port: 63047a79-5e8b-42e0-ace6-d211c82f5125 [pid: 8|app: 0|req: 451/912] 10.0.0.208 () {32 vars in 720 bytes} [Fri Jul 17 04:50:39 2026] DELETE /v2.0/ports/63047a79-5e8b-42e0-ace6-d211c82f5125 => generated 0 bytes in 310 msecs (HTTP/1.1 204) 3 headers in 131 bytes (1 switches on core 0)
2026-07-17 04:50:39.892 8 INFO neutron.pecan_wsgi.hooks.translation [None req-e30ea582-1915-4f37-b06b-76d1ff6361ac bd76106a9bb74af5b8f10b074cd31140 abfa5f1b49004c2fbdf8c9fb51deb347 - - default default] DELETE failed (client error): The resource could not be found. [pid: 8|app: 0|req: 452/913] 10.0.0.208 () {32 vars in 720 bytes} [Fri Jul 17 04:50:39 2026] DELETE /v2.0/ports/63047a79-5e8b-42e0-ace6-d211c82f5125 => generated 132 bytes in 17 msecs (HTTP/1.1 404) 4 headers in 164 bytes (1 switches on core 0)
2026-07-17 04:50:39.909 8 INFO neutron.pecan_wsgi.hooks.translation [None req-799a71c3-00e3-44f8-ae24-bc48b7013048 bd76106a9bb74af5b8f10b074cd31140 abfa5f1b49004c2fbdf8c9fb51deb347 - - default default] GET failed (client error): The resource could not be found. [pid: 8|app: 0|req: 453/914] 10.0.0.208 () {32 vars in 717 bytes} [Fri Jul 17 04:50:39 2026] GET /v2.0/ports/63047a79-5e8b-42e0-ace6-d211c82f5125 => generated 132 bytes in 13 msecs (HTTP/1.1 404) 4 headers in 164 bytes (1 switches on core 0)
2026-07-17 04:50:39.998 7 INFO neutron.db.ovn_revision_numbers_db [None req-9e6d8328-67d6-4f46-99e3-aa7468a4512f - - - - - -] Successfully bumped revision number for resource 47254a98-9af7-41a8-9927-e073650f5f28 (type: ports) to 2
2026-07-17 04:50:40.036 7 INFO neutron.db.ovn_revision_numbers_db [None req-9e6d8328-67d6-4f46-99e3-aa7468a4512f - - - - - -] Successfully bumped revision number for resource 6e8415b8-ce8a-41dd-8908-c038f92c5f94 (type: subnets) to 0 [pid: 7|app: 0|req: 462/915] 10.0.0.208 () {34 vars in 669 bytes} [Fri Jul 17 04:50:39 2026] POST /v2.0/subnets => generated 691 bytes in 739 msecs (HTTP/1.1 201) 4 headers in 162 bytes (1 switches on core 0) [pid: 8|app: 0|req: 454/916] 10.0.0.208 () {32 vars in 724 bytes} [Fri Jul 17 04:50:39 2026] DELETE /v2.0/subnets/140dffe4-cbf7-4f00-8213-fc0ece2f49aa => generated 0 bytes in 141 msecs (HTTP/1.1 204) 3 headers in 131 bytes (1 switches on core 0)
2026-07-17 04:50:40.222 8 INFO neutron_taas.services.taas.taas_plugin [None req-05d7ece6-4554-4405-bcdf-a7caffaada43 bd76106a9bb74af5b8f10b074cd31140 abfa5f1b49004c2fbdf8c9fb51deb347 - - default default] TaaS: Handle Delete Port: 77ead793-732a-4bd3-a120-9c12a05712a2
2026-07-17 04:50:40.224 8 INFO neutron_taas.services.taas.tap_mirror_plugin [None req-05d7ece6-4554-4405-bcdf-a7caffaada43 bd76106a9bb74af5b8f10b074cd31140 abfa5f1b49004c2fbdf8c9fb51deb347 - - default default] Tap Mirror: Handle Delete Port: 77ead793-732a-4bd3-a120-9c12a05712a2
2026-07-17 04:50:40.440 8 INFO neutron.services.segments.plugin [-] Segment 6199a3cf-7795-405b-9f64-7beca8b924e8 resource provider aggregate not found
2026-07-17 04:50:40.449 8 INFO neutron.services.segments.plugin [-] Segment 6199a3cf-7795-405b-9f64-7beca8b924e8 resource provider aggregate not found
2026-07-17 04:50:40.466 8 INFO neutron.services.segments.plugin [-] Segment 6199a3cf-7795-405b-9f64-7beca8b924e8 resource provider not found; error: Placement Client Error (4xx): {"errors": [{"status": 404, "title": "Not Found", "detail": "The resource could not be found.\n\n No resource provider with uuid 6199a3cf-7795-405b-9f64-7beca8b924e8 found for delete ", "request_id": "req-90588177-a236-4522-8d89-ff9881855d37"}]}
2026-07-17 04:50:40.474 8 INFO neutron.services.segments.plugin [-] Segment 6199a3cf-7795-405b-9f64-7beca8b924e8 resource provider not found; error: Placement Client Error (4xx): {"errors": [{"status": 404, "title": "Not Found", "detail": "The resource could not be found.\n\n No resource provider with uuid 6199a3cf-7795-405b-9f64-7beca8b924e8 found for delete ", "request_id": "req-fe62bf61-cfe8-4d14-a09c-5a7ad4b4b30e"}]} [pid: 8|app: 0|req: 455/917] 10.0.0.208 () {32 vars in 726 bytes} [Fri Jul 17 04:50:40 2026] DELETE /v2.0/networks/4c1b8788-2e15-44ce-a69e-01cf9a36e4cc => generated 0 bytes in 450 msecs (HTTP/1.1 204) 3 headers in 131 bytes (1 switches on core 0)
2026-07-17 04:50:40.556 7 WARNING neutron.scheduler.dhcp_agent_scheduler [None req-301698fe-9278-4cc0-b1cb-1c7a07c2c582 7429bbffe4e946ad95104b685a44727c dc858f6b102d479ab1704aeda25ed970 - - default default] No more DHCP agents
2026-07-17 04:50:40.559 7 WARNING neutron.api.rpc.agentnotifiers.dhcp_rpc_agent_api [None req-301698fe-9278-4cc0-b1cb-1c7a07c2c582 7429bbffe4e946ad95104b685a44727c dc858f6b102d479ab1704aeda25ed970 - - default default] Unable to schedule network b9acc83f-c2c4-4ef6-8439-169991b42654: no agents available; will retry on subsequent port and subnet creation events. [pid: 8|app: 0|req: 456/918] 10.0.0.1 () {34 vars in 988 bytes} [Fri Jul 17 04:50:40 2026] GET /v2.0/ports?device_id=39da8a2f-7f6a-44f2-989d-438891715883 => generated 971 bytes in 84 msecs (HTTP/1.1 200) 4 headers in 157 bytes (1 switches on core 0)
2026-07-17 04:50:40.656 8 INFO neutron.plugins.ml2.drivers.ovn.mech_driver.mech_driver [None req-e7a11d54-2b6e-4844-a5f7-2792cf659f1a - - - - - -] OVN reports status down for port: 54d0069b-403b-4f25-a11b-d32725ad3911
2026-07-17 04:50:40.687 7 INFO neutron.db.ovn_revision_numbers_db [None req-301698fe-9278-4cc0-b1cb-1c7a07c2c582 7429bbffe4e946ad95104b685a44727c dc858f6b102d479ab1704aeda25ed970 - - default default] Successfully bumped revision number for resource 54d0069b-403b-4f25-a11b-d32725ad3911 (type: ports) to 1
2026-07-17 04:50:40.692 8 INFO neutron.db.segments_db [None req-cd988f99-cd08-4d42-9c80-0112ed056b5f bd76106a9bb74af5b8f10b074cd31140 abfa5f1b49004c2fbdf8c9fb51deb347 - - default default] Added segment e5992064-868d-4e51-a362-9ce272b7f51e of type geneve for network a1b31239-e5e5-4be0-8e29-31b8c21d58f6
2026-07-17 04:50:40.822 8 INFO neutron.db.ovn_revision_numbers_db [None req-cd988f99-cd08-4d42-9c80-0112ed056b5f bd76106a9bb74af5b8f10b074cd31140 abfa5f1b49004c2fbdf8c9fb51deb347 - - default default] Successfully bumped revision number for resource a1b31239-e5e5-4be0-8e29-31b8c21d58f6 (type: networks) to 1
2026-07-17 04:50:40.997 8 WARNING neutron.scheduler.dhcp_agent_scheduler [None req-cd988f99-cd08-4d42-9c80-0112ed056b5f bd76106a9bb74af5b8f10b074cd31140 abfa5f1b49004c2fbdf8c9fb51deb347 - - default default] No more DHCP agents
2026-07-17 04:50:40.998 8 WARNING neutron.api.rpc.agentnotifiers.dhcp_rpc_agent_api [None req-cd988f99-cd08-4d42-9c80-0112ed056b5f bd76106a9bb74af5b8f10b074cd31140 abfa5f1b49004c2fbdf8c9fb51deb347 - - default default] Unable to schedule network a1b31239-e5e5-4be0-8e29-31b8c21d58f6: no agents available; will retry on subsequent port and subnet creation events.
2026-07-17 04:50:41.036 8 INFO neutron.plugins.ml2.drivers.ovn.mech_driver.mech_driver [None req-e7a11d54-2b6e-4844-a5f7-2792cf659f1a - - - - - -] OVN reports status down for port: 0821aa22-257f-46bd-90f0-7e6ba5652537
2026-07-17 04:50:41.087 8 INFO neutron.db.ovn_revision_numbers_db [None req-cd988f99-cd08-4d42-9c80-0112ed056b5f bd76106a9bb74af5b8f10b074cd31140 abfa5f1b49004c2fbdf8c9fb51deb347 - - default default] Successfully bumped revision number for resource 0821aa22-257f-46bd-90f0-7e6ba5652537 (type: ports) to 1 [pid: 8|app: 0|req: 457/919] 10.0.0.208 () {34 vars in 670 bytes} [Fri Jul 17 04:50:40 2026] POST /v2.0/networks => generated 655 bytes in 542 msecs (HTTP/1.1 201) 4 headers in 162 bytes (1 switches on core 0) [pid: 8|app: 0|req: 458/920] 10.0.0.1 () {34 vars in 1038 bytes} [Fri Jul 17 04:50:41 2026] GET /v2.0/security-groups?id=311c445c-41de-4d25-80b3-ed1497352514&fields=id&fields=name => generated 114 bytes in 24 msecs (HTTP/1.1 200) 4 headers in 157 bytes (1 switches on core 0)
2026-07-17 04:50:41.271 7 INFO neutron.plugins.ml2.drivers.ovn.mech_driver.ovsdb.commands [None req-a82b4669-c74a-4664-bac5-8d44e8fac99b - - - - - -] Schedule LRP lrp-54d0069b-403b-4f25-a11b-d32725ad3911 on gateway eee1ccc5-105f-4790-841b-a1cdd9cc6bce with priority 1
2026-07-17 04:50:41.294 8 INFO neutron.plugins.ml2.drivers.ovn.mech_driver.mech_driver [None req-e7a11d54-2b6e-4844-a5f7-2792cf659f1a - - - - - -] OVN reports status up for port: 54d0069b-403b-4f25-a11b-d32725ad3911
2026-07-17 04:50:41.302 8 INFO neutron.plugins.ml2.drivers.ovn.mech_driver.ovsdb.ovsdb_monitor [None req-6ee20e02-dc4e-4ee9-8278-e182c5be2dbf - - - - - -] Router 438e068d-d9c0-4d14-aeef-3af097bdb823 is bound to host instance
2026-07-17 04:50:41.333 8 INFO neutron.plugins.ml2.plugin [None req-e7a11d54-2b6e-4844-a5f7-2792cf659f1a - - - - - -] Attempt 1 to provision port 54d0069b-403b-4f25-a11b-d32725ad3911
2026-07-17 04:50:41.353 7 INFO neutron.db.ovn_revision_numbers_db [None req-301698fe-9278-4cc0-b1cb-1c7a07c2c582 7429bbffe4e946ad95104b685a44727c dc858f6b102d479ab1704aeda25ed970 - - default default] Successfully bumped revision number for resource 54d0069b-403b-4f25-a11b-d32725ad3911 (type: router_ports) to 1
2026-07-17 04:50:41.413 7 INFO neutron.db.ovn_revision_numbers_db [None req-301698fe-9278-4cc0-b1cb-1c7a07c2c582 7429bbffe4e946ad95104b685a44727c dc858f6b102d479ab1704aeda25ed970 - - default default] Successfully bumped revision number for resource 438e068d-d9c0-4d14-aeef-3af097bdb823 (type: routers) to 2 [pid: 7|app: 0|req: 463/921] 10.0.0.208 () {34 vars in 669 bytes} [Fri Jul 17 04:50:40 2026] POST /v2.0/routers => generated 969 bytes in 1369 msecs (HTTP/1.1 201) 4 headers in 162 bytes (1 switches on core 0) [pid: 7|app: 0|req: 464/922] 10.0.0.1 () {34 vars in 988 bytes} [Fri Jul 17 04:50:41 2026] GET /v2.0/ports?device_id=39da8a2f-7f6a-44f2-989d-438891715883 => generated 971 bytes in 72 msecs (HTTP/1.1 200) 4 headers in 157 bytes (1 switches on core 0)
2026-07-17 04:50:41.517 8 WARNING neutron.scheduler.dhcp_agent_scheduler [None req-fdaf7ab4-63f5-4f8a-bc55-be0b75615ead bd76106a9bb74af5b8f10b074cd31140 abfa5f1b49004c2fbdf8c9fb51deb347 - - default default] No more DHCP agents
2026-07-17 04:50:41.521 8 WARNING neutron.api.rpc.agentnotifiers.dhcp_rpc_agent_api [None req-fdaf7ab4-63f5-4f8a-bc55-be0b75615ead bd76106a9bb74af5b8f10b074cd31140 abfa5f1b49004c2fbdf8c9fb51deb347 - - default default] Unable to schedule network a1b31239-e5e5-4be0-8e29-31b8c21d58f6: no agents available; will retry on subsequent port and subnet creation events.
2026-07-17 04:50:41.603 8 INFO neutron.db.ovn_revision_numbers_db [None req-fdaf7ab4-63f5-4f8a-bc55-be0b75615ead bd76106a9bb74af5b8f10b074cd31140 abfa5f1b49004c2fbdf8c9fb51deb347 - - default default] Successfully bumped revision number for resource 26c183c6-dbff-46a0-aedd-13e488f64e72 (type: subnets) to 0 [pid: 8|app: 0|req: 459/923] 10.0.0.208 () {34 vars in 669 bytes} [Fri Jul 17 04:50:41 2026] POST /v2.0/subnets => generated 646 bytes in 473 msecs (HTTP/1.1 201) 4 headers in 162 bytes (1 switches on core 0) [pid: 8|app: 0|req: 460/924] 10.0.0.1 () {34 vars in 988 bytes} [Fri Jul 17 04:50:41 2026] GET /v2.0/ports?device_id=ed0d03a8-be66-45db-ac48-86c8e95a0e0a => generated 975 bytes in 160 msecs (HTTP/1.1 200) 4 headers in 157 bytes (1 switches on core 0)
2026-07-17 04:50:41.929 7 WARNING neutron.scheduler.dhcp_agent_scheduler [None req-761db0f1-c42e-4876-b150-131a63ea6dcd 7429bbffe4e946ad95104b685a44727c dc858f6b102d479ab1704aeda25ed970 - - default default] No more DHCP agents
2026-07-17 04:50:41.931 7 WARNING neutron.api.rpc.agentnotifiers.dhcp_rpc_agent_api [None req-761db0f1-c42e-4876-b150-131a63ea6dcd 7429bbffe4e946ad95104b685a44727c dc858f6b102d479ab1704aeda25ed970 - - default default] Unable to schedule network f6d26152-df55-4fb8-800a-7b7dc38bbcab: no agents available; will retry on subsequent port and subnet creation events.
2026-07-17 04:50:42.024 7 INFO neutron.plugins.ml2.drivers.ovn.mech_driver.mech_driver [None req-29ae712d-cb57-4126-9a27-96b5bd5693dc - - - - - -] OVN reports status down for port: 2ea3dcad-a254-4610-a181-6cc12901014b
2026-07-17 04:50:42.080 7 INFO neutron.db.ovn_revision_numbers_db [None req-761db0f1-c42e-4876-b150-131a63ea6dcd 7429bbffe4e946ad95104b685a44727c dc858f6b102d479ab1704aeda25ed970 - - default default] Successfully bumped revision number for resource 2ea3dcad-a254-4610-a181-6cc12901014b (type: ports) to 1
2026-07-17 04:50:42.707 7 INFO neutron.plugins.ml2.drivers.ovn.mech_driver.mech_driver [None req-29ae712d-cb57-4126-9a27-96b5bd5693dc - - - - - -] OVN reports status up for port: 2ea3dcad-a254-4610-a181-6cc12901014b
2026-07-17 04:50:42.732 7 INFO neutron.plugins.ml2.plugin [None req-29ae712d-cb57-4126-9a27-96b5bd5693dc - - - - - -] Attempt 1 to provision port 2ea3dcad-a254-4610-a181-6cc12901014b
2026-07-17 04:50:42.767 8 INFO neutron.db.ovn_revision_numbers_db [None req-2bead720-a038-4203-b926-ce3a189625d2 83d2d123bc7c413cbb57fc2d02210798 c82fc21fff62438694dba35d7d0969f0 - - default default] Successfully bumped revision number for resource 2f31f85d-aec9-4abf-b076-5243a8e5eeca (type: floatingips) to 1
2026-07-17 04:50:42.830 7 WARNING neutron.scheduler.dhcp_agent_scheduler [None req-761db0f1-c42e-4876-b150-131a63ea6dcd 7429bbffe4e946ad95104b685a44727c dc858f6b102d479ab1704aeda25ed970 - - default default] No more DHCP agents
2026-07-17 04:50:42.832 7 WARNING neutron.api.rpc.agentnotifiers.dhcp_rpc_agent_api [None req-761db0f1-c42e-4876-b150-131a63ea6dcd 7429bbffe4e946ad95104b685a44727c dc858f6b102d479ab1704aeda25ed970 - - default default] Unable to schedule network f6d26152-df55-4fb8-800a-7b7dc38bbcab: no agents available; will retry on subsequent port and subnet creation events.
2026-07-17 04:50:42.972 8 INFO neutron.db.ovn_revision_numbers_db [None req-2bead720-a038-4203-b926-ce3a189625d2 83d2d123bc7c413cbb57fc2d02210798 c82fc21fff62438694dba35d7d0969f0 - - default default] Successfully bumped revision number for resource 2f31f85d-aec9-4abf-b076-5243a8e5eeca (type: floatingips) to 2
2026-07-17 04:50:42.973 8 INFO neutron.db.l3_db [None req-2bead720-a038-4203-b926-ce3a189625d2 83d2d123bc7c413cbb57fc2d02210798 c82fc21fff62438694dba35d7d0969f0 - - default default] Floating IP 2f31f85d-aec9-4abf-b076-5243a8e5eeca associated. External IP: 10.96.250.220, port: e5bf2db3-2954-4d73-817c-c0894971a4ba. [pid: 8|app: 0|req: 461/925] 10.0.0.208 () {34 vars in 749 bytes} [Fri Jul 17 04:50:41 2026] PUT /v2.0/floatingips/2f31f85d-aec9-4abf-b076-5243a8e5eeca => generated 855 bytes in 1231 msecs (HTTP/1.1 200) 4 headers in 157 bytes (1 switches on core 0)
2026-07-17 04:50:43.150 8 INFO neutron.db.ovn_revision_numbers_db [None req-c4a21111-b07e-4f04-9730-219075b40946 - - - - - -] Successfully bumped revision number for resource 54d0069b-403b-4f25-a11b-d32725ad3911 (type: ports) to 4
2026-07-17 04:50:43.391 7 INFO neutron.db.ovn_revision_numbers_db [None req-29ae712d-cb57-4126-9a27-96b5bd5693dc - - - - - -] Successfully bumped revision number for resource 2ea3dcad-a254-4610-a181-6cc12901014b (type: ports) to 2
2026-07-17 04:50:43.567 8 WARNING neutron.scheduler.dhcp_agent_scheduler [None req-d7540b91-1a8c-4b9f-808c-d7c121e1485b bd76106a9bb74af5b8f10b074cd31140 abfa5f1b49004c2fbdf8c9fb51deb347 - - default default] No more DHCP agents
2026-07-17 04:50:43.576 8 WARNING neutron.api.rpc.agentnotifiers.dhcp_rpc_agent_api [None req-d7540b91-1a8c-4b9f-808c-d7c121e1485b bd76106a9bb74af5b8f10b074cd31140 abfa5f1b49004c2fbdf8c9fb51deb347 - - default default] Unable to schedule network a1b31239-e5e5-4be0-8e29-31b8c21d58f6: no agents available; will retry on subsequent port and subnet creation events.
2026-07-17 04:50:43.651 7 INFO neutron.db.ovn_revision_numbers_db [None req-761db0f1-c42e-4876-b150-131a63ea6dcd 7429bbffe4e946ad95104b685a44727c dc858f6b102d479ab1704aeda25ed970 - - default default] Successfully bumped revision number for resource 2ea3dcad-a254-4610-a181-6cc12901014b (type: router_ports) to 1 [pid: 7|app: 0|req: 465/926] 10.0.0.208 () {34 vars in 783 bytes} [Fri Jul 17 04:50:41 2026] PUT /v2.0/routers/438e068d-d9c0-4d14-aeef-3af097bdb823/add_router_interface => generated 309 bytes in 2155 msecs (HTTP/1.1 200) 4 headers in 157 bytes (1 switches on core 0) [pid: 7|app: 0|req: 466/927] 10.0.0.1 () {34 vars in 969 bytes} [Fri Jul 17 04:50:43 2026] GET /v2.0/ports/68945308-c473-46af-a494-baa025db265a => generated 972 bytes in 76 msecs (HTTP/1.1 200) 4 headers in 157 bytes (1 switches on core 0)
2026-07-17 04:50:43.759 8 INFO neutron.db.ovn_revision_numbers_db [None req-d7540b91-1a8c-4b9f-808c-d7c121e1485b bd76106a9bb74af5b8f10b074cd31140 abfa5f1b49004c2fbdf8c9fb51deb347 - - default default] Successfully bumped revision number for resource a3c8421b-085d-42ea-8f12-bd5fde1c8b49 (type: ports) to 1 [pid: 7|app: 0|req: 467/928] 10.0.0.1 () {34 vars in 988 bytes} [Fri Jul 17 04:50:43 2026] GET /v2.0/ports?device_id=39da8a2f-7f6a-44f2-989d-438891715883 => generated 971 bytes in 29 msecs (HTTP/1.1 200) 4 headers in 157 bytes (1 switches on core 0)
2026-07-17 04:50:43.770 8 INFO neutron.notifiers.nova [-] Nova event matching ['req-4074e4cd-8edb-40ca-875d-ea6330fe22e2'] response: {'name': 'network-changed', 'server_uuid': '39da8a2f-7f6a-44f2-989d-438891715883', 'tag': 'e5bf2db3-2954-4d73-817c-c0894971a4ba', 'status': 'completed', 'code': 200}
2026-07-17 04:50:43.787 8 INFO neutron.db.ovn_revision_numbers_db [None req-c4a21111-b07e-4f04-9730-219075b40946 - - - - - -] Successfully bumped revision number for resource 54d0069b-403b-4f25-a11b-d32725ad3911 (type: ports) to 5 [pid: 7|app: 0|req: 468/929] 10.0.0.1 () {34 vars in 1038 bytes} [Fri Jul 17 04:50:43 2026] GET /v2.0/security-groups?id=311c445c-41de-4d25-80b3-ed1497352514&fields=id&fields=name => generated 114 bytes in 26 msecs (HTTP/1.1 200) 4 headers in 157 bytes (1 switches on core 0) [pid: 8|app: 0|req: 462/930] 10.0.0.208 () {34 vars in 665 bytes} [Fri Jul 17 04:50:43 2026] POST /v2.0/ports => generated 928 bytes in 768 msecs (HTTP/1.1 201) 4 headers in 162 bytes (1 switches on core 0)
2026-07-17 04:50:43.934 7 INFO neutron_taas.services.taas.taas_plugin [None req-233b1aef-7eda-4c92-b0ba-8db248e2f47f bd76106a9bb74af5b8f10b074cd31140 abfa5f1b49004c2fbdf8c9fb51deb347 - - default default] TaaS: Handle Delete Port: a3c8421b-085d-42ea-8f12-bd5fde1c8b49
2026-07-17 04:50:43.937 7 INFO neutron_taas.services.taas.tap_mirror_plugin [None req-233b1aef-7eda-4c92-b0ba-8db248e2f47f bd76106a9bb74af5b8f10b074cd31140 abfa5f1b49004c2fbdf8c9fb51deb347 - - default default] Tap Mirror: Handle Delete Port: a3c8421b-085d-42ea-8f12-bd5fde1c8b49 [pid: 7|app: 0|req: 469/931] 10.0.0.208 () {32 vars in 720 bytes} [Fri Jul 17 04:50:43 2026] DELETE /v2.0/ports/a3c8421b-085d-42ea-8f12-bd5fde1c8b49 => generated 0 bytes in 260 msecs (HTTP/1.1 204) 3 headers in 131 bytes (1 switches on core 0) /var/lib/openstack/lib/python3.12/site-packages/pycadf/identifier.py:70: UserWarning: Invalid uuid: neutron. To ensure interoperability, identifiers should be a valid uuid. warnings.warn(('Invalid uuid: %s. To ensure interoperability, '
2026-07-17 04:50:44.083 8 INFO neutron.pecan_wsgi.hooks.translation [None req-1dbc1519-a6cb-40ba-88d2-69cbe5af4a24 bd76106a9bb74af5b8f10b074cd31140 abfa5f1b49004c2fbdf8c9fb51deb347 - - default default] GET failed (client error): The resource could not be found. [pid: 8|app: 0|req: 463/932] 10.0.0.208 () {32 vars in 717 bytes} [Fri Jul 17 04:50:44 2026] GET /v2.0/ports/a3c8421b-085d-42ea-8f12-bd5fde1c8b49 => generated 132 bytes in 18 msecs (HTTP/1.1 404) 4 headers in 164 bytes (1 switches on core 0) [pid: 8|app: 0|req: 464/933] 10.0.0.1 () {34 vars in 988 bytes} [Fri Jul 17 04:50:44 2026] GET /v2.0/ports?device_id=39da8a2f-7f6a-44f2-989d-438891715883 => generated 971 bytes in 39 msecs (HTTP/1.1 200) 4 headers in 157 bytes (1 switches on core 0) [pid: 7|app: 0|req: 470/934] 10.0.0.208 () {32 vars in 724 bytes} [Fri Jul 17 04:50:44 2026] DELETE /v2.0/subnets/26c183c6-dbff-46a0-aedd-13e488f64e72 => generated 0 bytes in 109 msecs (HTTP/1.1 204) 3 headers in 131 bytes (1 switches on core 0) [pid: 7|app: 0|req: 471/935] 10.0.0.1 () {34 vars in 1038 bytes} [Fri Jul 17 04:50:44 2026] GET /v2.0/security-groups?id=311c445c-41de-4d25-80b3-ed1497352514&fields=id&fields=name => generated 114 bytes in 25 msecs (HTTP/1.1 200) 4 headers in 157 bytes (1 switches on core 0)
2026-07-17 04:50:44.281 8 INFO neutron.db.ovn_revision_numbers_db [None req-ef26b9c1-d706-462c-ab63-c6ee71b9618a e87431da639f4ef9944c1ccbfde44b47 d6662c4d4edd48c888f3b66d0e1a37dd - - default default] Successfully bumped revision number for resource 82a69a50-784a-4bed-ae80-0c028ea9a37e (type: security_groups) to 1
2026-07-17 04:50:44.291 8 INFO neutron.db.ovn_revision_numbers_db [None req-ef26b9c1-d706-462c-ab63-c6ee71b9618a e87431da639f4ef9944c1ccbfde44b47 d6662c4d4edd48c888f3b66d0e1a37dd - - default default] Successfully bumped revision number for resource 057dde8d-9226-4678-8ba8-e1bbd73c7834 (type: security_group_rules) to 0
2026-07-17 04:50:44.302 8 INFO neutron.db.ovn_revision_numbers_db [None req-ef26b9c1-d706-462c-ab63-c6ee71b9618a e87431da639f4ef9944c1ccbfde44b47 d6662c4d4edd48c888f3b66d0e1a37dd - - default default] Successfully bumped revision number for resource 19b60394-0d8c-4b02-abc1-50993c826448 (type: security_group_rules) to 0 [pid: 8|app: 0|req: 465/936] 10.0.0.208 () {34 vars in 685 bytes} [Fri Jul 17 04:50:44 2026] POST /v2.0/security-groups => generated 1659 bytes in 155 msecs (HTTP/1.1 201) 4 headers in 163 bytes (1 switches on core 0)
2026-07-17 04:50:44.338 7 INFO neutron_taas.services.taas.taas_plugin [None req-7495b71d-0a00-46cb-b283-9b091ec3052b bd76106a9bb74af5b8f10b074cd31140 abfa5f1b49004c2fbdf8c9fb51deb347 - - default default] TaaS: Handle Delete Port: 0821aa22-257f-46bd-90f0-7e6ba5652537
2026-07-17 04:50:44.341 7 INFO neutron_taas.services.taas.tap_mirror_plugin [None req-7495b71d-0a00-46cb-b283-9b091ec3052b bd76106a9bb74af5b8f10b074cd31140 abfa5f1b49004c2fbdf8c9fb51deb347 - - default default] Tap Mirror: Handle Delete Port: 0821aa22-257f-46bd-90f0-7e6ba5652537 [pid: 8|app: 0|req: 466/937] 199.204.45.216 () {34 vars in 1080 bytes} [Fri Jul 17 04:50:44 2026] GET /v2.0/ports?tenant_id=c82fc21fff62438694dba35d7d0969f0&device_id=39da8a2f-7f6a-44f2-989d-438891715883 => generated 1209 bytes in 33 msecs (HTTP/1.1 200) 4 headers in 158 bytes (1 switches on core 0) [pid: 8|app: 0|req: 467/938] 199.204.45.216 () {34 vars in 1000 bytes} [Fri Jul 17 04:50:44 2026] GET /v2.0/subnets?network_id=5594ae1b-bf44-413b-acdc-287e2e15b253 => generated 683 bytes in 30 msecs (HTTP/1.1 200) 4 headers in 157 bytes (1 switches on core 0)
2026-07-17 04:50:44.515 7 INFO neutron.services.segments.plugin [-] Segment e5992064-868d-4e51-a362-9ce272b7f51e resource provider aggregate not found
2026-07-17 04:50:44.522 7 INFO neutron.services.segments.plugin [-] Segment e5992064-868d-4e51-a362-9ce272b7f51e resource provider aggregate not found
2026-07-17 04:50:44.544 7 INFO neutron.services.segments.plugin [-] Segment e5992064-868d-4e51-a362-9ce272b7f51e resource provider not found; error: Placement Client Error (4xx): {"errors": [{"status": 404, "title": "Not Found", "detail": "The resource could not be found.\n\n No resource provider with uuid e5992064-868d-4e51-a362-9ce272b7f51e found for delete ", "request_id": "req-ef286439-6149-434b-b41e-3258209376ff"}]}
2026-07-17 04:50:44.550 8 INFO neutron.db.ovn_revision_numbers_db [None req-6952593b-473e-4ff2-bd6a-48d0d74942ab e87431da639f4ef9944c1ccbfde44b47 d6662c4d4edd48c888f3b66d0e1a37dd - - default default] Successfully bumped revision number for resource 78f9b5ad-68e6-4ef3-bba6-7581423f8fab (type: security_group_rules) to 0
2026-07-17 04:50:44.559 7 INFO neutron.services.segments.plugin [-] Segment e5992064-868d-4e51-a362-9ce272b7f51e resource provider not found; error: Placement Client Error (4xx): {"errors": [{"status": 404, "title": "Not Found", "detail": "The resource could not be found.\n\n No resource provider with uuid e5992064-868d-4e51-a362-9ce272b7f51e found for delete ", "request_id": "req-16d00da7-87bb-4e88-813e-cf8fa863c072"}]} [pid: 7|app: 0|req: 472/941] 10.0.0.208 () {32 vars in 726 bytes} [Fri Jul 17 04:50:44 2026] DELETE /v2.0/networks/a1b31239-e5e5-4be0-8e29-31b8c21d58f6 => generated 0 bytes in 356 msecs (HTTP/1.1 204) 3 headers in 131 bytes (1 switches on core 0) [pid: 8|app: 0|req: 470/942] 10.0.0.208 () {34 vars in 695 bytes} [Fri Jul 17 04:50:44 2026] POST /v2.0/security-group-rules => generated 597 bytes in 183 msecs (HTTP/1.1 201) 4 headers in 162 bytes (1 switches on core 0) [pid: 7|app: 0|req: 473/943] 199.204.45.216 () {34 vars in 986 bytes} [Fri Jul 17 04:50:44 2026] GET /v2.0/networks?id=be30a00b-b32a-4ff4-943b-3dc5506140fb => generated 817 bytes in 39 msecs (HTTP/1.1 200) 4 headers in 157 bytes (1 switches on core 0) [pid: 8|app: 0|req: 471/944] 199.204.45.216 () {34 vars in 1146 bytes} [Fri Jul 17 04:50:44 2026] GET /v2.0/ports?device_id=ed0d03a8-be66-45db-ac48-86c8e95a0e0a&device_owner=compute%3Anova&network_id=5594ae1b-bf44-413b-acdc-287e2e15b253 => generated 975 bytes in 59 msecs (HTTP/1.1 200) 4 headers in 157 bytes (1 switches on core 0)
