2026-07-17 04:55:04.088 7 INFO neutron.db.ovn_revision_numbers_db [None req-c4069d71-032e-4f8d-801f-d0331c83db44 7497a7698c2243fb9b399f0391ea8a17 caa7475b788449ce9ccd81dca9bb2cb6 - - default default] Successfully bumped revision number for resource 405cbcd4-1905-4853-bbac-c3370fb9d95b (type: routers) to 10 [pid: 7|app: 0|req: 1402/2900] 10.0.0.208 () {32 vars in 762 bytes} [Fri Jul 17 04:55:03 2026] DELETE /v2.0/vpn/ipsec-site-connections/44e88941-5443-4281-864e-7c057c344f27 => generated 0 bytes in 594 msecs (HTTP/1.1 204) 2 headers in 112 bytes (1 switches on core 0) [pid: 8|app: 0|req: 1499/2901] 10.0.0.208 () {32 vars in 748 bytes} [Fri Jul 17 04:55:04 2026] DELETE /v2.0/vpn/endpoint-groups/7c019de4-dea3-496c-a5da-20436921ae9e => generated 0 bytes in 39 msecs (HTTP/1.1 204) 2 headers in 112 bytes (1 switches on core 0) [pid: 7|app: 0|req: 1403/2902] 10.0.0.208 () {32 vars in 748 bytes} [Fri Jul 17 04:55:04 2026] DELETE /v2.0/vpn/endpoint-groups/ceed33c5-49d6-4d99-946d-c8ff3bcb4c85 => generated 0 bytes in 41 msecs (HTTP/1.1 204) 2 headers in 112 bytes (1 switches on core 0) [pid: 8|app: 0|req: 1500/2903] 10.0.0.208 () {32 vars in 744 bytes} [Fri Jul 17 04:55:04 2026] DELETE /v2.0/vpn/ipsecpolicies/9df21284-7185-4ac9-bf98-e4a9bba22d0e => generated 0 bytes in 26 msecs (HTTP/1.1 204) 2 headers in 112 bytes (1 switches on core 0) [pid: 7|app: 0|req: 1404/2904] 10.0.0.208 () {32 vars in 740 bytes} [Fri Jul 17 04:55:04 2026] DELETE /v2.0/vpn/ikepolicies/057fd76e-39ab-4d76-b779-1601cbd68153 => generated 0 bytes in 23 msecs (HTTP/1.1 204) 2 headers in 112 bytes (1 switches on core 0) [pid: 8|app: 0|req: 1501/2905] 10.0.0.208 () {32 vars in 740 bytes} [Fri Jul 17 04:55:04 2026] DELETE /v2.0/vpn/vpnservices/87ace0f0-bf3f-4801-9a00-33f3a006ab7a => generated 0 bytes in 72 msecs (HTTP/1.1 204) 2 headers in 112 bytes (1 switches on core 0)
2026-07-17 04:55:04.606 7 INFO neutron_taas.services.taas.taas_plugin [None req-0eb1333c-f9ef-4725-a8ac-bbdf07143adf 7497a7698c2243fb9b399f0391ea8a17 caa7475b788449ce9ccd81dca9bb2cb6 - - default default] TaaS: Handle Delete Port: 85e23ef7-66a8-4269-a89b-d621884a319e
2026-07-17 04:55:04.609 7 INFO neutron_taas.services.taas.tap_mirror_plugin [None req-0eb1333c-f9ef-4725-a8ac-bbdf07143adf 7497a7698c2243fb9b399f0391ea8a17 caa7475b788449ce9ccd81dca9bb2cb6 - - default default] Tap Mirror: Handle Delete Port: 85e23ef7-66a8-4269-a89b-d621884a319e
2026-07-17 04:55:05.318 7 INFO neutron_taas.services.taas.taas_plugin [None req-b3c13ea9-a7f0-4872-863b-632e71830f33 - - - - - -] TaaS: Handle Delete Port: 0e4b75cf-36dc-441c-96af-dbe54881b3ed
2026-07-17 04:55:05.320 7 INFO neutron_taas.services.taas.tap_mirror_plugin [None req-b3c13ea9-a7f0-4872-863b-632e71830f33 - - - - - -] Tap Mirror: Handle Delete Port: 0e4b75cf-36dc-441c-96af-dbe54881b3ed
2026-07-17 04:55:05.700 7 INFO neutron_taas.services.taas.taas_plugin [None req-d8cc3c86-213e-4ce5-bf0a-74174eb71471 - - - - - -] TaaS: Handle Delete Port: 59305271-9fa0-4e0a-8117-87802bd12a58
2026-07-17 04:55:05.702 7 INFO neutron_taas.services.taas.tap_mirror_plugin [None req-d8cc3c86-213e-4ce5-bf0a-74174eb71471 - - - - - -] Tap Mirror: Handle Delete Port: 59305271-9fa0-4e0a-8117-87802bd12a58
2026-07-17 04:55:06.601 7 INFO neutron_taas.services.taas.taas_plugin [None req-d8cc3c86-213e-4ce5-bf0a-74174eb71471 - - - - - -] TaaS: Handle Delete Port: 67e0c67d-dfcb-44fe-925e-9478e52b6623
2026-07-17 04:55:06.604 7 INFO neutron_taas.services.taas.tap_mirror_plugin [None req-d8cc3c86-213e-4ce5-bf0a-74174eb71471 - - - - - -] Tap Mirror: Handle Delete Port: 67e0c67d-dfcb-44fe-925e-9478e52b6623
2026-07-17 04:55:06.776 7 INFO neutron.services.segments.plugin [-] Segment 32af5f83-4cb1-43a5-832f-67a384196976 resource provider aggregate not found
2026-07-17 04:55:06.777 7 INFO neutron.services.segments.plugin [-] Segment 32af5f83-4cb1-43a5-832f-67a384196976 resource provider aggregate not found
2026-07-17 04:55:06.796 7 INFO neutron.services.segments.plugin [-] Segment 32af5f83-4cb1-43a5-832f-67a384196976 resource provider not found; error: Placement Client Error (4xx): {"errors": [{"status": 404, "title": "Not Found", "detail": "The resource could not be found.\n\n No resource provider with uuid 32af5f83-4cb1-43a5-832f-67a384196976 found for delete ", "request_id": "req-38211123-7230-42ce-903d-555722410719"}]}
2026-07-17 04:55:06.799 7 INFO neutron.services.segments.plugin [-] Segment 32af5f83-4cb1-43a5-832f-67a384196976 resource provider not found; error: Placement Client Error (4xx): {"errors": [{"status": 404, "title": "Not Found", "detail": "The resource could not be found.\n\n No resource provider with uuid 32af5f83-4cb1-43a5-832f-67a384196976 found for delete ", "request_id": "req-9c25ff06-19a5-4fe2-921f-eaedfe29335c"}]} [pid: 7|app: 0|req: 1405/2906] 10.0.0.208 () {32 vars in 740 bytes} [Fri Jul 17 04:55:04 2026] DELETE /v2.0/vpn/vpnservices/ba703571-039a-4b09-924c-d46c77e2bec0 => generated 0 bytes in 2460 msecs (HTTP/1.1 204) 2 headers in 112 bytes (1 switches on core 0) [pid: 8|app: 0|req: 1502/2907] 10.0.0.208 () {32 vars in 721 bytes} [Fri Jul 17 04:55:06 2026] GET /v2.0/routers/405cbcd4-1905-4853-bbac-c3370fb9d95b => generated 943 bytes in 63 msecs (HTTP/1.1 200) 4 headers in 157 bytes (1 switches on core 0) /var/lib/openstack/lib/python3.12/site-packages/pycadf/identifier.py:70: UserWarning: Invalid uuid: neutron. To ensure interoperability, identifiers should be a valid uuid. warnings.warn(('Invalid uuid: %s. To ensure interoperability, '
2026-07-17 04:55:07.605 7 INFO neutron.db.ovn_revision_numbers_db [None req-29a4771a-0262-4a6a-91c7-9503918a7638 7497a7698c2243fb9b399f0391ea8a17 caa7475b788449ce9ccd81dca9bb2cb6 - - default default] Successfully bumped revision number for resource 405cbcd4-1905-4853-bbac-c3370fb9d95b (type: routers) to 11 [pid: 7|app: 0|req: 1406/2908] 10.0.0.208 () {34 vars in 742 bytes} [Fri Jul 17 04:55:06 2026] PUT /v2.0/routers/405cbcd4-1905-4853-bbac-c3370fb9d95b => generated 943 bytes in 711 msecs (HTTP/1.1 200) 4 headers in 157 bytes (1 switches on core 0) [pid: 8|app: 0|req: 1503/2909] 10.0.0.208 () {32 vars in 736 bytes} [Fri Jul 17 04:55:07 2026] GET /v2.0/ports?device_id=405cbcd4-1905-4853-bbac-c3370fb9d95b => generated 946 bytes in 79 msecs (HTTP/1.1 200) 4 headers in 157 bytes (1 switches on core 0)
2026-07-17 04:55:07.972 7 INFO neutron_taas.services.taas.taas_plugin [None req-8be50dcc-4622-4cfb-9bbd-15bc3c07a0bd 7497a7698c2243fb9b399f0391ea8a17 caa7475b788449ce9ccd81dca9bb2cb6 - - default default] TaaS: Handle Delete Port: a1ec565b-337b-432e-bb36-876d46adea5c
2026-07-17 04:55:07.978 7 INFO neutron_taas.services.taas.tap_mirror_plugin [None req-8be50dcc-4622-4cfb-9bbd-15bc3c07a0bd 7497a7698c2243fb9b399f0391ea8a17 caa7475b788449ce9ccd81dca9bb2cb6 - - default default] Tap Mirror: Handle Delete Port: a1ec565b-337b-432e-bb36-876d46adea5c
2026-07-17 04:55:08.183 7 WARNING neutron.plugins.ml2.drivers.ovn.mech_driver.ovsdb.ovn_client [None req-23d9e1a4-b218-4017-9d7a-ef3a4e7f117b - - - - - -] No port found with ID 5a229487-2a2a-43da-b25b-f94bc9f91805: RuntimeError: No port found with ID 5a229487-2a2a-43da-b25b-f94bc9f91805 [pid: 7|app: 0|req: 1407/2910] 10.0.0.208 () {34 vars in 789 bytes} [Fri Jul 17 04:55:07 2026] PUT /v2.0/routers/405cbcd4-1905-4853-bbac-c3370fb9d95b/remove_router_interface => generated 309 bytes in 826 msecs (HTTP/1.1 200) 4 headers in 157 bytes (1 switches on core 0)
2026-07-17 04:55:08.855 8 INFO neutron_taas.services.taas.taas_plugin [None req-357c039f-ea04-4860-99c2-6aea896ace3a 7497a7698c2243fb9b399f0391ea8a17 caa7475b788449ce9ccd81dca9bb2cb6 - - default default] TaaS: Handle Delete Port: 8ccafbea-87cc-4356-98f3-d88f6bd9d21d
2026-07-17 04:55:08.858 8 INFO neutron_taas.services.taas.tap_mirror_plugin [None req-357c039f-ea04-4860-99c2-6aea896ace3a 7497a7698c2243fb9b399f0391ea8a17 caa7475b788449ce9ccd81dca9bb2cb6 - - default default] Tap Mirror: Handle Delete Port: 8ccafbea-87cc-4356-98f3-d88f6bd9d21d [pid: 8|app: 0|req: 1504/2911] 10.0.0.208 () {32 vars in 724 bytes} [Fri Jul 17 04:55:08 2026] DELETE /v2.0/routers/405cbcd4-1905-4853-bbac-c3370fb9d95b => generated 0 bytes in 683 msecs (HTTP/1.1 204) 2 headers in 112 bytes (1 switches on core 0) /var/lib/openstack/lib/python3.12/site-packages/pycadf/identifier.py:70: UserWarning: Invalid uuid: neutron. To ensure interoperability, identifiers should be a valid uuid. warnings.warn(('Invalid uuid: %s. To ensure interoperability, ' [pid: 7|app: 0|req: 1408/2912] 10.0.0.208 () {32 vars in 721 bytes} [Fri Jul 17 04:55:09 2026] GET /v2.0/routers/d5608654-ac96-4af9-9bad-ee793484a158 => generated 942 bytes in 56 msecs (HTTP/1.1 200) 4 headers in 157 bytes (1 switches on core 0)
2026-07-17 04:55:10.065 8 INFO neutron.db.ovn_revision_numbers_db [None req-7bcb7f12-3540-4e7e-9980-04f68ea48ec5 7497a7698c2243fb9b399f0391ea8a17 caa7475b788449ce9ccd81dca9bb2cb6 - - default default] Successfully bumped revision number for resource d5608654-ac96-4af9-9bad-ee793484a158 (type: routers) to 5 [pid: 8|app: 0|req: 1505/2913] 10.0.0.208 () {34 vars in 742 bytes} [Fri Jul 17 04:55:09 2026] PUT /v2.0/routers/d5608654-ac96-4af9-9bad-ee793484a158 => generated 942 bytes in 793 msecs (HTTP/1.1 200) 4 headers in 157 bytes (1 switches on core 0) [pid: 7|app: 0|req: 1409/2914] 10.0.0.208 () {32 vars in 736 bytes} [Fri Jul 17 04:55:10 2026] GET /v2.0/ports?device_id=d5608654-ac96-4af9-9bad-ee793484a158 => generated 950 bytes in 100 msecs (HTTP/1.1 200) 4 headers in 157 bytes (1 switches on core 0)
2026-07-17 04:55:10.457 8 INFO neutron_taas.services.taas.taas_plugin [None req-b4789e5a-c356-4383-a147-290c6c6b8517 7497a7698c2243fb9b399f0391ea8a17 caa7475b788449ce9ccd81dca9bb2cb6 - - default default] TaaS: Handle Delete Port: b7df4765-76dd-4d08-817a-5c8e21f9e14a
2026-07-17 04:55:10.461 8 INFO neutron_taas.services.taas.tap_mirror_plugin [None req-b4789e5a-c356-4383-a147-290c6c6b8517 7497a7698c2243fb9b399f0391ea8a17 caa7475b788449ce9ccd81dca9bb2cb6 - - default default] Tap Mirror: Handle Delete Port: b7df4765-76dd-4d08-817a-5c8e21f9e14a [pid: 8|app: 0|req: 1506/2915] 10.0.0.208 () {34 vars in 789 bytes} [Fri Jul 17 04:55:10 2026] PUT /v2.0/routers/d5608654-ac96-4af9-9bad-ee793484a158/remove_router_interface => generated 309 bytes in 778 msecs (HTTP/1.1 200) 4 headers in 157 bytes (1 switches on core 0)
2026-07-17 04:55:11.260 7 INFO neutron_taas.services.taas.taas_plugin [None req-103d3753-7590-4ff1-bb8f-5f0ff72ee2ce 7497a7698c2243fb9b399f0391ea8a17 caa7475b788449ce9ccd81dca9bb2cb6 - - default default] TaaS: Handle Delete Port: 541eaef7-456b-4136-aa66-b24ac4275cd9
2026-07-17 04:55:11.263 7 INFO neutron_taas.services.taas.tap_mirror_plugin [None req-103d3753-7590-4ff1-bb8f-5f0ff72ee2ce 7497a7698c2243fb9b399f0391ea8a17 caa7475b788449ce9ccd81dca9bb2cb6 - - default default] Tap Mirror: Handle Delete Port: 541eaef7-456b-4136-aa66-b24ac4275cd9 [pid: 7|app: 0|req: 1410/2916] 10.0.0.208 () {32 vars in 724 bytes} [Fri Jul 17 04:55:10 2026] DELETE /v2.0/routers/d5608654-ac96-4af9-9bad-ee793484a158 => generated 0 bytes in 699 msecs (HTTP/1.1 204) 2 headers in 112 bytes (1 switches on core 0) /var/lib/openstack/lib/python3.12/site-packages/pycadf/identifier.py:70: UserWarning: Invalid uuid: neutron. To ensure interoperability, identifiers should be a valid uuid. warnings.warn(('Invalid uuid: %s. To ensure interoperability, ' [pid: 8|app: 0|req: 1507/2917] 10.0.0.208 () {32 vars in 721 bytes} [Fri Jul 17 04:55:11 2026] GET /v2.0/routers/01b72655-5488-4f46-9caf-bedea26cfc03 => generated 942 bytes in 59 msecs (HTTP/1.1 200) 4 headers in 157 bytes (1 switches on core 0)
2026-07-17 04:55:12.374 7 INFO neutron.db.ovn_revision_numbers_db [None req-f0d6501a-8550-4823-9cbf-98dc2dd6c8fc 7497a7698c2243fb9b399f0391ea8a17 caa7475b788449ce9ccd81dca9bb2cb6 - - default default] Successfully bumped revision number for resource 01b72655-5488-4f46-9caf-bedea26cfc03 (type: routers) to 5 [pid: 7|app: 0|req: 1411/2918] 10.0.0.208 () {34 vars in 742 bytes} [Fri Jul 17 04:55:11 2026] PUT /v2.0/routers/01b72655-5488-4f46-9caf-bedea26cfc03 => generated 942 bytes in 650 msecs (HTTP/1.1 200) 4 headers in 157 bytes (1 switches on core 0) [pid: 8|app: 0|req: 1508/2919] 10.0.0.208 () {32 vars in 736 bytes} [Fri Jul 17 04:55:12 2026] GET /v2.0/ports?device_id=01b72655-5488-4f46-9caf-bedea26cfc03 => generated 950 bytes in 59 msecs (HTTP/1.1 200) 4 headers in 157 bytes (1 switches on core 0)
2026-07-17 04:55:12.758 7 INFO neutron_taas.services.taas.taas_plugin [None req-dc04692b-8718-4d3b-8aaf-2c9177581a97 7497a7698c2243fb9b399f0391ea8a17 caa7475b788449ce9ccd81dca9bb2cb6 - - default default] TaaS: Handle Delete Port: 4470c66b-5709-4f5a-967e-d8916b653944
2026-07-17 04:55:12.761 7 INFO neutron_taas.services.taas.tap_mirror_plugin [None req-dc04692b-8718-4d3b-8aaf-2c9177581a97 7497a7698c2243fb9b399f0391ea8a17 caa7475b788449ce9ccd81dca9bb2cb6 - - default default] Tap Mirror: Handle Delete Port: 4470c66b-5709-4f5a-967e-d8916b653944 [pid: 7|app: 0|req: 1412/2920] 10.0.0.208 () {34 vars in 789 bytes} [Fri Jul 17 04:55:12 2026] PUT /v2.0/routers/01b72655-5488-4f46-9caf-bedea26cfc03/remove_router_interface => generated 309 bytes in 758 msecs (HTTP/1.1 200) 4 headers in 157 bytes (1 switches on core 0)
2026-07-17 04:55:13.521 8 INFO neutron_taas.services.taas.taas_plugin [None req-0503475d-02cb-493a-ba30-96441c3caf8b 7497a7698c2243fb9b399f0391ea8a17 caa7475b788449ce9ccd81dca9bb2cb6 - - default default] TaaS: Handle Delete Port: ab862633-8e10-429d-ad2d-1fff2c6441e2
2026-07-17 04:55:13.524 8 INFO neutron_taas.services.taas.tap_mirror_plugin [None req-0503475d-02cb-493a-ba30-96441c3caf8b 7497a7698c2243fb9b399f0391ea8a17 caa7475b788449ce9ccd81dca9bb2cb6 - - default default] Tap Mirror: Handle Delete Port: ab862633-8e10-429d-ad2d-1fff2c6441e2 [pid: 8|app: 0|req: 1509/2921] 10.0.0.208 () {32 vars in 724 bytes} [Fri Jul 17 04:55:13 2026] DELETE /v2.0/routers/01b72655-5488-4f46-9caf-bedea26cfc03 => generated 0 bytes in 650 msecs (HTTP/1.1 204) 2 headers in 112 bytes (1 switches on core 0) /var/lib/openstack/lib/python3.12/site-packages/pycadf/identifier.py:70: UserWarning: Invalid uuid: neutron. To ensure interoperability, identifiers should be a valid uuid. warnings.warn(('Invalid uuid: %s. To ensure interoperability, '
2026-07-17 04:55:13.888 7 INFO neutron.api.v2.resource [None req-86e7e3c5-f1c0-4d68-b5b1-953077f5ed36 7497a7698c2243fb9b399f0391ea8a17 caa7475b788449ce9ccd81dca9bb2cb6 - - default default] show failed (client error): The resource could not be found. [pid: 7|app: 0|req: 1413/2922] 10.0.0.208 () {32 vars in 721 bytes} [Fri Jul 17 04:55:13 2026] GET /v2.0/routers/45d52934-3880-42a1-86df-abb0b6b9d1dd => generated 135 bytes in 22 msecs (HTTP/1.1 404) 4 headers in 164 bytes (1 switches on core 0) [pid: 8|app: 0|req: 1510/2923] 10.0.0.208 () {32 vars in 724 bytes} [Fri Jul 17 04:55:13 2026] DELETE /v2.0/subnets/9b3b4205-3444-4fc1-a528-ce4ea9382e9e => generated 0 bytes in 156 msecs (HTTP/1.1 204) 3 headers in 131 bytes (1 switches on core 0) [pid: 7|app: 0|req: 1414/2924] 10.0.0.208 () {32 vars in 724 bytes} [Fri Jul 17 04:55:14 2026] DELETE /v2.0/subnets/1d05bbce-e9d7-4651-aa24-0b32a071da39 => generated 0 bytes in 159 msecs (HTTP/1.1 204) 3 headers in 131 bytes (1 switches on core 0) [pid: 8|app: 0|req: 1511/2927] 10.0.0.208 () {32 vars in 724 bytes} [Fri Jul 17 04:55:14 2026] DELETE /v2.0/subnets/d9c7c1a5-1566-4cad-a6e6-1fe60da5c47a => generated 0 bytes in 151 msecs (HTTP/1.1 204) 3 headers in 131 bytes (1 switches on core 0)
2026-07-17 04:55:14.391 7 INFO neutron.pecan_wsgi.hooks.translation [None req-1594d0dd-e1f0-4f5f-8906-bf117310d514 7497a7698c2243fb9b399f0391ea8a17 caa7475b788449ce9ccd81dca9bb2cb6 - - default default] DELETE failed (client error): The resource could not be found. [pid: 7|app: 0|req: 1417/2928] 10.0.0.208 () {32 vars in 724 bytes} [Fri Jul 17 04:55:14 2026] DELETE /v2.0/subnets/921ef325-57c1-4a5f-b017-5267c0d91631 => generated 136 bytes in 19 msecs (HTTP/1.1 404) 4 headers in 164 bytes (1 switches on core 0)
2026-07-17 04:55:14.525 8 INFO neutron_taas.services.taas.taas_plugin [None req-b561a6d2-9950-4ee1-b656-5a3c8eb0f754 7497a7698c2243fb9b399f0391ea8a17 caa7475b788449ce9ccd81dca9bb2cb6 - - default default] TaaS: Handle Delete Port: bc3e487e-461b-4608-8a70-d6a14d4bd3db
2026-07-17 04:55:14.528 8 INFO neutron_taas.services.taas.tap_mirror_plugin [None req-b561a6d2-9950-4ee1-b656-5a3c8eb0f754 7497a7698c2243fb9b399f0391ea8a17 caa7475b788449ce9ccd81dca9bb2cb6 - - default default] Tap Mirror: Handle Delete Port: bc3e487e-461b-4608-8a70-d6a14d4bd3db [pid: 8|app: 0|req: 1512/2929] 10.0.0.208 () {32 vars in 726 bytes} [Fri Jul 17 04:55:14 2026] DELETE /v2.0/networks/abb2edf9-6feb-447a-86ef-c84e877705d4 => generated 0 bytes in 369 msecs (HTTP/1.1 204) 3 headers in 131 bytes (1 switches on core 0)
2026-07-17 04:55:14.877 7 INFO neutron_taas.services.taas.taas_plugin [None req-9a57a52c-cd62-43a4-ac7f-a0a8d4bb8af6 7497a7698c2243fb9b399f0391ea8a17 caa7475b788449ce9ccd81dca9bb2cb6 - - default default] TaaS: Handle Delete Port: 846de72f-ed72-4a52-abde-688e594f91c9
2026-07-17 04:55:14.879 7 INFO neutron_taas.services.taas.tap_mirror_plugin [None req-9a57a52c-cd62-43a4-ac7f-a0a8d4bb8af6 7497a7698c2243fb9b399f0391ea8a17 caa7475b788449ce9ccd81dca9bb2cb6 - - default default] Tap Mirror: Handle Delete Port: 846de72f-ed72-4a52-abde-688e594f91c9
2026-07-17 04:55:14.909 8 INFO neutron.services.segments.plugin [-] Segment b5823b7b-8644-4fda-881f-0bb80b7ac361 resource provider aggregate not found
2026-07-17 04:55:14.924 8 INFO neutron.services.segments.plugin [-] Segment b5823b7b-8644-4fda-881f-0bb80b7ac361 resource provider aggregate not found
2026-07-17 04:55:14.928 8 INFO neutron.services.segments.plugin [-] Segment b5823b7b-8644-4fda-881f-0bb80b7ac361 resource provider not found; error: Placement Client Error (4xx): {"errors": [{"status": 404, "title": "Not Found", "detail": "The resource could not be found.\n\n No resource provider with uuid b5823b7b-8644-4fda-881f-0bb80b7ac361 found for delete ", "request_id": "req-4d398832-33b7-4381-9794-0450587e5bd5"}]}
2026-07-17 04:55:14.937 8 INFO neutron.services.segments.plugin [-] Segment b5823b7b-8644-4fda-881f-0bb80b7ac361 resource provider not found; error: Placement Client Error (4xx): {"errors": [{"status": 404, "title": "Not Found", "detail": "The resource could not be found.\n\n No resource provider with uuid b5823b7b-8644-4fda-881f-0bb80b7ac361 found for delete ", "request_id": "req-8c5c737c-6068-4b28-9fad-99a826e0cf81"}]}
2026-07-17 04:55:15.104 7 INFO neutron.services.segments.plugin [-] Segment 7ce4e6e7-605f-486a-a345-1bfdec551185 resource provider aggregate not found [pid: 7|app: 0|req: 1418/2930] 10.0.0.208 () {32 vars in 726 bytes} [Fri Jul 17 04:55:14 2026] DELETE /v2.0/networks/b977e569-da41-4a53-bc6f-21e0fd7fddef => generated 0 bytes in 344 msecs (HTTP/1.1 204) 3 headers in 131 bytes (1 switches on core 0)
2026-07-17 04:55:15.121 7 INFO neutron.services.segments.plugin [-] Segment 7ce4e6e7-605f-486a-a345-1bfdec551185 resource provider not found; error: Placement Client Error (4xx): {"errors": [{"status": 404, "title": "Not Found", "detail": "The resource could not be found.\n\n No resource provider with uuid 7ce4e6e7-605f-486a-a345-1bfdec551185 found for delete ", "request_id": "req-011621b9-a912-4024-9036-98a73445837d"}]}
2026-07-17 04:55:15.164 7 INFO neutron.services.segments.plugin [-] Segment 7ce4e6e7-605f-486a-a345-1bfdec551185 resource provider aggregate not found
2026-07-17 04:55:15.187 7 INFO neutron.services.segments.plugin [-] Segment 7ce4e6e7-605f-486a-a345-1bfdec551185 resource provider not found; error: Placement Client Error (4xx): {"errors": [{"status": 404, "title": "Not Found", "detail": "The resource could not be found.\n\n No resource provider with uuid 7ce4e6e7-605f-486a-a345-1bfdec551185 found for delete ", "request_id": "req-e6aa1449-792b-4e81-bd0b-4b9e71c3a754"}]}
2026-07-17 04:55:15.236 8 INFO neutron_taas.services.taas.taas_plugin [None req-f6fcd4e2-49ce-445d-8905-a58b9d45753a 7497a7698c2243fb9b399f0391ea8a17 caa7475b788449ce9ccd81dca9bb2cb6 - - default default] TaaS: Handle Delete Port: 2416cea8-8598-44e6-9ce4-1b1e04d1c02c
2026-07-17 04:55:15.239 8 INFO neutron_taas.services.taas.tap_mirror_plugin [None req-f6fcd4e2-49ce-445d-8905-a58b9d45753a 7497a7698c2243fb9b399f0391ea8a17 caa7475b788449ce9ccd81dca9bb2cb6 - - default default] Tap Mirror: Handle Delete Port: 2416cea8-8598-44e6-9ce4-1b1e04d1c02c [pid: 8|app: 0|req: 1513/2931] 10.0.0.208 () {32 vars in 726 bytes} [Fri Jul 17 04:55:15 2026] DELETE /v2.0/networks/06813f05-2ad0-42bc-926e-5d0442b44385 => generated 0 bytes in 345 msecs (HTTP/1.1 204) 3 headers in 131 bytes (1 switches on core 0)
2026-07-17 04:55:15.487 7 INFO neutron.pecan_wsgi.hooks.translation [None req-ade62b02-6a64-4f62-a354-604e14e1fbca 7497a7698c2243fb9b399f0391ea8a17 caa7475b788449ce9ccd81dca9bb2cb6 - - default default] DELETE failed (client error): The resource could not be found. [pid: 7|app: 0|req: 1419/2932] 10.0.0.208 () {32 vars in 726 bytes} [Fri Jul 17 04:55:15 2026] DELETE /v2.0/networks/a0532765-5bc8-4983-8ba8-a71f730ea691 => generated 138 bytes in 17 msecs (HTTP/1.1 404) 4 headers in 164 bytes (1 switches on core 0) [pid: 8|app: 0|req: 1514/2933] 10.0.0.208 () {32 vars in 774 bytes} [Fri Jul 17 04:55:16 2026] GET /v2.0/security-groups?tenant_id=caa7475b788449ce9ccd81dca9bb2cb6&name=default => generated 2929 bytes in 111 msecs (HTTP/1.1 200) 4 headers in 158 bytes (1 switches on core 0) [pid: 7|app: 0|req: 1420/2934] 10.0.0.208 () {32 vars in 740 bytes} [Fri Jul 17 04:55:16 2026] DELETE /v2.0/security-groups/1cf994b9-0d43-408d-bd95-4208f3f5ac21 => generated 0 bytes in 266 msecs (HTTP/1.1 204) 2 headers in 112 bytes (1 switches on core 0)
2026-07-17 04:55:16.735 8 INFO neutron.db.ovn_revision_numbers_db [None req-02201eb4-676f-4a0c-862b-91fe63b81d37 7429bbffe4e946ad95104b685a44727c dc858f6b102d479ab1704aeda25ed970 - - default default] Successfully bumped revision number for resource 93f5d449-b5fe-49dc-b9fb-b7325912b330 (type: security_groups) to 1
2026-07-17 04:55:16.748 8 INFO neutron.db.ovn_revision_numbers_db [None req-02201eb4-676f-4a0c-862b-91fe63b81d37 7429bbffe4e946ad95104b685a44727c dc858f6b102d479ab1704aeda25ed970 - - default default] Successfully bumped revision number for resource 2218820d-27be-4419-ab69-06ea7542dae6 (type: security_group_rules) to 0
2026-07-17 04:55:16.760 8 INFO neutron.db.ovn_revision_numbers_db [None req-02201eb4-676f-4a0c-862b-91fe63b81d37 7429bbffe4e946ad95104b685a44727c dc858f6b102d479ab1704aeda25ed970 - - default default] Successfully bumped revision number for resource 9440ae4f-37cf-4f9a-a8f8-ececcdde1953 (type: security_group_rules) to 0
2026-07-17 04:55:16.773 8 INFO neutron.db.ovn_revision_numbers_db [None req-02201eb4-676f-4a0c-862b-91fe63b81d37 7429bbffe4e946ad95104b685a44727c dc858f6b102d479ab1704aeda25ed970 - - default default] Successfully bumped revision number for resource c0e20326-3dab-41b4-aa0b-d696ea14c1fb (type: security_group_rules) to 0
2026-07-17 04:55:16.786 8 INFO neutron.db.ovn_revision_numbers_db [None req-02201eb4-676f-4a0c-862b-91fe63b81d37 7429bbffe4e946ad95104b685a44727c dc858f6b102d479ab1704aeda25ed970 - - default default] Successfully bumped revision number for resource fa81141c-01bc-4858-aa85-1f58d7956c16 (type: security_group_rules) to 0 [pid: 8|app: 0|req: 1515/2935] 10.0.0.208 () {32 vars in 774 bytes} [Fri Jul 17 04:55:16 2026] GET /v2.0/security-groups?tenant_id=649b3c0d027d41b29b293fdfd0bf004a&name=default => generated 2929 bytes in 218 msecs (HTTP/1.1 200) 4 headers in 158 bytes (1 switches on core 0)
2026-07-17 04:55:16.948 8 INFO neutron.services.segments.plugin [-] Segment 4e3e769b-fc01-432f-8d87-c00cc9dd3965 resource provider aggregate not found
2026-07-17 04:55:16.958 8 INFO neutron.services.segments.plugin [-] Segment 4e3e769b-fc01-432f-8d87-c00cc9dd3965 resource provider aggregate not found
2026-07-17 04:55:16.963 8 INFO neutron.services.segments.plugin [-] Segment 4e3e769b-fc01-432f-8d87-c00cc9dd3965 resource provider not found; error: Placement Client Error (4xx): {"errors": [{"status": 404, "title": "Not Found", "detail": "The resource could not be found.\n\n No resource provider with uuid 4e3e769b-fc01-432f-8d87-c00cc9dd3965 found for delete ", "request_id": "req-7682daa5-0d69-4954-b4e8-ce860bc54e95"}]}
2026-07-17 04:55:16.975 8 INFO neutron.services.segments.plugin [-] Segment 4e3e769b-fc01-432f-8d87-c00cc9dd3965 resource provider not found; error: Placement Client Error (4xx): {"errors": [{"status": 404, "title": "Not Found", "detail": "The resource could not be found.\n\n No resource provider with uuid 4e3e769b-fc01-432f-8d87-c00cc9dd3965 found for delete ", "request_id": "req-f408dc1d-a225-4fce-b74b-ac6f2df75ebf"}]} [pid: 7|app: 0|req: 1421/2936] 10.0.0.208 () {32 vars in 740 bytes} [Fri Jul 17 04:55:16 2026] DELETE /v2.0/security-groups/93f5d449-b5fe-49dc-b9fb-b7325912b330 => generated 0 bytes in 185 msecs (HTTP/1.1 204) 2 headers in 112 bytes (1 switches on core 0)
2026-07-17 04:55:26.018 8 INFO neutron.db.ovn_revision_numbers_db [None req-d4963c3e-cd1a-4d39-a91e-c30c773175a1 77198bcb78c74fce8f75bd49b9ac8a12 50730056407f42f1b23b415dabb70a75 - - default default] Successfully bumped revision number for resource 3cedd6d8-f01f-4c20-b2d0-353be5642fe8 (type: security_groups) to 1
2026-07-17 04:55:26.028 8 INFO neutron.db.ovn_revision_numbers_db [None req-d4963c3e-cd1a-4d39-a91e-c30c773175a1 77198bcb78c74fce8f75bd49b9ac8a12 50730056407f42f1b23b415dabb70a75 - - default default] Successfully bumped revision number for resource 24203d00-5727-477b-ba39-77283b7d5f39 (type: security_group_rules) to 0
2026-07-17 04:55:26.039 8 INFO neutron.db.ovn_revision_numbers_db [None req-d4963c3e-cd1a-4d39-a91e-c30c773175a1 77198bcb78c74fce8f75bd49b9ac8a12 50730056407f42f1b23b415dabb70a75 - - default default] Successfully bumped revision number for resource 2fa772e5-4ca0-43ab-9dc3-473d24ce74d3 (type: security_group_rules) to 0
2026-07-17 04:55:26.050 8 INFO neutron.db.ovn_revision_numbers_db [None req-d4963c3e-cd1a-4d39-a91e-c30c773175a1 77198bcb78c74fce8f75bd49b9ac8a12 50730056407f42f1b23b415dabb70a75 - - default default] Successfully bumped revision number for resource 3d34b818-6219-4185-b4cf-380914b4e4e9 (type: security_group_rules) to 0
2026-07-17 04:55:26.061 8 INFO neutron.db.ovn_revision_numbers_db [None req-d4963c3e-cd1a-4d39-a91e-c30c773175a1 77198bcb78c74fce8f75bd49b9ac8a12 50730056407f42f1b23b415dabb70a75 - - default default] Successfully bumped revision number for resource cb6da0ee-12a9-489d-aea7-0a36dac1aa08 (type: security_group_rules) to 0
2026-07-17 04:55:26.139 8 INFO neutron.db.segments_db [None req-d4963c3e-cd1a-4d39-a91e-c30c773175a1 77198bcb78c74fce8f75bd49b9ac8a12 50730056407f42f1b23b415dabb70a75 - - default default] Added segment 5913b749-b1ec-43ba-875b-c87da6fe74e9 of type geneve for network 66e77138-bb3f-4cbe-a1a0-37d421f37318
2026-07-17 04:55:26.249 8 INFO neutron.db.ovn_revision_numbers_db [None req-d4963c3e-cd1a-4d39-a91e-c30c773175a1 77198bcb78c74fce8f75bd49b9ac8a12 50730056407f42f1b23b415dabb70a75 - - default default] Successfully bumped revision number for resource 66e77138-bb3f-4cbe-a1a0-37d421f37318 (type: networks) to 1
2026-07-17 04:55:26.430 8 WARNING neutron.scheduler.dhcp_agent_scheduler [None req-d4963c3e-cd1a-4d39-a91e-c30c773175a1 77198bcb78c74fce8f75bd49b9ac8a12 50730056407f42f1b23b415dabb70a75 - - default default] No more DHCP agents
2026-07-17 04:55:26.431 8 WARNING neutron.api.rpc.agentnotifiers.dhcp_rpc_agent_api [None req-d4963c3e-cd1a-4d39-a91e-c30c773175a1 77198bcb78c74fce8f75bd49b9ac8a12 50730056407f42f1b23b415dabb70a75 - - default default] Unable to schedule network 66e77138-bb3f-4cbe-a1a0-37d421f37318: no agents available; will retry on subsequent port and subnet creation events.
2026-07-17 04:55:26.496 7 INFO neutron.plugins.ml2.drivers.ovn.mech_driver.mech_driver [None req-23d9e1a4-b218-4017-9d7a-ef3a4e7f117b - - - - - -] OVN reports status down for port: 1780465e-8564-4670-a52c-e3e239c7b2b4
2026-07-17 04:55:26.527 8 INFO neutron.db.ovn_revision_numbers_db [None req-d4963c3e-cd1a-4d39-a91e-c30c773175a1 77198bcb78c74fce8f75bd49b9ac8a12 50730056407f42f1b23b415dabb70a75 - - default default] Successfully bumped revision number for resource 1780465e-8564-4670-a52c-e3e239c7b2b4 (type: ports) to 1 [pid: 8|app: 0|req: 1516/2937] 10.0.0.208 () {34 vars in 670 bytes} [Fri Jul 17 04:55:25 2026] POST /v2.0/networks => generated 658 bytes in 863 msecs (HTTP/1.1 201) 4 headers in 162 bytes (1 switches on core 0)
2026-07-17 04:55:26.727 7 WARNING neutron.scheduler.dhcp_agent_scheduler [None req-a1f4c3d2-9bf8-4250-9fca-cf9a1da261c2 77198bcb78c74fce8f75bd49b9ac8a12 50730056407f42f1b23b415dabb70a75 - - default default] No more DHCP agents
2026-07-17 04:55:26.728 7 WARNING neutron.api.rpc.agentnotifiers.dhcp_rpc_agent_api [None req-a1f4c3d2-9bf8-4250-9fca-cf9a1da261c2 77198bcb78c74fce8f75bd49b9ac8a12 50730056407f42f1b23b415dabb70a75 - - default default] Unable to schedule network 66e77138-bb3f-4cbe-a1a0-37d421f37318: no agents available; will retry on subsequent port and subnet creation events.
2026-07-17 04:55:27.089 7 INFO neutron.db.ovn_revision_numbers_db [None req-587013d4-d91d-4957-bfcf-65f489544327 - - - - - -] Successfully bumped revision number for resource 1780465e-8564-4670-a52c-e3e239c7b2b4 (type: ports) to 2
2026-07-17 04:55:27.123 7 INFO neutron.db.ovn_revision_numbers_db [None req-587013d4-d91d-4957-bfcf-65f489544327 - - - - - -] Successfully bumped revision number for resource 3f5407cb-11b9-47ed-ae7a-b02cb73f2653 (type: subnets) to 0 [pid: 7|app: 0|req: 1422/2938] 10.0.0.208 () {34 vars in 669 bytes} [Fri Jul 17 04:55:26 2026] POST /v2.0/subnets => generated 658 bytes in 577 msecs (HTTP/1.1 201) 4 headers in 162 bytes (1 switches on core 0) [pid: 8|app: 0|req: 1517/2939] 10.0.0.208 () {32 vars in 722 bytes} [Fri Jul 17 04:55:27 2026] GET /v2.0/subnetpools?name=shared-default-subnetpool-v6 => generated 19 bytes in 33 msecs (HTTP/1.1 200) 4 headers in 156 bytes (1 switches on core 0)
2026-07-17 04:55:27.376 7 WARNING neutron.scheduler.dhcp_agent_scheduler [None req-bbd49373-95ba-4b0f-90ef-65f65b3d0f48 77198bcb78c74fce8f75bd49b9ac8a12 50730056407f42f1b23b415dabb70a75 - - default default] No more DHCP agents
2026-07-17 04:55:27.377 7 WARNING neutron.api.rpc.agentnotifiers.dhcp_rpc_agent_api [None req-bbd49373-95ba-4b0f-90ef-65f65b3d0f48 77198bcb78c74fce8f75bd49b9ac8a12 50730056407f42f1b23b415dabb70a75 - - default default] Unable to schedule network 66e77138-bb3f-4cbe-a1a0-37d421f37318: no agents available; will retry on subsequent port and subnet creation events.
2026-07-17 04:55:27.411 7 INFO neutron.db.ovn_revision_numbers_db [None req-bbd49373-95ba-4b0f-90ef-65f65b3d0f48 77198bcb78c74fce8f75bd49b9ac8a12 50730056407f42f1b23b415dabb70a75 - - default default] Successfully bumped revision number for resource c3f808e6-be1a-4e86-b453-6ee5760a900f (type: subnets) to 0 [pid: 7|app: 0|req: 1423/2940] 10.0.0.208 () {34 vars in 669 bytes} [Fri Jul 17 04:55:27 2026] POST /v2.0/subnets => generated 732 bytes in 238 msecs (HTTP/1.1 201) 4 headers in 162 bytes (1 switches on core 0)
2026-07-17 04:55:27.547 8 INFO neutron.db.segments_db [None req-19172d2d-7a52-4c62-bf59-9f8db0746eb0 77198bcb78c74fce8f75bd49b9ac8a12 50730056407f42f1b23b415dabb70a75 - - default default] Added segment 5451f1d2-108a-4b27-8066-ba3bf03f4554 of type geneve for network 9315cde8-d1d5-4c61-9a94-fa303ce7ad21
2026-07-17 04:55:27.667 8 INFO neutron.db.ovn_revision_numbers_db [None req-19172d2d-7a52-4c62-bf59-9f8db0746eb0 77198bcb78c74fce8f75bd49b9ac8a12 50730056407f42f1b23b415dabb70a75 - - default default] Successfully bumped revision number for resource 9315cde8-d1d5-4c61-9a94-fa303ce7ad21 (type: networks) to 1
2026-07-17 04:55:27.801 8 WARNING neutron.scheduler.dhcp_agent_scheduler [None req-19172d2d-7a52-4c62-bf59-9f8db0746eb0 77198bcb78c74fce8f75bd49b9ac8a12 50730056407f42f1b23b415dabb70a75 - - default default] No more DHCP agents
2026-07-17 04:55:27.802 8 WARNING neutron.api.rpc.agentnotifiers.dhcp_rpc_agent_api [None req-19172d2d-7a52-4c62-bf59-9f8db0746eb0 77198bcb78c74fce8f75bd49b9ac8a12 50730056407f42f1b23b415dabb70a75 - - default default] Unable to schedule network 9315cde8-d1d5-4c61-9a94-fa303ce7ad21: no agents available; will retry on subsequent port and subnet creation events.
2026-07-17 04:55:27.847 8 INFO neutron.plugins.ml2.drivers.ovn.mech_driver.mech_driver [None req-471153b4-2dce-41ab-8623-7450736d3cbd - - - - - -] OVN reports status down for port: 01947e8d-8a8c-4e04-9b07-5c59c053dd16
2026-07-17 04:55:27.912 8 INFO neutron.db.ovn_revision_numbers_db [None req-19172d2d-7a52-4c62-bf59-9f8db0746eb0 77198bcb78c74fce8f75bd49b9ac8a12 50730056407f42f1b23b415dabb70a75 - - default default] Successfully bumped revision number for resource 01947e8d-8a8c-4e04-9b07-5c59c053dd16 (type: ports) to 1 [pid: 8|app: 0|req: 1518/2941] 10.0.0.208 () {34 vars in 670 bytes} [Fri Jul 17 04:55:27 2026] POST /v2.0/networks => generated 656 bytes in 535 msecs (HTTP/1.1 201) 4 headers in 162 bytes (1 switches on core 0)
2026-07-17 04:55:28.140 7 WARNING neutron.scheduler.dhcp_agent_scheduler [None req-3be21a39-5df4-4205-96ed-fcbecfbd7fea 77198bcb78c74fce8f75bd49b9ac8a12 50730056407f42f1b23b415dabb70a75 - - default default] No more DHCP agents
2026-07-17 04:55:28.141 7 WARNING neutron.api.rpc.agentnotifiers.dhcp_rpc_agent_api [None req-3be21a39-5df4-4205-96ed-fcbecfbd7fea 77198bcb78c74fce8f75bd49b9ac8a12 50730056407f42f1b23b415dabb70a75 - - default default] Unable to schedule network 9315cde8-d1d5-4c61-9a94-fa303ce7ad21: no agents available; will retry on subsequent port and subnet creation events.
2026-07-17 04:55:28.547 7 INFO neutron.db.ovn_revision_numbers_db [None req-7344f302-5abc-40ef-9832-1c9c5a1ede86 - - - - - -] Successfully bumped revision number for resource 01947e8d-8a8c-4e04-9b07-5c59c053dd16 (type: ports) to 2
2026-07-17 04:55:28.583 7 INFO neutron.db.ovn_revision_numbers_db [None req-7344f302-5abc-40ef-9832-1c9c5a1ede86 - - - - - -] Successfully bumped revision number for resource 06c695e0-41b7-45f8-8b4e-94c272f69f0f (type: subnets) to 0 [pid: 7|app: 0|req: 1424/2942] 10.0.0.208 () {34 vars in 669 bytes} [Fri Jul 17 04:55:27 2026] POST /v2.0/subnets => generated 655 bytes in 627 msecs (HTTP/1.1 201) 4 headers in 162 bytes (1 switches on core 0)
2026-07-17 04:55:28.802 8 WARNING neutron.scheduler.dhcp_agent_scheduler [None req-113b6ce9-b585-42b5-8afb-d0eec3de0fdd 77198bcb78c74fce8f75bd49b9ac8a12 50730056407f42f1b23b415dabb70a75 - - default default] No more DHCP agents
2026-07-17 04:55:28.803 8 WARNING neutron.api.rpc.agentnotifiers.dhcp_rpc_agent_api [None req-113b6ce9-b585-42b5-8afb-d0eec3de0fdd 77198bcb78c74fce8f75bd49b9ac8a12 50730056407f42f1b23b415dabb70a75 - - default default] Unable to schedule network 9315cde8-d1d5-4c61-9a94-fa303ce7ad21: no agents available; will retry on subsequent port and subnet creation events.
2026-07-17 04:55:28.826 8 INFO neutron.db.ovn_revision_numbers_db [None req-113b6ce9-b585-42b5-8afb-d0eec3de0fdd 77198bcb78c74fce8f75bd49b9ac8a12 50730056407f42f1b23b415dabb70a75 - - default default] Successfully bumped revision number for resource 2e05390a-1ec4-4854-ba69-d0abb849a636 (type: subnets) to 0 [pid: 8|app: 0|req: 1519/2943] 10.0.0.208 () {34 vars in 669 bytes} [Fri Jul 17 04:55:28 2026] POST /v2.0/subnets => generated 725 bytes in 236 msecs (HTTP/1.1 201) 4 headers in 162 bytes (1 switches on core 0)
2026-07-17 04:55:28.931 7 INFO neutron.db.segments_db [None req-b9a36128-5747-40fd-94d9-c59658a69192 77198bcb78c74fce8f75bd49b9ac8a12 50730056407f42f1b23b415dabb70a75 - - default default] Added segment 5c2bf086-8a6f-425c-a03c-750a04f81bac of type geneve for network 13657611-5027-4533-af77-0a9142c6d43c
2026-07-17 04:55:29.027 7 INFO neutron.db.ovn_revision_numbers_db [None req-b9a36128-5747-40fd-94d9-c59658a69192 77198bcb78c74fce8f75bd49b9ac8a12 50730056407f42f1b23b415dabb70a75 - - default default] Successfully bumped revision number for resource 13657611-5027-4533-af77-0a9142c6d43c (type: networks) to 1
2026-07-17 04:55:29.172 7 WARNING neutron.scheduler.dhcp_agent_scheduler [None req-b9a36128-5747-40fd-94d9-c59658a69192 77198bcb78c74fce8f75bd49b9ac8a12 50730056407f42f1b23b415dabb70a75 - - default default] No more DHCP agents
2026-07-17 04:55:29.173 7 WARNING neutron.api.rpc.agentnotifiers.dhcp_rpc_agent_api [None req-b9a36128-5747-40fd-94d9-c59658a69192 77198bcb78c74fce8f75bd49b9ac8a12 50730056407f42f1b23b415dabb70a75 - - default default] Unable to schedule network 13657611-5027-4533-af77-0a9142c6d43c: no agents available; will retry on subsequent port and subnet creation events.
2026-07-17 04:55:29.227 8 INFO neutron.plugins.ml2.drivers.ovn.mech_driver.mech_driver [None req-471153b4-2dce-41ab-8623-7450736d3cbd - - - - - -] OVN reports status down for port: 55bb93f7-3702-4a4c-b629-e486533907ce
2026-07-17 04:55:29.248 7 INFO neutron.db.ovn_revision_numbers_db [None req-b9a36128-5747-40fd-94d9-c59658a69192 77198bcb78c74fce8f75bd49b9ac8a12 50730056407f42f1b23b415dabb70a75 - - default default] Successfully bumped revision number for resource 55bb93f7-3702-4a4c-b629-e486533907ce (type: ports) to 1 [pid: 7|app: 0|req: 1425/2944] 10.0.0.208 () {34 vars in 670 bytes} [Fri Jul 17 04:55:28 2026] POST /v2.0/networks => generated 656 bytes in 428 msecs (HTTP/1.1 201) 4 headers in 162 bytes (1 switches on core 0)
2026-07-17 04:55:29.468 8 WARNING neutron.scheduler.dhcp_agent_scheduler [None req-81a66fe7-0cf3-4bbe-a7dc-1b8c96151aaf 77198bcb78c74fce8f75bd49b9ac8a12 50730056407f42f1b23b415dabb70a75 - - default default] No more DHCP agents
2026-07-17 04:55:29.469 8 WARNING neutron.api.rpc.agentnotifiers.dhcp_rpc_agent_api [None req-81a66fe7-0cf3-4bbe-a7dc-1b8c96151aaf 77198bcb78c74fce8f75bd49b9ac8a12 50730056407f42f1b23b415dabb70a75 - - default default] Unable to schedule network 13657611-5027-4533-af77-0a9142c6d43c: no agents available; will retry on subsequent port and subnet creation events.
2026-07-17 04:55:29.931 8 INFO neutron.db.ovn_revision_numbers_db [None req-b5c26893-9bc7-49ef-b1de-c0d87b792a27 - - - - - -] Successfully bumped revision number for resource 55bb93f7-3702-4a4c-b629-e486533907ce (type: ports) to 2
2026-07-17 04:55:29.983 8 INFO neutron.db.ovn_revision_numbers_db [None req-b5c26893-9bc7-49ef-b1de-c0d87b792a27 - - - - - -] Successfully bumped revision number for resource e9348c98-39f0-4fac-8dfd-18466c1d9a08 (type: subnets) to 0 [pid: 8|app: 0|req: 1520/2947] 10.0.0.208 () {34 vars in 669 bytes} [Fri Jul 17 04:55:29 2026] POST /v2.0/subnets => generated 655 bytes in 724 msecs (HTTP/1.1 201) 4 headers in 162 bytes (1 switches on core 0)
2026-07-17 04:55:30.245 7 WARNING neutron.scheduler.dhcp_agent_scheduler [None req-97508adc-f476-450e-a94d-582fd35c9039 77198bcb78c74fce8f75bd49b9ac8a12 50730056407f42f1b23b415dabb70a75 - - default default] No more DHCP agents
2026-07-17 04:55:30.246 7 WARNING neutron.api.rpc.agentnotifiers.dhcp_rpc_agent_api [None req-97508adc-f476-450e-a94d-582fd35c9039 77198bcb78c74fce8f75bd49b9ac8a12 50730056407f42f1b23b415dabb70a75 - - default default] Unable to schedule network 13657611-5027-4533-af77-0a9142c6d43c: no agents available; will retry on subsequent port and subnet creation events.
2026-07-17 04:55:30.272 7 INFO neutron.db.ovn_revision_numbers_db [None req-97508adc-f476-450e-a94d-582fd35c9039 77198bcb78c74fce8f75bd49b9ac8a12 50730056407f42f1b23b415dabb70a75 - - default default] Successfully bumped revision number for resource 15fde095-d50b-4c84-9a12-2a67fbf4ee25 (type: subnets) to 0 [pid: 7|app: 0|req: 1428/2948] 10.0.0.208 () {34 vars in 669 bytes} [Fri Jul 17 04:55:30 2026] POST /v2.0/subnets => generated 729 bytes in 292 msecs (HTTP/1.1 201) 4 headers in 162 bytes (1 switches on core 0) [pid: 7|app: 0|req: 1429/2949] 10.0.0.182 () {28 vars in 619 bytes} [Fri Jul 17 04:55:30 2026] GET /v2.0/network-ip-availabilities => generated 3184 bytes in 72 msecs (HTTP/1.1 200) 4 headers in 158 bytes (1 switches on core 0) [pid: 7|app: 0|req: 1430/2950] 10.0.0.182 () {28 vars in 599 bytes} [Fri Jul 17 04:55:30 2026] GET /v2.0/security-groups => generated 20305 bytes in 38 msecs (HTTP/1.1 200) 4 headers in 159 bytes (1 switches on core 0)
2026-07-17 04:55:30.744 8 WARNING neutron.scheduler.dhcp_agent_scheduler [None req-a7935125-b8ed-4d89-b237-94ee99b20702 77198bcb78c74fce8f75bd49b9ac8a12 50730056407f42f1b23b415dabb70a75 - - default default] No more DHCP agents
2026-07-17 04:55:30.745 8 WARNING neutron.api.rpc.agentnotifiers.dhcp_rpc_agent_api [None req-a7935125-b8ed-4d89-b237-94ee99b20702 77198bcb78c74fce8f75bd49b9ac8a12 50730056407f42f1b23b415dabb70a75 - - default default] Unable to schedule network b9acc83f-c2c4-4ef6-8439-169991b42654: no agents available; will retry on subsequent port and subnet creation events. [pid: 7|app: 0|req: 1431/2951] 10.0.0.182 () {28 vars in 579 bytes} [Fri Jul 17 04:55:30 2026] GET /v2.0/ports => generated 9299 bytes in 80 msecs (HTTP/1.1 200) 4 headers in 158 bytes (1 switches on core 0)
2026-07-17 04:55:30.843 8 INFO neutron.plugins.ml2.drivers.ovn.mech_driver.mech_driver [None req-471153b4-2dce-41ab-8623-7450736d3cbd - - - - - -] OVN reports status down for port: 0dff0e81-5722-431c-b805-2b412022e78b [pid: 7|app: 0|req: 1432/2952] 10.0.0.182 () {28 vars in 591 bytes} [Fri Jul 17 04:55:30 2026] GET /v2.0/floatingips => generated 19 bytes in 30 msecs (HTTP/1.1 200) 4 headers in 156 bytes (1 switches on core 0) [pid: 7|app: 0|req: 1433/2953] 10.0.0.182 () {28 vars in 581 bytes} [Fri Jul 17 04:55:30 2026] GET /v2.0/agents => generated 1214 bytes in 15 msecs (HTTP/1.1 200) 4 headers in 158 bytes (1 switches on core 0)
2026-07-17 04:55:30.898 8 INFO neutron.db.ovn_revision_numbers_db [None req-a7935125-b8ed-4d89-b237-94ee99b20702 77198bcb78c74fce8f75bd49b9ac8a12 50730056407f42f1b23b415dabb70a75 - - default default] Successfully bumped revision number for resource 0dff0e81-5722-431c-b805-2b412022e78b (type: ports) to 1 [pid: 7|app: 0|req: 1434/2954] 10.0.0.182 () {28 vars in 583 bytes} [Fri Jul 17 04:55:30 2026] GET /v2.0/subnets => generated 5510 bytes in 46 msecs (HTTP/1.1 200) 4 headers in 158 bytes (1 switches on core 0) [pid: 7|app: 0|req: 1435/2955] 10.0.0.182 () {28 vars in 591 bytes} [Fri Jul 17 04:55:30 2026] GET /v2.0/subnetpools => generated 19 bytes in 12 msecs (HTTP/1.1 200) 4 headers in 156 bytes (1 switches on core 0) [pid: 7|app: 0|req: 1436/2956] 10.0.0.182 () {28 vars in 583 bytes} [Fri Jul 17 04:55:30 2026] GET /v2.0/routers => generated 614 bytes in 59 msecs (HTTP/1.1 200) 4 headers in 157 bytes (1 switches on core 0) [pid: 7|app: 0|req: 1437/2957] 10.0.0.182 () {28 vars in 624 bytes} [Fri Jul 17 04:55:31 2026] GET /v2.0/agents?binary=ovn-controller => generated 416 bytes in 10 msecs (HTTP/1.1 200) 4 headers in 157 bytes (1 switches on core 0) [pid: 7|app: 0|req: 1438/2958] 10.0.0.182 () {28 vars in 583 bytes} [Fri Jul 17 04:55:31 2026] GET /v2.0/subnets => generated 5510 bytes in 41 msecs (HTTP/1.1 200) 4 headers in 158 bytes (1 switches on core 0) [pid: 7|app: 0|req: 1439/2959] 10.0.0.182 () {28 vars in 585 bytes} [Fri Jul 17 04:55:31 2026] GET /v2.0/networks => generated 4770 bytes in 70 msecs (HTTP/1.1 200) 4 headers in 158 bytes (1 switches on core 0)
2026-07-17 04:55:31.540 8 INFO neutron.plugins.ml2.drivers.ovn.mech_driver.ovsdb.commands [None req-37039950-f1a8-4672-8bcc-fe72eed94b08 - - - - - -] Schedule LRP lrp-0dff0e81-5722-431c-b805-2b412022e78b on gateway eee1ccc5-105f-4790-841b-a1cdd9cc6bce with priority 1
2026-07-17 04:55:31.601 8 INFO neutron.plugins.ml2.drivers.ovn.mech_driver.mech_driver [None req-471153b4-2dce-41ab-8623-7450736d3cbd - - - - - -] OVN reports status up for port: 0dff0e81-5722-431c-b805-2b412022e78b
2026-07-17 04:55:31.608 7 INFO neutron.plugins.ml2.drivers.ovn.mech_driver.ovsdb.ovsdb_monitor [None req-78906c5b-b17c-4d2c-97ed-33ceefcb53cc - - - - - -] Router ad87127e-7f57-497c-869e-d069033bb53a is bound to host instance
2026-07-17 04:55:31.623 8 INFO neutron.plugins.ml2.plugin [None req-471153b4-2dce-41ab-8623-7450736d3cbd - - - - - -] Attempt 1 to provision port 0dff0e81-5722-431c-b805-2b412022e78b
2026-07-17 04:55:31.655 8 INFO neutron.db.ovn_revision_numbers_db [None req-a7935125-b8ed-4d89-b237-94ee99b20702 77198bcb78c74fce8f75bd49b9ac8a12 50730056407f42f1b23b415dabb70a75 - - default default] Successfully bumped revision number for resource 0dff0e81-5722-431c-b805-2b412022e78b (type: router_ports) to 1
2026-07-17 04:55:31.771 8 INFO neutron.db.ovn_revision_numbers_db [None req-a7935125-b8ed-4d89-b237-94ee99b20702 77198bcb78c74fce8f75bd49b9ac8a12 50730056407f42f1b23b415dabb70a75 - - default default] Successfully bumped revision number for resource ad87127e-7f57-497c-869e-d069033bb53a (type: routers) to 2 [pid: 8|app: 0|req: 1521/2960] 10.0.0.208 () {34 vars in 669 bytes} [Fri Jul 17 04:55:30 2026] POST /v2.0/routers => generated 944 bytes in 1486 msecs (HTTP/1.1 201) 4 headers in 162 bytes (1 switches on core 0)
2026-07-17 04:55:32.673 7 WARNING neutron.scheduler.dhcp_agent_scheduler [None req-642f96f7-17cd-4477-b542-159e7752a701 77198bcb78c74fce8f75bd49b9ac8a12 50730056407f42f1b23b415dabb70a75 - - default default] No more DHCP agents
2026-07-17 04:55:32.677 7 WARNING neutron.api.rpc.agentnotifiers.dhcp_rpc_agent_api [None req-642f96f7-17cd-4477-b542-159e7752a701 77198bcb78c74fce8f75bd49b9ac8a12 50730056407f42f1b23b415dabb70a75 - - default default] Unable to schedule network 66e77138-bb3f-4cbe-a1a0-37d421f37318: no agents available; will retry on subsequent port and subnet creation events.
2026-07-17 04:55:32.899 7 INFO neutron.db.ovn_revision_numbers_db [None req-642f96f7-17cd-4477-b542-159e7752a701 77198bcb78c74fce8f75bd49b9ac8a12 50730056407f42f1b23b415dabb70a75 - - default default] Successfully bumped revision number for resource 340e8df7-2238-4003-b119-b878c2cd6e78 (type: ports) to 1
2026-07-17 04:55:32.949 7 INFO neutron.db.ovn_revision_numbers_db [None req-830e0ef5-78cc-4a24-a781-315c484dd3c3 - - - - - -] Successfully bumped revision number for resource 0dff0e81-5722-431c-b805-2b412022e78b (type: ports) to 4
2026-07-17 04:55:33.559 7 INFO neutron.db.ovn_revision_numbers_db [None req-830e0ef5-78cc-4a24-a781-315c484dd3c3 - - - - - -] Successfully bumped revision number for resource 0dff0e81-5722-431c-b805-2b412022e78b (type: ports) to 5
2026-07-17 04:55:33.965 7 WARNING neutron.scheduler.dhcp_agent_scheduler [None req-642f96f7-17cd-4477-b542-159e7752a701 77198bcb78c74fce8f75bd49b9ac8a12 50730056407f42f1b23b415dabb70a75 - - default default] No more DHCP agents
2026-07-17 04:55:33.966 7 WARNING neutron.api.rpc.agentnotifiers.dhcp_rpc_agent_api [None req-642f96f7-17cd-4477-b542-159e7752a701 77198bcb78c74fce8f75bd49b9ac8a12 50730056407f42f1b23b415dabb70a75 - - default default] Unable to schedule network 66e77138-bb3f-4cbe-a1a0-37d421f37318: no agents available; will retry on subsequent port and subnet creation events.
2026-07-17 04:55:34.065 8 INFO neutron.plugins.ml2.drivers.ovn.mech_driver.mech_driver [None req-471153b4-2dce-41ab-8623-7450736d3cbd - - - - - -] OVN reports status down for port: 340e8df7-2238-4003-b119-b878c2cd6e78
2026-07-17 04:55:34.104 8 WARNING neutron.plugins.ml2.drivers.ovn.mech_driver.ovsdb.ovn_client [None req-471153b4-2dce-41ab-8623-7450736d3cbd - - - - - -] Logical_Switch_Port %s host information not removed, the port state is up
2026-07-17 04:55:34.104 8 INFO neutron.plugins.ml2.drivers.ovn.mech_driver.mech_driver [None req-471153b4-2dce-41ab-8623-7450736d3cbd - - - - - -] OVN reports status up for port: 340e8df7-2238-4003-b119-b878c2cd6e78
2026-07-17 04:55:34.113 8 INFO neutron.plugins.ml2.plugin [None req-471153b4-2dce-41ab-8623-7450736d3cbd - - - - - -] Attempt 1 to provision port 340e8df7-2238-4003-b119-b878c2cd6e78
2026-07-17 04:55:34.264 7 INFO neutron.db.ovn_revision_numbers_db [None req-642f96f7-17cd-4477-b542-159e7752a701 77198bcb78c74fce8f75bd49b9ac8a12 50730056407f42f1b23b415dabb70a75 - - default default] Successfully bumped revision number for resource 340e8df7-2238-4003-b119-b878c2cd6e78 (type: router_ports) to 1 [pid: 7|app: 0|req: 1440/2961] 10.0.0.208 () {34 vars in 783 bytes} [Fri Jul 17 04:55:31 2026] PUT /v2.0/routers/ad87127e-7f57-497c-869e-d069033bb53a/add_router_interface => generated 309 bytes in 2477 msecs (HTTP/1.1 200) 4 headers in 157 bytes (1 switches on core 0)
2026-07-17 04:55:34.806 8 INFO neutron.db.ovn_revision_numbers_db [None req-471153b4-2dce-41ab-8623-7450736d3cbd - - - - - -] Successfully bumped revision number for resource 340e8df7-2238-4003-b119-b878c2cd6e78 (type: ports) to 2
2026-07-17 04:55:35.099 8 WARNING neutron.scheduler.dhcp_agent_scheduler [None req-b0875572-1054-4eb9-9a05-21d357385355 77198bcb78c74fce8f75bd49b9ac8a12 50730056407f42f1b23b415dabb70a75 - - default default] No more DHCP agents
2026-07-17 04:55:35.101 8 WARNING neutron.api.rpc.agentnotifiers.dhcp_rpc_agent_api [None req-b0875572-1054-4eb9-9a05-21d357385355 77198bcb78c74fce8f75bd49b9ac8a12 50730056407f42f1b23b415dabb70a75 - - default default] Unable to schedule network 9315cde8-d1d5-4c61-9a94-fa303ce7ad21: no agents available; will retry on subsequent port and subnet creation events.
2026-07-17 04:55:35.203 7 INFO neutron.plugins.ml2.drivers.ovn.mech_driver.mech_driver [None req-23d9e1a4-b218-4017-9d7a-ef3a4e7f117b - - - - - -] OVN reports status down for port: c6b04330-fd01-43fe-bd06-ea4f4cfbf069
2026-07-17 04:55:35.234 8 INFO neutron.db.ovn_revision_numbers_db [None req-b0875572-1054-4eb9-9a05-21d357385355 77198bcb78c74fce8f75bd49b9ac8a12 50730056407f42f1b23b415dabb70a75 - - default default] Successfully bumped revision number for resource c6b04330-fd01-43fe-bd06-ea4f4cfbf069 (type: ports) to 1
2026-07-17 04:55:35.866 7 INFO neutron.plugins.ml2.drivers.ovn.mech_driver.mech_driver [None req-23d9e1a4-b218-4017-9d7a-ef3a4e7f117b - - - - - -] OVN reports status up for port: c6b04330-fd01-43fe-bd06-ea4f4cfbf069
