+ COMMAND=start + start + for KEYSTONE_WSGI_SCRIPT in keystone-wsgi-public ++ type -p keystone-wsgi-public + cp -a /var/lib/openstack/bin/keystone-wsgi-public /var/www/cgi-bin/keystone/ + '[' -f /etc/apache2/envvars ']' + source /etc/apache2/envvars ++ unset HOME ++ '[' '' '!=' '' ']' ++ SUFFIX= ++ export APACHE_RUN_USER=www-data ++ APACHE_RUN_USER=www-data ++ export APACHE_RUN_GROUP=www-data ++ APACHE_RUN_GROUP=www-data ++ export APACHE_PID_FILE=/var/run/apache2/apache2.pid ++ APACHE_PID_FILE=/var/run/apache2/apache2.pid ++ export APACHE_RUN_DIR=/var/run/apache2 ++ APACHE_RUN_DIR=/var/run/apache2 ++ export APACHE_LOCK_DIR=/var/lock/apache2 ++ APACHE_LOCK_DIR=/var/lock/apache2 ++ export APACHE_LOG_DIR=/var/log/apache2 ++ APACHE_LOG_DIR=/var/log/apache2 ++ export LANG=C ++ LANG=C ++ export LANG + '[' -f /var/run/apache2/apache2.pid ']' + exec apache2 -DFOREGROUND AH00558: apache2: Could not reliably determine the server's fully qualified domain name, using 10.0.0.216. Set the 'ServerName' directive globally to suppress this message AH00558: apache2: Could not reliably determine the server's fully qualified domain name, using 10.0.0.216. Set the 'ServerName' directive globally to suppress this message
[Mon Jul 13 20:13:06.342848 2026] [mpm_event:notice] [pid 1:tid 139728898828160] AH00489: Apache/2.4.58 (Ubuntu) mod_wsgi/5.0.0 Python/3.12 configured -- resuming normal operations
[Mon Jul 13 20:13:06.342994 2026] [core:notice] [pid 1:tid 139728898828160] AH00094: Command line: 'apache2 -D FOREGROUND'
[Mon Jul 13 20:14:07.059886 2026] [wsgi:error] [pid 9:tid 139728261007040] /var/lib/openstack/lib/python3.12/site-packages/oslo_utils/importutils.py:77: EventletDeprecationWarning:
[Mon Jul 13 20:14:07.059930 2026] [wsgi:error] [pid 9:tid 139728261007040] Eventlet is deprecated. It is currently being maintained in bugfix mode, and
[Mon Jul 13 20:14:07.059932 2026] [wsgi:error] [pid 9:tid 139728261007040] we strongly recommend against using it for new projects.
[Mon Jul 13 20:14:07.059933 2026] [wsgi:error] [pid 9:tid 139728261007040]
[Mon Jul 13 20:14:07.059934 2026] [wsgi:error] [pid 9:tid 139728261007040] If you are already using Eventlet, we recommend migrating to a different
[Mon Jul 13 20:14:07.059935 2026] [wsgi:error] [pid 9:tid 139728261007040] framework. For more detail see
[Mon Jul 13 20:14:07.059936 2026] [wsgi:error] [pid 9:tid 139728261007040] https://eventlet.readthedocs.io/en/latest/asyncio/migration.html
[Mon Jul 13 20:14:07.059938 2026] [wsgi:error] [pid 9:tid 139728261007040]
[Mon Jul 13 20:14:07.059939 2026] [wsgi:error] [pid 9:tid 139728261007040] __import__(import_str)
[Mon Jul 13 20:14:07.061458 2026] [wsgi:error] [pid 12:tid 139728261007040] /var/lib/openstack/lib/python3.12/site-packages/oslo_utils/importutils.py:77: EventletDeprecationWarning:
[Mon Jul 13 20:14:07.061503 2026] [wsgi:error] [pid 12:tid 139728261007040] Eventlet is deprecated. It is currently being maintained in bugfix mode, and
[Mon Jul 13 20:14:07.061505 2026] [wsgi:error] [pid 12:tid 139728261007040] we strongly recommend against using it for new projects.
[Mon Jul 13 20:14:07.061506 2026] [wsgi:error] [pid 12:tid 139728261007040]
[Mon Jul 13 20:14:07.061507 2026] [wsgi:error] [pid 12:tid 139728261007040] If you are already using Eventlet, we recommend migrating to a different
[Mon Jul 13 20:14:07.061508 2026] [wsgi:error] [pid 12:tid 139728261007040] framework. For more detail see
[Mon Jul 13 20:14:07.061509 2026] [wsgi:error] [pid 12:tid 139728261007040] https://eventlet.readthedocs.io/en/latest/asyncio/migration.html
[Mon Jul 13 20:14:07.061511 2026] [wsgi:error] [pid 12:tid 139728261007040]
[Mon Jul 13 20:14:07.061512 2026] [wsgi:error] [pid 12:tid 139728261007040] __import__(import_str) 10.0.0.45 - - [13/Jul/2026:20:14:06 +0000] "GET /v3/ HTTP/1.1" 200 250 10.0.0.45 - - [13/Jul/2026:20:14:06 +0000] "GET /v3/ HTTP/1.1" 200 250
[Mon Jul 13 20:14:12.430428 2026] [wsgi:error] [pid 11:tid 139728261007040] /var/lib/openstack/lib/python3.12/site-packages/oslo_utils/importutils.py:77: EventletDeprecationWarning:
[Mon Jul 13 20:14:12.430478 2026] [wsgi:error] [pid 11:tid 139728261007040] Eventlet is deprecated. It is currently being maintained in bugfix mode, and
[Mon Jul 13 20:14:12.430480 2026] [wsgi:error] [pid 11:tid 139728261007040] we strongly recommend against using it for new projects.
[Mon Jul 13 20:14:12.430481 2026] [wsgi:error] [pid 11:tid 139728261007040]
[Mon Jul 13 20:14:12.430482 2026] [wsgi:error] [pid 11:tid 139728261007040] If you are already using Eventlet, we recommend migrating to a different
[Mon Jul 13 20:14:12.430484 2026] [wsgi:error] [pid 11:tid 139728261007040] framework. For more detail see
[Mon Jul 13 20:14:12.430485 2026] [wsgi:error] [pid 11:tid 139728261007040] https://eventlet.readthedocs.io/en/latest/asyncio/migration.html
[Mon Jul 13 20:14:12.430486 2026] [wsgi:error] [pid 11:tid 139728261007040]
[Mon Jul 13 20:14:12.430487 2026] [wsgi:error] [pid 11:tid 139728261007040] __import__(import_str) 10.0.0.45 - - [13/Jul/2026:20:14:11 +0000] "GET /v3/ HTTP/1.1" 200 250
[Mon Jul 13 20:14:19.385292 2026] [wsgi:error] [pid 10:tid 139728261007040] /var/lib/openstack/lib/python3.12/site-packages/oslo_utils/importutils.py:77: EventletDeprecationWarning:
[Mon Jul 13 20:14:19.385334 2026] [wsgi:error] [pid 10:tid 139728261007040] Eventlet is deprecated. It is currently being maintained in bugfix mode, and
[Mon Jul 13 20:14:19.385336 2026] [wsgi:error] [pid 10:tid 139728261007040] we strongly recommend against using it for new projects.
[Mon Jul 13 20:14:19.385338 2026] [wsgi:error] [pid 10:tid 139728261007040]
[Mon Jul 13 20:14:19.385339 2026] [wsgi:error] [pid 10:tid 139728261007040] If you are already using Eventlet, we recommend migrating to a different
[Mon Jul 13 20:14:19.385340 2026] [wsgi:error] [pid 10:tid 139728261007040] framework. For more detail see
[Mon Jul 13 20:14:19.385341 2026] [wsgi:error] [pid 10:tid 139728261007040] https://eventlet.readthedocs.io/en/latest/asyncio/migration.html
[Mon Jul 13 20:14:19.385342 2026] [wsgi:error] [pid 10:tid 139728261007040]
[Mon Jul 13 20:14:19.385343 2026] [wsgi:error] [pid 10:tid 139728261007040] __import__(import_str) 10.0.0.171 - - [13/Jul/2026:20:14:18 +0000] "GET / HTTP/1.1" 300 295
[Mon Jul 13 20:14:24.078765 2026] [wsgi:error] [pid 9:tid 139728261007040] [remote 10.0.0.171:43298] 2026-07-13 20:14:24.075 9 WARNING keystone.identity.core [None req-75e81642-455d-42db-adf3-e1d17ddc3ea8 - - - - - -] Invalid domain name (atmosphere) found in config file name: keystone.exception.DomainNotFound: Could not find domain: atmosphere.
[Mon Jul 13 20:14:24.140528 2026] [wsgi:error] [pid 9:tid 139728261007040] [remote 10.0.0.171:43298] 2026-07-13 20:14:24.140 9 WARNING keystone.common.password_hashing [None req-75e81642-455d-42db-adf3-e1d17ddc3ea8 - - - - - -] Truncating password to algorithm specific maximum length 72 characters.
[Mon Jul 13 20:14:24.423859 2026] [wsgi:error] [pid 9:tid 139728261007040] [remote 10.0.0.171:43298] 2026-07-13 20:14:24.423 9 WARNING keystone.common.fernet_utils [None req-75e81642-455d-42db-adf3-e1d17ddc3ea8 - - - - - -] key_repository is world readable: /etc/keystone/fernet-keys/ 10.0.0.171 - - [13/Jul/2026:20:14:23 +0000] "POST /v3/auth/tokens HTTP/1.1" 201 1359
[Mon Jul 13 20:14:24.818158 2026] [wsgi:error] [pid 12:tid 139728261007040] [remote 10.0.0.171:43298] 2026-07-13 20:14:24.815 12 WARNING keystone.identity.core [None req-a5710ffc-315b-4477-a74d-3da6e4cddd97 - - - - - -] Invalid domain name (atmosphere) found in config file name: keystone.exception.DomainNotFound: Could not find domain: atmosphere. 10.0.0.171 - - [13/Jul/2026:20:14:24 +0000] "POST /v3/domains HTTP/1.1" 201 261 10.0.0.210 - - [13/Jul/2026:20:14:35 +0000] "GET / HTTP/1.1" 300 295
[Mon Jul 13 20:14:36.003315 2026] [wsgi:error] [pid 10:tid 139728261007040] [remote 10.0.0.210:41662] 2026-07-13 20:14:36.002 10 WARNING keystone.common.password_hashing [None req-79a2139c-24c3-4f23-96ec-22e1ab14989e - - - - - -] Truncating password to algorithm specific maximum length 72 characters.
[Mon Jul 13 20:14:36.302046 2026] [wsgi:error] [pid 10:tid 139728261007040] [remote 10.0.0.210:41662] 2026-07-13 20:14:36.300 10 WARNING keystone.common.fernet_utils [None req-79a2139c-24c3-4f23-96ec-22e1ab14989e - - - - - -] key_repository is world readable: /etc/keystone/fernet-keys/ 10.0.0.210 - - [13/Jul/2026:20:14:35 +0000] "POST /v3/auth/tokens HTTP/1.1" 201 1359 10.0.0.210 - - [13/Jul/2026:20:14:36 +0000] "GET /v3/roles/admin HTTP/1.1" 404 83
[Mon Jul 13 20:14:36.589170 2026] [wsgi:error] [pid 12:tid 139728261007040] [remote 10.0.0.210:41662] 2026-07-13 20:14:36.588 12 WARNING keystone.common.rbac_enforcer.enforcer [None req-0ce810eb-afac-48f9-a2b9-8b30e13303c1 dcc923f2cc1b4d02a6a95e78d4d2cc31 1d25f39f8a854ff698542354bb66c8ce - - default default] Deprecated policy rules found. Use oslopolicy-policy-generator and oslopolicy-policy-upgrade to detect and resolve deprecated policies in your configuration. 10.0.0.210 - - [13/Jul/2026:20:14:36 +0000] "GET /v3/roles?name=admin HTTP/1.1" 200 389
[Mon Jul 13 20:14:37.105701 2026] [wsgi:error] [pid 11:tid 139728261007040] [remote 10.0.0.210:41662] 2026-07-13 20:14:37.105 11 WARNING keystone.common.rbac_enforcer.enforcer [None req-835d73f3-ab2a-41f5-8543-8eb41f9ad868 dcc923f2cc1b4d02a6a95e78d4d2cc31 1d25f39f8a854ff698542354bb66c8ce - - default default] Deprecated policy rules found. Use oslopolicy-policy-generator and oslopolicy-policy-upgrade to detect and resolve deprecated policies in your configuration. 10.0.0.210 - - [13/Jul/2026:20:14:36 +0000] "GET /v3/users/admin-RegionOne HTTP/1.1" 404 93
[Mon Jul 13 20:14:37.402681 2026] [wsgi:error] [pid 10:tid 139728261007040] [remote 10.0.0.210:41662] 2026-07-13 20:14:37.402 10 WARNING keystone.common.rbac_enforcer.enforcer [None req-85d2543f-a143-4da8-9f3b-ead1ee795d45 dcc923f2cc1b4d02a6a95e78d4d2cc31 1d25f39f8a854ff698542354bb66c8ce - - default default] Deprecated policy rules found. Use oslopolicy-policy-generator and oslopolicy-policy-upgrade to detect and resolve deprecated policies in your configuration. 10.0.0.210 - - [13/Jul/2026:20:14:37 +0000] "GET /v3/users?name=admin-RegionOne HTTP/1.1" 200 422
[Mon Jul 13 20:14:37.592586 2026] [wsgi:error] [pid 9:tid 139728261007040] [remote 10.0.0.210:41662] 2026-07-13 20:14:37.592 9 WARNING keystone.common.rbac_enforcer.enforcer [None req-b9885d48-e039-4b7e-8e9a-a0b5f53f8d73 dcc923f2cc1b4d02a6a95e78d4d2cc31 1d25f39f8a854ff698542354bb66c8ce - - default default] Deprecated policy rules found. Use oslopolicy-policy-generator and oslopolicy-policy-upgrade to detect and resolve deprecated policies in your configuration. 10.0.0.210 - - [13/Jul/2026:20:14:37 +0000] "GET /v3/domains/default HTTP/1.1" 200 224 10.0.0.210 - - [13/Jul/2026:20:14:37 +0000] "PUT /v3/domains/default/users/dcc923f2cc1b4d02a6a95e78d4d2cc31/roles/e412bb7823cf42d693975a0c2f1ddcdc HTTP/1.1" 204 - 10.0.0.45 - - [13/Jul/2026:20:14:46 +0000] "GET / HTTP/1.1" 300 280 10.0.0.45 - - [13/Jul/2026:20:14:48 +0000] "GET /v3 HTTP/1.1" 200 265
[Mon Jul 13 20:14:48.197388 2026] [wsgi:error] [pid 9:tid 139728261007040] [remote 10.0.0.45:37572] 2026-07-13 20:14:48.197 9 WARNING keystone.common.password_hashing [None req-af51fff5-b728-4df8-ab90-d6b6670a7115 - - - - - -] Truncating password to algorithm specific maximum length 72 characters.
[Mon Jul 13 20:14:48.468371 2026] [wsgi:error] [pid 9:tid 139728261007040] [remote 10.0.0.45:37572] 2026-07-13 20:14:48.468 9 WARNING keystone.common.fernet_utils [None req-af51fff5-b728-4df8-ab90-d6b6670a7115 - - - - - -] key_repository is world readable: /etc/keystone/fernet-keys/ 10.0.0.45 - - [13/Jul/2026:20:14:48 +0000] "POST /v3/auth/tokens HTTP/1.1" 201 1359 10.0.0.45 - - [13/Jul/2026:20:14:48 +0000] "GET / HTTP/1.1" 300 280 10.0.0.45 - - [13/Jul/2026:20:14:48 +0000] "GET /v3/domains/atmosphere HTTP/1.1" 404 90 10.0.0.45 - - [13/Jul/2026:20:14:48 +0000] "GET /v3/domains?name=atmosphere HTTP/1.1" 200 368 10.0.0.45 - - [13/Jul/2026:20:14:48 +0000] "GET /v3/domains/343bf6dee850451b9fd8695389ef6e05 HTTP/1.1" 200 246 10.0.0.45 - - [13/Jul/2026:20:14:49 +0000] "GET /v3 HTTP/1.1" 200 265
[Mon Jul 13 20:14:49.584917 2026] [wsgi:error] [pid 11:tid 139728261007040] [remote 10.0.0.45:37560] 2026-07-13 20:14:49.584 11 WARNING keystone.common.password_hashing [None req-543f9eae-d8b2-40cd-9fdc-fd8c82979af0 - - - - - -] Truncating password to algorithm specific maximum length 72 characters.
[Mon Jul 13 20:14:49.874943 2026] [wsgi:error] [pid 11:tid 139728261007040] [remote 10.0.0.45:37560] 2026-07-13 20:14:49.874 11 WARNING keystone.common.fernet_utils [None req-543f9eae-d8b2-40cd-9fdc-fd8c82979af0 - - - - - -] key_repository is world readable: /etc/keystone/fernet-keys/ 10.0.0.45 - - [13/Jul/2026:20:14:49 +0000] "POST /v3/auth/tokens HTTP/1.1" 201 1359 10.0.0.45 - - [13/Jul/2026:20:14:49 +0000] "GET / HTTP/1.1" 300 280 10.0.0.45 - - [13/Jul/2026:20:14:49 +0000] "GET /v3/OS-FEDERATION/identity_providers/atmosphere HTTP/1.1" 404 101 10.0.0.45 - - [13/Jul/2026:20:14:49 +0000] "GET /v3/OS-FEDERATION/identity_providers HTTP/1.1" 200 155 10.0.0.45 - - [13/Jul/2026:20:14:49 +0000] "PUT /v3/OS-FEDERATION/identity_providers/atmosphere HTTP/1.1" 201 340 10.0.0.45 - - [13/Jul/2026:20:14:50 +0000] "GET /v3 HTTP/1.1" 200 265
[Mon Jul 13 20:14:50.777427 2026] [wsgi:error] [pid 9:tid 139728261007040] [remote 10.0.0.45:37572] 2026-07-13 20:14:50.777 9 WARNING keystone.common.password_hashing [None req-c1fad89e-e546-47b0-a309-54f0496df00e - - - - - -] Truncating password to algorithm specific maximum length 72 characters.
[Mon Jul 13 20:14:51.058892 2026] [wsgi:error] [pid 9:tid 139728261007040] [remote 10.0.0.45:37572] 2026-07-13 20:14:51.058 9 WARNING keystone.common.fernet_utils [None req-c1fad89e-e546-47b0-a309-54f0496df00e - - - - - -] key_repository is world readable: /etc/keystone/fernet-keys/ 10.0.0.45 - - [13/Jul/2026:20:14:50 +0000] "POST /v3/auth/tokens HTTP/1.1" 201 1359 10.0.0.45 - - [13/Jul/2026:20:14:51 +0000] "GET / HTTP/1.1" 300 280 10.0.0.45 - - [13/Jul/2026:20:14:51 +0000] "GET /v3/OS-FEDERATION/mappings/atmosphere-openid HTTP/1.1" 404 98 10.0.0.45 - - [13/Jul/2026:20:14:51 +0000] "GET /v3/OS-FEDERATION/mappings HTTP/1.1" 200 135 10.0.0.45 - - [13/Jul/2026:20:14:51 +0000] "PUT /v3/OS-FEDERATION/mappings/atmosphere-openid HTTP/1.1" 201 356 10.0.0.45 - - [13/Jul/2026:20:14:51 +0000] "GET /v3 HTTP/1.1" 200 265
[Mon Jul 13 20:14:51.917514 2026] [wsgi:error] [pid 11:tid 139728261007040] [remote 10.0.0.45:37560] 2026-07-13 20:14:51.917 11 WARNING keystone.common.password_hashing [None req-78795393-c6f3-4c6a-a273-153971a92108 - - - - - -] Truncating password to algorithm specific maximum length 72 characters.
[Mon Jul 13 20:14:52.185982 2026] [wsgi:error] [pid 11:tid 139728261007040] [remote 10.0.0.45:37560] 2026-07-13 20:14:52.185 11 WARNING keystone.common.fernet_utils [None req-78795393-c6f3-4c6a-a273-153971a92108 - - - - - -] key_repository is world readable: /etc/keystone/fernet-keys/ 10.0.0.45 - - [13/Jul/2026:20:14:51 +0000] "POST /v3/auth/tokens HTTP/1.1" 201 1359 10.0.0.45 - - [13/Jul/2026:20:14:52 +0000] "GET / HTTP/1.1" 300 280 10.0.0.45 - - [13/Jul/2026:20:14:52 +0000] "GET /v3/OS-FEDERATION/identity_providers/atmosphere/protocols/openid?idp_id=atmosphere HTTP/1.1" 404 131 10.0.0.45 - - [13/Jul/2026:20:14:52 +0000] "GET /v3/OS-FEDERATION/identity_providers/atmosphere/protocols HTTP/1.1" 200 167 10.0.0.45 - - [13/Jul/2026:20:14:52 +0000] "PUT /v3/OS-FEDERATION/identity_providers/atmosphere/protocols/openid HTTP/1.1" 201 222 10.0.0.45 - - [13/Jul/2026:20:15:06 +0000] "GET /v3/ HTTP/1.1" 200 250 10.0.0.45 - - [13/Jul/2026:20:15:06 +0000] "GET /v3/ HTTP/1.1" 200 250 10.0.0.45 - - [13/Jul/2026:20:16:06 +0000] "GET /v3/ HTTP/1.1" 200 250 10.0.0.45 - - [13/Jul/2026:20:16:06 +0000] "GET /v3/ HTTP/1.1" 200 250 10.0.0.215 - - [13/Jul/2026:20:16:14 +0000] "GET / HTTP/1.1" 300 295
[Mon Jul 13 20:16:14.570899 2026] [wsgi:error] [pid 9:tid 139728261007040] [remote 10.0.0.215:49698] 2026-07-13 20:16:14.570 9 WARNING keystone.common.password_hashing [None req-e258080a-2a63-4c6d-abb2-50f72e63cfbe - - - - - -] Truncating password to algorithm specific maximum length 72 characters.
[Mon Jul 13 20:16:14.851582 2026] [wsgi:error] [pid 9:tid 139728261007040] [remote 10.0.0.215:49698] 2026-07-13 20:16:14.851 9 WARNING keystone.common.fernet_utils [None req-e258080a-2a63-4c6d-abb2-50f72e63cfbe - - - - - -] key_repository is world readable: /etc/keystone/fernet-keys/ 10.0.0.215 - - [13/Jul/2026:20:16:14 +0000] "POST /v3/auth/tokens HTTP/1.1" 201 1359 10.0.0.215 - - [13/Jul/2026:20:16:14 +0000] "GET /v3/services HTTP/1.1" 200 355 10.0.0.215 - - [13/Jul/2026:20:16:18 +0000] "GET / HTTP/1.1" 300 295
[Mon Jul 13 20:16:18.808439 2026] [wsgi:error] [pid 10:tid 139728261007040] [remote 10.0.0.215:46508] 2026-07-13 20:16:18.808 10 WARNING keystone.common.password_hashing [None req-7428861d-a3c1-4b7c-b4ce-a56feff27ab9 - - - - - -] Truncating password to algorithm specific maximum length 72 characters.
[Mon Jul 13 20:16:19.084001 2026] [wsgi:error] [pid 10:tid 139728261007040] [remote 10.0.0.215:46508] 2026-07-13 20:16:19.083 10 WARNING keystone.common.fernet_utils [None req-7428861d-a3c1-4b7c-b4ce-a56feff27ab9 - - - - - -] key_repository is world readable: /etc/keystone/fernet-keys/ 10.0.0.215 - - [13/Jul/2026:20:16:18 +0000] "POST /v3/auth/tokens HTTP/1.1" 201 1359 10.0.0.215 - - [13/Jul/2026:20:16:19 +0000] "GET /v3/services HTTP/1.1" 200 355 10.0.0.215 - - [13/Jul/2026:20:16:22 +0000] "GET / HTTP/1.1" 300 295
[Mon Jul 13 20:16:22.787317 2026] [wsgi:error] [pid 12:tid 139728261007040] [remote 10.0.0.215:46518] 2026-07-13 20:16:22.786 12 WARNING keystone.common.password_hashing [None req-9b9ac908-6889-44f3-b022-4c75359253cf - - - - - -] Truncating password to algorithm specific maximum length 72 characters.
[Mon Jul 13 20:16:23.061317 2026] [wsgi:error] [pid 12:tid 139728261007040] [remote 10.0.0.215:46518] 2026-07-13 20:16:23.061 12 WARNING keystone.common.fernet_utils [None req-9b9ac908-6889-44f3-b022-4c75359253cf - - - - - -] key_repository is world readable: /etc/keystone/fernet-keys/ 10.0.0.215 - - [13/Jul/2026:20:16:22 +0000] "POST /v3/auth/tokens HTTP/1.1" 201 1359 10.0.0.215 - - [13/Jul/2026:20:16:23 +0000] "GET /v3/services HTTP/1.1" 200 355 10.0.0.215 - - [13/Jul/2026:20:16:26 +0000] "GET / HTTP/1.1" 300 295
[Mon Jul 13 20:16:26.673322 2026] [wsgi:error] [pid 11:tid 139728261007040] [remote 10.0.0.215:50696] 2026-07-13 20:16:26.673 11 WARNING keystone.common.password_hashing [None req-8602831f-ee25-41f2-b90c-a5b6bace5682 - - - - - -] Truncating password to algorithm specific maximum length 72 characters.
[Mon Jul 13 20:16:26.945572 2026] [wsgi:error] [pid 11:tid 139728261007040] [remote 10.0.0.215:50696] 2026-07-13 20:16:26.945 11 WARNING keystone.common.fernet_utils [None req-8602831f-ee25-41f2-b90c-a5b6bace5682 - - - - - -] key_repository is world readable: /etc/keystone/fernet-keys/ 10.0.0.215 - - [13/Jul/2026:20:16:26 +0000] "POST /v3/auth/tokens HTTP/1.1" 201 1359 10.0.0.215 - - [13/Jul/2026:20:16:27 +0000] "POST /v3/services HTTP/1.1" 201 296 10.0.0.110 - - [13/Jul/2026:20:16:37 +0000] "GET / HTTP/1.1" 300 295
[Mon Jul 13 20:16:37.838177 2026] [wsgi:error] [pid 9:tid 139728261007040] [remote 10.0.0.110:37980] 2026-07-13 20:16:37.837 9 WARNING keystone.common.password_hashing [None req-e55e3dc9-838a-495c-8f71-0fb8f8c5c3d1 - - - - - -] Truncating password to algorithm specific maximum length 72 characters. 10.0.0.110 - - [13/Jul/2026:20:16:38 +0000] "GET / HTTP/1.1" 300 295
[Mon Jul 13 20:16:38.031118 2026] [wsgi:error] [pid 12:tid 139728261007040] [remote 10.0.0.110:37990] 2026-07-13 20:16:38.030 12 WARNING keystone.common.password_hashing [None req-9b0f36e0-9ecb-474a-8bd5-70eafaa26d25 - - - - - -] Truncating password to algorithm specific maximum length 72 characters. 10.0.0.110 - - [13/Jul/2026:20:16:38 +0000] "GET / HTTP/1.1" 300 295
[Mon Jul 13 20:16:38.104214 2026] [wsgi:error] [pid 11:tid 139728261007040] [remote 10.0.0.110:37998] 2026-07-13 20:16:38.104 11 WARNING keystone.common.password_hashing [None req-7725c519-1cac-435d-b3e0-d773d0f48a1f - - - - - -] Truncating password to algorithm specific maximum length 72 characters.
[Mon Jul 13 20:16:38.119689 2026] [wsgi:error] [pid 9:tid 139728261007040] [remote 10.0.0.110:37980] 2026-07-13 20:16:38.119 9 WARNING keystone.common.fernet_utils [None req-e55e3dc9-838a-495c-8f71-0fb8f8c5c3d1 - - - - - -] key_repository is world readable: /etc/keystone/fernet-keys/ 10.0.0.110 - - [13/Jul/2026:20:16:37 +0000] "POST /v3/auth/tokens HTTP/1.1" 201 1463 10.0.0.110 - - [13/Jul/2026:20:16:38 +0000] "GET /v3/services HTTP/1.1" 200 639
[Mon Jul 13 20:16:38.304484 2026] [wsgi:error] [pid 12:tid 139728261007040] [remote 10.0.0.110:37990] 2026-07-13 20:16:38.304 12 WARNING keystone.common.fernet_utils [None req-9b0f36e0-9ecb-474a-8bd5-70eafaa26d25 - - - - - -] key_repository is world readable: /etc/keystone/fernet-keys/ 10.0.0.110 - - [13/Jul/2026:20:16:38 +0000] "POST /v3/auth/tokens HTTP/1.1" 201 1463
[Mon Jul 13 20:16:38.377072 2026] [wsgi:error] [pid 11:tid 139728261007040] [remote 10.0.0.110:37998] 2026-07-13 20:16:38.376 11 WARNING keystone.common.fernet_utils [None req-7725c519-1cac-435d-b3e0-d773d0f48a1f - - - - - -] key_repository is world readable: /etc/keystone/fernet-keys/ 10.0.0.110 - - [13/Jul/2026:20:16:38 +0000] "POST /v3/auth/tokens HTTP/1.1" 201 1463 10.0.0.110 - - [13/Jul/2026:20:16:38 +0000] "GET /v3/services HTTP/1.1" 200 639 10.0.0.110 - - [13/Jul/2026:20:16:38 +0000] "GET /v3/services HTTP/1.1" 200 639 10.0.0.110 - - [13/Jul/2026:20:16:39 +0000] "GET / HTTP/1.1" 300 295
[Mon Jul 13 20:16:39.910641 2026] [wsgi:error] [pid 11:tid 139728261007040] [remote 10.0.0.110:38000] 2026-07-13 20:16:39.910 11 WARNING keystone.common.password_hashing [None req-cf98e1dd-d9b5-4619-8f89-45dba2d50849 - - - - - -] Truncating password to algorithm specific maximum length 72 characters. 10.0.0.110 - - [13/Jul/2026:20:16:40 +0000] "GET / HTTP/1.1" 300 295
[Mon Jul 13 20:16:40.055388 2026] [wsgi:error] [pid 10:tid 139728261007040] [remote 10.0.0.110:38012] 2026-07-13 20:16:40.055 10 WARNING keystone.common.password_hashing [None req-007d72ae-4b57-4f0f-9f33-6fc9de009dde - - - - - -] Truncating password to algorithm specific maximum length 72 characters. 10.0.0.110 - - [13/Jul/2026:20:16:40 +0000] "GET / HTTP/1.1" 300 295
[Mon Jul 13 20:16:40.097074 2026] [wsgi:error] [pid 9:tid 139728261007040] [remote 10.0.0.110:38020] 2026-07-13 20:16:40.096 9 WARNING keystone.common.password_hashing [None req-be385d1d-03fe-460f-a671-9261ab7b8b07 - - - - - -] Truncating password to algorithm specific maximum length 72 characters.
[Mon Jul 13 20:16:40.192527 2026] [wsgi:error] [pid 11:tid 139728261007040] [remote 10.0.0.110:38000] 2026-07-13 20:16:40.192 11 WARNING keystone.common.fernet_utils [None req-cf98e1dd-d9b5-4619-8f89-45dba2d50849 - - - - - -] key_repository is world readable: /etc/keystone/fernet-keys/ 10.0.0.110 - - [13/Jul/2026:20:16:39 +0000] "POST /v3/auth/tokens HTTP/1.1" 201 1463 10.0.0.110 - - [13/Jul/2026:20:16:40 +0000] "GET /v3/endpoints HTTP/1.1" 200 1226
[Mon Jul 13 20:16:40.330673 2026] [wsgi:error] [pid 10:tid 139728261007040] [remote 10.0.0.110:38012] 2026-07-13 20:16:40.330 10 WARNING keystone.common.fernet_utils [None req-007d72ae-4b57-4f0f-9f33-6fc9de009dde - - - - - -] key_repository is world readable: /etc/keystone/fernet-keys/ 10.0.0.110 - - [13/Jul/2026:20:16:40 +0000] "POST /v3/auth/tokens HTTP/1.1" 201 1463 10.0.0.110 - - [13/Jul/2026:20:16:40 +0000] "GET /v3/services/5b942bf1b5e54f7697e25b81aec41dc3 HTTP/1.1" 200 233 10.0.0.110 - - [13/Jul/2026:20:16:40 +0000] "GET /v3/services/5b942bf1b5e54f7697e25b81aec41dc3 HTTP/1.1" 200 233
[Mon Jul 13 20:16:40.370964 2026] [wsgi:error] [pid 9:tid 139728261007040] [remote 10.0.0.110:38020] 2026-07-13 20:16:40.370 9 WARNING keystone.common.fernet_utils [None req-be385d1d-03fe-460f-a671-9261ab7b8b07 - - - - - -] key_repository is world readable: /etc/keystone/fernet-keys/ 10.0.0.110 - - [13/Jul/2026:20:16:40 +0000] "GET /v3/services/5b942bf1b5e54f7697e25b81aec41dc3 HTTP/1.1" 200 233 10.0.0.110 - - [13/Jul/2026:20:16:40 +0000] "POST /v3/auth/tokens HTTP/1.1" 201 1463 10.0.0.110 - - [13/Jul/2026:20:16:40 +0000] "GET /v3/endpoints HTTP/1.1" 200 1226 10.0.0.110 - - [13/Jul/2026:20:16:40 +0000] "GET /v3/services/5b942bf1b5e54f7697e25b81aec41dc3 HTTP/1.1" 200 233 10.0.0.110 - - [13/Jul/2026:20:16:40 +0000] "GET /v3/services/5b942bf1b5e54f7697e25b81aec41dc3 HTTP/1.1" 200 233 10.0.0.110 - - [13/Jul/2026:20:16:40 +0000] "GET /v3/endpoints HTTP/1.1" 200 1226 10.0.0.110 - - [13/Jul/2026:20:16:40 +0000] "GET /v3/services/5b942bf1b5e54f7697e25b81aec41dc3 HTTP/1.1" 200 233 10.0.0.110 - - [13/Jul/2026:20:16:40 +0000] "GET /v3/services/5b942bf1b5e54f7697e25b81aec41dc3 HTTP/1.1" 200 233 10.0.0.110 - - [13/Jul/2026:20:16:40 +0000] "GET /v3/services/5b942bf1b5e54f7697e25b81aec41dc3 HTTP/1.1" 200 233 10.0.0.110 - - [13/Jul/2026:20:16:40 +0000] "GET /v3/services/5b942bf1b5e54f7697e25b81aec41dc3 HTTP/1.1" 200 233 10.0.0.110 - - [13/Jul/2026:20:16:41 +0000] "GET / HTTP/1.1" 300 295
[Mon Jul 13 20:16:41.887712 2026] [wsgi:error] [pid 12:tid 139728261007040] [remote 10.0.0.110:38028] 2026-07-13 20:16:41.887 12 WARNING keystone.common.password_hashing [None req-52e52732-af0d-4784-9804-f8a9be6c0ae4 - - - - - -] Truncating password to algorithm specific maximum length 72 characters. 10.0.0.110 - - [13/Jul/2026:20:16:41 +0000] "GET / HTTP/1.1" 300 295
[Mon Jul 13 20:16:42.000155 2026] [wsgi:error] [pid 10:tid 139728261007040] [remote 10.0.0.110:38032] 2026-07-13 20:16:42.000 10 WARNING keystone.common.password_hashing [None req-b675be83-b0ea-4209-8f7f-f7cc793e2afd - - - - - -] Truncating password to algorithm specific maximum length 72 characters. 10.0.0.110 - - [13/Jul/2026:20:16:42 +0000] "GET / HTTP/1.1" 300 295
[Mon Jul 13 20:16:42.125327 2026] [wsgi:error] [pid 9:tid 139728261007040] [remote 10.0.0.110:38046] 2026-07-13 20:16:42.125 9 WARNING keystone.common.password_hashing [None req-d7ac16ce-dfde-4b28-87f2-60832cee991e - - - - - -] Truncating password to algorithm specific maximum length 72 characters.
[Mon Jul 13 20:16:42.167042 2026] [wsgi:error] [pid 12:tid 139728261007040] [remote 10.0.0.110:38028] 2026-07-13 20:16:42.166 12 WARNING keystone.common.fernet_utils [None req-52e52732-af0d-4784-9804-f8a9be6c0ae4 - - - - - -] key_repository is world readable: /etc/keystone/fernet-keys/ 10.0.0.110 - - [13/Jul/2026:20:16:41 +0000] "POST /v3/auth/tokens HTTP/1.1" 201 1463
[Mon Jul 13 20:16:42.270799 2026] [wsgi:error] [pid 10:tid 139728261007040] [remote 10.0.0.110:38032] 2026-07-13 20:16:42.270 10 WARNING keystone.common.fernet_utils [None req-b675be83-b0ea-4209-8f7f-f7cc793e2afd - - - - - -] key_repository is world readable: /etc/keystone/fernet-keys/ 10.0.0.110 - - [13/Jul/2026:20:16:41 +0000] "POST /v3/auth/tokens HTTP/1.1" 201 1463 10.0.0.110 - - [13/Jul/2026:20:16:42 +0000] "GET /v3/services/b1a173b246f840d781e1eaed8ef87174 HTTP/1.1" 200 296 10.0.0.110 - - [13/Jul/2026:20:16:42 +0000] "GET /v3/regions/RegionOne HTTP/1.1" 200 173 10.0.0.110 - - [13/Jul/2026:20:16:42 +0000] "GET /v3/services/b1a173b246f840d781e1eaed8ef87174 HTTP/1.1" 200 296 10.0.0.110 - - [13/Jul/2026:20:16:42 +0000] "GET /v3/regions/RegionOne HTTP/1.1" 200 173
[Mon Jul 13 20:16:42.406230 2026] [wsgi:error] [pid 9:tid 139728261007040] [remote 10.0.0.110:38046] 2026-07-13 20:16:42.406 9 WARNING keystone.common.fernet_utils [None req-d7ac16ce-dfde-4b28-87f2-60832cee991e - - - - - -] key_repository is world readable: /etc/keystone/fernet-keys/ 10.0.0.110 - - [13/Jul/2026:20:16:42 +0000] "POST /v3/auth/tokens HTTP/1.1" 201 1463 10.0.0.110 - - [13/Jul/2026:20:16:42 +0000] "POST /v3/endpoints HTTP/1.1" 201 380 10.0.0.110 - - [13/Jul/2026:20:16:42 +0000] "GET /v3/services/b1a173b246f840d781e1eaed8ef87174 HTTP/1.1" 200 296 10.0.0.110 - - [13/Jul/2026:20:16:42 +0000] "POST /v3/endpoints HTTP/1.1" 201 383 10.0.0.110 - - [13/Jul/2026:20:16:42 +0000] "GET /v3/regions/RegionOne HTTP/1.1" 200 173 10.0.0.110 - - [13/Jul/2026:20:16:42 +0000] "POST /v3/endpoints HTTP/1.1" 201 369 10.0.0.110 - - [13/Jul/2026:20:16:43 +0000] "GET / HTTP/1.1" 300 295
[Mon Jul 13 20:16:43.999474 2026] [wsgi:error] [pid 11:tid 139728261007040] [remote 10.0.0.110:38060] 2026-07-13 20:16:43.999 11 WARNING keystone.common.password_hashing [None req-48d83219-335c-4599-9b50-08283f40f24c - - - - - -] Truncating password to algorithm specific maximum length 72 characters. 10.0.0.110 - - [13/Jul/2026:20:16:43 +0000] "GET / HTTP/1.1" 300 295
[Mon Jul 13 20:16:44.015070 2026] [wsgi:error] [pid 10:tid 139728261007040] [remote 10.0.0.110:38070] 2026-07-13 20:16:44.014 10 WARNING keystone.common.password_hashing [None req-9b35db40-cf47-4923-ad8c-87b5864bc838 - - - - - -] Truncating password to algorithm specific maximum length 72 characters. 10.0.0.110 - - [13/Jul/2026:20:16:44 +0000] "GET / HTTP/1.1" 300 295
[Mon Jul 13 20:16:44.112529 2026] [wsgi:error] [pid 9:tid 139728261007040] [remote 10.0.0.110:38086] 2026-07-13 20:16:44.112 9 WARNING keystone.common.password_hashing [None req-8a6cd3e3-0de7-4249-abc9-cd3e2c8a21ed - - - - - -] Truncating password to algorithm specific maximum length 72 characters.
[Mon Jul 13 20:16:44.276152 2026] [wsgi:error] [pid 11:tid 139728261007040] [remote 10.0.0.110:38060] 2026-07-13 20:16:44.275 11 WARNING keystone.common.fernet_utils [None req-48d83219-335c-4599-9b50-08283f40f24c - - - - - -] key_repository is world readable: /etc/keystone/fernet-keys/
[Mon Jul 13 20:16:44.287888 2026] [wsgi:error] [pid 10:tid 139728261007040] [remote 10.0.0.110:38070] 2026-07-13 20:16:44.287 10 WARNING keystone.common.fernet_utils [None req-9b35db40-cf47-4923-ad8c-87b5864bc838 - - - - - -] key_repository is world readable: /etc/keystone/fernet-keys/ 10.0.0.110 - - [13/Jul/2026:20:16:43 +0000] "POST /v3/auth/tokens HTTP/1.1" 201 1990 10.0.0.110 - - [13/Jul/2026:20:16:44 +0000] "POST /v3/auth/tokens HTTP/1.1" 201 1990
[Mon Jul 13 20:16:44.392586 2026] [wsgi:error] [pid 9:tid 139728261007040] [remote 10.0.0.110:38086] 2026-07-13 20:16:44.392 9 WARNING keystone.common.fernet_utils [None req-8a6cd3e3-0de7-4249-abc9-cd3e2c8a21ed - - - - - -] key_repository is world readable: /etc/keystone/fernet-keys/ 10.0.0.110 - - [13/Jul/2026:20:16:44 +0000] "POST /v3/auth/tokens HTTP/1.1" 201 1990 10.0.0.110 - - [13/Jul/2026:20:16:44 +0000] "GET /v3/endpoints/86f74b9cd75647b7a870f3e4e1fe64f3 HTTP/1.1" 200 383 10.0.0.110 - - [13/Jul/2026:20:16:44 +0000] "GET /v3/endpoints/a41599c0770746348b2fefed3d21a351 HTTP/1.1" 200 380 10.0.0.110 - - [13/Jul/2026:20:16:44 +0000] "GET /v3/services/b1a173b246f840d781e1eaed8ef87174 HTTP/1.1" 200 296 10.0.0.110 - - [13/Jul/2026:20:16:44 +0000] "GET /v3/services/b1a173b246f840d781e1eaed8ef87174 HTTP/1.1" 200 296 10.0.0.110 - - [13/Jul/2026:20:16:44 +0000] "GET /v3/endpoints/1680618902f54a0aa9d5a2c4d0f9403c HTTP/1.1" 200 369 10.0.0.110 - - [13/Jul/2026:20:16:44 +0000] "GET /v3/services/b1a173b246f840d781e1eaed8ef87174 HTTP/1.1" 200 296 10.0.0.147 - - [13/Jul/2026:20:16:56 +0000] "GET / HTTP/1.1" 300 295
[Mon Jul 13 20:16:56.979134 2026] [wsgi:error] [pid 9:tid 139728261007040] [remote 10.0.0.147:39734] 2026-07-13 20:16:56.978 9 WARNING keystone.common.password_hashing [None req-dc42eb25-c217-4768-b369-928e5526c116 - - - - - -] Truncating password to algorithm specific maximum length 72 characters.
[Mon Jul 13 20:16:57.247247 2026] [wsgi:error] [pid 9:tid 139728261007040] [remote 10.0.0.147:39734] 2026-07-13 20:16:57.247 9 WARNING keystone.common.fernet_utils [None req-dc42eb25-c217-4768-b369-928e5526c116 - - - - - -] key_repository is world readable: /etc/keystone/fernet-keys/ 10.0.0.147 - - [13/Jul/2026:20:16:56 +0000] "POST /v3/auth/tokens HTTP/1.1" 201 1990 10.0.0.147 - - [13/Jul/2026:20:16:57 +0000] "POST /v3/domains HTTP/1.1" 201 284 10.0.0.147 - - [13/Jul/2026:20:16:59 +0000] "GET / HTTP/1.1" 300 295
[Mon Jul 13 20:16:59.043604 2026] [wsgi:error] [pid 10:tid 139728261007040] [remote 10.0.0.147:39750] 2026-07-13 20:16:59.043 10 WARNING keystone.common.password_hashing [None req-e03fc550-aab1-450a-a5bd-46044607f69d - - - - - -] Truncating password to algorithm specific maximum length 72 characters.
[Mon Jul 13 20:16:59.312932 2026] [wsgi:error] [pid 10:tid 139728261007040] [remote 10.0.0.147:39750] 2026-07-13 20:16:59.312 10 WARNING keystone.common.fernet_utils [None req-e03fc550-aab1-450a-a5bd-46044607f69d - - - - - -] key_repository is world readable: /etc/keystone/fernet-keys/ 10.0.0.147 - - [13/Jul/2026:20:16:59 +0000] "POST /v3/auth/tokens HTTP/1.1" 201 1990
[Mon Jul 13 20:16:59.501393 2026] [wsgi:error] [pid 9:tid 139728261007040] [remote 10.0.0.147:39750] 2026-07-13 20:16:59.488 9 ERROR keystone.server.flask.application [None req-b24b585f-702c-49e2-861f-a8c2c6572c2a dcc923f2cc1b4d02a6a95e78d4d2cc31 1d25f39f8a854ff698542354bb66c8ce - - default default] Conflict occurred attempting to store project - it is not permitted to have two projects acting as domains with the same name: service.: keystone.exception.Conflict: Conflict occurred attempting to store project - it is not permitted to have two projects acting as domains with the same name: service.
[Mon Jul 13 20:16:59.501431 2026] [wsgi:error] [pid 9:tid 139728261007040] [remote 10.0.0.147:39750] 2026-07-13 20:16:59.488 9 ERROR keystone.server.flask.application
Traceback (most recent call last):
[Mon Jul 13 20:16:59.501433 2026] [wsgi:error] [pid 9:tid 139728261007040] [remote 10.0.0.147:39750] 2026-07-13 20:16:59.488 9 ERROR keystone.server.flask.application
File "/var/lib/openstack/lib/python3.12/site-packages/sqlalchemy/engine/base.py", line 1969, in _exec_single_context
[Mon Jul 13 20:16:59.501435 2026] [wsgi:error] [pid 9:tid 139728261007040] [remote 10.0.0.147:39750] 2026-07-13 20:16:59.488 9 ERROR keystone.server.flask.application self.dialect.do_execute(
[Mon Jul 13 20:16:59.501436 2026] [wsgi:error] [pid 9:tid 139728261007040] [remote 10.0.0.147:39750] 2026-07-13 20:16:59.488 9 ERROR keystone.server.flask.application
File "/var/lib/openstack/lib/python3.12/site-packages/sqlalchemy/engine/default.py", line 952, in do_execute
[Mon Jul 13 20:16:59.501438 2026] [wsgi:error] [pid 9:tid 139728261007040] [remote 10.0.0.147:39750] 2026-07-13 20:16:59.488 9 ERROR keystone.server.flask.application cursor.execute(statement, parameters)
[Mon Jul 13 20:16:59.501439 2026] [wsgi:error] [pid 9:tid 139728261007040] [remote 10.0.0.147:39750] 2026-07-13 20:16:59.488 9 ERROR keystone.server.flask.application
File "/var/lib/openstack/lib/python3.12/site-packages/pymysql/cursors.py", line 159, in execute
[Mon Jul 13 20:16:59.501441 2026] [wsgi:error] [pid 9:tid 139728261007040] [remote 10.0.0.147:39750] 2026-07-13 20:16:59.488 9 ERROR keystone.server.flask.application result = self._query(query)
[Mon Jul 13 20:16:59.501442 2026] [wsgi:error] [pid 9:tid 139728261007040] [remote 10.0.0.147:39750] 2026-07-13 20:16:59.488 9 ERROR keystone.server.flask.application ^^^^^^^^^^^^^^^^^^
[Mon Jul 13 20:16:59.501445 2026] [wsgi:error] [pid 9:tid 139728261007040] [remote 10.0.0.147:39750] 2026-07-13 20:16:59.488 9 ERROR keystone.server.flask.application
File "/var/lib/openstack/lib/python3.12/site-packages/pymysql/cursors.py", line 330, in _query
[Mon Jul 13 20:16:59.501446 2026] [wsgi:error] [pid 9:tid 139728261007040] [remote 10.0.0.147:39750] 2026-07-13 20:16:59.488 9 ERROR keystone.server.flask.application conn.query(q)
[Mon Jul 13 20:16:59.501448 2026] [wsgi:error] [pid 9:tid 139728261007040] [remote 10.0.0.147:39750] 2026-07-13 20:16:59.488 9 ERROR keystone.server.flask.application
File "/var/lib/openstack/lib/python3.12/site-packages/pymysql/connections.py", line 582, in query
[Mon Jul 13 20:16:59.501449 2026] [wsgi:error] [pid 9:tid 139728261007040] [remote 10.0.0.147:39750] 2026-07-13 20:16:59.488 9 ERROR keystone.server.flask.application self._affected_rows = self._read_query_result(unbuffered=unbuffered)
[Mon Jul 13 20:16:59.501451 2026] [wsgi:error] [pid 9:tid 139728261007040] [remote 10.0.0.147:39750] 2026-07-13 20:16:59.488 9 ERROR keystone.server.flask.application ^^^^^^^^^^^^^^^^^^^^^^^^^^^^^^^^^^^^^^^^^^^^^^
[Mon Jul 13 20:16:59.501452 2026] [wsgi:error] [pid 9:tid 139728261007040] [remote 10.0.0.147:39750] 2026-07-13 20:16:59.488 9 ERROR keystone.server.flask.application
File "/var/lib/openstack/lib/python3.12/site-packages/pymysql/connections.py", line 847, in _read_query_result
[Mon Jul 13 20:16:59.501454 2026] [wsgi:error] [pid 9:tid 139728261007040] [remote 10.0.0.147:39750] 2026-07-13 20:16:59.488 9 ERROR keystone.server.flask.application result.read()
[Mon Jul 13 20:16:59.501457 2026] [wsgi:error] [pid 9:tid 139728261007040] [remote 10.0.0.147:39750] 2026-07-13 20:16:59.488 9 ERROR keystone.server.flask.application
File "/var/lib/openstack/lib/python3.12/site-packages/pymysql/connections.py", line 1245, in read
[Mon Jul 13 20:16:59.501464 2026] [wsgi:error] [pid 9:tid 139728261007040] [remote 10.0.0.147:39750] 2026-07-13 20:16:59.488 9 ERROR keystone.server.flask.application first_packet = self.connection._read_packet()
[Mon Jul 13 20:16:59.501472 2026] [wsgi:error] [pid 9:tid 139728261007040] [remote 10.0.0.147:39750] 2026-07-13 20:16:59.488 9 ERROR keystone.server.flask.application ^^^^^^^^^^^^^^^^^^^^^^^^^^^^^^
[Mon Jul 13 20:16:59.501473 2026] [wsgi:error] [pid 9:tid 139728261007040] [remote 10.0.0.147:39750] 2026-07-13 20:16:59.488 9 ERROR keystone.server.flask.application
File "/var/lib/openstack/lib/python3.12/site-packages/pymysql/connections.py", line 803, in _read_packet
[Mon Jul 13 20:16:59.501475 2026] [wsgi:error] [pid 9:tid 139728261007040] [remote 10.0.0.147:39750] 2026-07-13 20:16:59.488 9 ERROR keystone.server.flask.application packet.raise_for_error()
[Mon Jul 13 20:16:59.501476 2026] [wsgi:error] [pid 9:tid 139728261007040] [remote 10.0.0.147:39750] 2026-07-13 20:16:59.488 9 ERROR keystone.server.flask.application
File "/var/lib/openstack/lib/python3.12/site-packages/pymysql/protocol.py", line 219, in raise_for_error
[Mon Jul 13 20:16:59.501478 2026] [wsgi:error] [pid 9:tid 139728261007040] [remote 10.0.0.147:39750] 2026-07-13 20:16:59.488 9 ERROR keystone.server.flask.application err.raise_mysql_exception(self._data)
[Mon Jul 13 20:16:59.501479 2026] [wsgi:error] [pid 9:tid 139728261007040] [remote 10.0.0.147:39750] 2026-07-13 20:16:59.488 9 ERROR keystone.server.flask.application
File "/var/lib/openstack/lib/python3.12/site-packages/pymysql/err.py", line 154, in raise_mysql_exception
[Mon Jul 13 20:16:59.501481 2026] [wsgi:error] [pid 9:tid 139728261007040] [remote 10.0.0.147:39750] 2026-07-13 20:16:59.488 9 ERROR keystone.server.flask.application raise errorclass(errno, errval, sqlstate=sqlstate)
[Mon Jul 13 20:16:59.501483 2026] [wsgi:error] [pid 9:tid 139728261007040] [remote 10.0.0.147:39750] 2026-07-13 20:16:59.488 9 ERROR keystone.server.flask.application pymysql.err.IntegrityError: (1062, "Duplicate entry '<>-service' for key 'project.ixu_project_name_domain_id'")
[Mon Jul 13 20:16:59.501484 2026] [wsgi:error] [pid 9:tid 139728261007040] [remote 10.0.0.147:39750] 2026-07-13 20:16:59.488 9 ERROR keystone.server.flask.application
[Mon Jul 13 20:16:59.501486 2026] [wsgi:error] [pid 9:tid 139728261007040] [remote 10.0.0.147:39750] 2026-07-13 20:16:59.488 9 ERROR keystone.server.flask.application The above exception was the direct cause of the following exception:
[Mon Jul 13 20:16:59.501487 2026] [wsgi:error] [pid 9:tid 139728261007040] [remote 10.0.0.147:39750] 2026-07-13 20:16:59.488 9 ERROR keystone.server.flask.application
[Mon Jul 13 20:16:59.501489 2026] [wsgi:error] [pid 9:tid 139728261007040] [remote 10.0.0.147:39750] 2026-07-13 20:16:59.488 9 ERROR keystone.server.flask.application
Traceback (most recent call last):
[Mon Jul 13 20:16:59.501490 2026] [wsgi:error] [pid 9:tid 139728261007040] [remote 10.0.0.147:39750] 2026-07-13 20:16:59.488 9 ERROR keystone.server.flask.application
File "/var/lib/openstack/lib/python3.12/site-packages/keystone/common/sql/core.py", line 575, in wrapper
[Mon Jul 13 20:16:59.501501 2026] [wsgi:error] [pid 9:tid 139728261007040] [remote 10.0.0.147:39750] 2026-07-13 20:16:59.488 9 ERROR keystone.server.flask.application return method(*args, **kwargs)
[Mon Jul 13 20:16:59.501503 2026] [wsgi:error] [pid 9:tid 139728261007040] [remote 10.0.0.147:39750] 2026-07-13 20:16:59.488 9 ERROR keystone.server.flask.application ^^^^^^^^^^^^^^^^^^^^^^^
[Mon Jul 13 20:16:59.501505 2026] [wsgi:error] [pid 9:tid 139728261007040] [remote 10.0.0.147:39750] 2026-07-13 20:16:59.488 9 ERROR keystone.server.flask.application
File "/var/lib/openstack/lib/python3.12/site-packages/keystone/resource/backends/sql.py", line 278, in create_project
[Mon Jul 13 20:16:59.501507 2026] [wsgi:error] [pid 9:tid 139728261007040] [remote 10.0.0.147:39750] 2026-07-13 20:16:59.488 9 ERROR keystone.server.flask.application with sql.session_for_write() as session:
[Mon Jul 13 20:16:59.501509 2026] [wsgi:error] [pid 9:tid 139728261007040] [remote 10.0.0.147:39750] 2026-07-13 20:16:59.488 9 ERROR keystone.server.flask.application
File "/usr/lib/python3.12/contextlib.py", line 144, in __exit__
[Mon Jul 13 20:16:59.501511 2026] [wsgi:error] [pid 9:tid 139728261007040] [remote 10.0.0.147:39750] 2026-07-13 20:16:59.488 9 ERROR keystone.server.flask.application next(self.gen)
[Mon Jul 13 20:16:59.501513 2026] [wsgi:error] [pid 9:tid 139728261007040] [remote 10.0.0.147:39750] 2026-07-13 20:16:59.488 9 ERROR keystone.server.flask.application
File "/var/lib/openstack/lib/python3.12/site-packages/oslo_db/sqlalchemy/enginefacade.py", line 1175, in _transaction_scope
[Mon Jul 13 20:16:59.501515 2026] [wsgi:error] [pid 9:tid 139728261007040] [remote 10.0.0.147:39750] 2026-07-13 20:16:59.488 9 ERROR keystone.server.flask.application with current._produce_block(
[Mon Jul 13 20:16:59.501517 2026] [wsgi:error] [pid 9:tid 139728261007040] [remote 10.0.0.147:39750] 2026-07-13 20:16:59.488 9 ERROR keystone.server.flask.application
File "/usr/lib/python3.12/contextlib.py", line 144, in __exit__
[Mon Jul 13 20:16:59.501519 2026] [wsgi:error] [pid 9:tid 139728261007040] [remote 10.0.0.147:39750] 2026-07-13 20:16:59.488 9 ERROR keystone.server.flask.application next(self.gen)
[Mon Jul 13 20:16:59.501521 2026] [wsgi:error] [pid 9:tid 139728261007040] [remote 10.0.0.147:39750] 2026-07-13 20:16:59.488 9 ERROR keystone.server.flask.application
File "/var/lib/openstack/lib/python3.12/site-packages/oslo_db/sqlalchemy/enginefacade.py", line 837, in _session
[Mon Jul 13 20:16:59.501523 2026] [wsgi:error] [pid 9:tid 139728261007040] [remote 10.0.0.147:39750] 2026-07-13 20:16:59.488 9 ERROR keystone.server.flask.application with excutils.save_and_reraise_exception():
[Mon Jul 13 20:16:59.501525 2026] [wsgi:error] [pid 9:tid 139728261007040] [remote 10.0.0.147:39750] 2026-07-13 20:16:59.488 9 ERROR keystone.server.flask.application
File "/var/lib/openstack/lib/python3.12/site-packages/oslo_utils/excutils.py", line 266, in __exit__
[Mon Jul 13 20:16:59.501533 2026] [wsgi:error] [pid 9:tid 139728261007040] [remote 10.0.0.147:39750] 2026-07-13 20:16:59.488 9 ERROR keystone.server.flask.application self.force_reraise()
[Mon Jul 13 20:16:59.501535 2026] [wsgi:error] [pid 9:tid 139728261007040] [remote 10.0.0.147:39750] 2026-07-13 20:16:59.488 9 ERROR keystone.server.flask.application
File "/var/lib/openstack/lib/python3.12/site-packages/oslo_utils/excutils.py", line 232, in force_reraise
[Mon Jul 13 20:16:59.501538 2026] [wsgi:error] [pid 9:tid 139728261007040] [remote 10.0.0.147:39750] 2026-07-13 20:16:59.488 9 ERROR keystone.server.flask.application raise self.value
[Mon Jul 13 20:16:59.501539 2026] [wsgi:error] [pid 9:tid 139728261007040] [remote 10.0.0.147:39750] 2026-07-13 20:16:59.488 9 ERROR keystone.server.flask.application
File "/var/lib/openstack/lib/python3.12/site-packages/oslo_db/sqlalchemy/enginefacade.py", line 835, in _session
[Mon Jul 13 20:16:59.501542 2026] [wsgi:error] [pid 9:tid 139728261007040] [remote 10.0.0.147:39750] 2026-07-13 20:16:59.488 9 ERROR keystone.server.flask.application self._end_session_transaction(self.session)
[Mon Jul 13 20:16:59.501544 2026] [wsgi:error] [pid 9:tid 139728261007040] [remote 10.0.0.147:39750] 2026-07-13 20:16:59.488 9 ERROR keystone.server.flask.application
File "/var/lib/openstack/lib/python3.12/site-packages/oslo_db/sqlalchemy/enginefacade.py", line 748, in _end_session_transaction
[Mon Jul 13 20:16:59.501547 2026] [wsgi:error] [pid 9:tid 139728261007040] [remote 10.0.0.147:39750] 2026-07-13 20:16:59.488 9 ERROR keystone.server.flask.application session.commit()
[Mon Jul 13 20:16:59.501549 2026] [wsgi:error] [pid 9:tid 139728261007040] [remote 10.0.0.147:39750] 2026-07-13 20:16:59.488 9 ERROR keystone.server.flask.application
File "/var/lib/openstack/lib/python3.12/site-packages/sqlalchemy/orm/session.py", line 2034, in commit
[Mon Jul 13 20:16:59.501551 2026] [wsgi:error] [pid 9:tid 139728261007040] [remote 10.0.0.147:39750] 2026-07-13 20:16:59.488 9 ERROR keystone.server.flask.application trans.commit(_to_root=True)
[Mon Jul 13 20:16:59.501553 2026] [wsgi:error] [pid 9:tid 139728261007040] [remote 10.0.0.147:39750] 2026-07-13 20:16:59.488 9 ERROR keystone.server.flask.application File "", line 2, in commit
[Mon Jul 13 20:16:59.501555 2026] [wsgi:error] [pid 9:tid 139728261007040] [remote 10.0.0.147:39750] 2026-07-13 20:16:59.488 9 ERROR keystone.server.flask.application
File "/var/lib/openstack/lib/python3.12/site-packages/sqlalchemy/orm/state_changes.py", line 137, in _go
[Mon Jul 13 20:16:59.501558 2026] [wsgi:error] [pid 9:tid 139728261007040] [remote 10.0.0.147:39750] 2026-07-13 20:16:59.488 9 ERROR keystone.server.flask.application ret_value = fn(self, *arg, **kw)
[Mon Jul 13 20:16:59.501560 2026] [wsgi:error] [pid 9:tid 139728261007040] [remote 10.0.0.147:39750] 2026-07-13 20:16:59.488 9 ERROR keystone.server.flask.application ^^^^^^^^^^^^^^^^^^^^
[Mon Jul 13 20:16:59.501569 2026] [wsgi:error] [pid 9:tid 139728261007040] [remote 10.0.0.147:39750] 2026-07-13 20:16:59.488 9 ERROR keystone.server.flask.application
File "/var/lib/openstack/lib/python3.12/site-packages/sqlalchemy/orm/session.py", line 1315, in commit
[Mon Jul 13 20:16:59.501571 2026] [wsgi:error] [pid 9:tid 139728261007040] [remote 10.0.0.147:39750] 2026-07-13 20:16:59.488 9 ERROR keystone.server.flask.application self._prepare_impl()
[Mon Jul 13 20:16:59.501573 2026] [wsgi:error] [pid 9:tid 139728261007040] [remote 10.0.0.147:39750] 2026-07-13 20:16:59.488 9 ERROR keystone.server.flask.application File "", line 2, in _prepare_impl
[Mon Jul 13 20:16:59.501575 2026] [wsgi:error] [pid 9:tid 139728261007040] [remote 10.0.0.147:39750] 2026-07-13 20:16:59.488 9 ERROR keystone.server.flask.application
File "/var/lib/openstack/lib/python3.12/site-packages/sqlalchemy/orm/state_changes.py", line 137, in _go
[Mon Jul 13 20:16:59.501576 2026] [wsgi:error] [pid 9:tid 139728261007040] [remote 10.0.0.147:39750] 2026-07-13 20:16:59.488 9 ERROR keystone.server.flask.application ret_value = fn(self, *arg, **kw)
[Mon Jul 13 20:16:59.501578 2026] [wsgi:error] [pid 9:tid 139728261007040] [remote 10.0.0.147:39750] 2026-07-13 20:16:59.488 9 ERROR keystone.server.flask.application ^^^^^^^^^^^^^^^^^^^^
[Mon Jul 13 20:16:59.501580 2026] [wsgi:error] [pid 9:tid 139728261007040] [remote 10.0.0.147:39750] 2026-07-13 20:16:59.488 9 ERROR keystone.server.flask.application
File "/var/lib/openstack/lib/python3.12/site-packages/sqlalchemy/orm/session.py", line 1290, in _prepare_impl
[Mon Jul 13 20:16:59.501583 2026] [wsgi:error] [pid 9:tid 139728261007040] [remote 10.0.0.147:39750] 2026-07-13 20:16:59.488 9 ERROR keystone.server.flask.application self.session.flush()
[Mon Jul 13 20:16:59.501585 2026] [wsgi:error] [pid 9:tid 139728261007040] [remote 10.0.0.147:39750] 2026-07-13 20:16:59.488 9 ERROR keystone.server.flask.application
File "/var/lib/openstack/lib/python3.12/site-packages/sqlalchemy/orm/session.py", line 4352, in flush
[Mon Jul 13 20:16:59.501588 2026] [wsgi:error] [pid 9:tid 139728261007040] [remote 10.0.0.147:39750] 2026-07-13 20:16:59.488 9 ERROR keystone.server.flask.application self._flush(objects)
[Mon Jul 13 20:16:59.501589 2026] [wsgi:error] [pid 9:tid 139728261007040] [remote 10.0.0.147:39750] 2026-07-13 20:16:59.488 9 ERROR keystone.server.flask.application
File "/var/lib/openstack/lib/python3.12/site-packages/sqlalchemy/orm/session.py", line 4487, in _flush
[Mon Jul 13 20:16:59.501591 2026] [wsgi:error] [pid 9:tid 139728261007040] [remote 10.0.0.147:39750] 2026-07-13 20:16:59.488 9 ERROR keystone.server.flask.application with util.safe_reraise():
[Mon Jul 13 20:16:59.501593 2026] [wsgi:error] [pid 9:tid 139728261007040] [remote 10.0.0.147:39750] 2026-07-13 20:16:59.488 9 ERROR keystone.server.flask.application
File "/var/lib/openstack/lib/python3.12/site-packages/sqlalchemy/util/langhelpers.py", line 122, in __exit__
[Mon Jul 13 20:16:59.501595 2026] [wsgi:error] [pid 9:tid 139728261007040] [remote 10.0.0.147:39750] 2026-07-13 20:16:59.488 9 ERROR keystone.server.flask.application raise exc_value.with_traceback(exc_tb)
[Mon Jul 13 20:16:59.501610 2026] [wsgi:error] [pid 9:tid 139728261007040] [remote 10.0.0.147:39750] 2026-07-13 20:16:59.488 9 ERROR keystone.server.flask.application
File "/var/lib/openstack/lib/python3.12/site-packages/sqlalchemy/orm/session.py", line 4448, in _flush
[Mon Jul 13 20:16:59.501612 2026] [wsgi:error] [pid 9:tid 139728261007040] [remote 10.0.0.147:39750] 2026-07-13 20:16:59.488 9 ERROR keystone.server.flask.application flush_context.execute()
[Mon Jul 13 20:16:59.501614 2026] [wsgi:error] [pid 9:tid 139728261007040] [remote 10.0.0.147:39750] 2026-07-13 20:16:59.488 9 ERROR keystone.server.flask.application
File "/var/lib/openstack/lib/python3.12/site-packages/sqlalchemy/orm/unitofwork.py", line 465, in execute
