2026-07-21 22:19:53.836 8 INFO placement.requestlog [None req-54f724ff-b201-463f-832d-98dfc6eb4f95 1fedc70344754d6bace8eb422f43c6fe d677577a196a42ad9653cd840d160900 - - 8d4926fc49844d51baf3ce250906a2a8 8d4926fc49844d51baf3ce250906a2a8] 10.0.0.174 "GET /resource_providers/40c07a28-95a5-4c65-b895-c4e8bfca8a63/aggregates" status: 404 len: 235 microversion: 1.1 [pid: 8|app: 0|req: 521/1038] 10.0.0.174 () {32 vars in 816 bytes} [Tue Jul 21 22:19:53 2026] GET /resource_providers/40c07a28-95a5-4c65-b895-c4e8bfca8a63/aggregates => generated 235 bytes in 15 msecs (HTTP/1.1 404) 5 headers in 202 bytes (1 switches on core 0)
2026-07-21 22:19:53.861 8 INFO placement.requestlog [None req-80c110ee-a647-41ba-a0fa-ee9446ed7bb1 1fedc70344754d6bace8eb422f43c6fe d677577a196a42ad9653cd840d160900 - - 8d4926fc49844d51baf3ce250906a2a8 8d4926fc49844d51baf3ce250906a2a8] 10.0.0.174 "DELETE /resource_providers/40c07a28-95a5-4c65-b895-c4e8bfca8a63" status: 404 len: 246 microversion: 1.1
2026-07-21 22:19:53.861 7 INFO placement.requestlog [None req-b503f542-7a35-4bf3-abae-b150fd87d079 1fedc70344754d6bace8eb422f43c6fe d677577a196a42ad9653cd840d160900 - - 8d4926fc49844d51baf3ce250906a2a8 8d4926fc49844d51baf3ce250906a2a8] 10.0.0.174 "DELETE /resource_providers/40c07a28-95a5-4c65-b895-c4e8bfca8a63" status: 404 len: 246 microversion: 1.1 [pid: 8|app: 0|req: 522/1039] 10.0.0.174 () {34 vars in 816 bytes} [Tue Jul 21 22:19:53 2026] DELETE /resource_providers/40c07a28-95a5-4c65-b895-c4e8bfca8a63 => generated 246 bytes in 13 msecs (HTTP/1.1 404) 6 headers in 231 bytes (1 switches on core 0) [pid: 7|app: 0|req: 518/1040] 10.0.0.174 () {34 vars in 816 bytes} [Tue Jul 21 22:19:53 2026] DELETE /resource_providers/40c07a28-95a5-4c65-b895-c4e8bfca8a63 => generated 246 bytes in 14 msecs (HTTP/1.1 404) 6 headers in 231 bytes (1 switches on core 0)
2026-07-21 22:19:54.106 8 INFO placement.requestlog [req-e63447e7-9b2e-4335-9345-07ba84b8a16e req-0d9d152c-7722-4bf2-9a5a-03923d574676 90303d13bc46492ba202f81101af1680 d677577a196a42ad9653cd840d160900 - - 8d4926fc49844d51baf3ce250906a2a8 8d4926fc49844d51baf3ce250906a2a8] 199.19.213.194 "GET /allocations/2bfe7716-f10c-4af7-bfe1-aa01a12947a7" status: 200 len: 258 microversion: 1.28 [pid: 8|app: 0|req: 523/1041] 199.19.213.194 () {34 vars in 863 bytes} [Tue Jul 21 22:19:54 2026] GET /allocations/2bfe7716-f10c-4af7-bfe1-aa01a12947a7 => generated 258 bytes in 11 msecs (HTTP/1.1 200) 8 headers in 296 bytes (1 switches on core 0)
2026-07-21 22:19:55.158 7 INFO placement.requestlog [req-e63447e7-9b2e-4335-9345-07ba84b8a16e req-0e1d0e08-ae5e-439d-93aa-1d429ec3391e 90303d13bc46492ba202f81101af1680 d677577a196a42ad9653cd840d160900 - - 8d4926fc49844d51baf3ce250906a2a8 8d4926fc49844d51baf3ce250906a2a8] 199.19.213.194 "GET /resource_providers/e2285a36-a329-46be-ae80-ed274bbf3df4/allocations" status: 200 len: 353 microversion: 1.0 [pid: 7|app: 0|req: 519/1042] 199.19.213.194 () {32 vars in 857 bytes} [Tue Jul 21 22:19:55 2026] GET /resource_providers/e2285a36-a329-46be-ae80-ed274bbf3df4/allocations => generated 353 bytes in 22 msecs (HTTP/1.1 200) 6 headers in 224 bytes (1 switches on core 0)
2026-07-21 22:19:55.179 8 INFO placement.requestlog [req-e63447e7-9b2e-4335-9345-07ba84b8a16e req-bc88f97d-6612-4bcf-ac44-c422d317da37 90303d13bc46492ba202f81101af1680 d677577a196a42ad9653cd840d160900 - - 8d4926fc49844d51baf3ce250906a2a8 8d4926fc49844d51baf3ce250906a2a8] 199.19.213.194 "GET /allocations/4bc5ada6-02b3-48cd-92fd-f2d1e41cf33e" status: 200 len: 258 microversion: 1.28 [pid: 8|app: 0|req: 524/1043] 199.19.213.194 () {34 vars in 863 bytes} [Tue Jul 21 22:19:55 2026] GET /allocations/4bc5ada6-02b3-48cd-92fd-f2d1e41cf33e => generated 258 bytes in 13 msecs (HTTP/1.1 200) 8 headers in 296 bytes (1 switches on core 0)
2026-07-21 22:19:55.202 7 INFO placement.requestlog [req-e63447e7-9b2e-4335-9345-07ba84b8a16e req-5a88c560-6fb8-485b-85f8-40617368ea65 90303d13bc46492ba202f81101af1680 d677577a196a42ad9653cd840d160900 - - 8d4926fc49844d51baf3ce250906a2a8 8d4926fc49844d51baf3ce250906a2a8] 199.19.213.194 "GET /allocations/2bfe7716-f10c-4af7-bfe1-aa01a12947a7" status: 200 len: 258 microversion: 1.28 [pid: 7|app: 0|req: 520/1044] 199.19.213.194 () {34 vars in 863 bytes} [Tue Jul 21 22:19:55 2026] GET /allocations/2bfe7716-f10c-4af7-bfe1-aa01a12947a7 => generated 258 bytes in 17 msecs (HTTP/1.1 200) 8 headers in 296 bytes (1 switches on core 0)
2026-07-21 22:19:55.217 8 INFO placement.requestlog [req-e63447e7-9b2e-4335-9345-07ba84b8a16e req-851a79c5-0474-47d2-aac8-e1dc2a552871 90303d13bc46492ba202f81101af1680 d677577a196a42ad9653cd840d160900 - - 8d4926fc49844d51baf3ce250906a2a8 8d4926fc49844d51baf3ce250906a2a8] 199.19.213.194 "GET /allocations/9fc4915b-b53c-438f-b144-8b5a1924fcc0" status: 200 len: 258 microversion: 1.28 [pid: 8|app: 0|req: 525/1045] 199.19.213.194 () {34 vars in 863 bytes} [Tue Jul 21 22:19:55 2026] GET /allocations/9fc4915b-b53c-438f-b144-8b5a1924fcc0 => generated 258 bytes in 10 msecs (HTTP/1.1 200) 8 headers in 296 bytes (1 switches on core 0)
2026-07-21 22:19:55.901 8 INFO placement.requestlog [None req-73e6ce21-ab51-463c-8523-a330153bc57c 1fedc70344754d6bace8eb422f43c6fe d677577a196a42ad9653cd840d160900 - - 8d4926fc49844d51baf3ce250906a2a8 8d4926fc49844d51baf3ce250906a2a8] 10.0.0.174 "GET /resource_providers/bc55b801-6f78-4025-a032-be5dc04c16a8/aggregates" status: 404 len: 235 microversion: 1.1 [pid: 8|app: 0|req: 526/1046] 10.0.0.174 () {32 vars in 816 bytes} [Tue Jul 21 22:19:55 2026] GET /resource_providers/bc55b801-6f78-4025-a032-be5dc04c16a8/aggregates => generated 235 bytes in 10 msecs (HTTP/1.1 404) 5 headers in 202 bytes (1 switches on core 0)
2026-07-21 22:19:55.908 7 INFO placement.requestlog [None req-f2ec68b1-c96a-4cba-885d-26680e6092a3 1fedc70344754d6bace8eb422f43c6fe d677577a196a42ad9653cd840d160900 - - 8d4926fc49844d51baf3ce250906a2a8 8d4926fc49844d51baf3ce250906a2a8] 10.0.0.174 "GET /resource_providers/bc55b801-6f78-4025-a032-be5dc04c16a8/aggregates" status: 404 len: 235 microversion: 1.1 [pid: 7|app: 0|req: 521/1047] 10.0.0.174 () {32 vars in 816 bytes} [Tue Jul 21 22:19:55 2026] GET /resource_providers/bc55b801-6f78-4025-a032-be5dc04c16a8/aggregates => generated 235 bytes in 18 msecs (HTTP/1.1 404) 5 headers in 202 bytes (1 switches on core 0)
2026-07-21 22:19:55.938 8 INFO placement.requestlog [None req-f23cbdb7-840b-4b05-8fc7-04b364803e56 1fedc70344754d6bace8eb422f43c6fe d677577a196a42ad9653cd840d160900 - - 8d4926fc49844d51baf3ce250906a2a8 8d4926fc49844d51baf3ce250906a2a8] 10.0.0.174 "DELETE /resource_providers/bc55b801-6f78-4025-a032-be5dc04c16a8" status: 404 len: 246 microversion: 1.1 [pid: 8|app: 0|req: 527/1048] 10.0.0.174 () {34 vars in 816 bytes} [Tue Jul 21 22:19:55 2026] DELETE /resource_providers/bc55b801-6f78-4025-a032-be5dc04c16a8 => generated 246 bytes in 17 msecs (HTTP/1.1 404) 6 headers in 231 bytes (1 switches on core 0)
2026-07-21 22:19:55.945 7 INFO placement.requestlog [None req-96c4fae9-1d09-470e-8277-1c9cbba020d0 1fedc70344754d6bace8eb422f43c6fe d677577a196a42ad9653cd840d160900 - - 8d4926fc49844d51baf3ce250906a2a8 8d4926fc49844d51baf3ce250906a2a8] 10.0.0.174 "DELETE /resource_providers/bc55b801-6f78-4025-a032-be5dc04c16a8" status: 404 len: 246 microversion: 1.1 [pid: 7|app: 0|req: 522/1049] 10.0.0.174 () {34 vars in 816 bytes} [Tue Jul 21 22:19:55 2026] DELETE /resource_providers/bc55b801-6f78-4025-a032-be5dc04c16a8 => generated 246 bytes in 13 msecs (HTTP/1.1 404) 6 headers in 231 bytes (1 switches on core 0)
2026-07-21 22:19:58.217 8 INFO placement.requestlog [None req-61c4392b-3e7c-4a97-a4f5-e711b9a58907 1fedc70344754d6bace8eb422f43c6fe d677577a196a42ad9653cd840d160900 - - 8d4926fc49844d51baf3ce250906a2a8 8d4926fc49844d51baf3ce250906a2a8] 10.0.0.174 "GET /resource_providers/d894e4a9-70fc-482d-87f2-a5f24fc082dd/aggregates" status: 404 len: 235 microversion: 1.1 [pid: 8|app: 0|req: 528/1050] 10.0.0.174 () {32 vars in 816 bytes} [Tue Jul 21 22:19:58 2026] GET /resource_providers/d894e4a9-70fc-482d-87f2-a5f24fc082dd/aggregates => generated 235 bytes in 12 msecs (HTTP/1.1 404) 5 headers in 202 bytes (1 switches on core 0)
2026-07-21 22:19:58.221 7 INFO placement.requestlog [None req-b7a91a4e-6b3d-41a7-870c-3e10dfee8079 1fedc70344754d6bace8eb422f43c6fe d677577a196a42ad9653cd840d160900 - - 8d4926fc49844d51baf3ce250906a2a8 8d4926fc49844d51baf3ce250906a2a8] 10.0.0.174 "GET /resource_providers/d894e4a9-70fc-482d-87f2-a5f24fc082dd/aggregates" status: 404 len: 235 microversion: 1.1 [pid: 7|app: 0|req: 523/1051] 10.0.0.174 () {32 vars in 816 bytes} [Tue Jul 21 22:19:58 2026] GET /resource_providers/d894e4a9-70fc-482d-87f2-a5f24fc082dd/aggregates => generated 235 bytes in 14 msecs (HTTP/1.1 404) 5 headers in 202 bytes (1 switches on core 0)
2026-07-21 22:19:58.240 8 INFO placement.requestlog [None req-7b8618ec-acec-4fcb-b9fd-64e52c89253c 1fedc70344754d6bace8eb422f43c6fe d677577a196a42ad9653cd840d160900 - - 8d4926fc49844d51baf3ce250906a2a8 8d4926fc49844d51baf3ce250906a2a8] 10.0.0.174 "DELETE /resource_providers/d894e4a9-70fc-482d-87f2-a5f24fc082dd" status: 404 len: 246 microversion: 1.1 [pid: 8|app: 0|req: 529/1052] 10.0.0.174 () {34 vars in 816 bytes} [Tue Jul 21 22:19:58 2026] DELETE /resource_providers/d894e4a9-70fc-482d-87f2-a5f24fc082dd => generated 246 bytes in 12 msecs (HTTP/1.1 404) 6 headers in 231 bytes (1 switches on core 0)
2026-07-21 22:19:58.245 7 INFO placement.requestlog [None req-a65e7051-2035-43bd-b04d-c1d069acb93e 1fedc70344754d6bace8eb422f43c6fe d677577a196a42ad9653cd840d160900 - - 8d4926fc49844d51baf3ce250906a2a8 8d4926fc49844d51baf3ce250906a2a8] 10.0.0.174 "DELETE /resource_providers/d894e4a9-70fc-482d-87f2-a5f24fc082dd" status: 404 len: 246 microversion: 1.1 [pid: 7|app: 0|req: 524/1053] 10.0.0.174 () {34 vars in 816 bytes} [Tue Jul 21 22:19:58 2026] DELETE /resource_providers/d894e4a9-70fc-482d-87f2-a5f24fc082dd => generated 246 bytes in 11 msecs (HTTP/1.1 404) 6 headers in 231 bytes (1 switches on core 0)
2026-07-21 22:20:01.055 8 INFO placement.requestlog [None req-9fb8a1c6-c440-4227-93dc-f398ea847e07 - - - - - -] 10.0.0.105 "GET /" status: 200 len: 136 microversion: 1.0
2026-07-21 22:20:01.055 7 INFO placement.requestlog [None req-0b1c2874-76ef-4d43-9356-1ea31bc63412 - - - - - -] 10.0.0.105 "GET /" status: 200 len: 136 microversion: 1.0
2026-07-21 22:20:05.891 8 INFO placement.requestlog [req-62c67f2f-a410-4bee-9b1f-d83a4b27b965 req-5bb9f5ec-ad76-4583-b1df-4aff1d6086b4 90303d13bc46492ba202f81101af1680 d677577a196a42ad9653cd840d160900 - - 8d4926fc49844d51baf3ce250906a2a8 8d4926fc49844d51baf3ce250906a2a8] 199.19.213.194 "GET /resource_providers/e2285a36-a329-46be-ae80-ed274bbf3df4/allocations" status: 200 len: 353 microversion: 1.0 [pid: 8|app: 0|req: 531/1056] 199.19.213.194 () {32 vars in 857 bytes} [Tue Jul 21 22:20:05 2026] GET /resource_providers/e2285a36-a329-46be-ae80-ed274bbf3df4/allocations => generated 353 bytes in 26 msecs (HTTP/1.1 200) 6 headers in 224 bytes (1 switches on core 0)
2026-07-21 22:20:05.924 7 INFO placement.requestlog [req-62c67f2f-a410-4bee-9b1f-d83a4b27b965 req-fe1c3922-3d28-43e9-a145-e7e4d820ee5a 90303d13bc46492ba202f81101af1680 d677577a196a42ad9653cd840d160900 - - 8d4926fc49844d51baf3ce250906a2a8 8d4926fc49844d51baf3ce250906a2a8] 199.19.213.194 "GET /resource_providers/e2285a36-a329-46be-ae80-ed274bbf3df4/allocations" status: 200 len: 353 microversion: 1.0 [pid: 7|app: 0|req: 526/1057] 199.19.213.194 () {32 vars in 857 bytes} [Tue Jul 21 22:20:05 2026] GET /resource_providers/e2285a36-a329-46be-ae80-ed274bbf3df4/allocations => generated 353 bytes in 26 msecs (HTTP/1.1 200) 6 headers in 224 bytes (1 switches on core 0)
2026-07-21 22:20:05.969 8 INFO placement.requestlog [req-62c67f2f-a410-4bee-9b1f-d83a4b27b965 req-afb34aa4-ae19-47bd-9a8d-1bd6ebda90c9 90303d13bc46492ba202f81101af1680 d677577a196a42ad9653cd840d160900 - - 8d4926fc49844d51baf3ce250906a2a8 8d4926fc49844d51baf3ce250906a2a8] 199.19.213.194 "GET /allocations/4bc5ada6-02b3-48cd-92fd-f2d1e41cf33e" status: 200 len: 258 microversion: 1.28 [pid: 8|app: 0|req: 532/1058] 199.19.213.194 () {34 vars in 863 bytes} [Tue Jul 21 22:20:05 2026] GET /allocations/4bc5ada6-02b3-48cd-92fd-f2d1e41cf33e => generated 258 bytes in 38 msecs (HTTP/1.1 200) 8 headers in 296 bytes (1 switches on core 0)
2026-07-21 22:20:05.987 7 INFO placement.requestlog [req-62c67f2f-a410-4bee-9b1f-d83a4b27b965 req-2fcf1efc-7129-4af1-ac5a-79258760947e 90303d13bc46492ba202f81101af1680 d677577a196a42ad9653cd840d160900 - - 8d4926fc49844d51baf3ce250906a2a8 8d4926fc49844d51baf3ce250906a2a8] 199.19.213.194 "GET /allocations/2bfe7716-f10c-4af7-bfe1-aa01a12947a7" status: 200 len: 258 microversion: 1.28 [pid: 7|app: 0|req: 527/1059] 199.19.213.194 () {34 vars in 863 bytes} [Tue Jul 21 22:20:05 2026] GET /allocations/2bfe7716-f10c-4af7-bfe1-aa01a12947a7 => generated 258 bytes in 13 msecs (HTTP/1.1 200) 8 headers in 296 bytes (1 switches on core 0)
2026-07-21 22:20:06.004 8 INFO placement.requestlog [req-62c67f2f-a410-4bee-9b1f-d83a4b27b965 req-def5d509-6f05-4994-b458-6ba8df7d93de 90303d13bc46492ba202f81101af1680 d677577a196a42ad9653cd840d160900 - - 8d4926fc49844d51baf3ce250906a2a8 8d4926fc49844d51baf3ce250906a2a8] 199.19.213.194 "GET /allocations/9fc4915b-b53c-438f-b144-8b5a1924fcc0" status: 200 len: 258 microversion: 1.28 [pid: 8|app: 0|req: 533/1060] 199.19.213.194 () {34 vars in 863 bytes} [Tue Jul 21 22:20:05 2026] GET /allocations/9fc4915b-b53c-438f-b144-8b5a1924fcc0 => generated 258 bytes in 13 msecs (HTTP/1.1 200) 8 headers in 296 bytes (1 switches on core 0)
2026-07-21 22:20:11.054 8 INFO placement.requestlog [None req-28e2683c-d608-4e46-809e-68e76dde40e3 - - - - - -] 10.0.0.105 "GET /" status: 200 len: 136 microversion: 1.0
2026-07-21 22:20:11.054 7 INFO placement.requestlog [None req-362c9495-d970-460b-bd7e-cbbe3cd04f28 - - - - - -] 10.0.0.105 "GET /" status: 200 len: 136 microversion: 1.0
2026-07-21 22:20:21.055 7 INFO placement.requestlog [None req-e5cbf844-abcc-498a-9e1b-31ce091b536e - - - - - -] 10.0.0.105 "GET /" status: 200 len: 136 microversion: 1.0
2026-07-21 22:20:21.055 8 INFO placement.requestlog [None req-a19a8691-c9f7-4a80-86dd-e482fecd2363 - - - - - -] 10.0.0.105 "GET /" status: 200 len: 136 microversion: 1.0
2026-07-21 22:20:25.853 8 INFO placement.requestlog [None req-3157338a-98d4-4c5e-b0d0-04747f8a06fd 1fedc70344754d6bace8eb422f43c6fe d677577a196a42ad9653cd840d160900 - - 8d4926fc49844d51baf3ce250906a2a8 8d4926fc49844d51baf3ce250906a2a8] 10.0.0.174 "GET /resource_providers/13efd7b1-071f-495d-b979-5a4ca19ad13d/aggregates" status: 404 len: 235 microversion: 1.1 [pid: 8|app: 0|req: 536/1065] 10.0.0.174 () {32 vars in 816 bytes} [Tue Jul 21 22:20:25 2026] GET /resource_providers/13efd7b1-071f-495d-b979-5a4ca19ad13d/aggregates => generated 235 bytes in 11 msecs (HTTP/1.1 404) 5 headers in 202 bytes (1 switches on core 0)
2026-07-21 22:20:25.862 7 INFO placement.requestlog [None req-55b9d665-8f12-4ff5-9ca0-92b8ab4cca0e 1fedc70344754d6bace8eb422f43c6fe d677577a196a42ad9653cd840d160900 - - 8d4926fc49844d51baf3ce250906a2a8 8d4926fc49844d51baf3ce250906a2a8] 10.0.0.174 "GET /resource_providers/13efd7b1-071f-495d-b979-5a4ca19ad13d/aggregates" status: 404 len: 235 microversion: 1.1 [pid: 7|app: 0|req: 530/1066] 10.0.0.174 () {32 vars in 816 bytes} [Tue Jul 21 22:20:25 2026] GET /resource_providers/13efd7b1-071f-495d-b979-5a4ca19ad13d/aggregates => generated 235 bytes in 21 msecs (HTTP/1.1 404) 5 headers in 202 bytes (1 switches on core 0)
2026-07-21 22:20:25.877 8 INFO placement.requestlog [None req-7a2b54a6-b61c-4817-9988-df2ee45dbe7f 1fedc70344754d6bace8eb422f43c6fe d677577a196a42ad9653cd840d160900 - - 8d4926fc49844d51baf3ce250906a2a8 8d4926fc49844d51baf3ce250906a2a8] 10.0.0.174 "DELETE /resource_providers/13efd7b1-071f-495d-b979-5a4ca19ad13d" status: 404 len: 246 microversion: 1.1 [pid: 8|app: 0|req: 537/1067] 10.0.0.174 () {34 vars in 816 bytes} [Tue Jul 21 22:20:25 2026] DELETE /resource_providers/13efd7b1-071f-495d-b979-5a4ca19ad13d => generated 246 bytes in 11 msecs (HTTP/1.1 404) 6 headers in 231 bytes (1 switches on core 0)
2026-07-21 22:20:25.881 7 INFO placement.requestlog [None req-2ba8d3b1-18ee-480f-b5e8-be70d4b6c7e0 1fedc70344754d6bace8eb422f43c6fe d677577a196a42ad9653cd840d160900 - - 8d4926fc49844d51baf3ce250906a2a8 8d4926fc49844d51baf3ce250906a2a8] 10.0.0.174 "DELETE /resource_providers/13efd7b1-071f-495d-b979-5a4ca19ad13d" status: 404 len: 246 microversion: 1.1 [pid: 7|app: 0|req: 531/1068] 10.0.0.174 () {34 vars in 816 bytes} [Tue Jul 21 22:20:25 2026] DELETE /resource_providers/13efd7b1-071f-495d-b979-5a4ca19ad13d => generated 246 bytes in 11 msecs (HTTP/1.1 404) 6 headers in 231 bytes (1 switches on core 0)
2026-07-21 22:20:26.113 8 INFO placement.requestlog [req-35a4e79c-c33c-4fb4-8029-cfc49f03c7f6 req-8d058e6e-be9a-4435-b024-a2e36d0e3253 90303d13bc46492ba202f81101af1680 d677577a196a42ad9653cd840d160900 - - 8d4926fc49844d51baf3ce250906a2a8 8d4926fc49844d51baf3ce250906a2a8] 199.19.213.194 "GET /resource_providers/e2285a36-a329-46be-ae80-ed274bbf3df4/allocations" status: 200 len: 353 microversion: 1.0 [pid: 8|app: 0|req: 538/1069] 199.19.213.194 () {32 vars in 857 bytes} [Tue Jul 21 22:20:26 2026] GET /resource_providers/e2285a36-a329-46be-ae80-ed274bbf3df4/allocations => generated 353 bytes in 35 msecs (HTTP/1.1 200) 6 headers in 224 bytes (1 switches on core 0)
2026-07-21 22:20:26.133 7 INFO placement.requestlog [req-35a4e79c-c33c-4fb4-8029-cfc49f03c7f6 req-93601c1e-0c2c-48a8-b060-32187e7ba667 90303d13bc46492ba202f81101af1680 d677577a196a42ad9653cd840d160900 - - 8d4926fc49844d51baf3ce250906a2a8 8d4926fc49844d51baf3ce250906a2a8] 199.19.213.194 "GET /allocations/4bc5ada6-02b3-48cd-92fd-f2d1e41cf33e" status: 200 len: 258 microversion: 1.28 [pid: 7|app: 0|req: 532/1070] 199.19.213.194 () {34 vars in 863 bytes} [Tue Jul 21 22:20:26 2026] GET /allocations/4bc5ada6-02b3-48cd-92fd-f2d1e41cf33e => generated 258 bytes in 14 msecs (HTTP/1.1 200) 8 headers in 296 bytes (1 switches on core 0)
2026-07-21 22:20:26.159 8 INFO placement.requestlog [req-35a4e79c-c33c-4fb4-8029-cfc49f03c7f6 req-26281a80-7f9b-448d-aa44-15ae286fc1c7 90303d13bc46492ba202f81101af1680 d677577a196a42ad9653cd840d160900 - - 8d4926fc49844d51baf3ce250906a2a8 8d4926fc49844d51baf3ce250906a2a8] 199.19.213.194 "GET /allocations/2bfe7716-f10c-4af7-bfe1-aa01a12947a7" status: 200 len: 258 microversion: 1.28 [pid: 8|app: 0|req: 539/1071] 199.19.213.194 () {34 vars in 863 bytes} [Tue Jul 21 22:20:26 2026] GET /allocations/2bfe7716-f10c-4af7-bfe1-aa01a12947a7 => generated 258 bytes in 17 msecs (HTTP/1.1 200) 8 headers in 296 bytes (1 switches on core 0)
2026-07-21 22:20:26.177 7 INFO placement.requestlog [req-35a4e79c-c33c-4fb4-8029-cfc49f03c7f6 req-9b8e863e-4d30-432a-ad1f-419bcbf71a14 90303d13bc46492ba202f81101af1680 d677577a196a42ad9653cd840d160900 - - 8d4926fc49844d51baf3ce250906a2a8 8d4926fc49844d51baf3ce250906a2a8] 199.19.213.194 "GET /allocations/9fc4915b-b53c-438f-b144-8b5a1924fcc0" status: 200 len: 258 microversion: 1.28 [pid: 7|app: 0|req: 533/1072] 199.19.213.194 () {34 vars in 863 bytes} [Tue Jul 21 22:20:26 2026] GET /allocations/9fc4915b-b53c-438f-b144-8b5a1924fcc0 => generated 258 bytes in 14 msecs (HTTP/1.1 200) 8 headers in 296 bytes (1 switches on core 0)
2026-07-21 22:20:27.226 8 INFO placement.requestlog [req-35a4e79c-c33c-4fb4-8029-cfc49f03c7f6 req-cf5f2d34-eeb6-4135-a473-b7c7d8f70401 90303d13bc46492ba202f81101af1680 d677577a196a42ad9653cd840d160900 - - 8d4926fc49844d51baf3ce250906a2a8 8d4926fc49844d51baf3ce250906a2a8] 199.19.213.194 "DELETE /allocations/4bc5ada6-02b3-48cd-92fd-f2d1e41cf33e" status: 204 len: 0 microversion: 1.0 [pid: 8|app: 0|req: 540/1073] 199.19.213.194 () {34 vars in 841 bytes} [Tue Jul 21 22:20:27 2026] DELETE /allocations/4bc5ada6-02b3-48cd-92fd-f2d1e41cf33e => generated 0 bytes in 21 msecs (HTTP/1.1 204) 5 headers in 198 bytes (1 switches on core 0)
2026-07-21 22:20:28.448 7 INFO placement.requestlog [req-87e91261-481e-43eb-a60c-d9240a2b8d89 req-34bf2565-a4a0-4650-89db-adc514a14085 90303d13bc46492ba202f81101af1680 d677577a196a42ad9653cd840d160900 - - 8d4926fc49844d51baf3ce250906a2a8 8d4926fc49844d51baf3ce250906a2a8] 199.19.213.194 "GET /resource_providers/e2285a36-a329-46be-ae80-ed274bbf3df4/allocations" status: 200 len: 253 microversion: 1.0 [pid: 7|app: 0|req: 534/1074] 199.19.213.194 () {32 vars in 857 bytes} [Tue Jul 21 22:20:28 2026] GET /resource_providers/e2285a36-a329-46be-ae80-ed274bbf3df4/allocations => generated 253 bytes in 22 msecs (HTTP/1.1 200) 6 headers in 224 bytes (1 switches on core 0)
2026-07-21 22:20:28.469 8 INFO placement.requestlog [req-87e91261-481e-43eb-a60c-d9240a2b8d89 req-472c8e64-28f6-4ae5-8f72-c69a06c7f700 90303d13bc46492ba202f81101af1680 d677577a196a42ad9653cd840d160900 - - 8d4926fc49844d51baf3ce250906a2a8 8d4926fc49844d51baf3ce250906a2a8] 199.19.213.194 "GET /allocations/2bfe7716-f10c-4af7-bfe1-aa01a12947a7" status: 200 len: 258 microversion: 1.28 [pid: 8|app: 0|req: 541/1075] 199.19.213.194 () {34 vars in 863 bytes} [Tue Jul 21 22:20:28 2026] GET /allocations/2bfe7716-f10c-4af7-bfe1-aa01a12947a7 => generated 258 bytes in 16 msecs (HTTP/1.1 200) 8 headers in 296 bytes (1 switches on core 0)
2026-07-21 22:20:28.494 7 INFO placement.requestlog [req-87e91261-481e-43eb-a60c-d9240a2b8d89 req-f0f0d2e3-a83b-43d0-96a6-f42fff2f50c7 90303d13bc46492ba202f81101af1680 d677577a196a42ad9653cd840d160900 - - 8d4926fc49844d51baf3ce250906a2a8 8d4926fc49844d51baf3ce250906a2a8] 199.19.213.194 "GET /allocations/9fc4915b-b53c-438f-b144-8b5a1924fcc0" status: 200 len: 258 microversion: 1.28 [pid: 7|app: 0|req: 535/1076] 199.19.213.194 () {34 vars in 863 bytes} [Tue Jul 21 22:20:28 2026] GET /allocations/9fc4915b-b53c-438f-b144-8b5a1924fcc0 => generated 258 bytes in 19 msecs (HTTP/1.1 200) 8 headers in 296 bytes (1 switches on core 0)
2026-07-21 22:20:29.536 8 INFO placement.requestlog [req-87e91261-481e-43eb-a60c-d9240a2b8d89 req-ac6d0d66-6627-4f2c-9fc7-233568d3b4b5 90303d13bc46492ba202f81101af1680 d677577a196a42ad9653cd840d160900 - - 8d4926fc49844d51baf3ce250906a2a8 8d4926fc49844d51baf3ce250906a2a8] 199.19.213.194 "DELETE /allocations/2bfe7716-f10c-4af7-bfe1-aa01a12947a7" status: 204 len: 0 microversion: 1.0 [pid: 8|app: 0|req: 542/1077] 199.19.213.194 () {34 vars in 841 bytes} [Tue Jul 21 22:20:29 2026] DELETE /allocations/2bfe7716-f10c-4af7-bfe1-aa01a12947a7 => generated 0 bytes in 19 msecs (HTTP/1.1 204) 5 headers in 198 bytes (1 switches on core 0)
2026-07-21 22:20:31.054 8 INFO placement.requestlog [None req-3c4e77b0-724c-4bfc-8e32-6cfb07d71c49 - - - - - -] 10.0.0.105 "GET /" status: 200 len: 136 microversion: 1.0
2026-07-21 22:20:31.055 7 INFO placement.requestlog [None req-1358f0cc-8e93-494f-8884-cd950000e00b - - - - - -] 10.0.0.105 "GET /" status: 200 len: 136 microversion: 1.0
2026-07-21 22:20:33.335 8 INFO placement.requestlog [req-7d4f5554-eceb-4aee-8014-b7dda96e0d96 req-342e1915-f177-4426-8bc6-4a17e7a30a90 90303d13bc46492ba202f81101af1680 d677577a196a42ad9653cd840d160900 - - 8d4926fc49844d51baf3ce250906a2a8 8d4926fc49844d51baf3ce250906a2a8] 199.19.213.194 "GET /resource_providers/e2285a36-a329-46be-ae80-ed274bbf3df4/allocations" status: 200 len: 153 microversion: 1.0 [pid: 8|app: 0|req: 544/1080] 199.19.213.194 () {32 vars in 857 bytes} [Tue Jul 21 22:20:33 2026] GET /resource_providers/e2285a36-a329-46be-ae80-ed274bbf3df4/allocations => generated 153 bytes in 19 msecs (HTTP/1.1 200) 6 headers in 224 bytes (1 switches on core 0)
2026-07-21 22:20:33.360 7 INFO placement.requestlog [req-7d4f5554-eceb-4aee-8014-b7dda96e0d96 req-3e89a4c1-6ef3-4cfb-a1d0-f62f49fac626 90303d13bc46492ba202f81101af1680 d677577a196a42ad9653cd840d160900 - - 8d4926fc49844d51baf3ce250906a2a8 8d4926fc49844d51baf3ce250906a2a8] 199.19.213.194 "GET /allocations/9fc4915b-b53c-438f-b144-8b5a1924fcc0" status: 200 len: 258 microversion: 1.28 [pid: 7|app: 0|req: 537/1081] 199.19.213.194 () {34 vars in 863 bytes} [Tue Jul 21 22:20:33 2026] GET /allocations/9fc4915b-b53c-438f-b144-8b5a1924fcc0 => generated 258 bytes in 18 msecs (HTTP/1.1 200) 8 headers in 296 bytes (1 switches on core 0)
2026-07-21 22:20:33.408 8 INFO placement.requestlog [None req-90557d0d-9d2e-4d61-9266-22a6c9494dea 1fedc70344754d6bace8eb422f43c6fe d677577a196a42ad9653cd840d160900 - - 8d4926fc49844d51baf3ce250906a2a8 8d4926fc49844d51baf3ce250906a2a8] 10.0.0.174 "GET /resource_providers/80a9fa37-e978-4d37-b7b0-45e971ba8e2e/aggregates" status: 404 len: 235 microversion: 1.1 [pid: 8|app: 0|req: 545/1082] 10.0.0.174 () {32 vars in 816 bytes} [Tue Jul 21 22:20:33 2026] GET /resource_providers/80a9fa37-e978-4d37-b7b0-45e971ba8e2e/aggregates => generated 235 bytes in 10 msecs (HTTP/1.1 404) 5 headers in 202 bytes (1 switches on core 0)
2026-07-21 22:20:33.412 7 INFO placement.requestlog [None req-0234a980-1218-43a0-bc08-acd3ed7ce6e7 1fedc70344754d6bace8eb422f43c6fe d677577a196a42ad9653cd840d160900 - - 8d4926fc49844d51baf3ce250906a2a8 8d4926fc49844d51baf3ce250906a2a8] 10.0.0.174 "GET /resource_providers/80a9fa37-e978-4d37-b7b0-45e971ba8e2e/aggregates" status: 404 len: 235 microversion: 1.1 [pid: 7|app: 0|req: 538/1083] 10.0.0.174 () {32 vars in 816 bytes} [Tue Jul 21 22:20:33 2026] GET /resource_providers/80a9fa37-e978-4d37-b7b0-45e971ba8e2e/aggregates => generated 235 bytes in 7 msecs (HTTP/1.1 404) 5 headers in 202 bytes (1 switches on core 0)
2026-07-21 22:20:33.434 8 INFO placement.requestlog [None req-3a745073-8268-4389-a01f-ad40f67435d1 1fedc70344754d6bace8eb422f43c6fe d677577a196a42ad9653cd840d160900 - - 8d4926fc49844d51baf3ce250906a2a8 8d4926fc49844d51baf3ce250906a2a8] 10.0.0.174 "DELETE /resource_providers/80a9fa37-e978-4d37-b7b0-45e971ba8e2e" status: 404 len: 246 microversion: 1.1
2026-07-21 22:20:33.434 7 INFO placement.requestlog [None req-8bbf7681-2bcc-4ea7-98b6-1bb6dc016a98 1fedc70344754d6bace8eb422f43c6fe d677577a196a42ad9653cd840d160900 - - 8d4926fc49844d51baf3ce250906a2a8 8d4926fc49844d51baf3ce250906a2a8] 10.0.0.174 "DELETE /resource_providers/80a9fa37-e978-4d37-b7b0-45e971ba8e2e" status: 404 len: 246 microversion: 1.1 [pid: 8|app: 0|req: 546/1084] 10.0.0.174 () {34 vars in 816 bytes} [Tue Jul 21 22:20:33 2026] DELETE /resource_providers/80a9fa37-e978-4d37-b7b0-45e971ba8e2e => generated 246 bytes in 10 msecs (HTTP/1.1 404) 6 headers in 231 bytes (1 switches on core 0) [pid: 7|app: 0|req: 539/1085] 10.0.0.174 () {34 vars in 816 bytes} [Tue Jul 21 22:20:33 2026] DELETE /resource_providers/80a9fa37-e978-4d37-b7b0-45e971ba8e2e => generated 246 bytes in 10 msecs (HTTP/1.1 404) 6 headers in 231 bytes (1 switches on core 0)
2026-07-21 22:20:34.414 8 INFO placement.requestlog [req-7d4f5554-eceb-4aee-8014-b7dda96e0d96 req-358d2f74-98ba-46f2-9d3b-484016edd6b1 90303d13bc46492ba202f81101af1680 d677577a196a42ad9653cd840d160900 - - 8d4926fc49844d51baf3ce250906a2a8 8d4926fc49844d51baf3ce250906a2a8] 199.19.213.194 "DELETE /allocations/9fc4915b-b53c-438f-b144-8b5a1924fcc0" status: 204 len: 0 microversion: 1.0 [pid: 8|app: 0|req: 547/1086] 199.19.213.194 () {34 vars in 841 bytes} [Tue Jul 21 22:20:34 2026] DELETE /allocations/9fc4915b-b53c-438f-b144-8b5a1924fcc0 => generated 0 bytes in 31 msecs (HTTP/1.1 204) 5 headers in 198 bytes (1 switches on core 0)
2026-07-21 22:20:35.478 7 INFO placement.requestlog [None req-bc9b743d-9b48-44ed-ac0d-d01daa8335b9 1fedc70344754d6bace8eb422f43c6fe d677577a196a42ad9653cd840d160900 - - 8d4926fc49844d51baf3ce250906a2a8 8d4926fc49844d51baf3ce250906a2a8] 10.0.0.174 "GET /resource_providers/e56db28e-064f-4483-a8b5-af5119483878/aggregates" status: 404 len: 235 microversion: 1.1 [pid: 7|app: 0|req: 540/1087] 10.0.0.174 () {32 vars in 816 bytes} [Tue Jul 21 22:20:35 2026] GET /resource_providers/e56db28e-064f-4483-a8b5-af5119483878/aggregates => generated 235 bytes in 28 msecs (HTTP/1.1 404) 5 headers in 202 bytes (1 switches on core 0)
2026-07-21 22:20:35.481 8 INFO placement.requestlog [None req-d85e38f3-e996-4e2a-9607-7c24bb14646f 1fedc70344754d6bace8eb422f43c6fe d677577a196a42ad9653cd840d160900 - - 8d4926fc49844d51baf3ce250906a2a8 8d4926fc49844d51baf3ce250906a2a8] 10.0.0.174 "GET /resource_providers/e56db28e-064f-4483-a8b5-af5119483878/aggregates" status: 404 len: 235 microversion: 1.1 [pid: 8|app: 0|req: 548/1088] 10.0.0.174 () {32 vars in 816 bytes} [Tue Jul 21 22:20:35 2026] GET /resource_providers/e56db28e-064f-4483-a8b5-af5119483878/aggregates => generated 235 bytes in 16 msecs (HTTP/1.1 404) 5 headers in 202 bytes (1 switches on core 0)
2026-07-21 22:20:35.511 7 INFO placement.requestlog [None req-31ce5aa1-1727-419a-8657-0a25428feae7 1fedc70344754d6bace8eb422f43c6fe d677577a196a42ad9653cd840d160900 - - 8d4926fc49844d51baf3ce250906a2a8 8d4926fc49844d51baf3ce250906a2a8] 10.0.0.174 "DELETE /resource_providers/e56db28e-064f-4483-a8b5-af5119483878" status: 404 len: 246 microversion: 1.1
2026-07-21 22:20:35.511 8 INFO placement.requestlog [None req-0dd8d37e-4e08-4216-9e39-f3533c810f65 1fedc70344754d6bace8eb422f43c6fe d677577a196a42ad9653cd840d160900 - - 8d4926fc49844d51baf3ce250906a2a8 8d4926fc49844d51baf3ce250906a2a8] 10.0.0.174 "DELETE /resource_providers/e56db28e-064f-4483-a8b5-af5119483878" status: 404 len: 246 microversion: 1.1 [pid: 8|app: 0|req: 549/1090] 10.0.0.174 () {34 vars in 816 bytes} [Tue Jul 21 22:20:35 2026] DELETE /resource_providers/e56db28e-064f-4483-a8b5-af5119483878 => generated 246 bytes in 11 msecs (HTTP/1.1 404) 6 headers in 231 bytes (1 switches on core 0) [pid: 7|app: 0|req: 541/1090] 10.0.0.174 () {34 vars in 816 bytes} [Tue Jul 21 22:20:35 2026] DELETE /resource_providers/e56db28e-064f-4483-a8b5-af5119483878 => generated 246 bytes in 11 msecs (HTTP/1.1 404) 6 headers in 231 bytes (1 switches on core 0)
2026-07-21 22:20:37.546 8 INFO placement.requestlog [None req-176cb613-6e5f-46cb-bb11-59e9e327da74 1fedc70344754d6bace8eb422f43c6fe d677577a196a42ad9653cd840d160900 - - 8d4926fc49844d51baf3ce250906a2a8 8d4926fc49844d51baf3ce250906a2a8] 10.0.0.174 "GET /resource_providers/139ee018-d25f-44c5-88fb-d292d1f359b9/aggregates" status: 404 len: 235 microversion: 1.1 [pid: 8|app: 0|req: 550/1091] 10.0.0.174 () {32 vars in 816 bytes} [Tue Jul 21 22:20:37 2026] GET /resource_providers/139ee018-d25f-44c5-88fb-d292d1f359b9/aggregates => generated 235 bytes in 15 msecs (HTTP/1.1 404) 5 headers in 202 bytes (1 switches on core 0)
2026-07-21 22:20:37.548 7 INFO placement.requestlog [None req-305600ac-8d29-4a1c-9c27-4c4a3f518979 1fedc70344754d6bace8eb422f43c6fe d677577a196a42ad9653cd840d160900 - - 8d4926fc49844d51baf3ce250906a2a8 8d4926fc49844d51baf3ce250906a2a8] 10.0.0.174 "GET /resource_providers/139ee018-d25f-44c5-88fb-d292d1f359b9/aggregates" status: 404 len: 235 microversion: 1.1 [pid: 7|app: 0|req: 542/1092] 10.0.0.174 () {32 vars in 816 bytes} [Tue Jul 21 22:20:37 2026] GET /resource_providers/139ee018-d25f-44c5-88fb-d292d1f359b9/aggregates => generated 235 bytes in 15 msecs (HTTP/1.1 404) 5 headers in 202 bytes (1 switches on core 0)
2026-07-21 22:20:37.566 8 INFO placement.requestlog [None req-e79c008e-8aef-4655-9b4f-cf96a69985e8 1fedc70344754d6bace8eb422f43c6fe d677577a196a42ad9653cd840d160900 - - 8d4926fc49844d51baf3ce250906a2a8 8d4926fc49844d51baf3ce250906a2a8] 10.0.0.174 "DELETE /resource_providers/139ee018-d25f-44c5-88fb-d292d1f359b9" status: 404 len: 246 microversion: 1.1 [pid: 8|app: 0|req: 551/1093] 10.0.0.174 () {34 vars in 816 bytes} [Tue Jul 21 22:20:37 2026] DELETE /resource_providers/139ee018-d25f-44c5-88fb-d292d1f359b9 => generated 246 bytes in 10 msecs (HTTP/1.1 404) 6 headers in 231 bytes (1 switches on core 0)
2026-07-21 22:20:37.584 7 INFO placement.requestlog [None req-1d5f0b23-c360-455a-8d2e-90fa7585b079 1fedc70344754d6bace8eb422f43c6fe d677577a196a42ad9653cd840d160900 - - 8d4926fc49844d51baf3ce250906a2a8 8d4926fc49844d51baf3ce250906a2a8] 10.0.0.174 "DELETE /resource_providers/139ee018-d25f-44c5-88fb-d292d1f359b9" status: 404 len: 246 microversion: 1.1 [pid: 7|app: 0|req: 543/1094] 10.0.0.174 () {34 vars in 816 bytes} [Tue Jul 21 22:20:37 2026] DELETE /resource_providers/139ee018-d25f-44c5-88fb-d292d1f359b9 => generated 246 bytes in 12 msecs (HTTP/1.1 404) 6 headers in 231 bytes (1 switches on core 0)
2026-07-21 22:20:37.584 8 INFO placement.requestlog [None req-87ec3f27-3753-44ab-92c9-ee25c1067112 1fedc70344754d6bace8eb422f43c6fe d677577a196a42ad9653cd840d160900 - - 8d4926fc49844d51baf3ce250906a2a8 8d4926fc49844d51baf3ce250906a2a8] 10.0.0.174 "GET /resource_providers/bef7b1ed-c1b8-4fc1-b03d-b83ca090be5a/aggregates" status: 404 len: 235 microversion: 1.1 [pid: 8|app: 0|req: 552/1095] 10.0.0.174 () {32 vars in 816 bytes} [Tue Jul 21 22:20:37 2026] GET /resource_providers/bef7b1ed-c1b8-4fc1-b03d-b83ca090be5a/aggregates => generated 235 bytes in 10 msecs (HTTP/1.1 404) 5 headers in 202 bytes (1 switches on core 0)
2026-07-21 22:20:37.604 7 INFO placement.requestlog [None req-0a99e343-4b00-4d86-ba5e-140662f2f756 1fedc70344754d6bace8eb422f43c6fe d677577a196a42ad9653cd840d160900 - - 8d4926fc49844d51baf3ce250906a2a8 8d4926fc49844d51baf3ce250906a2a8] 10.0.0.174 "GET /resource_providers/bef7b1ed-c1b8-4fc1-b03d-b83ca090be5a/aggregates" status: 404 len: 235 microversion: 1.1 [pid: 7|app: 0|req: 544/1096] 10.0.0.174 () {32 vars in 816 bytes} [Tue Jul 21 22:20:37 2026] GET /resource_providers/bef7b1ed-c1b8-4fc1-b03d-b83ca090be5a/aggregates => generated 235 bytes in 9 msecs (HTTP/1.1 404) 5 headers in 202 bytes (1 switches on core 0)
2026-07-21 22:20:37.609 8 INFO placement.requestlog [None req-032800e3-9495-4a6c-942c-0d6ed4267e79 1fedc70344754d6bace8eb422f43c6fe d677577a196a42ad9653cd840d160900 - - 8d4926fc49844d51baf3ce250906a2a8 8d4926fc49844d51baf3ce250906a2a8] 10.0.0.174 "DELETE /resource_providers/bef7b1ed-c1b8-4fc1-b03d-b83ca090be5a" status: 404 len: 246 microversion: 1.1 [pid: 8|app: 0|req: 553/1097] 10.0.0.174 () {34 vars in 816 bytes} [Tue Jul 21 22:20:37 2026] DELETE /resource_providers/bef7b1ed-c1b8-4fc1-b03d-b83ca090be5a => generated 246 bytes in 12 msecs (HTTP/1.1 404) 6 headers in 231 bytes (1 switches on core 0)
2026-07-21 22:20:37.640 7 INFO placement.requestlog [None req-8990b4eb-7682-4641-9d33-351c49b4d3fb 1fedc70344754d6bace8eb422f43c6fe d677577a196a42ad9653cd840d160900 - - 8d4926fc49844d51baf3ce250906a2a8 8d4926fc49844d51baf3ce250906a2a8] 10.0.0.174 "DELETE /resource_providers/bef7b1ed-c1b8-4fc1-b03d-b83ca090be5a" status: 404 len: 246 microversion: 1.1 [pid: 7|app: 0|req: 545/1098] 10.0.0.174 () {34 vars in 816 bytes} [Tue Jul 21 22:20:37 2026] DELETE /resource_providers/bef7b1ed-c1b8-4fc1-b03d-b83ca090be5a => generated 246 bytes in 22 msecs (HTTP/1.1 404) 6 headers in 231 bytes (1 switches on core 0)
2026-07-21 22:20:39.630 8 INFO placement.requestlog [None req-2cad5bd2-363b-440d-8fe0-ca91823980a4 1fedc70344754d6bace8eb422f43c6fe d677577a196a42ad9653cd840d160900 - - 8d4926fc49844d51baf3ce250906a2a8 8d4926fc49844d51baf3ce250906a2a8] 10.0.0.174 "GET /resource_providers/1cc11731-2eff-438f-ac1a-62ada9fc6eee/aggregates" status: 404 len: 235 microversion: 1.1 [pid: 8|app: 0|req: 554/1099] 10.0.0.174 () {32 vars in 816 bytes} [Tue Jul 21 22:20:39 2026] GET /resource_providers/1cc11731-2eff-438f-ac1a-62ada9fc6eee/aggregates => generated 235 bytes in 13 msecs (HTTP/1.1 404) 5 headers in 202 bytes (1 switches on core 0)
2026-07-21 22:20:39.647 7 INFO placement.requestlog [None req-1756f1ad-9129-4e77-9a69-69dd60e1a43d 1fedc70344754d6bace8eb422f43c6fe d677577a196a42ad9653cd840d160900 - - 8d4926fc49844d51baf3ce250906a2a8 8d4926fc49844d51baf3ce250906a2a8] 10.0.0.174 "DELETE /resource_providers/1cc11731-2eff-438f-ac1a-62ada9fc6eee" status: 404 len: 246 microversion: 1.1 [pid: 7|app: 0|req: 546/1100] 10.0.0.174 () {34 vars in 816 bytes} [Tue Jul 21 22:20:39 2026] DELETE /resource_providers/1cc11731-2eff-438f-ac1a-62ada9fc6eee => generated 246 bytes in 8 msecs (HTTP/1.1 404) 6 headers in 231 bytes (1 switches on core 0)
2026-07-21 22:20:39.665 8 INFO placement.requestlog [None req-9e3f15c9-7f4f-47a5-a293-677f40b99357 1fedc70344754d6bace8eb422f43c6fe d677577a196a42ad9653cd840d160900 - - 8d4926fc49844d51baf3ce250906a2a8 8d4926fc49844d51baf3ce250906a2a8] 10.0.0.174 "GET /resource_providers/1cc11731-2eff-438f-ac1a-62ada9fc6eee/aggregates" status: 404 len: 235 microversion: 1.1 [pid: 8|app: 0|req: 555/1101] 10.0.0.174 () {32 vars in 816 bytes} [Tue Jul 21 22:20:39 2026] GET /resource_providers/1cc11731-2eff-438f-ac1a-62ada9fc6eee/aggregates => generated 235 bytes in 11 msecs (HTTP/1.1 404) 5 headers in 202 bytes (1 switches on core 0)
2026-07-21 22:20:39.671 7 INFO placement.requestlog [None req-f909cf3e-4a84-4908-97ca-f80b8345169e 1fedc70344754d6bace8eb422f43c6fe d677577a196a42ad9653cd840d160900 - - 8d4926fc49844d51baf3ce250906a2a8 8d4926fc49844d51baf3ce250906a2a8] 10.0.0.174 "GET /resource_providers/45f2ae40-43c9-474a-a3a0-a064471b9bfa/aggregates" status: 404 len: 235 microversion: 1.1 [pid: 7|app: 0|req: 547/1102] 10.0.0.174 () {32 vars in 816 bytes} [Tue Jul 21 22:20:39 2026] GET /resource_providers/45f2ae40-43c9-474a-a3a0-a064471b9bfa/aggregates => generated 235 bytes in 14 msecs (HTTP/1.1 404) 5 headers in 202 bytes (1 switches on core 0)
2026-07-21 22:20:39.689 8 INFO placement.requestlog [None req-238e71ef-aae7-429c-a07d-f26dac0e7745 1fedc70344754d6bace8eb422f43c6fe d677577a196a42ad9653cd840d160900 - - 8d4926fc49844d51baf3ce250906a2a8 8d4926fc49844d51baf3ce250906a2a8] 10.0.0.174 "DELETE /resource_providers/1cc11731-2eff-438f-ac1a-62ada9fc6eee" status: 404 len: 246 microversion: 1.1 [pid: 8|app: 0|req: 556/1103] 10.0.0.174 () {34 vars in 816 bytes} [Tue Jul 21 22:20:39 2026] DELETE /resource_providers/1cc11731-2eff-438f-ac1a-62ada9fc6eee => generated 246 bytes in 10 msecs (HTTP/1.1 404) 6 headers in 231 bytes (1 switches on core 0)
2026-07-21 22:20:39.695 7 INFO placement.requestlog [None req-69ce2141-e833-4d47-9b69-b23a4370fd15 1fedc70344754d6bace8eb422f43c6fe d677577a196a42ad9653cd840d160900 - - 8d4926fc49844d51baf3ce250906a2a8 8d4926fc49844d51baf3ce250906a2a8] 10.0.0.174 "DELETE /resource_providers/45f2ae40-43c9-474a-a3a0-a064471b9bfa" status: 404 len: 246 microversion: 1.1 [pid: 7|app: 0|req: 548/1104] 10.0.0.174 () {34 vars in 816 bytes} [Tue Jul 21 22:20:39 2026] DELETE /resource_providers/45f2ae40-43c9-474a-a3a0-a064471b9bfa => generated 246 bytes in 13 msecs (HTTP/1.1 404) 6 headers in 231 bytes (1 switches on core 0)
2026-07-21 22:20:39.709 8 INFO placement.requestlog [None req-95ebb88b-9441-4629-8894-a5a5429f7500 1fedc70344754d6bace8eb422f43c6fe d677577a196a42ad9653cd840d160900 - - 8d4926fc49844d51baf3ce250906a2a8 8d4926fc49844d51baf3ce250906a2a8] 10.0.0.174 "GET /resource_providers/45f2ae40-43c9-474a-a3a0-a064471b9bfa/aggregates" status: 404 len: 235 microversion: 1.1 [pid: 8|app: 0|req: 557/1105] 10.0.0.174 () {32 vars in 816 bytes} [Tue Jul 21 22:20:39 2026] GET /resource_providers/45f2ae40-43c9-474a-a3a0-a064471b9bfa/aggregates => generated 235 bytes in 8 msecs (HTTP/1.1 404) 5 headers in 202 bytes (1 switches on core 0)
2026-07-21 22:20:39.714 7 INFO placement.requestlog [None req-d8c5d948-1bb9-43f3-86e6-b5a703a90f1d 1fedc70344754d6bace8eb422f43c6fe d677577a196a42ad9653cd840d160900 - - 8d4926fc49844d51baf3ce250906a2a8 8d4926fc49844d51baf3ce250906a2a8] 10.0.0.174 "GET /resource_providers/ab6f8006-da92-4588-964d-70cef4ab3d78/aggregates" status: 404 len: 235 microversion: 1.1 [pid: 7|app: 0|req: 549/1106] 10.0.0.174 () {32 vars in 816 bytes} [Tue Jul 21 22:20:39 2026] GET /resource_providers/ab6f8006-da92-4588-964d-70cef4ab3d78/aggregates => generated 235 bytes in 12 msecs (HTTP/1.1 404) 5 headers in 202 bytes (1 switches on core 0)
2026-07-21 22:20:39.730 8 INFO placement.requestlog [None req-8c6bd06d-1f5e-4d59-a709-1c4b67c4ab0e 1fedc70344754d6bace8eb422f43c6fe d677577a196a42ad9653cd840d160900 - - 8d4926fc49844d51baf3ce250906a2a8 8d4926fc49844d51baf3ce250906a2a8] 10.0.0.174 "DELETE /resource_providers/ab6f8006-da92-4588-964d-70cef4ab3d78" status: 404 len: 246 microversion: 1.1 [pid: 8|app: 0|req: 558/1107] 10.0.0.174 () {34 vars in 816 bytes} [Tue Jul 21 22:20:39 2026] DELETE /resource_providers/ab6f8006-da92-4588-964d-70cef4ab3d78 => generated 246 bytes in 9 msecs (HTTP/1.1 404) 6 headers in 231 bytes (1 switches on core 0)
2026-07-21 22:20:39.733 7 INFO placement.requestlog [None req-8180adde-3424-409b-bd89-23c5eff69f23 1fedc70344754d6bace8eb422f43c6fe d677577a196a42ad9653cd840d160900 - - 8d4926fc49844d51baf3ce250906a2a8 8d4926fc49844d51baf3ce250906a2a8] 10.0.0.174 "DELETE /resource_providers/45f2ae40-43c9-474a-a3a0-a064471b9bfa" status: 404 len: 246 microversion: 1.1 [pid: 7|app: 0|req: 550/1108] 10.0.0.174 () {34 vars in 816 bytes} [Tue Jul 21 22:20:39 2026] DELETE /resource_providers/45f2ae40-43c9-474a-a3a0-a064471b9bfa => generated 246 bytes in 11 msecs (HTTP/1.1 404) 6 headers in 231 bytes (1 switches on core 0)
2026-07-21 22:20:39.751 8 INFO placement.requestlog [None req-34bf26fa-6657-4879-abd4-51a03ba4a77e 1fedc70344754d6bace8eb422f43c6fe d677577a196a42ad9653cd840d160900 - - 8d4926fc49844d51baf3ce250906a2a8 8d4926fc49844d51baf3ce250906a2a8] 10.0.0.174 "GET /resource_providers/ab6f8006-da92-4588-964d-70cef4ab3d78/aggregates" status: 404 len: 235 microversion: 1.1 [pid: 8|app: 0|req: 559/1109] 10.0.0.174 () {32 vars in 816 bytes} [Tue Jul 21 22:20:39 2026] GET /resource_providers/ab6f8006-da92-4588-964d-70cef4ab3d78/aggregates => generated 235 bytes in 9 msecs (HTTP/1.1 404) 5 headers in 202 bytes (1 switches on core 0)
2026-07-21 22:20:39.771 7 INFO placement.requestlog [None req-701556eb-f1d9-41f8-8d37-251441325d08 1fedc70344754d6bace8eb422f43c6fe d677577a196a42ad9653cd840d160900 - - 8d4926fc49844d51baf3ce250906a2a8 8d4926fc49844d51baf3ce250906a2a8] 10.0.0.174 "DELETE /resource_providers/ab6f8006-da92-4588-964d-70cef4ab3d78" status: 404 len: 246 microversion: 1.1 [pid: 7|app: 0|req: 551/1110] 10.0.0.174 () {34 vars in 816 bytes} [Tue Jul 21 22:20:39 2026] DELETE /resource_providers/ab6f8006-da92-4588-964d-70cef4ab3d78 => generated 246 bytes in 9 msecs (HTTP/1.1 404) 6 headers in 231 bytes (1 switches on core 0)
2026-07-21 22:20:41.054 7 INFO placement.requestlog [None req-bf006aa3-801f-47ac-b1f6-9b0a4c1a4740 - - - - - -] 10.0.0.105 "GET /" status: 200 len: 136 microversion: 1.0
2026-07-21 22:20:41.054 8 INFO placement.requestlog [None req-fdfea567-eb05-4764-8997-17da32886c2a - - - - - -] 10.0.0.105 "GET /" status: 200 len: 136 microversion: 1.0
2026-07-21 22:20:43.356 7 INFO placement.requestlog [None req-6f4c93b5-afdb-4aeb-982d-44f7c6faf493 1fedc70344754d6bace8eb422f43c6fe d677577a196a42ad9653cd840d160900 - - 8d4926fc49844d51baf3ce250906a2a8 8d4926fc49844d51baf3ce250906a2a8] 10.0.0.174 "GET /resource_providers/4b1ce4bc-9fc5-4c91-aba7-1235b32e8606/aggregates" status: 404 len: 235 microversion: 1.1 [pid: 7|app: 0|req: 553/1113] 10.0.0.174 () {32 vars in 816 bytes} [Tue Jul 21 22:20:43 2026] GET /resource_providers/4b1ce4bc-9fc5-4c91-aba7-1235b32e8606/aggregates => generated 235 bytes in 8 msecs (HTTP/1.1 404) 5 headers in 202 bytes (1 switches on core 0)
2026-07-21 22:20:43.365 8 INFO placement.requestlog [None req-e14158e6-b603-47b6-b9ee-9255ff01ad63 1fedc70344754d6bace8eb422f43c6fe d677577a196a42ad9653cd840d160900 - - 8d4926fc49844d51baf3ce250906a2a8 8d4926fc49844d51baf3ce250906a2a8] 10.0.0.174 "GET /resource_providers/4b1ce4bc-9fc5-4c91-aba7-1235b32e8606/aggregates" status: 404 len: 235 microversion: 1.1 [pid: 8|app: 0|req: 561/1114] 10.0.0.174 () {32 vars in 816 bytes} [Tue Jul 21 22:20:43 2026] GET /resource_providers/4b1ce4bc-9fc5-4c91-aba7-1235b32e8606/aggregates => generated 235 bytes in 12 msecs (HTTP/1.1 404) 5 headers in 202 bytes (1 switches on core 0)
2026-07-21 22:20:43.376 7 INFO placement.requestlog [None req-cd9062e2-6d88-4326-a83e-889a8d7460fe 1fedc70344754d6bace8eb422f43c6fe d677577a196a42ad9653cd840d160900 - - 8d4926fc49844d51baf3ce250906a2a8 8d4926fc49844d51baf3ce250906a2a8] 10.0.0.174 "DELETE /resource_providers/4b1ce4bc-9fc5-4c91-aba7-1235b32e8606" status: 404 len: 246 microversion: 1.1 [pid: 7|app: 0|req: 554/1115] 10.0.0.174 () {34 vars in 816 bytes} [Tue Jul 21 22:20:43 2026] DELETE /resource_providers/4b1ce4bc-9fc5-4c91-aba7-1235b32e8606 => generated 246 bytes in 11 msecs (HTTP/1.1 404) 6 headers in 231 bytes (1 switches on core 0)
2026-07-21 22:20:43.384 8 INFO placement.requestlog [None req-aea2693c-6190-4070-baff-9f81d90e69fa 1fedc70344754d6bace8eb422f43c6fe d677577a196a42ad9653cd840d160900 - - 8d4926fc49844d51baf3ce250906a2a8 8d4926fc49844d51baf3ce250906a2a8] 10.0.0.174 "DELETE /resource_providers/4b1ce4bc-9fc5-4c91-aba7-1235b32e8606" status: 404 len: 246 microversion: 1.1 [pid: 8|app: 0|req: 562/1116] 10.0.0.174 () {34 vars in 816 bytes} [Tue Jul 21 22:20:43 2026] DELETE /resource_providers/4b1ce4bc-9fc5-4c91-aba7-1235b32e8606 => generated 246 bytes in 10 msecs (HTTP/1.1 404) 6 headers in 231 bytes (1 switches on core 0)
2026-07-21 22:20:45.012 8 INFO placement.requestlog [None req-6512ea48-6983-49a1-b725-9d5f9c5dadfd 1fedc70344754d6bace8eb422f43c6fe d677577a196a42ad9653cd840d160900 - - 8d4926fc49844d51baf3ce250906a2a8 8d4926fc49844d51baf3ce250906a2a8] 10.0.0.174 "GET /resource_providers/ec1988ab-3363-47e3-a65c-5e83a7d3bd49/aggregates" status: 404 len: 235 microversion: 1.1
2026-07-21 22:20:45.012 7 INFO placement.requestlog [None req-6195aa5f-95a6-4e31-9b4b-bf36ce205090 1fedc70344754d6bace8eb422f43c6fe d677577a196a42ad9653cd840d160900 - - 8d4926fc49844d51baf3ce250906a2a8 8d4926fc49844d51baf3ce250906a2a8] 10.0.0.174 "GET /resource_providers/ec1988ab-3363-47e3-a65c-5e83a7d3bd49/aggregates" status: 404 len: 235 microversion: 1.1 [pid: 8|app: 0|req: 563/1117] 10.0.0.174 () {32 vars in 816 bytes} [Tue Jul 21 22:20:44 2026] GET /resource_providers/ec1988ab-3363-47e3-a65c-5e83a7d3bd49/aggregates => generated 235 bytes in 14 msecs (HTTP/1.1 404) 5 headers in 202 bytes (1 switches on core 0) [pid: 7|app: 0|req: 555/1118] 10.0.0.174 () {32 vars in 816 bytes} [Tue Jul 21 22:20:44 2026] GET /resource_providers/ec1988ab-3363-47e3-a65c-5e83a7d3bd49/aggregates => generated 235 bytes in 15 msecs (HTTP/1.1 404) 5 headers in 202 bytes (1 switches on core 0)
2026-07-21 22:20:45.031 8 INFO placement.requestlog [None req-db813e95-c19b-4e5e-b1d9-9899a71204ad 1fedc70344754d6bace8eb422f43c6fe d677577a196a42ad9653cd840d160900 - - 8d4926fc49844d51baf3ce250906a2a8 8d4926fc49844d51baf3ce250906a2a8] 10.0.0.174 "DELETE /resource_providers/ec1988ab-3363-47e3-a65c-5e83a7d3bd49" status: 404 len: 246 microversion: 1.1 [pid: 8|app: 0|req: 564/1119] 10.0.0.174 () {34 vars in 816 bytes} [Tue Jul 21 22:20:45 2026] DELETE /resource_providers/ec1988ab-3363-47e3-a65c-5e83a7d3bd49 => generated 246 bytes in 8 msecs (HTTP/1.1 404) 6 headers in 231 bytes (1 switches on core 0)
2026-07-21 22:20:45.038 7 INFO placement.requestlog [None req-c805d2f6-ff4d-4c2e-ac8e-5b3fe61faa85 1fedc70344754d6bace8eb422f43c6fe d677577a196a42ad9653cd840d160900 - - 8d4926fc49844d51baf3ce250906a2a8 8d4926fc49844d51baf3ce250906a2a8] 10.0.0.174 "DELETE /resource_providers/ec1988ab-3363-47e3-a65c-5e83a7d3bd49" status: 404 len: 246 microversion: 1.1 [pid: 7|app: 0|req: 556/1120] 10.0.0.174 () {34 vars in 816 bytes} [Tue Jul 21 22:20:45 2026] DELETE /resource_providers/ec1988ab-3363-47e3-a65c-5e83a7d3bd49 => generated 246 bytes in 14 msecs (HTTP/1.1 404) 6 headers in 231 bytes (1 switches on core 0)
2026-07-21 22:20:45.399 8 INFO placement.requestlog [None req-0bfb78b3-4ad2-42de-a135-81e1f765c3c7 1fedc70344754d6bace8eb422f43c6fe d677577a196a42ad9653cd840d160900 - - 8d4926fc49844d51baf3ce250906a2a8 8d4926fc49844d51baf3ce250906a2a8] 10.0.0.174 "GET /resource_providers/a868f376-d4f8-4c07-94c8-5dbf082fb418/aggregates" status: 404 len: 235 microversion: 1.1 [pid: 8|app: 0|req: 565/1121] 10.0.0.174 () {32 vars in 816 bytes} [Tue Jul 21 22:20:45 2026] GET /resource_providers/a868f376-d4f8-4c07-94c8-5dbf082fb418/aggregates => generated 235 bytes in 11 msecs (HTTP/1.1 404) 5 headers in 202 bytes (1 switches on core 0)
2026-07-21 22:20:45.409 7 INFO placement.requestlog [None req-7b21a87d-d4ac-4f13-aebf-91fe737b7924 1fedc70344754d6bace8eb422f43c6fe d677577a196a42ad9653cd840d160900 - - 8d4926fc49844d51baf3ce250906a2a8 8d4926fc49844d51baf3ce250906a2a8] 10.0.0.174 "GET /resource_providers/a868f376-d4f8-4c07-94c8-5dbf082fb418/aggregates" status: 404 len: 235 microversion: 1.1 [pid: 7|app: 0|req: 557/1122] 10.0.0.174 () {32 vars in 816 bytes} [Tue Jul 21 22:20:45 2026] GET /resource_providers/a868f376-d4f8-4c07-94c8-5dbf082fb418/aggregates => generated 235 bytes in 10 msecs (HTTP/1.1 404) 5 headers in 202 bytes (1 switches on core 0)
2026-07-21 22:20:45.414 8 INFO placement.requestlog [None req-f404570f-46a1-41a5-bf4a-37f03042c0a4 1fedc70344754d6bace8eb422f43c6fe d677577a196a42ad9653cd840d160900 - - 8d4926fc49844d51baf3ce250906a2a8 8d4926fc49844d51baf3ce250906a2a8] 10.0.0.174 "DELETE /resource_providers/a868f376-d4f8-4c07-94c8-5dbf082fb418" status: 404 len: 246 microversion: 1.1 [pid: 8|app: 0|req: 566/1123] 10.0.0.174 () {34 vars in 816 bytes} [Tue Jul 21 22:20:45 2026] DELETE /resource_providers/a868f376-d4f8-4c07-94c8-5dbf082fb418 => generated 246 bytes in 8 msecs (HTTP/1.1 404) 6 headers in 231 bytes (1 switches on core 0)
2026-07-21 22:20:45.436 7 INFO placement.requestlog [None req-6b81c04e-9a93-47a3-be54-9baa20a0a477 1fedc70344754d6bace8eb422f43c6fe d677577a196a42ad9653cd840d160900 - - 8d4926fc49844d51baf3ce250906a2a8 8d4926fc49844d51baf3ce250906a2a8] 10.0.0.174 "DELETE /resource_providers/a868f376-d4f8-4c07-94c8-5dbf082fb418" status: 404 len: 246 microversion: 1.1 [pid: 7|app: 0|req: 558/1124] 10.0.0.174 () {34 vars in 816 bytes} [Tue Jul 21 22:20:45 2026] DELETE /resource_providers/a868f376-d4f8-4c07-94c8-5dbf082fb418 => generated 246 bytes in 16 msecs (HTTP/1.1 404) 6 headers in 231 bytes (1 switches on core 0)
