2026-07-21 14:53:49.154 7 INFO placement.requestlog [None req-1a09a851-3cd3-4e78-8e35-592fdefa0eec a9f47215099b4e9aad0d5432cb303d54 c13b278412d3463c9ae535306233e8d4 - - 71236d74f4154c3bbe97f7ab5cd2badf 71236d74f4154c3bbe97f7ab5cd2badf] 10.0.0.203 "DELETE /resource_providers/7b7edca4-e7d9-4728-8829-934489a22690" status: 404 len: 246 microversion: 1.1 [pid: 8|app: 0|req: 552/1110] 10.0.0.203 () {34 vars in 815 bytes} [Tue Jul 21 14:53:49 2026] DELETE /resource_providers/7b7edca4-e7d9-4728-8829-934489a22690 => generated 246 bytes in 10 msecs (HTTP/1.1 404) 6 headers in 231 bytes (1 switches on core 0) [pid: 7|app: 0|req: 558/1110] 10.0.0.203 () {34 vars in 815 bytes} [Tue Jul 21 14:53:49 2026] DELETE /resource_providers/7b7edca4-e7d9-4728-8829-934489a22690 => generated 246 bytes in 10 msecs (HTTP/1.1 404) 6 headers in 231 bytes (1 switches on core 0)
2026-07-21 14:53:50.915 7 INFO placement.requestlog [None req-6f71baff-5fbc-4508-b902-22d9220cc423 a9f47215099b4e9aad0d5432cb303d54 c13b278412d3463c9ae535306233e8d4 - - 71236d74f4154c3bbe97f7ab5cd2badf 71236d74f4154c3bbe97f7ab5cd2badf] 10.0.0.203 "GET /resource_providers/211bf05f-000a-4e7f-a0ce-b9d31bed030c/aggregates" status: 404 len: 235 microversion: 1.1 [pid: 7|app: 0|req: 559/1111] 10.0.0.203 () {32 vars in 815 bytes} [Tue Jul 21 14:53:50 2026] GET /resource_providers/211bf05f-000a-4e7f-a0ce-b9d31bed030c/aggregates => generated 235 bytes in 13 msecs (HTTP/1.1 404) 5 headers in 202 bytes (1 switches on core 0)
2026-07-21 14:53:50.915 8 INFO placement.requestlog [None req-8fea4195-8446-4d51-99eb-76ed74887e81 a9f47215099b4e9aad0d5432cb303d54 c13b278412d3463c9ae535306233e8d4 - - 71236d74f4154c3bbe97f7ab5cd2badf 71236d74f4154c3bbe97f7ab5cd2badf] 10.0.0.203 "GET /resource_providers/211bf05f-000a-4e7f-a0ce-b9d31bed030c/aggregates" status: 404 len: 235 microversion: 1.1 [pid: 8|app: 0|req: 553/1112] 10.0.0.203 () {32 vars in 815 bytes} [Tue Jul 21 14:53:50 2026] GET /resource_providers/211bf05f-000a-4e7f-a0ce-b9d31bed030c/aggregates => generated 235 bytes in 14 msecs (HTTP/1.1 404) 5 headers in 202 bytes (1 switches on core 0)
2026-07-21 14:53:50.933 7 INFO placement.requestlog [None req-ed191d79-fc4c-45fb-9f9c-412411b9d175 a9f47215099b4e9aad0d5432cb303d54 c13b278412d3463c9ae535306233e8d4 - - 71236d74f4154c3bbe97f7ab5cd2badf 71236d74f4154c3bbe97f7ab5cd2badf] 10.0.0.203 "DELETE /resource_providers/211bf05f-000a-4e7f-a0ce-b9d31bed030c" status: 404 len: 246 microversion: 1.1 [pid: 7|app: 0|req: 560/1113] 10.0.0.203 () {34 vars in 815 bytes} [Tue Jul 21 14:53:50 2026] DELETE /resource_providers/211bf05f-000a-4e7f-a0ce-b9d31bed030c => generated 246 bytes in 11 msecs (HTTP/1.1 404) 6 headers in 231 bytes (1 switches on core 0)
2026-07-21 14:53:50.940 8 INFO placement.requestlog [None req-21ae61d8-dd5e-4314-947d-87b154be0866 a9f47215099b4e9aad0d5432cb303d54 c13b278412d3463c9ae535306233e8d4 - - 71236d74f4154c3bbe97f7ab5cd2badf 71236d74f4154c3bbe97f7ab5cd2badf] 10.0.0.203 "DELETE /resource_providers/211bf05f-000a-4e7f-a0ce-b9d31bed030c" status: 404 len: 246 microversion: 1.1 [pid: 8|app: 0|req: 554/1114] 10.0.0.203 () {34 vars in 815 bytes} [Tue Jul 21 14:53:50 2026] DELETE /resource_providers/211bf05f-000a-4e7f-a0ce-b9d31bed030c => generated 246 bytes in 12 msecs (HTTP/1.1 404) 6 headers in 231 bytes (1 switches on core 0)
2026-07-21 14:53:50.948 7 INFO placement.requestlog [None req-2519fd33-22bf-4d1d-994a-0aaacc4988eb a9f47215099b4e9aad0d5432cb303d54 c13b278412d3463c9ae535306233e8d4 - - 71236d74f4154c3bbe97f7ab5cd2badf 71236d74f4154c3bbe97f7ab5cd2badf] 10.0.0.203 "GET /resource_providers/18c2ec1e-33fd-417c-8414-3ffc3ba808e9/aggregates" status: 404 len: 235 microversion: 1.1 [pid: 7|app: 0|req: 561/1115] 10.0.0.203 () {32 vars in 815 bytes} [Tue Jul 21 14:53:50 2026] GET /resource_providers/18c2ec1e-33fd-417c-8414-3ffc3ba808e9/aggregates => generated 235 bytes in 9 msecs (HTTP/1.1 404) 5 headers in 202 bytes (1 switches on core 0)
2026-07-21 14:53:51.178 7 INFO placement.requestlog [None req-1eb7e6f4-a6e9-4bfc-adda-bbe3cca1122a a9f47215099b4e9aad0d5432cb303d54 c13b278412d3463c9ae535306233e8d4 - - 71236d74f4154c3bbe97f7ab5cd2badf 71236d74f4154c3bbe97f7ab5cd2badf] 10.0.0.203 "GET /resource_providers/6c1d0784-cd5e-4384-857e-975c499d7fec/aggregates" status: 404 len: 235 microversion: 1.1 [pid: 7|app: 0|req: 562/1116] 10.0.0.203 () {32 vars in 815 bytes} [Tue Jul 21 14:53:51 2026] GET /resource_providers/6c1d0784-cd5e-4384-857e-975c499d7fec/aggregates => generated 235 bytes in 10 msecs (HTTP/1.1 404) 5 headers in 202 bytes (1 switches on core 0)
2026-07-21 14:53:51.187 8 INFO placement.requestlog [None req-21c5cb3a-fd69-434d-a4da-4903c8b440d8 a9f47215099b4e9aad0d5432cb303d54 c13b278412d3463c9ae535306233e8d4 - - 71236d74f4154c3bbe97f7ab5cd2badf 71236d74f4154c3bbe97f7ab5cd2badf] 10.0.0.203 "GET /resource_providers/6c1d0784-cd5e-4384-857e-975c499d7fec/aggregates" status: 404 len: 235 microversion: 1.1 [pid: 8|app: 0|req: 555/1117] 10.0.0.203 () {32 vars in 815 bytes} [Tue Jul 21 14:53:51 2026] GET /resource_providers/6c1d0784-cd5e-4384-857e-975c499d7fec/aggregates => generated 235 bytes in 19 msecs (HTTP/1.1 404) 5 headers in 202 bytes (1 switches on core 0)
2026-07-21 14:53:51.191 7 INFO placement.requestlog [None req-b59be4f3-9850-4d39-9d27-61aead4f7596 a9f47215099b4e9aad0d5432cb303d54 c13b278412d3463c9ae535306233e8d4 - - 71236d74f4154c3bbe97f7ab5cd2badf 71236d74f4154c3bbe97f7ab5cd2badf] 10.0.0.203 "DELETE /resource_providers/6c1d0784-cd5e-4384-857e-975c499d7fec" status: 404 len: 246 microversion: 1.1 [pid: 7|app: 0|req: 563/1118] 10.0.0.203 () {34 vars in 815 bytes} [Tue Jul 21 14:53:51 2026] DELETE /resource_providers/6c1d0784-cd5e-4384-857e-975c499d7fec => generated 246 bytes in 7 msecs (HTTP/1.1 404) 6 headers in 231 bytes (1 switches on core 0)
2026-07-21 14:53:51.223 8 INFO placement.requestlog [None req-8f79c6e2-09d2-41e4-afdb-b9212bdc03f2 a9f47215099b4e9aad0d5432cb303d54 c13b278412d3463c9ae535306233e8d4 - - 71236d74f4154c3bbe97f7ab5cd2badf 71236d74f4154c3bbe97f7ab5cd2badf] 10.0.0.203 "DELETE /resource_providers/6c1d0784-cd5e-4384-857e-975c499d7fec" status: 404 len: 246 microversion: 1.1 [pid: 8|app: 0|req: 556/1119] 10.0.0.203 () {34 vars in 815 bytes} [Tue Jul 21 14:53:51 2026] DELETE /resource_providers/6c1d0784-cd5e-4384-857e-975c499d7fec => generated 246 bytes in 18 msecs (HTTP/1.1 404) 6 headers in 231 bytes (1 switches on core 0)
2026-07-21 14:53:51.226 7 INFO placement.requestlog [None req-ba3100a1-76d7-41cb-b4f8-c514ebee4def a9f47215099b4e9aad0d5432cb303d54 c13b278412d3463c9ae535306233e8d4 - - 71236d74f4154c3bbe97f7ab5cd2badf 71236d74f4154c3bbe97f7ab5cd2badf] 10.0.0.203 "GET /resource_providers/18c2ec1e-33fd-417c-8414-3ffc3ba808e9/aggregates" status: 404 len: 235 microversion: 1.1 [pid: 7|app: 0|req: 564/1120] 10.0.0.203 () {32 vars in 815 bytes} [Tue Jul 21 14:53:51 2026] GET /resource_providers/18c2ec1e-33fd-417c-8414-3ffc3ba808e9/aggregates => generated 235 bytes in 17 msecs (HTTP/1.1 404) 5 headers in 202 bytes (1 switches on core 0)
2026-07-21 14:53:51.236 8 INFO placement.requestlog [None req-522f80d0-1e4e-427a-a732-59bc6734523e a9f47215099b4e9aad0d5432cb303d54 c13b278412d3463c9ae535306233e8d4 - - 71236d74f4154c3bbe97f7ab5cd2badf 71236d74f4154c3bbe97f7ab5cd2badf] 10.0.0.203 "DELETE /resource_providers/18c2ec1e-33fd-417c-8414-3ffc3ba808e9" status: 404 len: 246 microversion: 1.1 [pid: 8|app: 0|req: 557/1121] 10.0.0.203 () {34 vars in 815 bytes} [Tue Jul 21 14:53:51 2026] DELETE /resource_providers/18c2ec1e-33fd-417c-8414-3ffc3ba808e9 => generated 246 bytes in 11 msecs (HTTP/1.1 404) 6 headers in 231 bytes (1 switches on core 0)
2026-07-21 14:53:51.247 7 INFO placement.requestlog [None req-c75ce857-7151-491c-a373-e0af9ce0ab9d a9f47215099b4e9aad0d5432cb303d54 c13b278412d3463c9ae535306233e8d4 - - 71236d74f4154c3bbe97f7ab5cd2badf 71236d74f4154c3bbe97f7ab5cd2badf] 10.0.0.203 "DELETE /resource_providers/18c2ec1e-33fd-417c-8414-3ffc3ba808e9" status: 404 len: 246 microversion: 1.1 [pid: 7|app: 0|req: 565/1122] 10.0.0.203 () {34 vars in 815 bytes} [Tue Jul 21 14:53:51 2026] DELETE /resource_providers/18c2ec1e-33fd-417c-8414-3ffc3ba808e9 => generated 246 bytes in 10 msecs (HTTP/1.1 404) 6 headers in 231 bytes (1 switches on core 0)
2026-07-21 14:53:54.452 8 INFO placement.requestlog [None req-1ff2f156-4737-4da9-b10b-b33205c7424f - - - - - -] 10.0.0.197 "GET /" status: 200 len: 136 microversion: 1.0
2026-07-21 14:53:54.452 7 INFO placement.requestlog [None req-04658d65-fa7b-49d4-9f18-f15217636d4e - - - - - -] 10.0.0.197 "GET /" status: 200 len: 136 microversion: 1.0
2026-07-21 14:54:00.107 7 INFO placement.requestlog [None req-8aeba3ad-575b-467d-8613-5610eeaf0d39 a9f47215099b4e9aad0d5432cb303d54 c13b278412d3463c9ae535306233e8d4 - - 71236d74f4154c3bbe97f7ab5cd2badf 71236d74f4154c3bbe97f7ab5cd2badf] 10.0.0.203 "GET /resource_providers/1cc6ce35-c273-4607-b7f1-c8e24781005c/aggregates" status: 404 len: 235 microversion: 1.1 [pid: 7|app: 0|req: 567/1125] 10.0.0.203 () {32 vars in 815 bytes} [Tue Jul 21 14:54:00 2026] GET /resource_providers/1cc6ce35-c273-4607-b7f1-c8e24781005c/aggregates => generated 235 bytes in 12 msecs (HTTP/1.1 404) 5 headers in 202 bytes (1 switches on core 0)
2026-07-21 14:54:00.109 8 INFO placement.requestlog [None req-6fa535b9-fdf9-4bf1-8180-00a4e4704d66 a9f47215099b4e9aad0d5432cb303d54 c13b278412d3463c9ae535306233e8d4 - - 71236d74f4154c3bbe97f7ab5cd2badf 71236d74f4154c3bbe97f7ab5cd2badf] 10.0.0.203 "GET /resource_providers/1cc6ce35-c273-4607-b7f1-c8e24781005c/aggregates" status: 404 len: 235 microversion: 1.1 [pid: 8|app: 0|req: 559/1126] 10.0.0.203 () {32 vars in 815 bytes} [Tue Jul 21 14:54:00 2026] GET /resource_providers/1cc6ce35-c273-4607-b7f1-c8e24781005c/aggregates => generated 235 bytes in 8 msecs (HTTP/1.1 404) 5 headers in 202 bytes (1 switches on core 0)
2026-07-21 14:54:00.132 7 INFO placement.requestlog [None req-71c15faa-a027-418d-b17b-51041fcddd73 a9f47215099b4e9aad0d5432cb303d54 c13b278412d3463c9ae535306233e8d4 - - 71236d74f4154c3bbe97f7ab5cd2badf 71236d74f4154c3bbe97f7ab5cd2badf] 10.0.0.203 "DELETE /resource_providers/1cc6ce35-c273-4607-b7f1-c8e24781005c" status: 404 len: 246 microversion: 1.1 [pid: 7|app: 0|req: 568/1127] 10.0.0.203 () {34 vars in 815 bytes} [Tue Jul 21 14:54:00 2026] DELETE /resource_providers/1cc6ce35-c273-4607-b7f1-c8e24781005c => generated 246 bytes in 9 msecs (HTTP/1.1 404) 6 headers in 231 bytes (1 switches on core 0)
2026-07-21 14:54:00.133 8 INFO placement.requestlog [None req-663be9a6-ca70-4ca8-ad10-18039f97368a a9f47215099b4e9aad0d5432cb303d54 c13b278412d3463c9ae535306233e8d4 - - 71236d74f4154c3bbe97f7ab5cd2badf 71236d74f4154c3bbe97f7ab5cd2badf] 10.0.0.203 "DELETE /resource_providers/1cc6ce35-c273-4607-b7f1-c8e24781005c" status: 404 len: 246 microversion: 1.1 [pid: 8|app: 0|req: 560/1128] 10.0.0.203 () {34 vars in 815 bytes} [Tue Jul 21 14:54:00 2026] DELETE /resource_providers/1cc6ce35-c273-4607-b7f1-c8e24781005c => generated 246 bytes in 7 msecs (HTTP/1.1 404) 6 headers in 231 bytes (1 switches on core 0)
2026-07-21 14:54:04.452 7 INFO placement.requestlog [None req-f21ca012-797f-41dc-8ca8-a5b9a2e01ab9 - - - - - -] 10.0.0.197 "GET /" status: 200 len: 136 microversion: 1.0
2026-07-21 14:54:04.452 8 INFO placement.requestlog [None req-f2f22d16-8c34-4718-9235-e70b8a219b82 - - - - - -] 10.0.0.197 "GET /" status: 200 len: 136 microversion: 1.0
2026-07-21 14:54:11.234 8 INFO placement.requestlog [None req-5b75c4c4-ff3d-42c1-a2a1-525381d9df14 a9f47215099b4e9aad0d5432cb303d54 c13b278412d3463c9ae535306233e8d4 - - 71236d74f4154c3bbe97f7ab5cd2badf 71236d74f4154c3bbe97f7ab5cd2badf] 10.0.0.203 "GET /resource_providers/6fce2212-e042-43c6-90c9-dc6ccb64dd69/aggregates" status: 404 len: 235 microversion: 1.1 [pid: 8|app: 0|req: 562/1131] 10.0.0.203 () {32 vars in 815 bytes} [Tue Jul 21 14:54:11 2026] GET /resource_providers/6fce2212-e042-43c6-90c9-dc6ccb64dd69/aggregates => generated 235 bytes in 10 msecs (HTTP/1.1 404) 5 headers in 202 bytes (1 switches on core 0)
2026-07-21 14:54:11.242 7 INFO placement.requestlog [None req-d6ce2fe5-b9e8-41ac-abac-3b8f04f9f315 a9f47215099b4e9aad0d5432cb303d54 c13b278412d3463c9ae535306233e8d4 - - 71236d74f4154c3bbe97f7ab5cd2badf 71236d74f4154c3bbe97f7ab5cd2badf] 10.0.0.203 "GET /resource_providers/6fce2212-e042-43c6-90c9-dc6ccb64dd69/aggregates" status: 404 len: 235 microversion: 1.1 [pid: 7|app: 0|req: 570/1132] 10.0.0.203 () {32 vars in 815 bytes} [Tue Jul 21 14:54:11 2026] GET /resource_providers/6fce2212-e042-43c6-90c9-dc6ccb64dd69/aggregates => generated 235 bytes in 26 msecs (HTTP/1.1 404) 5 headers in 202 bytes (1 switches on core 0)
2026-07-21 14:54:11.257 7 INFO placement.requestlog [None req-cc94b09d-fedd-44de-9cf2-6c844a7c72f5 a9f47215099b4e9aad0d5432cb303d54 c13b278412d3463c9ae535306233e8d4 - - 71236d74f4154c3bbe97f7ab5cd2badf 71236d74f4154c3bbe97f7ab5cd2badf] 10.0.0.203 "DELETE /resource_providers/6fce2212-e042-43c6-90c9-dc6ccb64dd69" status: 404 len: 246 microversion: 1.1 [pid: 7|app: 0|req: 571/1133] 10.0.0.203 () {34 vars in 815 bytes} [Tue Jul 21 14:54:11 2026] DELETE /resource_providers/6fce2212-e042-43c6-90c9-dc6ccb64dd69 => generated 246 bytes in 8 msecs (HTTP/1.1 404) 6 headers in 231 bytes (1 switches on core 0)
2026-07-21 14:54:11.257 8 INFO placement.requestlog [None req-bf102d4f-344a-4386-8300-22b453604db7 a9f47215099b4e9aad0d5432cb303d54 c13b278412d3463c9ae535306233e8d4 - - 71236d74f4154c3bbe97f7ab5cd2badf 71236d74f4154c3bbe97f7ab5cd2badf] 10.0.0.203 "DELETE /resource_providers/6fce2212-e042-43c6-90c9-dc6ccb64dd69" status: 404 len: 246 microversion: 1.1 [pid: 8|app: 0|req: 563/1134] 10.0.0.203 () {34 vars in 815 bytes} [Tue Jul 21 14:54:11 2026] DELETE /resource_providers/6fce2212-e042-43c6-90c9-dc6ccb64dd69 => generated 246 bytes in 13 msecs (HTTP/1.1 404) 6 headers in 231 bytes (1 switches on core 0)
2026-07-21 14:54:14.452 7 INFO placement.requestlog [None req-a689780c-cfd1-47d5-aa86-96725a817de2 - - - - - -] 10.0.0.197 "GET /" status: 200 len: 136 microversion: 1.0
2026-07-21 14:54:14.454 8 INFO placement.requestlog [None req-1f51f0de-bc03-4942-a9bf-656f3691444d - - - - - -] 10.0.0.197 "GET /" status: 200 len: 136 microversion: 1.0
2026-07-21 14:54:24.453 8 INFO placement.requestlog [None req-cbcc53dc-7dc7-4c57-aab0-0b7b75b33a2d - - - - - -] 10.0.0.197 "GET /" status: 200 len: 136 microversion: 1.0
2026-07-21 14:54:24.453 7 INFO placement.requestlog [None req-164678bc-2d99-4e86-8ef3-eb86a950e6c0 - - - - - -] 10.0.0.197 "GET /" status: 200 len: 136 microversion: 1.0
2026-07-21 14:54:24.822 7 INFO placement.requestlog [None req-5251cf6f-38fe-4e82-9fce-106a80f37835 a9f47215099b4e9aad0d5432cb303d54 c13b278412d3463c9ae535306233e8d4 - - 71236d74f4154c3bbe97f7ab5cd2badf 71236d74f4154c3bbe97f7ab5cd2badf] 10.0.0.203 "GET /resource_providers/4f97a29c-500e-4a46-b00e-e60f5bc40d8e/aggregates" status: 404 len: 235 microversion: 1.1 [pid: 7|app: 0|req: 574/1139] 10.0.0.203 () {32 vars in 815 bytes} [Tue Jul 21 14:54:24 2026] GET /resource_providers/4f97a29c-500e-4a46-b00e-e60f5bc40d8e/aggregates => generated 235 bytes in 9 msecs (HTTP/1.1 404) 5 headers in 202 bytes (1 switches on core 0)
2026-07-21 14:54:24.830 8 INFO placement.requestlog [None req-abb29f49-942d-410f-a4a7-ca3e99c309fc a9f47215099b4e9aad0d5432cb303d54 c13b278412d3463c9ae535306233e8d4 - - 71236d74f4154c3bbe97f7ab5cd2badf 71236d74f4154c3bbe97f7ab5cd2badf] 10.0.0.203 "GET /resource_providers/4f97a29c-500e-4a46-b00e-e60f5bc40d8e/aggregates" status: 404 len: 235 microversion: 1.1 [pid: 8|app: 0|req: 566/1140] 10.0.0.203 () {32 vars in 815 bytes} [Tue Jul 21 14:54:24 2026] GET /resource_providers/4f97a29c-500e-4a46-b00e-e60f5bc40d8e/aggregates => generated 235 bytes in 19 msecs (HTTP/1.1 404) 5 headers in 202 bytes (1 switches on core 0)
2026-07-21 14:54:24.859 7 INFO placement.requestlog [None req-dd561126-ad6b-482a-8d5a-e06138d84f3d a9f47215099b4e9aad0d5432cb303d54 c13b278412d3463c9ae535306233e8d4 - - 71236d74f4154c3bbe97f7ab5cd2badf 71236d74f4154c3bbe97f7ab5cd2badf] 10.0.0.203 "DELETE /resource_providers/4f97a29c-500e-4a46-b00e-e60f5bc40d8e" status: 404 len: 246 microversion: 1.1 [pid: 7|app: 0|req: 575/1141] 10.0.0.203 () {34 vars in 815 bytes} [Tue Jul 21 14:54:24 2026] DELETE /resource_providers/4f97a29c-500e-4a46-b00e-e60f5bc40d8e => generated 246 bytes in 21 msecs (HTTP/1.1 404) 6 headers in 231 bytes (1 switches on core 0)
2026-07-21 14:54:24.869 8 INFO placement.requestlog [None req-cf83e9fc-f3ff-4572-bd8a-0e9f4f4385a7 a9f47215099b4e9aad0d5432cb303d54 c13b278412d3463c9ae535306233e8d4 - - 71236d74f4154c3bbe97f7ab5cd2badf 71236d74f4154c3bbe97f7ab5cd2badf] 10.0.0.203 "DELETE /resource_providers/4f97a29c-500e-4a46-b00e-e60f5bc40d8e" status: 404 len: 246 microversion: 1.1 [pid: 8|app: 0|req: 567/1142] 10.0.0.203 () {34 vars in 815 bytes} [Tue Jul 21 14:54:24 2026] DELETE /resource_providers/4f97a29c-500e-4a46-b00e-e60f5bc40d8e => generated 246 bytes in 16 msecs (HTTP/1.1 404) 6 headers in 231 bytes (1 switches on core 0)
2026-07-21 14:54:24.913 7 INFO placement.requestlog [req-e14cf59a-35ff-4719-a051-2da9c4dc14b9 req-69441241-9d91-4846-9328-f88e13af0427 e946f80846a74090b4475efeb576d6db c13b278412d3463c9ae535306233e8d4 - - 71236d74f4154c3bbe97f7ab5cd2badf 71236d74f4154c3bbe97f7ab5cd2badf] 10.0.0.79 "GET /allocation_candidates?limit=1000&resources=DISK_GB%3A1%2CMEMORY_MB%3A512%2CVCPU%3A1&root_required=%21COMPUTE_STATUS_DISABLED" status: 200 len: 2188 microversion: 1.36 [pid: 7|app: 0|req: 576/1143] 10.0.0.79 () {34 vars in 1010 bytes} [Tue Jul 21 14:54:24 2026] GET /allocation_candidates?limit=1000&resources=DISK_GB%3A1%2CMEMORY_MB%3A512%2CVCPU%3A1&root_required=%21COMPUTE_STATUS_DISABLED => generated 2188 bytes in 53 msecs (HTTP/1.1 200) 8 headers in 297 bytes (1 switches on core 0)
2026-07-21 14:54:24.942 8 INFO placement.requestlog [req-e14cf59a-35ff-4719-a051-2da9c4dc14b9 req-c98a53d5-48aa-41e0-b26e-4a2817864c7f e946f80846a74090b4475efeb576d6db c13b278412d3463c9ae535306233e8d4 - - 71236d74f4154c3bbe97f7ab5cd2badf 71236d74f4154c3bbe97f7ab5cd2badf] 10.0.0.79 "GET /allocations/edab271d-9fa1-4679-855f-60fb004f84f8" status: 200 len: 19 microversion: 1.28 [pid: 8|app: 0|req: 568/1144] 10.0.0.79 () {34 vars in 859 bytes} [Tue Jul 21 14:54:24 2026] GET /allocations/edab271d-9fa1-4679-855f-60fb004f84f8 => generated 19 bytes in 11 msecs (HTTP/1.1 200) 8 headers in 295 bytes (1 switches on core 0)
2026-07-21 14:54:25.011 7 INFO placement.requestlog [req-e14cf59a-35ff-4719-a051-2da9c4dc14b9 req-fc3d4db4-4ba9-40d9-b958-94dce15ca55d e946f80846a74090b4475efeb576d6db c13b278412d3463c9ae535306233e8d4 - - 71236d74f4154c3bbe97f7ab5cd2badf 71236d74f4154c3bbe97f7ab5cd2badf] 10.0.0.79 "PUT /allocations/edab271d-9fa1-4679-855f-60fb004f84f8" status: 204 len: 0 microversion: 1.36 [pid: 7|app: 0|req: 577/1145] 10.0.0.79 () {38 vars in 912 bytes} [Tue Jul 21 14:54:24 2026] PUT /allocations/edab271d-9fa1-4679-855f-60fb004f84f8 => generated 0 bytes in 62 msecs (HTTP/1.1 204) 5 headers in 199 bytes (1 switches on core 0)
2026-07-21 14:54:25.256 8 INFO placement.requestlog [req-e14cf59a-35ff-4719-a051-2da9c4dc14b9 req-ba78a31a-e323-44ec-9544-8c67242a29e6 e946f80846a74090b4475efeb576d6db c13b278412d3463c9ae535306233e8d4 - - 71236d74f4154c3bbe97f7ab5cd2badf 71236d74f4154c3bbe97f7ab5cd2badf] 199.204.45.70 "GET /allocations/edab271d-9fa1-4679-855f-60fb004f84f8" status: 200 len: 258 microversion: 1.28 [pid: 8|app: 0|req: 569/1146] 199.204.45.70 () {34 vars in 861 bytes} [Tue Jul 21 14:54:25 2026] GET /allocations/edab271d-9fa1-4679-855f-60fb004f84f8 => generated 258 bytes in 12 msecs (HTTP/1.1 200) 8 headers in 296 bytes (1 switches on core 0)
2026-07-21 14:54:25.269 8 INFO placement.requestlog [None req-92dd101b-eb15-4efc-94aa-bbe67e5dd756 a9f47215099b4e9aad0d5432cb303d54 c13b278412d3463c9ae535306233e8d4 - - 71236d74f4154c3bbe97f7ab5cd2badf 71236d74f4154c3bbe97f7ab5cd2badf] 10.0.0.203 "GET /resource_providers/0e6b3939-925e-434b-bdea-a1f31dda1e09/aggregates" status: 404 len: 235 microversion: 1.1 [pid: 8|app: 0|req: 570/1147] 10.0.0.203 () {32 vars in 815 bytes} [Tue Jul 21 14:54:25 2026] GET /resource_providers/0e6b3939-925e-434b-bdea-a1f31dda1e09/aggregates => generated 235 bytes in 8 msecs (HTTP/1.1 404) 5 headers in 202 bytes (1 switches on core 0)
2026-07-21 14:54:25.277 7 INFO placement.requestlog [None req-8662a0a4-cb70-4a05-9664-5cb8b1a7606f a9f47215099b4e9aad0d5432cb303d54 c13b278412d3463c9ae535306233e8d4 - - 71236d74f4154c3bbe97f7ab5cd2badf 71236d74f4154c3bbe97f7ab5cd2badf] 10.0.0.203 "GET /resource_providers/0e6b3939-925e-434b-bdea-a1f31dda1e09/aggregates" status: 404 len: 235 microversion: 1.1 [pid: 7|app: 0|req: 578/1148] 10.0.0.203 () {32 vars in 815 bytes} [Tue Jul 21 14:54:25 2026] GET /resource_providers/0e6b3939-925e-434b-bdea-a1f31dda1e09/aggregates => generated 235 bytes in 15 msecs (HTTP/1.1 404) 5 headers in 202 bytes (1 switches on core 0)
2026-07-21 14:54:25.292 8 INFO placement.requestlog [None req-335cb735-bd08-48ae-b4fb-f39f3c024464 a9f47215099b4e9aad0d5432cb303d54 c13b278412d3463c9ae535306233e8d4 - - 71236d74f4154c3bbe97f7ab5cd2badf 71236d74f4154c3bbe97f7ab5cd2badf] 10.0.0.203 "DELETE /resource_providers/0e6b3939-925e-434b-bdea-a1f31dda1e09" status: 404 len: 246 microversion: 1.1 [pid: 8|app: 0|req: 571/1149] 10.0.0.203 () {34 vars in 815 bytes} [Tue Jul 21 14:54:25 2026] DELETE /resource_providers/0e6b3939-925e-434b-bdea-a1f31dda1e09 => generated 246 bytes in 10 msecs (HTTP/1.1 404) 6 headers in 231 bytes (1 switches on core 0)
2026-07-21 14:54:25.308 7 INFO placement.requestlog [None req-2a58d6c6-2f00-47e9-ac94-6a2431234f02 a9f47215099b4e9aad0d5432cb303d54 c13b278412d3463c9ae535306233e8d4 - - 71236d74f4154c3bbe97f7ab5cd2badf 71236d74f4154c3bbe97f7ab5cd2badf] 10.0.0.203 "DELETE /resource_providers/0e6b3939-925e-434b-bdea-a1f31dda1e09" status: 404 len: 246 microversion: 1.1 [pid: 7|app: 0|req: 579/1150] 10.0.0.203 () {34 vars in 815 bytes} [Tue Jul 21 14:54:25 2026] DELETE /resource_providers/0e6b3939-925e-434b-bdea-a1f31dda1e09 => generated 246 bytes in 12 msecs (HTTP/1.1 404) 6 headers in 231 bytes (1 switches on core 0)
2026-07-21 14:54:25.370 8 INFO placement.requestlog [req-e14cf59a-35ff-4719-a051-2da9c4dc14b9 req-c17c14fc-d8a0-4b54-9849-e78fc1ec7f60 e946f80846a74090b4475efeb576d6db c13b278412d3463c9ae535306233e8d4 - - 71236d74f4154c3bbe97f7ab5cd2badf 71236d74f4154c3bbe97f7ab5cd2badf] 199.204.45.70 "GET /resource_providers/3c1786df-d338-407a-8971-9fd92dd9eb93/allocations" status: 200 len: 153 microversion: 1.0 [pid: 8|app: 0|req: 572/1151] 199.204.45.70 () {32 vars in 855 bytes} [Tue Jul 21 14:54:25 2026] GET /resource_providers/3c1786df-d338-407a-8971-9fd92dd9eb93/allocations => generated 153 bytes in 20 msecs (HTTP/1.1 200) 6 headers in 224 bytes (1 switches on core 0)
2026-07-21 14:54:25.395 7 INFO placement.requestlog [req-e14cf59a-35ff-4719-a051-2da9c4dc14b9 req-84258db4-30e3-4af4-8853-ccc4ebf7d0db e946f80846a74090b4475efeb576d6db c13b278412d3463c9ae535306233e8d4 - - 71236d74f4154c3bbe97f7ab5cd2badf 71236d74f4154c3bbe97f7ab5cd2badf] 199.204.45.70 "GET /allocations/edab271d-9fa1-4679-855f-60fb004f84f8" status: 200 len: 258 microversion: 1.28 [pid: 7|app: 0|req: 580/1152] 199.204.45.70 () {34 vars in 861 bytes} [Tue Jul 21 14:54:25 2026] GET /allocations/edab271d-9fa1-4679-855f-60fb004f84f8 => generated 258 bytes in 16 msecs (HTTP/1.1 200) 8 headers in 296 bytes (1 switches on core 0)
2026-07-21 14:54:26.864 8 INFO placement.requestlog [req-73c4892c-1f38-4ccd-bc4c-2877cda75389 req-3842ceae-1570-4944-93d6-8cf5cbbb2925 e946f80846a74090b4475efeb576d6db c13b278412d3463c9ae535306233e8d4 - - 71236d74f4154c3bbe97f7ab5cd2badf 71236d74f4154c3bbe97f7ab5cd2badf] 199.204.45.70 "GET /resource_providers/3c1786df-d338-407a-8971-9fd92dd9eb93/allocations" status: 200 len: 153 microversion: 1.0 [pid: 8|app: 0|req: 573/1153] 199.204.45.70 () {32 vars in 855 bytes} [Tue Jul 21 14:54:26 2026] GET /resource_providers/3c1786df-d338-407a-8971-9fd92dd9eb93/allocations => generated 153 bytes in 22 msecs (HTTP/1.1 200) 6 headers in 224 bytes (1 switches on core 0)
2026-07-21 14:54:26.891 7 INFO placement.requestlog [req-73c4892c-1f38-4ccd-bc4c-2877cda75389 req-ad9dc2ea-8031-48cd-9ed2-c3f0eb63bd95 e946f80846a74090b4475efeb576d6db c13b278412d3463c9ae535306233e8d4 - - 71236d74f4154c3bbe97f7ab5cd2badf 71236d74f4154c3bbe97f7ab5cd2badf] 199.204.45.70 "GET /resource_providers/3c1786df-d338-407a-8971-9fd92dd9eb93/allocations" status: 200 len: 153 microversion: 1.0 [pid: 7|app: 0|req: 581/1154] 199.204.45.70 () {32 vars in 855 bytes} [Tue Jul 21 14:54:26 2026] GET /resource_providers/3c1786df-d338-407a-8971-9fd92dd9eb93/allocations => generated 153 bytes in 17 msecs (HTTP/1.1 200) 6 headers in 224 bytes (1 switches on core 0)
2026-07-21 14:54:26.915 8 INFO placement.requestlog [req-73c4892c-1f38-4ccd-bc4c-2877cda75389 req-0b983587-c3a6-48e7-ab7f-da09a54134d8 e946f80846a74090b4475efeb576d6db c13b278412d3463c9ae535306233e8d4 - - 71236d74f4154c3bbe97f7ab5cd2badf 71236d74f4154c3bbe97f7ab5cd2badf] 199.204.45.70 "GET /allocations/edab271d-9fa1-4679-855f-60fb004f84f8" status: 200 len: 258 microversion: 1.28 [pid: 8|app: 0|req: 574/1155] 199.204.45.70 () {34 vars in 861 bytes} [Tue Jul 21 14:54:26 2026] GET /allocations/edab271d-9fa1-4679-855f-60fb004f84f8 => generated 258 bytes in 15 msecs (HTTP/1.1 200) 8 headers in 296 bytes (1 switches on core 0)
2026-07-21 14:54:26.936 7 INFO placement.requestlog [None req-cbeea7a6-d2ea-445b-8308-9dbd1cc7f69a a9f47215099b4e9aad0d5432cb303d54 c13b278412d3463c9ae535306233e8d4 - - 71236d74f4154c3bbe97f7ab5cd2badf 71236d74f4154c3bbe97f7ab5cd2badf] 10.0.0.203 "GET /resource_providers/8783645c-0ea7-4be5-a9f7-a00472f76e13/aggregates" status: 404 len: 235 microversion: 1.1 [pid: 7|app: 0|req: 582/1156] 10.0.0.203 () {32 vars in 815 bytes} [Tue Jul 21 14:54:26 2026] GET /resource_providers/8783645c-0ea7-4be5-a9f7-a00472f76e13/aggregates => generated 235 bytes in 9 msecs (HTTP/1.1 404) 5 headers in 202 bytes (1 switches on core 0)
2026-07-21 14:54:26.941 8 INFO placement.requestlog [None req-532a13f1-fe6b-47b7-a6f2-74f76e75b638 a9f47215099b4e9aad0d5432cb303d54 c13b278412d3463c9ae535306233e8d4 - - 71236d74f4154c3bbe97f7ab5cd2badf 71236d74f4154c3bbe97f7ab5cd2badf] 10.0.0.203 "GET /resource_providers/8783645c-0ea7-4be5-a9f7-a00472f76e13/aggregates" status: 404 len: 235 microversion: 1.1 [pid: 8|app: 0|req: 575/1157] 10.0.0.203 () {32 vars in 815 bytes} [Tue Jul 21 14:54:26 2026] GET /resource_providers/8783645c-0ea7-4be5-a9f7-a00472f76e13/aggregates => generated 235 bytes in 12 msecs (HTTP/1.1 404) 5 headers in 202 bytes (1 switches on core 0)
2026-07-21 14:54:26.973 7 INFO placement.requestlog [None req-fae70533-7efa-4519-86e5-5fed17ddbced a9f47215099b4e9aad0d5432cb303d54 c13b278412d3463c9ae535306233e8d4 - - 71236d74f4154c3bbe97f7ab5cd2badf 71236d74f4154c3bbe97f7ab5cd2badf] 10.0.0.203 "DELETE /resource_providers/8783645c-0ea7-4be5-a9f7-a00472f76e13" status: 404 len: 246 microversion: 1.1 [pid: 7|app: 0|req: 583/1158] 10.0.0.203 () {34 vars in 815 bytes} [Tue Jul 21 14:54:26 2026] DELETE /resource_providers/8783645c-0ea7-4be5-a9f7-a00472f76e13 => generated 246 bytes in 11 msecs (HTTP/1.1 404) 6 headers in 231 bytes (1 switches on core 0)
2026-07-21 14:54:26.975 8 INFO placement.requestlog [None req-e3465b08-07d9-49ce-9aac-3389ed0162ea a9f47215099b4e9aad0d5432cb303d54 c13b278412d3463c9ae535306233e8d4 - - 71236d74f4154c3bbe97f7ab5cd2badf 71236d74f4154c3bbe97f7ab5cd2badf] 10.0.0.203 "DELETE /resource_providers/8783645c-0ea7-4be5-a9f7-a00472f76e13" status: 404 len: 246 microversion: 1.1 [pid: 8|app: 0|req: 576/1159] 10.0.0.203 () {34 vars in 815 bytes} [Tue Jul 21 14:54:26 2026] DELETE /resource_providers/8783645c-0ea7-4be5-a9f7-a00472f76e13 => generated 246 bytes in 12 msecs (HTTP/1.1 404) 6 headers in 231 bytes (1 switches on core 0)
2026-07-21 14:54:26.991 7 INFO placement.requestlog [None req-c7e78317-13d2-4e60-aebc-6b28b2819bf2 a9f47215099b4e9aad0d5432cb303d54 c13b278412d3463c9ae535306233e8d4 - - 71236d74f4154c3bbe97f7ab5cd2badf 71236d74f4154c3bbe97f7ab5cd2badf] 10.0.0.203 "GET /resource_providers/b2b0ceb7-6e92-4390-9999-67812d1f0b24/aggregates" status: 404 len: 235 microversion: 1.1 [pid: 7|app: 0|req: 584/1160] 10.0.0.203 () {32 vars in 815 bytes} [Tue Jul 21 14:54:26 2026] GET /resource_providers/b2b0ceb7-6e92-4390-9999-67812d1f0b24/aggregates => generated 235 bytes in 10 msecs (HTTP/1.1 404) 5 headers in 202 bytes (1 switches on core 0)
2026-07-21 14:54:26.999 8 INFO placement.requestlog [None req-54178f11-a681-4ef9-b782-31f77f08490f a9f47215099b4e9aad0d5432cb303d54 c13b278412d3463c9ae535306233e8d4 - - 71236d74f4154c3bbe97f7ab5cd2badf 71236d74f4154c3bbe97f7ab5cd2badf] 10.0.0.203 "GET /resource_providers/b2b0ceb7-6e92-4390-9999-67812d1f0b24/aggregates" status: 404 len: 235 microversion: 1.1 [pid: 8|app: 0|req: 577/1161] 10.0.0.203 () {32 vars in 815 bytes} [Tue Jul 21 14:54:26 2026] GET /resource_providers/b2b0ceb7-6e92-4390-9999-67812d1f0b24/aggregates => generated 235 bytes in 10 msecs (HTTP/1.1 404) 5 headers in 202 bytes (1 switches on core 0)
2026-07-21 14:54:27.038 7 INFO placement.requestlog [None req-8f36d12d-5be8-43f2-8a33-5fa0d28f9cea a9f47215099b4e9aad0d5432cb303d54 c13b278412d3463c9ae535306233e8d4 - - 71236d74f4154c3bbe97f7ab5cd2badf 71236d74f4154c3bbe97f7ab5cd2badf] 10.0.0.203 "DELETE /resource_providers/b2b0ceb7-6e92-4390-9999-67812d1f0b24" status: 404 len: 246 microversion: 1.1 [pid: 7|app: 0|req: 585/1162] 10.0.0.203 () {34 vars in 815 bytes} [Tue Jul 21 14:54:27 2026] DELETE /resource_providers/b2b0ceb7-6e92-4390-9999-67812d1f0b24 => generated 246 bytes in 11 msecs (HTTP/1.1 404) 6 headers in 231 bytes (1 switches on core 0)
2026-07-21 14:54:27.043 8 INFO placement.requestlog [None req-de3bc777-69f5-488a-ad9f-8529aca1fdda a9f47215099b4e9aad0d5432cb303d54 c13b278412d3463c9ae535306233e8d4 - - 71236d74f4154c3bbe97f7ab5cd2badf 71236d74f4154c3bbe97f7ab5cd2badf] 10.0.0.203 "DELETE /resource_providers/b2b0ceb7-6e92-4390-9999-67812d1f0b24" status: 404 len: 246 microversion: 1.1 [pid: 8|app: 0|req: 578/1163] 10.0.0.203 () {34 vars in 815 bytes} [Tue Jul 21 14:54:27 2026] DELETE /resource_providers/b2b0ceb7-6e92-4390-9999-67812d1f0b24 => generated 246 bytes in 11 msecs (HTTP/1.1 404) 6 headers in 231 bytes (1 switches on core 0)
2026-07-21 14:54:27.070 7 INFO placement.requestlog [None req-5fa72225-465c-4f6c-abd8-6388eeed2b64 a9f47215099b4e9aad0d5432cb303d54 c13b278412d3463c9ae535306233e8d4 - - 71236d74f4154c3bbe97f7ab5cd2badf 71236d74f4154c3bbe97f7ab5cd2badf] 10.0.0.203 "GET /resource_providers/25c49694-41bc-4470-8e91-8dac6c93b7c1/aggregates" status: 404 len: 235 microversion: 1.1 [pid: 7|app: 0|req: 586/1164] 10.0.0.203 () {32 vars in 815 bytes} [Tue Jul 21 14:54:27 2026] GET /resource_providers/25c49694-41bc-4470-8e91-8dac6c93b7c1/aggregates => generated 235 bytes in 9 msecs (HTTP/1.1 404) 5 headers in 202 bytes (1 switches on core 0)
2026-07-21 14:54:27.071 8 INFO placement.requestlog [None req-b7fae758-bffe-449d-a731-b06a6be26682 a9f47215099b4e9aad0d5432cb303d54 c13b278412d3463c9ae535306233e8d4 - - 71236d74f4154c3bbe97f7ab5cd2badf 71236d74f4154c3bbe97f7ab5cd2badf] 10.0.0.203 "GET /resource_providers/25c49694-41bc-4470-8e91-8dac6c93b7c1/aggregates" status: 404 len: 235 microversion: 1.1 [pid: 8|app: 0|req: 579/1165] 10.0.0.203 () {32 vars in 815 bytes} [Tue Jul 21 14:54:27 2026] GET /resource_providers/25c49694-41bc-4470-8e91-8dac6c93b7c1/aggregates => generated 235 bytes in 10 msecs (HTTP/1.1 404) 5 headers in 202 bytes (1 switches on core 0)
2026-07-21 14:54:27.099 7 INFO placement.requestlog [None req-2a81a441-1e71-402a-9b3e-973ed775604d a9f47215099b4e9aad0d5432cb303d54 c13b278412d3463c9ae535306233e8d4 - - 71236d74f4154c3bbe97f7ab5cd2badf 71236d74f4154c3bbe97f7ab5cd2badf] 10.0.0.203 "DELETE /resource_providers/25c49694-41bc-4470-8e91-8dac6c93b7c1" status: 404 len: 246 microversion: 1.1 [pid: 7|app: 0|req: 587/1166] 10.0.0.203 () {34 vars in 815 bytes} [Tue Jul 21 14:54:27 2026] DELETE /resource_providers/25c49694-41bc-4470-8e91-8dac6c93b7c1 => generated 246 bytes in 9 msecs (HTTP/1.1 404) 6 headers in 231 bytes (1 switches on core 0)
2026-07-21 14:54:27.101 8 INFO placement.requestlog [None req-aca78d35-99f9-4f33-89a8-1abc2fba2780 a9f47215099b4e9aad0d5432cb303d54 c13b278412d3463c9ae535306233e8d4 - - 71236d74f4154c3bbe97f7ab5cd2badf 71236d74f4154c3bbe97f7ab5cd2badf] 10.0.0.203 "DELETE /resource_providers/25c49694-41bc-4470-8e91-8dac6c93b7c1" status: 404 len: 246 microversion: 1.1 [pid: 8|app: 0|req: 580/1167] 10.0.0.203 () {34 vars in 815 bytes} [Tue Jul 21 14:54:27 2026] DELETE /resource_providers/25c49694-41bc-4470-8e91-8dac6c93b7c1 => generated 246 bytes in 12 msecs (HTTP/1.1 404) 6 headers in 231 bytes (1 switches on core 0)
2026-07-21 14:54:32.543 7 INFO placement.requestlog [req-ff583ab1-728a-490c-a197-599177a14d7c req-916cb36a-cf1d-4d02-8672-31ea3cdf19ca e946f80846a74090b4475efeb576d6db c13b278412d3463c9ae535306233e8d4 - - 71236d74f4154c3bbe97f7ab5cd2badf 71236d74f4154c3bbe97f7ab5cd2badf] 10.0.0.79 "GET /allocation_candidates?limit=1000&resources=DISK_GB%3A1%2CMEMORY_MB%3A512%2CVCPU%3A1&root_required=%21COMPUTE_STATUS_DISABLED" status: 200 len: 2190 microversion: 1.36 [pid: 7|app: 0|req: 588/1168] 10.0.0.79 () {34 vars in 1010 bytes} [Tue Jul 21 14:54:32 2026] GET /allocation_candidates?limit=1000&resources=DISK_GB%3A1%2CMEMORY_MB%3A512%2CVCPU%3A1&root_required=%21COMPUTE_STATUS_DISABLED => generated 2190 bytes in 50 msecs (HTTP/1.1 200) 8 headers in 297 bytes (1 switches on core 0)
2026-07-21 14:54:32.588 8 INFO placement.requestlog [req-ff583ab1-728a-490c-a197-599177a14d7c req-899262f6-ea19-4391-b01a-f817af755bf9 e946f80846a74090b4475efeb576d6db c13b278412d3463c9ae535306233e8d4 - - 71236d74f4154c3bbe97f7ab5cd2badf 71236d74f4154c3bbe97f7ab5cd2badf] 10.0.0.79 "GET /allocations/a7bec914-cbc8-4db9-83fd-0ef2e2784e35" status: 200 len: 19 microversion: 1.28 [pid: 8|app: 0|req: 581/1169] 10.0.0.79 () {34 vars in 859 bytes} [Tue Jul 21 14:54:32 2026] GET /allocations/a7bec914-cbc8-4db9-83fd-0ef2e2784e35 => generated 19 bytes in 28 msecs (HTTP/1.1 200) 8 headers in 295 bytes (1 switches on core 0)
2026-07-21 14:54:32.654 7 INFO placement.requestlog [req-ff583ab1-728a-490c-a197-599177a14d7c req-5a31140b-203f-438b-882f-3064ffac9c0b e946f80846a74090b4475efeb576d6db c13b278412d3463c9ae535306233e8d4 - - 71236d74f4154c3bbe97f7ab5cd2badf 71236d74f4154c3bbe97f7ab5cd2badf] 10.0.0.79 "PUT /allocations/a7bec914-cbc8-4db9-83fd-0ef2e2784e35" status: 204 len: 0 microversion: 1.36 [pid: 7|app: 0|req: 589/1170] 10.0.0.79 () {38 vars in 912 bytes} [Tue Jul 21 14:54:32 2026] PUT /allocations/a7bec914-cbc8-4db9-83fd-0ef2e2784e35 => generated 0 bytes in 59 msecs (HTTP/1.1 204) 5 headers in 199 bytes (1 switches on core 0)
2026-07-21 14:54:32.889 8 INFO placement.requestlog [req-ff583ab1-728a-490c-a197-599177a14d7c req-62a9579a-817a-4b50-8956-1725b1479ab2 e946f80846a74090b4475efeb576d6db c13b278412d3463c9ae535306233e8d4 - - 71236d74f4154c3bbe97f7ab5cd2badf 71236d74f4154c3bbe97f7ab5cd2badf] 199.204.45.70 "GET /allocations/a7bec914-cbc8-4db9-83fd-0ef2e2784e35" status: 200 len: 258 microversion: 1.28 [pid: 8|app: 0|req: 582/1171] 199.204.45.70 () {34 vars in 861 bytes} [Tue Jul 21 14:54:32 2026] GET /allocations/a7bec914-cbc8-4db9-83fd-0ef2e2784e35 => generated 258 bytes in 14 msecs (HTTP/1.1 200) 8 headers in 296 bytes (1 switches on core 0)
2026-07-21 14:54:32.979 7 INFO placement.requestlog [req-ff583ab1-728a-490c-a197-599177a14d7c req-4ee7a6d4-59da-4a86-85b0-8588a21629a2 e946f80846a74090b4475efeb576d6db c13b278412d3463c9ae535306233e8d4 - - 71236d74f4154c3bbe97f7ab5cd2badf 71236d74f4154c3bbe97f7ab5cd2badf] 199.204.45.70 "GET /resource_providers/3c1786df-d338-407a-8971-9fd92dd9eb93/allocations" status: 200 len: 253 microversion: 1.0 [pid: 7|app: 0|req: 590/1172] 199.204.45.70 () {32 vars in 855 bytes} [Tue Jul 21 14:54:32 2026] GET /resource_providers/3c1786df-d338-407a-8971-9fd92dd9eb93/allocations => generated 253 bytes in 18 msecs (HTTP/1.1 200) 6 headers in 224 bytes (1 switches on core 0)
2026-07-21 14:54:32.998 8 INFO placement.requestlog [req-ff583ab1-728a-490c-a197-599177a14d7c req-88c6fee9-5baa-4a42-a116-d2b0afe03a9f e946f80846a74090b4475efeb576d6db c13b278412d3463c9ae535306233e8d4 - - 71236d74f4154c3bbe97f7ab5cd2badf 71236d74f4154c3bbe97f7ab5cd2badf] 199.204.45.70 "GET /allocations/edab271d-9fa1-4679-855f-60fb004f84f8" status: 200 len: 258 microversion: 1.28 [pid: 8|app: 0|req: 583/1173] 199.204.45.70 () {34 vars in 861 bytes} [Tue Jul 21 14:54:32 2026] GET /allocations/edab271d-9fa1-4679-855f-60fb004f84f8 => generated 258 bytes in 12 msecs (HTTP/1.1 200) 8 headers in 296 bytes (1 switches on core 0)
2026-07-21 14:54:33.020 7 INFO placement.requestlog [req-ff583ab1-728a-490c-a197-599177a14d7c req-eddb7c53-b7b3-409d-95f9-fea485c88840 e946f80846a74090b4475efeb576d6db c13b278412d3463c9ae535306233e8d4 - - 71236d74f4154c3bbe97f7ab5cd2badf 71236d74f4154c3bbe97f7ab5cd2badf] 199.204.45.70 "GET /allocations/a7bec914-cbc8-4db9-83fd-0ef2e2784e35" status: 200 len: 258 microversion: 1.28 [pid: 7|app: 0|req: 591/1174] 199.204.45.70 () {34 vars in 861 bytes} [Tue Jul 21 14:54:33 2026] GET /allocations/a7bec914-cbc8-4db9-83fd-0ef2e2784e35 => generated 258 bytes in 15 msecs (HTTP/1.1 200) 8 headers in 296 bytes (1 switches on core 0)
2026-07-21 14:54:34.452 8 INFO placement.requestlog [None req-d6f43615-d354-49ba-ba8a-d593465517b0 - - - - - -] 10.0.0.197 "GET /" status: 200 len: 136 microversion: 1.0
2026-07-21 14:54:34.453 7 INFO placement.requestlog [None req-a3c3bb46-7710-4acd-a2cd-3a2c30027713 - - - - - -] 10.0.0.197 "GET /" status: 200 len: 136 microversion: 1.0
2026-07-21 14:54:39.601 7 INFO placement.requestlog [None req-d5acb504-9d6d-4246-991d-7c21b7736262 a9f47215099b4e9aad0d5432cb303d54 c13b278412d3463c9ae535306233e8d4 - - 71236d74f4154c3bbe97f7ab5cd2badf 71236d74f4154c3bbe97f7ab5cd2badf] 10.0.0.203 "GET /resource_providers/79436d75-a795-4b9a-b80d-8cee6c820933/aggregates" status: 404 len: 235 microversion: 1.1 [pid: 7|app: 0|req: 593/1177] 10.0.0.203 () {32 vars in 815 bytes} [Tue Jul 21 14:54:39 2026] GET /resource_providers/79436d75-a795-4b9a-b80d-8cee6c820933/aggregates => generated 235 bytes in 9 msecs (HTTP/1.1 404) 5 headers in 202 bytes (1 switches on core 0)
2026-07-21 14:54:39.604 8 INFO placement.requestlog [None req-79e658f5-58ac-4dd2-873f-a0a202393199 a9f47215099b4e9aad0d5432cb303d54 c13b278412d3463c9ae535306233e8d4 - - 71236d74f4154c3bbe97f7ab5cd2badf 71236d74f4154c3bbe97f7ab5cd2badf] 10.0.0.203 "GET /resource_providers/79436d75-a795-4b9a-b80d-8cee6c820933/aggregates" status: 404 len: 235 microversion: 1.1 [pid: 8|app: 0|req: 585/1178] 10.0.0.203 () {32 vars in 815 bytes} [Tue Jul 21 14:54:39 2026] GET /resource_providers/79436d75-a795-4b9a-b80d-8cee6c820933/aggregates => generated 235 bytes in 12 msecs (HTTP/1.1 404) 5 headers in 202 bytes (1 switches on core 0)
2026-07-21 14:54:39.632 8 INFO placement.requestlog [None req-7468ce68-d833-44f0-9d85-83214e5f381a a9f47215099b4e9aad0d5432cb303d54 c13b278412d3463c9ae535306233e8d4 - - 71236d74f4154c3bbe97f7ab5cd2badf 71236d74f4154c3bbe97f7ab5cd2badf] 10.0.0.203 "DELETE /resource_providers/79436d75-a795-4b9a-b80d-8cee6c820933" status: 404 len: 246 microversion: 1.1 [pid: 8|app: 0|req: 586/1179] 10.0.0.203 () {34 vars in 815 bytes} [Tue Jul 21 14:54:39 2026] DELETE /resource_providers/79436d75-a795-4b9a-b80d-8cee6c820933 => generated 246 bytes in 14 msecs (HTTP/1.1 404) 6 headers in 231 bytes (1 switches on core 0)
2026-07-21 14:54:39.634 7 INFO placement.requestlog [None req-3986bd55-c020-4e29-9897-2ee3c31accdb a9f47215099b4e9aad0d5432cb303d54 c13b278412d3463c9ae535306233e8d4 - - 71236d74f4154c3bbe97f7ab5cd2badf 71236d74f4154c3bbe97f7ab5cd2badf] 10.0.0.203 "DELETE /resource_providers/79436d75-a795-4b9a-b80d-8cee6c820933" status: 404 len: 246 microversion: 1.1 [pid: 7|app: 0|req: 594/1180] 10.0.0.203 () {34 vars in 815 bytes} [Tue Jul 21 14:54:39 2026] DELETE /resource_providers/79436d75-a795-4b9a-b80d-8cee6c820933 => generated 246 bytes in 25 msecs (HTTP/1.1 404) 6 headers in 231 bytes (1 switches on core 0)
2026-07-21 14:54:44.452 8 INFO placement.requestlog [None req-0f5f9f0f-8320-4df4-a9da-99b87b11ba58 - - - - - -] 10.0.0.197 "GET /" status: 200 len: 136 microversion: 1.0
2026-07-21 14:54:44.452 7 INFO placement.requestlog [None req-cdbc98cd-5a2e-41c9-83e6-78fc8d18ea0a - - - - - -] 10.0.0.197 "GET /" status: 200 len: 136 microversion: 1.0
2026-07-21 14:54:54.452 7 INFO placement.requestlog [None req-da1fc1db-a30f-4032-809d-ec21eb94d9b5 - - - - - -] 10.0.0.197 "GET /" status: 200 len: 136 microversion: 1.0
2026-07-21 14:54:54.452 8 INFO placement.requestlog [None req-7f09532f-b736-476d-a467-a0561fdb4066 - - - - - -] 10.0.0.197 "GET /" status: 200 len: 136 microversion: 1.0
2026-07-21 14:55:04.452 7 INFO placement.requestlog [None req-d478efab-a9b5-485e-bfc8-e30205e269db - - - - - -] 10.0.0.197 "GET /" status: 200 len: 136 microversion: 1.0
2026-07-21 14:55:04.452 8 INFO placement.requestlog [None req-9097b5c0-40f6-40f2-8966-0f995730e98c - - - - - -] 10.0.0.197 "GET /" status: 200 len: 136 microversion: 1.0
2026-07-21 14:55:05.445 7 INFO placement.requestlog [req-90a702de-12c2-43cc-91a4-3381e5e66deb req-3d1ce0bb-4362-4473-b9f1-74ed133f546e e946f80846a74090b4475efeb576d6db c13b278412d3463c9ae535306233e8d4 - - 71236d74f4154c3bbe97f7ab5cd2badf 71236d74f4154c3bbe97f7ab5cd2badf] 10.0.0.79 "GET /allocation_candidates?limit=1000&resources=MEMORY_MB%3A2048%2CVCPU%3A2&root_required=%21COMPUTE_STATUS_DISABLED" status: 200 len: 2178 microversion: 1.36 [pid: 7|app: 0|req: 598/1187] 10.0.0.79 () {34 vars in 984 bytes} [Tue Jul 21 14:55:05 2026] GET /allocation_candidates?limit=1000&resources=MEMORY_MB%3A2048%2CVCPU%3A2&root_required=%21COMPUTE_STATUS_DISABLED => generated 2178 bytes in 177 msecs (HTTP/1.1 200) 8 headers in 297 bytes (1 switches on core 0)
2026-07-21 14:55:05.474 8 INFO placement.requestlog [req-90a702de-12c2-43cc-91a4-3381e5e66deb req-fcde05d1-4624-450b-ba70-529c022df713 e946f80846a74090b4475efeb576d6db c13b278412d3463c9ae535306233e8d4 - - 71236d74f4154c3bbe97f7ab5cd2badf 71236d74f4154c3bbe97f7ab5cd2badf] 10.0.0.79 "GET /allocations/ce52d866-5ed2-4a20-bc4e-c97c08bf765e" status: 200 len: 19 microversion: 1.28 [pid: 8|app: 0|req: 590/1188] 10.0.0.79 () {34 vars in 859 bytes} [Tue Jul 21 14:55:05 2026] GET /allocations/ce52d866-5ed2-4a20-bc4e-c97c08bf765e => generated 19 bytes in 11 msecs (HTTP/1.1 200) 8 headers in 295 bytes (1 switches on core 0)
2026-07-21 14:55:05.565 7 INFO placement.requestlog [req-90a702de-12c2-43cc-91a4-3381e5e66deb req-da5c3ff1-a7d6-4288-bd13-9a8e45d72c8e e946f80846a74090b4475efeb576d6db c13b278412d3463c9ae535306233e8d4 - - 71236d74f4154c3bbe97f7ab5cd2badf 71236d74f4154c3bbe97f7ab5cd2badf] 10.0.0.79 "PUT /allocations/ce52d866-5ed2-4a20-bc4e-c97c08bf765e" status: 204 len: 0 microversion: 1.36 [pid: 7|app: 0|req: 599/1189] 10.0.0.79 () {38 vars in 912 bytes} [Tue Jul 21 14:55:05 2026] PUT /allocations/ce52d866-5ed2-4a20-bc4e-c97c08bf765e => generated 0 bytes in 76 msecs (HTTP/1.1 204) 5 headers in 199 bytes (1 switches on core 0)
2026-07-21 14:55:05.895 8 INFO placement.requestlog [req-90a702de-12c2-43cc-91a4-3381e5e66deb req-e8a29c5f-70df-40ab-8bac-8d6df129aa27 e946f80846a74090b4475efeb576d6db c13b278412d3463c9ae535306233e8d4 - - 71236d74f4154c3bbe97f7ab5cd2badf 71236d74f4154c3bbe97f7ab5cd2badf] 199.204.45.70 "GET /allocations/ce52d866-5ed2-4a20-bc4e-c97c08bf765e" status: 200 len: 245 microversion: 1.28 [pid: 8|app: 0|req: 591/1190] 199.204.45.70 () {34 vars in 861 bytes} [Tue Jul 21 14:55:05 2026] GET /allocations/ce52d866-5ed2-4a20-bc4e-c97c08bf765e => generated 245 bytes in 13 msecs (HTTP/1.1 200) 8 headers in 296 bytes (1 switches on core 0)
2026-07-21 14:55:06.005 7 INFO placement.requestlog [req-90a702de-12c2-43cc-91a4-3381e5e66deb req-5624c05d-f39a-4675-aff1-88560c2e6211 e946f80846a74090b4475efeb576d6db c13b278412d3463c9ae535306233e8d4 - - 71236d74f4154c3bbe97f7ab5cd2badf 71236d74f4154c3bbe97f7ab5cd2badf] 199.204.45.70 "GET /resource_providers/3c1786df-d338-407a-8971-9fd92dd9eb93/allocations" status: 200 len: 340 microversion: 1.0 [pid: 7|app: 0|req: 600/1191] 199.204.45.70 () {32 vars in 855 bytes} [Tue Jul 21 14:55:05 2026] GET /resource_providers/3c1786df-d338-407a-8971-9fd92dd9eb93/allocations => generated 340 bytes in 20 msecs (HTTP/1.1 200) 6 headers in 224 bytes (1 switches on core 0)
2026-07-21 14:55:06.029 8 INFO placement.requestlog [req-90a702de-12c2-43cc-91a4-3381e5e66deb req-d8b7c301-95b2-4e89-9f1e-934d9fe32d00 e946f80846a74090b4475efeb576d6db c13b278412d3463c9ae535306233e8d4 - - 71236d74f4154c3bbe97f7ab5cd2badf 71236d74f4154c3bbe97f7ab5cd2badf] 199.204.45.70 "GET /allocations/ce52d866-5ed2-4a20-bc4e-c97c08bf765e" status: 200 len: 245 microversion: 1.28 [pid: 8|app: 0|req: 592/1192] 199.204.45.70 () {34 vars in 861 bytes} [Tue Jul 21 14:55:06 2026] GET /allocations/ce52d866-5ed2-4a20-bc4e-c97c08bf765e => generated 245 bytes in 15 msecs (HTTP/1.1 200) 8 headers in 296 bytes (1 switches on core 0)
2026-07-21 14:55:06.053 7 INFO placement.requestlog [req-90a702de-12c2-43cc-91a4-3381e5e66deb req-a964fe1b-f935-4168-a871-46d26d60e109 e946f80846a74090b4475efeb576d6db c13b278412d3463c9ae535306233e8d4 - - 71236d74f4154c3bbe97f7ab5cd2badf 71236d74f4154c3bbe97f7ab5cd2badf] 199.204.45.70 "GET /allocations/edab271d-9fa1-4679-855f-60fb004f84f8" status: 200 len: 258 microversion: 1.28 [pid: 7|app: 0|req: 601/1193] 199.204.45.70 () {34 vars in 861 bytes} [Tue Jul 21 14:55:06 2026] GET /allocations/edab271d-9fa1-4679-855f-60fb004f84f8 => generated 258 bytes in 18 msecs (HTTP/1.1 200) 8 headers in 296 bytes (1 switches on core 0)
2026-07-21 14:55:06.078 8 INFO placement.requestlog [req-90a702de-12c2-43cc-91a4-3381e5e66deb req-2306d062-bc04-4aac-ae78-c72dd3f2476f e946f80846a74090b4475efeb576d6db c13b278412d3463c9ae535306233e8d4 - - 71236d74f4154c3bbe97f7ab5cd2badf 71236d74f4154c3bbe97f7ab5cd2badf] 199.204.45.70 "GET /allocations/a7bec914-cbc8-4db9-83fd-0ef2e2784e35" status: 200 len: 258 microversion: 1.28 [pid: 8|app: 0|req: 593/1194] 199.204.45.70 () {34 vars in 861 bytes} [Tue Jul 21 14:55:06 2026] GET /allocations/a7bec914-cbc8-4db9-83fd-0ef2e2784e35 => generated 258 bytes in 15 msecs (HTTP/1.1 200) 8 headers in 296 bytes (1 switches on core 0)
2026-07-21 14:55:14.453 8 INFO placement.requestlog [None req-020be5a7-59ec-444a-accc-0f7c56aa34e2 - - - - - -] 10.0.0.197 "GET /" status: 200 len: 136 microversion: 1.0
2026-07-21 14:55:14.454 7 INFO placement.requestlog [None req-8df78e33-572e-4ed7-b636-cbd158ef9e9f - - - - - -] 10.0.0.197 "GET /" status: 200 len: 136 microversion: 1.0
2026-07-21 14:55:24.452 8 INFO placement.requestlog [None req-513c67ec-f624-406a-a48b-fe57570b10ed - - - - - -] 10.0.0.197 "GET /" status: 200 len: 136 microversion: 1.0
2026-07-21 14:55:24.453 7 INFO placement.requestlog [None req-36662f81-f550-4e50-862a-775a979480b6 - - - - - -] 10.0.0.197 "GET /" status: 200 len: 136 microversion: 1.0
2026-07-21 14:55:28.051 8 INFO placement.requestlog [req-8a5a1e62-0318-4309-b477-8563685b9d94 req-f82beb27-6018-4247-a100-5f6cbda94780 e946f80846a74090b4475efeb576d6db c13b278412d3463c9ae535306233e8d4 - - 71236d74f4154c3bbe97f7ab5cd2badf 71236d74f4154c3bbe97f7ab5cd2badf] 199.204.45.70 "GET /resource_providers/3c1786df-d338-407a-8971-9fd92dd9eb93/allocations" status: 200 len: 340 microversion: 1.0 [pid: 8|app: 0|req: 596/1199] 199.204.45.70 () {32 vars in 855 bytes} [Tue Jul 21 14:55:28 2026] GET /resource_providers/3c1786df-d338-407a-8971-9fd92dd9eb93/allocations => generated 340 bytes in 19 msecs (HTTP/1.1 200) 6 headers in 224 bytes (1 switches on core 0)
2026-07-21 14:55:28.078 7 INFO placement.requestlog [req-8a5a1e62-0318-4309-b477-8563685b9d94 req-bd513be9-9490-4a1e-b9b4-66f4d0d7adaf e946f80846a74090b4475efeb576d6db c13b278412d3463c9ae535306233e8d4 - - 71236d74f4154c3bbe97f7ab5cd2badf 71236d74f4154c3bbe97f7ab5cd2badf] 199.204.45.70 "GET /resource_providers/3c1786df-d338-407a-8971-9fd92dd9eb93/allocations" status: 200 len: 340 microversion: 1.0 [pid: 7|app: 0|req: 604/1200] 199.204.45.70 () {32 vars in 855 bytes} [Tue Jul 21 14:55:28 2026] GET /resource_providers/3c1786df-d338-407a-8971-9fd92dd9eb93/allocations => generated 340 bytes in 19 msecs (HTTP/1.1 200) 6 headers in 224 bytes (1 switches on core 0)
2026-07-21 14:55:28.100 8 INFO placement.requestlog [req-8a5a1e62-0318-4309-b477-8563685b9d94 req-5bd16747-15f8-4817-a0f6-81a7e1e15941 e946f80846a74090b4475efeb576d6db c13b278412d3463c9ae535306233e8d4 - - 71236d74f4154c3bbe97f7ab5cd2badf 71236d74f4154c3bbe97f7ab5cd2badf] 199.204.45.70 "GET /allocations/ce52d866-5ed2-4a20-bc4e-c97c08bf765e" status: 200 len: 245 microversion: 1.28 [pid: 8|app: 0|req: 597/1201] 199.204.45.70 () {34 vars in 861 bytes} [Tue Jul 21 14:55:28 2026] GET /allocations/ce52d866-5ed2-4a20-bc4e-c97c08bf765e => generated 245 bytes in 13 msecs (HTTP/1.1 200) 8 headers in 296 bytes (1 switches on core 0)
2026-07-21 14:55:28.121 7 INFO placement.requestlog [req-8a5a1e62-0318-4309-b477-8563685b9d94 req-51858fda-ac2e-446c-a6c5-bb59ea67aefb e946f80846a74090b4475efeb576d6db c13b278412d3463c9ae535306233e8d4 - - 71236d74f4154c3bbe97f7ab5cd2badf 71236d74f4154c3bbe97f7ab5cd2badf] 199.204.45.70 "GET /allocations/edab271d-9fa1-4679-855f-60fb004f84f8" status: 200 len: 258 microversion: 1.28 [pid: 7|app: 0|req: 605/1202] 199.204.45.70 () {34 vars in 861 bytes} [Tue Jul 21 14:55:28 2026] GET /allocations/edab271d-9fa1-4679-855f-60fb004f84f8 => generated 258 bytes in 14 msecs (HTTP/1.1 200) 8 headers in 296 bytes (1 switches on core 0)
