2026-07-21 14:50:19.360 8 INFO placement.requestlog [req-1b046198-4ed6-4043-b05f-13240d48cc99 req-0e68af0e-b983-4133-90a0-4b5e87285889 e946f80846a74090b4475efeb576d6db c13b278412d3463c9ae535306233e8d4 - - 71236d74f4154c3bbe97f7ab5cd2badf 71236d74f4154c3bbe97f7ab5cd2badf] 199.204.45.70 "GET /allocations/d4c1151c-aa6e-4646-910b-79d05f8bb50e" status: 200 len: 257 microversion: 1.28 [pid: 8|app: 0|req: 338/679] 199.204.45.70 () {34 vars in 861 bytes} [Tue Jul 21 14:50:19 2026] GET /allocations/d4c1151c-aa6e-4646-910b-79d05f8bb50e => generated 257 bytes in 12 msecs (HTTP/1.1 200) 8 headers in 296 bytes (1 switches on core 0)
2026-07-21 14:50:19.473 7 INFO placement.requestlog [req-1b046198-4ed6-4043-b05f-13240d48cc99 req-b9890572-59e2-434c-a7ad-491bb37a827f e946f80846a74090b4475efeb576d6db c13b278412d3463c9ae535306233e8d4 - - 71236d74f4154c3bbe97f7ab5cd2badf 71236d74f4154c3bbe97f7ab5cd2badf] 199.204.45.70 "DELETE /allocations/9a3cf559-da54-481d-94d8-dc310f2f9759" status: 204 len: 0 microversion: 1.0 [pid: 7|app: 0|req: 342/680] 199.204.45.70 () {34 vars in 839 bytes} [Tue Jul 21 14:50:19 2026] DELETE /allocations/9a3cf559-da54-481d-94d8-dc310f2f9759 => generated 0 bytes in 26 msecs (HTTP/1.1 204) 5 headers in 198 bytes (1 switches on core 0)
2026-07-21 14:50:21.661 8 INFO placement.requestlog [None req-0df82524-1a21-4002-98bf-b3c409e91653 a9f47215099b4e9aad0d5432cb303d54 c13b278412d3463c9ae535306233e8d4 - - 71236d74f4154c3bbe97f7ab5cd2badf 71236d74f4154c3bbe97f7ab5cd2badf] 10.0.0.203 "GET /resource_providers/a54fb4f2-0f74-4f27-95b3-26576869b3a1/aggregates" status: 404 len: 235 microversion: 1.1 [pid: 8|app: 0|req: 339/681] 10.0.0.203 () {32 vars in 815 bytes} [Tue Jul 21 14:50:21 2026] GET /resource_providers/a54fb4f2-0f74-4f27-95b3-26576869b3a1/aggregates => generated 235 bytes in 7 msecs (HTTP/1.1 404) 5 headers in 202 bytes (1 switches on core 0)
2026-07-21 14:50:21.665 7 INFO placement.requestlog [None req-b1d1defa-ff89-42c2-a50c-7992b0a71590 a9f47215099b4e9aad0d5432cb303d54 c13b278412d3463c9ae535306233e8d4 - - 71236d74f4154c3bbe97f7ab5cd2badf 71236d74f4154c3bbe97f7ab5cd2badf] 10.0.0.203 "GET /resource_providers/a54fb4f2-0f74-4f27-95b3-26576869b3a1/aggregates" status: 404 len: 235 microversion: 1.1 [pid: 7|app: 0|req: 343/682] 10.0.0.203 () {32 vars in 815 bytes} [Tue Jul 21 14:50:21 2026] GET /resource_providers/a54fb4f2-0f74-4f27-95b3-26576869b3a1/aggregates => generated 235 bytes in 12 msecs (HTTP/1.1 404) 5 headers in 202 bytes (1 switches on core 0)
2026-07-21 14:50:21.686 7 INFO placement.requestlog [None req-1076b730-ad3f-434a-a219-85b1c327141a a9f47215099b4e9aad0d5432cb303d54 c13b278412d3463c9ae535306233e8d4 - - 71236d74f4154c3bbe97f7ab5cd2badf 71236d74f4154c3bbe97f7ab5cd2badf] 10.0.0.203 "DELETE /resource_providers/a54fb4f2-0f74-4f27-95b3-26576869b3a1" status: 404 len: 246 microversion: 1.1 [pid: 7|app: 0|req: 344/683] 10.0.0.203 () {34 vars in 815 bytes} [Tue Jul 21 14:50:21 2026] DELETE /resource_providers/a54fb4f2-0f74-4f27-95b3-26576869b3a1 => generated 246 bytes in 10 msecs (HTTP/1.1 404) 6 headers in 231 bytes (1 switches on core 0)
2026-07-21 14:50:21.689 8 INFO placement.requestlog [None req-1a89e5bf-6489-4c01-83d1-50a7b6fa5798 a9f47215099b4e9aad0d5432cb303d54 c13b278412d3463c9ae535306233e8d4 - - 71236d74f4154c3bbe97f7ab5cd2badf 71236d74f4154c3bbe97f7ab5cd2badf] 10.0.0.203 "DELETE /resource_providers/a54fb4f2-0f74-4f27-95b3-26576869b3a1" status: 404 len: 246 microversion: 1.1 [pid: 8|app: 0|req: 340/684] 10.0.0.203 () {34 vars in 815 bytes} [Tue Jul 21 14:50:21 2026] DELETE /resource_providers/a54fb4f2-0f74-4f27-95b3-26576869b3a1 => generated 246 bytes in 13 msecs (HTTP/1.1 404) 6 headers in 231 bytes (1 switches on core 0)
2026-07-21 14:50:23.712 8 INFO placement.requestlog [None req-e90594c6-c64b-451c-90b8-9fece47547e3 a9f47215099b4e9aad0d5432cb303d54 c13b278412d3463c9ae535306233e8d4 - - 71236d74f4154c3bbe97f7ab5cd2badf 71236d74f4154c3bbe97f7ab5cd2badf] 10.0.0.203 "GET /resource_providers/856fe0d0-b91b-4508-99da-4e52f9a76dfb/aggregates" status: 404 len: 235 microversion: 1.1 [pid: 8|app: 0|req: 341/685] 10.0.0.203 () {32 vars in 815 bytes} [Tue Jul 21 14:50:23 2026] GET /resource_providers/856fe0d0-b91b-4508-99da-4e52f9a76dfb/aggregates => generated 235 bytes in 9 msecs (HTTP/1.1 404) 5 headers in 202 bytes (1 switches on core 0)
2026-07-21 14:50:23.713 7 INFO placement.requestlog [None req-369cc8eb-1141-41f9-bbfc-d26c8bcbfbee a9f47215099b4e9aad0d5432cb303d54 c13b278412d3463c9ae535306233e8d4 - - 71236d74f4154c3bbe97f7ab5cd2badf 71236d74f4154c3bbe97f7ab5cd2badf] 10.0.0.203 "GET /resource_providers/856fe0d0-b91b-4508-99da-4e52f9a76dfb/aggregates" status: 404 len: 235 microversion: 1.1 [pid: 7|app: 0|req: 345/686] 10.0.0.203 () {32 vars in 815 bytes} [Tue Jul 21 14:50:23 2026] GET /resource_providers/856fe0d0-b91b-4508-99da-4e52f9a76dfb/aggregates => generated 235 bytes in 10 msecs (HTTP/1.1 404) 5 headers in 202 bytes (1 switches on core 0)
2026-07-21 14:50:23.737 7 INFO placement.requestlog [None req-a22b8019-cd9c-4465-94ac-9cb1d352bdda a9f47215099b4e9aad0d5432cb303d54 c13b278412d3463c9ae535306233e8d4 - - 71236d74f4154c3bbe97f7ab5cd2badf 71236d74f4154c3bbe97f7ab5cd2badf] 10.0.0.203 "DELETE /resource_providers/856fe0d0-b91b-4508-99da-4e52f9a76dfb" status: 404 len: 246 microversion: 1.1 [pid: 7|app: 0|req: 346/687] 10.0.0.203 () {34 vars in 815 bytes} [Tue Jul 21 14:50:23 2026] DELETE /resource_providers/856fe0d0-b91b-4508-99da-4e52f9a76dfb => generated 246 bytes in 8 msecs (HTTP/1.1 404) 6 headers in 231 bytes (1 switches on core 0)
2026-07-21 14:50:23.738 8 INFO placement.requestlog [None req-9f56e275-0ccc-4c4f-8086-3efd64ba55dc a9f47215099b4e9aad0d5432cb303d54 c13b278412d3463c9ae535306233e8d4 - - 71236d74f4154c3bbe97f7ab5cd2badf 71236d74f4154c3bbe97f7ab5cd2badf] 10.0.0.203 "DELETE /resource_providers/856fe0d0-b91b-4508-99da-4e52f9a76dfb" status: 404 len: 246 microversion: 1.1 [pid: 8|app: 0|req: 342/688] 10.0.0.203 () {34 vars in 815 bytes} [Tue Jul 21 14:50:23 2026] DELETE /resource_providers/856fe0d0-b91b-4508-99da-4e52f9a76dfb => generated 246 bytes in 9 msecs (HTTP/1.1 404) 6 headers in 231 bytes (1 switches on core 0)
2026-07-21 14:50:23.868 7 INFO placement.requestlog [req-5f0c0842-8655-4fb0-8c73-453bc680dbbd req-1912a4a6-7aff-45b2-9e5e-5acbf4a9879c e946f80846a74090b4475efeb576d6db c13b278412d3463c9ae535306233e8d4 - - 71236d74f4154c3bbe97f7ab5cd2badf 71236d74f4154c3bbe97f7ab5cd2badf] 199.204.45.70 "GET /resource_providers/3c1786df-d338-407a-8971-9fd92dd9eb93/allocations" status: 200 len: 252 microversion: 1.0 [pid: 7|app: 0|req: 347/689] 199.204.45.70 () {32 vars in 855 bytes} [Tue Jul 21 14:50:23 2026] GET /resource_providers/3c1786df-d338-407a-8971-9fd92dd9eb93/allocations => generated 252 bytes in 15 msecs (HTTP/1.1 200) 6 headers in 224 bytes (1 switches on core 0)
2026-07-21 14:50:23.900 8 INFO placement.requestlog [req-5f0c0842-8655-4fb0-8c73-453bc680dbbd req-9be4efa6-31fe-4356-9cc4-2171a48f9f68 e946f80846a74090b4475efeb576d6db c13b278412d3463c9ae535306233e8d4 - - 71236d74f4154c3bbe97f7ab5cd2badf 71236d74f4154c3bbe97f7ab5cd2badf] 199.204.45.70 "GET /resource_providers/3c1786df-d338-407a-8971-9fd92dd9eb93/allocations" status: 200 len: 252 microversion: 1.0 [pid: 8|app: 0|req: 343/690] 199.204.45.70 () {32 vars in 855 bytes} [Tue Jul 21 14:50:23 2026] GET /resource_providers/3c1786df-d338-407a-8971-9fd92dd9eb93/allocations => generated 252 bytes in 21 msecs (HTTP/1.1 200) 6 headers in 224 bytes (1 switches on core 0)
2026-07-21 14:50:23.918 7 INFO placement.requestlog [req-5f0c0842-8655-4fb0-8c73-453bc680dbbd req-eab2fbea-c818-4989-9f88-288d71d48933 e946f80846a74090b4475efeb576d6db c13b278412d3463c9ae535306233e8d4 - - 71236d74f4154c3bbe97f7ab5cd2badf 71236d74f4154c3bbe97f7ab5cd2badf] 199.204.45.70 "GET /allocations/5b02be53-ac15-4e13-a298-fd41eff3bbef" status: 200 len: 257 microversion: 1.28 [pid: 7|app: 0|req: 348/691] 199.204.45.70 () {34 vars in 861 bytes} [Tue Jul 21 14:50:23 2026] GET /allocations/5b02be53-ac15-4e13-a298-fd41eff3bbef => generated 257 bytes in 11 msecs (HTTP/1.1 200) 8 headers in 296 bytes (1 switches on core 0)
2026-07-21 14:50:23.939 8 INFO placement.requestlog [req-5f0c0842-8655-4fb0-8c73-453bc680dbbd req-30768a14-2f86-4d20-b8b4-4a7b1f79804b e946f80846a74090b4475efeb576d6db c13b278412d3463c9ae535306233e8d4 - - 71236d74f4154c3bbe97f7ab5cd2badf 71236d74f4154c3bbe97f7ab5cd2badf] 199.204.45.70 "GET /allocations/d4c1151c-aa6e-4646-910b-79d05f8bb50e" status: 200 len: 257 microversion: 1.28 [pid: 8|app: 0|req: 344/692] 199.204.45.70 () {34 vars in 861 bytes} [Tue Jul 21 14:50:23 2026] GET /allocations/d4c1151c-aa6e-4646-910b-79d05f8bb50e => generated 257 bytes in 14 msecs (HTTP/1.1 200) 8 headers in 296 bytes (1 switches on core 0)
2026-07-21 14:50:24.452 7 INFO placement.requestlog [None req-895a9888-f554-4f36-9d92-b29c286c3ffc - - - - - -] 10.0.0.197 "GET /" status: 200 len: 136 microversion: 1.0
2026-07-21 14:50:24.452 8 INFO placement.requestlog [None req-5033f1ae-a682-414c-9c95-0e6ce7574d0f - - - - - -] 10.0.0.197 "GET /" status: 200 len: 136 microversion: 1.0
2026-07-21 14:50:24.472 8 INFO placement.requestlog [None req-3a0ad2d5-fb31-4794-b6fe-7dab87173593 a9f47215099b4e9aad0d5432cb303d54 c13b278412d3463c9ae535306233e8d4 - - 71236d74f4154c3bbe97f7ab5cd2badf 71236d74f4154c3bbe97f7ab5cd2badf] 10.0.0.203 "GET /resource_providers/ca63856e-4f4c-4baf-ab5a-ccc238526f10/aggregates" status: 404 len: 235 microversion: 1.1 [pid: 8|app: 0|req: 346/695] 10.0.0.203 () {32 vars in 815 bytes} [Tue Jul 21 14:50:24 2026] GET /resource_providers/ca63856e-4f4c-4baf-ab5a-ccc238526f10/aggregates => generated 235 bytes in 8 msecs (HTTP/1.1 404) 5 headers in 202 bytes (1 switches on core 0)
2026-07-21 14:50:24.472 7 INFO placement.requestlog [None req-6d96ad24-ec43-4f86-8467-a8bba2c203ea a9f47215099b4e9aad0d5432cb303d54 c13b278412d3463c9ae535306233e8d4 - - 71236d74f4154c3bbe97f7ab5cd2badf 71236d74f4154c3bbe97f7ab5cd2badf] 10.0.0.203 "GET /resource_providers/ca63856e-4f4c-4baf-ab5a-ccc238526f10/aggregates" status: 404 len: 235 microversion: 1.1 [pid: 7|app: 0|req: 350/696] 10.0.0.203 () {32 vars in 815 bytes} [Tue Jul 21 14:50:24 2026] GET /resource_providers/ca63856e-4f4c-4baf-ab5a-ccc238526f10/aggregates => generated 235 bytes in 9 msecs (HTTP/1.1 404) 5 headers in 202 bytes (1 switches on core 0)
2026-07-21 14:50:24.505 8 INFO placement.requestlog [None req-29a10cd9-f51e-4271-9aa1-f88303bdf878 a9f47215099b4e9aad0d5432cb303d54 c13b278412d3463c9ae535306233e8d4 - - 71236d74f4154c3bbe97f7ab5cd2badf 71236d74f4154c3bbe97f7ab5cd2badf] 10.0.0.203 "DELETE /resource_providers/ca63856e-4f4c-4baf-ab5a-ccc238526f10" status: 404 len: 246 microversion: 1.1 [pid: 8|app: 0|req: 347/697] 10.0.0.203 () {34 vars in 815 bytes} [Tue Jul 21 14:50:24 2026] DELETE /resource_providers/ca63856e-4f4c-4baf-ab5a-ccc238526f10 => generated 246 bytes in 13 msecs (HTTP/1.1 404) 6 headers in 231 bytes (1 switches on core 0)
2026-07-21 14:50:24.506 7 INFO placement.requestlog [None req-054a125c-03b6-4bcf-b222-db64491aaf9b a9f47215099b4e9aad0d5432cb303d54 c13b278412d3463c9ae535306233e8d4 - - 71236d74f4154c3bbe97f7ab5cd2badf 71236d74f4154c3bbe97f7ab5cd2badf] 10.0.0.203 "DELETE /resource_providers/ca63856e-4f4c-4baf-ab5a-ccc238526f10" status: 404 len: 246 microversion: 1.1 [pid: 7|app: 0|req: 351/698] 10.0.0.203 () {34 vars in 815 bytes} [Tue Jul 21 14:50:24 2026] DELETE /resource_providers/ca63856e-4f4c-4baf-ab5a-ccc238526f10 => generated 246 bytes in 13 msecs (HTTP/1.1 404) 6 headers in 231 bytes (1 switches on core 0)
2026-07-21 14:50:25.763 8 INFO placement.requestlog [None req-21583e0d-376a-499c-bf2c-f97f5e0a8360 a9f47215099b4e9aad0d5432cb303d54 c13b278412d3463c9ae535306233e8d4 - - 71236d74f4154c3bbe97f7ab5cd2badf 71236d74f4154c3bbe97f7ab5cd2badf] 10.0.0.203 "GET /resource_providers/be732c20-8fe5-43ef-bb39-1a05b00fc0be/aggregates" status: 404 len: 235 microversion: 1.1 [pid: 8|app: 0|req: 348/699] 10.0.0.203 () {32 vars in 815 bytes} [Tue Jul 21 14:50:25 2026] GET /resource_providers/be732c20-8fe5-43ef-bb39-1a05b00fc0be/aggregates => generated 235 bytes in 13 msecs (HTTP/1.1 404) 5 headers in 202 bytes (1 switches on core 0)
2026-07-21 14:50:25.771 7 INFO placement.requestlog [None req-ce1db478-caee-4bca-b92d-8d9b84ec851f a9f47215099b4e9aad0d5432cb303d54 c13b278412d3463c9ae535306233e8d4 - - 71236d74f4154c3bbe97f7ab5cd2badf 71236d74f4154c3bbe97f7ab5cd2badf] 10.0.0.203 "GET /resource_providers/be732c20-8fe5-43ef-bb39-1a05b00fc0be/aggregates" status: 404 len: 235 microversion: 1.1 [pid: 7|app: 0|req: 352/700] 10.0.0.203 () {32 vars in 815 bytes} [Tue Jul 21 14:50:25 2026] GET /resource_providers/be732c20-8fe5-43ef-bb39-1a05b00fc0be/aggregates => generated 235 bytes in 14 msecs (HTTP/1.1 404) 5 headers in 202 bytes (1 switches on core 0)
2026-07-21 14:50:25.782 8 INFO placement.requestlog [None req-c4e2148b-433d-4bca-ac0e-c0d605bdc0d2 a9f47215099b4e9aad0d5432cb303d54 c13b278412d3463c9ae535306233e8d4 - - 71236d74f4154c3bbe97f7ab5cd2badf 71236d74f4154c3bbe97f7ab5cd2badf] 10.0.0.203 "DELETE /resource_providers/be732c20-8fe5-43ef-bb39-1a05b00fc0be" status: 404 len: 246 microversion: 1.1 [pid: 8|app: 0|req: 349/701] 10.0.0.203 () {34 vars in 815 bytes} [Tue Jul 21 14:50:25 2026] DELETE /resource_providers/be732c20-8fe5-43ef-bb39-1a05b00fc0be => generated 246 bytes in 8 msecs (HTTP/1.1 404) 6 headers in 231 bytes (1 switches on core 0)
2026-07-21 14:50:25.793 7 INFO placement.requestlog [None req-3ffe83bb-4e9e-425a-bdab-6750b27342ca a9f47215099b4e9aad0d5432cb303d54 c13b278412d3463c9ae535306233e8d4 - - 71236d74f4154c3bbe97f7ab5cd2badf 71236d74f4154c3bbe97f7ab5cd2badf] 10.0.0.203 "DELETE /resource_providers/be732c20-8fe5-43ef-bb39-1a05b00fc0be" status: 404 len: 246 microversion: 1.1 [pid: 7|app: 0|req: 353/702] 10.0.0.203 () {34 vars in 815 bytes} [Tue Jul 21 14:50:25 2026] DELETE /resource_providers/be732c20-8fe5-43ef-bb39-1a05b00fc0be => generated 246 bytes in 7 msecs (HTTP/1.1 404) 6 headers in 231 bytes (1 switches on core 0)
2026-07-21 14:50:26.535 8 INFO placement.requestlog [None req-31a4ba74-35e3-40e0-b089-09053f327423 a9f47215099b4e9aad0d5432cb303d54 c13b278412d3463c9ae535306233e8d4 - - 71236d74f4154c3bbe97f7ab5cd2badf 71236d74f4154c3bbe97f7ab5cd2badf] 10.0.0.203 "GET /resource_providers/4558d42e-84ea-4672-845d-82e19bcc9074/aggregates" status: 404 len: 235 microversion: 1.1 [pid: 8|app: 0|req: 350/703] 10.0.0.203 () {32 vars in 815 bytes} [Tue Jul 21 14:50:26 2026] GET /resource_providers/4558d42e-84ea-4672-845d-82e19bcc9074/aggregates => generated 235 bytes in 7 msecs (HTTP/1.1 404) 5 headers in 202 bytes (1 switches on core 0)
2026-07-21 14:50:26.545 8 INFO placement.requestlog [None req-d277d30f-93f6-4c8c-9537-59f5cea3b54a a9f47215099b4e9aad0d5432cb303d54 c13b278412d3463c9ae535306233e8d4 - - 71236d74f4154c3bbe97f7ab5cd2badf 71236d74f4154c3bbe97f7ab5cd2badf] 10.0.0.203 "DELETE /resource_providers/4558d42e-84ea-4672-845d-82e19bcc9074" status: 404 len: 246 microversion: 1.1 [pid: 8|app: 0|req: 351/704] 10.0.0.203 () {34 vars in 815 bytes} [Tue Jul 21 14:50:26 2026] DELETE /resource_providers/4558d42e-84ea-4672-845d-82e19bcc9074 => generated 246 bytes in 6 msecs (HTTP/1.1 404) 6 headers in 231 bytes (1 switches on core 0)
2026-07-21 14:50:26.547 7 INFO placement.requestlog [None req-20aa951a-94bf-49f2-a026-f492b260572e a9f47215099b4e9aad0d5432cb303d54 c13b278412d3463c9ae535306233e8d4 - - 71236d74f4154c3bbe97f7ab5cd2badf 71236d74f4154c3bbe97f7ab5cd2badf] 10.0.0.203 "GET /resource_providers/4558d42e-84ea-4672-845d-82e19bcc9074/aggregates" status: 404 len: 235 microversion: 1.1 [pid: 7|app: 0|req: 354/705] 10.0.0.203 () {32 vars in 815 bytes} [Tue Jul 21 14:50:26 2026] GET /resource_providers/4558d42e-84ea-4672-845d-82e19bcc9074/aggregates => generated 235 bytes in 13 msecs (HTTP/1.1 404) 5 headers in 202 bytes (1 switches on core 0)
2026-07-21 14:50:26.568 8 INFO placement.requestlog [None req-dac61134-40ff-4fa8-bd3e-d41ec914ddcd a9f47215099b4e9aad0d5432cb303d54 c13b278412d3463c9ae535306233e8d4 - - 71236d74f4154c3bbe97f7ab5cd2badf 71236d74f4154c3bbe97f7ab5cd2badf] 10.0.0.203 "DELETE /resource_providers/4558d42e-84ea-4672-845d-82e19bcc9074" status: 404 len: 246 microversion: 1.1 [pid: 8|app: 0|req: 352/706] 10.0.0.203 () {34 vars in 815 bytes} [Tue Jul 21 14:50:26 2026] DELETE /resource_providers/4558d42e-84ea-4672-845d-82e19bcc9074 => generated 246 bytes in 5 msecs (HTTP/1.1 404) 6 headers in 231 bytes (1 switches on core 0)
2026-07-21 14:50:26.837 7 INFO placement.requestlog [req-3300f336-c988-4b60-afa3-a2e3167a8cc4 req-bded4d9b-6122-49c2-a737-0804565e9ae3 e946f80846a74090b4475efeb576d6db c13b278412d3463c9ae535306233e8d4 - - 71236d74f4154c3bbe97f7ab5cd2badf 71236d74f4154c3bbe97f7ab5cd2badf] 199.204.45.70 "GET /resource_providers/3c1786df-d338-407a-8971-9fd92dd9eb93/allocations" status: 200 len: 252 microversion: 1.0 [pid: 7|app: 0|req: 355/707] 199.204.45.70 () {32 vars in 855 bytes} [Tue Jul 21 14:50:26 2026] GET /resource_providers/3c1786df-d338-407a-8971-9fd92dd9eb93/allocations => generated 252 bytes in 14 msecs (HTTP/1.1 200) 6 headers in 224 bytes (1 switches on core 0)
2026-07-21 14:50:26.855 8 INFO placement.requestlog [req-3300f336-c988-4b60-afa3-a2e3167a8cc4 req-825f3644-2682-4b34-9237-096225bd241d e946f80846a74090b4475efeb576d6db c13b278412d3463c9ae535306233e8d4 - - 71236d74f4154c3bbe97f7ab5cd2badf 71236d74f4154c3bbe97f7ab5cd2badf] 199.204.45.70 "GET /allocations/5b02be53-ac15-4e13-a298-fd41eff3bbef" status: 200 len: 257 microversion: 1.28 [pid: 8|app: 0|req: 353/708] 199.204.45.70 () {34 vars in 861 bytes} [Tue Jul 21 14:50:26 2026] GET /allocations/5b02be53-ac15-4e13-a298-fd41eff3bbef => generated 257 bytes in 10 msecs (HTTP/1.1 200) 8 headers in 296 bytes (1 switches on core 0)
2026-07-21 14:50:26.880 7 INFO placement.requestlog [req-3300f336-c988-4b60-afa3-a2e3167a8cc4 req-822a7935-012a-4b1b-ae4c-f021ddd8275f e946f80846a74090b4475efeb576d6db c13b278412d3463c9ae535306233e8d4 - - 71236d74f4154c3bbe97f7ab5cd2badf 71236d74f4154c3bbe97f7ab5cd2badf] 199.204.45.70 "GET /allocations/d4c1151c-aa6e-4646-910b-79d05f8bb50e" status: 200 len: 257 microversion: 1.28 [pid: 7|app: 0|req: 356/709] 199.204.45.70 () {34 vars in 861 bytes} [Tue Jul 21 14:50:26 2026] GET /allocations/d4c1151c-aa6e-4646-910b-79d05f8bb50e => generated 257 bytes in 19 msecs (HTTP/1.1 200) 8 headers in 296 bytes (1 switches on core 0)
2026-07-21 14:50:26.982 8 INFO placement.requestlog [req-3300f336-c988-4b60-afa3-a2e3167a8cc4 req-1d4d9dc3-9597-4605-85e4-d0b9764b127d e946f80846a74090b4475efeb576d6db c13b278412d3463c9ae535306233e8d4 - - 71236d74f4154c3bbe97f7ab5cd2badf 71236d74f4154c3bbe97f7ab5cd2badf] 199.204.45.70 "DELETE /allocations/d4c1151c-aa6e-4646-910b-79d05f8bb50e" status: 204 len: 0 microversion: 1.0 [pid: 8|app: 0|req: 354/710] 199.204.45.70 () {34 vars in 839 bytes} [Tue Jul 21 14:50:26 2026] DELETE /allocations/d4c1151c-aa6e-4646-910b-79d05f8bb50e => generated 0 bytes in 26 msecs (HTTP/1.1 204) 5 headers in 198 bytes (1 switches on core 0)
2026-07-21 14:50:30.114 7 INFO placement.requestlog [req-cf63bd28-a26a-479d-8ee5-bb9e3b3f817b req-ca4b18fc-24e3-431f-9e64-3ad6c824741a e946f80846a74090b4475efeb576d6db c13b278412d3463c9ae535306233e8d4 - - 71236d74f4154c3bbe97f7ab5cd2badf 71236d74f4154c3bbe97f7ab5cd2badf] 199.204.45.70 "GET /resource_providers/3c1786df-d338-407a-8971-9fd92dd9eb93/allocations" status: 200 len: 152 microversion: 1.0 [pid: 7|app: 0|req: 357/711] 199.204.45.70 () {32 vars in 855 bytes} [Tue Jul 21 14:50:30 2026] GET /resource_providers/3c1786df-d338-407a-8971-9fd92dd9eb93/allocations => generated 152 bytes in 13 msecs (HTTP/1.1 200) 6 headers in 224 bytes (1 switches on core 0)
2026-07-21 14:50:30.134 8 INFO placement.requestlog [req-cf63bd28-a26a-479d-8ee5-bb9e3b3f817b req-2cb5d60e-990c-46b7-a20e-e96b5c24d8d9 e946f80846a74090b4475efeb576d6db c13b278412d3463c9ae535306233e8d4 - - 71236d74f4154c3bbe97f7ab5cd2badf 71236d74f4154c3bbe97f7ab5cd2badf] 199.204.45.70 "GET /allocations/5b02be53-ac15-4e13-a298-fd41eff3bbef" status: 200 len: 257 microversion: 1.28 [pid: 8|app: 0|req: 355/712] 199.204.45.70 () {34 vars in 861 bytes} [Tue Jul 21 14:50:30 2026] GET /allocations/5b02be53-ac15-4e13-a298-fd41eff3bbef => generated 257 bytes in 12 msecs (HTTP/1.1 200) 8 headers in 296 bytes (1 switches on core 0)
2026-07-21 14:50:30.217 7 INFO placement.requestlog [req-cf63bd28-a26a-479d-8ee5-bb9e3b3f817b req-79819882-1423-4707-9fdc-195be5479077 e946f80846a74090b4475efeb576d6db c13b278412d3463c9ae535306233e8d4 - - 71236d74f4154c3bbe97f7ab5cd2badf 71236d74f4154c3bbe97f7ab5cd2badf] 199.204.45.70 "DELETE /allocations/5b02be53-ac15-4e13-a298-fd41eff3bbef" status: 204 len: 0 microversion: 1.0 [pid: 7|app: 0|req: 358/713] 199.204.45.70 () {34 vars in 839 bytes} [Tue Jul 21 14:50:30 2026] DELETE /allocations/5b02be53-ac15-4e13-a298-fd41eff3bbef => generated 0 bytes in 19 msecs (HTTP/1.1 204) 5 headers in 198 bytes (1 switches on core 0)
2026-07-21 14:50:30.565 8 INFO placement.requestlog [None req-68554824-b2d1-45f5-aeff-7f81cd7c2f7a a9f47215099b4e9aad0d5432cb303d54 c13b278412d3463c9ae535306233e8d4 - - 71236d74f4154c3bbe97f7ab5cd2badf 71236d74f4154c3bbe97f7ab5cd2badf] 10.0.0.203 "GET /resource_providers/caef4621-4062-4a6b-a3d6-aa16dcb8990c/aggregates" status: 404 len: 235 microversion: 1.1 [pid: 8|app: 0|req: 356/714] 10.0.0.203 () {32 vars in 815 bytes} [Tue Jul 21 14:50:30 2026] GET /resource_providers/caef4621-4062-4a6b-a3d6-aa16dcb8990c/aggregates => generated 235 bytes in 15 msecs (HTTP/1.1 404) 5 headers in 202 bytes (1 switches on core 0)
2026-07-21 14:50:30.568 7 INFO placement.requestlog [None req-b582ccd1-2007-44af-991d-efd09ae1dafb a9f47215099b4e9aad0d5432cb303d54 c13b278412d3463c9ae535306233e8d4 - - 71236d74f4154c3bbe97f7ab5cd2badf 71236d74f4154c3bbe97f7ab5cd2badf] 10.0.0.203 "GET /resource_providers/caef4621-4062-4a6b-a3d6-aa16dcb8990c/aggregates" status: 404 len: 235 microversion: 1.1 [pid: 7|app: 0|req: 359/715] 10.0.0.203 () {32 vars in 815 bytes} [Tue Jul 21 14:50:30 2026] GET /resource_providers/caef4621-4062-4a6b-a3d6-aa16dcb8990c/aggregates => generated 235 bytes in 13 msecs (HTTP/1.1 404) 5 headers in 202 bytes (1 switches on core 0)
2026-07-21 14:50:30.581 8 INFO placement.requestlog [None req-df38d531-68ff-4450-9617-532f343eb4cd a9f47215099b4e9aad0d5432cb303d54 c13b278412d3463c9ae535306233e8d4 - - 71236d74f4154c3bbe97f7ab5cd2badf 71236d74f4154c3bbe97f7ab5cd2badf] 10.0.0.203 "DELETE /resource_providers/caef4621-4062-4a6b-a3d6-aa16dcb8990c" status: 404 len: 246 microversion: 1.1 [pid: 8|app: 0|req: 357/716] 10.0.0.203 () {34 vars in 815 bytes} [Tue Jul 21 14:50:30 2026] DELETE /resource_providers/caef4621-4062-4a6b-a3d6-aa16dcb8990c => generated 246 bytes in 5 msecs (HTTP/1.1 404) 6 headers in 231 bytes (1 switches on core 0)
2026-07-21 14:50:30.586 7 INFO placement.requestlog [None req-751864d6-8c56-4cc4-9c2b-9171a50481b0 a9f47215099b4e9aad0d5432cb303d54 c13b278412d3463c9ae535306233e8d4 - - 71236d74f4154c3bbe97f7ab5cd2badf 71236d74f4154c3bbe97f7ab5cd2badf] 10.0.0.203 "DELETE /resource_providers/caef4621-4062-4a6b-a3d6-aa16dcb8990c" status: 404 len: 246 microversion: 1.1 [pid: 7|app: 0|req: 360/717] 10.0.0.203 () {34 vars in 815 bytes} [Tue Jul 21 14:50:30 2026] DELETE /resource_providers/caef4621-4062-4a6b-a3d6-aa16dcb8990c => generated 246 bytes in 8 msecs (HTTP/1.1 404) 6 headers in 231 bytes (1 switches on core 0)
2026-07-21 14:50:31.424 8 INFO placement.requestlog [None req-deb8ec31-755a-4a8d-8b49-9993d8f3c7d4 a9f47215099b4e9aad0d5432cb303d54 c13b278412d3463c9ae535306233e8d4 - - 71236d74f4154c3bbe97f7ab5cd2badf 71236d74f4154c3bbe97f7ab5cd2badf] 10.0.0.203 "GET /resource_providers/8d929897-affb-4e16-ad5b-d08f25ac453f/aggregates" status: 404 len: 235 microversion: 1.1 [pid: 8|app: 0|req: 358/718] 10.0.0.203 () {32 vars in 815 bytes} [Tue Jul 21 14:50:31 2026] GET /resource_providers/8d929897-affb-4e16-ad5b-d08f25ac453f/aggregates => generated 235 bytes in 9 msecs (HTTP/1.1 404) 5 headers in 202 bytes (1 switches on core 0)
2026-07-21 14:50:31.430 7 INFO placement.requestlog [None req-25e2f67c-f64e-493e-b7ff-c12813d70feb a9f47215099b4e9aad0d5432cb303d54 c13b278412d3463c9ae535306233e8d4 - - 71236d74f4154c3bbe97f7ab5cd2badf 71236d74f4154c3bbe97f7ab5cd2badf] 10.0.0.203 "GET /resource_providers/8d929897-affb-4e16-ad5b-d08f25ac453f/aggregates" status: 404 len: 235 microversion: 1.1 [pid: 7|app: 0|req: 361/719] 10.0.0.203 () {32 vars in 815 bytes} [Tue Jul 21 14:50:31 2026] GET /resource_providers/8d929897-affb-4e16-ad5b-d08f25ac453f/aggregates => generated 235 bytes in 15 msecs (HTTP/1.1 404) 5 headers in 202 bytes (1 switches on core 0)
2026-07-21 14:50:31.461 8 INFO placement.requestlog [None req-645a6a66-2917-4209-aed5-1c7e04bfb55f a9f47215099b4e9aad0d5432cb303d54 c13b278412d3463c9ae535306233e8d4 - - 71236d74f4154c3bbe97f7ab5cd2badf 71236d74f4154c3bbe97f7ab5cd2badf] 10.0.0.203 "DELETE /resource_providers/8d929897-affb-4e16-ad5b-d08f25ac453f" status: 404 len: 246 microversion: 1.1 [pid: 8|app: 0|req: 359/720] 10.0.0.203 () {34 vars in 815 bytes} [Tue Jul 21 14:50:31 2026] DELETE /resource_providers/8d929897-affb-4e16-ad5b-d08f25ac453f => generated 246 bytes in 11 msecs (HTTP/1.1 404) 6 headers in 231 bytes (1 switches on core 0)
2026-07-21 14:50:31.464 7 INFO placement.requestlog [None req-8d601a44-71a6-42c3-a9d5-69098806afcd a9f47215099b4e9aad0d5432cb303d54 c13b278412d3463c9ae535306233e8d4 - - 71236d74f4154c3bbe97f7ab5cd2badf 71236d74f4154c3bbe97f7ab5cd2badf] 10.0.0.203 "DELETE /resource_providers/8d929897-affb-4e16-ad5b-d08f25ac453f" status: 404 len: 246 microversion: 1.1 [pid: 7|app: 0|req: 362/721] 10.0.0.203 () {34 vars in 815 bytes} [Tue Jul 21 14:50:31 2026] DELETE /resource_providers/8d929897-affb-4e16-ad5b-d08f25ac453f => generated 246 bytes in 11 msecs (HTTP/1.1 404) 6 headers in 231 bytes (1 switches on core 0)
2026-07-21 14:50:33.481 8 INFO placement.requestlog [None req-d2050b1a-fce7-485f-a44a-83f98880b0be a9f47215099b4e9aad0d5432cb303d54 c13b278412d3463c9ae535306233e8d4 - - 71236d74f4154c3bbe97f7ab5cd2badf 71236d74f4154c3bbe97f7ab5cd2badf] 10.0.0.203 "GET /resource_providers/a29dff1a-8620-42f1-8d41-c1f9cfdd67d4/aggregates" status: 404 len: 235 microversion: 1.1 [pid: 8|app: 0|req: 360/722] 10.0.0.203 () {32 vars in 815 bytes} [Tue Jul 21 14:50:33 2026] GET /resource_providers/a29dff1a-8620-42f1-8d41-c1f9cfdd67d4/aggregates => generated 235 bytes in 12 msecs (HTTP/1.1 404) 5 headers in 202 bytes (1 switches on core 0)
2026-07-21 14:50:33.492 7 INFO placement.requestlog [None req-8c15dce5-4590-4f5a-9e9b-b81dd2417d34 a9f47215099b4e9aad0d5432cb303d54 c13b278412d3463c9ae535306233e8d4 - - 71236d74f4154c3bbe97f7ab5cd2badf 71236d74f4154c3bbe97f7ab5cd2badf] 10.0.0.203 "GET /resource_providers/a29dff1a-8620-42f1-8d41-c1f9cfdd67d4/aggregates" status: 404 len: 235 microversion: 1.1 [pid: 7|app: 0|req: 363/723] 10.0.0.203 () {32 vars in 815 bytes} [Tue Jul 21 14:50:33 2026] GET /resource_providers/a29dff1a-8620-42f1-8d41-c1f9cfdd67d4/aggregates => generated 235 bytes in 14 msecs (HTTP/1.1 404) 5 headers in 202 bytes (1 switches on core 0)
2026-07-21 14:50:33.499 8 INFO placement.requestlog [None req-2ee7969a-709b-406b-93c1-ab2eee5f78d1 a9f47215099b4e9aad0d5432cb303d54 c13b278412d3463c9ae535306233e8d4 - - 71236d74f4154c3bbe97f7ab5cd2badf 71236d74f4154c3bbe97f7ab5cd2badf] 10.0.0.203 "DELETE /resource_providers/a29dff1a-8620-42f1-8d41-c1f9cfdd67d4" status: 404 len: 246 microversion: 1.1 [pid: 8|app: 0|req: 361/724] 10.0.0.203 () {34 vars in 815 bytes} [Tue Jul 21 14:50:33 2026] DELETE /resource_providers/a29dff1a-8620-42f1-8d41-c1f9cfdd67d4 => generated 246 bytes in 11 msecs (HTTP/1.1 404) 6 headers in 231 bytes (1 switches on core 0)
2026-07-21 14:50:33.513 7 INFO placement.requestlog [None req-79ee2adb-03f7-42e9-afe7-c8b10540a079 a9f47215099b4e9aad0d5432cb303d54 c13b278412d3463c9ae535306233e8d4 - - 71236d74f4154c3bbe97f7ab5cd2badf 71236d74f4154c3bbe97f7ab5cd2badf] 10.0.0.203 "DELETE /resource_providers/a29dff1a-8620-42f1-8d41-c1f9cfdd67d4" status: 404 len: 246 microversion: 1.1 [pid: 7|app: 0|req: 364/725] 10.0.0.203 () {34 vars in 815 bytes} [Tue Jul 21 14:50:33 2026] DELETE /resource_providers/a29dff1a-8620-42f1-8d41-c1f9cfdd67d4 => generated 246 bytes in 9 msecs (HTTP/1.1 404) 6 headers in 231 bytes (1 switches on core 0)
2026-07-21 14:50:34.451 7 INFO placement.requestlog [None req-965fc1e5-992f-42eb-b3a2-f5383f39afe7 - - - - - -] 10.0.0.197 "GET /" status: 200 len: 136 microversion: 1.0
2026-07-21 14:50:34.452 8 INFO placement.requestlog [None req-27d3edf2-d26a-4cee-b096-3ed0948fc213 - - - - - -] 10.0.0.197 "GET /" status: 200 len: 136 microversion: 1.0
2026-07-21 14:50:35.535 7 INFO placement.requestlog [None req-87fe53a7-8f88-4131-9903-94a5a7bd7d82 a9f47215099b4e9aad0d5432cb303d54 c13b278412d3463c9ae535306233e8d4 - - 71236d74f4154c3bbe97f7ab5cd2badf 71236d74f4154c3bbe97f7ab5cd2badf] 10.0.0.203 "GET /resource_providers/b8eb318d-9ff1-49f8-b6e8-578f8c4aa649/aggregates" status: 404 len: 235 microversion: 1.1 [pid: 7|app: 0|req: 366/728] 10.0.0.203 () {32 vars in 815 bytes} [Tue Jul 21 14:50:35 2026] GET /resource_providers/b8eb318d-9ff1-49f8-b6e8-578f8c4aa649/aggregates => generated 235 bytes in 13 msecs (HTTP/1.1 404) 5 headers in 202 bytes (1 switches on core 0)
2026-07-21 14:50:35.544 8 INFO placement.requestlog [None req-3a82df93-3980-4ff3-9d3d-62709b734a8b a9f47215099b4e9aad0d5432cb303d54 c13b278412d3463c9ae535306233e8d4 - - 71236d74f4154c3bbe97f7ab5cd2badf 71236d74f4154c3bbe97f7ab5cd2badf] 10.0.0.203 "GET /resource_providers/b8eb318d-9ff1-49f8-b6e8-578f8c4aa649/aggregates" status: 404 len: 235 microversion: 1.1 [pid: 8|app: 0|req: 363/729] 10.0.0.203 () {32 vars in 815 bytes} [Tue Jul 21 14:50:35 2026] GET /resource_providers/b8eb318d-9ff1-49f8-b6e8-578f8c4aa649/aggregates => generated 235 bytes in 15 msecs (HTTP/1.1 404) 5 headers in 202 bytes (1 switches on core 0)
2026-07-21 14:50:35.555 7 INFO placement.requestlog [None req-5b0f1fcb-a3eb-4878-ba87-101a285f63c3 a9f47215099b4e9aad0d5432cb303d54 c13b278412d3463c9ae535306233e8d4 - - 71236d74f4154c3bbe97f7ab5cd2badf 71236d74f4154c3bbe97f7ab5cd2badf] 10.0.0.203 "DELETE /resource_providers/b8eb318d-9ff1-49f8-b6e8-578f8c4aa649" status: 404 len: 246 microversion: 1.1 [pid: 7|app: 0|req: 367/730] 10.0.0.203 () {34 vars in 815 bytes} [Tue Jul 21 14:50:35 2026] DELETE /resource_providers/b8eb318d-9ff1-49f8-b6e8-578f8c4aa649 => generated 246 bytes in 12 msecs (HTTP/1.1 404) 6 headers in 231 bytes (1 switches on core 0)
2026-07-21 14:50:35.566 8 INFO placement.requestlog [None req-867faca2-f2ba-4f6f-b44f-581fec701ec2 a9f47215099b4e9aad0d5432cb303d54 c13b278412d3463c9ae535306233e8d4 - - 71236d74f4154c3bbe97f7ab5cd2badf 71236d74f4154c3bbe97f7ab5cd2badf] 10.0.0.203 "DELETE /resource_providers/b8eb318d-9ff1-49f8-b6e8-578f8c4aa649" status: 404 len: 246 microversion: 1.1 [pid: 8|app: 0|req: 364/731] 10.0.0.203 () {34 vars in 815 bytes} [Tue Jul 21 14:50:35 2026] DELETE /resource_providers/b8eb318d-9ff1-49f8-b6e8-578f8c4aa649 => generated 246 bytes in 16 msecs (HTTP/1.1 404) 6 headers in 231 bytes (1 switches on core 0)
2026-07-21 14:50:37.592 7 INFO placement.requestlog [None req-71f33f57-7980-4466-a5af-ec01a5048b35 a9f47215099b4e9aad0d5432cb303d54 c13b278412d3463c9ae535306233e8d4 - - 71236d74f4154c3bbe97f7ab5cd2badf 71236d74f4154c3bbe97f7ab5cd2badf] 10.0.0.203 "GET /resource_providers/a43fc994-b9cb-43d8-825c-b29d62f7ee80/aggregates" status: 404 len: 235 microversion: 1.1 [pid: 7|app: 0|req: 368/732] 10.0.0.203 () {32 vars in 815 bytes} [Tue Jul 21 14:50:37 2026] GET /resource_providers/a43fc994-b9cb-43d8-825c-b29d62f7ee80/aggregates => generated 235 bytes in 24 msecs (HTTP/1.1 404) 5 headers in 202 bytes (1 switches on core 0)
2026-07-21 14:50:37.596 8 INFO placement.requestlog [None req-dec09669-0433-439d-af9b-eef19fe9fc3a a9f47215099b4e9aad0d5432cb303d54 c13b278412d3463c9ae535306233e8d4 - - 71236d74f4154c3bbe97f7ab5cd2badf 71236d74f4154c3bbe97f7ab5cd2badf] 10.0.0.203 "GET /resource_providers/a43fc994-b9cb-43d8-825c-b29d62f7ee80/aggregates" status: 404 len: 235 microversion: 1.1 [pid: 8|app: 0|req: 365/733] 10.0.0.203 () {32 vars in 815 bytes} [Tue Jul 21 14:50:37 2026] GET /resource_providers/a43fc994-b9cb-43d8-825c-b29d62f7ee80/aggregates => generated 235 bytes in 13 msecs (HTTP/1.1 404) 5 headers in 202 bytes (1 switches on core 0)
2026-07-21 14:50:37.625 7 INFO placement.requestlog [None req-cf462759-7410-4036-b496-59d096a69d55 a9f47215099b4e9aad0d5432cb303d54 c13b278412d3463c9ae535306233e8d4 - - 71236d74f4154c3bbe97f7ab5cd2badf 71236d74f4154c3bbe97f7ab5cd2badf] 10.0.0.203 "DELETE /resource_providers/a43fc994-b9cb-43d8-825c-b29d62f7ee80" status: 404 len: 246 microversion: 1.1 [pid: 7|app: 0|req: 369/734] 10.0.0.203 () {34 vars in 815 bytes} [Tue Jul 21 14:50:37 2026] DELETE /resource_providers/a43fc994-b9cb-43d8-825c-b29d62f7ee80 => generated 246 bytes in 19 msecs (HTTP/1.1 404) 6 headers in 231 bytes (1 switches on core 0)
2026-07-21 14:50:37.627 8 INFO placement.requestlog [None req-f885fe59-54f8-480f-aa95-8e6a26855f2c a9f47215099b4e9aad0d5432cb303d54 c13b278412d3463c9ae535306233e8d4 - - 71236d74f4154c3bbe97f7ab5cd2badf 71236d74f4154c3bbe97f7ab5cd2badf] 10.0.0.203 "DELETE /resource_providers/a43fc994-b9cb-43d8-825c-b29d62f7ee80" status: 404 len: 246 microversion: 1.1 [pid: 8|app: 0|req: 366/735] 10.0.0.203 () {34 vars in 815 bytes} [Tue Jul 21 14:50:37 2026] DELETE /resource_providers/a43fc994-b9cb-43d8-825c-b29d62f7ee80 => generated 246 bytes in 11 msecs (HTTP/1.1 404) 6 headers in 231 bytes (1 switches on core 0)
2026-07-21 14:50:37.656 7 INFO placement.requestlog [None req-2e59d534-2322-4afd-9d99-6a41dbd66afe a9f47215099b4e9aad0d5432cb303d54 c13b278412d3463c9ae535306233e8d4 - - 71236d74f4154c3bbe97f7ab5cd2badf 71236d74f4154c3bbe97f7ab5cd2badf] 10.0.0.203 "GET /resource_providers/d6d6dd0b-f9e5-45e4-a4a6-9acc8619714f/aggregates" status: 404 len: 235 microversion: 1.1 [pid: 7|app: 0|req: 370/736] 10.0.0.203 () {32 vars in 815 bytes} [Tue Jul 21 14:50:37 2026] GET /resource_providers/d6d6dd0b-f9e5-45e4-a4a6-9acc8619714f/aggregates => generated 235 bytes in 15 msecs (HTTP/1.1 404) 5 headers in 202 bytes (1 switches on core 0)
2026-07-21 14:50:37.663 8 INFO placement.requestlog [None req-fba237db-587d-4b34-87b5-c4f565471013 a9f47215099b4e9aad0d5432cb303d54 c13b278412d3463c9ae535306233e8d4 - - 71236d74f4154c3bbe97f7ab5cd2badf 71236d74f4154c3bbe97f7ab5cd2badf] 10.0.0.203 "GET /resource_providers/d6d6dd0b-f9e5-45e4-a4a6-9acc8619714f/aggregates" status: 404 len: 235 microversion: 1.1 [pid: 8|app: 0|req: 367/737] 10.0.0.203 () {32 vars in 815 bytes} [Tue Jul 21 14:50:37 2026] GET /resource_providers/d6d6dd0b-f9e5-45e4-a4a6-9acc8619714f/aggregates => generated 235 bytes in 21 msecs (HTTP/1.1 404) 5 headers in 202 bytes (1 switches on core 0)
2026-07-21 14:50:37.675 7 INFO placement.requestlog [None req-acea1781-2345-4cf9-8feb-bf75986dee50 a9f47215099b4e9aad0d5432cb303d54 c13b278412d3463c9ae535306233e8d4 - - 71236d74f4154c3bbe97f7ab5cd2badf 71236d74f4154c3bbe97f7ab5cd2badf] 10.0.0.203 "DELETE /resource_providers/d6d6dd0b-f9e5-45e4-a4a6-9acc8619714f" status: 404 len: 246 microversion: 1.1 [pid: 7|app: 0|req: 371/738] 10.0.0.203 () {34 vars in 815 bytes} [Tue Jul 21 14:50:37 2026] DELETE /resource_providers/d6d6dd0b-f9e5-45e4-a4a6-9acc8619714f => generated 246 bytes in 11 msecs (HTTP/1.1 404) 6 headers in 231 bytes (1 switches on core 0)
2026-07-21 14:50:37.678 8 INFO placement.requestlog [None req-1899d8c4-c988-499a-8273-b885d3d5bffa a9f47215099b4e9aad0d5432cb303d54 c13b278412d3463c9ae535306233e8d4 - - 71236d74f4154c3bbe97f7ab5cd2badf 71236d74f4154c3bbe97f7ab5cd2badf] 10.0.0.203 "DELETE /resource_providers/d6d6dd0b-f9e5-45e4-a4a6-9acc8619714f" status: 404 len: 246 microversion: 1.1 [pid: 8|app: 0|req: 368/739] 10.0.0.203 () {34 vars in 815 bytes} [Tue Jul 21 14:50:37 2026] DELETE /resource_providers/d6d6dd0b-f9e5-45e4-a4a6-9acc8619714f => generated 246 bytes in 8 msecs (HTTP/1.1 404) 6 headers in 231 bytes (1 switches on core 0)
2026-07-21 14:50:39.703 7 INFO placement.requestlog [None req-c2707988-2385-4e77-8756-a23fa2bbd187 a9f47215099b4e9aad0d5432cb303d54 c13b278412d3463c9ae535306233e8d4 - - 71236d74f4154c3bbe97f7ab5cd2badf 71236d74f4154c3bbe97f7ab5cd2badf] 10.0.0.203 "GET /resource_providers/ae76e57a-e421-4b70-afb0-dd6e3781dc02/aggregates" status: 404 len: 235 microversion: 1.1
2026-07-21 14:50:39.703 8 INFO placement.requestlog [None req-8b10ae39-18c9-4867-88b3-47902b5eb964 a9f47215099b4e9aad0d5432cb303d54 c13b278412d3463c9ae535306233e8d4 - - 71236d74f4154c3bbe97f7ab5cd2badf 71236d74f4154c3bbe97f7ab5cd2badf] 10.0.0.203 "GET /resource_providers/ae76e57a-e421-4b70-afb0-dd6e3781dc02/aggregates" status: 404 len: 235 microversion: 1.1 [pid: 7|app: 0|req: 372/740] 10.0.0.203 () {32 vars in 815 bytes} [Tue Jul 21 14:50:39 2026] GET /resource_providers/ae76e57a-e421-4b70-afb0-dd6e3781dc02/aggregates => generated 235 bytes in 10 msecs (HTTP/1.1 404) 5 headers in 202 bytes (1 switches on core 0) [pid: 8|app: 0|req: 369/741] 10.0.0.203 () {32 vars in 815 bytes} [Tue Jul 21 14:50:39 2026] GET /resource_providers/ae76e57a-e421-4b70-afb0-dd6e3781dc02/aggregates => generated 235 bytes in 10 msecs (HTTP/1.1 404) 5 headers in 202 bytes (1 switches on core 0)
2026-07-21 14:50:39.720 7 INFO placement.requestlog [None req-03aa5f66-cbef-4d44-862e-ace8d240b69e a9f47215099b4e9aad0d5432cb303d54 c13b278412d3463c9ae535306233e8d4 - - 71236d74f4154c3bbe97f7ab5cd2badf 71236d74f4154c3bbe97f7ab5cd2badf] 10.0.0.203 "DELETE /resource_providers/ae76e57a-e421-4b70-afb0-dd6e3781dc02" status: 404 len: 246 microversion: 1.1 [pid: 7|app: 0|req: 373/742] 10.0.0.203 () {34 vars in 815 bytes} [Tue Jul 21 14:50:39 2026] DELETE /resource_providers/ae76e57a-e421-4b70-afb0-dd6e3781dc02 => generated 246 bytes in 8 msecs (HTTP/1.1 404) 6 headers in 231 bytes (1 switches on core 0)
2026-07-21 14:50:39.723 8 INFO placement.requestlog [None req-0b77c4bb-8613-43ad-b7ee-bbd2784fc786 a9f47215099b4e9aad0d5432cb303d54 c13b278412d3463c9ae535306233e8d4 - - 71236d74f4154c3bbe97f7ab5cd2badf 71236d74f4154c3bbe97f7ab5cd2badf] 10.0.0.203 "DELETE /resource_providers/ae76e57a-e421-4b70-afb0-dd6e3781dc02" status: 404 len: 246 microversion: 1.1 [pid: 8|app: 0|req: 370/743] 10.0.0.203 () {34 vars in 815 bytes} [Tue Jul 21 14:50:39 2026] DELETE /resource_providers/ae76e57a-e421-4b70-afb0-dd6e3781dc02 => generated 246 bytes in 10 msecs (HTTP/1.1 404) 6 headers in 231 bytes (1 switches on core 0)
2026-07-21 14:50:44.459 7 INFO placement.requestlog [None req-755b53df-1209-46be-96c1-e391959939c9 - - - - - -] 10.0.0.197 "GET /" status: 200 len: 136 microversion: 1.0
2026-07-21 14:50:44.460 8 INFO placement.requestlog [None req-74eb6194-5e03-4da2-b82e-8d1a12f8f9b5 - - - - - -] 10.0.0.197 "GET /" status: 200 len: 136 microversion: 1.0
2026-07-21 14:50:50.530 8 INFO placement.requestlog [None req-6a7e22d1-5b84-4ef4-be75-cb7b7ed08142 a9f47215099b4e9aad0d5432cb303d54 c13b278412d3463c9ae535306233e8d4 - - 71236d74f4154c3bbe97f7ab5cd2badf 71236d74f4154c3bbe97f7ab5cd2badf] 10.0.0.203 "GET /resource_providers/25e78582-66fa-4b7c-9366-b8f6f9aeabbe/aggregates" status: 404 len: 235 microversion: 1.1 [pid: 8|app: 0|req: 372/746] 10.0.0.203 () {32 vars in 815 bytes} [Tue Jul 21 14:50:50 2026] GET /resource_providers/25e78582-66fa-4b7c-9366-b8f6f9aeabbe/aggregates => generated 235 bytes in 10 msecs (HTTP/1.1 404) 5 headers in 202 bytes (1 switches on core 0)
2026-07-21 14:50:50.532 7 INFO placement.requestlog [None req-7079903b-d257-49f5-93a4-4cf30dc1372c a9f47215099b4e9aad0d5432cb303d54 c13b278412d3463c9ae535306233e8d4 - - 71236d74f4154c3bbe97f7ab5cd2badf 71236d74f4154c3bbe97f7ab5cd2badf] 10.0.0.203 "GET /resource_providers/25e78582-66fa-4b7c-9366-b8f6f9aeabbe/aggregates" status: 404 len: 235 microversion: 1.1 [pid: 7|app: 0|req: 375/747] 10.0.0.203 () {32 vars in 815 bytes} [Tue Jul 21 14:50:50 2026] GET /resource_providers/25e78582-66fa-4b7c-9366-b8f6f9aeabbe/aggregates => generated 235 bytes in 12 msecs (HTTP/1.1 404) 5 headers in 202 bytes (1 switches on core 0)
2026-07-21 14:50:50.560 7 INFO placement.requestlog [None req-adc7606c-3bec-4344-8bdf-b0375840a66b a9f47215099b4e9aad0d5432cb303d54 c13b278412d3463c9ae535306233e8d4 - - 71236d74f4154c3bbe97f7ab5cd2badf 71236d74f4154c3bbe97f7ab5cd2badf] 10.0.0.203 "DELETE /resource_providers/25e78582-66fa-4b7c-9366-b8f6f9aeabbe" status: 404 len: 246 microversion: 1.1 [pid: 7|app: 0|req: 376/748] 10.0.0.203 () {34 vars in 815 bytes} [Tue Jul 21 14:50:50 2026] DELETE /resource_providers/25e78582-66fa-4b7c-9366-b8f6f9aeabbe => generated 246 bytes in 12 msecs (HTTP/1.1 404) 6 headers in 231 bytes (1 switches on core 0)
2026-07-21 14:50:50.560 8 INFO placement.requestlog [None req-12703e17-bf8d-4ae4-a5c2-79de2a329121 a9f47215099b4e9aad0d5432cb303d54 c13b278412d3463c9ae535306233e8d4 - - 71236d74f4154c3bbe97f7ab5cd2badf 71236d74f4154c3bbe97f7ab5cd2badf] 10.0.0.203 "DELETE /resource_providers/25e78582-66fa-4b7c-9366-b8f6f9aeabbe" status: 404 len: 246 microversion: 1.1 [pid: 8|app: 0|req: 373/749] 10.0.0.203 () {34 vars in 815 bytes} [Tue Jul 21 14:50:50 2026] DELETE /resource_providers/25e78582-66fa-4b7c-9366-b8f6f9aeabbe => generated 246 bytes in 13 msecs (HTTP/1.1 404) 6 headers in 231 bytes (1 switches on core 0)
2026-07-21 14:50:52.874 8 INFO placement.requestlog [None req-bed90612-a423-417e-9444-0feaf66b8dd8 a9f47215099b4e9aad0d5432cb303d54 c13b278412d3463c9ae535306233e8d4 - - 71236d74f4154c3bbe97f7ab5cd2badf 71236d74f4154c3bbe97f7ab5cd2badf] 10.0.0.203 "GET /resource_providers/1c8f45d2-cb54-4905-9a90-532786b7977a/aggregates" status: 404 len: 235 microversion: 1.1 [pid: 8|app: 0|req: 374/750] 10.0.0.203 () {32 vars in 815 bytes} [Tue Jul 21 14:50:52 2026] GET /resource_providers/1c8f45d2-cb54-4905-9a90-532786b7977a/aggregates => generated 235 bytes in 9 msecs (HTTP/1.1 404) 5 headers in 202 bytes (1 switches on core 0)
2026-07-21 14:50:52.881 8 INFO placement.requestlog [None req-748ac4a8-bc3b-4d53-9fbf-7a453d4c9ee7 a9f47215099b4e9aad0d5432cb303d54 c13b278412d3463c9ae535306233e8d4 - - 71236d74f4154c3bbe97f7ab5cd2badf 71236d74f4154c3bbe97f7ab5cd2badf] 10.0.0.203 "GET /resource_providers/1c8f45d2-cb54-4905-9a90-532786b7977a/aggregates" status: 404 len: 235 microversion: 1.1 [pid: 8|app: 0|req: 375/751] 10.0.0.203 () {32 vars in 815 bytes} [Tue Jul 21 14:50:52 2026] GET /resource_providers/1c8f45d2-cb54-4905-9a90-532786b7977a/aggregates => generated 235 bytes in 6 msecs (HTTP/1.1 404) 5 headers in 202 bytes (1 switches on core 0)
2026-07-21 14:50:52.883 7 INFO placement.requestlog [req-1afe8183-a381-411b-9b2d-91d6a31bf82a req-c4410fac-a6c3-4c3a-a5e5-9a57fd7cb920 e946f80846a74090b4475efeb576d6db c13b278412d3463c9ae535306233e8d4 - - 71236d74f4154c3bbe97f7ab5cd2badf 71236d74f4154c3bbe97f7ab5cd2badf] 10.0.0.79 "GET /allocation_candidates?limit=1000&resources=MEMORY_MB%3A512%2CVCPU%3A1&root_required=%21COMPUTE_STATUS_DISABLED" status: 200 len: 2174 microversion: 1.36 [pid: 7|app: 0|req: 377/752] 10.0.0.79 () {34 vars in 982 bytes} [Tue Jul 21 14:50:52 2026] GET /allocation_candidates?limit=1000&resources=MEMORY_MB%3A512%2CVCPU%3A1&root_required=%21COMPUTE_STATUS_DISABLED => generated 2174 bytes in 54 msecs (HTTP/1.1 200) 8 headers in 297 bytes (1 switches on core 0)
2026-07-21 14:50:52.887 8 INFO placement.requestlog [None req-c13f996f-d8f1-4be9-bffc-55d261a96a43 a9f47215099b4e9aad0d5432cb303d54 c13b278412d3463c9ae535306233e8d4 - - 71236d74f4154c3bbe97f7ab5cd2badf 71236d74f4154c3bbe97f7ab5cd2badf] 10.0.0.203 "DELETE /resource_providers/1c8f45d2-cb54-4905-9a90-532786b7977a" status: 404 len: 246 microversion: 1.1 [pid: 8|app: 0|req: 376/753] 10.0.0.203 () {34 vars in 815 bytes} [Tue Jul 21 14:50:52 2026] DELETE /resource_providers/1c8f45d2-cb54-4905-9a90-532786b7977a => generated 246 bytes in 6 msecs (HTTP/1.1 404) 6 headers in 231 bytes (1 switches on core 0)
2026-07-21 14:50:52.906 7 INFO placement.requestlog [None req-091864f4-3f4f-4ebf-90eb-42d73295813f a9f47215099b4e9aad0d5432cb303d54 c13b278412d3463c9ae535306233e8d4 - - 71236d74f4154c3bbe97f7ab5cd2badf 71236d74f4154c3bbe97f7ab5cd2badf] 10.0.0.203 "DELETE /resource_providers/1c8f45d2-cb54-4905-9a90-532786b7977a" status: 404 len: 246 microversion: 1.1 [pid: 7|app: 0|req: 378/754] 10.0.0.203 () {34 vars in 815 bytes} [Tue Jul 21 14:50:52 2026] DELETE /resource_providers/1c8f45d2-cb54-4905-9a90-532786b7977a => generated 246 bytes in 14 msecs (HTTP/1.1 404) 6 headers in 231 bytes (1 switches on core 0)
2026-07-21 14:50:52.917 8 INFO placement.requestlog [req-1afe8183-a381-411b-9b2d-91d6a31bf82a req-ac964e70-6abf-4fbf-b464-17abdbe3fdd1 e946f80846a74090b4475efeb576d6db c13b278412d3463c9ae535306233e8d4 - - 71236d74f4154c3bbe97f7ab5cd2badf 71236d74f4154c3bbe97f7ab5cd2badf] 10.0.0.79 "GET /allocations/b3f1a64f-2f7e-4cc7-9212-bbbb58c028b5" status: 200 len: 19 microversion: 1.28 [pid: 8|app: 0|req: 377/755] 10.0.0.79 () {34 vars in 859 bytes} [Tue Jul 21 14:50:52 2026] GET /allocations/b3f1a64f-2f7e-4cc7-9212-bbbb58c028b5 => generated 19 bytes in 10 msecs (HTTP/1.1 200) 8 headers in 295 bytes (1 switches on core 0)
2026-07-21 14:50:52.988 7 INFO placement.requestlog [req-1afe8183-a381-411b-9b2d-91d6a31bf82a req-85c52683-c9a4-48ed-86a6-20fa430b3fe0 e946f80846a74090b4475efeb576d6db c13b278412d3463c9ae535306233e8d4 - - 71236d74f4154c3bbe97f7ab5cd2badf 71236d74f4154c3bbe97f7ab5cd2badf] 10.0.0.79 "PUT /allocations/b3f1a64f-2f7e-4cc7-9212-bbbb58c028b5" status: 204 len: 0 microversion: 1.36 [pid: 7|app: 0|req: 379/756] 10.0.0.79 () {38 vars in 912 bytes} [Tue Jul 21 14:50:52 2026] PUT /allocations/b3f1a64f-2f7e-4cc7-9212-bbbb58c028b5 => generated 0 bytes in 62 msecs (HTTP/1.1 204) 5 headers in 199 bytes (1 switches on core 0)
2026-07-21 14:50:53.262 8 INFO placement.requestlog [req-1afe8183-a381-411b-9b2d-91d6a31bf82a req-1852a6d3-0f1f-460e-a473-ceead4818d25 e946f80846a74090b4475efeb576d6db c13b278412d3463c9ae535306233e8d4 - - 71236d74f4154c3bbe97f7ab5cd2badf 71236d74f4154c3bbe97f7ab5cd2badf] 199.204.45.70 "GET /allocations/b3f1a64f-2f7e-4cc7-9212-bbbb58c028b5" status: 200 len: 243 microversion: 1.28 [pid: 8|app: 0|req: 378/757] 199.204.45.70 () {34 vars in 861 bytes} [Tue Jul 21 14:50:53 2026] GET /allocations/b3f1a64f-2f7e-4cc7-9212-bbbb58c028b5 => generated 243 bytes in 17 msecs (HTTP/1.1 200) 8 headers in 296 bytes (1 switches on core 0)
2026-07-21 14:50:53.372 7 INFO placement.requestlog [req-1afe8183-a381-411b-9b2d-91d6a31bf82a req-07ef01b1-9cfb-4df2-907c-b10376a49d72 e946f80846a74090b4475efeb576d6db c13b278412d3463c9ae535306233e8d4 - - 71236d74f4154c3bbe97f7ab5cd2badf 71236d74f4154c3bbe97f7ab5cd2badf] 199.204.45.70 "GET /resource_providers/3c1786df-d338-407a-8971-9fd92dd9eb93/allocations" status: 200 len: 138 microversion: 1.0 [pid: 7|app: 0|req: 380/758] 199.204.45.70 () {32 vars in 855 bytes} [Tue Jul 21 14:50:53 2026] GET /resource_providers/3c1786df-d338-407a-8971-9fd92dd9eb93/allocations => generated 138 bytes in 24 msecs (HTTP/1.1 200) 6 headers in 224 bytes (1 switches on core 0)
2026-07-21 14:50:53.395 8 INFO placement.requestlog [req-1afe8183-a381-411b-9b2d-91d6a31bf82a req-1e608e60-129f-4374-9394-543a85756996 e946f80846a74090b4475efeb576d6db c13b278412d3463c9ae535306233e8d4 - - 71236d74f4154c3bbe97f7ab5cd2badf 71236d74f4154c3bbe97f7ab5cd2badf] 199.204.45.70 "GET /allocations/b3f1a64f-2f7e-4cc7-9212-bbbb58c028b5" status: 200 len: 243 microversion: 1.28 [pid: 8|app: 0|req: 379/759] 199.204.45.70 () {34 vars in 861 bytes} [Tue Jul 21 14:50:53 2026] GET /allocations/b3f1a64f-2f7e-4cc7-9212-bbbb58c028b5 => generated 243 bytes in 17 msecs (HTTP/1.1 200) 8 headers in 296 bytes (1 switches on core 0)
2026-07-21 14:50:54.452 8 INFO placement.requestlog [None req-75cfa5f0-aabb-43d0-a81f-a8607e32273a - - - - - -] 10.0.0.197 "GET /" status: 200 len: 136 microversion: 1.0
2026-07-21 14:50:54.454 7 INFO placement.requestlog [None req-21c59d8f-93d0-4acd-9cda-da9c72a2be71 - - - - - -] 10.0.0.197 "GET /" status: 200 len: 136 microversion: 1.0
2026-07-21 14:50:54.920 8 INFO placement.requestlog [None req-4c0e62a3-563e-4841-912e-f87676cb3c22 a9f47215099b4e9aad0d5432cb303d54 c13b278412d3463c9ae535306233e8d4 - - 71236d74f4154c3bbe97f7ab5cd2badf 71236d74f4154c3bbe97f7ab5cd2badf] 10.0.0.203 "GET /resource_providers/34a2d746-3022-4824-9a95-373a7af7c385/aggregates" status: 404 len: 235 microversion: 1.1 [pid: 8|app: 0|req: 381/762] 10.0.0.203 () {32 vars in 815 bytes} [Tue Jul 21 14:50:54 2026] GET /resource_providers/34a2d746-3022-4824-9a95-373a7af7c385/aggregates => generated 235 bytes in 13 msecs (HTTP/1.1 404) 5 headers in 202 bytes (1 switches on core 0)
2026-07-21 14:50:54.951 7 INFO placement.requestlog [None req-63e2192b-d940-4690-8458-c7ff51d060e3 a9f47215099b4e9aad0d5432cb303d54 c13b278412d3463c9ae535306233e8d4 - - 71236d74f4154c3bbe97f7ab5cd2badf 71236d74f4154c3bbe97f7ab5cd2badf] 10.0.0.203 "DELETE /resource_providers/34a2d746-3022-4824-9a95-373a7af7c385" status: 404 len: 246 microversion: 1.1 [pid: 7|app: 0|req: 382/763] 10.0.0.203 () {34 vars in 815 bytes} [Tue Jul 21 14:50:54 2026] DELETE /resource_providers/34a2d746-3022-4824-9a95-373a7af7c385 => generated 246 bytes in 17 msecs (HTTP/1.1 404) 6 headers in 231 bytes (1 switches on core 0)
2026-07-21 14:50:54.970 8 INFO placement.requestlog [None req-0bb73347-3161-4c37-a576-0dae4546add5 a9f47215099b4e9aad0d5432cb303d54 c13b278412d3463c9ae535306233e8d4 - - 71236d74f4154c3bbe97f7ab5cd2badf 71236d74f4154c3bbe97f7ab5cd2badf] 10.0.0.203 "GET /resource_providers/4f4bea7a-567e-4992-a90f-8d0c150416da/aggregates" status: 404 len: 235 microversion: 1.1 [pid: 8|app: 0|req: 382/764] 10.0.0.203 () {32 vars in 815 bytes} [Tue Jul 21 14:50:54 2026] GET /resource_providers/4f4bea7a-567e-4992-a90f-8d0c150416da/aggregates => generated 235 bytes in 12 msecs (HTTP/1.1 404) 5 headers in 202 bytes (1 switches on core 0)
