+ COMMAND=start + start + for KEYSTONE_WSGI_SCRIPT in keystone-wsgi-public ++ type -p keystone-wsgi-public + cp -a /var/lib/openstack/bin/keystone-wsgi-public /var/www/cgi-bin/keystone/ + '[' -f /etc/apache2/envvars ']' + source /etc/apache2/envvars ++ unset HOME ++ '[' '' '!=' '' ']' ++ SUFFIX= ++ export APACHE_RUN_USER=www-data ++ APACHE_RUN_USER=www-data ++ export APACHE_RUN_GROUP=www-data ++ APACHE_RUN_GROUP=www-data ++ export APACHE_PID_FILE=/var/run/apache2/apache2.pid ++ APACHE_PID_FILE=/var/run/apache2/apache2.pid ++ export APACHE_RUN_DIR=/var/run/apache2 ++ APACHE_RUN_DIR=/var/run/apache2 ++ export APACHE_LOCK_DIR=/var/lock/apache2 ++ APACHE_LOCK_DIR=/var/lock/apache2 ++ export APACHE_LOG_DIR=/var/log/apache2 ++ APACHE_LOG_DIR=/var/log/apache2 ++ export LANG=C ++ LANG=C ++ export LANG + '[' -f /var/run/apache2/apache2.pid ']' + exec apache2 -DFOREGROUND AH00558: apache2: Could not reliably determine the server's fully qualified domain name, using 10.0.0.223. Set the 'ServerName' directive globally to suppress this message AH00558: apache2: Could not reliably determine the server's fully qualified domain name, using 10.0.0.223. Set the 'ServerName' directive globally to suppress this message
[Mon Jul 20 19:11:04.949702 2026] [mpm_event:notice] [pid 1:tid 139939694528384] AH00489: Apache/2.4.58 (Ubuntu) mod_wsgi/5.0.0 Python/3.12 configured -- resuming normal operations
[Mon Jul 20 19:11:04.949893 2026] [core:notice] [pid 1:tid 139939694528384] AH00094: Command line: 'apache2 -D FOREGROUND'
[Mon Jul 20 19:12:01.862509 2026] [wsgi:error] [pid 10:tid 139939056707264] /var/lib/openstack/lib/python3.12/site-packages/oslo_utils/importutils.py:77: EventletDeprecationWarning:
[Mon Jul 20 19:12:01.862565 2026] [wsgi:error] [pid 10:tid 139939056707264] Eventlet is deprecated. It is currently being maintained in bugfix mode, and
[Mon Jul 20 19:12:01.862567 2026] [wsgi:error] [pid 10:tid 139939056707264] we strongly recommend against using it for new projects.
[Mon Jul 20 19:12:01.862569 2026] [wsgi:error] [pid 10:tid 139939056707264]
[Mon Jul 20 19:12:01.862570 2026] [wsgi:error] [pid 10:tid 139939056707264] If you are already using Eventlet, we recommend migrating to a different
[Mon Jul 20 19:12:01.862571 2026] [wsgi:error] [pid 10:tid 139939056707264] framework. For more detail see
[Mon Jul 20 19:12:01.862573 2026] [wsgi:error] [pid 10:tid 139939056707264] https://eventlet.readthedocs.io/en/latest/asyncio/migration.html
[Mon Jul 20 19:12:01.862574 2026] [wsgi:error] [pid 10:tid 139939056707264]
[Mon Jul 20 19:12:01.862575 2026] [wsgi:error] [pid 10:tid 139939056707264] __import__(import_str)
[Mon Jul 20 19:12:01.875375 2026] [wsgi:error] [pid 9:tid 139939056707264] /var/lib/openstack/lib/python3.12/site-packages/oslo_utils/importutils.py:77: EventletDeprecationWarning:
[Mon Jul 20 19:12:01.875502 2026] [wsgi:error] [pid 9:tid 139939056707264] Eventlet is deprecated. It is currently being maintained in bugfix mode, and
[Mon Jul 20 19:12:01.875518 2026] [wsgi:error] [pid 9:tid 139939056707264] we strongly recommend against using it for new projects.
[Mon Jul 20 19:12:01.875530 2026] [wsgi:error] [pid 9:tid 139939056707264]
[Mon Jul 20 19:12:01.875542 2026] [wsgi:error] [pid 9:tid 139939056707264] If you are already using Eventlet, we recommend migrating to a different
[Mon Jul 20 19:12:01.875554 2026] [wsgi:error] [pid 9:tid 139939056707264] framework. For more detail see
[Mon Jul 20 19:12:01.875566 2026] [wsgi:error] [pid 9:tid 139939056707264] https://eventlet.readthedocs.io/en/latest/asyncio/migration.html
[Mon Jul 20 19:12:01.875577 2026] [wsgi:error] [pid 9:tid 139939056707264]
[Mon Jul 20 19:12:01.875589 2026] [wsgi:error] [pid 9:tid 139939056707264] __import__(import_str) 10.0.0.27 - - [20/Jul/2026:19:12:00 +0000] "GET /v3/ HTTP/1.1" 200 250 10.0.0.27 - - [20/Jul/2026:19:12:00 +0000] "GET /v3/ HTTP/1.1" 200 250
[Mon Jul 20 19:12:15.263604 2026] [wsgi:error] [pid 12:tid 139939056707264] /var/lib/openstack/lib/python3.12/site-packages/oslo_utils/importutils.py:77: EventletDeprecationWarning:
[Mon Jul 20 19:12:15.263668 2026] [wsgi:error] [pid 12:tid 139939056707264] Eventlet is deprecated. It is currently being maintained in bugfix mode, and
[Mon Jul 20 19:12:15.263672 2026] [wsgi:error] [pid 12:tid 139939056707264] we strongly recommend against using it for new projects.
[Mon Jul 20 19:12:15.263675 2026] [wsgi:error] [pid 12:tid 139939056707264]
[Mon Jul 20 19:12:15.263678 2026] [wsgi:error] [pid 12:tid 139939056707264] If you are already using Eventlet, we recommend migrating to a different
[Mon Jul 20 19:12:15.263681 2026] [wsgi:error] [pid 12:tid 139939056707264] framework. For more detail see
[Mon Jul 20 19:12:15.263684 2026] [wsgi:error] [pid 12:tid 139939056707264] https://eventlet.readthedocs.io/en/latest/asyncio/migration.html
[Mon Jul 20 19:12:15.263687 2026] [wsgi:error] [pid 12:tid 139939056707264]
[Mon Jul 20 19:12:15.263690 2026] [wsgi:error] [pid 12:tid 139939056707264] __import__(import_str) 10.0.0.52 - - [20/Jul/2026:19:12:14 +0000] "GET / HTTP/1.1" 300 295
[Mon Jul 20 19:12:20.954128 2026] [wsgi:error] [pid 11:tid 139939056707264] /var/lib/openstack/lib/python3.12/site-packages/oslo_utils/importutils.py:77: EventletDeprecationWarning:
[Mon Jul 20 19:12:20.954188 2026] [wsgi:error] [pid 11:tid 139939056707264] Eventlet is deprecated. It is currently being maintained in bugfix mode, and
[Mon Jul 20 19:12:20.954190 2026] [wsgi:error] [pid 11:tid 139939056707264] we strongly recommend against using it for new projects.
[Mon Jul 20 19:12:20.954191 2026] [wsgi:error] [pid 11:tid 139939056707264]
[Mon Jul 20 19:12:20.954192 2026] [wsgi:error] [pid 11:tid 139939056707264] If you are already using Eventlet, we recommend migrating to a different
[Mon Jul 20 19:12:20.954194 2026] [wsgi:error] [pid 11:tid 139939056707264] framework. For more detail see
[Mon Jul 20 19:12:20.954195 2026] [wsgi:error] [pid 11:tid 139939056707264] https://eventlet.readthedocs.io/en/latest/asyncio/migration.html
[Mon Jul 20 19:12:20.954196 2026] [wsgi:error] [pid 11:tid 139939056707264]
[Mon Jul 20 19:12:20.954197 2026] [wsgi:error] [pid 11:tid 139939056707264] __import__(import_str)
[Mon Jul 20 19:12:25.786393 2026] [wsgi:error] [pid 11:tid 139939056707264] [remote 10.0.0.52:51244] 2026-07-20 19:12:25.783 11 WARNING keystone.identity.core [None req-2403ebef-d447-4fac-9d7b-8f8190faa2ee - - - - - -] Invalid domain name (atmosphere) found in config file name: keystone.exception.DomainNotFound: Could not find domain: atmosphere.
[Mon Jul 20 19:12:25.840754 2026] [wsgi:error] [pid 11:tid 139939056707264] [remote 10.0.0.52:51244] 2026-07-20 19:12:25.840 11 WARNING keystone.common.password_hashing [None req-2403ebef-d447-4fac-9d7b-8f8190faa2ee - - - - - -] Truncating password to algorithm specific maximum length 72 characters.
[Mon Jul 20 19:12:26.125758 2026] [wsgi:error] [pid 11:tid 139939056707264] [remote 10.0.0.52:51244] 2026-07-20 19:12:26.125 11 WARNING keystone.common.fernet_utils [None req-2403ebef-d447-4fac-9d7b-8f8190faa2ee - - - - - -] key_repository is world readable: /etc/keystone/fernet-keys/ 10.0.0.52 - - [20/Jul/2026:19:12:20 +0000] "POST /v3/auth/tokens HTTP/1.1" 201 1360
[Mon Jul 20 19:12:26.538135 2026] [wsgi:error] [pid 10:tid 139939056707264] [remote 10.0.0.52:51244] 2026-07-20 19:12:26.534 10 WARNING keystone.identity.core [None req-4c7e4179-3606-4ff3-b97b-6dcfb55b2b49 - - - - - -] Invalid domain name (atmosphere) found in config file name: keystone.exception.DomainNotFound: Could not find domain: atmosphere. 10.0.0.52 - - [20/Jul/2026:19:12:26 +0000] "POST /v3/domains HTTP/1.1" 201 261 10.0.0.179 - - [20/Jul/2026:19:12:39 +0000] "GET / HTTP/1.1" 300 295
[Mon Jul 20 19:12:39.914155 2026] [wsgi:error] [pid 12:tid 139939056707264] [remote 10.0.0.179:50526] 2026-07-20 19:12:39.913 12 WARNING keystone.common.password_hashing [None req-95d780d3-8fc0-46eb-9cf6-6631fcb82d61 - - - - - -] Truncating password to algorithm specific maximum length 72 characters.
[Mon Jul 20 19:12:40.194651 2026] [wsgi:error] [pid 12:tid 139939056707264] [remote 10.0.0.179:50526] 2026-07-20 19:12:40.194 12 WARNING keystone.common.fernet_utils [None req-95d780d3-8fc0-46eb-9cf6-6631fcb82d61 - - - - - -] key_repository is world readable: /etc/keystone/fernet-keys/ 10.0.0.179 - - [20/Jul/2026:19:12:39 +0000] "POST /v3/auth/tokens HTTP/1.1" 201 1360 10.0.0.179 - - [20/Jul/2026:19:12:40 +0000] "GET /v3/roles/admin HTTP/1.1" 404 83
[Mon Jul 20 19:12:40.497645 2026] [wsgi:error] [pid 10:tid 139939056707264] [remote 10.0.0.179:50526] 2026-07-20 19:12:40.497 10 WARNING keystone.common.rbac_enforcer.enforcer [None req-19ec3780-3134-41bf-8d5c-17c8c5e633d3 2da59ac1902147c68dd85a4308b492a9 76dbea4f76dc44438bf839f74c121db4 - - default default] Deprecated policy rules found. Use oslopolicy-policy-generator and oslopolicy-policy-upgrade to detect and resolve deprecated policies in your configuration. 10.0.0.179 - - [20/Jul/2026:19:12:40 +0000] "GET /v3/roles?name=admin HTTP/1.1" 200 389
[Mon Jul 20 19:12:41.091053 2026] [wsgi:error] [pid 9:tid 139939056707264] [remote 10.0.0.179:50526] 2026-07-20 19:12:41.090 9 WARNING keystone.common.rbac_enforcer.enforcer [None req-fc68ae76-af85-4706-9ea7-2f8e44ba75ea 2da59ac1902147c68dd85a4308b492a9 76dbea4f76dc44438bf839f74c121db4 - - default default] Deprecated policy rules found. Use oslopolicy-policy-generator and oslopolicy-policy-upgrade to detect and resolve deprecated policies in your configuration. 10.0.0.179 - - [20/Jul/2026:19:12:40 +0000] "GET /v3/users/admin-RegionOne HTTP/1.1" 404 93
[Mon Jul 20 19:12:41.294949 2026] [wsgi:error] [pid 12:tid 139939056707264] [remote 10.0.0.179:50526] 2026-07-20 19:12:41.294 12 WARNING keystone.common.rbac_enforcer.enforcer [None req-a7abb6c3-ea2f-4a3d-a7da-31aaab421441 2da59ac1902147c68dd85a4308b492a9 76dbea4f76dc44438bf839f74c121db4 - - default default] Deprecated policy rules found. Use oslopolicy-policy-generator and oslopolicy-policy-upgrade to detect and resolve deprecated policies in your configuration. 10.0.0.179 - - [20/Jul/2026:19:12:41 +0000] "GET /v3/users?name=admin-RegionOne HTTP/1.1" 200 422
[Mon Jul 20 19:12:41.472418 2026] [wsgi:error] [pid 11:tid 139939056707264] [remote 10.0.0.179:50526] 2026-07-20 19:12:41.472 11 WARNING keystone.common.rbac_enforcer.enforcer [None req-b948bb26-b662-4d00-ad4d-45bf533d3d3b 2da59ac1902147c68dd85a4308b492a9 76dbea4f76dc44438bf839f74c121db4 - - default default] Deprecated policy rules found. Use oslopolicy-policy-generator and oslopolicy-policy-upgrade to detect and resolve deprecated policies in your configuration. 10.0.0.179 - - [20/Jul/2026:19:12:41 +0000] "GET /v3/domains/default HTTP/1.1" 200 224 10.0.0.179 - - [20/Jul/2026:19:12:41 +0000] "PUT /v3/domains/default/users/2da59ac1902147c68dd85a4308b492a9/roles/56278eba00f54311b6b67b769685effc HTTP/1.1" 204 - 10.0.0.27 - - [20/Jul/2026:19:12:51 +0000] "GET / HTTP/1.1" 300 281 10.0.0.27 - - [20/Jul/2026:19:12:53 +0000] "GET /v3 HTTP/1.1" 200 266
[Mon Jul 20 19:12:53.351782 2026] [wsgi:error] [pid 11:tid 139939056707264] [remote 10.0.0.27:60404] 2026-07-20 19:12:53.351 11 WARNING keystone.common.password_hashing [None req-8524577f-5c3e-4414-87e5-6362a6323bf6 - - - - - -] Truncating password to algorithm specific maximum length 72 characters.
[Mon Jul 20 19:12:53.633960 2026] [wsgi:error] [pid 11:tid 139939056707264] [remote 10.0.0.27:60404] 2026-07-20 19:12:53.633 11 WARNING keystone.common.fernet_utils [None req-8524577f-5c3e-4414-87e5-6362a6323bf6 - - - - - -] key_repository is world readable: /etc/keystone/fernet-keys/ 10.0.0.27 - - [20/Jul/2026:19:12:53 +0000] "POST /v3/auth/tokens HTTP/1.1" 201 1360 10.0.0.27 - - [20/Jul/2026:19:12:53 +0000] "GET / HTTP/1.1" 300 281 10.0.0.27 - - [20/Jul/2026:19:12:53 +0000] "GET /v3/domains/atmosphere HTTP/1.1" 404 90 10.0.0.27 - - [20/Jul/2026:19:12:53 +0000] "GET /v3/domains?name=atmosphere HTTP/1.1" 200 370 10.0.0.27 - - [20/Jul/2026:19:12:53 +0000] "GET /v3/domains/7247e00b40154f3e89831cdaf05968c1 HTTP/1.1" 200 247 10.0.0.27 - - [20/Jul/2026:19:12:54 +0000] "GET /v3 HTTP/1.1" 200 266
[Mon Jul 20 19:12:54.895076 2026] [wsgi:error] [pid 9:tid 139939056707264] [remote 10.0.0.27:60412] 2026-07-20 19:12:54.894 9 WARNING keystone.common.password_hashing [None req-604a3488-f205-40c3-8924-9cd6f21e8273 - - - - - -] Truncating password to algorithm specific maximum length 72 characters.
[Mon Jul 20 19:12:55.170895 2026] [wsgi:error] [pid 9:tid 139939056707264] [remote 10.0.0.27:60412] 2026-07-20 19:12:55.170 9 WARNING keystone.common.fernet_utils [None req-604a3488-f205-40c3-8924-9cd6f21e8273 - - - - - -] key_repository is world readable: /etc/keystone/fernet-keys/ 10.0.0.27 - - [20/Jul/2026:19:12:54 +0000] "POST /v3/auth/tokens HTTP/1.1" 201 1360 10.0.0.27 - - [20/Jul/2026:19:12:55 +0000] "GET / HTTP/1.1" 300 281 10.0.0.27 - - [20/Jul/2026:19:12:55 +0000] "GET /v3/OS-FEDERATION/identity_providers/atmosphere HTTP/1.1" 404 101 10.0.0.27 - - [20/Jul/2026:19:12:55 +0000] "GET /v3/OS-FEDERATION/identity_providers HTTP/1.1" 200 156 10.0.0.27 - - [20/Jul/2026:19:12:55 +0000] "PUT /v3/OS-FEDERATION/identity_providers/atmosphere HTTP/1.1" 201 342 10.0.0.27 - - [20/Jul/2026:19:12:56 +0000] "GET /v3 HTTP/1.1" 200 266
[Mon Jul 20 19:12:56.055001 2026] [wsgi:error] [pid 11:tid 139939056707264] [remote 10.0.0.27:60404] 2026-07-20 19:12:56.054 11 WARNING keystone.common.password_hashing [None req-5e8dabbf-2b0b-4b78-83d0-6e24d5f4f1d1 - - - - - -] Truncating password to algorithm specific maximum length 72 characters.
[Mon Jul 20 19:12:56.346605 2026] [wsgi:error] [pid 11:tid 139939056707264] [remote 10.0.0.27:60404] 2026-07-20 19:12:56.346 11 WARNING keystone.common.fernet_utils [None req-5e8dabbf-2b0b-4b78-83d0-6e24d5f4f1d1 - - - - - -] key_repository is world readable: /etc/keystone/fernet-keys/ 10.0.0.27 - - [20/Jul/2026:19:12:56 +0000] "POST /v3/auth/tokens HTTP/1.1" 201 1360 10.0.0.27 - - [20/Jul/2026:19:12:56 +0000] "GET / HTTP/1.1" 300 281 10.0.0.27 - - [20/Jul/2026:19:12:56 +0000] "GET /v3/OS-FEDERATION/mappings/atmosphere-openid HTTP/1.1" 404 98 10.0.0.27 - - [20/Jul/2026:19:12:56 +0000] "GET /v3/OS-FEDERATION/mappings HTTP/1.1" 200 136 10.0.0.27 - - [20/Jul/2026:19:12:56 +0000] "PUT /v3/OS-FEDERATION/mappings/atmosphere-openid HTTP/1.1" 201 357 10.0.0.27 - - [20/Jul/2026:19:12:57 +0000] "GET /v3 HTTP/1.1" 200 266
[Mon Jul 20 19:12:57.108330 2026] [wsgi:error] [pid 9:tid 139939056707264] [remote 10.0.0.27:60404] 2026-07-20 19:12:57.108 9 WARNING keystone.common.password_hashing [None req-d7974c7b-4dd6-4df8-8c32-c5131f69b549 - - - - - -] Truncating password to algorithm specific maximum length 72 characters.
[Mon Jul 20 19:12:57.400843 2026] [wsgi:error] [pid 9:tid 139939056707264] [remote 10.0.0.27:60404] 2026-07-20 19:12:57.400 9 WARNING keystone.common.fernet_utils [None req-d7974c7b-4dd6-4df8-8c32-c5131f69b549 - - - - - -] key_repository is world readable: /etc/keystone/fernet-keys/ 10.0.0.27 - - [20/Jul/2026:19:12:57 +0000] "POST /v3/auth/tokens HTTP/1.1" 201 1360 10.0.0.27 - - [20/Jul/2026:19:12:57 +0000] "GET / HTTP/1.1" 300 281 10.0.0.27 - - [20/Jul/2026:19:12:57 +0000] "GET /v3/OS-FEDERATION/identity_providers/atmosphere/protocols/openid?idp_id=atmosphere HTTP/1.1" 404 131 10.0.0.27 - - [20/Jul/2026:19:12:57 +0000] "GET /v3/OS-FEDERATION/identity_providers/atmosphere/protocols HTTP/1.1" 200 168 10.0.0.27 - - [20/Jul/2026:19:12:57 +0000] "PUT /v3/OS-FEDERATION/identity_providers/atmosphere/protocols/openid HTTP/1.1" 201 224 10.0.0.27 - - [20/Jul/2026:19:13:00 +0000] "GET /v3/ HTTP/1.1" 200 250 10.0.0.27 - - [20/Jul/2026:19:13:00 +0000] "GET /v3/ HTTP/1.1" 200 250 10.0.0.27 - - [20/Jul/2026:19:14:00 +0000] "GET /v3/ HTTP/1.1" 200 250 10.0.0.27 - - [20/Jul/2026:19:14:00 +0000] "GET /v3/ HTTP/1.1" 200 250 10.0.0.157 - - [20/Jul/2026:19:14:22 +0000] "GET / HTTP/1.1" 300 295
[Mon Jul 20 19:14:22.613169 2026] [wsgi:error] [pid 11:tid 139939056707264] [remote 10.0.0.157:60076] 2026-07-20 19:14:22.612 11 WARNING keystone.common.password_hashing [None req-02ae090a-43ac-490c-9626-76144ec6094a - - - - - -] Truncating password to algorithm specific maximum length 72 characters.
[Mon Jul 20 19:14:22.889581 2026] [wsgi:error] [pid 11:tid 139939056707264] [remote 10.0.0.157:60076] 2026-07-20 19:14:22.889 11 WARNING keystone.common.fernet_utils [None req-02ae090a-43ac-490c-9626-76144ec6094a - - - - - -] key_repository is world readable: /etc/keystone/fernet-keys/ 10.0.0.157 - - [20/Jul/2026:19:14:22 +0000] "POST /v3/auth/tokens HTTP/1.1" 201 1360 10.0.0.157 - - [20/Jul/2026:19:14:22 +0000] "GET /v3/services HTTP/1.1" 200 355 10.0.0.157 - - [20/Jul/2026:19:14:26 +0000] "GET / HTTP/1.1" 300 295
[Mon Jul 20 19:14:26.810263 2026] [wsgi:error] [pid 12:tid 139939056707264] [remote 10.0.0.157:60082] 2026-07-20 19:14:26.809 12 WARNING keystone.common.password_hashing [None req-70d68677-9d46-4b26-a66e-4e07d9006f9f - - - - - -] Truncating password to algorithm specific maximum length 72 characters.
[Mon Jul 20 19:14:27.101683 2026] [wsgi:error] [pid 12:tid 139939056707264] [remote 10.0.0.157:60082] 2026-07-20 19:14:27.101 12 WARNING keystone.common.fernet_utils [None req-70d68677-9d46-4b26-a66e-4e07d9006f9f - - - - - -] key_repository is world readable: /etc/keystone/fernet-keys/ 10.0.0.157 - - [20/Jul/2026:19:14:26 +0000] "POST /v3/auth/tokens HTTP/1.1" 201 1360 10.0.0.157 - - [20/Jul/2026:19:14:27 +0000] "GET /v3/services HTTP/1.1" 200 355 10.0.0.157 - - [20/Jul/2026:19:14:30 +0000] "GET / HTTP/1.1" 300 295
[Mon Jul 20 19:14:31.042840 2026] [wsgi:error] [pid 10:tid 139939056707264] [remote 10.0.0.157:34022] 2026-07-20 19:14:31.041 10 WARNING keystone.common.password_hashing [None req-41efa395-7a93-4ebd-a875-2d9cdbdc43ed - - - - - -] Truncating password to algorithm specific maximum length 72 characters.
[Mon Jul 20 19:14:31.331254 2026] [wsgi:error] [pid 10:tid 139939056707264] [remote 10.0.0.157:34022] 2026-07-20 19:14:31.331 10 WARNING keystone.common.fernet_utils [None req-41efa395-7a93-4ebd-a875-2d9cdbdc43ed - - - - - -] key_repository is world readable: /etc/keystone/fernet-keys/ 10.0.0.157 - - [20/Jul/2026:19:14:30 +0000] "POST /v3/auth/tokens HTTP/1.1" 201 1360 10.0.0.157 - - [20/Jul/2026:19:14:31 +0000] "GET /v3/services HTTP/1.1" 200 355 10.0.0.157 - - [20/Jul/2026:19:14:35 +0000] "GET / HTTP/1.1" 300 295
[Mon Jul 20 19:14:35.311449 2026] [wsgi:error] [pid 9:tid 139939056707264] [remote 10.0.0.157:34036] 2026-07-20 19:14:35.311 9 WARNING keystone.common.password_hashing [None req-52ad6054-4ba1-49a9-b6f9-4a74d1aa3590 - - - - - -] Truncating password to algorithm specific maximum length 72 characters.
[Mon Jul 20 19:14:35.608560 2026] [wsgi:error] [pid 9:tid 139939056707264] [remote 10.0.0.157:34036] 2026-07-20 19:14:35.608 9 WARNING keystone.common.fernet_utils [None req-52ad6054-4ba1-49a9-b6f9-4a74d1aa3590 - - - - - -] key_repository is world readable: /etc/keystone/fernet-keys/ 10.0.0.157 - - [20/Jul/2026:19:14:35 +0000] "POST /v3/auth/tokens HTTP/1.1" 201 1360 10.0.0.157 - - [20/Jul/2026:19:14:35 +0000] "POST /v3/services HTTP/1.1" 201 296 10.0.0.224 - - [20/Jul/2026:19:14:47 +0000] "GET / HTTP/1.1" 300 295
[Mon Jul 20 19:14:47.086562 2026] [wsgi:error] [pid 11:tid 139939056707264] [remote 10.0.0.224:35156] 2026-07-20 19:14:47.086 11 WARNING keystone.common.password_hashing [None req-aaca19f9-7186-4992-901c-6e6165f6ad65 - - - - - -] Truncating password to algorithm specific maximum length 72 characters. 10.0.0.224 - - [20/Jul/2026:19:14:47 +0000] "GET / HTTP/1.1" 300 295
[Mon Jul 20 19:14:47.117113 2026] [wsgi:error] [pid 10:tid 139939056707264] [remote 10.0.0.224:35160] 2026-07-20 19:14:47.116 10 WARNING keystone.common.password_hashing [None req-a060de3e-4c84-4056-b998-172d7dbca3c2 - - - - - -] Truncating password to algorithm specific maximum length 72 characters. 10.0.0.224 - - [20/Jul/2026:19:14:47 +0000] "GET / HTTP/1.1" 300 295
[Mon Jul 20 19:14:47.322016 2026] [wsgi:error] [pid 9:tid 139939056707264] [remote 10.0.0.224:35170] 2026-07-20 19:14:47.321 9 WARNING keystone.common.password_hashing [None req-27ae9ceb-7894-4c9b-aad7-b8a5ccd7bf3a - - - - - -] Truncating password to algorithm specific maximum length 72 characters.
[Mon Jul 20 19:14:47.367944 2026] [wsgi:error] [pid 11:tid 139939056707264] [remote 10.0.0.224:35156] 2026-07-20 19:14:47.367 11 WARNING keystone.common.fernet_utils [None req-aaca19f9-7186-4992-901c-6e6165f6ad65 - - - - - -] key_repository is world readable: /etc/keystone/fernet-keys/ 10.0.0.224 - - [20/Jul/2026:19:14:47 +0000] "POST /v3/auth/tokens HTTP/1.1" 201 1464
[Mon Jul 20 19:14:47.408182 2026] [wsgi:error] [pid 10:tid 139939056707264] [remote 10.0.0.224:35160] 2026-07-20 19:14:47.407 10 WARNING keystone.common.fernet_utils [None req-a060de3e-4c84-4056-b998-172d7dbca3c2 - - - - - -] key_repository is world readable: /etc/keystone/fernet-keys/ 10.0.0.224 - - [20/Jul/2026:19:14:47 +0000] "POST /v3/auth/tokens HTTP/1.1" 201 1464 10.0.0.224 - - [20/Jul/2026:19:14:47 +0000] "GET /v3/services HTTP/1.1" 200 639 10.0.0.224 - - [20/Jul/2026:19:14:47 +0000] "GET /v3/services HTTP/1.1" 200 639
[Mon Jul 20 19:14:47.605431 2026] [wsgi:error] [pid 9:tid 139939056707264] [remote 10.0.0.224:35170] 2026-07-20 19:14:47.605 9 WARNING keystone.common.fernet_utils [None req-27ae9ceb-7894-4c9b-aad7-b8a5ccd7bf3a - - - - - -] key_repository is world readable: /etc/keystone/fernet-keys/ 10.0.0.224 - - [20/Jul/2026:19:14:47 +0000] "POST /v3/auth/tokens HTTP/1.1" 201 1464 10.0.0.224 - - [20/Jul/2026:19:14:47 +0000] "GET /v3/services HTTP/1.1" 200 639 10.0.0.224 - - [20/Jul/2026:19:14:49 +0000] "GET / HTTP/1.1" 300 295 10.0.0.224 - - [20/Jul/2026:19:14:49 +0000] "GET / HTTP/1.1" 300 295
[Mon Jul 20 19:14:49.350231 2026] [wsgi:error] [pid 11:tid 139939056707264] [remote 10.0.0.224:45732] 2026-07-20 19:14:49.349 11 WARNING keystone.common.password_hashing [None req-543c3f48-651d-4b7f-af7a-dd7a9a292026 - - - - - -] Truncating password to algorithm specific maximum length 72 characters.
[Mon Jul 20 19:14:49.385094 2026] [wsgi:error] [pid 10:tid 139939056707264] [remote 10.0.0.224:45736] 2026-07-20 19:14:49.384 10 WARNING keystone.common.password_hashing [None req-bd6f9abb-0ecb-45ae-9584-a14d047c2d29 - - - - - -] Truncating password to algorithm specific maximum length 72 characters. 10.0.0.224 - - [20/Jul/2026:19:14:49 +0000] "GET / HTTP/1.1" 300 295
[Mon Jul 20 19:14:49.625008 2026] [wsgi:error] [pid 11:tid 139939056707264] [remote 10.0.0.224:45732] 2026-07-20 19:14:49.624 11 WARNING keystone.common.fernet_utils [None req-543c3f48-651d-4b7f-af7a-dd7a9a292026 - - - - - -] key_repository is world readable: /etc/keystone/fernet-keys/ 10.0.0.224 - - [20/Jul/2026:19:14:49 +0000] "POST /v3/auth/tokens HTTP/1.1" 201 1464
[Mon Jul 20 19:14:49.633879 2026] [wsgi:error] [pid 9:tid 139939056707264] [remote 10.0.0.224:45744] 2026-07-20 19:14:49.633 9 WARNING keystone.common.password_hashing [None req-80b5f0a2-0579-4790-bbfc-b0a1fd7d5105 - - - - - -] Truncating password to algorithm specific maximum length 72 characters.
[Mon Jul 20 19:14:49.687978 2026] [wsgi:error] [pid 10:tid 139939056707264] [remote 10.0.0.224:45736] 2026-07-20 19:14:49.687 10 WARNING keystone.common.fernet_utils [None req-bd6f9abb-0ecb-45ae-9584-a14d047c2d29 - - - - - -] key_repository is world readable: /etc/keystone/fernet-keys/ 10.0.0.224 - - [20/Jul/2026:19:14:49 +0000] "POST /v3/auth/tokens HTTP/1.1" 201 1464 10.0.0.224 - - [20/Jul/2026:19:14:49 +0000] "GET /v3/endpoints HTTP/1.1" 200 1227 10.0.0.224 - - [20/Jul/2026:19:14:49 +0000] "GET /v3/services/48a2edae39fd421398427f982f0f00f5 HTTP/1.1" 200 233 10.0.0.224 - - [20/Jul/2026:19:14:49 +0000] "GET /v3/services/48a2edae39fd421398427f982f0f00f5 HTTP/1.1" 200 233 10.0.0.224 - - [20/Jul/2026:19:14:49 +0000] "GET /v3/endpoints HTTP/1.1" 200 1227 10.0.0.224 - - [20/Jul/2026:19:14:49 +0000] "GET /v3/services/48a2edae39fd421398427f982f0f00f5 HTTP/1.1" 200 233 10.0.0.224 - - [20/Jul/2026:19:14:49 +0000] "GET /v3/services/48a2edae39fd421398427f982f0f00f5 HTTP/1.1" 200 233 10.0.0.224 - - [20/Jul/2026:19:14:49 +0000] "GET /v3/services/48a2edae39fd421398427f982f0f00f5 HTTP/1.1" 200 233 10.0.0.224 - - [20/Jul/2026:19:14:49 +0000] "GET /v3/services/48a2edae39fd421398427f982f0f00f5 HTTP/1.1" 200 233
[Mon Jul 20 19:14:49.913852 2026] [wsgi:error] [pid 9:tid 139939056707264] [remote 10.0.0.224:45744] 2026-07-20 19:14:49.913 9 WARNING keystone.common.fernet_utils [None req-80b5f0a2-0579-4790-bbfc-b0a1fd7d5105 - - - - - -] key_repository is world readable: /etc/keystone/fernet-keys/ 10.0.0.224 - - [20/Jul/2026:19:14:49 +0000] "POST /v3/auth/tokens HTTP/1.1" 201 1464 10.0.0.224 - - [20/Jul/2026:19:14:50 +0000] "GET /v3/endpoints HTTP/1.1" 200 1227 10.0.0.224 - - [20/Jul/2026:19:14:50 +0000] "GET /v3/services/48a2edae39fd421398427f982f0f00f5 HTTP/1.1" 200 233 10.0.0.224 - - [20/Jul/2026:19:14:50 +0000] "GET /v3/services/48a2edae39fd421398427f982f0f00f5 HTTP/1.1" 200 233 10.0.0.224 - - [20/Jul/2026:19:14:50 +0000] "GET /v3/services/48a2edae39fd421398427f982f0f00f5 HTTP/1.1" 200 233 10.0.0.224 - - [20/Jul/2026:19:14:51 +0000] "GET / HTTP/1.1" 300 295
[Mon Jul 20 19:14:51.644753 2026] [wsgi:error] [pid 12:tid 139939056707264] [remote 10.0.0.224:45748] 2026-07-20 19:14:51.644 12 WARNING keystone.common.password_hashing [None req-082e1c92-10e4-439c-b54e-491e9a12bb55 - - - - - -] Truncating password to algorithm specific maximum length 72 characters. 10.0.0.224 - - [20/Jul/2026:19:14:51 +0000] "GET / HTTP/1.1" 300 295
[Mon Jul 20 19:14:51.731135 2026] [wsgi:error] [pid 9:tid 139939056707264] [remote 10.0.0.224:45754] 2026-07-20 19:14:51.730 9 WARNING keystone.common.password_hashing [None req-f891422e-8934-41e5-80cd-c1bc954a1d27 - - - - - -] Truncating password to algorithm specific maximum length 72 characters. 10.0.0.224 - - [20/Jul/2026:19:14:51 +0000] "GET / HTTP/1.1" 300 295
[Mon Jul 20 19:14:51.813795 2026] [wsgi:error] [pid 11:tid 139939056707264] [remote 10.0.0.224:45766] 2026-07-20 19:14:51.813 11 WARNING keystone.common.password_hashing [None req-446cbae7-9a4a-48ae-8f02-57c360adedf4 - - - - - -] Truncating password to algorithm specific maximum length 72 characters.
[Mon Jul 20 19:14:51.924031 2026] [wsgi:error] [pid 12:tid 139939056707264] [remote 10.0.0.224:45748] 2026-07-20 19:14:51.923 12 WARNING keystone.common.fernet_utils [None req-082e1c92-10e4-439c-b54e-491e9a12bb55 - - - - - -] key_repository is world readable: /etc/keystone/fernet-keys/ 10.0.0.224 - - [20/Jul/2026:19:14:51 +0000] "POST /v3/auth/tokens HTTP/1.1" 201 1464
[Mon Jul 20 19:14:52.029899 2026] [wsgi:error] [pid 9:tid 139939056707264] [remote 10.0.0.224:45754] 2026-07-20 19:14:52.029 9 WARNING keystone.common.fernet_utils [None req-f891422e-8934-41e5-80cd-c1bc954a1d27 - - - - - -] key_repository is world readable: /etc/keystone/fernet-keys/ 10.0.0.224 - - [20/Jul/2026:19:14:51 +0000] "POST /v3/auth/tokens HTTP/1.1" 201 1464 10.0.0.224 - - [20/Jul/2026:19:14:52 +0000] "GET /v3/services/edd5b8053c9c461f938cbcad49340b8b HTTP/1.1" 200 296
[Mon Jul 20 19:14:52.105301 2026] [wsgi:error] [pid 11:tid 139939056707264] [remote 10.0.0.224:45766] 2026-07-20 19:14:52.105 11 WARNING keystone.common.fernet_utils [None req-446cbae7-9a4a-48ae-8f02-57c360adedf4 - - - - - -] key_repository is world readable: /etc/keystone/fernet-keys/ 10.0.0.224 - - [20/Jul/2026:19:14:51 +0000] "POST /v3/auth/tokens HTTP/1.1" 201 1464 10.0.0.224 - - [20/Jul/2026:19:14:52 +0000] "GET /v3/regions/RegionOne HTTP/1.1" 200 173 10.0.0.224 - - [20/Jul/2026:19:14:52 +0000] "GET /v3/services/edd5b8053c9c461f938cbcad49340b8b HTTP/1.1" 200 296 10.0.0.224 - - [20/Jul/2026:19:14:52 +0000] "GET /v3/regions/RegionOne HTTP/1.1" 200 173 10.0.0.224 - - [20/Jul/2026:19:14:52 +0000] "GET /v3/services/edd5b8053c9c461f938cbcad49340b8b HTTP/1.1" 200 296 10.0.0.224 - - [20/Jul/2026:19:14:52 +0000] "GET /v3/regions/RegionOne HTTP/1.1" 200 173 10.0.0.224 - - [20/Jul/2026:19:14:52 +0000] "POST /v3/endpoints HTTP/1.1" 201 370 10.0.0.224 - - [20/Jul/2026:19:14:52 +0000] "POST /v3/endpoints HTTP/1.1" 201 383 10.0.0.224 - - [20/Jul/2026:19:14:52 +0000] "POST /v3/endpoints HTTP/1.1" 201 380 10.0.0.224 - - [20/Jul/2026:19:14:54 +0000] "GET / HTTP/1.1" 300 295
[Mon Jul 20 19:14:54.076357 2026] [wsgi:error] [pid 10:tid 139939056707264] [remote 10.0.0.224:45774] 2026-07-20 19:14:54.076 10 WARNING keystone.common.password_hashing [None req-3347045e-fe2e-4342-a7b0-c34bf94ad163 - - - - - -] Truncating password to algorithm specific maximum length 72 characters. 10.0.0.224 - - [20/Jul/2026:19:14:54 +0000] "GET / HTTP/1.1" 300 295 10.0.0.224 - - [20/Jul/2026:19:14:54 +0000] "GET / HTTP/1.1" 300 295
[Mon Jul 20 19:14:54.290507 2026] [wsgi:error] [pid 12:tid 139939056707264] [remote 10.0.0.224:45782] 2026-07-20 19:14:54.290 12 WARNING keystone.common.password_hashing [None req-7cdc9fce-441e-4dde-8161-5064408332d6 - - - - - -] Truncating password to algorithm specific maximum length 72 characters.
[Mon Jul 20 19:14:54.306558 2026] [wsgi:error] [pid 9:tid 139939056707264] [remote 10.0.0.224:45784] 2026-07-20 19:14:54.306 9 WARNING keystone.common.password_hashing [None req-7de294e0-6075-491f-9268-ce5fac47969c - - - - - -] Truncating password to algorithm specific maximum length 72 characters.
[Mon Jul 20 19:14:54.402576 2026] [wsgi:error] [pid 10:tid 139939056707264] [remote 10.0.0.224:45774] 2026-07-20 19:14:54.402 10 WARNING keystone.common.fernet_utils [None req-3347045e-fe2e-4342-a7b0-c34bf94ad163 - - - - - -] key_repository is world readable: /etc/keystone/fernet-keys/ 10.0.0.224 - - [20/Jul/2026:19:14:54 +0000] "POST /v3/auth/tokens HTTP/1.1" 201 1992 10.0.0.224 - - [20/Jul/2026:19:14:54 +0000] "GET /v3/endpoints/e45dba0d514c41e190c9af201d8ef3ea HTTP/1.1" 200 370 10.0.0.224 - - [20/Jul/2026:19:14:54 +0000] "GET /v3/services/edd5b8053c9c461f938cbcad49340b8b HTTP/1.1" 200 296
[Mon Jul 20 19:14:54.592340 2026] [wsgi:error] [pid 12:tid 139939056707264] [remote 10.0.0.224:45782] 2026-07-20 19:14:54.592 12 WARNING keystone.common.fernet_utils [None req-7cdc9fce-441e-4dde-8161-5064408332d6 - - - - - -] key_repository is world readable: /etc/keystone/fernet-keys/ 10.0.0.224 - - [20/Jul/2026:19:14:54 +0000] "POST /v3/auth/tokens HTTP/1.1" 201 1992
[Mon Jul 20 19:14:54.602746 2026] [wsgi:error] [pid 9:tid 139939056707264] [remote 10.0.0.224:45784] 2026-07-20 19:14:54.602 9 WARNING keystone.common.fernet_utils [None req-7de294e0-6075-491f-9268-ce5fac47969c - - - - - -] key_repository is world readable: /etc/keystone/fernet-keys/ 10.0.0.224 - - [20/Jul/2026:19:14:54 +0000] "POST /v3/auth/tokens HTTP/1.1" 201 1992 10.0.0.224 - - [20/Jul/2026:19:14:54 +0000] "GET /v3/endpoints/0a05179da3f44ae7ba49de95364b00d0 HTTP/1.1" 200 380 10.0.0.224 - - [20/Jul/2026:19:14:54 +0000] "GET /v3/endpoints/24fae39547ed4d71a569b0bd00161b42 HTTP/1.1" 200 383 10.0.0.224 - - [20/Jul/2026:19:14:54 +0000] "GET /v3/services/edd5b8053c9c461f938cbcad49340b8b HTTP/1.1" 200 296 10.0.0.224 - - [20/Jul/2026:19:14:54 +0000] "GET /v3/services/edd5b8053c9c461f938cbcad49340b8b HTTP/1.1" 200 296 10.0.0.27 - - [20/Jul/2026:19:15:00 +0000] "GET /v3/ HTTP/1.1" 200 250 10.0.0.27 - - [20/Jul/2026:19:15:00 +0000] "GET /v3/ HTTP/1.1" 200 250 10.0.0.125 - - [20/Jul/2026:19:15:07 +0000] "GET / HTTP/1.1" 300 295
[Mon Jul 20 19:15:07.135322 2026] [wsgi:error] [pid 9:tid 139939056707264] [remote 10.0.0.125:33332] 2026-07-20 19:15:07.135 9 WARNING keystone.common.password_hashing [None req-708de641-55b9-4230-976c-6b0520741f1f - - - - - -] Truncating password to algorithm specific maximum length 72 characters.
[Mon Jul 20 19:15:07.428176 2026] [wsgi:error] [pid 9:tid 139939056707264] [remote 10.0.0.125:33332] 2026-07-20 19:15:07.428 9 WARNING keystone.common.fernet_utils [None req-708de641-55b9-4230-976c-6b0520741f1f - - - - - -] key_repository is world readable: /etc/keystone/fernet-keys/ 10.0.0.125 - - [20/Jul/2026:19:15:07 +0000] "POST /v3/auth/tokens HTTP/1.1" 201 1992 10.0.0.125 - - [20/Jul/2026:19:15:07 +0000] "POST /v3/domains HTTP/1.1" 201 284 10.0.0.125 - - [20/Jul/2026:19:15:09 +0000] "GET / HTTP/1.1" 300 295
[Mon Jul 20 19:15:09.739049 2026] [wsgi:error] [pid 12:tid 139939056707264] [remote 10.0.0.125:33358] 2026-07-20 19:15:09.738 12 WARNING keystone.common.password_hashing [None req-6e6494f5-f732-482b-87d6-41840610cc14 - - - - - -] Truncating password to algorithm specific maximum length 72 characters.
[Mon Jul 20 19:15:10.036072 2026] [wsgi:error] [pid 12:tid 139939056707264] [remote 10.0.0.125:33358] 2026-07-20 19:15:10.035 12 WARNING keystone.common.fernet_utils [None req-6e6494f5-f732-482b-87d6-41840610cc14 - - - - - -] key_repository is world readable: /etc/keystone/fernet-keys/ 10.0.0.125 - - [20/Jul/2026:19:15:09 +0000] "POST /v3/auth/tokens HTTP/1.1" 201 1992
[Mon Jul 20 19:15:10.247616 2026] [wsgi:error] [pid 9:tid 139939056707264] [remote 10.0.0.125:33358] 2026-07-20 19:15:10.231 9 ERROR keystone.server.flask.application [None req-dd39666a-5128-4f85-83c2-544e65050131 2da59ac1902147c68dd85a4308b492a9 76dbea4f76dc44438bf839f74c121db4 - - default default] Conflict occurred attempting to store project - it is not permitted to have two projects acting as domains with the same name: service.: keystone.exception.Conflict: Conflict occurred attempting to store project - it is not permitted to have two projects acting as domains with the same name: service.
[Mon Jul 20 19:15:10.247645 2026] [wsgi:error] [pid 9:tid 139939056707264] [remote 10.0.0.125:33358] 2026-07-20 19:15:10.231 9 ERROR keystone.server.flask.application
Traceback (most recent call last):
[Mon Jul 20 19:15:10.247647 2026] [wsgi:error] [pid 9:tid 139939056707264] [remote 10.0.0.125:33358] 2026-07-20 19:15:10.231 9 ERROR keystone.server.flask.application
File "/var/lib/openstack/lib/python3.12/site-packages/sqlalchemy/engine/base.py", line 1969, in _exec_single_context
[Mon Jul 20 19:15:10.247649 2026] [wsgi:error] [pid 9:tid 139939056707264] [remote 10.0.0.125:33358] 2026-07-20 19:15:10.231 9 ERROR keystone.server.flask.application self.dialect.do_execute(
[Mon Jul 20 19:15:10.247651 2026] [wsgi:error] [pid 9:tid 139939056707264] [remote 10.0.0.125:33358] 2026-07-20 19:15:10.231 9 ERROR keystone.server.flask.application
File "/var/lib/openstack/lib/python3.12/site-packages/sqlalchemy/engine/default.py", line 952, in do_execute
[Mon Jul 20 19:15:10.247652 2026] [wsgi:error] [pid 9:tid 139939056707264] [remote 10.0.0.125:33358] 2026-07-20 19:15:10.231 9 ERROR keystone.server.flask.application cursor.execute(statement, parameters)
[Mon Jul 20 19:15:10.247654 2026] [wsgi:error] [pid 9:tid 139939056707264] [remote 10.0.0.125:33358] 2026-07-20 19:15:10.231 9 ERROR keystone.server.flask.application
File "/var/lib/openstack/lib/python3.12/site-packages/pymysql/cursors.py", line 159, in execute
[Mon Jul 20 19:15:10.247655 2026] [wsgi:error] [pid 9:tid 139939056707264] [remote 10.0.0.125:33358] 2026-07-20 19:15:10.231 9 ERROR keystone.server.flask.application result = self._query(query)
[Mon Jul 20 19:15:10.247656 2026] [wsgi:error] [pid 9:tid 139939056707264] [remote 10.0.0.125:33358] 2026-07-20 19:15:10.231 9 ERROR keystone.server.flask.application ^^^^^^^^^^^^^^^^^^
[Mon Jul 20 19:15:10.247658 2026] [wsgi:error] [pid 9:tid 139939056707264] [remote 10.0.0.125:33358] 2026-07-20 19:15:10.231 9 ERROR keystone.server.flask.application
File "/var/lib/openstack/lib/python3.12/site-packages/pymysql/cursors.py", line 330, in _query
[Mon Jul 20 19:15:10.247659 2026] [wsgi:error] [pid 9:tid 139939056707264] [remote 10.0.0.125:33358] 2026-07-20 19:15:10.231 9 ERROR keystone.server.flask.application conn.query(q)
[Mon Jul 20 19:15:10.247660 2026] [wsgi:error] [pid 9:tid 139939056707264] [remote 10.0.0.125:33358] 2026-07-20 19:15:10.231 9 ERROR keystone.server.flask.application
File "/var/lib/openstack/lib/python3.12/site-packages/pymysql/connections.py", line 582, in query
[Mon Jul 20 19:15:10.247662 2026] [wsgi:error] [pid 9:tid 139939056707264] [remote 10.0.0.125:33358] 2026-07-20 19:15:10.231 9 ERROR keystone.server.flask.application self._affected_rows = self._read_query_result(unbuffered=unbuffered)
[Mon Jul 20 19:15:10.247664 2026] [wsgi:error] [pid 9:tid 139939056707264] [remote 10.0.0.125:33358] 2026-07-20 19:15:10.231 9 ERROR keystone.server.flask.application ^^^^^^^^^^^^^^^^^^^^^^^^^^^^^^^^^^^^^^^^^^^^^^
[Mon Jul 20 19:15:10.247665 2026] [wsgi:error] [pid 9:tid 139939056707264] [remote 10.0.0.125:33358] 2026-07-20 19:15:10.231 9 ERROR keystone.server.flask.application
File "/var/lib/openstack/lib/python3.12/site-packages/pymysql/connections.py", line 847, in _read_query_result
[Mon Jul 20 19:15:10.247667 2026] [wsgi:error] [pid 9:tid 139939056707264] [remote 10.0.0.125:33358] 2026-07-20 19:15:10.231 9 ERROR keystone.server.flask.application result.read()
[Mon Jul 20 19:15:10.247670 2026] [wsgi:error] [pid 9:tid 139939056707264] [remote 10.0.0.125:33358] 2026-07-20 19:15:10.231 9 ERROR keystone.server.flask.application
File "/var/lib/openstack/lib/python3.12/site-packages/pymysql/connections.py", line 1245, in read
[Mon Jul 20 19:15:10.247672 2026] [wsgi:error] [pid 9:tid 139939056707264] [remote 10.0.0.125:33358] 2026-07-20 19:15:10.231 9 ERROR keystone.server.flask.application first_packet = self.connection._read_packet()
[Mon Jul 20 19:15:10.247673 2026] [wsgi:error] [pid 9:tid 139939056707264] [remote 10.0.0.125:33358] 2026-07-20 19:15:10.231 9 ERROR keystone.server.flask.application ^^^^^^^^^^^^^^^^^^^^^^^^^^^^^^
[Mon Jul 20 19:15:10.247674 2026] [wsgi:error] [pid 9:tid 139939056707264] [remote 10.0.0.125:33358] 2026-07-20 19:15:10.231 9 ERROR keystone.server.flask.application
File "/var/lib/openstack/lib/python3.12/site-packages/pymysql/connections.py", line 803, in _read_packet
[Mon Jul 20 19:15:10.247676 2026] [wsgi:error] [pid 9:tid 139939056707264] [remote 10.0.0.125:33358] 2026-07-20 19:15:10.231 9 ERROR keystone.server.flask.application packet.raise_for_error()
[Mon Jul 20 19:15:10.247677 2026] [wsgi:error] [pid 9:tid 139939056707264] [remote 10.0.0.125:33358] 2026-07-20 19:15:10.231 9 ERROR keystone.server.flask.application
File "/var/lib/openstack/lib/python3.12/site-packages/pymysql/protocol.py", line 219, in raise_for_error
[Mon Jul 20 19:15:10.247679 2026] [wsgi:error] [pid 9:tid 139939056707264] [remote 10.0.0.125:33358] 2026-07-20 19:15:10.231 9 ERROR keystone.server.flask.application err.raise_mysql_exception(self._data)
[Mon Jul 20 19:15:10.247680 2026] [wsgi:error] [pid 9:tid 139939056707264] [remote 10.0.0.125:33358] 2026-07-20 19:15:10.231 9 ERROR keystone.server.flask.application
File "/var/lib/openstack/lib/python3.12/site-packages/pymysql/err.py", line 154, in raise_mysql_exception
[Mon Jul 20 19:15:10.247682 2026] [wsgi:error] [pid 9:tid 139939056707264] [remote 10.0.0.125:33358] 2026-07-20 19:15:10.231 9 ERROR keystone.server.flask.application raise errorclass(errno, errval, sqlstate=sqlstate)
[Mon Jul 20 19:15:10.247683 2026] [wsgi:error] [pid 9:tid 139939056707264] [remote 10.0.0.125:33358] 2026-07-20 19:15:10.231 9 ERROR keystone.server.flask.application pymysql.err.IntegrityError: (1062, "Duplicate entry '<>-service' for key 'project.ixu_project_name_domain_id'")
[Mon Jul 20 19:15:10.247685 2026] [wsgi:error] [pid 9:tid 139939056707264] [remote 10.0.0.125:33358] 2026-07-20 19:15:10.231 9 ERROR keystone.server.flask.application
[Mon Jul 20 19:15:10.247686 2026] [wsgi:error] [pid 9:tid 139939056707264] [remote 10.0.0.125:33358] 2026-07-20 19:15:10.231 9 ERROR keystone.server.flask.application The above exception was the direct cause of the following exception:
[Mon Jul 20 19:15:10.247687 2026] [wsgi:error] [pid 9:tid 139939056707264] [remote 10.0.0.125:33358] 2026-07-20 19:15:10.231 9 ERROR keystone.server.flask.application
[Mon Jul 20 19:15:10.247690 2026] [wsgi:error] [pid 9:tid 139939056707264] [remote 10.0.0.125:33358] 2026-07-20 19:15:10.231 9 ERROR keystone.server.flask.application
Traceback (most recent call last):
[Mon Jul 20 19:15:10.247691 2026] [wsgi:error] [pid 9:tid 139939056707264] [remote 10.0.0.125:33358] 2026-07-20 19:15:10.231 9 ERROR keystone.server.flask.application
File "/var/lib/openstack/lib/python3.12/site-packages/keystone/common/sql/core.py", line 575, in wrapper
[Mon Jul 20 19:15:10.247693 2026] [wsgi:error] [pid 9:tid 139939056707264] [remote 10.0.0.125:33358] 2026-07-20 19:15:10.231 9 ERROR keystone.server.flask.application return method(*args, **kwargs)
[Mon Jul 20 19:15:10.247694 2026] [wsgi:error] [pid 9:tid 139939056707264] [remote 10.0.0.125:33358] 2026-07-20 19:15:10.231 9 ERROR keystone.server.flask.application ^^^^^^^^^^^^^^^^^^^^^^^
[Mon Jul 20 19:15:10.247696 2026] [wsgi:error] [pid 9:tid 139939056707264] [remote 10.0.0.125:33358] 2026-07-20 19:15:10.231 9 ERROR keystone.server.flask.application
File "/var/lib/openstack/lib/python3.12/site-packages/keystone/resource/backends/sql.py", line 278, in create_project
[Mon Jul 20 19:15:10.247698 2026] [wsgi:error] [pid 9:tid 139939056707264] [remote 10.0.0.125:33358] 2026-07-20 19:15:10.231 9 ERROR keystone.server.flask.application with sql.session_for_write() as session:
[Mon Jul 20 19:15:10.247700 2026] [wsgi:error] [pid 9:tid 139939056707264] [remote 10.0.0.125:33358] 2026-07-20 19:15:10.231 9 ERROR keystone.server.flask.application
File "/usr/lib/python3.12/contextlib.py", line 144, in __exit__
[Mon Jul 20 19:15:10.247701 2026] [wsgi:error] [pid 9:tid 139939056707264] [remote 10.0.0.125:33358] 2026-07-20 19:15:10.231 9 ERROR keystone.server.flask.application next(self.gen)
[Mon Jul 20 19:15:10.247702 2026] [wsgi:error] [pid 9:tid 139939056707264] [remote 10.0.0.125:33358] 2026-07-20 19:15:10.231 9 ERROR keystone.server.flask.application
File "/var/lib/openstack/lib/python3.12/site-packages/oslo_db/sqlalchemy/enginefacade.py", line 1175, in _transaction_scope
[Mon Jul 20 19:15:10.247704 2026] [wsgi:error] [pid 9:tid 139939056707264] [remote 10.0.0.125:33358] 2026-07-20 19:15:10.231 9 ERROR keystone.server.flask.application with current._produce_block(
[Mon Jul 20 19:15:10.247705 2026] [wsgi:error] [pid 9:tid 139939056707264] [remote 10.0.0.125:33358] 2026-07-20 19:15:10.231 9 ERROR keystone.server.flask.application
File "/usr/lib/python3.12/contextlib.py", line 144, in __exit__
[Mon Jul 20 19:15:10.247706 2026] [wsgi:error] [pid 9:tid 139939056707264] [remote 10.0.0.125:33358] 2026-07-20 19:15:10.231 9 ERROR keystone.server.flask.application next(self.gen)
[Mon Jul 20 19:15:10.247708 2026] [wsgi:error] [pid 9:tid 139939056707264] [remote 10.0.0.125:33358] 2026-07-20 19:15:10.231 9 ERROR keystone.server.flask.application
File "/var/lib/openstack/lib/python3.12/site-packages/oslo_db/sqlalchemy/enginefacade.py", line 837, in _session
[Mon Jul 20 19:15:10.247709 2026] [wsgi:error] [pid 9:tid 139939056707264] [remote 10.0.0.125:33358] 2026-07-20 19:15:10.231 9 ERROR keystone.server.flask.application with excutils.save_and_reraise_exception():
[Mon Jul 20 19:15:10.247710 2026] [wsgi:error] [pid 9:tid 139939056707264] [remote 10.0.0.125:33358] 2026-07-20 19:15:10.231 9 ERROR keystone.server.flask.application
File "/var/lib/openstack/lib/python3.12/site-packages/oslo_utils/excutils.py", line 266, in __exit__
[Mon Jul 20 19:15:10.247712 2026] [wsgi:error] [pid 9:tid 139939056707264] [remote 10.0.0.125:33358] 2026-07-20 19:15:10.231 9 ERROR keystone.server.flask.application self.force_reraise()
[Mon Jul 20 19:15:10.247713 2026] [wsgi:error] [pid 9:tid 139939056707264] [remote 10.0.0.125:33358] 2026-07-20 19:15:10.231 9 ERROR keystone.server.flask.application
File "/var/lib/openstack/lib/python3.12/site-packages/oslo_utils/excutils.py", line 232, in force_reraise
[Mon Jul 20 19:15:10.247715 2026] [wsgi:error] [pid 9:tid 139939056707264] [remote 10.0.0.125:33358] 2026-07-20 19:15:10.231 9 ERROR keystone.server.flask.application raise self.value
[Mon Jul 20 19:15:10.247716 2026] [wsgi:error] [pid 9:tid 139939056707264] [remote 10.0.0.125:33358] 2026-07-20 19:15:10.231 9 ERROR keystone.server.flask.application
File "/var/lib/openstack/lib/python3.12/site-packages/oslo_db/sqlalchemy/enginefacade.py", line 835, in _session
[Mon Jul 20 19:15:10.247717 2026] [wsgi:error] [pid 9:tid 139939056707264] [remote 10.0.0.125:33358] 2026-07-20 19:15:10.231 9 ERROR keystone.server.flask.application self._end_session_transaction(self.session)
[Mon Jul 20 19:15:10.247719 2026] [wsgi:error] [pid 9:tid 139939056707264] [remote 10.0.0.125:33358] 2026-07-20 19:15:10.231 9 ERROR keystone.server.flask.application
File "/var/lib/openstack/lib/python3.12/site-packages/oslo_db/sqlalchemy/enginefacade.py", line 748, in _end_session_transaction
[Mon Jul 20 19:15:10.247720 2026] [wsgi:error] [pid 9:tid 139939056707264] [remote 10.0.0.125:33358] 2026-07-20 19:15:10.231 9 ERROR keystone.server.flask.application session.commit()
[Mon Jul 20 19:15:10.247722 2026] [wsgi:error] [pid 9:tid 139939056707264] [remote 10.0.0.125:33358] 2026-07-20 19:15:10.231 9 ERROR keystone.server.flask.application
File "/var/lib/openstack/lib/python3.12/site-packages/sqlalchemy/orm/session.py", line 2034, in commit
[Mon Jul 20 19:15:10.247724 2026] [wsgi:error] [pid 9:tid 139939056707264] [remote 10.0.0.125:33358] 2026-07-20 19:15:10.231 9 ERROR keystone.server.flask.application trans.commit(_to_root=True)
[Mon Jul 20 19:15:10.247725 2026] [wsgi:error] [pid 9:tid 139939056707264] [remote 10.0.0.125:33358] 2026-07-20 19:15:10.231 9 ERROR keystone.server.flask.application File "", line 2, in commit
[Mon Jul 20 19:15:10.247726 2026] [wsgi:error] [pid 9:tid 139939056707264] [remote 10.0.0.125:33358] 2026-07-20 19:15:10.231 9 ERROR keystone.server.flask.application
File "/var/lib/openstack/lib/python3.12/site-packages/sqlalchemy/orm/state_changes.py", line 137, in _go
[Mon Jul 20 19:15:10.247728 2026] [wsgi:error] [pid 9:tid 139939056707264] [remote 10.0.0.125:33358] 2026-07-20 19:15:10.231 9 ERROR keystone.server.flask.application ret_value = fn(self, *arg, **kw)
[Mon Jul 20 19:15:10.247774 2026] [wsgi:error] [pid 9:tid 139939056707264] [remote 10.0.0.125:33358] 2026-07-20 19:15:10.231 9 ERROR keystone.server.flask.application ^^^^^^^^^^^^^^^^^^^^
[Mon Jul 20 19:15:10.247776 2026] [wsgi:error] [pid 9:tid 139939056707264] [remote 10.0.0.125:33358] 2026-07-20 19:15:10.231 9 ERROR keystone.server.flask.application
File "/var/lib/openstack/lib/python3.12/site-packages/sqlalchemy/orm/session.py", line 1315, in commit
[Mon Jul 20 19:15:10.247777 2026] [wsgi:error] [pid 9:tid 139939056707264] [remote 10.0.0.125:33358] 2026-07-20 19:15:10.231 9 ERROR keystone.server.flask.application self._prepare_impl()
[Mon Jul 20 19:15:10.247779 2026] [wsgi:error] [pid 9:tid 139939056707264] [remote 10.0.0.125:33358] 2026-07-20 19:15:10.231 9 ERROR keystone.server.flask.application File "", line 2, in _prepare_impl
[Mon Jul 20 19:15:10.247781 2026] [wsgi:error] [pid 9:tid 139939056707264] [remote 10.0.0.125:33358] 2026-07-20 19:15:10.231 9 ERROR keystone.server.flask.application
File "/var/lib/openstack/lib/python3.12/site-packages/sqlalchemy/orm/state_changes.py", line 137, in _go
[Mon Jul 20 19:15:10.247782 2026] [wsgi:error] [pid 9:tid 139939056707264] [remote 10.0.0.125:33358] 2026-07-20 19:15:10.231 9 ERROR keystone.server.flask.application ret_value = fn(self, *arg, **kw)
[Mon Jul 20 19:15:10.247784 2026] [wsgi:error] [pid 9:tid 139939056707264] [remote 10.0.0.125:33358] 2026-07-20 19:15:10.231 9 ERROR keystone.server.flask.application ^^^^^^^^^^^^^^^^^^^^
[Mon Jul 20 19:15:10.247785 2026] [wsgi:error] [pid 9:tid 139939056707264] [remote 10.0.0.125:33358] 2026-07-20 19:15:10.231 9 ERROR keystone.server.flask.application
File "/var/lib/openstack/lib/python3.12/site-packages/sqlalchemy/orm/session.py", line 1290, in _prepare_impl
[Mon Jul 20 19:15:10.247787 2026] [wsgi:error] [pid 9:tid 139939056707264] [remote 10.0.0.125:33358] 2026-07-20 19:15:10.231 9 ERROR keystone.server.flask.application self.session.flush()
[Mon Jul 20 19:15:10.247789 2026] [wsgi:error] [pid 9:tid 139939056707264] [remote 10.0.0.125:33358] 2026-07-20 19:15:10.231 9 ERROR keystone.server.flask.application
File "/var/lib/openstack/lib/python3.12/site-packages/sqlalchemy/orm/session.py", line 4352, in flush
[Mon Jul 20 19:15:10.247791 2026] [wsgi:error] [pid 9:tid 139939056707264] [remote 10.0.0.125:33358] 2026-07-20 19:15:10.231 9 ERROR keystone.server.flask.application self._flush(objects)
[Mon Jul 20 19:15:10.247792 2026] [wsgi:error] [pid 9:tid 139939056707264] [remote 10.0.0.125:33358] 2026-07-20 19:15:10.231 9 ERROR keystone.server.flask.application
File "/var/lib/openstack/lib/python3.12/site-packages/sqlalchemy/orm/session.py", line 4487, in _flush
[Mon Jul 20 19:15:10.247794 2026] [wsgi:error] [pid 9:tid 139939056707264] [remote 10.0.0.125:33358] 2026-07-20 19:15:10.231 9 ERROR keystone.server.flask.application with util.safe_reraise():
[Mon Jul 20 19:15:10.247795 2026] [wsgi:error] [pid 9:tid 139939056707264] [remote 10.0.0.125:33358] 2026-07-20 19:15:10.231 9 ERROR keystone.server.flask.application
File "/var/lib/openstack/lib/python3.12/site-packages/sqlalchemy/util/langhelpers.py", line 122, in __exit__
[Mon Jul 20 19:15:10.247797 2026] [wsgi:error] [pid 9:tid 139939056707264] [remote 10.0.0.125:33358] 2026-07-20 19:15:10.231 9 ERROR keystone.server.flask.application raise exc_value.with_traceback(exc_tb)
[Mon Jul 20 19:15:10.247799 2026] [wsgi:error] [pid 9:tid 139939056707264] [remote 10.0.0.125:33358] 2026-07-20 19:15:10.231 9 ERROR keystone.server.flask.application
File "/var/lib/openstack/lib/python3.12/site-packages/sqlalchemy/orm/session.py", line 4448, in _flush
[Mon Jul 20 19:15:10.247800 2026] [wsgi:error] [pid 9:tid 139939056707264] [remote 10.0.0.125:33358] 2026-07-20 19:15:10.231 9 ERROR keystone.server.flask.application flush_context.execute()
[Mon Jul 20 19:15:10.247803 2026] [wsgi:error] [pid 9:tid 139939056707264] [remote 10.0.0.125:33358] 2026-07-20 19:15:10.231 9 ERROR keystone.server.flask.application
File "/var/lib/openstack/lib/python3.12/site-packages/sqlalchemy/orm/unitofwork.py", line 465, in execute
