2026-07-20 20:24:06.615 7 INFO neutron.db.ovn_revision_numbers_db [None req-e85f494d-b9d3-436a-b334-be00a6c2eb2e 2da59ac1902147c68dd85a4308b492a9 76dbea4f76dc44438bf839f74c121db4 - - default default] Successfully bumped revision number for resource c3be58b4-dda7-4315-a0a8-07456487d02a (type: security_group_rules) to 0 [pid: 8|app: 0|req: 750/1551] 10.0.0.53 () {32 vars in 739 bytes} [Mon Jul 20 20:24:06 2026] DELETE /v2.0/security-groups/fddefcba-ae7a-44cb-9f84-e1b82cd7c66e => generated 0 bytes in 203 msecs (HTTP/1.1 204) 2 headers in 112 bytes (1 switches on core 0)
2026-07-20 20:24:06.626 7 INFO neutron.db.ovn_revision_numbers_db [None req-e85f494d-b9d3-436a-b334-be00a6c2eb2e 2da59ac1902147c68dd85a4308b492a9 76dbea4f76dc44438bf839f74c121db4 - - default default] Successfully bumped revision number for resource d22a2098-64d5-48de-97b0-c53983ec2b3b (type: security_group_rules) to 0
2026-07-20 20:24:06.638 7 INFO neutron.db.ovn_revision_numbers_db [None req-e85f494d-b9d3-436a-b334-be00a6c2eb2e 2da59ac1902147c68dd85a4308b492a9 76dbea4f76dc44438bf839f74c121db4 - - default default] Successfully bumped revision number for resource ef875e68-cede-44fb-9e6a-decb0c5ac8c8 (type: security_group_rules) to 0 [pid: 7|app: 0|req: 802/1552] 10.0.0.53 () {32 vars in 773 bytes} [Mon Jul 20 20:24:06 2026] GET /v2.0/security-groups?tenant_id=d16f3ce0470c4992a750eb443a5fd1aa&name=default => generated 2925 bytes in 389 msecs (HTTP/1.1 200) 4 headers in 158 bytes (1 switches on core 0)
2026-07-20 20:24:06.805 8 WARNING neutron.scheduler.dhcp_agent_scheduler [None req-0ac89ceb-e9c3-4327-8ced-524f8f105ee6 2a9b1426083245379338ec6cad977a5f eabb168489b8487bab7dec856e466a1f - - default default] No more DHCP agents
2026-07-20 20:24:06.807 8 WARNING neutron.api.rpc.agentnotifiers.dhcp_rpc_agent_api [None req-0ac89ceb-e9c3-4327-8ced-524f8f105ee6 2a9b1426083245379338ec6cad977a5f eabb168489b8487bab7dec856e466a1f - - default default] Unable to schedule network 3ac73bee-daff-49fb-a4bd-ad4b1f6dbf04: no agents available; will retry on subsequent port and subnet creation events.
2026-07-20 20:24:06.882 7 WARNING neutron.scheduler.dhcp_agent_scheduler [None req-808a9ce4-6e1c-4280-943b-1b71f65e06bc e961222c412c48b28f1811e87e2046ae 038869172c0c4b63b101da00aad6bfe3 - - default default] No more DHCP agents
2026-07-20 20:24:06.884 7 WARNING neutron.api.rpc.agentnotifiers.dhcp_rpc_agent_api [None req-808a9ce4-6e1c-4280-943b-1b71f65e06bc e961222c412c48b28f1811e87e2046ae 038869172c0c4b63b101da00aad6bfe3 - - default default] Unable to schedule network 54ac0553-5c4c-402c-87c8-f676f0403906: no agents available; will retry on subsequent port and subnet creation events.
2026-07-20 20:24:07.376 8 INFO neutron.db.ovn_revision_numbers_db [None req-0ac89ceb-e9c3-4327-8ced-524f8f105ee6 2a9b1426083245379338ec6cad977a5f eabb168489b8487bab7dec856e466a1f - - default default] Successfully bumped revision number for resource acf7af78-1d4e-439e-83a1-01e79af3da3f (type: ports) to 2
2026-07-20 20:24:07.440 8 INFO neutron.db.ovn_revision_numbers_db [None req-0ac89ceb-e9c3-4327-8ced-524f8f105ee6 2a9b1426083245379338ec6cad977a5f eabb168489b8487bab7dec856e466a1f - - default default] Successfully bumped revision number for resource a881a572-ef74-4b88-9a2f-d20b00776598 (type: subnets) to 0
2026-07-20 20:24:07.458 7 INFO neutron.db.ovn_revision_numbers_db [None req-808a9ce4-6e1c-4280-943b-1b71f65e06bc e961222c412c48b28f1811e87e2046ae 038869172c0c4b63b101da00aad6bfe3 - - default default] Successfully bumped revision number for resource d35b922b-dd27-4534-8407-d28f10b3a78e (type: ports) to 2 [pid: 8|app: 0|req: 751/1553] 10.0.0.53 () {34 vars in 668 bytes} [Mon Jul 20 20:24:06 2026] POST /v2.0/subnets => generated 626 bytes in 838 msecs (HTTP/1.1 201) 4 headers in 162 bytes (1 switches on core 0)
2026-07-20 20:24:07.492 7 INFO neutron.db.ovn_revision_numbers_db [None req-808a9ce4-6e1c-4280-943b-1b71f65e06bc e961222c412c48b28f1811e87e2046ae 038869172c0c4b63b101da00aad6bfe3 - - default default] Successfully bumped revision number for resource 429a63d9-9d9a-42df-8907-9fee134c318a (type: subnets) to 0 [pid: 7|app: 0|req: 803/1554] 10.0.0.53 () {34 vars in 668 bytes} [Mon Jul 20 20:24:06 2026] POST /v2.0/subnets => generated 626 bytes in 831 msecs (HTTP/1.1 201) 4 headers in 162 bytes (1 switches on core 0)
2026-07-20 20:24:07.529 7 WARNING neutron.db.securitygroups_db [None req-b6931818-2a7d-4e2c-b3f9-044f81507105 2da59ac1902147c68dd85a4308b492a9 76dbea4f76dc44438bf839f74c121db4 - - default default] project_id key not found in filters, using tenant_id instead. This support has been deprecated and will be removed in a future release.
2026-07-20 20:24:07.678 7 INFO neutron.db.ovn_revision_numbers_db [None req-b6931818-2a7d-4e2c-b3f9-044f81507105 2da59ac1902147c68dd85a4308b492a9 76dbea4f76dc44438bf839f74c121db4 - - default default] Successfully bumped revision number for resource 84d6b3ea-903b-4bea-8048-8220a594de9e (type: security_groups) to 1
2026-07-20 20:24:07.691 7 INFO neutron.db.ovn_revision_numbers_db [None req-b6931818-2a7d-4e2c-b3f9-044f81507105 2da59ac1902147c68dd85a4308b492a9 76dbea4f76dc44438bf839f74c121db4 - - default default] Successfully bumped revision number for resource 0e1b5ce7-2b90-4a74-ac99-4bd36ab57e7d (type: security_group_rules) to 0 [pid: 8|app: 0|req: 752/1555] 10.0.0.53 () {32 vars in 739 bytes} [Mon Jul 20 20:24:07 2026] DELETE /v2.0/security-groups/8ead605a-ba42-4e97-ab98-69b0c0c364a2 => generated 0 bytes in 244 msecs (HTTP/1.1 204) 2 headers in 112 bytes (1 switches on core 0)
2026-07-20 20:24:07.706 7 INFO neutron.db.ovn_revision_numbers_db [None req-b6931818-2a7d-4e2c-b3f9-044f81507105 2da59ac1902147c68dd85a4308b492a9 76dbea4f76dc44438bf839f74c121db4 - - default default] Successfully bumped revision number for resource eebefe6c-96e1-4646-a24a-a2178d58f831 (type: security_group_rules) to 0
2026-07-20 20:24:07.718 7 INFO neutron.db.ovn_revision_numbers_db [None req-b6931818-2a7d-4e2c-b3f9-044f81507105 2da59ac1902147c68dd85a4308b492a9 76dbea4f76dc44438bf839f74c121db4 - - default default] Successfully bumped revision number for resource f2ed44c4-3efc-411d-a1a6-7d575ba8d8cd (type: security_group_rules) to 0
2026-07-20 20:24:07.731 7 INFO neutron.db.ovn_revision_numbers_db [None req-b6931818-2a7d-4e2c-b3f9-044f81507105 2da59ac1902147c68dd85a4308b492a9 76dbea4f76dc44438bf839f74c121db4 - - default default] Successfully bumped revision number for resource f5d8d648-d1c5-464c-b8bb-9fea214e84a1 (type: security_group_rules) to 0 [pid: 7|app: 0|req: 804/1556] 10.0.0.53 () {32 vars in 773 bytes} [Mon Jul 20 20:24:07 2026] GET /v2.0/security-groups?tenant_id=63b174d83293489f87daf816becc082f&name=default => generated 2925 bytes in 254 msecs (HTTP/1.1 200) 4 headers in 158 bytes (1 switches on core 0)
2026-07-20 20:24:07.834 8 INFO neutron.db.ovn_revision_numbers_db [None req-6917a193-5a82-444b-8587-6064b8b1936d 2a9b1426083245379338ec6cad977a5f eabb168489b8487bab7dec856e466a1f - - default default] Successfully bumped revision number for resource 08731d5c-7c50-4200-b137-6bbe235a81be (type: routers) to 1 [pid: 8|app: 0|req: 753/1557] 10.0.0.53 () {34 vars in 668 bytes} [Mon Jul 20 20:24:07 2026] POST /v2.0/routers => generated 623 bytes in 153 msecs (HTTP/1.1 201) 4 headers in 162 bytes (1 switches on core 0) [pid: 8|app: 0|req: 754/1558] 10.0.0.53 () {32 vars in 739 bytes} [Mon Jul 20 20:24:07 2026] DELETE /v2.0/security-groups/84d6b3ea-903b-4bea-8048-8220a594de9e => generated 0 bytes in 227 msecs (HTTP/1.1 204) 2 headers in 112 bytes (1 switches on core 0)
2026-07-20 20:24:08.099 7 WARNING neutron.scheduler.dhcp_agent_scheduler [None req-d5defc37-5abc-4e26-9129-aa1a695b7660 e961222c412c48b28f1811e87e2046ae 038869172c0c4b63b101da00aad6bfe3 - - default default] No more DHCP agents
2026-07-20 20:24:08.101 7 WARNING neutron.api.rpc.agentnotifiers.dhcp_rpc_agent_api [None req-d5defc37-5abc-4e26-9129-aa1a695b7660 e961222c412c48b28f1811e87e2046ae 038869172c0c4b63b101da00aad6bfe3 - - default default] Unable to schedule network 54ac0553-5c4c-402c-87c8-f676f0403906: no agents available; will retry on subsequent port and subnet creation events.
2026-07-20 20:24:08.224 7 INFO neutron.plugins.ml2.drivers.ovn.mech_driver.mech_driver [None req-20b0372a-bcc4-451a-a18a-a864d6476ab0 - - - - - -] OVN reports status down for port: c16bb31b-ca94-4a6b-9d57-cfdc7cb3627b
2026-07-20 20:24:08.286 7 INFO neutron.db.ovn_revision_numbers_db [None req-d5defc37-5abc-4e26-9129-aa1a695b7660 e961222c412c48b28f1811e87e2046ae 038869172c0c4b63b101da00aad6bfe3 - - default default] Successfully bumped revision number for resource c16bb31b-ca94-4a6b-9d57-cfdc7cb3627b (type: ports) to 1 [pid: 7|app: 0|req: 805/1559] 10.0.0.53 () {34 vars in 664 bytes} [Mon Jul 20 20:24:07 2026] POST /v2.0/ports => generated 949 bytes in 565 msecs (HTTP/1.1 201) 4 headers in 162 bytes (1 switches on core 0) /var/lib/openstack/lib/python3.12/site-packages/pycadf/identifier.py:70: UserWarning: Invalid uuid: neutron. To ensure interoperability, identifiers should be a valid uuid. warnings.warn(('Invalid uuid: %s. To ensure interoperability, '
2026-07-20 20:24:08.497 7 INFO neutron_taas.services.taas.taas_plugin [None req-aa07f154-da4f-4e62-85b3-6b33a5ce9ad8 e961222c412c48b28f1811e87e2046ae 038869172c0c4b63b101da00aad6bfe3 - - default default] TaaS: Handle Delete Port: c16bb31b-ca94-4a6b-9d57-cfdc7cb3627b
2026-07-20 20:24:08.502 7 INFO neutron_taas.services.taas.tap_mirror_plugin [None req-aa07f154-da4f-4e62-85b3-6b33a5ce9ad8 e961222c412c48b28f1811e87e2046ae 038869172c0c4b63b101da00aad6bfe3 - - default default] Tap Mirror: Handle Delete Port: c16bb31b-ca94-4a6b-9d57-cfdc7cb3627b
2026-07-20 20:24:08.531 8 WARNING neutron.scheduler.dhcp_agent_scheduler [None req-b48a2aa5-89f8-4c79-b6a7-b76d92bdf690 2a9b1426083245379338ec6cad977a5f eabb168489b8487bab7dec856e466a1f - - default default] No more DHCP agents
2026-07-20 20:24:08.532 8 WARNING neutron.api.rpc.agentnotifiers.dhcp_rpc_agent_api [None req-b48a2aa5-89f8-4c79-b6a7-b76d92bdf690 2a9b1426083245379338ec6cad977a5f eabb168489b8487bab7dec856e466a1f - - default default] Unable to schedule network 0b79b0d2-91ad-43ce-ac98-9458b5fd2e1f: no agents available; will retry on subsequent port and subnet creation events.
2026-07-20 20:24:08.676 7 INFO neutron.plugins.ml2.drivers.ovn.mech_driver.mech_driver [None req-20b0372a-bcc4-451a-a18a-a864d6476ab0 - - - - - -] OVN reports status down for port: 720f9458-9be2-45d9-a92b-662f908e69bd
2026-07-20 20:24:08.714 8 INFO neutron.db.ovn_revision_numbers_db [None req-b48a2aa5-89f8-4c79-b6a7-b76d92bdf690 2a9b1426083245379338ec6cad977a5f eabb168489b8487bab7dec856e466a1f - - default default] Successfully bumped revision number for resource 720f9458-9be2-45d9-a92b-662f908e69bd (type: ports) to 1 [pid: 7|app: 0|req: 806/1560] 10.0.0.53 () {32 vars in 719 bytes} [Mon Jul 20 20:24:08 2026] DELETE /v2.0/ports/c16bb31b-ca94-4a6b-9d57-cfdc7cb3627b => generated 0 bytes in 430 msecs (HTTP/1.1 204) 3 headers in 131 bytes (1 switches on core 0)
2026-07-20 20:24:08.802 7 INFO neutron.pecan_wsgi.hooks.translation [None req-d59396ae-f110-4329-ac78-c06c0b8857ed e961222c412c48b28f1811e87e2046ae 038869172c0c4b63b101da00aad6bfe3 - - default default] DELETE failed (client error): The resource could not be found. [pid: 7|app: 0|req: 807/1561] 10.0.0.53 () {32 vars in 719 bytes} [Mon Jul 20 20:24:08 2026] DELETE /v2.0/ports/c16bb31b-ca94-4a6b-9d57-cfdc7cb3627b => generated 132 bytes in 27 msecs (HTTP/1.1 404) 4 headers in 164 bytes (1 switches on core 0)
2026-07-20 20:24:08.836 7 INFO neutron.pecan_wsgi.hooks.translation [None req-adef7aaf-4c98-491a-b314-a652be0444fa e961222c412c48b28f1811e87e2046ae 038869172c0c4b63b101da00aad6bfe3 - - default default] GET failed (client error): The resource could not be found. [pid: 7|app: 0|req: 808/1562] 10.0.0.53 () {32 vars in 716 bytes} [Mon Jul 20 20:24:08 2026] GET /v2.0/ports/c16bb31b-ca94-4a6b-9d57-cfdc7cb3627b => generated 132 bytes in 22 msecs (HTTP/1.1 404) 4 headers in 164 bytes (1 switches on core 0) [pid: 7|app: 0|req: 809/1563] 10.0.0.53 () {32 vars in 723 bytes} [Mon Jul 20 20:24:08 2026] DELETE /v2.0/subnets/429a63d9-9d9a-42df-8907-9fee134c318a => generated 0 bytes in 198 msecs (HTTP/1.1 204) 3 headers in 131 bytes (1 switches on core 0)
2026-07-20 20:24:09.172 7 INFO neutron_taas.services.taas.taas_plugin [None req-4ef8e111-be3f-4a3e-bf11-43da92211d6b e961222c412c48b28f1811e87e2046ae 038869172c0c4b63b101da00aad6bfe3 - - default default] TaaS: Handle Delete Port: d35b922b-dd27-4534-8407-d28f10b3a78e
2026-07-20 20:24:09.175 7 INFO neutron_taas.services.taas.tap_mirror_plugin [None req-4ef8e111-be3f-4a3e-bf11-43da92211d6b e961222c412c48b28f1811e87e2046ae 038869172c0c4b63b101da00aad6bfe3 - - default default] Tap Mirror: Handle Delete Port: d35b922b-dd27-4534-8407-d28f10b3a78e
2026-07-20 20:24:09.436 7 INFO neutron.plugins.ml2.drivers.ovn.mech_driver.mech_driver [None req-20b0372a-bcc4-451a-a18a-a864d6476ab0 - - - - - -] OVN reports status up for port: 720f9458-9be2-45d9-a92b-662f908e69bd
2026-07-20 20:24:09.442 7 INFO neutron.services.segments.plugin [-] Segment d5a8f48a-9ce7-4e16-a7da-b612e6be080b resource provider aggregate not found
2026-07-20 20:24:09.448 7 INFO neutron.services.segments.plugin [-] Segment d5a8f48a-9ce7-4e16-a7da-b612e6be080b resource provider aggregate not found
2026-07-20 20:24:09.475 7 INFO neutron.services.segments.plugin [-] Client error retrieving segment d5a8f48a-9ce7-4e16-a7da-b612e6be080b resource provider; error: Placement Client Error (4xx): {"errors": [{"status": 404, "title": "Not Found", "detail": "The resource could not be found.\n\n No resource provider with uuid d5a8f48a-9ce7-4e16-a7da-b612e6be080b found for delete ", "request_id": "req-5eb81a62-3382-416c-9a04-c2030c2b9a44"}]}
2026-07-20 20:24:09.477 7 INFO neutron.services.segments.plugin [-] Client error retrieving segment d5a8f48a-9ce7-4e16-a7da-b612e6be080b resource provider; error: Placement Client Error (4xx): {"errors": [{"status": 404, "title": "Not Found", "detail": "The resource could not be found.\n\n No resource provider with uuid d5a8f48a-9ce7-4e16-a7da-b612e6be080b found for delete ", "request_id": "req-87d85420-ec26-4089-9ec8-d102ba81ca14"}]}
2026-07-20 20:24:09.488 7 INFO neutron.plugins.ml2.plugin [None req-20b0372a-bcc4-451a-a18a-a864d6476ab0 - - - - - -] Attempt 1 to provision port 720f9458-9be2-45d9-a92b-662f908e69bd
2026-07-20 20:24:09.511 8 WARNING neutron.scheduler.dhcp_agent_scheduler [None req-b48a2aa5-89f8-4c79-b6a7-b76d92bdf690 2a9b1426083245379338ec6cad977a5f eabb168489b8487bab7dec856e466a1f - - default default] No more DHCP agents
2026-07-20 20:24:09.512 8 WARNING neutron.api.rpc.agentnotifiers.dhcp_rpc_agent_api [None req-b48a2aa5-89f8-4c79-b6a7-b76d92bdf690 2a9b1426083245379338ec6cad977a5f eabb168489b8487bab7dec856e466a1f - - default default] Unable to schedule network 0b79b0d2-91ad-43ce-ac98-9458b5fd2e1f: no agents available; will retry on subsequent port and subnet creation events. [pid: 7|app: 0|req: 810/1564] 10.0.0.53 () {32 vars in 725 bytes} [Mon Jul 20 20:24:09 2026] DELETE /v2.0/networks/54ac0553-5c4c-402c-87c8-f676f0403906 => generated 0 bytes in 502 msecs (HTTP/1.1 204) 3 headers in 131 bytes (1 switches on core 0)
2026-07-20 20:24:09.709 7 INFO neutron.db.segments_db [None req-3fe0980d-ea73-4b4d-89ff-d025c4ae7f45 e961222c412c48b28f1811e87e2046ae 038869172c0c4b63b101da00aad6bfe3 - - default default] Added segment 8e0aaa17-d8c8-43b9-b259-65062e4962cd of type geneve for network 60984ea0-74b7-41c1-88e7-bedda5eeaea5
2026-07-20 20:24:09.716 8 INFO neutron.db.ovn_revision_numbers_db [None req-b48a2aa5-89f8-4c79-b6a7-b76d92bdf690 2a9b1426083245379338ec6cad977a5f eabb168489b8487bab7dec856e466a1f - - default default] Successfully bumped revision number for resource 720f9458-9be2-45d9-a92b-662f908e69bd (type: router_ports) to 1 [pid: 8|app: 0|req: 755/1565] 10.0.0.53 () {34 vars in 782 bytes} [Mon Jul 20 20:24:08 2026] PUT /v2.0/routers/08731d5c-7c50-4200-b137-6bbe235a81be/add_router_interface => generated 310 bytes in 1638 msecs (HTTP/1.1 200) 4 headers in 157 bytes (1 switches on core 0) [pid: 8|app: 0|req: 756/1566] 10.0.0.53 () {32 vars in 716 bytes} [Mon Jul 20 20:24:09 2026] GET /v2.0/ports/720f9458-9be2-45d9-a92b-662f908e69bd => generated 941 bytes in 93 msecs (HTTP/1.1 200) 4 headers in 157 bytes (1 switches on core 0)
2026-07-20 20:24:10.020 7 INFO neutron.db.ovn_revision_numbers_db [None req-3fe0980d-ea73-4b4d-89ff-d025c4ae7f45 e961222c412c48b28f1811e87e2046ae 038869172c0c4b63b101da00aad6bfe3 - - default default] Successfully bumped revision number for resource 60984ea0-74b7-41c1-88e7-bedda5eeaea5 (type: networks) to 1
2026-07-20 20:24:10.328 8 WARNING neutron.scheduler.dhcp_agent_scheduler [None req-a0cc4232-38f3-46df-9108-22d568903d96 2a9b1426083245379338ec6cad977a5f eabb168489b8487bab7dec856e466a1f - - default default] No more DHCP agents
2026-07-20 20:24:10.330 8 WARNING neutron.api.rpc.agentnotifiers.dhcp_rpc_agent_api [None req-a0cc4232-38f3-46df-9108-22d568903d96 2a9b1426083245379338ec6cad977a5f eabb168489b8487bab7dec856e466a1f - - default default] Unable to schedule network 3ac73bee-daff-49fb-a4bd-ad4b1f6dbf04: no agents available; will retry on subsequent port and subnet creation events.
2026-07-20 20:24:10.349 7 INFO neutron.db.ovn_revision_numbers_db [None req-20b0372a-bcc4-451a-a18a-a864d6476ab0 - - - - - -] Successfully bumped revision number for resource 720f9458-9be2-45d9-a92b-662f908e69bd (type: ports) to 2
2026-07-20 20:24:10.484 7 WARNING neutron.scheduler.dhcp_agent_scheduler [None req-3fe0980d-ea73-4b4d-89ff-d025c4ae7f45 e961222c412c48b28f1811e87e2046ae 038869172c0c4b63b101da00aad6bfe3 - - default default] No more DHCP agents
2026-07-20 20:24:10.496 7 WARNING neutron.api.rpc.agentnotifiers.dhcp_rpc_agent_api [None req-3fe0980d-ea73-4b4d-89ff-d025c4ae7f45 e961222c412c48b28f1811e87e2046ae 038869172c0c4b63b101da00aad6bfe3 - - default default] Unable to schedule network 60984ea0-74b7-41c1-88e7-bedda5eeaea5: no agents available; will retry on subsequent port and subnet creation events.
2026-07-20 20:24:10.502 8 INFO neutron.plugins.ml2.drivers.ovn.mech_driver.mech_driver [None req-57240ccc-dccb-4000-99d5-e48e3ef32641 - - - - - -] OVN reports status down for port: 70d7c11c-d9d8-40c6-b296-15e24678f273
2026-07-20 20:24:10.584 8 INFO neutron.db.ovn_revision_numbers_db [None req-a0cc4232-38f3-46df-9108-22d568903d96 2a9b1426083245379338ec6cad977a5f eabb168489b8487bab7dec856e466a1f - - default default] Successfully bumped revision number for resource 70d7c11c-d9d8-40c6-b296-15e24678f273 (type: ports) to 1
2026-07-20 20:24:10.640 7 INFO neutron.db.ovn_revision_numbers_db [None req-3fe0980d-ea73-4b4d-89ff-d025c4ae7f45 e961222c412c48b28f1811e87e2046ae 038869172c0c4b63b101da00aad6bfe3 - - default default] Successfully bumped revision number for resource 72d7b115-1986-4025-ae6b-8d7b264546b8 (type: ports) to 1 [pid: 7|app: 0|req: 811/1567] 10.0.0.53 () {34 vars in 669 bytes} [Mon Jul 20 20:24:09 2026] POST /v2.0/networks => generated 668 bytes in 1115 msecs (HTTP/1.1 201) 4 headers in 162 bytes (1 switches on core 0)
2026-07-20 20:24:10.725 8 INFO neutron.plugins.ml2.drivers.ovn.mech_driver.mech_driver [None req-57240ccc-dccb-4000-99d5-e48e3ef32641 - - - - - -] OVN reports status down for port: 72d7b115-1986-4025-ae6b-8d7b264546b8
2026-07-20 20:24:10.883 7 WARNING neutron.scheduler.dhcp_agent_scheduler [None req-2f923610-874d-4f8f-abdf-b8130217f467 e961222c412c48b28f1811e87e2046ae 038869172c0c4b63b101da00aad6bfe3 - - default default] No more DHCP agents
2026-07-20 20:24:10.884 7 WARNING neutron.api.rpc.agentnotifiers.dhcp_rpc_agent_api [None req-2f923610-874d-4f8f-abdf-b8130217f467 e961222c412c48b28f1811e87e2046ae 038869172c0c4b63b101da00aad6bfe3 - - default default] Unable to schedule network 60984ea0-74b7-41c1-88e7-bedda5eeaea5: no agents available; will retry on subsequent port and subnet creation events.
2026-07-20 20:24:11.432 7 INFO neutron.db.ovn_revision_numbers_db [None req-2f923610-874d-4f8f-abdf-b8130217f467 e961222c412c48b28f1811e87e2046ae 038869172c0c4b63b101da00aad6bfe3 - - default default] Successfully bumped revision number for resource 72d7b115-1986-4025-ae6b-8d7b264546b8 (type: ports) to 2
2026-07-20 20:24:11.484 7 INFO neutron.db.ovn_revision_numbers_db [None req-2f923610-874d-4f8f-abdf-b8130217f467 e961222c412c48b28f1811e87e2046ae 038869172c0c4b63b101da00aad6bfe3 - - default default] Successfully bumped revision number for resource a65b5b69-5e2f-47f6-a104-6f731bacf561 (type: subnets) to 0 [pid: 7|app: 0|req: 812/1568] 10.0.0.53 () {34 vars in 668 bytes} [Mon Jul 20 20:24:10 2026] POST /v2.0/subnets => generated 626 bytes in 841 msecs (HTTP/1.1 201) 4 headers in 162 bytes (1 switches on core 0)
2026-07-20 20:24:11.525 8 INFO neutron.plugins.ml2.drivers.ovn.mech_driver.mech_driver [None req-57240ccc-dccb-4000-99d5-e48e3ef32641 - - - - - -] OVN reports status up for port: 70d7c11c-d9d8-40c6-b296-15e24678f273
2026-07-20 20:24:11.560 8 INFO neutron.plugins.ml2.plugin [None req-57240ccc-dccb-4000-99d5-e48e3ef32641 - - - - - -] Attempt 1 to provision port 70d7c11c-d9d8-40c6-b296-15e24678f273
2026-07-20 20:24:11.737 8 WARNING neutron.scheduler.dhcp_agent_scheduler [None req-a0cc4232-38f3-46df-9108-22d568903d96 2a9b1426083245379338ec6cad977a5f eabb168489b8487bab7dec856e466a1f - - default default] No more DHCP agents
2026-07-20 20:24:11.741 8 WARNING neutron.api.rpc.agentnotifiers.dhcp_rpc_agent_api [None req-a0cc4232-38f3-46df-9108-22d568903d96 2a9b1426083245379338ec6cad977a5f eabb168489b8487bab7dec856e466a1f - - default default] Unable to schedule network 3ac73bee-daff-49fb-a4bd-ad4b1f6dbf04: no agents available; will retry on subsequent port and subnet creation events.
2026-07-20 20:24:11.848 7 WARNING neutron.scheduler.dhcp_agent_scheduler [None req-4c0471c9-b085-443d-aa5e-01154298ff5a e961222c412c48b28f1811e87e2046ae 038869172c0c4b63b101da00aad6bfe3 - - default default] No more DHCP agents
2026-07-20 20:24:11.850 7 WARNING neutron.api.rpc.agentnotifiers.dhcp_rpc_agent_api [None req-4c0471c9-b085-443d-aa5e-01154298ff5a e961222c412c48b28f1811e87e2046ae 038869172c0c4b63b101da00aad6bfe3 - - default default] Unable to schedule network 60984ea0-74b7-41c1-88e7-bedda5eeaea5: no agents available; will retry on subsequent port and subnet creation events.
2026-07-20 20:24:12.057 7 INFO neutron.db.ovn_revision_numbers_db [None req-4c0471c9-b085-443d-aa5e-01154298ff5a e961222c412c48b28f1811e87e2046ae 038869172c0c4b63b101da00aad6bfe3 - - default default] Successfully bumped revision number for resource 5975d1f8-31ca-49fd-8cc2-ca864acdbb05 (type: ports) to 1 [pid: 7|app: 0|req: 813/1569] 10.0.0.53 () {34 vars in 664 bytes} [Mon Jul 20 20:24:11 2026] POST /v2.0/ports => generated 912 bytes in 565 msecs (HTTP/1.1 201) 4 headers in 162 bytes (1 switches on core 0)
2026-07-20 20:24:12.250 7 WARNING neutron.db.securitygroups_db [None req-54c2db82-7eaf-4f8a-ba42-4e3898d6663d 2da59ac1902147c68dd85a4308b492a9 76dbea4f76dc44438bf839f74c121db4 - - default default] project_id key not found in filters, using tenant_id instead. This support has been deprecated and will be removed in a future release.
2026-07-20 20:24:12.266 8 INFO neutron.db.ovn_revision_numbers_db [None req-a0cc4232-38f3-46df-9108-22d568903d96 2a9b1426083245379338ec6cad977a5f eabb168489b8487bab7dec856e466a1f - - default default] Successfully bumped revision number for resource 70d7c11c-d9d8-40c6-b296-15e24678f273 (type: router_ports) to 1 [pid: 8|app: 0|req: 757/1570] 10.0.0.53 () {34 vars in 782 bytes} [Mon Jul 20 20:24:09 2026] PUT /v2.0/routers/08731d5c-7c50-4200-b137-6bbe235a81be/add_router_interface => generated 310 bytes in 2457 msecs (HTTP/1.1 200) 4 headers in 157 bytes (1 switches on core 0)
2026-07-20 20:24:12.423 7 INFO neutron.db.ovn_revision_numbers_db [None req-54c2db82-7eaf-4f8a-ba42-4e3898d6663d 2da59ac1902147c68dd85a4308b492a9 76dbea4f76dc44438bf839f74c121db4 - - default default] Successfully bumped revision number for resource c022e68f-ce75-423d-bbee-d3264dc1681e (type: security_groups) to 1
2026-07-20 20:24:12.437 7 INFO neutron.db.ovn_revision_numbers_db [None req-54c2db82-7eaf-4f8a-ba42-4e3898d6663d 2da59ac1902147c68dd85a4308b492a9 76dbea4f76dc44438bf839f74c121db4 - - default default] Successfully bumped revision number for resource 352563d8-7166-4c53-9f73-80c2b9c39a8b (type: security_group_rules) to 0
2026-07-20 20:24:12.451 7 INFO neutron.db.ovn_revision_numbers_db [None req-54c2db82-7eaf-4f8a-ba42-4e3898d6663d 2da59ac1902147c68dd85a4308b492a9 76dbea4f76dc44438bf839f74c121db4 - - default default] Successfully bumped revision number for resource 42a87c9c-46ba-4f53-b441-f3b57a1cab9b (type: security_group_rules) to 0
2026-07-20 20:24:12.463 7 INFO neutron.db.ovn_revision_numbers_db [None req-54c2db82-7eaf-4f8a-ba42-4e3898d6663d 2da59ac1902147c68dd85a4308b492a9 76dbea4f76dc44438bf839f74c121db4 - - default default] Successfully bumped revision number for resource d68a7113-e480-4fa8-b885-1ccaab2ca4b9 (type: security_group_rules) to 0
2026-07-20 20:24:12.474 7 INFO neutron.db.ovn_revision_numbers_db [None req-54c2db82-7eaf-4f8a-ba42-4e3898d6663d 2da59ac1902147c68dd85a4308b492a9 76dbea4f76dc44438bf839f74c121db4 - - default default] Successfully bumped revision number for resource e2440909-e4dc-44fe-9430-318f50422372 (type: security_group_rules) to 0 [pid: 7|app: 0|req: 814/1571] 10.0.0.53 () {32 vars in 773 bytes} [Mon Jul 20 20:24:12 2026] GET /v2.0/security-groups?tenant_id=020b0b3d65394ee6818c356672fba25d&name=default => generated 2925 bytes in 419 msecs (HTTP/1.1 200) 4 headers in 158 bytes (1 switches on core 0)
2026-07-20 20:24:12.535 8 INFO neutron.db.ovn_revision_numbers_db [None req-57240ccc-dccb-4000-99d5-e48e3ef32641 - - - - - -] Successfully bumped revision number for resource 70d7c11c-d9d8-40c6-b296-15e24678f273 (type: ports) to 2 [pid: 7|app: 0|req: 815/1572] 10.0.0.53 () {32 vars in 716 bytes} [Mon Jul 20 20:24:12 2026] GET /v2.0/ports/70d7c11c-d9d8-40c6-b296-15e24678f273 => generated 943 bytes in 78 msecs (HTTP/1.1 200) 4 headers in 157 bytes (1 switches on core 0)
2026-07-20 20:24:12.694 8 INFO neutron_taas.services.taas.taas_plugin [None req-6d488b74-40fd-4ed9-b6f2-378e9fecefa2 e961222c412c48b28f1811e87e2046ae 038869172c0c4b63b101da00aad6bfe3 - - default default] TaaS: Handle Delete Port: 5975d1f8-31ca-49fd-8cc2-ca864acdbb05
2026-07-20 20:24:12.704 8 INFO neutron_taas.services.taas.tap_mirror_plugin [None req-6d488b74-40fd-4ed9-b6f2-378e9fecefa2 e961222c412c48b28f1811e87e2046ae 038869172c0c4b63b101da00aad6bfe3 - - default default] Tap Mirror: Handle Delete Port: 5975d1f8-31ca-49fd-8cc2-ca864acdbb05 [pid: 7|app: 0|req: 816/1573] 10.0.0.53 () {32 vars in 739 bytes} [Mon Jul 20 20:24:12 2026] DELETE /v2.0/security-groups/c022e68f-ce75-423d-bbee-d3264dc1681e => generated 0 bytes in 212 msecs (HTTP/1.1 204) 2 headers in 112 bytes (1 switches on core 0) [pid: 7|app: 0|req: 817/1574] 10.0.0.53 () {32 vars in 716 bytes} [Mon Jul 20 20:24:12 2026] GET /v2.0/ports/70d7c11c-d9d8-40c6-b296-15e24678f273 => generated 943 bytes in 35 msecs (HTTP/1.1 200) 4 headers in 157 bytes (1 switches on core 0) [pid: 8|app: 0|req: 758/1575] 10.0.0.53 () {32 vars in 719 bytes} [Mon Jul 20 20:24:12 2026] DELETE /v2.0/ports/5975d1f8-31ca-49fd-8cc2-ca864acdbb05 => generated 0 bytes in 706 msecs (HTTP/1.1 204) 3 headers in 131 bytes (1 switches on core 0)
2026-07-20 20:24:13.011 8 INFO neutron.pecan_wsgi.hooks.translation [None req-1d8836bd-a53c-4e09-bb93-e2c5a4352bfc e961222c412c48b28f1811e87e2046ae 038869172c0c4b63b101da00aad6bfe3 - - default default] GET failed (client error): The resource could not be found. [pid: 8|app: 0|req: 759/1576] 10.0.0.53 () {32 vars in 716 bytes} [Mon Jul 20 20:24:12 2026] GET /v2.0/ports/5975d1f8-31ca-49fd-8cc2-ca864acdbb05 => generated 132 bytes in 20 msecs (HTTP/1.1 404) 4 headers in 164 bytes (1 switches on core 0)
2026-07-20 20:24:13.183 7 INFO neutron_taas.services.taas.taas_plugin [None req-73b66f9e-d625-4e9f-8f46-70c6a3031df0 2a9b1426083245379338ec6cad977a5f eabb168489b8487bab7dec856e466a1f - - default default] TaaS: Handle Delete Port: 70d7c11c-d9d8-40c6-b296-15e24678f273
2026-07-20 20:24:13.190 7 INFO neutron_taas.services.taas.tap_mirror_plugin [None req-73b66f9e-d625-4e9f-8f46-70c6a3031df0 2a9b1426083245379338ec6cad977a5f eabb168489b8487bab7dec856e466a1f - - default default] Tap Mirror: Handle Delete Port: 70d7c11c-d9d8-40c6-b296-15e24678f273 [pid: 8|app: 0|req: 760/1577] 10.0.0.53 () {32 vars in 723 bytes} [Mon Jul 20 20:24:13 2026] DELETE /v2.0/subnets/a65b5b69-5e2f-47f6-a104-6f731bacf561 => generated 0 bytes in 285 msecs (HTTP/1.1 204) 3 headers in 131 bytes (1 switches on core 0) [pid: 7|app: 0|req: 818/1578] 10.0.0.53 () {34 vars in 788 bytes} [Mon Jul 20 20:24:12 2026] PUT /v2.0/routers/08731d5c-7c50-4200-b137-6bbe235a81be/remove_router_interface => generated 310 bytes in 767 msecs (HTTP/1.1 200) 4 headers in 157 bytes (1 switches on core 0) /var/lib/openstack/lib/python3.12/site-packages/pycadf/identifier.py:70: UserWarning: Invalid uuid: neutron. To ensure interoperability, identifiers should be a valid uuid. warnings.warn(('Invalid uuid: %s. To ensure interoperability, ' [pid: 7|app: 0|req: 819/1579] 10.0.0.53 () {32 vars in 716 bytes} [Mon Jul 20 20:24:13 2026] GET /v2.0/ports/720f9458-9be2-45d9-a92b-662f908e69bd => generated 943 bytes in 80 msecs (HTTP/1.1 200) 4 headers in 157 bytes (1 switches on core 0)
2026-07-20 20:24:13.984 7 INFO neutron_taas.services.taas.taas_plugin [None req-7883fd09-9df6-4cb3-92bf-17aed694eabf 2a9b1426083245379338ec6cad977a5f eabb168489b8487bab7dec856e466a1f - - default default] TaaS: Handle Delete Port: 720f9458-9be2-45d9-a92b-662f908e69bd
2026-07-20 20:24:13.987 7 INFO neutron_taas.services.taas.tap_mirror_plugin [None req-7883fd09-9df6-4cb3-92bf-17aed694eabf 2a9b1426083245379338ec6cad977a5f eabb168489b8487bab7dec856e466a1f - - default default] Tap Mirror: Handle Delete Port: 720f9458-9be2-45d9-a92b-662f908e69bd
2026-07-20 20:24:14.218 8 INFO neutron_taas.services.taas.taas_plugin [None req-66eef06e-156a-4fef-a62b-15dedb58ca34 e961222c412c48b28f1811e87e2046ae 038869172c0c4b63b101da00aad6bfe3 - - default default] TaaS: Handle Delete Port: 72d7b115-1986-4025-ae6b-8d7b264546b8
2026-07-20 20:24:14.230 8 INFO neutron_taas.services.taas.tap_mirror_plugin [None req-66eef06e-156a-4fef-a62b-15dedb58ca34 e961222c412c48b28f1811e87e2046ae 038869172c0c4b63b101da00aad6bfe3 - - default default] Tap Mirror: Handle Delete Port: 72d7b115-1986-4025-ae6b-8d7b264546b8 [pid: 7|app: 0|req: 820/1580] 10.0.0.53 () {34 vars in 788 bytes} [Mon Jul 20 20:24:13 2026] PUT /v2.0/routers/08731d5c-7c50-4200-b137-6bbe235a81be/remove_router_interface => generated 310 bytes in 709 msecs (HTTP/1.1 200) 4 headers in 157 bytes (1 switches on core 0) /var/lib/openstack/lib/python3.12/site-packages/pycadf/identifier.py:70: UserWarning: Invalid uuid: neutron. To ensure interoperability, identifiers should be a valid uuid. warnings.warn(('Invalid uuid: %s. To ensure interoperability, ' [pid: 7|app: 0|req: 821/1581] 10.0.0.53 () {32 vars in 735 bytes} [Mon Jul 20 20:24:14 2026] GET /v2.0/ports?device_id=08731d5c-7c50-4200-b137-6bbe235a81be => generated 12 bytes in 25 msecs (HTTP/1.1 200) 4 headers in 156 bytes (1 switches on core 0)
2026-07-20 20:24:14.498 8 INFO neutron.services.segments.plugin [-] Segment 8e0aaa17-d8c8-43b9-b259-65062e4962cd resource provider aggregate not found
2026-07-20 20:24:14.499 8 INFO neutron.services.segments.plugin [-] Segment 8e0aaa17-d8c8-43b9-b259-65062e4962cd resource provider aggregate not found
2026-07-20 20:24:14.518 8 INFO neutron.services.segments.plugin [-] Client error retrieving segment 8e0aaa17-d8c8-43b9-b259-65062e4962cd resource provider; error: Placement Client Error (4xx): {"errors": [{"status": 404, "title": "Not Found", "detail": "The resource could not be found.\n\n No resource provider with uuid 8e0aaa17-d8c8-43b9-b259-65062e4962cd found for delete ", "request_id": "req-3e87087d-e4ac-4c96-8d29-84e64cb50f7a"}]}
2026-07-20 20:24:14.521 8 INFO neutron.services.segments.plugin [-] Client error retrieving segment 8e0aaa17-d8c8-43b9-b259-65062e4962cd resource provider; error: Placement Client Error (4xx): {"errors": [{"status": 404, "title": "Not Found", "detail": "The resource could not be found.\n\n No resource provider with uuid 8e0aaa17-d8c8-43b9-b259-65062e4962cd found for delete ", "request_id": "req-f0d5cfa4-5dad-45bd-92a4-9cc7f1403bbd"}]} [pid: 8|app: 0|req: 761/1582] 10.0.0.53 () {32 vars in 725 bytes} [Mon Jul 20 20:24:13 2026] DELETE /v2.0/networks/60984ea0-74b7-41c1-88e7-bedda5eeaea5 => generated 0 bytes in 1262 msecs (HTTP/1.1 204) 3 headers in 131 bytes (1 switches on core 0) [pid: 7|app: 0|req: 822/1583] 10.0.0.53 () {32 vars in 723 bytes} [Mon Jul 20 20:24:14 2026] DELETE /v2.0/routers/08731d5c-7c50-4200-b137-6bbe235a81be => generated 0 bytes in 257 msecs (HTTP/1.1 204) 2 headers in 112 bytes (1 switches on core 0)
2026-07-20 20:24:14.833 8 WARNING neutron.scheduler.dhcp_agent_scheduler [None req-541fd2a6-aeea-4176-a877-bc6fece522ec e961222c412c48b28f1811e87e2046ae 038869172c0c4b63b101da00aad6bfe3 - - default default] No more DHCP agents
2026-07-20 20:24:14.835 8 WARNING neutron.api.rpc.agentnotifiers.dhcp_rpc_agent_api [None req-541fd2a6-aeea-4176-a877-bc6fece522ec e961222c412c48b28f1811e87e2046ae 038869172c0c4b63b101da00aad6bfe3 - - default default] Unable to schedule network 90405f0d-7d44-47c4-98d1-636616264de8: no agents available; will retry on subsequent port and subnet creation events.
2026-07-20 20:24:14.930 8 INFO neutron.db.ovn_revision_numbers_db [None req-541fd2a6-aeea-4176-a877-bc6fece522ec e961222c412c48b28f1811e87e2046ae 038869172c0c4b63b101da00aad6bfe3 - - default default] Successfully bumped revision number for resource f021fb9a-9540-4bd8-a11d-b8dde3affcff (type: ports) to 1 [pid: 7|app: 0|req: 823/1584] 10.0.0.53 () {32 vars in 723 bytes} [Mon Jul 20 20:24:14 2026] DELETE /v2.0/subnets/a881a572-ef74-4b88-9a2f-d20b00776598 => generated 0 bytes in 229 msecs (HTTP/1.1 204) 3 headers in 131 bytes (1 switches on core 0) [pid: 8|app: 0|req: 762/1585] 10.0.0.53 () {34 vars in 664 bytes} [Mon Jul 20 20:24:14 2026] POST /v2.0/ports => generated 775 bytes in 384 msecs (HTTP/1.1 201) 4 headers in 162 bytes (1 switches on core 0) /var/lib/openstack/lib/python3.12/site-packages/pycadf/identifier.py:70: UserWarning: Invalid uuid: neutron. To ensure interoperability, identifiers should be a valid uuid. warnings.warn(('Invalid uuid: %s. To ensure interoperability, ' [pid: 7|app: 0|req: 824/1586] 10.0.0.53 () {32 vars in 723 bytes} [Mon Jul 20 20:24:14 2026] DELETE /v2.0/subnets/e5fe79b0-31a9-42a1-8199-fdbd357cb194 => generated 0 bytes in 196 msecs (HTTP/1.1 204) 3 headers in 131 bytes (1 switches on core 0)
2026-07-20 20:24:15.287 8 INFO neutron.db.ovn_revision_numbers_db [None req-db24eede-efe3-4683-8c93-754325ff4206 e961222c412c48b28f1811e87e2046ae 038869172c0c4b63b101da00aad6bfe3 - - default default] Successfully bumped revision number for resource f021fb9a-9540-4bd8-a11d-b8dde3affcff (type: ports) to 2 [pid: 8|app: 0|req: 763/1587] 10.0.0.53 () {34 vars in 736 bytes} [Mon Jul 20 20:24:14 2026] PUT /v2.0/ports/f021fb9a-9540-4bd8-a11d-b8dde3affcff => generated 752 bytes in 345 msecs (HTTP/1.1 200) 4 headers in 157 bytes (1 switches on core 0) /var/lib/openstack/lib/python3.12/site-packages/pycadf/identifier.py:70: UserWarning: Invalid uuid: neutron. To ensure interoperability, identifiers should be a valid uuid. warnings.warn(('Invalid uuid: %s. To ensure interoperability, '
2026-07-20 20:24:15.370 7 INFO neutron_taas.services.taas.taas_plugin [None req-d7574293-28d9-4a63-a501-aad50e8160f0 2a9b1426083245379338ec6cad977a5f eabb168489b8487bab7dec856e466a1f - - default default] TaaS: Handle Delete Port: acf7af78-1d4e-439e-83a1-01e79af3da3f
2026-07-20 20:24:15.374 7 INFO neutron_taas.services.taas.tap_mirror_plugin [None req-d7574293-28d9-4a63-a501-aad50e8160f0 2a9b1426083245379338ec6cad977a5f eabb168489b8487bab7dec856e466a1f - - default default] Tap Mirror: Handle Delete Port: acf7af78-1d4e-439e-83a1-01e79af3da3f
2026-07-20 20:24:15.500 8 INFO neutron_taas.services.taas.taas_plugin [None req-87e67fe5-e596-4009-8fa8-7675a2f44083 e961222c412c48b28f1811e87e2046ae 038869172c0c4b63b101da00aad6bfe3 - - default default] TaaS: Handle Delete Port: f021fb9a-9540-4bd8-a11d-b8dde3affcff
2026-07-20 20:24:15.504 8 INFO neutron_taas.services.taas.tap_mirror_plugin [None req-87e67fe5-e596-4009-8fa8-7675a2f44083 e961222c412c48b28f1811e87e2046ae 038869172c0c4b63b101da00aad6bfe3 - - default default] Tap Mirror: Handle Delete Port: f021fb9a-9540-4bd8-a11d-b8dde3affcff
2026-07-20 20:24:15.620 7 INFO neutron.services.segments.plugin [-] Segment 32c7e380-e879-4b29-a894-ce9439b97da1 resource provider aggregate not found
2026-07-20 20:24:15.626 7 INFO neutron.services.segments.plugin [-] Segment 32c7e380-e879-4b29-a894-ce9439b97da1 resource provider aggregate not found
2026-07-20 20:24:15.658 7 INFO neutron.services.segments.plugin [-] Client error retrieving segment 32c7e380-e879-4b29-a894-ce9439b97da1 resource provider; error: Placement Client Error (4xx): {"errors": [{"status": 404, "title": "Not Found", "detail": "The resource could not be found.\n\n No resource provider with uuid 32c7e380-e879-4b29-a894-ce9439b97da1 found for delete ", "request_id": "req-262e85f1-cb77-4799-ab1d-05154d96e9e0"}]}
2026-07-20 20:24:15.659 7 INFO neutron.services.segments.plugin [-] Client error retrieving segment 32c7e380-e879-4b29-a894-ce9439b97da1 resource provider; error: Placement Client Error (4xx): {"errors": [{"status": 404, "title": "Not Found", "detail": "The resource could not be found.\n\n No resource provider with uuid 32c7e380-e879-4b29-a894-ce9439b97da1 found for delete ", "request_id": "req-b1da43e8-27ad-4708-bc2a-4681a7203ba8"}]}
2026-07-20 20:24:15.662 7 WARNING neutron.plugins.ml2.drivers.ovn.mech_driver.ovsdb.ovn_client [None req-cb1c9749-de39-4e91-8b9a-e89e5e37a8e7 - - - - - -] No port found with ID 720f9458-9be2-45d9-a92b-662f908e69bd: RuntimeError: No port found with ID 720f9458-9be2-45d9-a92b-662f908e69bd [pid: 8|app: 0|req: 764/1588] 10.0.0.53 () {32 vars in 719 bytes} [Mon Jul 20 20:24:15 2026] DELETE /v2.0/ports/f021fb9a-9540-4bd8-a11d-b8dde3affcff => generated 0 bytes in 370 msecs (HTTP/1.1 204) 3 headers in 131 bytes (1 switches on core 0)
2026-07-20 20:24:15.719 7 INFO neutron.plugins.ml2.drivers.ovn.mech_driver.mech_driver [None req-cb1c9749-de39-4e91-8b9a-e89e5e37a8e7 - - - - - -] OVN reports status down for port: 5975d1f8-31ca-49fd-8cc2-ca864acdbb05 [pid: 8|app: 0|req: 765/1589] 10.0.0.53 () {32 vars in 642 bytes} [Mon Jul 20 20:24:15 2026] GET /v2.0/ports => generated 1533 bytes in 49 msecs (HTTP/1.1 200) 4 headers in 158 bytes (1 switches on core 0)
2026-07-20 20:24:15.742 7 INFO neutron.plugins.ml2.drivers.ovn.mech_driver.mech_driver [None req-cb1c9749-de39-4e91-8b9a-e89e5e37a8e7 - - - - - -] OVN reports status down for port: f021fb9a-9540-4bd8-a11d-b8dde3affcff
2026-07-20 20:24:15.754 7 INFO neutron.plugins.ml2.drivers.ovn.mech_driver.mech_driver [None req-cb1c9749-de39-4e91-8b9a-e89e5e37a8e7 - - - - - -] OVN reports status down for port: f021fb9a-9540-4bd8-a11d-b8dde3affcff
2026-07-20 20:24:15.767 8 INFO neutron.pecan_wsgi.hooks.translation [None req-647c272a-6d3a-4a4b-9d66-92bd949cd574 e961222c412c48b28f1811e87e2046ae 038869172c0c4b63b101da00aad6bfe3 - - default default] GET failed (client error): The resource could not be found. [pid: 8|app: 0|req: 766/1590] 10.0.0.53 () {32 vars in 716 bytes} [Mon Jul 20 20:24:15 2026] GET /v2.0/ports/f021fb9a-9540-4bd8-a11d-b8dde3affcff => generated 132 bytes in 22 msecs (HTTP/1.1 404) 4 headers in 164 bytes (1 switches on core 0) [pid: 7|app: 0|req: 825/1591] 10.0.0.53 () {32 vars in 725 bytes} [Mon Jul 20 20:24:15 2026] DELETE /v2.0/networks/3ac73bee-daff-49fb-a4bd-ad4b1f6dbf04 => generated 0 bytes in 639 msecs (HTTP/1.1 204) 3 headers in 131 bytes (1 switches on core 0) [pid: 8|app: 0|req: 767/1592] 10.0.0.53 () {32 vars in 642 bytes} [Mon Jul 20 20:24:15 2026] GET /v2.0/ports => generated 1533 bytes in 40 msecs (HTTP/1.1 200) 4 headers in 158 bytes (1 switches on core 0) [pid: 8|app: 0|req: 768/1593] 10.0.0.53 () {32 vars in 716 bytes} [Mon Jul 20 20:24:15 2026] GET /v2.0/ports/029da101-5f0c-4511-a6d0-94be4a9ee518 => generated 774 bytes in 41 msecs (HTTP/1.1 200) 4 headers in 157 bytes (1 switches on core 0)
2026-07-20 20:24:15.892 8 INFO neutron.pecan_wsgi.hooks.translation [None req-70baa88d-2f02-445c-97ff-c899c121de2e e961222c412c48b28f1811e87e2046ae 038869172c0c4b63b101da00aad6bfe3 - - default default] DELETE failed (client error): The resource could not be found. [pid: 8|app: 0|req: 769/1594] 10.0.0.53 () {32 vars in 719 bytes} [Mon Jul 20 20:24:15 2026] DELETE /v2.0/ports/5975d1f8-31ca-49fd-8cc2-ca864acdbb05 => generated 132 bytes in 25 msecs (HTTP/1.1 404) 4 headers in 164 bytes (1 switches on core 0)
2026-07-20 20:24:15.915 8 INFO neutron.pecan_wsgi.hooks.translation [None req-2ed0c179-6b2f-4f78-a65c-86133b7599cb e961222c412c48b28f1811e87e2046ae 038869172c0c4b63b101da00aad6bfe3 - - default default] DELETE failed (client error): The resource could not be found. [pid: 8|app: 0|req: 770/1595] 10.0.0.53 () {32 vars in 723 bytes} [Mon Jul 20 20:24:15 2026] DELETE /v2.0/subnets/a65b5b69-5e2f-47f6-a104-6f731bacf561 => generated 136 bytes in 18 msecs (HTTP/1.1 404) 4 headers in 164 bytes (1 switches on core 0)
2026-07-20 20:24:15.933 7 INFO neutron_taas.services.taas.taas_plugin [None req-1aaee033-8c72-491a-9842-04e47fdfd259 2a9b1426083245379338ec6cad977a5f eabb168489b8487bab7dec856e466a1f - - default default] TaaS: Handle Delete Port: 13f2e474-116c-4699-bee7-7c78dc520736
2026-07-20 20:24:15.937 7 INFO neutron_taas.services.taas.tap_mirror_plugin [None req-1aaee033-8c72-491a-9842-04e47fdfd259 2a9b1426083245379338ec6cad977a5f eabb168489b8487bab7dec856e466a1f - - default default] Tap Mirror: Handle Delete Port: 13f2e474-116c-4699-bee7-7c78dc520736
2026-07-20 20:24:15.937 8 INFO neutron.pecan_wsgi.hooks.translation [None req-8c9b3cf4-a153-4dfc-b964-40cff2c825ea e961222c412c48b28f1811e87e2046ae 038869172c0c4b63b101da00aad6bfe3 - - default default] DELETE failed (client error): The resource could not be found. [pid: 8|app: 0|req: 771/1596] 10.0.0.53 () {32 vars in 723 bytes} [Mon Jul 20 20:24:15 2026] DELETE /v2.0/subnets/429a63d9-9d9a-42df-8907-9fee134c318a => generated 136 bytes in 19 msecs (HTTP/1.1 404) 4 headers in 164 bytes (1 switches on core 0)
2026-07-20 20:24:16.106 8 INFO neutron_taas.services.taas.taas_plugin [None req-4ee7263e-be30-43b5-9816-d487814dffce e961222c412c48b28f1811e87e2046ae 038869172c0c4b63b101da00aad6bfe3 - - default default] TaaS: Handle Delete Port: 029da101-5f0c-4511-a6d0-94be4a9ee518
2026-07-20 20:24:16.109 8 INFO neutron_taas.services.taas.tap_mirror_plugin [None req-4ee7263e-be30-43b5-9816-d487814dffce e961222c412c48b28f1811e87e2046ae 038869172c0c4b63b101da00aad6bfe3 - - default default] Tap Mirror: Handle Delete Port: 029da101-5f0c-4511-a6d0-94be4a9ee518 [pid: 7|app: 0|req: 826/1597] 10.0.0.53 () {32 vars in 725 bytes} [Mon Jul 20 20:24:15 2026] DELETE /v2.0/networks/0b79b0d2-91ad-43ce-ac98-9458b5fd2e1f => generated 0 bytes in 415 msecs (HTTP/1.1 204) 3 headers in 131 bytes (1 switches on core 0) [pid: 8|app: 0|req: 772/1598] 10.0.0.53 () {32 vars in 719 bytes} [Mon Jul 20 20:24:15 2026] DELETE /v2.0/ports/029da101-5f0c-4511-a6d0-94be4a9ee518 => generated 0 bytes in 319 msecs (HTTP/1.1 204) 3 headers in 131 bytes (1 switches on core 0)
2026-07-20 20:24:16.354 7 INFO neutron.db.segments_db [None req-48da65b6-ac90-49bd-94a2-429f5b34c9ac 2a9b1426083245379338ec6cad977a5f eabb168489b8487bab7dec856e466a1f - - default default] Added segment 337c35c9-4895-4177-b8ce-f3c72b954b2b of type geneve for network 29e626d9-85b6-41b2-bfe0-f3a2524ca9c5
2026-07-20 20:24:16.431 8 INFO neutron_taas.services.taas.taas_plugin [None req-6460c6f1-7ee5-4d22-8006-aa96581c739a e961222c412c48b28f1811e87e2046ae 038869172c0c4b63b101da00aad6bfe3 - - default default] TaaS: Handle Delete Port: c8db1a98-4ef1-4c2e-b8bc-682023055009
2026-07-20 20:24:16.434 8 INFO neutron_taas.services.taas.tap_mirror_plugin [None req-6460c6f1-7ee5-4d22-8006-aa96581c739a e961222c412c48b28f1811e87e2046ae 038869172c0c4b63b101da00aad6bfe3 - - default default] Tap Mirror: Handle Delete Port: c8db1a98-4ef1-4c2e-b8bc-682023055009
2026-07-20 20:24:16.482 7 INFO neutron.db.ovn_revision_numbers_db [None req-48da65b6-ac90-49bd-94a2-429f5b34c9ac 2a9b1426083245379338ec6cad977a5f eabb168489b8487bab7dec856e466a1f - - default default] Successfully bumped revision number for resource 29e626d9-85b6-41b2-bfe0-f3a2524ca9c5 (type: networks) to 1
2026-07-20 20:24:16.661 8 INFO neutron.services.segments.plugin [-] Segment 57f1bc5d-f345-46c9-aabb-6471f252539e resource provider aggregate not found
2026-07-20 20:24:16.670 8 INFO neutron.services.segments.plugin [-] Segment 57f1bc5d-f345-46c9-aabb-6471f252539e resource provider aggregate not found
2026-07-20 20:24:16.688 8 INFO neutron.services.segments.plugin [-] Client error retrieving segment 57f1bc5d-f345-46c9-aabb-6471f252539e resource provider; error: Placement Client Error (4xx): {"errors": [{"status": 404, "title": "Not Found", "detail": "The resource could not be found.\n\n No resource provider with uuid 57f1bc5d-f345-46c9-aabb-6471f252539e found for delete ", "request_id": "req-023632c3-5446-4e93-9b60-fff3397cae1d"}]}
2026-07-20 20:24:16.691 8 INFO neutron.services.segments.plugin [-] Client error retrieving segment 57f1bc5d-f345-46c9-aabb-6471f252539e resource provider; error: Placement Client Error (4xx): {"errors": [{"status": 404, "title": "Not Found", "detail": "The resource could not be found.\n\n No resource provider with uuid 57f1bc5d-f345-46c9-aabb-6471f252539e found for delete ", "request_id": "req-aefde941-a97c-4b1f-b495-990bdec36241"}]} [pid: 8|app: 0|req: 773/1599] 10.0.0.53 () {32 vars in 725 bytes} [Mon Jul 20 20:24:16 2026] DELETE /v2.0/networks/90405f0d-7d44-47c4-98d1-636616264de8 => generated 0 bytes in 451 msecs (HTTP/1.1 204) 3 headers in 131 bytes (1 switches on core 0)
2026-07-20 20:24:16.722 7 WARNING neutron.scheduler.dhcp_agent_scheduler [None req-48da65b6-ac90-49bd-94a2-429f5b34c9ac 2a9b1426083245379338ec6cad977a5f eabb168489b8487bab7dec856e466a1f - - default default] No more DHCP agents
2026-07-20 20:24:16.724 7 WARNING neutron.api.rpc.agentnotifiers.dhcp_rpc_agent_api [None req-48da65b6-ac90-49bd-94a2-429f5b34c9ac 2a9b1426083245379338ec6cad977a5f eabb168489b8487bab7dec856e466a1f - - default default] Unable to schedule network 29e626d9-85b6-41b2-bfe0-f3a2524ca9c5: no agents available; will retry on subsequent port and subnet creation events.
2026-07-20 20:24:16.842 7 INFO neutron.db.ovn_revision_numbers_db [None req-48da65b6-ac90-49bd-94a2-429f5b34c9ac 2a9b1426083245379338ec6cad977a5f eabb168489b8487bab7dec856e466a1f - - default default] Successfully bumped revision number for resource dd473cdf-28e0-4ec5-8656-5b1334bbd724 (type: ports) to 1 [pid: 7|app: 0|req: 827/1600] 10.0.0.53 () {34 vars in 669 bytes} [Mon Jul 20 20:24:16 2026] POST /v2.0/networks => generated 667 bytes in 656 msecs (HTTP/1.1 201) 4 headers in 162 bytes (1 switches on core 0)
2026-07-20 20:24:16.981 8 WARNING neutron.db.securitygroups_db [None req-55d6d312-3241-4116-8802-3f763d5156cc 2da59ac1902147c68dd85a4308b492a9 76dbea4f76dc44438bf839f74c121db4 - - default default] project_id key not found in filters, using tenant_id instead. This support has been deprecated and will be removed in a future release.
2026-07-20 20:24:17.131 7 WARNING neutron.scheduler.dhcp_agent_scheduler [None req-03547303-80c1-43a3-9a0c-fbe29be8794b 2a9b1426083245379338ec6cad977a5f eabb168489b8487bab7dec856e466a1f - - default default] No more DHCP agents
2026-07-20 20:24:17.133 7 WARNING neutron.api.rpc.agentnotifiers.dhcp_rpc_agent_api [None req-03547303-80c1-43a3-9a0c-fbe29be8794b 2a9b1426083245379338ec6cad977a5f eabb168489b8487bab7dec856e466a1f - - default default] Unable to schedule network 29e626d9-85b6-41b2-bfe0-f3a2524ca9c5: no agents available; will retry on subsequent port and subnet creation events.
2026-07-20 20:24:17.140 8 INFO neutron.db.ovn_revision_numbers_db [None req-55d6d312-3241-4116-8802-3f763d5156cc 2da59ac1902147c68dd85a4308b492a9 76dbea4f76dc44438bf839f74c121db4 - - default default] Successfully bumped revision number for resource b436fdf2-7ffc-43ad-8f7c-73b715013aad (type: security_groups) to 1
2026-07-20 20:24:17.154 8 INFO neutron.db.ovn_revision_numbers_db [None req-55d6d312-3241-4116-8802-3f763d5156cc 2da59ac1902147c68dd85a4308b492a9 76dbea4f76dc44438bf839f74c121db4 - - default default] Successfully bumped revision number for resource 1953e2ce-6392-4e05-90a7-f60e3dc1e152 (type: security_group_rules) to 0
2026-07-20 20:24:17.174 8 INFO neutron.db.ovn_revision_numbers_db [None req-55d6d312-3241-4116-8802-3f763d5156cc 2da59ac1902147c68dd85a4308b492a9 76dbea4f76dc44438bf839f74c121db4 - - default default] Successfully bumped revision number for resource 34aeaddd-2aa0-4615-883a-b10e007ca07a (type: security_group_rules) to 0
2026-07-20 20:24:17.191 8 INFO neutron.db.ovn_revision_numbers_db [None req-55d6d312-3241-4116-8802-3f763d5156cc 2da59ac1902147c68dd85a4308b492a9 76dbea4f76dc44438bf839f74c121db4 - - default default] Successfully bumped revision number for resource 49e17849-a0a6-4dcc-beb0-1cc8cadf9964 (type: security_group_rules) to 0
2026-07-20 20:24:17.218 8 INFO neutron.db.ovn_revision_numbers_db [None req-55d6d312-3241-4116-8802-3f763d5156cc 2da59ac1902147c68dd85a4308b492a9 76dbea4f76dc44438bf839f74c121db4 - - default default] Successfully bumped revision number for resource d62a18e9-d4c0-4704-8723-90d725695ac9 (type: security_group_rules) to 0 [pid: 8|app: 0|req: 774/1601] 10.0.0.53 () {32 vars in 773 bytes} [Mon Jul 20 20:24:16 2026] GET /v2.0/security-groups?tenant_id=f00882d1dc4a4debb735a0d298fc691c&name=default => generated 2925 bytes in 544 msecs (HTTP/1.1 200) 4 headers in 158 bytes (1 switches on core 0)
