2026-07-20 20:25:28.841 7 WARNING neutron.api.rpc.agentnotifiers.dhcp_rpc_agent_api [None req-55594c86-8558-48db-b120-20acf73c7a1b 8c8f89d016e7493ea2cbe67e62d7be16 b9112501b83f4d15a57db59f806d37da - - default default] Unable to schedule network 1a22edc6-dfcc-4457-bfe0-ef968fcb5149: no agents available; will retry on subsequent port and subnet creation events.
2026-07-20 20:25:28.909 7 INFO neutron.plugins.ml2.drivers.ovn.mech_driver.mech_driver [None req-30303146-14a0-4d39-86a2-1bb17eb48502 - - - - - -] OVN reports status down for port: e5308dc6-aa85-4be9-b6d4-122424912e29
2026-07-20 20:25:28.979 7 INFO neutron.db.ovn_revision_numbers_db [None req-55594c86-8558-48db-b120-20acf73c7a1b 8c8f89d016e7493ea2cbe67e62d7be16 b9112501b83f4d15a57db59f806d37da - - default default] Successfully bumped revision number for resource e5308dc6-aa85-4be9-b6d4-122424912e29 (type: ports) to 1 [pid: 7|app: 0|req: 1008/2040] 10.0.0.53 () {34 vars in 669 bytes} [Mon Jul 20 20:25:28 2026] POST /v2.0/networks => generated 670 bytes in 635 msecs (HTTP/1.1 201) 4 headers in 162 bytes (1 switches on core 0) [pid: 8|app: 0|req: 1033/2041] 10.0.0.187 () {28 vars in 583 bytes} [Mon Jul 20 20:25:28 2026] GET /v2.0/subnets => generated 2579 bytes in 304 msecs (HTTP/1.1 200) 4 headers in 158 bytes (1 switches on core 0) [pid: 8|app: 0|req: 1034/2042] 10.0.0.187 () {28 vars in 581 bytes} [Mon Jul 20 20:25:29 2026] GET /v2.0/agents => generated 1214 bytes in 34 msecs (HTTP/1.1 200) 4 headers in 158 bytes (1 switches on core 0)
2026-07-20 20:25:29.310 7 WARNING neutron.scheduler.dhcp_agent_scheduler [None req-fd17f89f-8c7e-4db2-b153-5f1b110173ca 8c8f89d016e7493ea2cbe67e62d7be16 b9112501b83f4d15a57db59f806d37da - - default default] No more DHCP agents
2026-07-20 20:25:29.312 7 WARNING neutron.api.rpc.agentnotifiers.dhcp_rpc_agent_api [None req-fd17f89f-8c7e-4db2-b153-5f1b110173ca 8c8f89d016e7493ea2cbe67e62d7be16 b9112501b83f4d15a57db59f806d37da - - default default] Unable to schedule network 1a22edc6-dfcc-4457-bfe0-ef968fcb5149: no agents available; will retry on subsequent port and subnet creation events.
2026-07-20 20:25:29.560 8 INFO neutron.db.ovn_revision_numbers_db [None req-22624c60-424e-4b7b-bd8e-3cca5a42f450 476489b4f647404db3ef6ed4808b2aaa 186e8821e82b477c988730a3a05a1044 - - default default] Successfully bumped revision number for resource 9c8b6c42-f49e-48fc-98b3-290e294f53e6 (type: security_groups) to 1
2026-07-20 20:25:29.575 8 INFO neutron.db.ovn_revision_numbers_db [None req-22624c60-424e-4b7b-bd8e-3cca5a42f450 476489b4f647404db3ef6ed4808b2aaa 186e8821e82b477c988730a3a05a1044 - - default default] Successfully bumped revision number for resource 5223acac-ea06-4de3-a9ce-c41d17aebfb1 (type: security_group_rules) to 0
2026-07-20 20:25:29.589 8 INFO neutron.db.ovn_revision_numbers_db [None req-22624c60-424e-4b7b-bd8e-3cca5a42f450 476489b4f647404db3ef6ed4808b2aaa 186e8821e82b477c988730a3a05a1044 - - default default] Successfully bumped revision number for resource 822b1cc4-c316-4fe1-90c0-24321bbc77d0 (type: security_group_rules) to 0
2026-07-20 20:25:29.605 8 INFO neutron.db.ovn_revision_numbers_db [None req-22624c60-424e-4b7b-bd8e-3cca5a42f450 476489b4f647404db3ef6ed4808b2aaa 186e8821e82b477c988730a3a05a1044 - - default default] Successfully bumped revision number for resource 95243d1e-2917-4827-a5ba-ee63a1dc6c88 (type: security_group_rules) to 0
2026-07-20 20:25:29.619 8 INFO neutron.db.ovn_revision_numbers_db [None req-22624c60-424e-4b7b-bd8e-3cca5a42f450 476489b4f647404db3ef6ed4808b2aaa 186e8821e82b477c988730a3a05a1044 - - default default] Successfully bumped revision number for resource dcad08b8-3388-4a5a-a510-fd055064e0ac (type: security_group_rules) to 0
2026-07-20 20:25:29.713 8 INFO neutron.db.segments_db [None req-22624c60-424e-4b7b-bd8e-3cca5a42f450 476489b4f647404db3ef6ed4808b2aaa 186e8821e82b477c988730a3a05a1044 - - default default] Added segment 3b14d93c-5c9c-4d5a-ac01-eda27b06819e of type geneve for network d893bf87-1703-44b9-959d-72ac5ab46b57
2026-07-20 20:25:29.875 8 INFO neutron.db.ovn_revision_numbers_db [None req-22624c60-424e-4b7b-bd8e-3cca5a42f450 476489b4f647404db3ef6ed4808b2aaa 186e8821e82b477c988730a3a05a1044 - - default default] Successfully bumped revision number for resource d893bf87-1703-44b9-959d-72ac5ab46b57 (type: networks) to 1
2026-07-20 20:25:29.906 7 INFO neutron.db.ovn_revision_numbers_db [None req-fd17f89f-8c7e-4db2-b153-5f1b110173ca 8c8f89d016e7493ea2cbe67e62d7be16 b9112501b83f4d15a57db59f806d37da - - default default] Successfully bumped revision number for resource e5308dc6-aa85-4be9-b6d4-122424912e29 (type: ports) to 2
2026-07-20 20:25:29.944 7 INFO neutron.db.ovn_revision_numbers_db [None req-fd17f89f-8c7e-4db2-b153-5f1b110173ca 8c8f89d016e7493ea2cbe67e62d7be16 b9112501b83f4d15a57db59f806d37da - - default default] Successfully bumped revision number for resource b6737900-9957-47f5-b8a2-b4053ac16f99 (type: subnets) to 0 [pid: 7|app: 0|req: 1009/2043] 10.0.0.53 () {34 vars in 668 bytes} [Mon Jul 20 20:25:29 2026] POST /v2.0/subnets => generated 629 bytes in 944 msecs (HTTP/1.1 201) 4 headers in 162 bytes (1 switches on core 0) [pid: 7|app: 0|req: 1010/2044] 10.0.0.187 () {28 vars in 583 bytes} [Mon Jul 20 20:25:29 2026] GET /v2.0/subnets => generated 3216 bytes in 34 msecs (HTTP/1.1 200) 4 headers in 158 bytes (1 switches on core 0)
2026-07-20 20:25:30.075 8 WARNING neutron.scheduler.dhcp_agent_scheduler [None req-22624c60-424e-4b7b-bd8e-3cca5a42f450 476489b4f647404db3ef6ed4808b2aaa 186e8821e82b477c988730a3a05a1044 - - default default] No more DHCP agents
2026-07-20 20:25:30.076 8 WARNING neutron.api.rpc.agentnotifiers.dhcp_rpc_agent_api [None req-22624c60-424e-4b7b-bd8e-3cca5a42f450 476489b4f647404db3ef6ed4808b2aaa 186e8821e82b477c988730a3a05a1044 - - default default] Unable to schedule network d893bf87-1703-44b9-959d-72ac5ab46b57: no agents available; will retry on subsequent port and subnet creation events.
2026-07-20 20:25:30.112 7 INFO neutron.db.segments_db [None req-212044a1-d41b-4533-a946-307f2f23d140 8c8f89d016e7493ea2cbe67e62d7be16 b9112501b83f4d15a57db59f806d37da - - default default] Added segment a4614e76-1095-47e1-9702-70a291b234b0 of type geneve for network 9a9c0fcd-1338-4447-9409-b347972d248c
2026-07-20 20:25:30.134 8 INFO neutron.plugins.ml2.drivers.ovn.mech_driver.mech_driver [None req-b7ad7fc8-c622-4cb1-a700-a7848b59b78c - - - - - -] OVN reports status down for port: c4763ac6-edcd-4291-bd23-f979ea4861bf
2026-07-20 20:25:30.197 8 INFO neutron.db.ovn_revision_numbers_db [None req-22624c60-424e-4b7b-bd8e-3cca5a42f450 476489b4f647404db3ef6ed4808b2aaa 186e8821e82b477c988730a3a05a1044 - - default default] Successfully bumped revision number for resource c4763ac6-edcd-4291-bd23-f979ea4861bf (type: ports) to 1 [pid: 8|app: 0|req: 1035/2045] 10.0.0.53 () {34 vars in 669 bytes} [Mon Jul 20 20:25:29 2026] POST /v2.0/networks => generated 768 bytes in 1001 msecs (HTTP/1.1 201) 4 headers in 162 bytes (1 switches on core 0) [pid: 8|app: 0|req: 1036/2046] 10.0.0.187 () {28 vars in 591 bytes} [Mon Jul 20 20:25:30 2026] GET /v2.0/subnetpools => generated 19 bytes in 13 msecs (HTTP/1.1 200) 4 headers in 156 bytes (1 switches on core 0)
2026-07-20 20:25:30.285 7 INFO neutron.db.ovn_revision_numbers_db [None req-212044a1-d41b-4533-a946-307f2f23d140 8c8f89d016e7493ea2cbe67e62d7be16 b9112501b83f4d15a57db59f806d37da - - default default] Successfully bumped revision number for resource 9a9c0fcd-1338-4447-9409-b347972d248c (type: networks) to 1
2026-07-20 20:25:30.453 8 WARNING neutron.scheduler.dhcp_agent_scheduler [None req-ec6149e5-ea8d-4b6e-a52d-c571aaed3309 476489b4f647404db3ef6ed4808b2aaa 186e8821e82b477c988730a3a05a1044 - - default default] No more DHCP agents
2026-07-20 20:25:30.454 8 WARNING neutron.api.rpc.agentnotifiers.dhcp_rpc_agent_api [None req-ec6149e5-ea8d-4b6e-a52d-c571aaed3309 476489b4f647404db3ef6ed4808b2aaa 186e8821e82b477c988730a3a05a1044 - - default default] Unable to schedule network d893bf87-1703-44b9-959d-72ac5ab46b57: no agents available; will retry on subsequent port and subnet creation events.
2026-07-20 20:25:30.493 7 WARNING neutron.scheduler.dhcp_agent_scheduler [None req-212044a1-d41b-4533-a946-307f2f23d140 8c8f89d016e7493ea2cbe67e62d7be16 b9112501b83f4d15a57db59f806d37da - - default default] No more DHCP agents
2026-07-20 20:25:30.495 7 WARNING neutron.api.rpc.agentnotifiers.dhcp_rpc_agent_api [None req-212044a1-d41b-4533-a946-307f2f23d140 8c8f89d016e7493ea2cbe67e62d7be16 b9112501b83f4d15a57db59f806d37da - - default default] Unable to schedule network 9a9c0fcd-1338-4447-9409-b347972d248c: no agents available; will retry on subsequent port and subnet creation events.
2026-07-20 20:25:30.567 7 INFO neutron.plugins.ml2.drivers.ovn.mech_driver.mech_driver [None req-30303146-14a0-4d39-86a2-1bb17eb48502 - - - - - -] OVN reports status down for port: e8064936-a752-4d8d-bb74-bfe79984d02c
2026-07-20 20:25:30.640 7 INFO neutron.db.ovn_revision_numbers_db [None req-212044a1-d41b-4533-a946-307f2f23d140 8c8f89d016e7493ea2cbe67e62d7be16 b9112501b83f4d15a57db59f806d37da - - default default] Successfully bumped revision number for resource e8064936-a752-4d8d-bb74-bfe79984d02c (type: ports) to 1 [pid: 7|app: 0|req: 1011/2047] 10.0.0.53 () {34 vars in 669 bytes} [Mon Jul 20 20:25:29 2026] POST /v2.0/networks => generated 669 bytes in 710 msecs (HTTP/1.1 201) 4 headers in 162 bytes (1 switches on core 0) [pid: 7|app: 0|req: 1012/2048] 10.0.0.187 () {28 vars in 591 bytes} [Mon Jul 20 20:25:30 2026] GET /v2.0/floatingips => generated 19 bytes in 18 msecs (HTTP/1.1 200) 4 headers in 156 bytes (1 switches on core 0)
2026-07-20 20:25:30.931 7 WARNING neutron.scheduler.dhcp_agent_scheduler [None req-f4d7fca8-9772-4a1e-9ec3-33acf9cf26f5 8c8f89d016e7493ea2cbe67e62d7be16 b9112501b83f4d15a57db59f806d37da - - default default] No more DHCP agents
2026-07-20 20:25:30.933 7 WARNING neutron.api.rpc.agentnotifiers.dhcp_rpc_agent_api [None req-f4d7fca8-9772-4a1e-9ec3-33acf9cf26f5 8c8f89d016e7493ea2cbe67e62d7be16 b9112501b83f4d15a57db59f806d37da - - default default] Unable to schedule network 9a9c0fcd-1338-4447-9409-b347972d248c: no agents available; will retry on subsequent port and subnet creation events.
2026-07-20 20:25:31.037 8 INFO neutron.db.ovn_revision_numbers_db [None req-ec6149e5-ea8d-4b6e-a52d-c571aaed3309 476489b4f647404db3ef6ed4808b2aaa 186e8821e82b477c988730a3a05a1044 - - default default] Successfully bumped revision number for resource c4763ac6-edcd-4291-bd23-f979ea4861bf (type: ports) to 2
2026-07-20 20:25:31.075 8 INFO neutron.db.ovn_revision_numbers_db [None req-ec6149e5-ea8d-4b6e-a52d-c571aaed3309 476489b4f647404db3ef6ed4808b2aaa 186e8821e82b477c988730a3a05a1044 - - default default] Successfully bumped revision number for resource b23b159c-0821-4c01-95bc-a296f2ec39a2 (type: subnets) to 0 [pid: 8|app: 0|req: 1037/2049] 10.0.0.53 () {34 vars in 668 bytes} [Mon Jul 20 20:25:30 2026] POST /v2.0/subnets => generated 644 bytes in 819 msecs (HTTP/1.1 201) 4 headers in 162 bytes (1 switches on core 0) [pid: 8|app: 0|req: 1038/2050] 10.0.0.187 () {28 vars in 579 bytes} [Mon Jul 20 20:25:31 2026] GET /v2.0/ports => generated 10307 bytes in 55 msecs (HTTP/1.1 200) 4 headers in 159 bytes (1 switches on core 0)
2026-07-20 20:25:31.482 8 INFO neutron.db.ovn_revision_numbers_db [None req-91684ed7-f202-4566-a9a8-9dcbf41f41ad 5cab48f674b34449a2c7ed84b7334d4b c7a57adeb322471a84ba8c5bce02b23d - - default default] Successfully bumped revision number for resource 40bce824-66f7-4611-b77d-c9ed694054fb (type: security_groups) to 1
2026-07-20 20:25:31.499 8 INFO neutron.db.ovn_revision_numbers_db [None req-91684ed7-f202-4566-a9a8-9dcbf41f41ad 5cab48f674b34449a2c7ed84b7334d4b c7a57adeb322471a84ba8c5bce02b23d - - default default] Successfully bumped revision number for resource 39a85ba1-bdce-451b-8fb5-2f6592848ada (type: security_group_rules) to 0
2026-07-20 20:25:31.516 8 INFO neutron.db.ovn_revision_numbers_db [None req-91684ed7-f202-4566-a9a8-9dcbf41f41ad 5cab48f674b34449a2c7ed84b7334d4b c7a57adeb322471a84ba8c5bce02b23d - - default default] Successfully bumped revision number for resource 5f568d3a-220a-4552-93b9-257b8f8cb703 (type: security_group_rules) to 0
2026-07-20 20:25:31.532 8 INFO neutron.db.ovn_revision_numbers_db [None req-91684ed7-f202-4566-a9a8-9dcbf41f41ad 5cab48f674b34449a2c7ed84b7334d4b c7a57adeb322471a84ba8c5bce02b23d - - default default] Successfully bumped revision number for resource b4f929cd-46ac-44a9-bee7-7a09738f2b41 (type: security_group_rules) to 0
2026-07-20 20:25:31.533 7 INFO neutron.db.ovn_revision_numbers_db [None req-f4d7fca8-9772-4a1e-9ec3-33acf9cf26f5 8c8f89d016e7493ea2cbe67e62d7be16 b9112501b83f4d15a57db59f806d37da - - default default] Successfully bumped revision number for resource e8064936-a752-4d8d-bb74-bfe79984d02c (type: ports) to 2
2026-07-20 20:25:31.546 8 INFO neutron.db.ovn_revision_numbers_db [None req-91684ed7-f202-4566-a9a8-9dcbf41f41ad 5cab48f674b34449a2c7ed84b7334d4b c7a57adeb322471a84ba8c5bce02b23d - - default default] Successfully bumped revision number for resource e5cca72a-de06-40d8-a24e-febda14a713e (type: security_group_rules) to 0
2026-07-20 20:25:31.571 7 INFO neutron.db.ovn_revision_numbers_db [None req-f4d7fca8-9772-4a1e-9ec3-33acf9cf26f5 8c8f89d016e7493ea2cbe67e62d7be16 b9112501b83f4d15a57db59f806d37da - - default default] Successfully bumped revision number for resource c3b2287c-d75c-41c8-91d7-b2b676f7a888 (type: subnets) to 0 [pid: 7|app: 0|req: 1013/2051] 10.0.0.53 () {34 vars in 668 bytes} [Mon Jul 20 20:25:30 2026] POST /v2.0/subnets => generated 629 bytes in 867 msecs (HTTP/1.1 201) 4 headers in 162 bytes (1 switches on core 0)
2026-07-20 20:25:31.677 8 INFO neutron.db.ovn_revision_numbers_db [None req-91684ed7-f202-4566-a9a8-9dcbf41f41ad 5cab48f674b34449a2c7ed84b7334d4b c7a57adeb322471a84ba8c5bce02b23d - - default default] Successfully bumped revision number for resource 40dc8091-fe71-4040-b44d-5c75e0e09795 (type: security_groups) to 1
2026-07-20 20:25:31.694 8 INFO neutron.db.ovn_revision_numbers_db [None req-91684ed7-f202-4566-a9a8-9dcbf41f41ad 5cab48f674b34449a2c7ed84b7334d4b c7a57adeb322471a84ba8c5bce02b23d - - default default] Successfully bumped revision number for resource 17f6812b-c75e-4729-b717-6fbe34a38566 (type: security_group_rules) to 0
2026-07-20 20:25:31.720 8 INFO neutron.db.ovn_revision_numbers_db [None req-91684ed7-f202-4566-a9a8-9dcbf41f41ad 5cab48f674b34449a2c7ed84b7334d4b c7a57adeb322471a84ba8c5bce02b23d - - default default] Successfully bumped revision number for resource cd4c217a-504f-4742-807b-17e7a2244994 (type: security_group_rules) to 0 [pid: 7|app: 0|req: 1014/2052] 10.0.0.53 () {34 vars in 677 bytes} [Mon Jul 20 20:25:31 2026] POST /v2.0/qos/policies => generated 359 bytes in 128 msecs (HTTP/1.1 201) 4 headers in 162 bytes (1 switches on core 0)
2026-07-20 20:25:31.726 7 WARNING neutron.api.v2.base [None req-0ca2087a-294e-45d7-a921-4c6f2acfd19d 476489b4f647404db3ef6ed4808b2aaa 186e8821e82b477c988730a3a05a1044 - - default default] An exception happened while processing the request body. The exception message is [Invalid input for target_tenant. Reason: 'None' is not a valid string.].: webob.exc.HTTPBadRequest: Invalid input for target_tenant. Reason: 'None' is not a valid string.
2026-07-20 20:25:31.727 7 INFO neutron.api.v2.resource [None req-0ca2087a-294e-45d7-a921-4c6f2acfd19d 476489b4f647404db3ef6ed4808b2aaa 186e8821e82b477c988730a3a05a1044 - - default default] create failed (client error): Invalid input for target_tenant. Reason: 'None' is not a valid string. [pid: 7|app: 0|req: 1015/2053] 10.0.0.53 () {34 vars in 680 bytes} [Mon Jul 20 20:25:31 2026] POST /v2.0/rbac-policies => generated 143 bytes in 6 msecs (HTTP/1.1 400) 4 headers in 166 bytes (1 switches on core 0) [pid: 7|app: 0|req: 1016/2054] 10.0.0.187 () {28 vars in 619 bytes} [Mon Jul 20 20:25:31 2026] GET /v2.0/network-ip-availabilities => generated 5452 bytes in 25 msecs (HTTP/1.1 200) 4 headers in 158 bytes (1 switches on core 0) [pid: 8|app: 0|req: 1039/2055] 10.0.0.53 () {34 vars in 683 bytes} [Mon Jul 20 20:25:31 2026] POST /v2.0/security-groups => generated 1601 bytes in 622 msecs (HTTP/1.1 201) 4 headers in 163 bytes (1 switches on core 0) [pid: 8|app: 0|req: 1040/2056] 10.0.0.53 () {34 vars in 677 bytes} [Mon Jul 20 20:25:31 2026] POST /v2.0/qos/policies => generated 359 bytes in 64 msecs (HTTP/1.1 201) 4 headers in 162 bytes (1 switches on core 0)
2026-07-20 20:25:31.860 7 INFO neutron.db.segments_db [None req-f26f42e1-59b5-4579-9db4-9fa71c1fd805 8c8f89d016e7493ea2cbe67e62d7be16 b9112501b83f4d15a57db59f806d37da - - default default] Added segment dc516d18-308c-442b-bf89-a018bb945335 of type geneve for network 93ca1495-2143-4d2a-a82d-1fed58ecf5ed
2026-07-20 20:25:32.001 7 INFO neutron.db.ovn_revision_numbers_db [None req-f26f42e1-59b5-4579-9db4-9fa71c1fd805 8c8f89d016e7493ea2cbe67e62d7be16 b9112501b83f4d15a57db59f806d37da - - default default] Successfully bumped revision number for resource 93ca1495-2143-4d2a-a82d-1fed58ecf5ed (type: networks) to 1
2026-07-20 20:25:32.022 8 INFO neutron_taas.services.taas.taas_plugin [None req-dc5320e3-fb3a-463d-a774-b6e002d9ece4 476489b4f647404db3ef6ed4808b2aaa 186e8821e82b477c988730a3a05a1044 - - default default] TaaS: Handle Delete Port: c4763ac6-edcd-4291-bd23-f979ea4861bf
2026-07-20 20:25:32.026 8 INFO neutron_taas.services.taas.tap_mirror_plugin [None req-dc5320e3-fb3a-463d-a774-b6e002d9ece4 476489b4f647404db3ef6ed4808b2aaa 186e8821e82b477c988730a3a05a1044 - - default default] Tap Mirror: Handle Delete Port: c4763ac6-edcd-4291-bd23-f979ea4861bf
2026-07-20 20:25:32.252 7 WARNING neutron.scheduler.dhcp_agent_scheduler [None req-f26f42e1-59b5-4579-9db4-9fa71c1fd805 8c8f89d016e7493ea2cbe67e62d7be16 b9112501b83f4d15a57db59f806d37da - - default default] No more DHCP agents
2026-07-20 20:25:32.257 7 WARNING neutron.api.rpc.agentnotifiers.dhcp_rpc_agent_api [None req-f26f42e1-59b5-4579-9db4-9fa71c1fd805 8c8f89d016e7493ea2cbe67e62d7be16 b9112501b83f4d15a57db59f806d37da - - default default] Unable to schedule network 93ca1495-2143-4d2a-a82d-1fed58ecf5ed: no agents available; will retry on subsequent port and subnet creation events.
2026-07-20 20:25:32.328 7 INFO neutron.plugins.ml2.drivers.ovn.mech_driver.mech_driver [None req-30303146-14a0-4d39-86a2-1bb17eb48502 - - - - - -] OVN reports status down for port: 80d4b3db-cb1e-46a9-b440-faf6e52c39ba
2026-07-20 20:25:32.413 7 INFO neutron.db.ovn_revision_numbers_db [None req-f26f42e1-59b5-4579-9db4-9fa71c1fd805 8c8f89d016e7493ea2cbe67e62d7be16 b9112501b83f4d15a57db59f806d37da - - default default] Successfully bumped revision number for resource 80d4b3db-cb1e-46a9-b440-faf6e52c39ba (type: ports) to 1
2026-07-20 20:25:32.452 8 INFO neutron.services.segments.plugin [-] Segment 3b14d93c-5c9c-4d5a-ac01-eda27b06819e resource provider aggregate not found
2026-07-20 20:25:32.456 8 INFO neutron.services.segments.plugin [-] Segment 3b14d93c-5c9c-4d5a-ac01-eda27b06819e resource provider aggregate not found [pid: 7|app: 0|req: 1017/2057] 10.0.0.53 () {34 vars in 669 bytes} [Mon Jul 20 20:25:31 2026] POST /v2.0/networks => generated 669 bytes in 713 msecs (HTTP/1.1 201) 4 headers in 162 bytes (1 switches on core 0)
2026-07-20 20:25:32.476 8 INFO neutron.services.segments.plugin [-] Client error retrieving segment 3b14d93c-5c9c-4d5a-ac01-eda27b06819e resource provider; error: Placement Client Error (4xx): {"errors": [{"status": 404, "title": "Not Found", "detail": "The resource could not be found.\n\n No resource provider with uuid 3b14d93c-5c9c-4d5a-ac01-eda27b06819e found for delete ", "request_id": "req-a845f7c1-8152-4eb8-976b-71f1647c73f8"}]}
2026-07-20 20:25:32.478 8 INFO neutron.services.segments.plugin [-] Client error retrieving segment 3b14d93c-5c9c-4d5a-ac01-eda27b06819e resource provider; error: Placement Client Error (4xx): {"errors": [{"status": 404, "title": "Not Found", "detail": "The resource could not be found.\n\n No resource provider with uuid 3b14d93c-5c9c-4d5a-ac01-eda27b06819e found for delete ", "request_id": "req-eaeb6a55-9bdc-4e69-a1e5-aa96eac1e407"}]} [pid: 8|app: 0|req: 1041/2058] 10.0.0.53 () {32 vars in 725 bytes} [Mon Jul 20 20:25:31 2026] DELETE /v2.0/networks/d893bf87-1703-44b9-959d-72ac5ab46b57 => generated 0 bytes in 676 msecs (HTTP/1.1 204) 3 headers in 131 bytes (1 switches on core 0) [pid: 7|app: 0|req: 1018/2059] 10.0.0.187 () {28 vars in 599 bytes} [Mon Jul 20 20:25:32 2026] GET /v2.0/security-groups => generated 27694 bytes in 71 msecs (HTTP/1.1 200) 4 headers in 159 bytes (1 switches on core 0)
2026-07-20 20:25:32.547 8 WARNING tagging [None req-ed1a8e60-cdd0-4b7e-ac6a-4dcd6d3c95a2 5cab48f674b34449a2c7ed84b7334d4b c7a57adeb322471a84ba8c5bce02b23d - - default default] project_id key not found in request, using tenant_id instead. This support has been deprecated and will be removed in a future release. [pid: 8|app: 0|req: 1042/2060] 10.0.0.53 () {34 vars in 766 bytes} [Mon Jul 20 20:25:32 2026] PUT /v2.0/security-groups/40dc8091-fe71-4040-b44d-5c75e0e09795/tags => generated 25 bytes in 69 msecs (HTTP/1.1 200) 4 headers in 156 bytes (1 switches on core 0) [pid: 7|app: 0|req: 1019/2061] 10.0.0.53 () {34 vars in 677 bytes} [Mon Jul 20 20:25:32 2026] POST /v2.0/qos/policies => generated 359 bytes in 56 msecs (HTTP/1.1 201) 4 headers in 162 bytes (1 switches on core 0)
2026-07-20 20:25:32.690 7 INFO neutron.db.segments_db [None req-b08dcfe4-c289-426e-9a15-ae262785ad6f 476489b4f647404db3ef6ed4808b2aaa 186e8821e82b477c988730a3a05a1044 - - default default] Added segment a3378832-c0aa-4cbc-b7b3-80a030ca7451 of type geneve for network 41125cff-839a-4a80-83e0-2645ee21cc27
2026-07-20 20:25:32.796 8 WARNING neutron.scheduler.dhcp_agent_scheduler [None req-50978c60-a551-4193-88f4-d4a0cc608cb3 8c8f89d016e7493ea2cbe67e62d7be16 b9112501b83f4d15a57db59f806d37da - - default default] No more DHCP agents
2026-07-20 20:25:32.800 8 WARNING neutron.api.rpc.agentnotifiers.dhcp_rpc_agent_api [None req-50978c60-a551-4193-88f4-d4a0cc608cb3 8c8f89d016e7493ea2cbe67e62d7be16 b9112501b83f4d15a57db59f806d37da - - default default] Unable to schedule network 93ca1495-2143-4d2a-a82d-1fed58ecf5ed: no agents available; will retry on subsequent port and subnet creation events.
2026-07-20 20:25:32.810 7 INFO neutron.db.ovn_revision_numbers_db [None req-b08dcfe4-c289-426e-9a15-ae262785ad6f 476489b4f647404db3ef6ed4808b2aaa 186e8821e82b477c988730a3a05a1044 - - default default] Successfully bumped revision number for resource 41125cff-839a-4a80-83e0-2645ee21cc27 (type: networks) to 1
2026-07-20 20:25:32.977 7 WARNING neutron.scheduler.dhcp_agent_scheduler [None req-b08dcfe4-c289-426e-9a15-ae262785ad6f 476489b4f647404db3ef6ed4808b2aaa 186e8821e82b477c988730a3a05a1044 - - default default] No more DHCP agents
2026-07-20 20:25:32.978 7 WARNING neutron.api.rpc.agentnotifiers.dhcp_rpc_agent_api [None req-b08dcfe4-c289-426e-9a15-ae262785ad6f 476489b4f647404db3ef6ed4808b2aaa 186e8821e82b477c988730a3a05a1044 - - default default] Unable to schedule network 41125cff-839a-4a80-83e0-2645ee21cc27: no agents available; will retry on subsequent port and subnet creation events.
2026-07-20 20:25:33.062 7 INFO neutron.db.ovn_revision_numbers_db [None req-b08dcfe4-c289-426e-9a15-ae262785ad6f 476489b4f647404db3ef6ed4808b2aaa 186e8821e82b477c988730a3a05a1044 - - default default] Successfully bumped revision number for resource fb74fc97-b63c-4b80-80f2-b40cff3a9920 (type: ports) to 1
2026-07-20 20:25:33.063 8 INFO neutron.plugins.ml2.drivers.ovn.mech_driver.mech_driver [None req-b7ad7fc8-c622-4cb1-a700-a7848b59b78c - - - - - -] OVN reports status down for port: fb74fc97-b63c-4b80-80f2-b40cff3a9920 [pid: 7|app: 0|req: 1020/2062] 10.0.0.53 () {34 vars in 669 bytes} [Mon Jul 20 20:25:32 2026] POST /v2.0/networks => generated 768 bytes in 491 msecs (HTTP/1.1 201) 4 headers in 162 bytes (1 switches on core 0) [pid: 7|app: 0|req: 1021/2063] 10.0.0.187 () {28 vars in 583 bytes} [Mon Jul 20 20:25:33 2026] GET /v2.0/routers => generated 15 bytes in 17 msecs (HTTP/1.1 200) 4 headers in 156 bytes (1 switches on core 0)
2026-07-20 20:25:33.129 7 WARNING tagging [None req-d4cbc606-bb5e-429b-9eab-a3a324a4fbc5 5cab48f674b34449a2c7ed84b7334d4b c7a57adeb322471a84ba8c5bce02b23d - - default default] project_id key not found in request, using tenant_id instead. This support has been deprecated and will be removed in a future release. [pid: 7|app: 0|req: 1022/2064] 10.0.0.53 () {32 vars in 746 bytes} [Mon Jul 20 20:25:33 2026] GET /v2.0/security-groups/40dc8091-fe71-4040-b44d-5c75e0e09795/tags => generated 25 bytes in 35 msecs (HTTP/1.1 200) 4 headers in 156 bytes (1 switches on core 0) [pid: 7|app: 0|req: 1023/2065] 10.0.0.53 () {34 vars in 677 bytes} [Mon Jul 20 20:25:33 2026] POST /v2.0/qos/policies => generated 359 bytes in 48 msecs (HTTP/1.1 201) 4 headers in 162 bytes (1 switches on core 0)
2026-07-20 20:25:33.366 7 WARNING neutron.scheduler.dhcp_agent_scheduler [None req-eb69bba1-44b5-41de-8bd0-3294f7458ff3 476489b4f647404db3ef6ed4808b2aaa 186e8821e82b477c988730a3a05a1044 - - default default] No more DHCP agents
2026-07-20 20:25:33.368 7 WARNING neutron.api.rpc.agentnotifiers.dhcp_rpc_agent_api [None req-eb69bba1-44b5-41de-8bd0-3294f7458ff3 476489b4f647404db3ef6ed4808b2aaa 186e8821e82b477c988730a3a05a1044 - - default default] Unable to schedule network 41125cff-839a-4a80-83e0-2645ee21cc27: no agents available; will retry on subsequent port and subnet creation events.
2026-07-20 20:25:33.375 8 INFO neutron.db.ovn_revision_numbers_db [None req-50978c60-a551-4193-88f4-d4a0cc608cb3 8c8f89d016e7493ea2cbe67e62d7be16 b9112501b83f4d15a57db59f806d37da - - default default] Successfully bumped revision number for resource 80d4b3db-cb1e-46a9-b440-faf6e52c39ba (type: ports) to 2
2026-07-20 20:25:33.418 8 INFO neutron.db.ovn_revision_numbers_db [None req-50978c60-a551-4193-88f4-d4a0cc608cb3 8c8f89d016e7493ea2cbe67e62d7be16 b9112501b83f4d15a57db59f806d37da - - default default] Successfully bumped revision number for resource 86f251e9-f91f-4019-bc46-0693acca5d05 (type: subnets) to 0 [pid: 8|app: 0|req: 1043/2066] 10.0.0.53 () {34 vars in 668 bytes} [Mon Jul 20 20:25:32 2026] POST /v2.0/subnets => generated 629 bytes in 854 msecs (HTTP/1.1 201) 4 headers in 162 bytes (1 switches on core 0) [pid: 8|app: 0|req: 1044/2067] 10.0.0.187 () {28 vars in 624 bytes} [Mon Jul 20 20:25:33 2026] GET /v2.0/agents?binary=ovn-controller => generated 416 bytes in 14 msecs (HTTP/1.1 200) 4 headers in 157 bytes (1 switches on core 0)
2026-07-20 20:25:33.480 8 WARNING tagging [None req-ccac1a6f-a69b-4a02-86c0-1aaeac3a5000 5cab48f674b34449a2c7ed84b7334d4b c7a57adeb322471a84ba8c5bce02b23d - - default default] project_id key not found in request, using tenant_id instead. This support has been deprecated and will be removed in a future release. [pid: 8|app: 0|req: 1045/2068] 10.0.0.53 () {34 vars in 777 bytes} [Mon Jul 20 20:25:33 2026] PUT /v2.0/security-groups/40dc8091-fe71-4040-b44d-5c75e0e09795/tags/green => generated 4 bytes in 66 msecs (HTTP/1.1 201) 4 headers in 160 bytes (1 switches on core 0) [pid: 8|app: 0|req: 1046/2069] 10.0.0.53 () {34 vars in 677 bytes} [Mon Jul 20 20:25:33 2026] POST /v2.0/qos/policies => generated 359 bytes in 59 msecs (HTTP/1.1 201) 4 headers in 162 bytes (1 switches on core 0) [pid: 8|app: 0|req: 1047/2070] 10.0.0.53 () {34 vars in 750 bytes} [Mon Jul 20 20:25:33 2026] PUT /v2.0/subnets/2a80380f-aff4-41bd-98c5-a75f29ae4014/tags => generated 17 bytes in 66 msecs (HTTP/1.1 200) 4 headers in 156 bytes (1 switches on core 0) [pid: 8|app: 0|req: 1048/2071] 10.0.0.187 () {28 vars in 585 bytes} [Mon Jul 20 20:25:33 2026] GET /v2.0/networks => generated 6982 bytes in 86 msecs (HTTP/1.1 200) 4 headers in 158 bytes (1 switches on core 0)
2026-07-20 20:25:33.912 7 INFO neutron.db.ovn_revision_numbers_db [None req-eb69bba1-44b5-41de-8bd0-3294f7458ff3 476489b4f647404db3ef6ed4808b2aaa 186e8821e82b477c988730a3a05a1044 - - default default] Successfully bumped revision number for resource fb74fc97-b63c-4b80-80f2-b40cff3a9920 (type: ports) to 2
2026-07-20 20:25:33.954 7 INFO neutron.db.ovn_revision_numbers_db [None req-eb69bba1-44b5-41de-8bd0-3294f7458ff3 476489b4f647404db3ef6ed4808b2aaa 186e8821e82b477c988730a3a05a1044 - - default default] Successfully bumped revision number for resource 99f6ad99-39c4-4527-be19-410b66e56055 (type: subnets) to 0 [pid: 7|app: 0|req: 1024/2072] 10.0.0.53 () {34 vars in 668 bytes} [Mon Jul 20 20:25:33 2026] POST /v2.0/subnets => generated 647 bytes in 786 msecs (HTTP/1.1 201) 4 headers in 162 bytes (1 switches on core 0)
2026-07-20 20:25:34.012 7 WARNING tagging [None req-ae8291ee-8439-49e9-b30f-3fa005df8582 432182e86390426a8a3af6e02c8a6a7c f94ae0bce0d24b9fa4e684c19d7f0aef - - default default] project_id key not found in request, using tenant_id instead. This support has been deprecated and will be removed in a future release. [pid: 7|app: 0|req: 1025/2073] 10.0.0.53 () {34 vars in 752 bytes} [Mon Jul 20 20:25:33 2026] PUT /v2.0/policies/da072516-0f57-4320-a6d2-4dd8ed19b495/tags => generated 17 bytes in 63 msecs (HTTP/1.1 200) 4 headers in 156 bytes (1 switches on core 0) [pid: 7|app: 0|req: 1026/2074] 10.0.0.53 () {34 vars in 750 bytes} [Mon Jul 20 20:25:34 2026] PUT /v2.0/subnets/e413c601-5c94-493d-9327-be1e8f01015f/tags => generated 25 bytes in 75 msecs (HTTP/1.1 200) 4 headers in 156 bytes (1 switches on core 0)
2026-07-20 20:25:34.120 7 WARNING neutron.api.v2.base [None req-19e1e876-51db-46f6-ad26-0d02f121e2ab 476489b4f647404db3ef6ed4808b2aaa 186e8821e82b477c988730a3a05a1044 - - default default] An exception happened while processing the request body. The exception message is [Invalid input for target_tenant. Reason: '1234123412341234123412341234123412341234123412341234123412341234123412341234123412341234123412341234123412341234123412341234123412341234123412341234123412341234123412341234123412341234123412341234123412341234123412341234123412341234123412341234123412341234123412341234123412341234123412341234123412341234123412341234123412341234123412341234123412341234123412341234123412341234123412341234123412341234' exceeds maximum length of 255.].: webob.exc.HTTPBadRequest: Invalid input for target_tenant. Reason: '1234123412341234123412341234123412341234123412341234123412341234123412341234123412341234123412341234123412341234123412341234123412341234123412341234123412341234123412341234123412341234123412341234123412341234123412341234123412341234123412341234123412341234123412341234123412341234123412341234123412341234123412341234123412341234123412341234123412341234123412341234123412341234123412341234123412341234' exceeds maximum length of 255.
2026-07-20 20:25:34.121 7 INFO neutron.api.v2.resource [None req-19e1e876-51db-46f6-ad26-0d02f121e2ab 476489b4f647404db3ef6ed4808b2aaa 186e8821e82b477c988730a3a05a1044 - - default default] create failed (client error): Invalid input for target_tenant. Reason: '1234123412341234123412341234123412341234123412341234123412341234123412341234123412341234123412341234123412341234123412341234123412341234123412341234123412341234123412341234123412341234123412341234123412341234123412341234123412341234123412341234123412341234123412341234123412341234123412341234123412341234123412341234123412341234123412341234123412341234123412341234123412341234123412341234123412341234' exceeds maximum length of 255. [pid: 7|app: 0|req: 1027/2075] 10.0.0.53 () {34 vars in 680 bytes} [Mon Jul 20 20:25:34 2026] POST /v2.0/rbac-policies => generated 547 bytes in 7 msecs (HTTP/1.1 400) 4 headers in 166 bytes (1 switches on core 0)
2026-07-20 20:25:34.150 7 WARNING tagging [None req-cc72f825-4fb6-4288-bab0-e5af7b2d536a 432182e86390426a8a3af6e02c8a6a7c f94ae0bce0d24b9fa4e684c19d7f0aef - - default default] project_id key not found in request, using tenant_id instead. This support has been deprecated and will be removed in a future release. [pid: 7|app: 0|req: 1028/2076] 10.0.0.53 () {34 vars in 752 bytes} [Mon Jul 20 20:25:34 2026] PUT /v2.0/policies/f9d10f95-8292-439a-a7dd-dc85a29a1763/tags => generated 25 bytes in 53 msecs (HTTP/1.1 200) 4 headers in 156 bytes (1 switches on core 0) [pid: 7|app: 0|req: 1029/2077] 10.0.0.53 () {34 vars in 750 bytes} [Mon Jul 20 20:25:34 2026] PUT /v2.0/subnets/b6737900-9957-47f5-b8a2-b4053ac16f99/tags => generated 34 bytes in 65 msecs (HTTP/1.1 200) 4 headers in 156 bytes (1 switches on core 0)
2026-07-20 20:25:34.442 7 INFO neutron_taas.services.taas.taas_plugin [None req-d8aa89d0-ceae-4f31-8c85-0f49194787d7 476489b4f647404db3ef6ed4808b2aaa 186e8821e82b477c988730a3a05a1044 - - default default] TaaS: Handle Delete Port: fb74fc97-b63c-4b80-80f2-b40cff3a9920
2026-07-20 20:25:34.446 7 INFO neutron_taas.services.taas.tap_mirror_plugin [None req-d8aa89d0-ceae-4f31-8c85-0f49194787d7 476489b4f647404db3ef6ed4808b2aaa 186e8821e82b477c988730a3a05a1044 - - default default] Tap Mirror: Handle Delete Port: fb74fc97-b63c-4b80-80f2-b40cff3a9920
2026-07-20 20:25:34.596 8 WARNING tagging [None req-1ecc235f-470e-44e3-aef6-98bbc9a4d801 5cab48f674b34449a2c7ed84b7334d4b c7a57adeb322471a84ba8c5bce02b23d - - default default] project_id key not found in request, using tenant_id instead. This support has been deprecated and will be removed in a future release. [pid: 8|app: 0|req: 1049/2078] 10.0.0.53 () {32 vars in 746 bytes} [Mon Jul 20 20:25:33 2026] GET /v2.0/security-groups/40dc8091-fe71-4040-b44d-5c75e0e09795/tags => generated 34 bytes in 876 msecs (HTTP/1.1 200) 4 headers in 156 bytes (1 switches on core 0)
2026-07-20 20:25:34.648 8 WARNING tagging [None req-b018d697-e41f-4cea-8a2a-9da2a4dc65cf 432182e86390426a8a3af6e02c8a6a7c f94ae0bce0d24b9fa4e684c19d7f0aef - - default default] project_id key not found in request, using tenant_id instead. This support has been deprecated and will be removed in a future release. [pid: 8|app: 0|req: 1050/2079] 10.0.0.53 () {34 vars in 752 bytes} [Mon Jul 20 20:25:34 2026] PUT /v2.0/policies/fe902f3e-311c-4048-a49d-77b6e0c2e9ec/tags => generated 34 bytes in 70 msecs (HTTP/1.1 200) 4 headers in 156 bytes (1 switches on core 0) [pid: 8|app: 0|req: 1051/2080] 10.0.0.53 () {34 vars in 750 bytes} [Mon Jul 20 20:25:34 2026] PUT /v2.0/subnets/c3b2287c-d75c-41c8-91d7-b2b676f7a888/tags => generated 19 bytes in 54 msecs (HTTP/1.1 200) 4 headers in 156 bytes (1 switches on core 0)
2026-07-20 20:25:34.758 8 WARNING tagging [None req-f811759d-7837-4609-81c1-a82dbae8e49e 5cab48f674b34449a2c7ed84b7334d4b c7a57adeb322471a84ba8c5bce02b23d - - default default] project_id key not found in request, using tenant_id instead. This support has been deprecated and will be removed in a future release. [pid: 8|app: 0|req: 1052/2081] 10.0.0.53 () {34 vars in 773 bytes} [Mon Jul 20 20:25:34 2026] PUT /v2.0/security-groups/40dc8091-fe71-4040-b44d-5c75e0e09795/tags/red => generated 4 bytes in 48 msecs (HTTP/1.1 201) 4 headers in 160 bytes (1 switches on core 0)
2026-07-20 20:25:34.795 7 INFO neutron.services.segments.plugin [-] Segment a3378832-c0aa-4cbc-b7b3-80a030ca7451 resource provider aggregate not found
2026-07-20 20:25:34.797 7 INFO neutron.services.segments.plugin [-] Segment a3378832-c0aa-4cbc-b7b3-80a030ca7451 resource provider aggregate not found
2026-07-20 20:25:34.811 8 WARNING tagging [None req-d7b0e4b5-b2b5-4bde-a5a6-876577e36ffc 432182e86390426a8a3af6e02c8a6a7c f94ae0bce0d24b9fa4e684c19d7f0aef - - default default] project_id key not found in request, using tenant_id instead. This support has been deprecated and will be removed in a future release.
2026-07-20 20:25:34.817 7 INFO neutron.services.segments.plugin [-] Client error retrieving segment a3378832-c0aa-4cbc-b7b3-80a030ca7451 resource provider; error: Placement Client Error (4xx): {"errors": [{"status": 404, "title": "Not Found", "detail": "The resource could not be found.\n\n No resource provider with uuid a3378832-c0aa-4cbc-b7b3-80a030ca7451 found for delete ", "request_id": "req-8d5635d1-6a7d-428d-9459-51047cda0c23"}]}
2026-07-20 20:25:34.818 7 INFO neutron.services.segments.plugin [-] Client error retrieving segment a3378832-c0aa-4cbc-b7b3-80a030ca7451 resource provider; error: Placement Client Error (4xx): {"errors": [{"status": 404, "title": "Not Found", "detail": "The resource could not be found.\n\n No resource provider with uuid a3378832-c0aa-4cbc-b7b3-80a030ca7451 found for delete ", "request_id": "req-beecefdc-85df-4c14-9b50-07ea546d2bb8"}]} [pid: 8|app: 0|req: 1053/2082] 10.0.0.53 () {34 vars in 752 bytes} [Mon Jul 20 20:25:34 2026] PUT /v2.0/policies/0d7e7039-c8e1-44d9-b94b-615c8622a5d8/tags => generated 19 bytes in 53 msecs (HTTP/1.1 200) 4 headers in 156 bytes (1 switches on core 0) [pid: 7|app: 0|req: 1030/2083] 10.0.0.53 () {32 vars in 725 bytes} [Mon Jul 20 20:25:34 2026] DELETE /v2.0/networks/41125cff-839a-4a80-83e0-2645ee21cc27 => generated 0 bytes in 614 msecs (HTTP/1.1 204) 3 headers in 131 bytes (1 switches on core 0)
2026-07-20 20:25:34.880 7 WARNING tagging [None req-1da0d325-8de1-4c6c-b112-ce692c60db95 5cab48f674b34449a2c7ed84b7334d4b c7a57adeb322471a84ba8c5bce02b23d - - default default] project_id key not found in request, using tenant_id instead. This support has been deprecated and will be removed in a future release. [pid: 8|app: 0|req: 1054/2084] 10.0.0.53 () {32 vars in 663 bytes} [Mon Jul 20 20:25:34 2026] GET /v2.0/subnets?tags=red => generated 1904 bytes in 50 msecs (HTTP/1.1 200) 4 headers in 158 bytes (1 switches on core 0) [pid: 7|app: 0|req: 1031/2085] 10.0.0.53 () {32 vars in 746 bytes} [Mon Jul 20 20:25:34 2026] GET /v2.0/security-groups/40dc8091-fe71-4040-b44d-5c75e0e09795/tags => generated 34 bytes in 36 msecs (HTTP/1.1 200) 4 headers in 156 bytes (1 switches on core 0) [pid: 7|app: 0|req: 1032/2086] 10.0.0.53 () {32 vars in 677 bytes} [Mon Jul 20 20:25:34 2026] GET /v2.0/subnets?tags=red%2Cblue => generated 1283 bytes in 54 msecs (HTTP/1.1 200) 4 headers in 158 bytes (1 switches on core 0)
2026-07-20 20:25:34.976 8 INFO neutron.db.segments_db [None req-9fcc363d-3730-4c9e-bb03-e44dcce53ec0 476489b4f647404db3ef6ed4808b2aaa 186e8821e82b477c988730a3a05a1044 - - default default] Added segment a9c1948f-7fb0-405a-9a3b-feddc939dcc3 of type geneve for network d5ab1375-ee3b-42d1-94e6-950b3607a729
2026-07-20 20:25:34.982 7 WARNING tagging [None req-eed8eb53-13ab-46e5-ada7-48adbf04e604 5cab48f674b34449a2c7ed84b7334d4b c7a57adeb322471a84ba8c5bce02b23d - - default default] project_id key not found in request, using tenant_id instead. This support has been deprecated and will be removed in a future release. [pid: 7|app: 0|req: 1033/2087] 10.0.0.53 () {34 vars in 795 bytes} [Mon Jul 20 20:25:34 2026] PUT /v2.0/security-groups/40dc8091-fe71-4040-b44d-5c75e0e09795/tags/black.or.white => generated 4 bytes in 67 msecs (HTTP/1.1 201) 4 headers in 160 bytes (1 switches on core 0) [pid: 7|app: 0|req: 1036/2090] 10.0.0.53 () {32 vars in 673 bytes} [Mon Jul 20 20:25:35 2026] GET /v2.0/subnets?tags-any=blue => generated 1283 bytes in 44 msecs (HTTP/1.1 200) 4 headers in 158 bytes (1 switches on core 0)
2026-07-20 20:25:35.094 7 WARNING tagging [None req-eb4f3b90-1e46-4cdd-b53f-199a7802fe25 5cab48f674b34449a2c7ed84b7334d4b c7a57adeb322471a84ba8c5bce02b23d - - default default] project_id key not found in request, using tenant_id instead. This support has been deprecated and will be removed in a future release.
2026-07-20 20:25:35.098 8 INFO neutron.db.ovn_revision_numbers_db [None req-9fcc363d-3730-4c9e-bb03-e44dcce53ec0 476489b4f647404db3ef6ed4808b2aaa 186e8821e82b477c988730a3a05a1044 - - default default] Successfully bumped revision number for resource d5ab1375-ee3b-42d1-94e6-950b3607a729 (type: networks) to 1 [pid: 7|app: 0|req: 1037/2091] 10.0.0.53 () {32 vars in 746 bytes} [Mon Jul 20 20:25:35 2026] GET /v2.0/security-groups/40dc8091-fe71-4040-b44d-5c75e0e09795/tags => generated 52 bytes in 44 msecs (HTTP/1.1 200) 4 headers in 156 bytes (1 switches on core 0) [pid: 7|app: 0|req: 1038/2092] 10.0.0.53 () {32 vars in 685 bytes} [Mon Jul 20 20:25:35 2026] GET /v2.0/subnets?tags-any=red%2Cblue => generated 1904 bytes in 39 msecs (HTTP/1.1 200) 4 headers in 158 bytes (1 switches on core 0)
2026-07-20 20:25:35.172 7 WARNING tagging [None req-a91ba11f-1101-4072-8ff6-513e9b9aba16 5cab48f674b34449a2c7ed84b7334d4b c7a57adeb322471a84ba8c5bce02b23d - - default default] project_id key not found in request, using tenant_id instead. This support has been deprecated and will be removed in a future release. [pid: 7|app: 0|req: 1039/2093] 10.0.0.53 () {34 vars in 766 bytes} [Mon Jul 20 20:25:35 2026] PUT /v2.0/security-groups/40dc8091-fe71-4040-b44d-5c75e0e09795/tags => generated 37 bytes in 55 msecs (HTTP/1.1 200) 4 headers in 156 bytes (1 switches on core 0) [pid: 7|app: 0|req: 1040/2094] 10.0.0.53 () {32 vars in 671 bytes} [Mon Jul 20 20:25:35 2026] GET /v2.0/subnets?not-tags=red => generated 1894 bytes in 51 msecs (HTTP/1.1 200) 4 headers in 158 bytes (1 switches on core 0)
2026-07-20 20:25:35.277 7 WARNING tagging [None req-5f602e11-4834-4f31-94aa-0710ca5727c8 5cab48f674b34449a2c7ed84b7334d4b c7a57adeb322471a84ba8c5bce02b23d - - default default] project_id key not found in request, using tenant_id instead. This support has been deprecated and will be removed in a future release.
2026-07-20 20:25:35.282 8 WARNING neutron.scheduler.dhcp_agent_scheduler [None req-9fcc363d-3730-4c9e-bb03-e44dcce53ec0 476489b4f647404db3ef6ed4808b2aaa 186e8821e82b477c988730a3a05a1044 - - default default] No more DHCP agents
2026-07-20 20:25:35.283 8 WARNING neutron.api.rpc.agentnotifiers.dhcp_rpc_agent_api [None req-9fcc363d-3730-4c9e-bb03-e44dcce53ec0 476489b4f647404db3ef6ed4808b2aaa 186e8821e82b477c988730a3a05a1044 - - default default] Unable to schedule network d5ab1375-ee3b-42d1-94e6-950b3607a729: no agents available; will retry on subsequent port and subnet creation events. [pid: 7|app: 0|req: 1041/2095] 10.0.0.53 () {32 vars in 746 bytes} [Mon Jul 20 20:25:35 2026] GET /v2.0/security-groups/40dc8091-fe71-4040-b44d-5c75e0e09795/tags => generated 37 bytes in 33 msecs (HTTP/1.1 200) 4 headers in 156 bytes (1 switches on core 0)
2026-07-20 20:25:35.379 7 INFO neutron.plugins.ml2.drivers.ovn.mech_driver.mech_driver [None req-30303146-14a0-4d39-86a2-1bb17eb48502 - - - - - -] OVN reports status down for port: 119a7136-66ff-4278-acb7-f2330aee305d
2026-07-20 20:25:35.383 8 INFO neutron.db.ovn_revision_numbers_db [None req-9fcc363d-3730-4c9e-bb03-e44dcce53ec0 476489b4f647404db3ef6ed4808b2aaa 186e8821e82b477c988730a3a05a1044 - - default default] Successfully bumped revision number for resource 119a7136-66ff-4278-acb7-f2330aee305d (type: ports) to 1 [pid: 8|app: 0|req: 1055/2096] 10.0.0.53 () {34 vars in 669 bytes} [Mon Jul 20 20:25:34 2026] POST /v2.0/networks => generated 768 bytes in 527 msecs (HTTP/1.1 201) 4 headers in 162 bytes (1 switches on core 0) [pid: 8|app: 0|req: 1056/2097] 10.0.0.53 () {32 vars in 685 bytes} [Mon Jul 20 20:25:35 2026] GET /v2.0/subnets?not-tags=red%2Cblue => generated 2515 bytes in 53 msecs (HTTP/1.1 200) 4 headers in 158 bytes (1 switches on core 0)
2026-07-20 20:25:35.492 8 WARNING tagging [None req-ef53272e-e4bc-44b5-bfc5-339cf7770742 5cab48f674b34449a2c7ed84b7334d4b c7a57adeb322471a84ba8c5bce02b23d - - default default] project_id key not found in request, using tenant_id instead. This support has been deprecated and will be removed in a future release. [pid: 7|app: 0|req: 1042/2099] 10.0.0.53 () {32 vars in 673 bytes} [Mon Jul 20 20:25:35 2026] GET /v2.0/qos/policies?tags=red => generated 1101 bytes in 218 msecs (HTTP/1.1 200) 4 headers in 158 bytes (1 switches on core 0) [pid: 8|app: 0|req: 1057/2099] 10.0.0.53 () {32 vars in 754 bytes} [Mon Jul 20 20:25:35 2026] GET /v2.0/security-groups/40dc8091-fe71-4040-b44d-5c75e0e09795/tags/red => generated 0 bytes in 39 msecs (HTTP/1.1 204) 2 headers in 112 bytes (1 switches on core 0) [pid: 8|app: 0|req: 1058/2100] 10.0.0.53 () {32 vars in 681 bytes} [Mon Jul 20 20:25:35 2026] GET /v2.0/subnets?not-tags-any=blue => generated 2515 bytes in 67 msecs (HTTP/1.1 200) 4 headers in 158 bytes (1 switches on core 0) [pid: 8|app: 0|req: 1059/2101] 10.0.0.53 () {32 vars in 687 bytes} [Mon Jul 20 20:25:35 2026] GET /v2.0/qos/policies?tags=red%2Cblue => generated 747 bytes in 65 msecs (HTTP/1.1 200) 4 headers in 157 bytes (1 switches on core 0)
2026-07-20 20:25:35.668 8 WARNING tagging [None req-fdfa538c-0a0b-4256-af4c-5347b0daf6dc 5cab48f674b34449a2c7ed84b7334d4b c7a57adeb322471a84ba8c5bce02b23d - - default default] project_id key not found in request, using tenant_id instead. This support has been deprecated and will be removed in a future release.
2026-07-20 20:25:35.679 8 INFO neutron.api.v2.resource [None req-fdfa538c-0a0b-4256-af4c-5347b0daf6dc 5cab48f674b34449a2c7ed84b7334d4b c7a57adeb322471a84ba8c5bce02b23d - - default default] show failed (client error): The resource could not be found. [pid: 8|app: 0|req: 1060/2102] 10.0.0.53 () {32 vars in 758 bytes} [Mon Jul 20 20:25:35 2026] GET /v2.0/security-groups/40dc8091-fe71-4040-b44d-5c75e0e09795/tags/green => generated 99 bytes in 39 msecs (HTTP/1.1 404) 4 headers in 163 bytes (1 switches on core 0)
2026-07-20 20:25:35.683 7 WARNING neutron.scheduler.dhcp_agent_scheduler [None req-c4ee0bb8-c493-4f69-8eed-344219e18c59 476489b4f647404db3ef6ed4808b2aaa 186e8821e82b477c988730a3a05a1044 - - default default] No more DHCP agents
2026-07-20 20:25:35.685 7 WARNING neutron.api.rpc.agentnotifiers.dhcp_rpc_agent_api [None req-c4ee0bb8-c493-4f69-8eed-344219e18c59 476489b4f647404db3ef6ed4808b2aaa 186e8821e82b477c988730a3a05a1044 - - default default] Unable to schedule network d5ab1375-ee3b-42d1-94e6-950b3607a729: no agents available; will retry on subsequent port and subnet creation events. [pid: 8|app: 0|req: 1061/2103] 10.0.0.53 () {32 vars in 693 bytes} [Mon Jul 20 20:25:35 2026] GET /v2.0/subnets?not-tags-any=red%2Cblue => generated 1894 bytes in 33 msecs (HTTP/1.1 200) 4 headers in 158 bytes (1 switches on core 0) [pid: 8|app: 0|req: 1062/2104] 10.0.0.53 () {32 vars in 683 bytes} [Mon Jul 20 20:25:35 2026] GET /v2.0/qos/policies?tags-any=blue => generated 747 bytes in 58 msecs (HTTP/1.1 200) 4 headers in 157 bytes (1 switches on core 0)
2026-07-20 20:25:35.802 8 WARNING tagging [None req-55e338fa-2305-4ab4-9f25-31ee1962a711 5cab48f674b34449a2c7ed84b7334d4b c7a57adeb322471a84ba8c5bce02b23d - - default default] project_id key not found in request, using tenant_id instead. This support has been deprecated and will be removed in a future release. [pid: 8|app: 0|req: 1063/2105] 10.0.0.53 () {32 vars in 757 bytes} [Mon Jul 20 20:25:35 2026] DELETE /v2.0/security-groups/40dc8091-fe71-4040-b44d-5c75e0e09795/tags/red => generated 0 bytes in 63 msecs (HTTP/1.1 204) 2 headers in 112 bytes (1 switches on core 0) [pid: 8|app: 0|req: 1064/2106] 10.0.0.53 () {32 vars in 723 bytes} [Mon Jul 20 20:25:35 2026] DELETE /v2.0/subnets/2a80380f-aff4-41bd-98c5-a75f29ae4014 => generated 0 bytes in 156 msecs (HTTP/1.1 204) 3 headers in 131 bytes (1 switches on core 0) [pid: 8|app: 0|req: 1065/2107] 10.0.0.53 () {32 vars in 695 bytes} [Mon Jul 20 20:25:35 2026] GET /v2.0/qos/policies?tags-any=red%2Cblue => generated 1101 bytes in 62 msecs (HTTP/1.1 200) 4 headers in 158 bytes (1 switches on core 0)
2026-07-20 20:25:36.076 8 WARNING tagging [None req-38682b97-4e61-4f61-929d-f04d992ffd8a 5cab48f674b34449a2c7ed84b7334d4b c7a57adeb322471a84ba8c5bce02b23d - - default default] project_id key not found in request, using tenant_id instead. This support has been deprecated and will be removed in a future release. [pid: 8|app: 0|req: 1066/2108] 10.0.0.53 () {32 vars in 746 bytes} [Mon Jul 20 20:25:36 2026] GET /v2.0/security-groups/40dc8091-fe71-4040-b44d-5c75e0e09795/tags => generated 30 bytes in 31 msecs (HTTP/1.1 200) 4 headers in 156 bytes (1 switches on core 0)
2026-07-20 20:25:36.225 7 INFO neutron.db.ovn_revision_numbers_db [None req-c4ee0bb8-c493-4f69-8eed-344219e18c59 476489b4f647404db3ef6ed4808b2aaa 186e8821e82b477c988730a3a05a1044 - - default default] Successfully bumped revision number for resource 119a7136-66ff-4278-acb7-f2330aee305d (type: ports) to 2
2026-07-20 20:25:36.266 7 INFO neutron.db.ovn_revision_numbers_db [None req-c4ee0bb8-c493-4f69-8eed-344219e18c59 476489b4f647404db3ef6ed4808b2aaa 186e8821e82b477c988730a3a05a1044 - - default default] Successfully bumped revision number for resource 0ab7e6a5-09a8-4928-a639-09be32ba4d21 (type: subnets) to 0 [pid: 7|app: 0|req: 1043/2109] 10.0.0.53 () {34 vars in 668 bytes} [Mon Jul 20 20:25:35 2026] POST /v2.0/subnets => generated 647 bytes in 781 msecs (HTTP/1.1 201) 4 headers in 162 bytes (1 switches on core 0) [pid: 8|app: 0|req: 1067/2110] 10.0.0.53 () {32 vars in 723 bytes} [Mon Jul 20 20:25:36 2026] DELETE /v2.0/subnets/e413c601-5c94-493d-9327-be1e8f01015f => generated 0 bytes in 203 msecs (HTTP/1.1 204) 3 headers in 131 bytes (1 switches on core 0)
2026-07-20 20:25:36.316 8 WARNING tagging [None req-70ebdf90-5f5b-46ae-b4eb-86acf4ad6681 5cab48f674b34449a2c7ed84b7334d4b c7a57adeb322471a84ba8c5bce02b23d - - default default] project_id key not found in request, using tenant_id instead. This support has been deprecated and will be removed in a future release.
