2026-07-20 20:23:47.274 8 WARNING neutron.api.rpc.agentnotifiers.dhcp_rpc_agent_api [None req-adf6ab82-48ee-4a4a-85cf-5893c479046a 4b18046c2ff849e89ed045848d7b062d 44fff2bcdcc246239c88fd7a6d660bbf - - default default] Unable to schedule network d1d8eef0-d385-4988-a6e8-aed7c8f260de: no agents available; will retry on subsequent port and subnet creation events.
2026-07-20 20:23:47.321 8 INFO neutron.db.ovn_revision_numbers_db [None req-adf6ab82-48ee-4a4a-85cf-5893c479046a 4b18046c2ff849e89ed045848d7b062d 44fff2bcdcc246239c88fd7a6d660bbf - - default default] Successfully bumped revision number for resource b7ee82ba-15a4-4781-a153-1f0a861b6ff0 (type: subnets) to 0
2026-07-20 20:23:47.327 7 WARNING neutron.scheduler.dhcp_agent_scheduler [None req-1c920749-311d-4ea0-8aa9-23d5040a4feb 636ac28a402d4d8b8f4f2a6da78885f3 5d12b17bbf8b4f43b22e8ce765b4b390 - - default default] No more DHCP agents
2026-07-20 20:23:47.330 7 WARNING neutron.api.rpc.agentnotifiers.dhcp_rpc_agent_api [None req-1c920749-311d-4ea0-8aa9-23d5040a4feb 636ac28a402d4d8b8f4f2a6da78885f3 5d12b17bbf8b4f43b22e8ce765b4b390 - - default default] Unable to schedule network 901f072b-f379-4188-8914-380dcb07c90b: no agents available; will retry on subsequent port and subnet creation events. [pid: 8|app: 0|req: 696/1448] 10.0.0.53 () {34 vars in 668 bytes} [Mon Jul 20 20:23:46 2026] POST /v2.0/subnets => generated 1324 bytes in 459 msecs (HTTP/1.1 201) 4 headers in 163 bytes (1 switches on core 0) [pid: 8|app: 0|req: 697/1449] 10.0.0.53 () {32 vars in 749 bytes} [Mon Jul 20 20:23:47 2026] DELETE /v2.0/security-group-rules/04071e62-8877-4d80-b288-f30e6ffc614c => generated 0 bytes in 132 msecs (HTTP/1.1 204) 2 headers in 112 bytes (1 switches on core 0) [pid: 8|app: 0|req: 698/1450] 10.0.0.53 () {32 vars in 646 bytes} [Mon Jul 20 20:23:47 2026] GET /v2.0/subnets => generated 1960 bytes in 40 msecs (HTTP/1.1 200) 4 headers in 158 bytes (1 switches on core 0) [pid: 8|app: 0|req: 699/1451] 10.0.0.53 () {32 vars in 672 bytes} [Mon Jul 20 20:23:47 2026] GET /v2.0/security-group-rules => generated 3560 bytes in 128 msecs (HTTP/1.1 200) 4 headers in 158 bytes (1 switches on core 0) [pid: 8|app: 0|req: 700/1452] 10.0.0.53 () {32 vars in 723 bytes} [Mon Jul 20 20:23:47 2026] DELETE /v2.0/subnets/bf018171-6f0b-4ce9-ab3a-f8d1ba3791d9 => generated 0 bytes in 173 msecs (HTTP/1.1 204) 3 headers in 131 bytes (1 switches on core 0)
2026-07-20 20:23:47.898 7 INFO neutron.db.ovn_revision_numbers_db [None req-1c920749-311d-4ea0-8aa9-23d5040a4feb 636ac28a402d4d8b8f4f2a6da78885f3 5d12b17bbf8b4f43b22e8ce765b4b390 - - default default] Successfully bumped revision number for resource 0c521e34-9e06-424e-8e0e-5e8724a0d130 (type: ports) to 2
2026-07-20 20:23:47.956 7 INFO neutron.db.ovn_revision_numbers_db [None req-1c920749-311d-4ea0-8aa9-23d5040a4feb 636ac28a402d4d8b8f4f2a6da78885f3 5d12b17bbf8b4f43b22e8ce765b4b390 - - default default] Successfully bumped revision number for resource 7d4f4b89-6f4b-4169-bbef-93df4b0bac6e (type: subnets) to 0
2026-07-20 20:23:47.996 7 WARNING neutron.scheduler.dhcp_agent_scheduler [None req-1c920749-311d-4ea0-8aa9-23d5040a4feb 636ac28a402d4d8b8f4f2a6da78885f3 5d12b17bbf8b4f43b22e8ce765b4b390 - - default default] No more DHCP agents
2026-07-20 20:23:47.998 7 WARNING neutron.api.rpc.agentnotifiers.dhcp_rpc_agent_api [None req-1c920749-311d-4ea0-8aa9-23d5040a4feb 636ac28a402d4d8b8f4f2a6da78885f3 5d12b17bbf8b4f43b22e8ce765b4b390 - - default default] Unable to schedule network 37d4572b-8d28-4a0b-8ae4-5d02ef96af1a: no agents available; will retry on subsequent port and subnet creation events.
2026-07-20 20:23:48.042 8 WARNING neutron.db.securitygroups_db [None req-f1781f3b-19d5-47bd-b8d5-db41dcccd89e 2da59ac1902147c68dd85a4308b492a9 76dbea4f76dc44438bf839f74c121db4 - - default default] project_id key not found in filters, using tenant_id instead. This support has been deprecated and will be removed in a future release.
2026-07-20 20:23:48.190 8 INFO neutron.db.ovn_revision_numbers_db [None req-f1781f3b-19d5-47bd-b8d5-db41dcccd89e 2da59ac1902147c68dd85a4308b492a9 76dbea4f76dc44438bf839f74c121db4 - - default default] Successfully bumped revision number for resource 3c8e0e39-27c8-489e-8e97-ea46d6ebdb83 (type: security_groups) to 1
2026-07-20 20:23:48.203 8 INFO neutron.db.ovn_revision_numbers_db [None req-f1781f3b-19d5-47bd-b8d5-db41dcccd89e 2da59ac1902147c68dd85a4308b492a9 76dbea4f76dc44438bf839f74c121db4 - - default default] Successfully bumped revision number for resource 03fbf3b3-e476-43ad-80c5-fd3b5641500e (type: security_group_rules) to 0
2026-07-20 20:23:48.217 8 INFO neutron.db.ovn_revision_numbers_db [None req-f1781f3b-19d5-47bd-b8d5-db41dcccd89e 2da59ac1902147c68dd85a4308b492a9 76dbea4f76dc44438bf839f74c121db4 - - default default] Successfully bumped revision number for resource 383e72af-1044-42c4-93e8-5024c1809317 (type: security_group_rules) to 0
2026-07-20 20:23:48.230 8 INFO neutron.db.ovn_revision_numbers_db [None req-f1781f3b-19d5-47bd-b8d5-db41dcccd89e 2da59ac1902147c68dd85a4308b492a9 76dbea4f76dc44438bf839f74c121db4 - - default default] Successfully bumped revision number for resource e9746c27-4c90-4512-8d21-15f481618f2b (type: security_group_rules) to 0
2026-07-20 20:23:48.244 8 INFO neutron.db.ovn_revision_numbers_db [None req-f1781f3b-19d5-47bd-b8d5-db41dcccd89e 2da59ac1902147c68dd85a4308b492a9 76dbea4f76dc44438bf839f74c121db4 - - default default] Successfully bumped revision number for resource f717764d-26ec-45db-879a-45885b737644 (type: security_group_rules) to 0 [pid: 8|app: 0|req: 701/1453] 10.0.0.53 () {32 vars in 773 bytes} [Mon Jul 20 20:23:47 2026] GET /v2.0/security-groups?tenant_id=75bfce1f138e476c8b9b06c944a8f96e&name=default => generated 2925 bytes in 471 msecs (HTTP/1.1 200) 4 headers in 158 bytes (1 switches on core 0)
2026-07-20 20:23:48.347 8 INFO neutron.db.securitygroups_db [None req-b8357496-0b9a-426e-8b21-79e4c8d1aa36 aff8818913074d39be1e7df0e364033c c5fdce6e9ca34cbaac869286cea72bee - - default default] Project c5fdce6e9ca34cbaac869286cea72bee added a security group rule with legacy IPv6 ICMP protocol name icmp, ipv6-icmp should be used instead. It was automatically converted.
2026-07-20 20:23:48.435 8 INFO neutron.db.ovn_revision_numbers_db [None req-b8357496-0b9a-426e-8b21-79e4c8d1aa36 aff8818913074d39be1e7df0e364033c c5fdce6e9ca34cbaac869286cea72bee - - default default] Successfully bumped revision number for resource 76372e3c-2655-48e6-8b9e-60a95e3bb48d (type: security_group_rules) to 0 [pid: 8|app: 0|req: 702/1454] 10.0.0.53 () {34 vars in 694 bytes} [Mon Jul 20 20:23:48 2026] POST /v2.0/security-group-rules => generated 607 bytes in 176 msecs (HTTP/1.1 201) 4 headers in 162 bytes (1 switches on core 0)
2026-07-20 20:23:48.524 7 INFO neutron.db.ovn_revision_numbers_db [None req-1c920749-311d-4ea0-8aa9-23d5040a4feb 636ac28a402d4d8b8f4f2a6da78885f3 5d12b17bbf8b4f43b22e8ce765b4b390 - - default default] Successfully bumped revision number for resource 87f6a091-87f3-4828-963e-b6b4b38909e8 (type: ports) to 2
2026-07-20 20:23:48.562 7 INFO neutron.db.ovn_revision_numbers_db [None req-1c920749-311d-4ea0-8aa9-23d5040a4feb 636ac28a402d4d8b8f4f2a6da78885f3 5d12b17bbf8b4f43b22e8ce765b4b390 - - default default] Successfully bumped revision number for resource 51a05cbe-b967-487c-b49f-dd0d8ee2d6f8 (type: subnets) to 0 [pid: 7|app: 0|req: 753/1455] 10.0.0.53 () {34 vars in 668 bytes} [Mon Jul 20 20:23:46 2026] POST /v2.0/subnets => generated 1273 bytes in 1603 msecs (HTTP/1.1 201) 4 headers in 163 bytes (1 switches on core 0) [pid: 8|app: 0|req: 703/1456] 10.0.0.53 () {32 vars in 723 bytes} [Mon Jul 20 20:23:48 2026] DELETE /v2.0/subnets/b7ee82ba-15a4-4781-a153-1f0a861b6ff0 => generated 0 bytes in 186 msecs (HTTP/1.1 204) 3 headers in 131 bytes (1 switches on core 0) [pid: 8|app: 0|req: 704/1457] 10.0.0.53 () {32 vars in 746 bytes} [Mon Jul 20 20:23:48 2026] GET /v2.0/security-group-rules/76372e3c-2655-48e6-8b9e-60a95e3bb48d => generated 607 bytes in 18 msecs (HTTP/1.1 200) 4 headers in 157 bytes (1 switches on core 0) [pid: 8|app: 0|req: 705/1458] 10.0.0.53 () {32 vars in 646 bytes} [Mon Jul 20 20:23:48 2026] GET /v2.0/subnets => generated 1909 bytes in 36 msecs (HTTP/1.1 200) 4 headers in 158 bytes (1 switches on core 0) [pid: 8|app: 0|req: 706/1459] 10.0.0.53 () {32 vars in 646 bytes} [Mon Jul 20 20:23:48 2026] GET /v2.0/subnets => generated 649 bytes in 31 msecs (HTTP/1.1 200) 4 headers in 157 bytes (1 switches on core 0) [pid: 7|app: 0|req: 754/1460] 10.0.0.53 () {32 vars in 739 bytes} [Mon Jul 20 20:23:48 2026] DELETE /v2.0/security-groups/3c8e0e39-27c8-489e-8e97-ea46d6ebdb83 => generated 0 bytes in 190 msecs (HTTP/1.1 204) 2 headers in 112 bytes (1 switches on core 0) [pid: 8|app: 0|req: 707/1461] 10.0.0.53 () {32 vars in 672 bytes} [Mon Jul 20 20:23:48 2026] GET /v2.0/security-group-rules => generated 4144 bytes in 69 msecs (HTTP/1.1 200) 4 headers in 158 bytes (1 switches on core 0)
2026-07-20 20:23:48.938 8 INFO neutron_taas.services.taas.taas_plugin [None req-9b525e2a-5ba7-4be6-9175-02fb92e6c69b 4b18046c2ff849e89ed045848d7b062d 44fff2bcdcc246239c88fd7a6d660bbf - - default default] TaaS: Handle Delete Port: f37b2c3b-a0b1-4480-a2e9-f017b97e4ce9
2026-07-20 20:23:48.942 8 INFO neutron_taas.services.taas.tap_mirror_plugin [None req-9b525e2a-5ba7-4be6-9175-02fb92e6c69b 4b18046c2ff849e89ed045848d7b062d 44fff2bcdcc246239c88fd7a6d660bbf - - default default] Tap Mirror: Handle Delete Port: f37b2c3b-a0b1-4480-a2e9-f017b97e4ce9 [pid: 7|app: 0|req: 755/1462] 10.0.0.53 () {32 vars in 723 bytes} [Mon Jul 20 20:23:48 2026] DELETE /v2.0/subnets/7d4f4b89-6f4b-4169-bbef-93df4b0bac6e => generated 0 bytes in 180 msecs (HTTP/1.1 204) 3 headers in 131 bytes (1 switches on core 0) [pid: 7|app: 0|req: 756/1463] 10.0.0.53 () {32 vars in 749 bytes} [Mon Jul 20 20:23:48 2026] DELETE /v2.0/security-group-rules/76372e3c-2655-48e6-8b9e-60a95e3bb48d => generated 0 bytes in 139 msecs (HTTP/1.1 204) 2 headers in 112 bytes (1 switches on core 0)
2026-07-20 20:23:49.147 8 INFO neutron.services.segments.plugin [-] Segment afd582ae-d13f-481d-a691-afa8b38a4dcf resource provider aggregate not found
2026-07-20 20:23:49.153 8 INFO neutron.services.segments.plugin [-] Segment afd582ae-d13f-481d-a691-afa8b38a4dcf resource provider aggregate not found
2026-07-20 20:23:49.174 8 INFO neutron.services.segments.plugin [-] Client error retrieving segment afd582ae-d13f-481d-a691-afa8b38a4dcf resource provider; error: Placement Client Error (4xx): {"errors": [{"status": 404, "title": "Not Found", "detail": "The resource could not be found.\n\n No resource provider with uuid afd582ae-d13f-481d-a691-afa8b38a4dcf found for delete ", "request_id": "req-dd015c6f-46c1-42da-ac3b-ec92d5f44051"}]}
2026-07-20 20:23:49.180 8 INFO neutron.services.segments.plugin [-] Client error retrieving segment afd582ae-d13f-481d-a691-afa8b38a4dcf resource provider; error: Placement Client Error (4xx): {"errors": [{"status": 404, "title": "Not Found", "detail": "The resource could not be found.\n\n No resource provider with uuid afd582ae-d13f-481d-a691-afa8b38a4dcf found for delete ", "request_id": "req-c87aa19b-58e1-4f62-88cc-560979cf2ef3"}]} [pid: 8|app: 0|req: 708/1464] 10.0.0.53 () {32 vars in 725 bytes} [Mon Jul 20 20:23:48 2026] DELETE /v2.0/networks/d1d8eef0-d385-4988-a6e8-aed7c8f260de => generated 0 bytes in 399 msecs (HTTP/1.1 204) 3 headers in 131 bytes (1 switches on core 0) [pid: 8|app: 0|req: 709/1465] 10.0.0.53 () {32 vars in 672 bytes} [Mon Jul 20 20:23:49 2026] GET /v2.0/security-group-rules => generated 3560 bytes in 64 msecs (HTTP/1.1 200) 4 headers in 158 bytes (1 switches on core 0) [pid: 7|app: 0|req: 757/1466] 10.0.0.53 () {32 vars in 723 bytes} [Mon Jul 20 20:23:49 2026] DELETE /v2.0/subnets/51a05cbe-b967-487c-b49f-dd0d8ee2d6f8 => generated 0 bytes in 248 msecs (HTTP/1.1 204) 3 headers in 131 bytes (1 switches on core 0)
2026-07-20 20:23:49.464 8 INFO neutron_taas.services.taas.taas_plugin [None req-06bc39fb-ab0c-438a-9874-7c1eda6d8ce8 4b18046c2ff849e89ed045848d7b062d 44fff2bcdcc246239c88fd7a6d660bbf - - default default] TaaS: Handle Delete Port: b8cdd260-d983-4a6d-81ab-74d5474e6f84
2026-07-20 20:23:49.468 8 INFO neutron_taas.services.taas.tap_mirror_plugin [None req-06bc39fb-ab0c-438a-9874-7c1eda6d8ce8 4b18046c2ff849e89ed045848d7b062d 44fff2bcdcc246239c88fd7a6d660bbf - - default default] Tap Mirror: Handle Delete Port: b8cdd260-d983-4a6d-81ab-74d5474e6f84 [pid: 7|app: 0|req: 758/1467] 10.0.0.53 () {32 vars in 739 bytes} [Mon Jul 20 20:23:49 2026] DELETE /v2.0/security-groups/7890a6ea-a0c6-4a83-abc8-5e51a8637765 => generated 0 bytes in 139 msecs (HTTP/1.1 204) 2 headers in 112 bytes (1 switches on core 0) [pid: 7|app: 0|req: 759/1468] 10.0.0.53 () {32 vars in 646 bytes} [Mon Jul 20 20:23:49 2026] GET /v2.0/subnets => generated 649 bytes in 36 msecs (HTTP/1.1 200) 4 headers in 157 bytes (1 switches on core 0) [pid: 7|app: 0|req: 760/1469] 10.0.0.53 () {32 vars in 662 bytes} [Mon Jul 20 20:23:49 2026] GET /v2.0/security-groups => generated 2925 bytes in 39 msecs (HTTP/1.1 200) 4 headers in 158 bytes (1 switches on core 0) [pid: 8|app: 0|req: 710/1470] 10.0.0.53 () {32 vars in 725 bytes} [Mon Jul 20 20:23:49 2026] DELETE /v2.0/networks/45ce57a8-11ee-491f-85ce-52ad3c2303fe => generated 0 bytes in 442 msecs (HTTP/1.1 204) 3 headers in 131 bytes (1 switches on core 0)
2026-07-20 20:23:49.721 7 INFO neutron_taas.services.taas.taas_plugin [None req-973a7241-1d9c-47bc-9fb2-a027e8feb00c 636ac28a402d4d8b8f4f2a6da78885f3 5d12b17bbf8b4f43b22e8ce765b4b390 - - default default] TaaS: Handle Delete Port: 87f6a091-87f3-4828-963e-b6b4b38909e8
2026-07-20 20:23:49.725 7 INFO neutron_taas.services.taas.tap_mirror_plugin [None req-973a7241-1d9c-47bc-9fb2-a027e8feb00c 636ac28a402d4d8b8f4f2a6da78885f3 5d12b17bbf8b4f43b22e8ce765b4b390 - - default default] Tap Mirror: Handle Delete Port: 87f6a091-87f3-4828-963e-b6b4b38909e8 [pid: 8|app: 0|req: 711/1471] 10.0.0.53 () {32 vars in 662 bytes} [Mon Jul 20 20:23:49 2026] GET /v2.0/security-groups => generated 2925 bytes in 32 msecs (HTTP/1.1 200) 4 headers in 158 bytes (1 switches on core 0)
2026-07-20 20:23:49.894 8 INFO neutron_taas.services.taas.taas_plugin [None req-287ae320-2c58-418a-8a12-91369dd0e6ba 4b18046c2ff849e89ed045848d7b062d 44fff2bcdcc246239c88fd7a6d660bbf - - default default] TaaS: Handle Delete Port: ca417be7-500e-4ff1-af55-84a139cdd8f3
2026-07-20 20:23:49.897 8 INFO neutron_taas.services.taas.tap_mirror_plugin [None req-287ae320-2c58-418a-8a12-91369dd0e6ba 4b18046c2ff849e89ed045848d7b062d 44fff2bcdcc246239c88fd7a6d660bbf - - default default] Tap Mirror: Handle Delete Port: ca417be7-500e-4ff1-af55-84a139cdd8f3
2026-07-20 20:23:49.963 7 INFO neutron.services.segments.plugin [-] Segment 30601127-19d6-45a3-abbf-5a3181ad5926 resource provider aggregate not found
2026-07-20 20:23:49.968 7 INFO neutron.services.segments.plugin [-] Segment 30601127-19d6-45a3-abbf-5a3181ad5926 resource provider aggregate not found
2026-07-20 20:23:49.985 7 INFO neutron.services.segments.plugin [-] Client error retrieving segment 30601127-19d6-45a3-abbf-5a3181ad5926 resource provider; error: Placement Client Error (4xx): {"errors": [{"status": 404, "title": "Not Found", "detail": "The resource could not be found.\n\n No resource provider with uuid 30601127-19d6-45a3-abbf-5a3181ad5926 found for delete ", "request_id": "req-fc93ec5a-e2d4-419c-ab24-53cc61a022c1"}]}
2026-07-20 20:23:49.986 7 INFO neutron.services.segments.plugin [-] Client error retrieving segment 30601127-19d6-45a3-abbf-5a3181ad5926 resource provider; error: Placement Client Error (4xx): {"errors": [{"status": 404, "title": "Not Found", "detail": "The resource could not be found.\n\n No resource provider with uuid 30601127-19d6-45a3-abbf-5a3181ad5926 found for delete ", "request_id": "req-a56b1f48-2512-452f-8dd3-d2ac26dd2392"}]} [pid: 7|app: 0|req: 761/1472] 10.0.0.53 () {32 vars in 725 bytes} [Mon Jul 20 20:23:49 2026] DELETE /v2.0/networks/37d4572b-8d28-4a0b-8ae4-5d02ef96af1a => generated 0 bytes in 467 msecs (HTTP/1.1 204) 3 headers in 131 bytes (1 switches on core 0) [pid: 8|app: 0|req: 712/1475] 10.0.0.53 () {32 vars in 725 bytes} [Mon Jul 20 20:23:49 2026] DELETE /v2.0/networks/4088c6a2-5257-44e1-845a-e98bb9b0d1b3 => generated 0 bytes in 424 msecs (HTTP/1.1 204) 3 headers in 131 bytes (1 switches on core 0)
2026-07-20 20:23:50.223 7 INFO neutron_taas.services.taas.taas_plugin [None req-8e75c468-1875-42b1-8960-6fae1f1e8c6b 636ac28a402d4d8b8f4f2a6da78885f3 5d12b17bbf8b4f43b22e8ce765b4b390 - - default default] TaaS: Handle Delete Port: 0c521e34-9e06-424e-8e0e-5e8724a0d130
2026-07-20 20:23:50.229 7 INFO neutron_taas.services.taas.tap_mirror_plugin [None req-8e75c468-1875-42b1-8960-6fae1f1e8c6b 636ac28a402d4d8b8f4f2a6da78885f3 5d12b17bbf8b4f43b22e8ce765b4b390 - - default default] Tap Mirror: Handle Delete Port: 0c521e34-9e06-424e-8e0e-5e8724a0d130
2026-07-20 20:23:50.336 8 INFO neutron_taas.services.taas.taas_plugin [None req-a837fa80-15d8-4073-b749-aebf02b5f542 4b18046c2ff849e89ed045848d7b062d 44fff2bcdcc246239c88fd7a6d660bbf - - default default] TaaS: Handle Delete Port: 62df8f2a-2ed8-49ea-95d2-878a27701d0e
2026-07-20 20:23:50.341 8 INFO neutron_taas.services.taas.tap_mirror_plugin [None req-a837fa80-15d8-4073-b749-aebf02b5f542 4b18046c2ff849e89ed045848d7b062d 44fff2bcdcc246239c88fd7a6d660bbf - - default default] Tap Mirror: Handle Delete Port: 62df8f2a-2ed8-49ea-95d2-878a27701d0e [pid: 7|app: 0|req: 764/1476] 10.0.0.53 () {32 vars in 725 bytes} [Mon Jul 20 20:23:50 2026] DELETE /v2.0/networks/901f072b-f379-4188-8914-380dcb07c90b => generated 0 bytes in 462 msecs (HTTP/1.1 204) 3 headers in 131 bytes (1 switches on core 0) [pid: 8|app: 0|req: 713/1477] 10.0.0.53 () {32 vars in 725 bytes} [Mon Jul 20 20:23:50 2026] DELETE /v2.0/networks/33bb5c0c-0027-4ceb-bc49-3c6304ba5c5c => generated 0 bytes in 425 msecs (HTTP/1.1 204) 3 headers in 131 bytes (1 switches on core 0)
2026-07-20 20:23:50.753 8 INFO neutron_taas.services.taas.taas_plugin [None req-c2a6cbc3-03ea-4952-bc99-9e9072d7a717 636ac28a402d4d8b8f4f2a6da78885f3 5d12b17bbf8b4f43b22e8ce765b4b390 - - default default] TaaS: Handle Delete Port: 453cbb2c-8c4e-4a40-bdf9-f2e40621a533
2026-07-20 20:23:50.755 8 INFO neutron_taas.services.taas.tap_mirror_plugin [None req-c2a6cbc3-03ea-4952-bc99-9e9072d7a717 636ac28a402d4d8b8f4f2a6da78885f3 5d12b17bbf8b4f43b22e8ce765b4b390 - - default default] Tap Mirror: Handle Delete Port: 453cbb2c-8c4e-4a40-bdf9-f2e40621a533
2026-07-20 20:23:50.780 7 WARNING neutron.db.securitygroups_db [None req-170e35ad-10b2-4612-b503-9e70d218ec4f 2da59ac1902147c68dd85a4308b492a9 76dbea4f76dc44438bf839f74c121db4 - - default default] project_id key not found in filters, using tenant_id instead. This support has been deprecated and will be removed in a future release. [pid: 7|app: 0|req: 765/1478] 10.0.0.53 () {32 vars in 773 bytes} [Mon Jul 20 20:23:50 2026] GET /v2.0/security-groups?tenant_id=c5fdce6e9ca34cbaac869286cea72bee&name=default => generated 2925 bytes in 308 msecs (HTTP/1.1 200) 4 headers in 158 bytes (1 switches on core 0) [pid: 8|app: 0|req: 714/1479] 10.0.0.53 () {32 vars in 725 bytes} [Mon Jul 20 20:23:50 2026] DELETE /v2.0/networks/7aedf039-771d-4ef4-bc14-90e1e0fd05ad => generated 0 bytes in 382 msecs (HTTP/1.1 204) 3 headers in 131 bytes (1 switches on core 0)
2026-07-20 20:23:51.139 7 INFO neutron.db.ovn_revision_numbers_db [None req-178381bf-0b2d-4ff7-9301-c0c87a569953 04c21589b4e640a7a83dd460e23e1897 aeafc6a5931b45ec946c1459060fbf66 - - default default] Successfully bumped revision number for resource d0910cc9-48dc-4882-9105-28da8a1386f7 (type: security_groups) to 1
2026-07-20 20:23:51.168 7 INFO neutron.db.ovn_revision_numbers_db [None req-178381bf-0b2d-4ff7-9301-c0c87a569953 04c21589b4e640a7a83dd460e23e1897 aeafc6a5931b45ec946c1459060fbf66 - - default default] Successfully bumped revision number for resource 32e1d7f7-9cd3-437a-9ee4-9329d2d325f3 (type: security_group_rules) to 0
2026-07-20 20:23:51.192 7 INFO neutron.db.ovn_revision_numbers_db [None req-178381bf-0b2d-4ff7-9301-c0c87a569953 04c21589b4e640a7a83dd460e23e1897 aeafc6a5931b45ec946c1459060fbf66 - - default default] Successfully bumped revision number for resource 9d6e9bb6-6140-408e-b778-1e4982dcdcb3 (type: security_group_rules) to 0
2026-07-20 20:23:51.200 8 INFO neutron.services.segments.plugin [-] Segment f51965b6-5a60-413e-97d1-cde8b56f4707 resource provider aggregate not found
2026-07-20 20:23:51.209 7 INFO neutron.db.ovn_revision_numbers_db [None req-178381bf-0b2d-4ff7-9301-c0c87a569953 04c21589b4e640a7a83dd460e23e1897 aeafc6a5931b45ec946c1459060fbf66 - - default default] Successfully bumped revision number for resource ec69afcc-1d4e-4466-a41b-3fd297f9335c (type: security_group_rules) to 0
2026-07-20 20:23:51.211 8 INFO neutron.services.segments.plugin [-] Segment f51965b6-5a60-413e-97d1-cde8b56f4707 resource provider aggregate not found [pid: 8|app: 0|req: 715/1480] 10.0.0.53 () {32 vars in 739 bytes} [Mon Jul 20 20:23:50 2026] DELETE /v2.0/security-groups/4f687410-f6dc-4518-b25a-45c643a40187 => generated 0 bytes in 227 msecs (HTTP/1.1 204) 2 headers in 112 bytes (1 switches on core 0)
2026-07-20 20:23:51.229 8 INFO neutron.services.segments.plugin [-] Client error retrieving segment f51965b6-5a60-413e-97d1-cde8b56f4707 resource provider; error: Placement Client Error (4xx): {"errors": [{"status": 404, "title": "Not Found", "detail": "The resource could not be found.\n\n No resource provider with uuid f51965b6-5a60-413e-97d1-cde8b56f4707 found for delete ", "request_id": "req-c61af0a4-3ec2-4fb6-b5df-0a661d09f79e"}]}
2026-07-20 20:23:51.231 7 INFO neutron.db.ovn_revision_numbers_db [None req-178381bf-0b2d-4ff7-9301-c0c87a569953 04c21589b4e640a7a83dd460e23e1897 aeafc6a5931b45ec946c1459060fbf66 - - default default] Successfully bumped revision number for resource f47056e8-3491-447f-9324-ae185c716b0a (type: security_group_rules) to 0
2026-07-20 20:23:51.239 8 INFO neutron.services.segments.plugin [-] Client error retrieving segment f51965b6-5a60-413e-97d1-cde8b56f4707 resource provider; error: Placement Client Error (4xx): {"errors": [{"status": 404, "title": "Not Found", "detail": "The resource could not be found.\n\n No resource provider with uuid f51965b6-5a60-413e-97d1-cde8b56f4707 found for delete ", "request_id": "req-b5d3ae41-ce27-4915-9640-0ec4cfd47f4f"}]}
2026-07-20 20:23:51.255 8 INFO neutron.services.segments.plugin [-] Segment f7bf0db4-5067-4489-b25f-763eb713594a resource provider aggregate not found
2026-07-20 20:23:51.272 8 INFO neutron.services.segments.plugin [-] Segment f7bf0db4-5067-4489-b25f-763eb713594a resource provider aggregate not found
2026-07-20 20:23:51.279 8 INFO neutron.services.segments.plugin [-] Client error retrieving segment f7bf0db4-5067-4489-b25f-763eb713594a resource provider; error: Placement Client Error (4xx): {"errors": [{"status": 404, "title": "Not Found", "detail": "The resource could not be found.\n\n No resource provider with uuid f7bf0db4-5067-4489-b25f-763eb713594a found for delete ", "request_id": "req-75b9a25e-3125-4199-92ff-34d068aca265"}]}
2026-07-20 20:23:51.307 8 INFO neutron.services.segments.plugin [-] Segment 016ed9f8-8804-4a8c-a428-b6f689adcc30 resource provider aggregate not found
2026-07-20 20:23:51.311 8 INFO neutron.services.segments.plugin [-] Client error retrieving segment f7bf0db4-5067-4489-b25f-763eb713594a resource provider; error: Placement Client Error (4xx): {"errors": [{"status": 404, "title": "Not Found", "detail": "The resource could not be found.\n\n No resource provider with uuid f7bf0db4-5067-4489-b25f-763eb713594a found for delete ", "request_id": "req-66e4772f-0403-41a8-867b-a38060ce6858"}]}
2026-07-20 20:23:51.340 7 INFO neutron.db.segments_db [None req-178381bf-0b2d-4ff7-9301-c0c87a569953 04c21589b4e640a7a83dd460e23e1897 aeafc6a5931b45ec946c1459060fbf66 - - default default] Added segment e0da4899-f688-4a99-a851-f15907b09f0c of type geneve for network 2998b002-c00e-4b77-8e93-0498a81e855c
2026-07-20 20:23:51.343 8 INFO neutron.services.segments.plugin [-] Client error retrieving segment 016ed9f8-8804-4a8c-a428-b6f689adcc30 resource provider; error: Placement Client Error (4xx): {"errors": [{"status": 404, "title": "Not Found", "detail": "The resource could not be found.\n\n No resource provider with uuid 016ed9f8-8804-4a8c-a428-b6f689adcc30 found for delete ", "request_id": "req-0e3376c0-de75-4ac7-a33a-7becab813e30"}]}
2026-07-20 20:23:51.350 8 INFO neutron.services.segments.plugin [-] Segment 016ed9f8-8804-4a8c-a428-b6f689adcc30 resource provider aggregate not found
2026-07-20 20:23:51.374 8 INFO neutron.services.segments.plugin [-] Client error retrieving segment 016ed9f8-8804-4a8c-a428-b6f689adcc30 resource provider; error: Placement Client Error (4xx): {"errors": [{"status": 404, "title": "Not Found", "detail": "The resource could not be found.\n\n No resource provider with uuid 016ed9f8-8804-4a8c-a428-b6f689adcc30 found for delete ", "request_id": "req-6896593c-d2be-4c4d-83e4-40c427a146c0"}]}
2026-07-20 20:23:51.381 8 INFO neutron.services.segments.plugin [-] Segment cd35f5a4-df9b-4540-a459-d4c2c100e3a5 resource provider aggregate not found
2026-07-20 20:23:51.400 8 INFO neutron.services.segments.plugin [-] Segment cd35f5a4-df9b-4540-a459-d4c2c100e3a5 resource provider aggregate not found
2026-07-20 20:23:51.407 8 INFO neutron.services.segments.plugin [-] Client error retrieving segment cd35f5a4-df9b-4540-a459-d4c2c100e3a5 resource provider; error: Placement Client Error (4xx): {"errors": [{"status": 404, "title": "Not Found", "detail": "The resource could not be found.\n\n No resource provider with uuid cd35f5a4-df9b-4540-a459-d4c2c100e3a5 found for delete ", "request_id": "req-df7f7db3-bf89-455a-8d3b-fe47623bcdb2"}]}
2026-07-20 20:23:51.428 8 INFO neutron.services.segments.plugin [-] Client error retrieving segment cd35f5a4-df9b-4540-a459-d4c2c100e3a5 resource provider; error: Placement Client Error (4xx): {"errors": [{"status": 404, "title": "Not Found", "detail": "The resource could not be found.\n\n No resource provider with uuid cd35f5a4-df9b-4540-a459-d4c2c100e3a5 found for delete ", "request_id": "req-1960a4e3-d33a-4e5b-a9c0-8df5ae86b185"}]}
2026-07-20 20:23:51.488 7 INFO neutron.db.ovn_revision_numbers_db [None req-178381bf-0b2d-4ff7-9301-c0c87a569953 04c21589b4e640a7a83dd460e23e1897 aeafc6a5931b45ec946c1459060fbf66 - - default default] Successfully bumped revision number for resource 2998b002-c00e-4b77-8e93-0498a81e855c (type: networks) to 1
2026-07-20 20:23:51.501 8 INFO neutron_taas.services.taas.taas_plugin [None req-65e7848d-15e5-4c4a-8ad8-e37dffb10b3a 636ac28a402d4d8b8f4f2a6da78885f3 5d12b17bbf8b4f43b22e8ce765b4b390 - - default default] TaaS: Handle Delete Port: fafec125-d377-472e-95e7-bfa4cff90c1e
2026-07-20 20:23:51.506 8 INFO neutron_taas.services.taas.tap_mirror_plugin [None req-65e7848d-15e5-4c4a-8ad8-e37dffb10b3a 636ac28a402d4d8b8f4f2a6da78885f3 5d12b17bbf8b4f43b22e8ce765b4b390 - - default default] Tap Mirror: Handle Delete Port: fafec125-d377-472e-95e7-bfa4cff90c1e
2026-07-20 20:23:51.724 7 WARNING neutron.scheduler.dhcp_agent_scheduler [None req-178381bf-0b2d-4ff7-9301-c0c87a569953 04c21589b4e640a7a83dd460e23e1897 aeafc6a5931b45ec946c1459060fbf66 - - default default] No more DHCP agents
2026-07-20 20:23:51.726 7 WARNING neutron.api.rpc.agentnotifiers.dhcp_rpc_agent_api [None req-178381bf-0b2d-4ff7-9301-c0c87a569953 04c21589b4e640a7a83dd460e23e1897 aeafc6a5931b45ec946c1459060fbf66 - - default default] Unable to schedule network 2998b002-c00e-4b77-8e93-0498a81e855c: no agents available; will retry on subsequent port and subnet creation events.
2026-07-20 20:23:51.779 7 INFO neutron.plugins.ml2.drivers.ovn.mech_driver.mech_driver [None req-20b0372a-bcc4-451a-a18a-a864d6476ab0 - - - - - -] OVN reports status down for port: c81cf5cb-cc19-4ae2-9cb3-33240ee6514e [pid: 8|app: 0|req: 716/1481] 10.0.0.53 () {32 vars in 725 bytes} [Mon Jul 20 20:23:51 2026] DELETE /v2.0/networks/0282a6d1-08b1-4058-ac12-bea408545e0e => generated 0 bytes in 612 msecs (HTTP/1.1 204) 3 headers in 131 bytes (1 switches on core 0)
2026-07-20 20:23:51.850 7 INFO neutron.db.ovn_revision_numbers_db [None req-178381bf-0b2d-4ff7-9301-c0c87a569953 04c21589b4e640a7a83dd460e23e1897 aeafc6a5931b45ec946c1459060fbf66 - - default default] Successfully bumped revision number for resource c81cf5cb-cc19-4ae2-9cb3-33240ee6514e (type: ports) to 1 [pid: 7|app: 0|req: 766/1482] 10.0.0.53 () {34 vars in 669 bytes} [Mon Jul 20 20:23:50 2026] POST /v2.0/networks => generated 687 bytes in 1098 msecs (HTTP/1.1 201) 4 headers in 162 bytes (1 switches on core 0)
2026-07-20 20:23:52.012 7 INFO neutron.services.segments.plugin [-] Segment 9cfc3138-3955-419c-aca4-9302184d9ab3 resource provider aggregate not found
2026-07-20 20:23:52.014 8 WARNING neutron.db.securitygroups_db [None req-374f1d0a-455c-44d9-86f1-dc45c5611440 2da59ac1902147c68dd85a4308b492a9 76dbea4f76dc44438bf839f74c121db4 - - default default] project_id key not found in filters, using tenant_id instead. This support has been deprecated and will be removed in a future release.
2026-07-20 20:23:52.022 7 INFO neutron.services.segments.plugin [-] Segment 9cfc3138-3955-419c-aca4-9302184d9ab3 resource provider aggregate not found
2026-07-20 20:23:52.040 7 INFO neutron.services.segments.plugin [-] Client error retrieving segment 9cfc3138-3955-419c-aca4-9302184d9ab3 resource provider; error: Placement Client Error (4xx): {"errors": [{"status": 404, "title": "Not Found", "detail": "The resource could not be found.\n\n No resource provider with uuid 9cfc3138-3955-419c-aca4-9302184d9ab3 found for delete ", "request_id": "req-a609cd94-1fdd-45c6-882d-4808ff9011dd"}]}
2026-07-20 20:23:52.044 7 INFO neutron.services.segments.plugin [-] Client error retrieving segment 9cfc3138-3955-419c-aca4-9302184d9ab3 resource provider; error: Placement Client Error (4xx): {"errors": [{"status": 404, "title": "Not Found", "detail": "The resource could not be found.\n\n No resource provider with uuid 9cfc3138-3955-419c-aca4-9302184d9ab3 found for delete ", "request_id": "req-9e971c57-6bad-4696-b970-5ea4022bbfbc"}]} [pid: 8|app: 0|req: 717/1483] 10.0.0.53 () {32 vars in 773 bytes} [Mon Jul 20 20:23:51 2026] GET /v2.0/security-groups?tenant_id=44fff2bcdcc246239c88fd7a6d660bbf&name=default => generated 2925 bytes in 225 msecs (HTTP/1.1 200) 4 headers in 158 bytes (1 switches on core 0)
2026-07-20 20:23:52.234 7 WARNING neutron.scheduler.dhcp_agent_scheduler [None req-f0249070-00f8-4163-9e56-6c0beaf4dc70 04c21589b4e640a7a83dd460e23e1897 aeafc6a5931b45ec946c1459060fbf66 - - default default] No more DHCP agents
2026-07-20 20:23:52.236 7 WARNING neutron.api.rpc.agentnotifiers.dhcp_rpc_agent_api [None req-f0249070-00f8-4163-9e56-6c0beaf4dc70 04c21589b4e640a7a83dd460e23e1897 aeafc6a5931b45ec946c1459060fbf66 - - default default] Unable to schedule network 2998b002-c00e-4b77-8e93-0498a81e855c: no agents available; will retry on subsequent port and subnet creation events.
2026-07-20 20:23:52.303 7 INFO neutron.plugins.ml2.drivers.ovn.mech_driver.mech_driver [None req-20b0372a-bcc4-451a-a18a-a864d6476ab0 - - - - - -] OVN reports status down for port: 0794b0c4-f82a-4d8f-b60e-267a6cd5b89f [pid: 8|app: 0|req: 718/1484] 10.0.0.53 () {32 vars in 739 bytes} [Mon Jul 20 20:23:52 2026] DELETE /v2.0/security-groups/2a168bc6-061b-4460-9ea4-ec28b89d8d46 => generated 0 bytes in 273 msecs (HTTP/1.1 204) 2 headers in 112 bytes (1 switches on core 0)
2026-07-20 20:23:52.387 7 INFO neutron.db.ovn_revision_numbers_db [None req-f0249070-00f8-4163-9e56-6c0beaf4dc70 04c21589b4e640a7a83dd460e23e1897 aeafc6a5931b45ec946c1459060fbf66 - - default default] Successfully bumped revision number for resource 0794b0c4-f82a-4d8f-b60e-267a6cd5b89f (type: ports) to 1 [pid: 7|app: 0|req: 767/1485] 10.0.0.53 () {34 vars in 664 bytes} [Mon Jul 20 20:23:51 2026] POST /v2.0/ports => generated 779 bytes in 528 msecs (HTTP/1.1 201) 4 headers in 162 bytes (1 switches on core 0) /var/lib/openstack/lib/python3.12/site-packages/pycadf/identifier.py:70: UserWarning: Invalid uuid: neutron. To ensure interoperability, identifiers should be a valid uuid. warnings.warn(('Invalid uuid: %s. To ensure interoperability, '
2026-07-20 20:23:52.571 7 INFO neutron.db.segments_db [None req-148b675a-0181-401e-931d-ce8951c2ccf1 04c21589b4e640a7a83dd460e23e1897 aeafc6a5931b45ec946c1459060fbf66 - - default default] Added segment 58c88374-5dd4-4169-8002-802d20464bfe of type geneve for network ec3ffa26-16b1-4a39-9fb3-9fedde801011
2026-07-20 20:23:52.697 7 INFO neutron.db.ovn_revision_numbers_db [None req-148b675a-0181-401e-931d-ce8951c2ccf1 04c21589b4e640a7a83dd460e23e1897 aeafc6a5931b45ec946c1459060fbf66 - - default default] Successfully bumped revision number for resource ec3ffa26-16b1-4a39-9fb3-9fedde801011 (type: networks) to 1
2026-07-20 20:23:52.707 8 WARNING neutron.db.securitygroups_db [None req-4cfecbaa-86fe-4a3b-91e3-1ce32333ac5f 2da59ac1902147c68dd85a4308b492a9 76dbea4f76dc44438bf839f74c121db4 - - default default] project_id key not found in filters, using tenant_id instead. This support has been deprecated and will be removed in a future release. [pid: 8|app: 0|req: 719/1486] 10.0.0.53 () {32 vars in 773 bytes} [Mon Jul 20 20:23:52 2026] GET /v2.0/security-groups?tenant_id=5d12b17bbf8b4f43b22e8ce765b4b390&name=default => generated 2925 bytes in 324 msecs (HTTP/1.1 200) 4 headers in 158 bytes (1 switches on core 0)
2026-07-20 20:23:52.917 7 WARNING neutron.scheduler.dhcp_agent_scheduler [None req-148b675a-0181-401e-931d-ce8951c2ccf1 04c21589b4e640a7a83dd460e23e1897 aeafc6a5931b45ec946c1459060fbf66 - - default default] No more DHCP agents
2026-07-20 20:23:52.923 7 WARNING neutron.api.rpc.agentnotifiers.dhcp_rpc_agent_api [None req-148b675a-0181-401e-931d-ce8951c2ccf1 04c21589b4e640a7a83dd460e23e1897 aeafc6a5931b45ec946c1459060fbf66 - - default default] Unable to schedule network ec3ffa26-16b1-4a39-9fb3-9fedde801011: no agents available; will retry on subsequent port and subnet creation events.
2026-07-20 20:23:52.985 8 INFO neutron.plugins.ml2.drivers.ovn.mech_driver.mech_driver [None req-57240ccc-dccb-4000-99d5-e48e3ef32641 - - - - - -] OVN reports status down for port: bcc2775e-636f-437d-b758-f7ec8aec8025
2026-07-20 20:23:53.023 7 INFO neutron.db.ovn_revision_numbers_db [None req-148b675a-0181-401e-931d-ce8951c2ccf1 04c21589b4e640a7a83dd460e23e1897 aeafc6a5931b45ec946c1459060fbf66 - - default default] Successfully bumped revision number for resource bcc2775e-636f-437d-b758-f7ec8aec8025 (type: ports) to 1 [pid: 8|app: 0|req: 720/1487] 10.0.0.53 () {32 vars in 739 bytes} [Mon Jul 20 20:23:52 2026] DELETE /v2.0/security-groups/f8ac624b-1992-42e2-8237-226cd1faaa7a => generated 0 bytes in 291 msecs (HTTP/1.1 204) 2 headers in 112 bytes (1 switches on core 0) [pid: 7|app: 0|req: 768/1488] 10.0.0.53 () {34 vars in 669 bytes} [Mon Jul 20 20:23:52 2026] POST /v2.0/networks => generated 674 bytes in 622 msecs (HTTP/1.1 201) 4 headers in 162 bytes (1 switches on core 0)
2026-07-20 20:23:53.268 8 WARNING neutron.scheduler.dhcp_agent_scheduler [None req-f74c44c2-9cca-4a1e-8800-3a68bc2bc74f 04c21589b4e640a7a83dd460e23e1897 aeafc6a5931b45ec946c1459060fbf66 - - default default] No more DHCP agents
2026-07-20 20:23:53.270 8 WARNING neutron.api.rpc.agentnotifiers.dhcp_rpc_agent_api [None req-f74c44c2-9cca-4a1e-8800-3a68bc2bc74f 04c21589b4e640a7a83dd460e23e1897 aeafc6a5931b45ec946c1459060fbf66 - - default default] Unable to schedule network ec3ffa26-16b1-4a39-9fb3-9fedde801011: no agents available; will retry on subsequent port and subnet creation events.
2026-07-20 20:23:53.308 8 INFO neutron.db.ovn_revision_numbers_db [None req-f74c44c2-9cca-4a1e-8800-3a68bc2bc74f 04c21589b4e640a7a83dd460e23e1897 aeafc6a5931b45ec946c1459060fbf66 - - default default] Successfully bumped revision number for resource e01dc2d5-ab0c-46ad-9b18-2bcb5a3283e5 (type: subnets) to 0 [pid: 8|app: 0|req: 721/1489] 10.0.0.53 () {34 vars in 668 bytes} [Mon Jul 20 20:23:53 2026] POST /v2.0/subnets => generated 646 bytes in 257 msecs (HTTP/1.1 201) 4 headers in 162 bytes (1 switches on core 0)
2026-07-20 20:23:53.428 8 INFO neutron.services.segments.plugin [-] Segment 3e948cab-5af4-48bc-b50f-5e0a5defe197 resource provider aggregate not found
2026-07-20 20:23:53.453 8 INFO neutron.services.segments.plugin [-] Segment 3e948cab-5af4-48bc-b50f-5e0a5defe197 resource provider aggregate not found
2026-07-20 20:23:53.460 8 INFO neutron.services.segments.plugin [-] Client error retrieving segment 3e948cab-5af4-48bc-b50f-5e0a5defe197 resource provider; error: Placement Client Error (4xx): {"errors": [{"status": 404, "title": "Not Found", "detail": "The resource could not be found.\n\n No resource provider with uuid 3e948cab-5af4-48bc-b50f-5e0a5defe197 found for delete ", "request_id": "req-504d815a-a84d-41e8-aff7-e57349f97b37"}]}
2026-07-20 20:23:53.475 8 INFO neutron.services.segments.plugin [-] Client error retrieving segment 3e948cab-5af4-48bc-b50f-5e0a5defe197 resource provider; error: Placement Client Error (4xx): {"errors": [{"status": 404, "title": "Not Found", "detail": "The resource could not be found.\n\n No resource provider with uuid 3e948cab-5af4-48bc-b50f-5e0a5defe197 found for delete ", "request_id": "req-1957fdc9-da48-44f2-a7e3-3f28eb6d23e4"}]}
2026-07-20 20:23:53.684 7 WARNING neutron.scheduler.dhcp_agent_scheduler [None req-d8552a42-7ffb-42ac-bbde-cc264a7b91df 04c21589b4e640a7a83dd460e23e1897 aeafc6a5931b45ec946c1459060fbf66 - - default default] No more DHCP agents
2026-07-20 20:23:53.693 7 WARNING neutron.api.rpc.agentnotifiers.dhcp_rpc_agent_api [None req-d8552a42-7ffb-42ac-bbde-cc264a7b91df 04c21589b4e640a7a83dd460e23e1897 aeafc6a5931b45ec946c1459060fbf66 - - default default] Unable to schedule network ec3ffa26-16b1-4a39-9fb3-9fedde801011: no agents available; will retry on subsequent port and subnet creation events.
2026-07-20 20:23:53.805 7 INFO neutron.plugins.ml2.drivers.ovn.mech_driver.mech_driver [None req-20b0372a-bcc4-451a-a18a-a864d6476ab0 - - - - - -] OVN reports status down for port: a49a13e3-20e3-4727-996c-e78f766045ac
2026-07-20 20:23:53.868 7 INFO neutron.db.ovn_revision_numbers_db [None req-d8552a42-7ffb-42ac-bbde-cc264a7b91df 04c21589b4e640a7a83dd460e23e1897 aeafc6a5931b45ec946c1459060fbf66 - - default default] Successfully bumped revision number for resource a49a13e3-20e3-4727-996c-e78f766045ac (type: ports) to 1 [pid: 7|app: 0|req: 769/1490] 10.0.0.53 () {34 vars in 664 bytes} [Mon Jul 20 20:23:53 2026] POST /v2.0/ports => generated 966 bytes in 575 msecs (HTTP/1.1 201) 4 headers in 162 bytes (1 switches on core 0)
2026-07-20 20:23:54.054 8 INFO neutron_taas.services.taas.taas_plugin [None req-de5be42c-65c1-47f8-bb0f-5e44adff996a 04c21589b4e640a7a83dd460e23e1897 aeafc6a5931b45ec946c1459060fbf66 - - default default] TaaS: Handle Delete Port: a49a13e3-20e3-4727-996c-e78f766045ac
2026-07-20 20:23:54.057 8 INFO neutron_taas.services.taas.tap_mirror_plugin [None req-de5be42c-65c1-47f8-bb0f-5e44adff996a 04c21589b4e640a7a83dd460e23e1897 aeafc6a5931b45ec946c1459060fbf66 - - default default] Tap Mirror: Handle Delete Port: a49a13e3-20e3-4727-996c-e78f766045ac [pid: 8|app: 0|req: 722/1491] 10.0.0.53 () {32 vars in 719 bytes} [Mon Jul 20 20:23:53 2026] DELETE /v2.0/ports/a49a13e3-20e3-4727-996c-e78f766045ac => generated 0 bytes in 266 msecs (HTTP/1.1 204) 3 headers in 131 bytes (1 switches on core 0) /var/lib/openstack/lib/python3.12/site-packages/pycadf/identifier.py:70: UserWarning: Invalid uuid: neutron. To ensure interoperability, identifiers should be a valid uuid. warnings.warn(('Invalid uuid: %s. To ensure interoperability, '
2026-07-20 20:23:54.206 7 INFO neutron.pecan_wsgi.hooks.translation [None req-7b537cce-13d9-413a-b010-45c4769c3fa1 04c21589b4e640a7a83dd460e23e1897 aeafc6a5931b45ec946c1459060fbf66 - - default default] DELETE failed (client error): The resource could not be found. [pid: 7|app: 0|req: 770/1492] 10.0.0.53 () {32 vars in 719 bytes} [Mon Jul 20 20:23:54 2026] DELETE /v2.0/ports/a49a13e3-20e3-4727-996c-e78f766045ac => generated 132 bytes in 25 msecs (HTTP/1.1 404) 4 headers in 164 bytes (1 switches on core 0)
2026-07-20 20:23:54.232 8 INFO neutron.pecan_wsgi.hooks.translation [None req-edd0db71-901f-43f2-8a14-93e82018acdc 04c21589b4e640a7a83dd460e23e1897 aeafc6a5931b45ec946c1459060fbf66 - - default default] GET failed (client error): The resource could not be found. [pid: 8|app: 0|req: 723/1493] 10.0.0.53 () {32 vars in 716 bytes} [Mon Jul 20 20:23:54 2026] GET /v2.0/ports/a49a13e3-20e3-4727-996c-e78f766045ac => generated 132 bytes in 19 msecs (HTTP/1.1 404) 4 headers in 164 bytes (1 switches on core 0) [pid: 7|app: 0|req: 771/1494] 10.0.0.53 () {32 vars in 723 bytes} [Mon Jul 20 20:23:54 2026] DELETE /v2.0/subnets/e01dc2d5-ab0c-46ad-9b18-2bcb5a3283e5 => generated 0 bytes in 191 msecs (HTTP/1.1 204) 3 headers in 131 bytes (1 switches on core 0)
2026-07-20 20:23:54.620 8 INFO neutron_taas.services.taas.taas_plugin [None req-cc09dd06-60e3-4f95-bd17-71c98facc1fa 04c21589b4e640a7a83dd460e23e1897 aeafc6a5931b45ec946c1459060fbf66 - - default default] TaaS: Handle Delete Port: bcc2775e-636f-437d-b758-f7ec8aec8025
2026-07-20 20:23:54.624 8 INFO neutron_taas.services.taas.tap_mirror_plugin [None req-cc09dd06-60e3-4f95-bd17-71c98facc1fa 04c21589b4e640a7a83dd460e23e1897 aeafc6a5931b45ec946c1459060fbf66 - - default default] Tap Mirror: Handle Delete Port: bcc2775e-636f-437d-b758-f7ec8aec8025 [pid: 8|app: 0|req: 724/1495] 10.0.0.53 () {32 vars in 725 bytes} [Mon Jul 20 20:23:54 2026] DELETE /v2.0/networks/ec3ffa26-16b1-4a39-9fb3-9fedde801011 => generated 0 bytes in 488 msecs (HTTP/1.1 204) 3 headers in 131 bytes (1 switches on core 0)
2026-07-20 20:23:55.051 8 INFO neutron.db.segments_db [None req-300a6316-7363-4845-8551-b75b737ebdd1 04c21589b4e640a7a83dd460e23e1897 aeafc6a5931b45ec946c1459060fbf66 - - default default] Added segment 2b040cb2-df5a-4caa-805b-21fbe9a32623 of type geneve for network 0ef799eb-adbb-400a-8fce-344745bf03f0
2026-07-20 20:23:55.215 8 INFO neutron.db.ovn_revision_numbers_db [None req-300a6316-7363-4845-8551-b75b737ebdd1 04c21589b4e640a7a83dd460e23e1897 aeafc6a5931b45ec946c1459060fbf66 - - default default] Successfully bumped revision number for resource 0ef799eb-adbb-400a-8fce-344745bf03f0 (type: networks) to 1
2026-07-20 20:23:55.330 7 INFO neutron.db.ovn_revision_numbers_db [None req-0ef53ed2-9d44-46c2-aa69-af23d83cde2d 9be503fa00154f0c81a07500c73edc06 2dd80eb1e002480fa3907de90f9a69f5 - - default default] Successfully bumped revision number for resource 4df3a60f-b0d9-4e16-81cd-01ce9559a004 (type: security_groups) to 1
2026-07-20 20:23:55.361 7 INFO neutron.db.ovn_revision_numbers_db [None req-0ef53ed2-9d44-46c2-aa69-af23d83cde2d 9be503fa00154f0c81a07500c73edc06 2dd80eb1e002480fa3907de90f9a69f5 - - default default] Successfully bumped revision number for resource 5c9207da-6d0f-4bef-8263-d8d839d9a512 (type: security_group_rules) to 0
2026-07-20 20:23:55.383 7 INFO neutron.db.ovn_revision_numbers_db [None req-0ef53ed2-9d44-46c2-aa69-af23d83cde2d 9be503fa00154f0c81a07500c73edc06 2dd80eb1e002480fa3907de90f9a69f5 - - default default] Successfully bumped revision number for resource ad0d9bfe-4ee1-4171-a65b-baa4da154e0a (type: security_group_rules) to 0
2026-07-20 20:23:55.408 7 INFO neutron.db.ovn_revision_numbers_db [None req-0ef53ed2-9d44-46c2-aa69-af23d83cde2d 9be503fa00154f0c81a07500c73edc06 2dd80eb1e002480fa3907de90f9a69f5 - - default default] Successfully bumped revision number for resource bfcac2a4-36ee-4c36-841a-0fb77e412a0d (type: security_group_rules) to 0
2026-07-20 20:23:55.437 8 WARNING neutron.scheduler.dhcp_agent_scheduler [None req-300a6316-7363-4845-8551-b75b737ebdd1 04c21589b4e640a7a83dd460e23e1897 aeafc6a5931b45ec946c1459060fbf66 - - default default] No more DHCP agents
2026-07-20 20:23:55.437 7 INFO neutron.db.ovn_revision_numbers_db [None req-0ef53ed2-9d44-46c2-aa69-af23d83cde2d 9be503fa00154f0c81a07500c73edc06 2dd80eb1e002480fa3907de90f9a69f5 - - default default] Successfully bumped revision number for resource d3c8df80-b93f-48de-b7e7-ed42e8aa96c7 (type: security_group_rules) to 0
2026-07-20 20:23:55.442 8 WARNING neutron.api.rpc.agentnotifiers.dhcp_rpc_agent_api [None req-300a6316-7363-4845-8551-b75b737ebdd1 04c21589b4e640a7a83dd460e23e1897 aeafc6a5931b45ec946c1459060fbf66 - - default default] Unable to schedule network 0ef799eb-adbb-400a-8fce-344745bf03f0: no agents available; will retry on subsequent port and subnet creation events.
2026-07-20 20:23:55.498 8 INFO neutron.services.segments.plugin [-] Segment 58c88374-5dd4-4169-8002-802d20464bfe resource provider aggregate not found
2026-07-20 20:23:55.503 8 INFO neutron.services.segments.plugin [-] Segment 58c88374-5dd4-4169-8002-802d20464bfe resource provider aggregate not found
2026-07-20 20:23:55.541 8 INFO neutron.services.segments.plugin [-] Client error retrieving segment 58c88374-5dd4-4169-8002-802d20464bfe resource provider; error: Placement Client Error (4xx): {"errors": [{"status": 404, "title": "Not Found", "detail": "The resource could not be found.\n\n No resource provider with uuid 58c88374-5dd4-4169-8002-802d20464bfe found for delete ", "request_id": "req-e6435985-f2d1-4d28-a206-1f6b3462e89c"}]}
2026-07-20 20:23:55.549 7 INFO neutron.plugins.ml2.drivers.ovn.mech_driver.mech_driver [None req-20b0372a-bcc4-451a-a18a-a864d6476ab0 - - - - - -] OVN reports status down for port: 16f76d68-b749-4719-b5f9-da72622b4006
2026-07-20 20:23:55.550 8 INFO neutron.services.segments.plugin [-] Client error retrieving segment 58c88374-5dd4-4169-8002-802d20464bfe resource provider; error: Placement Client Error (4xx): {"errors": [{"status": 404, "title": "Not Found", "detail": "The resource could not be found.\n\n No resource provider with uuid 58c88374-5dd4-4169-8002-802d20464bfe found for delete ", "request_id": "req-493dff39-fcae-4da3-8eab-28feef34a5b3"}]}
2026-07-20 20:23:55.553 7 INFO neutron.db.segments_db [None req-0ef53ed2-9d44-46c2-aa69-af23d83cde2d 9be503fa00154f0c81a07500c73edc06 2dd80eb1e002480fa3907de90f9a69f5 - - default default] Added segment 2eac2f36-15ba-4feb-ad5b-517c35a0d800 of type geneve for network 97b4afda-7f37-42e2-9368-2850eb4fab76
2026-07-20 20:23:55.571 8 INFO neutron.db.ovn_revision_numbers_db [None req-300a6316-7363-4845-8551-b75b737ebdd1 04c21589b4e640a7a83dd460e23e1897 aeafc6a5931b45ec946c1459060fbf66 - - default default] Successfully bumped revision number for resource 16f76d68-b749-4719-b5f9-da72622b4006 (type: ports) to 1 [pid: 8|app: 0|req: 725/1496] 10.0.0.53 () {34 vars in 669 bytes} [Mon Jul 20 20:23:54 2026] POST /v2.0/networks => generated 674 bytes in 641 msecs (HTTP/1.1 201) 4 headers in 162 bytes (1 switches on core 0)
2026-07-20 20:23:55.740 7 INFO neutron.db.ovn_revision_numbers_db [None req-0ef53ed2-9d44-46c2-aa69-af23d83cde2d 9be503fa00154f0c81a07500c73edc06 2dd80eb1e002480fa3907de90f9a69f5 - - default default] Successfully bumped revision number for resource 97b4afda-7f37-42e2-9368-2850eb4fab76 (type: networks) to 1
2026-07-20 20:23:55.807 8 WARNING neutron.scheduler.dhcp_agent_scheduler [None req-6d7f56d1-91bd-481a-878e-a66d1853ffbc 04c21589b4e640a7a83dd460e23e1897 aeafc6a5931b45ec946c1459060fbf66 - - default default] No more DHCP agents
2026-07-20 20:23:55.808 8 WARNING neutron.api.rpc.agentnotifiers.dhcp_rpc_agent_api [None req-6d7f56d1-91bd-481a-878e-a66d1853ffbc 04c21589b4e640a7a83dd460e23e1897 aeafc6a5931b45ec946c1459060fbf66 - - default default] Unable to schedule network 0ef799eb-adbb-400a-8fce-344745bf03f0: no agents available; will retry on subsequent port and subnet creation events.
2026-07-20 20:23:55.839 8 INFO neutron.db.ovn_revision_numbers_db [None req-6d7f56d1-91bd-481a-878e-a66d1853ffbc 04c21589b4e640a7a83dd460e23e1897 aeafc6a5931b45ec946c1459060fbf66 - - default default] Successfully bumped revision number for resource 85fd9d38-9a1e-4edd-bfcf-3a796dc91fda (type: subnets) to 0 [pid: 8|app: 0|req: 726/1497] 10.0.0.53 () {34 vars in 668 bytes} [Mon Jul 20 20:23:55 2026] POST /v2.0/subnets => generated 646 bytes in 270 msecs (HTTP/1.1 201) 4 headers in 162 bytes (1 switches on core 0)
2026-07-20 20:23:55.939 7 WARNING neutron.scheduler.dhcp_agent_scheduler [None req-0ef53ed2-9d44-46c2-aa69-af23d83cde2d 9be503fa00154f0c81a07500c73edc06 2dd80eb1e002480fa3907de90f9a69f5 - - default default] No more DHCP agents
2026-07-20 20:23:55.941 7 WARNING neutron.api.rpc.agentnotifiers.dhcp_rpc_agent_api [None req-0ef53ed2-9d44-46c2-aa69-af23d83cde2d 9be503fa00154f0c81a07500c73edc06 2dd80eb1e002480fa3907de90f9a69f5 - - default default] Unable to schedule network 97b4afda-7f37-42e2-9368-2850eb4fab76: no agents available; will retry on subsequent port and subnet creation events.
2026-07-20 20:23:56.035 7 INFO neutron.db.ovn_revision_numbers_db [None req-0ef53ed2-9d44-46c2-aa69-af23d83cde2d 9be503fa00154f0c81a07500c73edc06 2dd80eb1e002480fa3907de90f9a69f5 - - default default] Successfully bumped revision number for resource c26c7290-5aa0-4897-81d6-514d953465d8 (type: ports) to 1
2026-07-20 20:23:56.048 8 INFO neutron.plugins.ml2.drivers.ovn.mech_driver.mech_driver [None req-57240ccc-dccb-4000-99d5-e48e3ef32641 - - - - - -] OVN reports status down for port: c26c7290-5aa0-4897-81d6-514d953465d8 [pid: 7|app: 0|req: 772/1498] 10.0.0.53 () {34 vars in 669 bytes} [Mon Jul 20 20:23:54 2026] POST /v2.0/networks => generated 686 bytes in 1141 msecs (HTTP/1.1 201) 4 headers in 162 bytes (1 switches on core 0)
2026-07-20 20:23:56.275 8 WARNING neutron.scheduler.dhcp_agent_scheduler [None req-ed366759-b265-438b-938e-bcf79ec61801 04c21589b4e640a7a83dd460e23e1897 aeafc6a5931b45ec946c1459060fbf66 - - default default] No more DHCP agents
