2026-07-20 20:23:56.277 8 WARNING neutron.api.rpc.agentnotifiers.dhcp_rpc_agent_api [None req-ed366759-b265-438b-938e-bcf79ec61801 04c21589b4e640a7a83dd460e23e1897 aeafc6a5931b45ec946c1459060fbf66 - - default default] Unable to schedule network 0ef799eb-adbb-400a-8fce-344745bf03f0: no agents available; will retry on subsequent port and subnet creation events.
2026-07-20 20:23:56.425 7 INFO neutron.plugins.ml2.drivers.ovn.mech_driver.mech_driver [None req-20b0372a-bcc4-451a-a18a-a864d6476ab0 - - - - - -] OVN reports status down for port: cf22818f-09f0-487b-b6e1-5206030f9579
2026-07-20 20:23:56.439 8 INFO neutron.db.ovn_revision_numbers_db [None req-ed366759-b265-438b-938e-bcf79ec61801 04c21589b4e640a7a83dd460e23e1897 aeafc6a5931b45ec946c1459060fbf66 - - default default] Successfully bumped revision number for resource cf22818f-09f0-487b-b6e1-5206030f9579 (type: ports) to 1 [pid: 8|app: 0|req: 727/1499] 10.0.0.53 () {34 vars in 664 bytes} [Mon Jul 20 20:23:55 2026] POST /v2.0/ports => generated 928 bytes in 591 msecs (HTTP/1.1 201) 4 headers in 162 bytes (1 switches on core 0)
2026-07-20 20:23:56.737 7 INFO neutron_taas.services.taas.taas_plugin [None req-3f3bd5bc-13d2-4aa8-b2ac-e9fe410b9d1e 04c21589b4e640a7a83dd460e23e1897 aeafc6a5931b45ec946c1459060fbf66 - - default default] TaaS: Handle Delete Port: cf22818f-09f0-487b-b6e1-5206030f9579
2026-07-20 20:23:56.741 7 INFO neutron_taas.services.taas.tap_mirror_plugin [None req-3f3bd5bc-13d2-4aa8-b2ac-e9fe410b9d1e 04c21589b4e640a7a83dd460e23e1897 aeafc6a5931b45ec946c1459060fbf66 - - default default] Tap Mirror: Handle Delete Port: cf22818f-09f0-487b-b6e1-5206030f9579
2026-07-20 20:23:56.873 8 WARNING neutron.scheduler.dhcp_agent_scheduler [None req-9b24a23f-afc5-416f-b207-a6fa0b56a1f1 9be503fa00154f0c81a07500c73edc06 2dd80eb1e002480fa3907de90f9a69f5 - - default default] No more DHCP agents
2026-07-20 20:23:56.875 8 WARNING neutron.api.rpc.agentnotifiers.dhcp_rpc_agent_api [None req-9b24a23f-afc5-416f-b207-a6fa0b56a1f1 9be503fa00154f0c81a07500c73edc06 2dd80eb1e002480fa3907de90f9a69f5 - - default default] Unable to schedule network 97b4afda-7f37-42e2-9368-2850eb4fab76: no agents available; will retry on subsequent port and subnet creation events.
2026-07-20 20:23:56.949 8 INFO neutron.db.ovn_revision_numbers_db [None req-9b24a23f-afc5-416f-b207-a6fa0b56a1f1 9be503fa00154f0c81a07500c73edc06 2dd80eb1e002480fa3907de90f9a69f5 - - default default] Successfully bumped revision number for resource 5e1e5312-d884-49a9-997a-04f90cc99a4b (type: subnets) to 0 [pid: 7|app: 0|req: 773/1500] 10.0.0.53 () {32 vars in 719 bytes} [Mon Jul 20 20:23:56 2026] DELETE /v2.0/ports/cf22818f-09f0-487b-b6e1-5206030f9579 => generated 0 bytes in 490 msecs (HTTP/1.1 204) 3 headers in 131 bytes (1 switches on core 0) [pid: 8|app: 0|req: 728/1501] 10.0.0.53 () {34 vars in 668 bytes} [Mon Jul 20 20:23:56 2026] POST /v2.0/subnets => generated 673 bytes in 352 msecs (HTTP/1.1 201) 4 headers in 162 bytes (1 switches on core 0)
2026-07-20 20:23:57.001 7 INFO neutron.pecan_wsgi.hooks.translation [None req-4fa88f09-d113-4551-baa3-4f401ec7287b 04c21589b4e640a7a83dd460e23e1897 aeafc6a5931b45ec946c1459060fbf66 - - default default] GET failed (client error): The resource could not be found. [pid: 7|app: 0|req: 774/1502] 10.0.0.53 () {32 vars in 716 bytes} [Mon Jul 20 20:23:56 2026] GET /v2.0/ports/cf22818f-09f0-487b-b6e1-5206030f9579 => generated 132 bytes in 28 msecs (HTTP/1.1 404) 4 headers in 164 bytes (1 switches on core 0)
2026-07-20 20:23:57.109 8 INFO neutron.db.segments_db [None req-abf906e7-7e10-4ae5-a510-057b21a3c66b 9be503fa00154f0c81a07500c73edc06 2dd80eb1e002480fa3907de90f9a69f5 - - default default] Added segment e42378db-b970-4a0d-8d12-769f60a6b74b of type geneve for network 67bef7f1-7e3c-47a1-bdb9-10a4fa076638 [pid: 7|app: 0|req: 775/1503] 10.0.0.53 () {32 vars in 723 bytes} [Mon Jul 20 20:23:57 2026] DELETE /v2.0/subnets/85fd9d38-9a1e-4edd-bfcf-3a796dc91fda => generated 0 bytes in 208 msecs (HTTP/1.1 204) 3 headers in 131 bytes (1 switches on core 0)
2026-07-20 20:23:57.286 8 INFO neutron.db.ovn_revision_numbers_db [None req-abf906e7-7e10-4ae5-a510-057b21a3c66b 9be503fa00154f0c81a07500c73edc06 2dd80eb1e002480fa3907de90f9a69f5 - - default default] Successfully bumped revision number for resource 67bef7f1-7e3c-47a1-bdb9-10a4fa076638 (type: networks) to 1
2026-07-20 20:23:57.406 7 INFO neutron_taas.services.taas.taas_plugin [None req-55e94d36-9578-438c-bcae-a6d14b4fabb8 04c21589b4e640a7a83dd460e23e1897 aeafc6a5931b45ec946c1459060fbf66 - - default default] TaaS: Handle Delete Port: 16f76d68-b749-4719-b5f9-da72622b4006
2026-07-20 20:23:57.410 7 INFO neutron_taas.services.taas.tap_mirror_plugin [None req-55e94d36-9578-438c-bcae-a6d14b4fabb8 04c21589b4e640a7a83dd460e23e1897 aeafc6a5931b45ec946c1459060fbf66 - - default default] Tap Mirror: Handle Delete Port: 16f76d68-b749-4719-b5f9-da72622b4006
2026-07-20 20:23:57.540 8 WARNING neutron.scheduler.dhcp_agent_scheduler [None req-abf906e7-7e10-4ae5-a510-057b21a3c66b 9be503fa00154f0c81a07500c73edc06 2dd80eb1e002480fa3907de90f9a69f5 - - default default] No more DHCP agents
2026-07-20 20:23:57.542 8 WARNING neutron.api.rpc.agentnotifiers.dhcp_rpc_agent_api [None req-abf906e7-7e10-4ae5-a510-057b21a3c66b 9be503fa00154f0c81a07500c73edc06 2dd80eb1e002480fa3907de90f9a69f5 - - default default] Unable to schedule network 67bef7f1-7e3c-47a1-bdb9-10a4fa076638: no agents available; will retry on subsequent port and subnet creation events.
2026-07-20 20:23:57.606 8 INFO neutron.plugins.ml2.drivers.ovn.mech_driver.mech_driver [None req-57240ccc-dccb-4000-99d5-e48e3ef32641 - - - - - -] OVN reports status down for port: cdb73bed-d9c4-498e-be08-bb357ac165c1
2026-07-20 20:23:57.659 7 INFO neutron.services.segments.plugin [-] Segment 2b040cb2-df5a-4caa-805b-21fbe9a32623 resource provider aggregate not found
2026-07-20 20:23:57.669 7 INFO neutron.services.segments.plugin [-] Segment 2b040cb2-df5a-4caa-805b-21fbe9a32623 resource provider aggregate not found
2026-07-20 20:23:57.671 8 INFO neutron.db.ovn_revision_numbers_db [None req-abf906e7-7e10-4ae5-a510-057b21a3c66b 9be503fa00154f0c81a07500c73edc06 2dd80eb1e002480fa3907de90f9a69f5 - - default default] Successfully bumped revision number for resource cdb73bed-d9c4-498e-be08-bb357ac165c1 (type: ports) to 1
2026-07-20 20:23:57.676 7 INFO neutron.services.segments.plugin [-] Client error retrieving segment 2b040cb2-df5a-4caa-805b-21fbe9a32623 resource provider; error: Placement Client Error (4xx): {"errors": [{"status": 404, "title": "Not Found", "detail": "The resource could not be found.\n\n No resource provider with uuid 2b040cb2-df5a-4caa-805b-21fbe9a32623 found for delete ", "request_id": "req-8a6e6a79-7b5c-4183-b25c-c6a8c73ff5b5"}]}
2026-07-20 20:23:57.688 7 INFO neutron.services.segments.plugin [-] Client error retrieving segment 2b040cb2-df5a-4caa-805b-21fbe9a32623 resource provider; error: Placement Client Error (4xx): {"errors": [{"status": 404, "title": "Not Found", "detail": "The resource could not be found.\n\n No resource provider with uuid 2b040cb2-df5a-4caa-805b-21fbe9a32623 found for delete ", "request_id": "req-0a06d941-03ac-43ea-9cef-0e314abe6aa7"}]} [pid: 8|app: 0|req: 729/1504] 10.0.0.53 () {34 vars in 669 bytes} [Mon Jul 20 20:23:56 2026] POST /v2.0/networks => generated 686 bytes in 737 msecs (HTTP/1.1 201) 4 headers in 162 bytes (1 switches on core 0) [pid: 7|app: 0|req: 776/1505] 10.0.0.53 () {32 vars in 725 bytes} [Mon Jul 20 20:23:57 2026] DELETE /v2.0/networks/0ef799eb-adbb-400a-8fce-344745bf03f0 => generated 0 bytes in 497 msecs (HTTP/1.1 204) 3 headers in 131 bytes (1 switches on core 0)
2026-07-20 20:23:57.906 7 INFO neutron.db.ovn_revision_numbers_db [None req-1af17c51-f12e-4df3-80a7-045b190626f8 9be503fa00154f0c81a07500c73edc06 2dd80eb1e002480fa3907de90f9a69f5 - - default default] Successfully bumped revision number for resource 67bef7f1-7e3c-47a1-bdb9-10a4fa076638 (type: networks) to 2 [pid: 7|app: 0|req: 777/1506] 10.0.0.53 () {34 vars in 742 bytes} [Mon Jul 20 20:23:57 2026] PUT /v2.0/networks/67bef7f1-7e3c-47a1-bdb9-10a4fa076638 => generated 636 bytes in 189 msecs (HTTP/1.1 200) 4 headers in 157 bytes (1 switches on core 0)
2026-07-20 20:23:58.053 8 WARNING neutron.scheduler.dhcp_agent_scheduler [None req-a7f440bd-a12c-46dc-ae78-83b3841cf163 04c21589b4e640a7a83dd460e23e1897 aeafc6a5931b45ec946c1459060fbf66 - - default default] No more DHCP agents
2026-07-20 20:23:58.055 8 WARNING neutron.api.rpc.agentnotifiers.dhcp_rpc_agent_api [None req-a7f440bd-a12c-46dc-ae78-83b3841cf163 04c21589b4e640a7a83dd460e23e1897 aeafc6a5931b45ec946c1459060fbf66 - - default default] Unable to schedule network 2998b002-c00e-4b77-8e93-0498a81e855c: no agents available; will retry on subsequent port and subnet creation events.
2026-07-20 20:23:58.138 7 WARNING neutron.db.securitygroups_db [None req-38be1a05-2ef6-4957-aa28-aa6f7348c575 2da59ac1902147c68dd85a4308b492a9 76dbea4f76dc44438bf839f74c121db4 - - default default] project_id key not found in filters, using tenant_id instead. This support has been deprecated and will be removed in a future release.
2026-07-20 20:23:58.146 7 INFO neutron.plugins.ml2.drivers.ovn.mech_driver.mech_driver [None req-20b0372a-bcc4-451a-a18a-a864d6476ab0 - - - - - -] OVN reports status down for port: 38a7231f-168e-469f-a4a0-9ba9861dd29d
2026-07-20 20:23:58.169 8 INFO neutron.db.ovn_revision_numbers_db [None req-a7f440bd-a12c-46dc-ae78-83b3841cf163 04c21589b4e640a7a83dd460e23e1897 aeafc6a5931b45ec946c1459060fbf66 - - default default] Successfully bumped revision number for resource 38a7231f-168e-469f-a4a0-9ba9861dd29d (type: ports) to 1 [pid: 8|app: 0|req: 730/1507] 10.0.0.53 () {34 vars in 664 bytes} [Mon Jul 20 20:23:57 2026] POST /v2.0/ports => generated 777 bytes in 485 msecs (HTTP/1.1 201) 4 headers in 162 bytes (1 switches on core 0) /var/lib/openstack/lib/python3.12/site-packages/pycadf/identifier.py:70: UserWarning: Invalid uuid: neutron. To ensure interoperability, identifiers should be a valid uuid. warnings.warn(('Invalid uuid: %s. To ensure interoperability, '
2026-07-20 20:23:58.378 7 INFO neutron.db.ovn_revision_numbers_db [None req-38be1a05-2ef6-4957-aa28-aa6f7348c575 2da59ac1902147c68dd85a4308b492a9 76dbea4f76dc44438bf839f74c121db4 - - default default] Successfully bumped revision number for resource 874fddbb-54ea-4c68-8ae2-cddb73d8885d (type: security_groups) to 1
2026-07-20 20:23:58.398 7 INFO neutron.db.ovn_revision_numbers_db [None req-38be1a05-2ef6-4957-aa28-aa6f7348c575 2da59ac1902147c68dd85a4308b492a9 76dbea4f76dc44438bf839f74c121db4 - - default default] Successfully bumped revision number for resource 067f4820-5541-4d3e-a41b-fea9009c2cb3 (type: security_group_rules) to 0
2026-07-20 20:23:58.412 7 INFO neutron.db.ovn_revision_numbers_db [None req-38be1a05-2ef6-4957-aa28-aa6f7348c575 2da59ac1902147c68dd85a4308b492a9 76dbea4f76dc44438bf839f74c121db4 - - default default] Successfully bumped revision number for resource 38a87ac0-a9de-4e52-98a3-9c3f74870b54 (type: security_group_rules) to 0
2026-07-20 20:23:58.427 7 INFO neutron.db.ovn_revision_numbers_db [None req-38be1a05-2ef6-4957-aa28-aa6f7348c575 2da59ac1902147c68dd85a4308b492a9 76dbea4f76dc44438bf839f74c121db4 - - default default] Successfully bumped revision number for resource 540114db-ce46-4434-bc3e-5c845e4820b9 (type: security_group_rules) to 0
2026-07-20 20:23:58.441 7 INFO neutron.db.ovn_revision_numbers_db [None req-38be1a05-2ef6-4957-aa28-aa6f7348c575 2da59ac1902147c68dd85a4308b492a9 76dbea4f76dc44438bf839f74c121db4 - - default default] Successfully bumped revision number for resource f6e9d8ca-ac83-4719-bd5a-9060d86c73d8 (type: security_group_rules) to 0
2026-07-20 20:23:58.462 8 WARNING neutron.scheduler.dhcp_agent_scheduler [None req-6ea0bf73-e0d8-4f7b-ae04-113d553ebe5f 9be503fa00154f0c81a07500c73edc06 2dd80eb1e002480fa3907de90f9a69f5 - - default default] No more DHCP agents
2026-07-20 20:23:58.463 8 WARNING neutron.api.rpc.agentnotifiers.dhcp_rpc_agent_api [None req-6ea0bf73-e0d8-4f7b-ae04-113d553ebe5f 9be503fa00154f0c81a07500c73edc06 2dd80eb1e002480fa3907de90f9a69f5 - - default default] Unable to schedule network 67bef7f1-7e3c-47a1-bdb9-10a4fa076638: no agents available; will retry on subsequent port and subnet creation events.
2026-07-20 20:23:58.493 8 INFO neutron.db.ovn_revision_numbers_db [None req-6ea0bf73-e0d8-4f7b-ae04-113d553ebe5f 9be503fa00154f0c81a07500c73edc06 2dd80eb1e002480fa3907de90f9a69f5 - - default default] Successfully bumped revision number for resource bd5e3c1c-5bb5-4f6b-ad6c-6688e3f092a8 (type: subnets) to 0 [pid: 7|app: 0|req: 778/1508] 10.0.0.53 () {32 vars in 773 bytes} [Mon Jul 20 20:23:57 2026] GET /v2.0/security-groups?tenant_id=4cc5d02f59cb47ec8cfc9fd16942b381&name=default => generated 2925 bytes in 579 msecs (HTTP/1.1 200) 4 headers in 158 bytes (1 switches on core 0) [pid: 8|app: 0|req: 731/1509] 10.0.0.53 () {34 vars in 668 bytes} [Mon Jul 20 20:23:58 2026] POST /v2.0/subnets => generated 646 bytes in 302 msecs (HTTP/1.1 201) 4 headers in 162 bytes (1 switches on core 0) [pid: 8|app: 0|req: 732/1510] 10.0.0.53 () {32 vars in 739 bytes} [Mon Jul 20 20:23:58 2026] DELETE /v2.0/security-groups/874fddbb-54ea-4c68-8ae2-cddb73d8885d => generated 0 bytes in 185 msecs (HTTP/1.1 204) 2 headers in 112 bytes (1 switches on core 0)
2026-07-20 20:23:58.765 7 INFO neutron.plugins.ml2.drivers.ovn.mech_driver.mech_driver [None req-20b0372a-bcc4-451a-a18a-a864d6476ab0 - - - - - -] OVN reports status down for port: 38a7231f-168e-469f-a4a0-9ba9861dd29d
2026-07-20 20:23:58.830 7 INFO neutron.db.ovn_revision_numbers_db [None req-6e432b1c-cf78-4ee1-90e1-2ba706169064 04c21589b4e640a7a83dd460e23e1897 aeafc6a5931b45ec946c1459060fbf66 - - default default] Successfully bumped revision number for resource 38a7231f-168e-469f-a4a0-9ba9861dd29d (type: ports) to 2 [pid: 7|app: 0|req: 779/1511] 10.0.0.53 () {34 vars in 736 bytes} [Mon Jul 20 20:23:58 2026] PUT /v2.0/ports/38a7231f-168e-469f-a4a0-9ba9861dd29d => generated 752 bytes in 403 msecs (HTTP/1.1 200) 4 headers in 157 bytes (1 switches on core 0) /var/lib/openstack/lib/python3.12/site-packages/pycadf/identifier.py:70: UserWarning: Invalid uuid: neutron. To ensure interoperability, identifiers should be a valid uuid. warnings.warn(('Invalid uuid: %s. To ensure interoperability, '
2026-07-20 20:23:58.904 7 WARNING neutron.db.securitygroups_db [None req-3b5815ab-9e51-4495-9ace-74fc352546fe 2da59ac1902147c68dd85a4308b492a9 76dbea4f76dc44438bf839f74c121db4 - - default default] project_id key not found in filters, using tenant_id instead. This support has been deprecated and will be removed in a future release.
2026-07-20 20:23:59.061 7 INFO neutron.db.ovn_revision_numbers_db [None req-3b5815ab-9e51-4495-9ace-74fc352546fe 2da59ac1902147c68dd85a4308b492a9 76dbea4f76dc44438bf839f74c121db4 - - default default] Successfully bumped revision number for resource 02039f9c-f311-4dcb-8ee5-3fbccd825cf5 (type: security_groups) to 1
2026-07-20 20:23:59.075 7 INFO neutron.db.ovn_revision_numbers_db [None req-3b5815ab-9e51-4495-9ace-74fc352546fe 2da59ac1902147c68dd85a4308b492a9 76dbea4f76dc44438bf839f74c121db4 - - default default] Successfully bumped revision number for resource 0ca33c59-1b3a-414f-8de3-3ba42104306a (type: security_group_rules) to 0
2026-07-20 20:23:59.093 7 INFO neutron.db.ovn_revision_numbers_db [None req-3b5815ab-9e51-4495-9ace-74fc352546fe 2da59ac1902147c68dd85a4308b492a9 76dbea4f76dc44438bf839f74c121db4 - - default default] Successfully bumped revision number for resource 555edd1a-6065-42e1-93db-c313767a4dfd (type: security_group_rules) to 0
2026-07-20 20:23:59.110 7 INFO neutron.db.ovn_revision_numbers_db [None req-3b5815ab-9e51-4495-9ace-74fc352546fe 2da59ac1902147c68dd85a4308b492a9 76dbea4f76dc44438bf839f74c121db4 - - default default] Successfully bumped revision number for resource d38dbae4-5c7f-47e9-a6b5-55ca902ebf65 (type: security_group_rules) to 0
2026-07-20 20:23:59.124 7 INFO neutron.db.ovn_revision_numbers_db [None req-3b5815ab-9e51-4495-9ace-74fc352546fe 2da59ac1902147c68dd85a4308b492a9 76dbea4f76dc44438bf839f74c121db4 - - default default] Successfully bumped revision number for resource dbb5b8bb-6a47-4d62-b5c5-6f0aba7eb4eb (type: security_group_rules) to 0 [pid: 7|app: 0|req: 780/1512] 10.0.0.53 () {32 vars in 773 bytes} [Mon Jul 20 20:23:58 2026] GET /v2.0/security-groups?tenant_id=44206378c5ee403f85833eb50a26ab84&name=default => generated 2925 bytes in 268 msecs (HTTP/1.1 200) 4 headers in 158 bytes (1 switches on core 0)
2026-07-20 20:23:59.311 7 INFO neutron_taas.services.taas.taas_plugin [None req-f52df5ed-a22e-4373-8131-51e9b1e0235f 04c21589b4e640a7a83dd460e23e1897 aeafc6a5931b45ec946c1459060fbf66 - - default default] TaaS: Handle Delete Port: 38a7231f-168e-469f-a4a0-9ba9861dd29d
2026-07-20 20:23:59.315 7 INFO neutron_taas.services.taas.tap_mirror_plugin [None req-f52df5ed-a22e-4373-8131-51e9b1e0235f 04c21589b4e640a7a83dd460e23e1897 aeafc6a5931b45ec946c1459060fbf66 - - default default] Tap Mirror: Handle Delete Port: 38a7231f-168e-469f-a4a0-9ba9861dd29d
2026-07-20 20:23:59.399 8 INFO neutron.db.ovn_revision_numbers_db [None req-a7b9a07b-e224-494d-b0a9-be374aa4d80c 9be503fa00154f0c81a07500c73edc06 2dd80eb1e002480fa3907de90f9a69f5 - - default default] Successfully bumped revision number for resource cdb73bed-d9c4-498e-be08-bb357ac165c1 (type: ports) to 2
2026-07-20 20:23:59.451 8 INFO neutron.db.ovn_revision_numbers_db [None req-a7b9a07b-e224-494d-b0a9-be374aa4d80c 9be503fa00154f0c81a07500c73edc06 2dd80eb1e002480fa3907de90f9a69f5 - - default default] Successfully bumped revision number for resource bd5e3c1c-5bb5-4f6b-ad6c-6688e3f092a8 (type: subnets) to 1 [pid: 8|app: 0|req: 733/1513] 10.0.0.53 () {34 vars in 740 bytes} [Mon Jul 20 20:23:58 2026] PUT /v2.0/subnets/bd5e3c1c-5bb5-4f6b-ad6c-6688e3f092a8 => generated 656 bytes in 763 msecs (HTTP/1.1 200) 4 headers in 157 bytes (1 switches on core 0) [pid: 7|app: 0|req: 781/1514] 10.0.0.53 () {32 vars in 719 bytes} [Mon Jul 20 20:23:59 2026] DELETE /v2.0/ports/38a7231f-168e-469f-a4a0-9ba9861dd29d => generated 0 bytes in 306 msecs (HTTP/1.1 204) 3 headers in 131 bytes (1 switches on core 0)
2026-07-20 20:23:59.628 7 INFO neutron_taas.services.taas.taas_plugin [None req-a0729ac0-2abe-4411-b0df-608f2028a6a9 9be503fa00154f0c81a07500c73edc06 2dd80eb1e002480fa3907de90f9a69f5 - - default default] TaaS: Handle Delete Port: cdb73bed-d9c4-498e-be08-bb357ac165c1
2026-07-20 20:23:59.632 7 INFO neutron_taas.services.taas.tap_mirror_plugin [None req-a0729ac0-2abe-4411-b0df-608f2028a6a9 9be503fa00154f0c81a07500c73edc06 2dd80eb1e002480fa3907de90f9a69f5 - - default default] Tap Mirror: Handle Delete Port: cdb73bed-d9c4-498e-be08-bb357ac165c1 [pid: 8|app: 0|req: 734/1515] 10.0.0.53 () {32 vars in 739 bytes} [Mon Jul 20 20:23:59 2026] DELETE /v2.0/security-groups/02039f9c-f311-4dcb-8ee5-3fbccd825cf5 => generated 0 bytes in 205 msecs (HTTP/1.1 204) 2 headers in 112 bytes (1 switches on core 0) [pid: 8|app: 0|req: 735/1516] 10.0.0.53 () {32 vars in 642 bytes} [Mon Jul 20 20:23:59 2026] GET /v2.0/ports => generated 1538 bytes in 43 msecs (HTTP/1.1 200) 4 headers in 158 bytes (1 switches on core 0)
2026-07-20 20:23:59.730 8 INFO neutron.pecan_wsgi.hooks.translation [None req-650406e8-7378-4ffd-92ed-5afbdd1e30bf 04c21589b4e640a7a83dd460e23e1897 aeafc6a5931b45ec946c1459060fbf66 - - default default] GET failed (client error): The resource could not be found. [pid: 8|app: 0|req: 736/1517] 10.0.0.53 () {32 vars in 716 bytes} [Mon Jul 20 20:23:59 2026] GET /v2.0/ports/38a7231f-168e-469f-a4a0-9ba9861dd29d => generated 132 bytes in 18 msecs (HTTP/1.1 404) 4 headers in 164 bytes (1 switches on core 0) [pid: 8|app: 0|req: 737/1518] 10.0.0.53 () {32 vars in 642 bytes} [Mon Jul 20 20:23:59 2026] GET /v2.0/ports => generated 1538 bytes in 59 msecs (HTTP/1.1 200) 4 headers in 158 bytes (1 switches on core 0) [pid: 8|app: 0|req: 738/1519] 10.0.0.53 () {32 vars in 716 bytes} [Mon Jul 20 20:23:59 2026] GET /v2.0/ports/0794b0c4-f82a-4d8f-b60e-267a6cd5b89f => generated 779 bytes in 42 msecs (HTTP/1.1 200) 4 headers in 157 bytes (1 switches on core 0)
2026-07-20 20:23:59.870 8 INFO neutron.pecan_wsgi.hooks.translation [None req-568d4643-3093-4716-a028-68030c16a05d 04c21589b4e640a7a83dd460e23e1897 aeafc6a5931b45ec946c1459060fbf66 - - default default] DELETE failed (client error): The resource could not be found. [pid: 8|app: 0|req: 739/1520] 10.0.0.53 () {32 vars in 719 bytes} [Mon Jul 20 20:23:59 2026] DELETE /v2.0/ports/cf22818f-09f0-487b-b6e1-5206030f9579 => generated 132 bytes in 25 msecs (HTTP/1.1 404) 4 headers in 164 bytes (1 switches on core 0)
2026-07-20 20:23:59.893 8 INFO neutron.pecan_wsgi.hooks.translation [None req-bccd62bd-630d-44f3-8b2e-9d4e73eb868d 04c21589b4e640a7a83dd460e23e1897 aeafc6a5931b45ec946c1459060fbf66 - - default default] DELETE failed (client error): The resource could not be found. [pid: 8|app: 0|req: 740/1521] 10.0.0.53 () {32 vars in 723 bytes} [Mon Jul 20 20:23:59 2026] DELETE /v2.0/subnets/85fd9d38-9a1e-4edd-bfcf-3a796dc91fda => generated 136 bytes in 17 msecs (HTTP/1.1 404) 4 headers in 164 bytes (1 switches on core 0)
2026-07-20 20:23:59.917 8 INFO neutron.pecan_wsgi.hooks.translation [None req-3aeefe89-feda-4d12-932e-71f813e06130 04c21589b4e640a7a83dd460e23e1897 aeafc6a5931b45ec946c1459060fbf66 - - default default] DELETE failed (client error): The resource could not be found. [pid: 8|app: 0|req: 741/1522] 10.0.0.53 () {32 vars in 723 bytes} [Mon Jul 20 20:23:59 2026] DELETE /v2.0/subnets/e01dc2d5-ab0c-46ad-9b18-2bcb5a3283e5 => generated 136 bytes in 20 msecs (HTTP/1.1 404) 4 headers in 164 bytes (1 switches on core 0)
2026-07-20 20:23:59.958 7 INFO neutron.services.segments.plugin [-] Segment e42378db-b970-4a0d-8d12-769f60a6b74b resource provider aggregate not found
2026-07-20 20:23:59.963 7 INFO neutron.services.segments.plugin [-] Segment e42378db-b970-4a0d-8d12-769f60a6b74b resource provider aggregate not found
2026-07-20 20:24:00.000 7 INFO neutron.services.segments.plugin [-] Client error retrieving segment e42378db-b970-4a0d-8d12-769f60a6b74b resource provider; error: Placement Client Error (4xx): {"errors": [{"status": 404, "title": "Not Found", "detail": "The resource could not be found.\n\n No resource provider with uuid e42378db-b970-4a0d-8d12-769f60a6b74b found for delete ", "request_id": "req-90c2d4d4-d153-4dd8-8302-c1f9a612ea0c"}]}
2026-07-20 20:24:00.008 7 INFO neutron.services.segments.plugin [-] Client error retrieving segment e42378db-b970-4a0d-8d12-769f60a6b74b resource provider; error: Placement Client Error (4xx): {"errors": [{"status": 404, "title": "Not Found", "detail": "The resource could not be found.\n\n No resource provider with uuid e42378db-b970-4a0d-8d12-769f60a6b74b found for delete ", "request_id": "req-4670876c-8694-4538-b32e-eacf61ba7bad"}]} [pid: 7|app: 0|req: 782/1523] 10.0.0.53 () {32 vars in 725 bytes} [Mon Jul 20 20:23:59 2026] DELETE /v2.0/networks/67bef7f1-7e3c-47a1-bdb9-10a4fa076638 => generated 0 bytes in 560 msecs (HTTP/1.1 204) 3 headers in 131 bytes (1 switches on core 0)
2026-07-20 20:24:00.063 7 INFO neutron.pecan_wsgi.hooks.translation [None req-cab97e93-0bcb-4d4a-9fad-5151b17c60a2 9be503fa00154f0c81a07500c73edc06 2dd80eb1e002480fa3907de90f9a69f5 - - default default] DELETE failed (client error): The resource could not be found. [pid: 7|app: 0|req: 783/1524] 10.0.0.53 () {32 vars in 725 bytes} [Mon Jul 20 20:24:00 2026] DELETE /v2.0/networks/67bef7f1-7e3c-47a1-bdb9-10a4fa076638 => generated 138 bytes in 26 msecs (HTTP/1.1 404) 4 headers in 164 bytes (1 switches on core 0)
2026-07-20 20:24:00.102 8 INFO neutron_taas.services.taas.taas_plugin [None req-6fdf0945-ed3a-43e3-99d7-e045fe6eae6d 04c21589b4e640a7a83dd460e23e1897 aeafc6a5931b45ec946c1459060fbf66 - - default default] TaaS: Handle Delete Port: 0794b0c4-f82a-4d8f-b60e-267a6cd5b89f
2026-07-20 20:24:00.104 8 INFO neutron_taas.services.taas.tap_mirror_plugin [None req-6fdf0945-ed3a-43e3-99d7-e045fe6eae6d 04c21589b4e640a7a83dd460e23e1897 aeafc6a5931b45ec946c1459060fbf66 - - default default] Tap Mirror: Handle Delete Port: 0794b0c4-f82a-4d8f-b60e-267a6cd5b89f [pid: 7|app: 0|req: 784/1525] 10.0.0.53 () {32 vars in 693 bytes} [Mon Jul 20 20:24:00 2026] GET /v2.0/networks?router%3Aexternal=True => generated 689 bytes in 64 msecs (HTTP/1.1 200) 4 headers in 157 bytes (1 switches on core 0) [pid: 7|app: 0|req: 785/1526] 10.0.0.53 () {32 vars in 741 bytes} [Mon Jul 20 20:24:00 2026] GET /v2.0/subnets?network_id=b9cadc4d-a833-45f5-9199-50520e7da728 => generated 649 bytes in 47 msecs (HTTP/1.1 200) 4 headers in 157 bytes (1 switches on core 0) [pid: 7|app: 0|req: 786/1527] 10.0.0.53 () {32 vars in 652 bytes} [Mon Jul 20 20:24:00 2026] GET /v2.0/extensions => generated 22668 bytes in 15 msecs (HTTP/1.1 200) 4 headers in 159 bytes (1 switches on core 0) [pid: 8|app: 0|req: 742/1528] 10.0.0.53 () {32 vars in 719 bytes} [Mon Jul 20 20:23:59 2026] DELETE /v2.0/ports/0794b0c4-f82a-4d8f-b60e-267a6cd5b89f => generated 0 bytes in 305 msecs (HTTP/1.1 204) 3 headers in 131 bytes (1 switches on core 0) [pid: 7|app: 0|req: 787/1529] 10.0.0.53 () {32 vars in 648 bytes} [Mon Jul 20 20:24:00 2026] GET /v2.0/networks => generated 1389 bytes in 64 msecs (HTTP/1.1 200) 4 headers in 158 bytes (1 switches on core 0) [pid: 7|app: 0|req: 788/1530] 10.0.0.53 () {32 vars in 646 bytes} [Mon Jul 20 20:24:00 2026] GET /v2.0/subnets => generated 1312 bytes in 44 msecs (HTTP/1.1 200) 4 headers in 158 bytes (1 switches on core 0)
2026-07-20 20:24:00.396 8 INFO neutron_taas.services.taas.taas_plugin [None req-a653f28b-3901-47c2-8a39-1175fe8c0d71 04c21589b4e640a7a83dd460e23e1897 aeafc6a5931b45ec946c1459060fbf66 - - default default] TaaS: Handle Delete Port: c81cf5cb-cc19-4ae2-9cb3-33240ee6514e
2026-07-20 20:24:00.401 8 INFO neutron_taas.services.taas.tap_mirror_plugin [None req-a653f28b-3901-47c2-8a39-1175fe8c0d71 04c21589b4e640a7a83dd460e23e1897 aeafc6a5931b45ec946c1459060fbf66 - - default default] Tap Mirror: Handle Delete Port: c81cf5cb-cc19-4ae2-9cb3-33240ee6514e [pid: 7|app: 0|req: 789/1531] 10.0.0.53 () {32 vars in 722 bytes} [Mon Jul 20 20:24:00 2026] GET /v2.0/networks/97b4afda-7f37-42e2-9368-2850eb4fab76 => generated 711 bytes in 63 msecs (HTTP/1.1 200) 4 headers in 157 bytes (1 switches on core 0) [pid: 7|app: 0|req: 790/1532] 10.0.0.53 () {32 vars in 720 bytes} [Mon Jul 20 20:24:00 2026] GET /v2.0/subnets/5e1e5312-d884-49a9-997a-04f90cc99a4b => generated 673 bytes in 30 msecs (HTTP/1.1 200) 4 headers in 157 bytes (1 switches on core 0)
2026-07-20 20:24:00.465 7 INFO neutron.pecan_wsgi.hooks.translation [None req-38405f89-671d-4d70-a8b8-b97bd905aff7 9be503fa00154f0c81a07500c73edc06 2dd80eb1e002480fa3907de90f9a69f5 - - default default] DELETE failed (client error): The resource could not be found. [pid: 7|app: 0|req: 791/1533] 10.0.0.53 () {32 vars in 723 bytes} [Mon Jul 20 20:24:00 2026] DELETE /v2.0/subnets/bd5e3c1c-5bb5-4f6b-ad6c-6688e3f092a8 => generated 136 bytes in 19 msecs (HTTP/1.1 404) 4 headers in 164 bytes (1 switches on core 0)
2026-07-20 20:24:00.488 7 INFO neutron.pecan_wsgi.hooks.translation [None req-657859e9-ca9e-4d76-9288-36c94543d3de 9be503fa00154f0c81a07500c73edc06 2dd80eb1e002480fa3907de90f9a69f5 - - default default] DELETE failed (client error): The resource could not be found. [pid: 7|app: 0|req: 792/1534] 10.0.0.53 () {32 vars in 725 bytes} [Mon Jul 20 20:24:00 2026] DELETE /v2.0/networks/67bef7f1-7e3c-47a1-bdb9-10a4fa076638 => generated 138 bytes in 18 msecs (HTTP/1.1 404) 4 headers in 164 bytes (1 switches on core 0)
2026-07-20 20:24:00.642 8 INFO neutron.services.segments.plugin [-] Segment e0da4899-f688-4a99-a851-f15907b09f0c resource provider aggregate not found
2026-07-20 20:24:00.644 8 INFO neutron.services.segments.plugin [-] Segment e0da4899-f688-4a99-a851-f15907b09f0c resource provider aggregate not found
2026-07-20 20:24:00.671 8 INFO neutron.services.segments.plugin [-] Client error retrieving segment e0da4899-f688-4a99-a851-f15907b09f0c resource provider; error: Placement Client Error (4xx): {"errors": [{"status": 404, "title": "Not Found", "detail": "The resource could not be found.\n\n No resource provider with uuid e0da4899-f688-4a99-a851-f15907b09f0c found for delete ", "request_id": "req-80c0ad2b-1900-4c04-b19b-47ee674c5d1f"}]} [pid: 7|app: 0|req: 793/1535] 10.0.0.53 () {32 vars in 723 bytes} [Mon Jul 20 20:24:00 2026] DELETE /v2.0/subnets/5e1e5312-d884-49a9-997a-04f90cc99a4b => generated 0 bytes in 180 msecs (HTTP/1.1 204) 3 headers in 131 bytes (1 switches on core 0)
2026-07-20 20:24:00.677 8 INFO neutron.services.segments.plugin [-] Client error retrieving segment e0da4899-f688-4a99-a851-f15907b09f0c resource provider; error: Placement Client Error (4xx): {"errors": [{"status": 404, "title": "Not Found", "detail": "The resource could not be found.\n\n No resource provider with uuid e0da4899-f688-4a99-a851-f15907b09f0c found for delete ", "request_id": "req-f7f5e225-00df-42a3-9b95-6ad62997878a"}]} [pid: 8|app: 0|req: 743/1536] 10.0.0.53 () {32 vars in 725 bytes} [Mon Jul 20 20:24:00 2026] DELETE /v2.0/networks/2998b002-c00e-4b77-8e93-0498a81e855c => generated 0 bytes in 480 msecs (HTTP/1.1 204) 3 headers in 131 bytes (1 switches on core 0)
2026-07-20 20:24:00.822 7 INFO neutron_taas.services.taas.taas_plugin [None req-045f9b84-27ae-4e6c-935f-96aa5189da4a 9be503fa00154f0c81a07500c73edc06 2dd80eb1e002480fa3907de90f9a69f5 - - default default] TaaS: Handle Delete Port: c26c7290-5aa0-4897-81d6-514d953465d8
2026-07-20 20:24:00.824 7 INFO neutron_taas.services.taas.tap_mirror_plugin [None req-045f9b84-27ae-4e6c-935f-96aa5189da4a 9be503fa00154f0c81a07500c73edc06 2dd80eb1e002480fa3907de90f9a69f5 - - default default] Tap Mirror: Handle Delete Port: c26c7290-5aa0-4897-81d6-514d953465d8 [pid: 7|app: 0|req: 794/1537] 10.0.0.53 () {32 vars in 725 bytes} [Mon Jul 20 20:24:00 2026] DELETE /v2.0/networks/97b4afda-7f37-42e2-9368-2850eb4fab76 => generated 0 bytes in 423 msecs (HTTP/1.1 204) 3 headers in 131 bytes (1 switches on core 0)
2026-07-20 20:24:01.502 8 WARNING neutron.db.securitygroups_db [None req-f426503c-6c4c-4138-a55d-8f513e7a1bc9 2da59ac1902147c68dd85a4308b492a9 76dbea4f76dc44438bf839f74c121db4 - - default default] project_id key not found in filters, using tenant_id instead. This support has been deprecated and will be removed in a future release. [pid: 8|app: 0|req: 744/1538] 10.0.0.53 () {32 vars in 773 bytes} [Mon Jul 20 20:24:01 2026] GET /v2.0/security-groups?tenant_id=aeafc6a5931b45ec946c1459060fbf66&name=default => generated 2925 bytes in 267 msecs (HTTP/1.1 200) 4 headers in 158 bytes (1 switches on core 0) [pid: 7|app: 0|req: 795/1539] 10.0.0.53 () {32 vars in 739 bytes} [Mon Jul 20 20:24:01 2026] DELETE /v2.0/security-groups/d0910cc9-48dc-4882-9105-28da8a1386f7 => generated 0 bytes in 234 msecs (HTTP/1.1 204) 2 headers in 112 bytes (1 switches on core 0)
2026-07-20 20:24:01.818 8 WARNING neutron.db.securitygroups_db [None req-4d542622-40fb-4a54-ba71-80beae510829 2da59ac1902147c68dd85a4308b492a9 76dbea4f76dc44438bf839f74c121db4 - - default default] project_id key not found in filters, using tenant_id instead. This support has been deprecated and will be removed in a future release. [pid: 8|app: 0|req: 745/1540] 10.0.0.53 () {32 vars in 773 bytes} [Mon Jul 20 20:24:01 2026] GET /v2.0/security-groups?tenant_id=2dd80eb1e002480fa3907de90f9a69f5&name=default => generated 2925 bytes in 248 msecs (HTTP/1.1 200) 4 headers in 158 bytes (1 switches on core 0)
2026-07-20 20:24:02.035 7 INFO neutron.services.segments.plugin [-] Segment 2eac2f36-15ba-4feb-ad5b-517c35a0d800 resource provider aggregate not found
2026-07-20 20:24:02.037 7 INFO neutron.services.segments.plugin [-] Segment 2eac2f36-15ba-4feb-ad5b-517c35a0d800 resource provider aggregate not found
2026-07-20 20:24:02.059 7 INFO neutron.services.segments.plugin [-] Client error retrieving segment 2eac2f36-15ba-4feb-ad5b-517c35a0d800 resource provider; error: Placement Client Error (4xx): {"errors": [{"status": 404, "title": "Not Found", "detail": "The resource could not be found.\n\n No resource provider with uuid 2eac2f36-15ba-4feb-ad5b-517c35a0d800 found for delete ", "request_id": "req-2e139d3b-86b6-40cd-8a3b-a650ff4130ec"}]}
2026-07-20 20:24:02.061 7 INFO neutron.services.segments.plugin [-] Client error retrieving segment 2eac2f36-15ba-4feb-ad5b-517c35a0d800 resource provider; error: Placement Client Error (4xx): {"errors": [{"status": 404, "title": "Not Found", "detail": "The resource could not be found.\n\n No resource provider with uuid 2eac2f36-15ba-4feb-ad5b-517c35a0d800 found for delete ", "request_id": "req-9fad3041-2f65-4d64-b293-725e4630af44"}]} [pid: 7|app: 0|req: 796/1541] 10.0.0.53 () {32 vars in 739 bytes} [Mon Jul 20 20:24:01 2026] DELETE /v2.0/security-groups/4df3a60f-b0d9-4e16-81cd-01ce9559a004 => generated 0 bytes in 252 msecs (HTTP/1.1 204) 2 headers in 112 bytes (1 switches on core 0)
2026-07-20 20:24:04.117 8 INFO neutron.db.ovn_revision_numbers_db [None req-d2eab619-fec7-4e94-9b8d-e407a500827d 2a9b1426083245379338ec6cad977a5f eabb168489b8487bab7dec856e466a1f - - default default] Successfully bumped revision number for resource f66d9f07-2e9c-4de9-9f68-4eb7a734f3ed (type: security_groups) to 1
2026-07-20 20:24:04.133 8 INFO neutron.db.ovn_revision_numbers_db [None req-d2eab619-fec7-4e94-9b8d-e407a500827d 2a9b1426083245379338ec6cad977a5f eabb168489b8487bab7dec856e466a1f - - default default] Successfully bumped revision number for resource 0494c522-b124-422b-8281-389895aa1829 (type: security_group_rules) to 0
2026-07-20 20:24:04.148 8 INFO neutron.db.ovn_revision_numbers_db [None req-d2eab619-fec7-4e94-9b8d-e407a500827d 2a9b1426083245379338ec6cad977a5f eabb168489b8487bab7dec856e466a1f - - default default] Successfully bumped revision number for resource 0928c093-3b0f-472a-b89c-df4c17e6cc86 (type: security_group_rules) to 0
2026-07-20 20:24:04.167 8 INFO neutron.db.ovn_revision_numbers_db [None req-d2eab619-fec7-4e94-9b8d-e407a500827d 2a9b1426083245379338ec6cad977a5f eabb168489b8487bab7dec856e466a1f - - default default] Successfully bumped revision number for resource 41818ced-59f3-4aab-b7dd-2d6a358fde19 (type: security_group_rules) to 0
2026-07-20 20:24:04.187 8 INFO neutron.db.ovn_revision_numbers_db [None req-d2eab619-fec7-4e94-9b8d-e407a500827d 2a9b1426083245379338ec6cad977a5f eabb168489b8487bab7dec856e466a1f - - default default] Successfully bumped revision number for resource c0238906-5eac-4c9d-a039-77f041ab0feb (type: security_group_rules) to 0
2026-07-20 20:24:04.301 8 INFO neutron.db.segments_db [None req-d2eab619-fec7-4e94-9b8d-e407a500827d 2a9b1426083245379338ec6cad977a5f eabb168489b8487bab7dec856e466a1f - - default default] Added segment 9e5c4cb4-f332-482e-991d-e95b168739c2 of type geneve for network 0b79b0d2-91ad-43ce-ac98-9458b5fd2e1f
2026-07-20 20:24:04.307 7 INFO neutron.db.ovn_revision_numbers_db [None req-f2fc125b-357a-4870-92f7-f5aa823c0d4b e961222c412c48b28f1811e87e2046ae 038869172c0c4b63b101da00aad6bfe3 - - default default] Successfully bumped revision number for resource 3c2bba73-dc6b-4902-9e7c-b8082653131b (type: security_groups) to 1
2026-07-20 20:24:04.332 7 INFO neutron.db.ovn_revision_numbers_db [None req-f2fc125b-357a-4870-92f7-f5aa823c0d4b e961222c412c48b28f1811e87e2046ae 038869172c0c4b63b101da00aad6bfe3 - - default default] Successfully bumped revision number for resource 519c887f-25a0-41f2-be02-20c5ea0dd672 (type: security_group_rules) to 0
2026-07-20 20:24:04.349 7 INFO neutron.db.ovn_revision_numbers_db [None req-f2fc125b-357a-4870-92f7-f5aa823c0d4b e961222c412c48b28f1811e87e2046ae 038869172c0c4b63b101da00aad6bfe3 - - default default] Successfully bumped revision number for resource 6dc35c27-7ed5-45cc-bcbf-20df13888a6d (type: security_group_rules) to 0
2026-07-20 20:24:04.366 7 INFO neutron.db.ovn_revision_numbers_db [None req-f2fc125b-357a-4870-92f7-f5aa823c0d4b e961222c412c48b28f1811e87e2046ae 038869172c0c4b63b101da00aad6bfe3 - - default default] Successfully bumped revision number for resource 98eabf74-74e8-4b37-9839-9457d87f0348 (type: security_group_rules) to 0
2026-07-20 20:24:04.378 7 INFO neutron.db.ovn_revision_numbers_db [None req-f2fc125b-357a-4870-92f7-f5aa823c0d4b e961222c412c48b28f1811e87e2046ae 038869172c0c4b63b101da00aad6bfe3 - - default default] Successfully bumped revision number for resource f9f5ec5f-ab94-4f59-abfe-4cd3a278e911 (type: security_group_rules) to 0
2026-07-20 20:24:04.439 8 INFO neutron.db.ovn_revision_numbers_db [None req-d2eab619-fec7-4e94-9b8d-e407a500827d 2a9b1426083245379338ec6cad977a5f eabb168489b8487bab7dec856e466a1f - - default default] Successfully bumped revision number for resource 0b79b0d2-91ad-43ce-ac98-9458b5fd2e1f (type: networks) to 1
2026-07-20 20:24:04.465 7 INFO neutron.db.segments_db [None req-f2fc125b-357a-4870-92f7-f5aa823c0d4b e961222c412c48b28f1811e87e2046ae 038869172c0c4b63b101da00aad6bfe3 - - default default] Added segment 57f1bc5d-f345-46c9-aabb-6471f252539e of type geneve for network 90405f0d-7d44-47c4-98d1-636616264de8
2026-07-20 20:24:04.597 7 INFO neutron.db.ovn_revision_numbers_db [None req-f2fc125b-357a-4870-92f7-f5aa823c0d4b e961222c412c48b28f1811e87e2046ae 038869172c0c4b63b101da00aad6bfe3 - - default default] Successfully bumped revision number for resource 90405f0d-7d44-47c4-98d1-636616264de8 (type: networks) to 1
2026-07-20 20:24:04.671 8 WARNING neutron.scheduler.dhcp_agent_scheduler [None req-d2eab619-fec7-4e94-9b8d-e407a500827d 2a9b1426083245379338ec6cad977a5f eabb168489b8487bab7dec856e466a1f - - default default] No more DHCP agents
2026-07-20 20:24:04.674 8 WARNING neutron.api.rpc.agentnotifiers.dhcp_rpc_agent_api [None req-d2eab619-fec7-4e94-9b8d-e407a500827d 2a9b1426083245379338ec6cad977a5f eabb168489b8487bab7dec856e466a1f - - default default] Unable to schedule network 0b79b0d2-91ad-43ce-ac98-9458b5fd2e1f: no agents available; will retry on subsequent port and subnet creation events.
2026-07-20 20:24:04.748 7 INFO neutron.plugins.ml2.drivers.ovn.mech_driver.mech_driver [None req-20b0372a-bcc4-451a-a18a-a864d6476ab0 - - - - - -] OVN reports status down for port: 13f2e474-116c-4699-bee7-7c78dc520736
2026-07-20 20:24:04.769 8 INFO neutron.db.ovn_revision_numbers_db [None req-d2eab619-fec7-4e94-9b8d-e407a500827d 2a9b1426083245379338ec6cad977a5f eabb168489b8487bab7dec856e466a1f - - default default] Successfully bumped revision number for resource 13f2e474-116c-4699-bee7-7c78dc520736 (type: ports) to 1 [pid: 8|app: 0|req: 746/1542] 10.0.0.53 () {34 vars in 669 bytes} [Mon Jul 20 20:24:03 2026] POST /v2.0/networks => generated 668 bytes in 1143 msecs (HTTP/1.1 201) 4 headers in 162 bytes (1 switches on core 0)
2026-07-20 20:24:04.854 7 WARNING neutron.scheduler.dhcp_agent_scheduler [None req-f2fc125b-357a-4870-92f7-f5aa823c0d4b e961222c412c48b28f1811e87e2046ae 038869172c0c4b63b101da00aad6bfe3 - - default default] No more DHCP agents
2026-07-20 20:24:04.856 7 WARNING neutron.api.rpc.agentnotifiers.dhcp_rpc_agent_api [None req-f2fc125b-357a-4870-92f7-f5aa823c0d4b e961222c412c48b28f1811e87e2046ae 038869172c0c4b63b101da00aad6bfe3 - - default default] Unable to schedule network 90405f0d-7d44-47c4-98d1-636616264de8: no agents available; will retry on subsequent port and subnet creation events.
2026-07-20 20:24:04.912 8 INFO neutron.db.segments_db [None req-feff7b5f-86cf-4fc8-b939-4044d2ab00aa 2a9b1426083245379338ec6cad977a5f eabb168489b8487bab7dec856e466a1f - - default default] Added segment 32c7e380-e879-4b29-a894-ce9439b97da1 of type geneve for network 3ac73bee-daff-49fb-a4bd-ad4b1f6dbf04
2026-07-20 20:24:04.916 7 INFO neutron.plugins.ml2.drivers.ovn.mech_driver.mech_driver [None req-20b0372a-bcc4-451a-a18a-a864d6476ab0 - - - - - -] OVN reports status down for port: c8db1a98-4ef1-4c2e-b8bc-682023055009
2026-07-20 20:24:04.993 7 INFO neutron.db.ovn_revision_numbers_db [None req-f2fc125b-357a-4870-92f7-f5aa823c0d4b e961222c412c48b28f1811e87e2046ae 038869172c0c4b63b101da00aad6bfe3 - - default default] Successfully bumped revision number for resource c8db1a98-4ef1-4c2e-b8bc-682023055009 (type: ports) to 1
2026-07-20 20:24:05.057 8 INFO neutron.db.ovn_revision_numbers_db [None req-feff7b5f-86cf-4fc8-b939-4044d2ab00aa 2a9b1426083245379338ec6cad977a5f eabb168489b8487bab7dec856e466a1f - - default default] Successfully bumped revision number for resource 3ac73bee-daff-49fb-a4bd-ad4b1f6dbf04 (type: networks) to 1 [pid: 7|app: 0|req: 797/1543] 10.0.0.53 () {34 vars in 669 bytes} [Mon Jul 20 20:24:04 2026] POST /v2.0/networks => generated 682 bytes in 1025 msecs (HTTP/1.1 201) 4 headers in 162 bytes (1 switches on core 0)
2026-07-20 20:24:05.267 8 WARNING neutron.scheduler.dhcp_agent_scheduler [None req-feff7b5f-86cf-4fc8-b939-4044d2ab00aa 2a9b1426083245379338ec6cad977a5f eabb168489b8487bab7dec856e466a1f - - default default] No more DHCP agents
2026-07-20 20:24:05.268 8 WARNING neutron.api.rpc.agentnotifiers.dhcp_rpc_agent_api [None req-feff7b5f-86cf-4fc8-b939-4044d2ab00aa 2a9b1426083245379338ec6cad977a5f eabb168489b8487bab7dec856e466a1f - - default default] Unable to schedule network 3ac73bee-daff-49fb-a4bd-ad4b1f6dbf04: no agents available; will retry on subsequent port and subnet creation events.
2026-07-20 20:24:05.306 7 WARNING neutron.scheduler.dhcp_agent_scheduler [None req-b519ffe7-185b-414f-8d3a-463d22c2beef e961222c412c48b28f1811e87e2046ae 038869172c0c4b63b101da00aad6bfe3 - - default default] No more DHCP agents
2026-07-20 20:24:05.324 7 WARNING neutron.api.rpc.agentnotifiers.dhcp_rpc_agent_api [None req-b519ffe7-185b-414f-8d3a-463d22c2beef e961222c412c48b28f1811e87e2046ae 038869172c0c4b63b101da00aad6bfe3 - - default default] Unable to schedule network 90405f0d-7d44-47c4-98d1-636616264de8: no agents available; will retry on subsequent port and subnet creation events.
2026-07-20 20:24:05.333 8 INFO neutron.plugins.ml2.drivers.ovn.mech_driver.mech_driver [None req-57240ccc-dccb-4000-99d5-e48e3ef32641 - - - - - -] OVN reports status down for port: acf7af78-1d4e-439e-83a1-01e79af3da3f
2026-07-20 20:24:05.411 8 INFO neutron.db.ovn_revision_numbers_db [None req-feff7b5f-86cf-4fc8-b939-4044d2ab00aa 2a9b1426083245379338ec6cad977a5f eabb168489b8487bab7dec856e466a1f - - default default] Successfully bumped revision number for resource acf7af78-1d4e-439e-83a1-01e79af3da3f (type: ports) to 1
2026-07-20 20:24:05.415 7 INFO neutron.plugins.ml2.drivers.ovn.mech_driver.mech_driver [None req-20b0372a-bcc4-451a-a18a-a864d6476ab0 - - - - - -] OVN reports status down for port: 029da101-5f0c-4511-a6d0-94be4a9ee518 [pid: 8|app: 0|req: 747/1546] 10.0.0.53 () {34 vars in 669 bytes} [Mon Jul 20 20:24:04 2026] POST /v2.0/networks => generated 668 bytes in 664 msecs (HTTP/1.1 201) 4 headers in 162 bytes (1 switches on core 0)
2026-07-20 20:24:05.492 7 INFO neutron.db.ovn_revision_numbers_db [None req-b519ffe7-185b-414f-8d3a-463d22c2beef e961222c412c48b28f1811e87e2046ae 038869172c0c4b63b101da00aad6bfe3 - - default default] Successfully bumped revision number for resource 029da101-5f0c-4511-a6d0-94be4a9ee518 (type: ports) to 1 [pid: 7|app: 0|req: 800/1547] 10.0.0.53 () {34 vars in 664 bytes} [Mon Jul 20 20:24:05 2026] POST /v2.0/ports => generated 774 bytes in 469 msecs (HTTP/1.1 201) 4 headers in 162 bytes (1 switches on core 0) /var/lib/openstack/lib/python3.12/site-packages/pycadf/identifier.py:70: UserWarning: Invalid uuid: neutron. To ensure interoperability, identifiers should be a valid uuid. warnings.warn(('Invalid uuid: %s. To ensure interoperability, '
2026-07-20 20:24:05.621 8 WARNING neutron.db.securitygroups_db [None req-4a987901-c532-46b2-b3de-5b9854f05a41 2da59ac1902147c68dd85a4308b492a9 76dbea4f76dc44438bf839f74c121db4 - - default default] project_id key not found in filters, using tenant_id instead. This support has been deprecated and will be removed in a future release.
2026-07-20 20:24:05.710 7 WARNING neutron.scheduler.dhcp_agent_scheduler [None req-76718473-64d6-4eb1-b36c-615ae95701aa 2a9b1426083245379338ec6cad977a5f eabb168489b8487bab7dec856e466a1f - - default default] No more DHCP agents
2026-07-20 20:24:05.713 7 WARNING neutron.api.rpc.agentnotifiers.dhcp_rpc_agent_api [None req-76718473-64d6-4eb1-b36c-615ae95701aa 2a9b1426083245379338ec6cad977a5f eabb168489b8487bab7dec856e466a1f - - default default] Unable to schedule network 0b79b0d2-91ad-43ce-ac98-9458b5fd2e1f: no agents available; will retry on subsequent port and subnet creation events.
2026-07-20 20:24:05.756 8 INFO neutron.db.ovn_revision_numbers_db [None req-4a987901-c532-46b2-b3de-5b9854f05a41 2da59ac1902147c68dd85a4308b492a9 76dbea4f76dc44438bf839f74c121db4 - - default default] Successfully bumped revision number for resource fddefcba-ae7a-44cb-9f84-e1b82cd7c66e (type: security_groups) to 1
2026-07-20 20:24:05.771 8 INFO neutron.db.ovn_revision_numbers_db [None req-4a987901-c532-46b2-b3de-5b9854f05a41 2da59ac1902147c68dd85a4308b492a9 76dbea4f76dc44438bf839f74c121db4 - - default default] Successfully bumped revision number for resource 067935ce-b48e-40b3-a0fc-5bb81187bfb6 (type: security_group_rules) to 0
2026-07-20 20:24:05.787 8 INFO neutron.db.ovn_revision_numbers_db [None req-4a987901-c532-46b2-b3de-5b9854f05a41 2da59ac1902147c68dd85a4308b492a9 76dbea4f76dc44438bf839f74c121db4 - - default default] Successfully bumped revision number for resource 4481ef07-7350-4760-8501-0f6f341515dc (type: security_group_rules) to 0
2026-07-20 20:24:05.803 8 INFO neutron.db.ovn_revision_numbers_db [None req-4a987901-c532-46b2-b3de-5b9854f05a41 2da59ac1902147c68dd85a4308b492a9 76dbea4f76dc44438bf839f74c121db4 - - default default] Successfully bumped revision number for resource 5791891e-a032-4d6e-9a98-7fae1b6a065c (type: security_group_rules) to 0
2026-07-20 20:24:05.819 8 INFO neutron.db.ovn_revision_numbers_db [None req-4a987901-c532-46b2-b3de-5b9854f05a41 2da59ac1902147c68dd85a4308b492a9 76dbea4f76dc44438bf839f74c121db4 - - default default] Successfully bumped revision number for resource e750253a-1828-4ac4-bb32-c6d2da27a391 (type: security_group_rules) to 0 [pid: 8|app: 0|req: 748/1548] 10.0.0.53 () {32 vars in 773 bytes} [Mon Jul 20 20:24:05 2026] GET /v2.0/security-groups?tenant_id=02cf633e4fba446284ebed15b0f0341d&name=default => generated 2925 bytes in 390 msecs (HTTP/1.1 200) 4 headers in 158 bytes (1 switches on core 0)
2026-07-20 20:24:05.955 8 INFO neutron.db.segments_db [None req-14edf88c-3872-4dda-a873-726d44b84da0 e961222c412c48b28f1811e87e2046ae 038869172c0c4b63b101da00aad6bfe3 - - default default] Added segment d5a8f48a-9ce7-4e16-a7da-b612e6be080b of type geneve for network 54ac0553-5c4c-402c-87c8-f676f0403906
2026-07-20 20:24:06.073 8 INFO neutron.db.ovn_revision_numbers_db [None req-14edf88c-3872-4dda-a873-726d44b84da0 e961222c412c48b28f1811e87e2046ae 038869172c0c4b63b101da00aad6bfe3 - - default default] Successfully bumped revision number for resource 54ac0553-5c4c-402c-87c8-f676f0403906 (type: networks) to 1
2026-07-20 20:24:06.236 7 INFO neutron.db.ovn_revision_numbers_db [None req-76718473-64d6-4eb1-b36c-615ae95701aa 2a9b1426083245379338ec6cad977a5f eabb168489b8487bab7dec856e466a1f - - default default] Successfully bumped revision number for resource 13f2e474-116c-4699-bee7-7c78dc520736 (type: ports) to 2
2026-07-20 20:24:06.275 7 INFO neutron.db.ovn_revision_numbers_db [None req-76718473-64d6-4eb1-b36c-615ae95701aa 2a9b1426083245379338ec6cad977a5f eabb168489b8487bab7dec856e466a1f - - default default] Successfully bumped revision number for resource e5fe79b0-31a9-42a1-8199-fdbd357cb194 (type: subnets) to 0
2026-07-20 20:24:06.295 8 WARNING neutron.scheduler.dhcp_agent_scheduler [None req-14edf88c-3872-4dda-a873-726d44b84da0 e961222c412c48b28f1811e87e2046ae 038869172c0c4b63b101da00aad6bfe3 - - default default] No more DHCP agents [pid: 7|app: 0|req: 801/1549] 10.0.0.53 () {34 vars in 668 bytes} [Mon Jul 20 20:24:05 2026] POST /v2.0/subnets => generated 626 bytes in 757 msecs (HTTP/1.1 201) 4 headers in 162 bytes (1 switches on core 0)
2026-07-20 20:24:06.297 8 WARNING neutron.api.rpc.agentnotifiers.dhcp_rpc_agent_api [None req-14edf88c-3872-4dda-a873-726d44b84da0 e961222c412c48b28f1811e87e2046ae 038869172c0c4b63b101da00aad6bfe3 - - default default] Unable to schedule network 54ac0553-5c4c-402c-87c8-f676f0403906: no agents available; will retry on subsequent port and subnet creation events.
2026-07-20 20:24:06.378 7 WARNING neutron.db.securitygroups_db [None req-e85f494d-b9d3-436a-b334-be00a6c2eb2e 2da59ac1902147c68dd85a4308b492a9 76dbea4f76dc44438bf839f74c121db4 - - default default] project_id key not found in filters, using tenant_id instead. This support has been deprecated and will be removed in a future release.
2026-07-20 20:24:06.381 7 INFO neutron.plugins.ml2.drivers.ovn.mech_driver.mech_driver [None req-20b0372a-bcc4-451a-a18a-a864d6476ab0 - - - - - -] OVN reports status down for port: d35b922b-dd27-4534-8407-d28f10b3a78e
2026-07-20 20:24:06.391 8 INFO neutron.db.ovn_revision_numbers_db [None req-14edf88c-3872-4dda-a873-726d44b84da0 e961222c412c48b28f1811e87e2046ae 038869172c0c4b63b101da00aad6bfe3 - - default default] Successfully bumped revision number for resource d35b922b-dd27-4534-8407-d28f10b3a78e (type: ports) to 1 [pid: 8|app: 0|req: 749/1550] 10.0.0.53 () {34 vars in 669 bytes} [Mon Jul 20 20:24:05 2026] POST /v2.0/networks => generated 669 bytes in 559 msecs (HTTP/1.1 201) 4 headers in 162 bytes (1 switches on core 0)
2026-07-20 20:24:06.588 7 INFO neutron.db.ovn_revision_numbers_db [None req-e85f494d-b9d3-436a-b334-be00a6c2eb2e 2da59ac1902147c68dd85a4308b492a9 76dbea4f76dc44438bf839f74c121db4 - - default default] Successfully bumped revision number for resource 8ead605a-ba42-4e97-ab98-69b0c0c364a2 (type: security_groups) to 1
2026-07-20 20:24:06.603 7 INFO neutron.db.ovn_revision_numbers_db [None req-e85f494d-b9d3-436a-b334-be00a6c2eb2e 2da59ac1902147c68dd85a4308b492a9 76dbea4f76dc44438bf839f74c121db4 - - default default] Successfully bumped revision number for resource 2ec4d4a8-73fb-4eb6-8dfa-e261b6401ba9 (type: security_group_rules) to 0
