2026-07-20 20:27:03.699 8 INFO neutron.notifiers.nova [-] Nova event matching ['req-c5d3ddfe-ab5f-4c87-ade8-237d76cb807f'] response: {'name': 'network-changed', 'server_uuid': 'b1022896-1d2d-43de-8c75-bef71f3e8b10', 'tag': '872a2423-3370-4fa1-bdf2-5a752efc5e43', 'status': 'completed', 'code': 200} [pid: 7|app: 0|req: 1279/2597] 199.204.45.216 () {34 vars in 1080 bytes} [Mon Jul 20 20:27:04 2026] GET /v2.0/ports?tenant_id=d741ca67498b4cab81712cab85494f1d&device_id=b1022896-1d2d-43de-8c75-bef71f3e8b10 => generated 1454 bytes in 45 msecs (HTTP/1.1 200) 4 headers in 158 bytes (1 switches on core 0) /var/lib/openstack/lib/python3.12/site-packages/pycadf/identifier.py:70: UserWarning: Invalid uuid: neutron. To ensure interoperability, identifiers should be a valid uuid. warnings.warn(('Invalid uuid: %s. To ensure interoperability, ' [pid: 8|app: 0|req: 1319/2598] 199.204.45.216 () {34 vars in 1018 bytes} [Mon Jul 20 20:27:04 2026] GET /v2.0/networks?tenant_id=d741ca67498b4cab81712cab85494f1d&shared=False => generated 2499 bytes in 93 msecs (HTTP/1.1 200) 4 headers in 158 bytes (1 switches on core 0) [pid: 7|app: 0|req: 1280/2599] 199.204.45.216 () {34 vars in 930 bytes} [Mon Jul 20 20:27:04 2026] GET /v2.0/networks?shared=True => generated 791 bytes in 59 msecs (HTTP/1.1 200) 4 headers in 157 bytes (1 switches on core 0) [pid: 8|app: 0|req: 1321/2602] 199.204.45.216 () {34 vars in 1080 bytes} [Mon Jul 20 20:27:05 2026] GET /v2.0/ports?tenant_id=d741ca67498b4cab81712cab85494f1d&device_id=b1022896-1d2d-43de-8c75-bef71f3e8b10 => generated 1454 bytes in 143 msecs (HTTP/1.1 200) 4 headers in 158 bytes (1 switches on core 0) [pid: 7|app: 0|req: 1282/2603] 199.204.45.216 () {34 vars in 1056 bytes} [Mon Jul 20 20:27:05 2026] GET /v2.0/floatingips?fixed_ip_address=10.2.1.26&port_id=872a2423-3370-4fa1-bdf2-5a752efc5e43 => generated 19 bytes in 23 msecs (HTTP/1.1 200) 4 headers in 156 bytes (1 switches on core 0) [pid: 8|app: 0|req: 1322/2604] 199.204.45.216 () {34 vars in 1104 bytes} [Mon Jul 20 20:27:05 2026] GET /v2.0/floatingips?fixed_ip_address=fd7b%3Af9f7%3Afff%3A4eca%3A%3A3cc&port_id=872a2423-3370-4fa1-bdf2-5a752efc5e43 => generated 19 bytes in 24 msecs (HTTP/1.1 200) 4 headers in 156 bytes (1 switches on core 0) [pid: 7|app: 0|req: 1283/2605] 199.204.45.216 () {34 vars in 1064 bytes} [Mon Jul 20 20:27:05 2026] GET /v2.0/subnets?id=1579841d-0f9d-409e-abc8-962b6bbfb9da&id=f7fee649-c81f-458e-87d3-1cf7405a9307 => generated 1410 bytes in 31 msecs (HTTP/1.1 200) 4 headers in 158 bytes (1 switches on core 0) [pid: 8|app: 0|req: 1323/2606] 199.204.45.216 () {34 vars in 1052 bytes} [Mon Jul 20 20:27:05 2026] GET /v2.0/ports?network_id=d4bc9e6f-2d08-4806-b125-2cd899ef0780&device_owner=network%3Adhcp => generated 12 bytes in 25 msecs (HTTP/1.1 200) 4 headers in 156 bytes (1 switches on core 0) [pid: 7|app: 0|req: 1284/2607] 199.204.45.216 () {34 vars in 1052 bytes} [Mon Jul 20 20:27:05 2026] GET /v2.0/ports?network_id=d4bc9e6f-2d08-4806-b125-2cd899ef0780&device_owner=network%3Adhcp => generated 12 bytes in 23 msecs (HTTP/1.1 200) 4 headers in 156 bytes (1 switches on core 0) [pid: 8|app: 0|req: 1324/2608] 199.204.45.216 () {34 vars in 1012 bytes} [Mon Jul 20 20:27:05 2026] GET /v2.0/networks/d4bc9e6f-2d08-4806-b125-2cd899ef0780?fields=segments => generated 14 bytes in 51 msecs (HTTP/1.1 200) 4 headers in 156 bytes (1 switches on core 0) [pid: 7|app: 0|req: 1285/2609] 199.204.45.216 () {34 vars in 1112 bytes} [Mon Jul 20 20:27:05 2026] GET /v2.0/networks/d4bc9e6f-2d08-4806-b125-2cd899ef0780?fields=provider%3Aphysical_network&fields=provider%3Anetwork_type => generated 79 bytes in 56 msecs (HTTP/1.1 200) 4 headers in 156 bytes (1 switches on core 0) [pid: 8|app: 0|req: 1325/2610] 10.0.0.198 () {34 vars in 1070 bytes} [Mon Jul 20 20:27:08 2026] GET /v2.0/ports?fields=security_groups&fields=device_id&device_id=b1022896-1d2d-43de-8c75-bef71f3e8b10 => generated 123 bytes in 103 msecs (HTTP/1.1 200) 4 headers in 157 bytes (1 switches on core 0) [pid: 7|app: 0|req: 1286/2611] 10.0.0.198 () {34 vars in 1040 bytes} [Mon Jul 20 20:27:08 2026] GET /v2.0/security-groups?id=8e5921db-44e3-4500-a387-40b8a5f621fe&fields=id&fields=name => generated 111 bytes in 40 msecs (HTTP/1.1 200) 4 headers in 157 bytes (1 switches on core 0) [pid: 8|app: 0|req: 1326/2612] 199.204.45.216 () {34 vars in 994 bytes} [Mon Jul 20 20:27:10 2026] GET /v2.0/ports?device_id=b1022896-1d2d-43de-8c75-bef71f3e8b10 => generated 1194 bytes in 40 msecs (HTTP/1.1 200) 4 headers in 158 bytes (1 switches on core 0)
2026-07-20 20:27:10.285 7 INFO neutron_taas.services.taas.taas_plugin [req-5167321d-f8c4-4796-a9e6-7ea0958cf675 req-4bd263ab-759e-4366-b7af-dd1727f698ef 5941e2889bde4f679c2c1b5c5ff3e9de d741ca67498b4cab81712cab85494f1d - - default default] TaaS: Handle Delete Port: 872a2423-3370-4fa1-bdf2-5a752efc5e43
2026-07-20 20:27:10.289 7 INFO neutron_taas.services.taas.tap_mirror_plugin [req-5167321d-f8c4-4796-a9e6-7ea0958cf675 req-4bd263ab-759e-4366-b7af-dd1727f698ef 5941e2889bde4f679c2c1b5c5ff3e9de d741ca67498b4cab81712cab85494f1d - - default default] Tap Mirror: Handle Delete Port: 872a2423-3370-4fa1-bdf2-5a752efc5e43 [pid: 7|app: 0|req: 1287/2613] 199.204.45.216 () {36 vars in 997 bytes} [Mon Jul 20 20:27:10 2026] DELETE /v2.0/ports/872a2423-3370-4fa1-bdf2-5a752efc5e43 => generated 0 bytes in 414 msecs (HTTP/1.1 204) 3 headers in 131 bytes (1 switches on core 0)
2026-07-20 20:27:10.657 7 WARNING neutron.notifiers.nova [-] Nova event matching ['req-db34859b-ca5c-4419-b34e-a6dc31d232e1']: {'server_uuid': 'b1022896-1d2d-43de-8c75-bef71f3e8b10', 'name': 'network-vif-deleted', 'tag': '872a2423-3370-4fa1-bdf2-5a752efc5e43', 'status': 'failed', 'code': 422} returned with failed status [pid: 8|app: 0|req: 1327/2614] 10.0.0.111 () {34 vars in 990 bytes} [Mon Jul 20 20:27:12 2026] GET /v2.0/ports?device_id=b1022896-1d2d-43de-8c75-bef71f3e8b10 => generated 12 bytes in 22 msecs (HTTP/1.1 200) 4 headers in 156 bytes (1 switches on core 0) [pid: 7|app: 0|req: 1288/2615] 10.0.0.198 () {34 vars in 1070 bytes} [Mon Jul 20 20:27:13 2026] GET /v2.0/ports?fields=security_groups&fields=device_id&device_id=b1022896-1d2d-43de-8c75-bef71f3e8b10 => generated 12 bytes in 28 msecs (HTTP/1.1 200) 4 headers in 156 bytes (1 switches on core 0) [pid: 8|app: 0|req: 1328/2616] 10.0.0.198 () {34 vars in 990 bytes} [Mon Jul 20 20:27:13 2026] GET /v2.0/ports?device_id=b1022896-1d2d-43de-8c75-bef71f3e8b10 => generated 12 bytes in 23 msecs (HTTP/1.1 200) 4 headers in 156 bytes (1 switches on core 0) [pid: 7|app: 0|req: 1289/2617] 10.0.0.53 () {32 vars in 749 bytes} [Mon Jul 20 20:27:13 2026] DELETE /v2.0/security-group-rules/a8ade8e6-a6fd-4277-8cce-91ab17224c57 => generated 0 bytes in 126 msecs (HTTP/1.1 204) 2 headers in 112 bytes (1 switches on core 0)
2026-07-20 20:27:13.993 8 INFO neutron.api.v2.resource [None req-fc0ed74d-689d-486c-ad4e-772bf3328ea9 5941e2889bde4f679c2c1b5c5ff3e9de d741ca67498b4cab81712cab85494f1d - - default default] show failed (client error): The resource could not be found. [pid: 8|app: 0|req: 1329/2618] 10.0.0.53 () {32 vars in 746 bytes} [Mon Jul 20 20:27:13 2026] GET /v2.0/security-group-rules/a8ade8e6-a6fd-4277-8cce-91ab17224c57 => generated 155 bytes in 14 msecs (HTTP/1.1 404) 4 headers in 164 bytes (1 switches on core 0) [pid: 7|app: 0|req: 1290/2619] 10.0.0.53 () {32 vars in 749 bytes} [Mon Jul 20 20:27:13 2026] DELETE /v2.0/security-group-rules/7e049a49-9546-4a95-8914-b4cbae5779d4 => generated 0 bytes in 110 msecs (HTTP/1.1 204) 2 headers in 112 bytes (1 switches on core 0)
2026-07-20 20:27:14.128 8 INFO neutron.api.v2.resource [None req-183611a1-ee5b-4150-befb-ba37b4b14c7c 5941e2889bde4f679c2c1b5c5ff3e9de d741ca67498b4cab81712cab85494f1d - - default default] show failed (client error): The resource could not be found. [pid: 8|app: 0|req: 1330/2620] 10.0.0.53 () {32 vars in 746 bytes} [Mon Jul 20 20:27:14 2026] GET /v2.0/security-group-rules/7e049a49-9546-4a95-8914-b4cbae5779d4 => generated 155 bytes in 17 msecs (HTTP/1.1 404) 4 headers in 164 bytes (1 switches on core 0) [pid: 7|app: 0|req: 1291/2621] 10.0.0.53 () {32 vars in 749 bytes} [Mon Jul 20 20:27:14 2026] DELETE /v2.0/security-group-rules/2088d201-e504-4aeb-8434-ff4bb465f3d3 => generated 0 bytes in 111 msecs (HTTP/1.1 204) 2 headers in 112 bytes (1 switches on core 0)
2026-07-20 20:27:14.264 8 INFO neutron.api.v2.resource [None req-f8dd4553-5603-4c1a-893a-68f47125caa9 5941e2889bde4f679c2c1b5c5ff3e9de d741ca67498b4cab81712cab85494f1d - - default default] show failed (client error): The resource could not be found. [pid: 8|app: 0|req: 1331/2622] 10.0.0.53 () {32 vars in 746 bytes} [Mon Jul 20 20:27:14 2026] GET /v2.0/security-group-rules/2088d201-e504-4aeb-8434-ff4bb465f3d3 => generated 155 bytes in 13 msecs (HTTP/1.1 404) 4 headers in 164 bytes (1 switches on core 0) [pid: 7|app: 0|req: 1292/2623] 10.0.0.53 () {32 vars in 749 bytes} [Mon Jul 20 20:27:14 2026] DELETE /v2.0/security-group-rules/aca39af2-7f16-4f42-ae52-4a9a6d5e0adf => generated 0 bytes in 137 msecs (HTTP/1.1 204) 2 headers in 112 bytes (1 switches on core 0)
2026-07-20 20:27:14.424 8 INFO neutron.api.v2.resource [None req-b67c93d2-e417-403d-acb2-8f889fc45e08 5941e2889bde4f679c2c1b5c5ff3e9de d741ca67498b4cab81712cab85494f1d - - default default] show failed (client error): The resource could not be found. [pid: 8|app: 0|req: 1332/2624] 10.0.0.53 () {32 vars in 746 bytes} [Mon Jul 20 20:27:14 2026] GET /v2.0/security-group-rules/aca39af2-7f16-4f42-ae52-4a9a6d5e0adf => generated 155 bytes in 13 msecs (HTTP/1.1 404) 4 headers in 164 bytes (1 switches on core 0) [pid: 7|app: 0|req: 1293/2625] 10.0.0.53 () {32 vars in 749 bytes} [Mon Jul 20 20:27:14 2026] DELETE /v2.0/security-group-rules/ce16b276-28a2-41e6-bb17-568da35ee4d5 => generated 0 bytes in 107 msecs (HTTP/1.1 204) 2 headers in 112 bytes (1 switches on core 0)
2026-07-20 20:27:14.553 8 INFO neutron.api.v2.resource [None req-940e9a92-0f38-4d6e-9075-bf15cbee6659 5941e2889bde4f679c2c1b5c5ff3e9de d741ca67498b4cab81712cab85494f1d - - default default] show failed (client error): The resource could not be found. [pid: 8|app: 0|req: 1333/2626] 10.0.0.53 () {32 vars in 746 bytes} [Mon Jul 20 20:27:14 2026] GET /v2.0/security-group-rules/ce16b276-28a2-41e6-bb17-568da35ee4d5 => generated 155 bytes in 12 msecs (HTTP/1.1 404) 4 headers in 164 bytes (1 switches on core 0) [pid: 7|app: 0|req: 1294/2627] 10.0.0.53 () {32 vars in 749 bytes} [Mon Jul 20 20:27:14 2026] DELETE /v2.0/security-group-rules/ee6da478-7158-4288-ac9b-90beed5bce8c => generated 0 bytes in 105 msecs (HTTP/1.1 204) 2 headers in 112 bytes (1 switches on core 0)
2026-07-20 20:27:14.683 8 INFO neutron.api.v2.resource [None req-f969a085-13e8-4695-ae63-329f6ae2386c 5941e2889bde4f679c2c1b5c5ff3e9de d741ca67498b4cab81712cab85494f1d - - default default] show failed (client error): The resource could not be found. [pid: 8|app: 0|req: 1334/2628] 10.0.0.53 () {32 vars in 746 bytes} [Mon Jul 20 20:27:14 2026] GET /v2.0/security-group-rules/ee6da478-7158-4288-ac9b-90beed5bce8c => generated 155 bytes in 14 msecs (HTTP/1.1 404) 4 headers in 164 bytes (1 switches on core 0) [pid: 7|app: 0|req: 1295/2629] 10.0.0.53 () {32 vars in 749 bytes} [Mon Jul 20 20:27:14 2026] DELETE /v2.0/security-group-rules/44bcc160-89ff-4980-9ccd-1316fd7ae1dd => generated 0 bytes in 126 msecs (HTTP/1.1 204) 2 headers in 112 bytes (1 switches on core 0)
2026-07-20 20:27:14.835 8 INFO neutron.api.v2.resource [None req-f75eb202-2ab8-43e6-96f9-5bbf18ca5e3f 5941e2889bde4f679c2c1b5c5ff3e9de d741ca67498b4cab81712cab85494f1d - - default default] show failed (client error): The resource could not be found. [pid: 8|app: 0|req: 1335/2630] 10.0.0.53 () {32 vars in 746 bytes} [Mon Jul 20 20:27:14 2026] GET /v2.0/security-group-rules/44bcc160-89ff-4980-9ccd-1316fd7ae1dd => generated 155 bytes in 16 msecs (HTTP/1.1 404) 4 headers in 164 bytes (1 switches on core 0) [pid: 7|app: 0|req: 1296/2631] 10.0.0.53 () {32 vars in 749 bytes} [Mon Jul 20 20:27:14 2026] DELETE /v2.0/security-group-rules/8b7650d4-129b-4829-aee3-c597480cadb2 => generated 0 bytes in 116 msecs (HTTP/1.1 204) 2 headers in 112 bytes (1 switches on core 0)
2026-07-20 20:27:14.979 8 INFO neutron.api.v2.resource [None req-0c3bc78e-f735-48c2-8d28-ef81233c58a3 5941e2889bde4f679c2c1b5c5ff3e9de d741ca67498b4cab81712cab85494f1d - - default default] show failed (client error): The resource could not be found. [pid: 8|app: 0|req: 1336/2632] 10.0.0.53 () {32 vars in 746 bytes} [Mon Jul 20 20:27:14 2026] GET /v2.0/security-group-rules/8b7650d4-129b-4829-aee3-c597480cadb2 => generated 155 bytes in 18 msecs (HTTP/1.1 404) 4 headers in 164 bytes (1 switches on core 0) [pid: 7|app: 0|req: 1297/2633] 10.0.0.53 () {32 vars in 749 bytes} [Mon Jul 20 20:27:14 2026] DELETE /v2.0/security-group-rules/7e2617f3-638b-473e-9161-792efa3bd254 => generated 0 bytes in 107 msecs (HTTP/1.1 204) 2 headers in 112 bytes (1 switches on core 0)
2026-07-20 20:27:15.110 8 INFO neutron.api.v2.resource [None req-8505d96e-d21a-4c75-9660-259e2f0a84da 5941e2889bde4f679c2c1b5c5ff3e9de d741ca67498b4cab81712cab85494f1d - - default default] show failed (client error): The resource could not be found. [pid: 8|app: 0|req: 1337/2634] 10.0.0.53 () {32 vars in 746 bytes} [Mon Jul 20 20:27:15 2026] GET /v2.0/security-group-rules/7e2617f3-638b-473e-9161-792efa3bd254 => generated 155 bytes in 14 msecs (HTTP/1.1 404) 4 headers in 164 bytes (1 switches on core 0) [pid: 7|app: 0|req: 1298/2635] 10.0.0.53 () {32 vars in 749 bytes} [Mon Jul 20 20:27:15 2026] DELETE /v2.0/security-group-rules/a6c26847-9cc9-48fe-9c8a-e480caee293f => generated 0 bytes in 129 msecs (HTTP/1.1 204) 2 headers in 112 bytes (1 switches on core 0)
2026-07-20 20:27:15.263 8 INFO neutron.api.v2.resource [None req-d3f57e6b-12f9-49a0-9929-b1b8e391d378 5941e2889bde4f679c2c1b5c5ff3e9de d741ca67498b4cab81712cab85494f1d - - default default] show failed (client error): The resource could not be found. [pid: 8|app: 0|req: 1338/2636] 10.0.0.53 () {32 vars in 746 bytes} [Mon Jul 20 20:27:15 2026] GET /v2.0/security-group-rules/a6c26847-9cc9-48fe-9c8a-e480caee293f => generated 155 bytes in 14 msecs (HTTP/1.1 404) 4 headers in 164 bytes (1 switches on core 0) [pid: 7|app: 0|req: 1299/2637] 10.0.0.53 () {32 vars in 749 bytes} [Mon Jul 20 20:27:15 2026] DELETE /v2.0/security-group-rules/9dd18bb0-4043-42b3-8a54-b5b97869f3e2 => generated 0 bytes in 132 msecs (HTTP/1.1 204) 2 headers in 112 bytes (1 switches on core 0)
2026-07-20 20:27:15.422 8 INFO neutron.api.v2.resource [None req-513914e7-a4e4-4f5a-adc0-80b1bae0a8ff 5941e2889bde4f679c2c1b5c5ff3e9de d741ca67498b4cab81712cab85494f1d - - default default] show failed (client error): The resource could not be found. [pid: 8|app: 0|req: 1339/2638] 10.0.0.53 () {32 vars in 746 bytes} [Mon Jul 20 20:27:15 2026] GET /v2.0/security-group-rules/9dd18bb0-4043-42b3-8a54-b5b97869f3e2 => generated 155 bytes in 19 msecs (HTTP/1.1 404) 4 headers in 164 bytes (1 switches on core 0) [pid: 7|app: 0|req: 1300/2639] 10.0.0.53 () {32 vars in 739 bytes} [Mon Jul 20 20:27:15 2026] DELETE /v2.0/security-groups/8e5921db-44e3-4500-a387-40b8a5f621fe => generated 0 bytes in 137 msecs (HTTP/1.1 204) 2 headers in 112 bytes (1 switches on core 0)
2026-07-20 20:27:15.587 8 INFO neutron.api.v2.resource [None req-3841acc1-eb66-4cd4-8ff6-366ee8bc9309 5941e2889bde4f679c2c1b5c5ff3e9de d741ca67498b4cab81712cab85494f1d - - default default] show failed (client error): The resource could not be found. [pid: 8|app: 0|req: 1340/2640] 10.0.0.53 () {32 vars in 736 bytes} [Mon Jul 20 20:27:15 2026] GET /v2.0/security-groups/8e5921db-44e3-4500-a387-40b8a5f621fe => generated 146 bytes in 17 msecs (HTTP/1.1 404) 4 headers in 164 bytes (1 switches on core 0)
2026-07-20 20:27:15.942 7 INFO neutron_taas.services.taas.taas_plugin [None req-8aafe7ea-45eb-4a6c-9b5c-3ffda7c0a2fc 5941e2889bde4f679c2c1b5c5ff3e9de d741ca67498b4cab81712cab85494f1d - - default default] TaaS: Handle Delete Port: b57b2920-45c7-419d-91b4-c04938db7b7b
2026-07-20 20:27:15.946 7 INFO neutron_taas.services.taas.tap_mirror_plugin [None req-8aafe7ea-45eb-4a6c-9b5c-3ffda7c0a2fc 5941e2889bde4f679c2c1b5c5ff3e9de d741ca67498b4cab81712cab85494f1d - - default default] Tap Mirror: Handle Delete Port: b57b2920-45c7-419d-91b4-c04938db7b7b [pid: 7|app: 0|req: 1301/2641] 10.0.0.53 () {34 vars in 788 bytes} [Mon Jul 20 20:27:15 2026] PUT /v2.0/routers/6a6493b3-1144-4a0c-9905-39c6f106d70b/remove_router_interface => generated 310 bytes in 909 msecs (HTTP/1.1 200) 4 headers in 157 bytes (1 switches on core 0)
2026-07-20 20:27:16.673 8 INFO neutron.api.v2.resource [None req-7cb071d9-7698-49e0-a8c2-c6cd232fa308 5941e2889bde4f679c2c1b5c5ff3e9de d741ca67498b4cab81712cab85494f1d - - default default] remove_router_interface failed (client error): The resource could not be found. [pid: 8|app: 0|req: 1341/2642] 10.0.0.53 () {34 vars in 788 bytes} [Mon Jul 20 20:27:16 2026] PUT /v2.0/routers/6a6493b3-1144-4a0c-9905-39c6f106d70b/remove_router_interface => generated 198 bytes in 121 msecs (HTTP/1.1 404) 4 headers in 164 bytes (1 switches on core 0) /var/lib/openstack/lib/python3.12/site-packages/pycadf/identifier.py:70: UserWarning: Invalid uuid: neutron. To ensure interoperability, identifiers should be a valid uuid. warnings.warn(('Invalid uuid: %s. To ensure interoperability, '
2026-07-20 20:27:17.001 7 INFO neutron_taas.services.taas.taas_plugin [None req-e1e9bbd0-7f6d-4db0-a2cc-767e2839d9f6 5941e2889bde4f679c2c1b5c5ff3e9de d741ca67498b4cab81712cab85494f1d - - default default] TaaS: Handle Delete Port: feb1e06b-2324-4946-b0a0-01b935896f66
2026-07-20 20:27:17.005 7 INFO neutron_taas.services.taas.tap_mirror_plugin [None req-e1e9bbd0-7f6d-4db0-a2cc-767e2839d9f6 5941e2889bde4f679c2c1b5c5ff3e9de d741ca67498b4cab81712cab85494f1d - - default default] Tap Mirror: Handle Delete Port: feb1e06b-2324-4946-b0a0-01b935896f66 [pid: 7|app: 0|req: 1302/2643] 10.0.0.53 () {34 vars in 788 bytes} [Mon Jul 20 20:27:16 2026] PUT /v2.0/routers/6a6493b3-1144-4a0c-9905-39c6f106d70b/remove_router_interface => generated 310 bytes in 880 msecs (HTTP/1.1 200) 4 headers in 157 bytes (1 switches on core 0)
2026-07-20 20:27:17.674 8 INFO neutron.api.v2.resource [None req-577a9468-9b14-445b-b07c-06b8c45479eb 5941e2889bde4f679c2c1b5c5ff3e9de d741ca67498b4cab81712cab85494f1d - - default default] remove_router_interface failed (client error): The resource could not be found. [pid: 8|app: 0|req: 1342/2644] 10.0.0.53 () {34 vars in 788 bytes} [Mon Jul 20 20:27:17 2026] PUT /v2.0/routers/6a6493b3-1144-4a0c-9905-39c6f106d70b/remove_router_interface => generated 198 bytes in 112 msecs (HTTP/1.1 404) 4 headers in 164 bytes (1 switches on core 0) /var/lib/openstack/lib/python3.12/site-packages/pycadf/identifier.py:70: UserWarning: Invalid uuid: neutron. To ensure interoperability, identifiers should be a valid uuid. warnings.warn(('Invalid uuid: %s. To ensure interoperability, '
2026-07-20 20:27:18.006 7 INFO neutron_taas.services.taas.taas_plugin [None req-487800af-ba2f-4828-a9f1-d3c1258e2291 5941e2889bde4f679c2c1b5c5ff3e9de d741ca67498b4cab81712cab85494f1d - - default default] TaaS: Handle Delete Port: 19ba0c70-81e3-4667-91f9-d44e8ef45f56
2026-07-20 20:27:18.010 7 INFO neutron_taas.services.taas.tap_mirror_plugin [None req-487800af-ba2f-4828-a9f1-d3c1258e2291 5941e2889bde4f679c2c1b5c5ff3e9de d741ca67498b4cab81712cab85494f1d - - default default] Tap Mirror: Handle Delete Port: 19ba0c70-81e3-4667-91f9-d44e8ef45f56 [pid: 7|app: 0|req: 1303/2645] 10.0.0.53 () {34 vars in 788 bytes} [Mon Jul 20 20:27:17 2026] PUT /v2.0/routers/6a6493b3-1144-4a0c-9905-39c6f106d70b/remove_router_interface => generated 310 bytes in 911 msecs (HTTP/1.1 200) 4 headers in 157 bytes (1 switches on core 0)
2026-07-20 20:27:18.709 8 INFO neutron.api.v2.resource [None req-f6f0d362-4ebc-4bda-aab7-374de69eb133 5941e2889bde4f679c2c1b5c5ff3e9de d741ca67498b4cab81712cab85494f1d - - default default] remove_router_interface failed (client error): The resource could not be found. [pid: 8|app: 0|req: 1343/2646] 10.0.0.53 () {34 vars in 788 bytes} [Mon Jul 20 20:27:18 2026] PUT /v2.0/routers/6a6493b3-1144-4a0c-9905-39c6f106d70b/remove_router_interface => generated 198 bytes in 114 msecs (HTTP/1.1 404) 4 headers in 164 bytes (1 switches on core 0) /var/lib/openstack/lib/python3.12/site-packages/pycadf/identifier.py:70: UserWarning: Invalid uuid: neutron. To ensure interoperability, identifiers should be a valid uuid. warnings.warn(('Invalid uuid: %s. To ensure interoperability, '
2026-07-20 20:27:19.108 7 INFO neutron_taas.services.taas.taas_plugin [None req-1d25fc17-cb80-4b67-ad0a-f18940a3d4d7 5941e2889bde4f679c2c1b5c5ff3e9de d741ca67498b4cab81712cab85494f1d - - default default] TaaS: Handle Delete Port: 206d7df0-df07-44bd-a922-5cec8fe8622f
2026-07-20 20:27:19.112 7 INFO neutron_taas.services.taas.tap_mirror_plugin [None req-1d25fc17-cb80-4b67-ad0a-f18940a3d4d7 5941e2889bde4f679c2c1b5c5ff3e9de d741ca67498b4cab81712cab85494f1d - - default default] Tap Mirror: Handle Delete Port: 206d7df0-df07-44bd-a922-5cec8fe8622f [pid: 7|app: 0|req: 1304/2647] 10.0.0.53 () {32 vars in 723 bytes} [Mon Jul 20 20:27:18 2026] DELETE /v2.0/routers/6a6493b3-1144-4a0c-9905-39c6f106d70b => generated 0 bytes in 840 msecs (HTTP/1.1 204) 2 headers in 112 bytes (1 switches on core 0)
2026-07-20 20:27:19.591 8 INFO neutron.api.v2.resource [None req-dd1881cc-6d76-4105-b539-6e57f6a7be1b 5941e2889bde4f679c2c1b5c5ff3e9de d741ca67498b4cab81712cab85494f1d - - default default] show failed (client error): The resource could not be found. [pid: 8|app: 0|req: 1344/2648] 10.0.0.53 () {32 vars in 720 bytes} [Mon Jul 20 20:27:19 2026] GET /v2.0/routers/6a6493b3-1144-4a0c-9905-39c6f106d70b => generated 135 bytes in 32 msecs (HTTP/1.1 404) 4 headers in 164 bytes (1 switches on core 0) [pid: 7|app: 0|req: 1305/2649] 10.0.0.53 () {32 vars in 723 bytes} [Mon Jul 20 20:27:19 2026] DELETE /v2.0/subnets/8e469ae8-7f98-496c-96cc-8b99a6872ce3 => generated 0 bytes in 133 msecs (HTTP/1.1 204) 3 headers in 131 bytes (1 switches on core 0)
2026-07-20 20:27:19.754 8 INFO neutron.pecan_wsgi.hooks.translation [None req-2b8345cd-dad5-48b2-bd84-a4cfa780e192 5941e2889bde4f679c2c1b5c5ff3e9de d741ca67498b4cab81712cab85494f1d - - default default] GET failed (client error): The resource could not be found. [pid: 8|app: 0|req: 1345/2650] 10.0.0.53 () {32 vars in 720 bytes} [Mon Jul 20 20:27:19 2026] GET /v2.0/subnets/8e469ae8-7f98-496c-96cc-8b99a6872ce3 => generated 136 bytes in 20 msecs (HTTP/1.1 404) 4 headers in 164 bytes (1 switches on core 0) [pid: 7|app: 0|req: 1306/2653] 10.0.0.53 () {32 vars in 723 bytes} [Mon Jul 20 20:27:19 2026] DELETE /v2.0/subnets/790bb618-f037-4b0e-8864-7c66cea26386 => generated 0 bytes in 211 msecs (HTTP/1.1 204) 3 headers in 131 bytes (1 switches on core 0)
2026-07-20 20:27:19.993 8 INFO neutron.pecan_wsgi.hooks.translation [None req-802688db-84fa-4cdf-98c2-bce721ef07d3 5941e2889bde4f679c2c1b5c5ff3e9de d741ca67498b4cab81712cab85494f1d - - default default] GET failed (client error): The resource could not be found. [pid: 8|app: 0|req: 1348/2654] 10.0.0.53 () {32 vars in 720 bytes} [Mon Jul 20 20:27:19 2026] GET /v2.0/subnets/790bb618-f037-4b0e-8864-7c66cea26386 => generated 136 bytes in 17 msecs (HTTP/1.1 404) 4 headers in 164 bytes (1 switches on core 0)
2026-07-20 20:27:20.142 7 INFO neutron_taas.services.taas.taas_plugin [None req-6dd53ef7-aad3-4768-8903-be3427ff2cd5 5941e2889bde4f679c2c1b5c5ff3e9de d741ca67498b4cab81712cab85494f1d - - default default] TaaS: Handle Delete Port: 23fd56c2-8bd5-4430-a54e-c3d0fac86950
2026-07-20 20:27:20.145 7 INFO neutron_taas.services.taas.tap_mirror_plugin [None req-6dd53ef7-aad3-4768-8903-be3427ff2cd5 5941e2889bde4f679c2c1b5c5ff3e9de d741ca67498b4cab81712cab85494f1d - - default default] Tap Mirror: Handle Delete Port: 23fd56c2-8bd5-4430-a54e-c3d0fac86950 [pid: 7|app: 0|req: 1307/2655] 10.0.0.53 () {32 vars in 725 bytes} [Mon Jul 20 20:27:20 2026] DELETE /v2.0/networks/c68d77a2-6926-4ac9-8ebd-b191fffbb7c4 => generated 0 bytes in 421 msecs (HTTP/1.1 204) 3 headers in 131 bytes (1 switches on core 0)
2026-07-20 20:27:20.443 8 INFO neutron.pecan_wsgi.hooks.translation [None req-fe9b99ba-0283-4f9a-a871-333da76f5fdd 5941e2889bde4f679c2c1b5c5ff3e9de d741ca67498b4cab81712cab85494f1d - - default default] GET failed (client error): The resource could not be found. [pid: 8|app: 0|req: 1349/2656] 10.0.0.53 () {32 vars in 722 bytes} [Mon Jul 20 20:27:20 2026] GET /v2.0/networks/c68d77a2-6926-4ac9-8ebd-b191fffbb7c4 => generated 138 bytes in 18 msecs (HTTP/1.1 404) 4 headers in 164 bytes (1 switches on core 0)
2026-07-20 20:27:20.482 7 INFO neutron.services.segments.plugin [-] Segment 5f22f335-def4-459c-bc6e-d591be8db2b4 resource provider aggregate not found
2026-07-20 20:27:20.504 7 INFO neutron.services.segments.plugin [-] Client error retrieving segment 5f22f335-def4-459c-bc6e-d591be8db2b4 resource provider; error: Placement Client Error (4xx): {"errors": [{"status": 404, "title": "Not Found", "detail": "The resource could not be found.\n\n No resource provider with uuid 5f22f335-def4-459c-bc6e-d591be8db2b4 found for delete ", "request_id": "req-3641c7c5-4480-49e7-8610-57937986dc70"}]} [pid: 7|app: 0|req: 1308/2657] 10.0.0.53 () {32 vars in 723 bytes} [Mon Jul 20 20:27:20 2026] DELETE /v2.0/subnets/f7fee649-c81f-458e-87d3-1cf7405a9307 => generated 0 bytes in 162 msecs (HTTP/1.1 204) 3 headers in 131 bytes (1 switches on core 0)
2026-07-20 20:27:20.618 7 INFO neutron.services.segments.plugin [-] Segment 5f22f335-def4-459c-bc6e-d591be8db2b4 resource provider aggregate not found
2026-07-20 20:27:20.637 7 INFO neutron.services.segments.plugin [-] Client error retrieving segment 5f22f335-def4-459c-bc6e-d591be8db2b4 resource provider; error: Placement Client Error (4xx): {"errors": [{"status": 404, "title": "Not Found", "detail": "The resource could not be found.\n\n No resource provider with uuid 5f22f335-def4-459c-bc6e-d591be8db2b4 found for delete ", "request_id": "req-e3645a4e-2a0d-4c87-ad2c-f43c29b676ba"}]}
2026-07-20 20:27:20.652 8 INFO neutron.pecan_wsgi.hooks.translation [None req-5f6a4ac4-a43d-47d7-9d66-30c3112f3cf4 5941e2889bde4f679c2c1b5c5ff3e9de d741ca67498b4cab81712cab85494f1d - - default default] GET failed (client error): The resource could not be found. [pid: 8|app: 0|req: 1350/2658] 10.0.0.53 () {32 vars in 720 bytes} [Mon Jul 20 20:27:20 2026] GET /v2.0/subnets/f7fee649-c81f-458e-87d3-1cf7405a9307 => generated 136 bytes in 26 msecs (HTTP/1.1 404) 4 headers in 164 bytes (1 switches on core 0) [pid: 7|app: 0|req: 1309/2659] 10.0.0.53 () {32 vars in 723 bytes} [Mon Jul 20 20:27:20 2026] DELETE /v2.0/subnets/1579841d-0f9d-409e-abc8-962b6bbfb9da => generated 0 bytes in 166 msecs (HTTP/1.1 204) 3 headers in 131 bytes (1 switches on core 0)
2026-07-20 20:27:20.858 8 INFO neutron.pecan_wsgi.hooks.translation [None req-ff8043da-8209-4b50-b16c-b15f91260be6 5941e2889bde4f679c2c1b5c5ff3e9de d741ca67498b4cab81712cab85494f1d - - default default] GET failed (client error): The resource could not be found. [pid: 8|app: 0|req: 1351/2660] 10.0.0.53 () {32 vars in 720 bytes} [Mon Jul 20 20:27:20 2026] GET /v2.0/subnets/1579841d-0f9d-409e-abc8-962b6bbfb9da => generated 136 bytes in 30 msecs (HTTP/1.1 404) 4 headers in 164 bytes (1 switches on core 0)
2026-07-20 20:27:20.986 7 INFO neutron_taas.services.taas.taas_plugin [None req-01d48f6c-5ba3-482b-8656-f88126202c28 5941e2889bde4f679c2c1b5c5ff3e9de d741ca67498b4cab81712cab85494f1d - - default default] TaaS: Handle Delete Port: 57ccd495-a320-4b38-8038-97ff1b95b4ed
2026-07-20 20:27:20.988 7 INFO neutron_taas.services.taas.tap_mirror_plugin [None req-01d48f6c-5ba3-482b-8656-f88126202c28 5941e2889bde4f679c2c1b5c5ff3e9de d741ca67498b4cab81712cab85494f1d - - default default] Tap Mirror: Handle Delete Port: 57ccd495-a320-4b38-8038-97ff1b95b4ed [pid: 7|app: 0|req: 1310/2661] 10.0.0.53 () {32 vars in 725 bytes} [Mon Jul 20 20:27:20 2026] DELETE /v2.0/networks/d4bc9e6f-2d08-4806-b125-2cd899ef0780 => generated 0 bytes in 372 msecs (HTTP/1.1 204) 3 headers in 131 bytes (1 switches on core 0)
2026-07-20 20:27:21.261 8 INFO neutron.pecan_wsgi.hooks.translation [None req-80130220-9ba8-44e4-8f40-0d8b4c605cd5 5941e2889bde4f679c2c1b5c5ff3e9de d741ca67498b4cab81712cab85494f1d - - default default] GET failed (client error): The resource could not be found. [pid: 8|app: 0|req: 1352/2662] 10.0.0.53 () {32 vars in 722 bytes} [Mon Jul 20 20:27:21 2026] GET /v2.0/networks/d4bc9e6f-2d08-4806-b125-2cd899ef0780 => generated 138 bytes in 19 msecs (HTTP/1.1 404) 4 headers in 164 bytes (1 switches on core 0) [pid: 7|app: 0|req: 1311/2663] 10.0.0.53 () {32 vars in 723 bytes} [Mon Jul 20 20:27:21 2026] DELETE /v2.0/subnets/360796ef-e5d5-4aa9-983f-cab0bbf5fb02 => generated 0 bytes in 188 msecs (HTTP/1.1 204) 3 headers in 131 bytes (1 switches on core 0)
2026-07-20 20:27:21.476 8 INFO neutron.pecan_wsgi.hooks.translation [None req-db8c727c-5564-42fd-9a72-63f3682c57e7 5941e2889bde4f679c2c1b5c5ff3e9de d741ca67498b4cab81712cab85494f1d - - default default] GET failed (client error): The resource could not be found. [pid: 8|app: 0|req: 1353/2664] 10.0.0.53 () {32 vars in 720 bytes} [Mon Jul 20 20:27:21 2026] GET /v2.0/subnets/360796ef-e5d5-4aa9-983f-cab0bbf5fb02 => generated 136 bytes in 17 msecs (HTTP/1.1 404) 4 headers in 164 bytes (1 switches on core 0) [pid: 7|app: 0|req: 1312/2665] 10.0.0.53 () {32 vars in 723 bytes} [Mon Jul 20 20:27:21 2026] DELETE /v2.0/subnets/d53b5409-5940-4d0d-b26f-1b27280174a3 => generated 0 bytes in 183 msecs (HTTP/1.1 204) 3 headers in 131 bytes (1 switches on core 0)
2026-07-20 20:27:21.690 8 INFO neutron.pecan_wsgi.hooks.translation [None req-40f02006-671a-4297-9d11-2f72ecbaaaa8 5941e2889bde4f679c2c1b5c5ff3e9de d741ca67498b4cab81712cab85494f1d - - default default] GET failed (client error): The resource could not be found. [pid: 8|app: 0|req: 1354/2666] 10.0.0.53 () {32 vars in 720 bytes} [Mon Jul 20 20:27:21 2026] GET /v2.0/subnets/d53b5409-5940-4d0d-b26f-1b27280174a3 => generated 136 bytes in 21 msecs (HTTP/1.1 404) 4 headers in 164 bytes (1 switches on core 0)
2026-07-20 20:27:21.863 7 INFO neutron_taas.services.taas.taas_plugin [None req-dbf504c0-af82-4d17-96a8-072d43af2c39 5941e2889bde4f679c2c1b5c5ff3e9de d741ca67498b4cab81712cab85494f1d - - default default] TaaS: Handle Delete Port: 43ec2246-eae5-419b-a664-b93de7dff9e6
2026-07-20 20:27:21.867 7 INFO neutron_taas.services.taas.tap_mirror_plugin [None req-dbf504c0-af82-4d17-96a8-072d43af2c39 5941e2889bde4f679c2c1b5c5ff3e9de d741ca67498b4cab81712cab85494f1d - - default default] Tap Mirror: Handle Delete Port: 43ec2246-eae5-419b-a664-b93de7dff9e6 [pid: 7|app: 0|req: 1313/2667] 10.0.0.53 () {32 vars in 725 bytes} [Mon Jul 20 20:27:21 2026] DELETE /v2.0/networks/e284a4aa-3ef7-43e8-850d-5a79eafc77b8 => generated 0 bytes in 430 msecs (HTTP/1.1 204) 3 headers in 131 bytes (1 switches on core 0)
2026-07-20 20:27:22.151 8 INFO neutron.pecan_wsgi.hooks.translation [None req-c8159d34-0ace-4856-8faf-0f7cae98bdbf 5941e2889bde4f679c2c1b5c5ff3e9de d741ca67498b4cab81712cab85494f1d - - default default] GET failed (client error): The resource could not be found. [pid: 8|app: 0|req: 1355/2668] 10.0.0.53 () {32 vars in 722 bytes} [Mon Jul 20 20:27:22 2026] GET /v2.0/networks/e284a4aa-3ef7-43e8-850d-5a79eafc77b8 => generated 138 bytes in 20 msecs (HTTP/1.1 404) 4 headers in 164 bytes (1 switches on core 0)
2026-07-20 20:27:22.522 7 INFO neutron.services.segments.plugin [-] Segment ca1fd162-ed17-473b-bdd8-340407cde590 resource provider aggregate not found
2026-07-20 20:27:22.540 7 INFO neutron.services.segments.plugin [-] Client error retrieving segment ca1fd162-ed17-473b-bdd8-340407cde590 resource provider; error: Placement Client Error (4xx): {"errors": [{"status": 404, "title": "Not Found", "detail": "The resource could not be found.\n\n No resource provider with uuid ca1fd162-ed17-473b-bdd8-340407cde590 found for delete ", "request_id": "req-568bf88e-5312-468b-95d7-d5a593f3de5c"}]}
2026-07-20 20:27:22.559 7 INFO neutron.services.segments.plugin [-] Segment 9e51d814-cd18-4d55-873e-85789b1f9049 resource provider aggregate not found
2026-07-20 20:27:22.578 7 INFO neutron.services.segments.plugin [-] Client error retrieving segment 9e51d814-cd18-4d55-873e-85789b1f9049 resource provider; error: Placement Client Error (4xx): {"errors": [{"status": 404, "title": "Not Found", "detail": "The resource could not be found.\n\n No resource provider with uuid 9e51d814-cd18-4d55-873e-85789b1f9049 found for delete ", "request_id": "req-1fbae165-1f40-4cb5-a515-f9355f1923e6"}]}
2026-07-20 20:27:22.655 7 INFO neutron.services.segments.plugin [-] Segment ca1fd162-ed17-473b-bdd8-340407cde590 resource provider aggregate not found
2026-07-20 20:27:22.673 7 INFO neutron.services.segments.plugin [-] Client error retrieving segment ca1fd162-ed17-473b-bdd8-340407cde590 resource provider; error: Placement Client Error (4xx): {"errors": [{"status": 404, "title": "Not Found", "detail": "The resource could not be found.\n\n No resource provider with uuid ca1fd162-ed17-473b-bdd8-340407cde590 found for delete ", "request_id": "req-95925c03-aa5f-4f95-a133-36cb5c33a1e2"}]}
2026-07-20 20:27:22.691 7 INFO neutron.services.segments.plugin [-] Segment 9e51d814-cd18-4d55-873e-85789b1f9049 resource provider aggregate not found
2026-07-20 20:27:22.710 7 INFO neutron.services.segments.plugin [-] Client error retrieving segment 9e51d814-cd18-4d55-873e-85789b1f9049 resource provider; error: Placement Client Error (4xx): {"errors": [{"status": 404, "title": "Not Found", "detail": "The resource could not be found.\n\n No resource provider with uuid 9e51d814-cd18-4d55-873e-85789b1f9049 found for delete ", "request_id": "req-2a659973-35fd-4549-bff8-2eb2187dfcbd"}]}
2026-07-20 20:27:24.491 7 WARNING neutron.db.securitygroups_db [None req-64156de8-2cca-4f04-a6f5-5f76987a39f0 2da59ac1902147c68dd85a4308b492a9 76dbea4f76dc44438bf839f74c121db4 - - default default] project_id key not found in filters, using tenant_id instead. This support has been deprecated and will be removed in a future release.
2026-07-20 20:27:24.631 7 INFO neutron.db.ovn_revision_numbers_db [None req-64156de8-2cca-4f04-a6f5-5f76987a39f0 2da59ac1902147c68dd85a4308b492a9 76dbea4f76dc44438bf839f74c121db4 - - default default] Successfully bumped revision number for resource d8e0f254-40c8-450c-b918-6838c1095b0a (type: security_groups) to 1
2026-07-20 20:27:24.645 7 INFO neutron.db.ovn_revision_numbers_db [None req-64156de8-2cca-4f04-a6f5-5f76987a39f0 2da59ac1902147c68dd85a4308b492a9 76dbea4f76dc44438bf839f74c121db4 - - default default] Successfully bumped revision number for resource 7961bd6a-b49c-4686-8e20-56281d964429 (type: security_group_rules) to 0
2026-07-20 20:27:24.662 7 INFO neutron.db.ovn_revision_numbers_db [None req-64156de8-2cca-4f04-a6f5-5f76987a39f0 2da59ac1902147c68dd85a4308b492a9 76dbea4f76dc44438bf839f74c121db4 - - default default] Successfully bumped revision number for resource a5313382-764e-4c8e-bb77-1e8a29c4a4bd (type: security_group_rules) to 0
2026-07-20 20:27:24.675 7 INFO neutron.db.ovn_revision_numbers_db [None req-64156de8-2cca-4f04-a6f5-5f76987a39f0 2da59ac1902147c68dd85a4308b492a9 76dbea4f76dc44438bf839f74c121db4 - - default default] Successfully bumped revision number for resource d9664631-57f5-4749-81bd-57f07ceb84d2 (type: security_group_rules) to 0
2026-07-20 20:27:24.687 7 INFO neutron.db.ovn_revision_numbers_db [None req-64156de8-2cca-4f04-a6f5-5f76987a39f0 2da59ac1902147c68dd85a4308b492a9 76dbea4f76dc44438bf839f74c121db4 - - default default] Successfully bumped revision number for resource f48db6c2-e455-4619-a466-411abb17fc1e (type: security_group_rules) to 0 [pid: 7|app: 0|req: 1314/2669] 10.0.0.53 () {32 vars in 773 bytes} [Mon Jul 20 20:27:24 2026] GET /v2.0/security-groups?tenant_id=04334c00ff9d409b87f1cc4ffd99bf01&name=default => generated 2929 bytes in 439 msecs (HTTP/1.1 200) 4 headers in 158 bytes (1 switches on core 0) [pid: 8|app: 0|req: 1356/2670] 10.0.0.53 () {32 vars in 739 bytes} [Mon Jul 20 20:27:24 2026] DELETE /v2.0/security-groups/d8e0f254-40c8-450c-b918-6838c1095b0a => generated 0 bytes in 194 msecs (HTTP/1.1 204) 2 headers in 112 bytes (1 switches on core 0)
2026-07-20 20:27:25.036 7 WARNING neutron.db.securitygroups_db [None req-24175dd4-8953-437e-a25e-71c22207cfd6 2da59ac1902147c68dd85a4308b492a9 76dbea4f76dc44438bf839f74c121db4 - - default default] project_id key not found in filters, using tenant_id instead. This support has been deprecated and will be removed in a future release.
2026-07-20 20:27:25.178 7 INFO neutron.db.ovn_revision_numbers_db [None req-24175dd4-8953-437e-a25e-71c22207cfd6 2da59ac1902147c68dd85a4308b492a9 76dbea4f76dc44438bf839f74c121db4 - - default default] Successfully bumped revision number for resource 217fd0b1-cf6b-4553-a6aa-4d8cf7a13673 (type: security_groups) to 1
2026-07-20 20:27:25.194 7 INFO neutron.db.ovn_revision_numbers_db [None req-24175dd4-8953-437e-a25e-71c22207cfd6 2da59ac1902147c68dd85a4308b492a9 76dbea4f76dc44438bf839f74c121db4 - - default default] Successfully bumped revision number for resource 8ea99314-45b1-4425-b208-b5c11395697c (type: security_group_rules) to 0
2026-07-20 20:27:25.207 7 INFO neutron.db.ovn_revision_numbers_db [None req-24175dd4-8953-437e-a25e-71c22207cfd6 2da59ac1902147c68dd85a4308b492a9 76dbea4f76dc44438bf839f74c121db4 - - default default] Successfully bumped revision number for resource e0d7238c-71b8-42bd-827e-feb0452f81c4 (type: security_group_rules) to 0
2026-07-20 20:27:25.218 7 INFO neutron.db.ovn_revision_numbers_db [None req-24175dd4-8953-437e-a25e-71c22207cfd6 2da59ac1902147c68dd85a4308b492a9 76dbea4f76dc44438bf839f74c121db4 - - default default] Successfully bumped revision number for resource e369d212-26b6-4fe7-94f4-e19bd77b4a50 (type: security_group_rules) to 0
2026-07-20 20:27:25.231 7 INFO neutron.db.ovn_revision_numbers_db [None req-24175dd4-8953-437e-a25e-71c22207cfd6 2da59ac1902147c68dd85a4308b492a9 76dbea4f76dc44438bf839f74c121db4 - - default default] Successfully bumped revision number for resource ecfd4f94-c6e1-447c-b032-75f2148bb668 (type: security_group_rules) to 0 [pid: 7|app: 0|req: 1315/2671] 10.0.0.53 () {32 vars in 773 bytes} [Mon Jul 20 20:27:25 2026] GET /v2.0/security-groups?tenant_id=5b6611ed2e1f4d2e839131af1de45b7e&name=default => generated 2929 bytes in 251 msecs (HTTP/1.1 200) 4 headers in 158 bytes (1 switches on core 0) [pid: 8|app: 0|req: 1357/2672] 10.0.0.53 () {32 vars in 739 bytes} [Mon Jul 20 20:27:25 2026] DELETE /v2.0/security-groups/217fd0b1-cf6b-4553-a6aa-4d8cf7a13673 => generated 0 bytes in 230 msecs (HTTP/1.1 204) 2 headers in 112 bytes (1 switches on core 0)
2026-07-20 20:27:25.680 7 WARNING neutron.db.securitygroups_db [None req-51a8da18-e4a0-4b6d-ad28-b5960e883069 2da59ac1902147c68dd85a4308b492a9 76dbea4f76dc44438bf839f74c121db4 - - default default] project_id key not found in filters, using tenant_id instead. This support has been deprecated and will be removed in a future release.
2026-07-20 20:27:25.840 7 INFO neutron.db.ovn_revision_numbers_db [None req-51a8da18-e4a0-4b6d-ad28-b5960e883069 2da59ac1902147c68dd85a4308b492a9 76dbea4f76dc44438bf839f74c121db4 - - default default] Successfully bumped revision number for resource 506166c3-63b6-40a7-894c-361ccd40888f (type: security_groups) to 1
2026-07-20 20:27:25.854 7 INFO neutron.db.ovn_revision_numbers_db [None req-51a8da18-e4a0-4b6d-ad28-b5960e883069 2da59ac1902147c68dd85a4308b492a9 76dbea4f76dc44438bf839f74c121db4 - - default default] Successfully bumped revision number for resource 00491a1d-258f-4bb8-a0bd-f2628f989637 (type: security_group_rules) to 0
2026-07-20 20:27:25.867 7 INFO neutron.db.ovn_revision_numbers_db [None req-51a8da18-e4a0-4b6d-ad28-b5960e883069 2da59ac1902147c68dd85a4308b492a9 76dbea4f76dc44438bf839f74c121db4 - - default default] Successfully bumped revision number for resource 4a52dbe4-a2f8-4941-87bb-645bdac8b724 (type: security_group_rules) to 0
2026-07-20 20:27:25.880 7 INFO neutron.db.ovn_revision_numbers_db [None req-51a8da18-e4a0-4b6d-ad28-b5960e883069 2da59ac1902147c68dd85a4308b492a9 76dbea4f76dc44438bf839f74c121db4 - - default default] Successfully bumped revision number for resource be51c37a-6390-4c6b-99d3-a7da38f25155 (type: security_group_rules) to 0
2026-07-20 20:27:25.897 7 INFO neutron.db.ovn_revision_numbers_db [None req-51a8da18-e4a0-4b6d-ad28-b5960e883069 2da59ac1902147c68dd85a4308b492a9 76dbea4f76dc44438bf839f74c121db4 - - default default] Successfully bumped revision number for resource d4dff9f2-c013-44bd-ab23-a24d4e71433c (type: security_group_rules) to 0 [pid: 7|app: 0|req: 1316/2673] 10.0.0.53 () {32 vars in 773 bytes} [Mon Jul 20 20:27:25 2026] GET /v2.0/security-groups?tenant_id=b07aa0623269476b970ba8e82501becf&name=default => generated 2929 bytes in 272 msecs (HTTP/1.1 200) 4 headers in 158 bytes (1 switches on core 0) [pid: 8|app: 0|req: 1358/2674] 10.0.0.53 () {32 vars in 739 bytes} [Mon Jul 20 20:27:25 2026] DELETE /v2.0/security-groups/506166c3-63b6-40a7-894c-361ccd40888f => generated 0 bytes in 203 msecs (HTTP/1.1 204) 2 headers in 112 bytes (1 switches on core 0)
2026-07-20 20:27:26.340 7 WARNING neutron.db.securitygroups_db [None req-046317ef-59eb-4cb1-87ec-cecd7acdcbe6 2da59ac1902147c68dd85a4308b492a9 76dbea4f76dc44438bf839f74c121db4 - - default default] project_id key not found in filters, using tenant_id instead. This support has been deprecated and will be removed in a future release.
2026-07-20 20:27:26.499 7 INFO neutron.db.ovn_revision_numbers_db [None req-046317ef-59eb-4cb1-87ec-cecd7acdcbe6 2da59ac1902147c68dd85a4308b492a9 76dbea4f76dc44438bf839f74c121db4 - - default default] Successfully bumped revision number for resource e468c767-11dc-4d88-8927-8cb39a5972e9 (type: security_groups) to 1
2026-07-20 20:27:26.512 7 INFO neutron.db.ovn_revision_numbers_db [None req-046317ef-59eb-4cb1-87ec-cecd7acdcbe6 2da59ac1902147c68dd85a4308b492a9 76dbea4f76dc44438bf839f74c121db4 - - default default] Successfully bumped revision number for resource 4cd28f7e-5760-44b4-8a32-21f818eeca3f (type: security_group_rules) to 0
2026-07-20 20:27:26.527 7 INFO neutron.db.ovn_revision_numbers_db [None req-046317ef-59eb-4cb1-87ec-cecd7acdcbe6 2da59ac1902147c68dd85a4308b492a9 76dbea4f76dc44438bf839f74c121db4 - - default default] Successfully bumped revision number for resource 7a0d53be-431f-4c1f-a6ac-523f8690c790 (type: security_group_rules) to 0
2026-07-20 20:27:26.543 7 INFO neutron.db.ovn_revision_numbers_db [None req-046317ef-59eb-4cb1-87ec-cecd7acdcbe6 2da59ac1902147c68dd85a4308b492a9 76dbea4f76dc44438bf839f74c121db4 - - default default] Successfully bumped revision number for resource 82faf387-34fb-403a-961c-5273751a76b9 (type: security_group_rules) to 0
2026-07-20 20:27:26.558 7 INFO neutron.db.ovn_revision_numbers_db [None req-046317ef-59eb-4cb1-87ec-cecd7acdcbe6 2da59ac1902147c68dd85a4308b492a9 76dbea4f76dc44438bf839f74c121db4 - - default default] Successfully bumped revision number for resource b545ca77-9cfe-414c-872c-81596abef513 (type: security_group_rules) to 0 [pid: 7|app: 0|req: 1317/2675] 10.0.0.53 () {32 vars in 773 bytes} [Mon Jul 20 20:27:26 2026] GET /v2.0/security-groups?tenant_id=53981371c7024f7ab0a2e24cb8338c07&name=default => generated 2929 bytes in 267 msecs (HTTP/1.1 200) 4 headers in 158 bytes (1 switches on core 0) [pid: 8|app: 0|req: 1359/2676] 10.0.0.53 () {32 vars in 739 bytes} [Mon Jul 20 20:27:26 2026] DELETE /v2.0/security-groups/e468c767-11dc-4d88-8927-8cb39a5972e9 => generated 0 bytes in 197 msecs (HTTP/1.1 204) 2 headers in 112 bytes (1 switches on core 0)
2026-07-20 20:27:26.954 7 WARNING neutron.db.securitygroups_db [None req-86f22071-13c5-425a-b0d6-48dbcffa19c1 2da59ac1902147c68dd85a4308b492a9 76dbea4f76dc44438bf839f74c121db4 - - default default] project_id key not found in filters, using tenant_id instead. This support has been deprecated and will be removed in a future release.
2026-07-20 20:27:27.072 7 INFO neutron.db.ovn_revision_numbers_db [None req-86f22071-13c5-425a-b0d6-48dbcffa19c1 2da59ac1902147c68dd85a4308b492a9 76dbea4f76dc44438bf839f74c121db4 - - default default] Successfully bumped revision number for resource 4c711bf6-95ee-4851-b7e4-57ee71da5387 (type: security_groups) to 1
2026-07-20 20:27:27.086 7 INFO neutron.db.ovn_revision_numbers_db [None req-86f22071-13c5-425a-b0d6-48dbcffa19c1 2da59ac1902147c68dd85a4308b492a9 76dbea4f76dc44438bf839f74c121db4 - - default default] Successfully bumped revision number for resource 54601d3c-4005-48e4-b2ad-5f1a689596a6 (type: security_group_rules) to 0
2026-07-20 20:27:27.099 7 INFO neutron.db.ovn_revision_numbers_db [None req-86f22071-13c5-425a-b0d6-48dbcffa19c1 2da59ac1902147c68dd85a4308b492a9 76dbea4f76dc44438bf839f74c121db4 - - default default] Successfully bumped revision number for resource 7c6d1edf-6a44-43cd-abcf-45f7d89d0c44 (type: security_group_rules) to 0
2026-07-20 20:27:27.111 7 INFO neutron.db.ovn_revision_numbers_db [None req-86f22071-13c5-425a-b0d6-48dbcffa19c1 2da59ac1902147c68dd85a4308b492a9 76dbea4f76dc44438bf839f74c121db4 - - default default] Successfully bumped revision number for resource a433c8a9-e1d0-4f73-bb84-64f90c714872 (type: security_group_rules) to 0
2026-07-20 20:27:27.123 7 INFO neutron.db.ovn_revision_numbers_db [None req-86f22071-13c5-425a-b0d6-48dbcffa19c1 2da59ac1902147c68dd85a4308b492a9 76dbea4f76dc44438bf839f74c121db4 - - default default] Successfully bumped revision number for resource c1517518-e9c0-40a8-8193-3a4d632581b6 (type: security_group_rules) to 0 [pid: 7|app: 0|req: 1318/2677] 10.0.0.53 () {32 vars in 773 bytes} [Mon Jul 20 20:27:26 2026] GET /v2.0/security-groups?tenant_id=26aac4651b5c409bae170c9c9a27d39a&name=default => generated 2929 bytes in 214 msecs (HTTP/1.1 200) 4 headers in 158 bytes (1 switches on core 0) [pid: 8|app: 0|req: 1360/2678] 10.0.0.53 () {32 vars in 739 bytes} [Mon Jul 20 20:27:27 2026] DELETE /v2.0/security-groups/4c711bf6-95ee-4851-b7e4-57ee71da5387 => generated 0 bytes in 236 msecs (HTTP/1.1 204) 2 headers in 112 bytes (1 switches on core 0)
2026-07-20 20:27:27.569 7 WARNING neutron.db.securitygroups_db [None req-fd4b390a-463e-4afd-a162-ee2be18ea0f7 2da59ac1902147c68dd85a4308b492a9 76dbea4f76dc44438bf839f74c121db4 - - default default] project_id key not found in filters, using tenant_id instead. This support has been deprecated and will be removed in a future release.
2026-07-20 20:27:27.699 7 INFO neutron.db.ovn_revision_numbers_db [None req-fd4b390a-463e-4afd-a162-ee2be18ea0f7 2da59ac1902147c68dd85a4308b492a9 76dbea4f76dc44438bf839f74c121db4 - - default default] Successfully bumped revision number for resource 509e11e2-0938-4174-b8ae-725c8277bf25 (type: security_groups) to 1
2026-07-20 20:27:27.711 7 INFO neutron.db.ovn_revision_numbers_db [None req-fd4b390a-463e-4afd-a162-ee2be18ea0f7 2da59ac1902147c68dd85a4308b492a9 76dbea4f76dc44438bf839f74c121db4 - - default default] Successfully bumped revision number for resource 3f910b1a-d63b-4f2b-8317-496a22c431ff (type: security_group_rules) to 0
2026-07-20 20:27:27.725 7 INFO neutron.db.ovn_revision_numbers_db [None req-fd4b390a-463e-4afd-a162-ee2be18ea0f7 2da59ac1902147c68dd85a4308b492a9 76dbea4f76dc44438bf839f74c121db4 - - default default] Successfully bumped revision number for resource 4ab05f79-d835-49c8-8dc0-52d7c4eb74b1 (type: security_group_rules) to 0
2026-07-20 20:27:27.738 7 INFO neutron.db.ovn_revision_numbers_db [None req-fd4b390a-463e-4afd-a162-ee2be18ea0f7 2da59ac1902147c68dd85a4308b492a9 76dbea4f76dc44438bf839f74c121db4 - - default default] Successfully bumped revision number for resource 66665d04-44e9-4a54-bcbb-19395155eda3 (type: security_group_rules) to 0
2026-07-20 20:27:27.751 7 INFO neutron.db.ovn_revision_numbers_db [None req-fd4b390a-463e-4afd-a162-ee2be18ea0f7 2da59ac1902147c68dd85a4308b492a9 76dbea4f76dc44438bf839f74c121db4 - - default default] Successfully bumped revision number for resource 9967f3d2-3e1c-46e6-bb92-bab57247e5a7 (type: security_group_rules) to 0 [pid: 7|app: 0|req: 1319/2679] 10.0.0.53 () {32 vars in 773 bytes} [Mon Jul 20 20:27:27 2026] GET /v2.0/security-groups?tenant_id=9f950f6c30f54d80893578ac68b895b4&name=default => generated 2929 bytes in 230 msecs (HTTP/1.1 200) 4 headers in 158 bytes (1 switches on core 0) [pid: 8|app: 0|req: 1361/2680] 10.0.0.53 () {32 vars in 739 bytes} [Mon Jul 20 20:27:27 2026] DELETE /v2.0/security-groups/509e11e2-0938-4174-b8ae-725c8277bf25 => generated 0 bytes in 221 msecs (HTTP/1.1 204) 2 headers in 112 bytes (1 switches on core 0)
