2026-07-20 20:23:39.654 8 WARNING neutron.db.securitygroups_db [None req-10c9c9f0-9477-4383-805c-9d3b81ebdd13 2da59ac1902147c68dd85a4308b492a9 76dbea4f76dc44438bf839f74c121db4 - - default default] project_id key not found in filters, using tenant_id instead. This support has been deprecated and will be removed in a future release. [pid: 8|app: 0|req: 677/1401] 10.0.0.53 () {32 vars in 773 bytes} [Mon Jul 20 20:23:39 2026] GET /v2.0/security-groups?tenant_id=f0fd6f8b79af4e3592f05a82a2efadf9&name=default => generated 2925 bytes in 206 msecs (HTTP/1.1 200) 4 headers in 158 bytes (1 switches on core 0)
2026-07-20 20:23:39.788 7 WARNING neutron.scheduler.dhcp_agent_scheduler [None req-80e58867-cfc5-4ab6-8b9e-233d0ca5e5e6 636ac28a402d4d8b8f4f2a6da78885f3 5d12b17bbf8b4f43b22e8ce765b4b390 - - default default] No more DHCP agents
2026-07-20 20:23:39.789 7 WARNING neutron.api.rpc.agentnotifiers.dhcp_rpc_agent_api [None req-80e58867-cfc5-4ab6-8b9e-233d0ca5e5e6 636ac28a402d4d8b8f4f2a6da78885f3 5d12b17bbf8b4f43b22e8ce765b4b390 - - default default] Unable to schedule network b6a43ef2-c0c9-47b0-95a9-f6237eaff2fc: no agents available; will retry on subsequent port and subnet creation events.
2026-07-20 20:23:39.843 8 INFO neutron_taas.services.taas.taas_plugin [None req-9fb92b78-c140-4e90-8f0a-304fb346eeb1 4b18046c2ff849e89ed045848d7b062d 44fff2bcdcc246239c88fd7a6d660bbf - - default default] TaaS: Handle Delete Port: 721fa765-1a84-4a5b-a192-1d3f1d1139aa
2026-07-20 20:23:39.847 8 INFO neutron_taas.services.taas.tap_mirror_plugin [None req-9fb92b78-c140-4e90-8f0a-304fb346eeb1 4b18046c2ff849e89ed045848d7b062d 44fff2bcdcc246239c88fd7a6d660bbf - - default default] Tap Mirror: Handle Delete Port: 721fa765-1a84-4a5b-a192-1d3f1d1139aa
2026-07-20 20:23:39.900 7 INFO neutron.db.ovn_revision_numbers_db [None req-80e58867-cfc5-4ab6-8b9e-233d0ca5e5e6 636ac28a402d4d8b8f4f2a6da78885f3 5d12b17bbf8b4f43b22e8ce765b4b390 - - default default] Successfully bumped revision number for resource 3c392492-5217-414d-b786-e0795dfb128c (type: ports) to 1
2026-07-20 20:23:39.981 7 INFO neutron.db.ovn_revision_numbers_db [None req-80e58867-cfc5-4ab6-8b9e-233d0ca5e5e6 636ac28a402d4d8b8f4f2a6da78885f3 5d12b17bbf8b4f43b22e8ce765b4b390 - - default default] Successfully bumped revision number for resource 7110c931-c071-40ac-a9dd-e476f58f4553 (type: networks) to 1 [pid: 8|app: 0|req: 678/1402] 10.0.0.53 () {32 vars in 725 bytes} [Mon Jul 20 20:23:39 2026] DELETE /v2.0/networks/908ae189-f0d9-438e-95af-4536339bd35d => generated 0 bytes in 457 msecs (HTTP/1.1 204) 3 headers in 131 bytes (1 switches on core 0)
2026-07-20 20:23:40.181 7 WARNING neutron.scheduler.dhcp_agent_scheduler [None req-80e58867-cfc5-4ab6-8b9e-233d0ca5e5e6 636ac28a402d4d8b8f4f2a6da78885f3 5d12b17bbf8b4f43b22e8ce765b4b390 - - default default] No more DHCP agents
2026-07-20 20:23:40.183 7 WARNING neutron.api.rpc.agentnotifiers.dhcp_rpc_agent_api [None req-80e58867-cfc5-4ab6-8b9e-233d0ca5e5e6 636ac28a402d4d8b8f4f2a6da78885f3 5d12b17bbf8b4f43b22e8ce765b4b390 - - default default] Unable to schedule network 7110c931-c071-40ac-a9dd-e476f58f4553: no agents available; will retry on subsequent port and subnet creation events.
2026-07-20 20:23:40.263 8 INFO neutron.plugins.ml2.drivers.ovn.mech_driver.mech_driver [None req-57240ccc-dccb-4000-99d5-e48e3ef32641 - - - - - -] OVN reports status down for port: b353cd15-5a3f-48d5-91c5-6a88106f30e1
2026-07-20 20:23:40.266 7 INFO neutron.db.ovn_revision_numbers_db [None req-80e58867-cfc5-4ab6-8b9e-233d0ca5e5e6 636ac28a402d4d8b8f4f2a6da78885f3 5d12b17bbf8b4f43b22e8ce765b4b390 - - default default] Successfully bumped revision number for resource b353cd15-5a3f-48d5-91c5-6a88106f30e1 (type: ports) to 1 [pid: 7|app: 0|req: 725/1403] 10.0.0.53 () {34 vars in 669 bytes} [Mon Jul 20 20:23:38 2026] POST /v2.0/networks => generated 1322 bytes in 1451 msecs (HTTP/1.1 201) 4 headers in 163 bytes (1 switches on core 0) [pid: 7|app: 0|req: 726/1404] 10.0.0.53 () {32 vars in 648 bytes} [Mon Jul 20 20:23:40 2026] GET /v2.0/networks => generated 689 bytes in 95 msecs (HTTP/1.1 200) 4 headers in 157 bytes (1 switches on core 0) [pid: 7|app: 0|req: 727/1405] 10.0.0.53 () {32 vars in 648 bytes} [Mon Jul 20 20:23:40 2026] GET /v2.0/networks => generated 1971 bytes in 68 msecs (HTTP/1.1 200) 4 headers in 158 bytes (1 switches on core 0) [pid: 8|app: 0|req: 679/1406] 10.0.0.53 () {32 vars in 739 bytes} [Mon Jul 20 20:23:40 2026] DELETE /v2.0/security-groups/885f7711-2c21-4b8f-92c4-6aa8256d98a2 => generated 0 bytes in 323 msecs (HTTP/1.1 204) 2 headers in 112 bytes (1 switches on core 0)
2026-07-20 20:23:40.554 7 INFO neutron.db.segments_db [None req-bbba936c-16ab-427a-861f-9f4d4e6a70dd 4b18046c2ff849e89ed045848d7b062d 44fff2bcdcc246239c88fd7a6d660bbf - - default default] Added segment 016ed9f8-8804-4a8c-a428-b6f689adcc30 of type geneve for network 33bb5c0c-0027-4ceb-bc49-3c6304ba5c5c
2026-07-20 20:23:40.597 8 INFO neutron_taas.services.taas.taas_plugin [None req-fee4f1ba-cd14-46ad-b379-65063764d809 636ac28a402d4d8b8f4f2a6da78885f3 5d12b17bbf8b4f43b22e8ce765b4b390 - - default default] TaaS: Handle Delete Port: 3c392492-5217-414d-b786-e0795dfb128c
2026-07-20 20:23:40.600 8 INFO neutron_taas.services.taas.tap_mirror_plugin [None req-fee4f1ba-cd14-46ad-b379-65063764d809 636ac28a402d4d8b8f4f2a6da78885f3 5d12b17bbf8b4f43b22e8ce765b4b390 - - default default] Tap Mirror: Handle Delete Port: 3c392492-5217-414d-b786-e0795dfb128c
2026-07-20 20:23:40.735 7 INFO neutron.db.ovn_revision_numbers_db [None req-bbba936c-16ab-427a-861f-9f4d4e6a70dd 4b18046c2ff849e89ed045848d7b062d 44fff2bcdcc246239c88fd7a6d660bbf - - default default] Successfully bumped revision number for resource 33bb5c0c-0027-4ceb-bc49-3c6304ba5c5c (type: networks) to 1 [pid: 8|app: 0|req: 680/1407] 10.0.0.53 () {32 vars in 725 bytes} [Mon Jul 20 20:23:40 2026] DELETE /v2.0/networks/b6a43ef2-c0c9-47b0-95a9-f6237eaff2fc => generated 0 bytes in 407 msecs (HTTP/1.1 204) 3 headers in 131 bytes (1 switches on core 0)
2026-07-20 20:23:40.947 7 WARNING neutron.scheduler.dhcp_agent_scheduler [None req-bbba936c-16ab-427a-861f-9f4d4e6a70dd 4b18046c2ff849e89ed045848d7b062d 44fff2bcdcc246239c88fd7a6d660bbf - - default default] No more DHCP agents
2026-07-20 20:23:40.951 7 WARNING neutron.api.rpc.agentnotifiers.dhcp_rpc_agent_api [None req-bbba936c-16ab-427a-861f-9f4d4e6a70dd 4b18046c2ff849e89ed045848d7b062d 44fff2bcdcc246239c88fd7a6d660bbf - - default default] Unable to schedule network 33bb5c0c-0027-4ceb-bc49-3c6304ba5c5c: no agents available; will retry on subsequent port and subnet creation events.
2026-07-20 20:23:41.006 8 INFO neutron.plugins.ml2.drivers.ovn.mech_driver.mech_driver [None req-57240ccc-dccb-4000-99d5-e48e3ef32641 - - - - - -] OVN reports status down for port: 62df8f2a-2ed8-49ea-95d2-878a27701d0e
2026-07-20 20:23:41.049 7 INFO neutron.db.ovn_revision_numbers_db [None req-bbba936c-16ab-427a-861f-9f4d4e6a70dd 4b18046c2ff849e89ed045848d7b062d 44fff2bcdcc246239c88fd7a6d660bbf - - default default] Successfully bumped revision number for resource 62df8f2a-2ed8-49ea-95d2-878a27701d0e (type: ports) to 1 [pid: 7|app: 0|req: 728/1408] 10.0.0.53 () {34 vars in 669 bytes} [Mon Jul 20 20:23:40 2026] POST /v2.0/networks => generated 692 bytes in 624 msecs (HTTP/1.1 201) 4 headers in 162 bytes (1 switches on core 0)
2026-07-20 20:23:41.135 8 WARNING neutron.db.securitygroups_db [None req-2060b04c-dedc-4e6c-b9a4-716d067dfc2a 2da59ac1902147c68dd85a4308b492a9 76dbea4f76dc44438bf839f74c121db4 - - default default] project_id key not found in filters, using tenant_id instead. This support has been deprecated and will be removed in a future release.
2026-07-20 20:23:41.222 7 INFO neutron_taas.services.taas.taas_plugin [None req-c6c8a152-54f1-4f35-9310-9ca529e4f043 636ac28a402d4d8b8f4f2a6da78885f3 5d12b17bbf8b4f43b22e8ce765b4b390 - - default default] TaaS: Handle Delete Port: b353cd15-5a3f-48d5-91c5-6a88106f30e1
2026-07-20 20:23:41.225 7 INFO neutron_taas.services.taas.tap_mirror_plugin [None req-c6c8a152-54f1-4f35-9310-9ca529e4f043 636ac28a402d4d8b8f4f2a6da78885f3 5d12b17bbf8b4f43b22e8ce765b4b390 - - default default] Tap Mirror: Handle Delete Port: b353cd15-5a3f-48d5-91c5-6a88106f30e1
2026-07-20 20:23:41.261 8 INFO neutron.db.ovn_revision_numbers_db [None req-2060b04c-dedc-4e6c-b9a4-716d067dfc2a 2da59ac1902147c68dd85a4308b492a9 76dbea4f76dc44438bf839f74c121db4 - - default default] Successfully bumped revision number for resource 559be751-66dc-4225-9552-f9c74515abda (type: security_groups) to 1
2026-07-20 20:23:41.276 8 INFO neutron.db.ovn_revision_numbers_db [None req-2060b04c-dedc-4e6c-b9a4-716d067dfc2a 2da59ac1902147c68dd85a4308b492a9 76dbea4f76dc44438bf839f74c121db4 - - default default] Successfully bumped revision number for resource 337d5d3e-4b14-4275-a85f-be5dedf7898d (type: security_group_rules) to 0
2026-07-20 20:23:41.290 8 INFO neutron.db.ovn_revision_numbers_db [None req-2060b04c-dedc-4e6c-b9a4-716d067dfc2a 2da59ac1902147c68dd85a4308b492a9 76dbea4f76dc44438bf839f74c121db4 - - default default] Successfully bumped revision number for resource 3db17eeb-393f-49a5-9744-218d7b106e61 (type: security_group_rules) to 0
2026-07-20 20:23:41.306 8 INFO neutron.db.ovn_revision_numbers_db [None req-2060b04c-dedc-4e6c-b9a4-716d067dfc2a 2da59ac1902147c68dd85a4308b492a9 76dbea4f76dc44438bf839f74c121db4 - - default default] Successfully bumped revision number for resource c53a026b-75b8-4801-bfa6-27fbda15745c (type: security_group_rules) to 0
2026-07-20 20:23:41.319 8 INFO neutron.db.ovn_revision_numbers_db [None req-2060b04c-dedc-4e6c-b9a4-716d067dfc2a 2da59ac1902147c68dd85a4308b492a9 76dbea4f76dc44438bf839f74c121db4 - - default default] Successfully bumped revision number for resource ec0a0b25-6a3c-4c3a-af5b-d959070a248c (type: security_group_rules) to 0 [pid: 8|app: 0|req: 681/1409] 10.0.0.53 () {32 vars in 773 bytes} [Mon Jul 20 20:23:40 2026] GET /v2.0/security-groups?tenant_id=12b7a99c4d4b43239222f75bda355af6&name=default => generated 2925 bytes in 503 msecs (HTTP/1.1 200) 4 headers in 158 bytes (1 switches on core 0)
2026-07-20 20:23:41.464 7 INFO neutron.services.segments.plugin [-] Segment c52cb089-7164-4576-b226-e30961e87b7b resource provider aggregate not found
2026-07-20 20:23:41.472 8 INFO neutron.services.segments.plugin [-] Segment d699ddf0-f535-49e1-89de-072294e3a220 resource provider aggregate not found
2026-07-20 20:23:41.474 7 INFO neutron.services.segments.plugin [-] Segment c52cb089-7164-4576-b226-e30961e87b7b resource provider aggregate not found
2026-07-20 20:23:41.480 8 INFO neutron.services.segments.plugin [-] Segment d699ddf0-f535-49e1-89de-072294e3a220 resource provider aggregate not found
2026-07-20 20:23:41.490 7 INFO neutron.services.segments.plugin [-] Client error retrieving segment c52cb089-7164-4576-b226-e30961e87b7b resource provider; error: Placement Client Error (4xx): {"errors": [{"status": 404, "title": "Not Found", "detail": "The resource could not be found.\n\n No resource provider with uuid c52cb089-7164-4576-b226-e30961e87b7b found for delete ", "request_id": "req-5fa716cc-b3f6-4663-a990-0d7e98aff876"}]}
2026-07-20 20:23:41.493 8 INFO neutron.services.segments.plugin [-] Client error retrieving segment d699ddf0-f535-49e1-89de-072294e3a220 resource provider; error: Placement Client Error (4xx): {"errors": [{"status": 404, "title": "Not Found", "detail": "The resource could not be found.\n\n No resource provider with uuid d699ddf0-f535-49e1-89de-072294e3a220 found for delete ", "request_id": "req-01136eee-dedc-4fba-87ee-d5a5cb8b0981"}]}
2026-07-20 20:23:41.501 7 INFO neutron.services.segments.plugin [-] Client error retrieving segment c52cb089-7164-4576-b226-e30961e87b7b resource provider; error: Placement Client Error (4xx): {"errors": [{"status": 404, "title": "Not Found", "detail": "The resource could not be found.\n\n No resource provider with uuid c52cb089-7164-4576-b226-e30961e87b7b found for delete ", "request_id": "req-a34e0176-bb0d-40f3-b29c-164d1505673a"}]}
2026-07-20 20:23:41.501 8 INFO neutron.services.segments.plugin [-] Client error retrieving segment d699ddf0-f535-49e1-89de-072294e3a220 resource provider; error: Placement Client Error (4xx): {"errors": [{"status": 404, "title": "Not Found", "detail": "The resource could not be found.\n\n No resource provider with uuid d699ddf0-f535-49e1-89de-072294e3a220 found for delete ", "request_id": "req-e09b0f62-f675-4fc5-9ed8-76677c960413"}]}
2026-07-20 20:23:41.508 8 INFO neutron.db.segments_db [None req-119f6811-4320-4640-9027-118d589585af 4b18046c2ff849e89ed045848d7b062d 44fff2bcdcc246239c88fd7a6d660bbf - - default default] Added segment f7bf0db4-5067-4489-b25f-763eb713594a of type geneve for network 4088c6a2-5257-44e1-845a-e98bb9b0d1b3
2026-07-20 20:23:41.519 8 INFO neutron.services.segments.plugin [-] Segment ca8d807f-4343-46b2-aee2-911765a64f89 resource provider aggregate not found
2026-07-20 20:23:41.535 8 INFO neutron.services.segments.plugin [-] Segment ca8d807f-4343-46b2-aee2-911765a64f89 resource provider aggregate not found [pid: 7|app: 0|req: 729/1410] 10.0.0.53 () {32 vars in 725 bytes} [Mon Jul 20 20:23:41 2026] DELETE /v2.0/networks/7110c931-c071-40ac-a9dd-e476f58f4553 => generated 0 bytes in 463 msecs (HTTP/1.1 204) 3 headers in 131 bytes (1 switches on core 0)
2026-07-20 20:23:41.555 7 WARNING neutron.plugins.ml2.drivers.ovn.mech_driver.ovsdb.ovn_client [None req-20b0372a-bcc4-451a-a18a-a864d6476ab0 - - - - - -] No port found with ID 8a8d6dc0-b711-4db1-8ab8-e1f22b2187ad: RuntimeError: No port found with ID 8a8d6dc0-b711-4db1-8ab8-e1f22b2187ad
2026-07-20 20:23:41.557 7 INFO neutron.plugins.ml2.drivers.ovn.mech_driver.mech_driver [None req-20b0372a-bcc4-451a-a18a-a864d6476ab0 - - - - - -] OVN reports status down for port: 3c392492-5217-414d-b786-e0795dfb128c
2026-07-20 20:23:41.560 8 INFO neutron.services.segments.plugin [-] Client error retrieving segment ca8d807f-4343-46b2-aee2-911765a64f89 resource provider; error: Placement Client Error (4xx): {"errors": [{"status": 404, "title": "Not Found", "detail": "The resource could not be found.\n\n No resource provider with uuid ca8d807f-4343-46b2-aee2-911765a64f89 found for delete ", "request_id": "req-9582c17e-dd5a-4b3b-ba79-0046e71d778f"}]}
2026-07-20 20:23:41.564 8 INFO neutron.services.segments.plugin [-] Client error retrieving segment ca8d807f-4343-46b2-aee2-911765a64f89 resource provider; error: Placement Client Error (4xx): {"errors": [{"status": 404, "title": "Not Found", "detail": "The resource could not be found.\n\n No resource provider with uuid ca8d807f-4343-46b2-aee2-911765a64f89 found for delete ", "request_id": "req-0a4a3134-0de8-4c53-be30-7bbeb6cd6110"}]}
2026-07-20 20:23:41.653 8 INFO neutron.db.ovn_revision_numbers_db [None req-119f6811-4320-4640-9027-118d589585af 4b18046c2ff849e89ed045848d7b062d 44fff2bcdcc246239c88fd7a6d660bbf - - default default] Successfully bumped revision number for resource 4088c6a2-5257-44e1-845a-e98bb9b0d1b3 (type: networks) to 1 [pid: 7|app: 0|req: 730/1411] 10.0.0.53 () {32 vars in 739 bytes} [Mon Jul 20 20:23:41 2026] DELETE /v2.0/security-groups/559be751-66dc-4225-9552-f9c74515abda => generated 0 bytes in 198 msecs (HTTP/1.1 204) 2 headers in 112 bytes (1 switches on core 0) [pid: 7|app: 0|req: 731/1412] 10.0.0.53 () {32 vars in 648 bytes} [Mon Jul 20 20:23:41 2026] GET /v2.0/networks => generated 689 bytes in 67 msecs (HTTP/1.1 200) 4 headers in 157 bytes (1 switches on core 0)
2026-07-20 20:23:41.882 8 WARNING neutron.scheduler.dhcp_agent_scheduler [None req-119f6811-4320-4640-9027-118d589585af 4b18046c2ff849e89ed045848d7b062d 44fff2bcdcc246239c88fd7a6d660bbf - - default default] No more DHCP agents
2026-07-20 20:23:41.885 8 WARNING neutron.api.rpc.agentnotifiers.dhcp_rpc_agent_api [None req-119f6811-4320-4640-9027-118d589585af 4b18046c2ff849e89ed045848d7b062d 44fff2bcdcc246239c88fd7a6d660bbf - - default default] Unable to schedule network 4088c6a2-5257-44e1-845a-e98bb9b0d1b3: no agents available; will retry on subsequent port and subnet creation events.
2026-07-20 20:23:41.926 7 INFO neutron.db.segments_db [None req-632d75cb-00c2-43a9-a0a2-bcf44d16eaf2 636ac28a402d4d8b8f4f2a6da78885f3 5d12b17bbf8b4f43b22e8ce765b4b390 - - default default] Added segment 3e948cab-5af4-48bc-b50f-5e0a5defe197 of type geneve for network 0282a6d1-08b1-4058-ac12-bea408545e0e
2026-07-20 20:23:41.933 8 INFO neutron.plugins.ml2.drivers.ovn.mech_driver.mech_driver [None req-57240ccc-dccb-4000-99d5-e48e3ef32641 - - - - - -] OVN reports status down for port: ca417be7-500e-4ff1-af55-84a139cdd8f3
2026-07-20 20:23:42.007 8 INFO neutron.db.ovn_revision_numbers_db [None req-119f6811-4320-4640-9027-118d589585af 4b18046c2ff849e89ed045848d7b062d 44fff2bcdcc246239c88fd7a6d660bbf - - default default] Successfully bumped revision number for resource ca417be7-500e-4ff1-af55-84a139cdd8f3 (type: ports) to 1 [pid: 8|app: 0|req: 682/1413] 10.0.0.53 () {34 vars in 669 bytes} [Mon Jul 20 20:23:41 2026] POST /v2.0/networks => generated 692 bytes in 689 msecs (HTTP/1.1 201) 4 headers in 162 bytes (1 switches on core 0)
2026-07-20 20:23:42.086 8 WARNING neutron.db.securitygroups_db [None req-4602c740-1b29-4d68-b6b8-05d092cca3a9 2da59ac1902147c68dd85a4308b492a9 76dbea4f76dc44438bf839f74c121db4 - - default default] project_id key not found in filters, using tenant_id instead. This support has been deprecated and will be removed in a future release.
2026-07-20 20:23:42.089 7 INFO neutron.db.ovn_revision_numbers_db [None req-632d75cb-00c2-43a9-a0a2-bcf44d16eaf2 636ac28a402d4d8b8f4f2a6da78885f3 5d12b17bbf8b4f43b22e8ce765b4b390 - - default default] Successfully bumped revision number for resource 0282a6d1-08b1-4058-ac12-bea408545e0e (type: networks) to 1
2026-07-20 20:23:42.243 8 INFO neutron.db.ovn_revision_numbers_db [None req-4602c740-1b29-4d68-b6b8-05d092cca3a9 2da59ac1902147c68dd85a4308b492a9 76dbea4f76dc44438bf839f74c121db4 - - default default] Successfully bumped revision number for resource 580dca8a-ee22-45a9-9ac3-58aaeed1f0e2 (type: security_groups) to 1
2026-07-20 20:23:42.257 8 INFO neutron.db.ovn_revision_numbers_db [None req-4602c740-1b29-4d68-b6b8-05d092cca3a9 2da59ac1902147c68dd85a4308b492a9 76dbea4f76dc44438bf839f74c121db4 - - default default] Successfully bumped revision number for resource 53c6e6ca-f404-4584-ad2a-03b8f5fe4f75 (type: security_group_rules) to 0
2026-07-20 20:23:42.272 8 INFO neutron.db.ovn_revision_numbers_db [None req-4602c740-1b29-4d68-b6b8-05d092cca3a9 2da59ac1902147c68dd85a4308b492a9 76dbea4f76dc44438bf839f74c121db4 - - default default] Successfully bumped revision number for resource 7db928e5-ef0c-4ae8-9bea-dcd9612886f9 (type: security_group_rules) to 0
2026-07-20 20:23:42.301 8 INFO neutron.db.ovn_revision_numbers_db [None req-4602c740-1b29-4d68-b6b8-05d092cca3a9 2da59ac1902147c68dd85a4308b492a9 76dbea4f76dc44438bf839f74c121db4 - - default default] Successfully bumped revision number for resource bab0b36e-3d1d-4aaf-b8f4-3961e659ce3e (type: security_group_rules) to 0
2026-07-20 20:23:42.303 7 WARNING neutron.scheduler.dhcp_agent_scheduler [None req-632d75cb-00c2-43a9-a0a2-bcf44d16eaf2 636ac28a402d4d8b8f4f2a6da78885f3 5d12b17bbf8b4f43b22e8ce765b4b390 - - default default] No more DHCP agents
2026-07-20 20:23:42.304 7 WARNING neutron.api.rpc.agentnotifiers.dhcp_rpc_agent_api [None req-632d75cb-00c2-43a9-a0a2-bcf44d16eaf2 636ac28a402d4d8b8f4f2a6da78885f3 5d12b17bbf8b4f43b22e8ce765b4b390 - - default default] Unable to schedule network 0282a6d1-08b1-4058-ac12-bea408545e0e: no agents available; will retry on subsequent port and subnet creation events.
2026-07-20 20:23:42.319 8 INFO neutron.db.ovn_revision_numbers_db [None req-4602c740-1b29-4d68-b6b8-05d092cca3a9 2da59ac1902147c68dd85a4308b492a9 76dbea4f76dc44438bf839f74c121db4 - - default default] Successfully bumped revision number for resource c45f75af-de8e-4d82-ad56-6f5437c2852f (type: security_group_rules) to 0
2026-07-20 20:23:42.363 7 INFO neutron.plugins.ml2.drivers.ovn.mech_driver.mech_driver [None req-20b0372a-bcc4-451a-a18a-a864d6476ab0 - - - - - -] OVN reports status down for port: fafec125-d377-472e-95e7-bfa4cff90c1e [pid: 8|app: 0|req: 683/1414] 10.0.0.53 () {32 vars in 773 bytes} [Mon Jul 20 20:23:42 2026] GET /v2.0/security-groups?tenant_id=e8e8176db32240b99fb2739d13dcc685&name=default => generated 2925 bytes in 333 msecs (HTTP/1.1 200) 4 headers in 158 bytes (1 switches on core 0)
2026-07-20 20:23:42.429 7 INFO neutron.db.ovn_revision_numbers_db [None req-632d75cb-00c2-43a9-a0a2-bcf44d16eaf2 636ac28a402d4d8b8f4f2a6da78885f3 5d12b17bbf8b4f43b22e8ce765b4b390 - - default default] Successfully bumped revision number for resource fafec125-d377-472e-95e7-bfa4cff90c1e (type: ports) to 1 [pid: 7|app: 0|req: 732/1415] 10.0.0.53 () {34 vars in 669 bytes} [Mon Jul 20 20:23:41 2026] POST /v2.0/networks => generated 687 bytes in 663 msecs (HTTP/1.1 201) 4 headers in 162 bytes (1 switches on core 0) [pid: 7|app: 0|req: 733/1416] 10.0.0.53 () {32 vars in 739 bytes} [Mon Jul 20 20:23:42 2026] DELETE /v2.0/security-groups/580dca8a-ee22-45a9-9ac3-58aaeed1f0e2 => generated 0 bytes in 189 msecs (HTTP/1.1 204) 2 headers in 112 bytes (1 switches on core 0)
2026-07-20 20:23:42.778 7 INFO neutron.db.segments_db [None req-0f8ae43d-2504-4c97-bd03-b658481006de 636ac28a402d4d8b8f4f2a6da78885f3 5d12b17bbf8b4f43b22e8ce765b4b390 - - default default] Added segment cd35f5a4-df9b-4540-a459-d4c2c100e3a5 of type geneve for network 7aedf039-771d-4ef4-bc14-90e1e0fd05ad
2026-07-20 20:23:42.847 8 WARNING neutron.scheduler.dhcp_agent_scheduler [None req-d1a35ff2-4d4a-4069-8b84-7feb2a8ac89b 4b18046c2ff849e89ed045848d7b062d 44fff2bcdcc246239c88fd7a6d660bbf - - default default] No more DHCP agents
2026-07-20 20:23:42.849 8 WARNING neutron.api.rpc.agentnotifiers.dhcp_rpc_agent_api [None req-d1a35ff2-4d4a-4069-8b84-7feb2a8ac89b 4b18046c2ff849e89ed045848d7b062d 44fff2bcdcc246239c88fd7a6d660bbf - - default default] Unable to schedule network 33bb5c0c-0027-4ceb-bc49-3c6304ba5c5c: no agents available; will retry on subsequent port and subnet creation events.
2026-07-20 20:23:42.913 8 INFO neutron.plugins.ml2.drivers.ovn.mech_driver.mech_driver [None req-57240ccc-dccb-4000-99d5-e48e3ef32641 - - - - - -] OVN reports status down for port: 48a8ec82-c5d8-4a3b-9e6b-615583b705fa
2026-07-20 20:23:42.934 7 INFO neutron.db.ovn_revision_numbers_db [None req-0f8ae43d-2504-4c97-bd03-b658481006de 636ac28a402d4d8b8f4f2a6da78885f3 5d12b17bbf8b4f43b22e8ce765b4b390 - - default default] Successfully bumped revision number for resource 7aedf039-771d-4ef4-bc14-90e1e0fd05ad (type: networks) to 1
2026-07-20 20:23:42.979 8 INFO neutron.db.ovn_revision_numbers_db [None req-d1a35ff2-4d4a-4069-8b84-7feb2a8ac89b 4b18046c2ff849e89ed045848d7b062d 44fff2bcdcc246239c88fd7a6d660bbf - - default default] Successfully bumped revision number for resource 48a8ec82-c5d8-4a3b-9e6b-615583b705fa (type: ports) to 1
2026-07-20 20:23:43.064 8 WARNING neutron.scheduler.dhcp_agent_scheduler [None req-d1a35ff2-4d4a-4069-8b84-7feb2a8ac89b 4b18046c2ff849e89ed045848d7b062d 44fff2bcdcc246239c88fd7a6d660bbf - - default default] No more DHCP agents
2026-07-20 20:23:43.067 8 WARNING neutron.api.rpc.agentnotifiers.dhcp_rpc_agent_api [None req-d1a35ff2-4d4a-4069-8b84-7feb2a8ac89b 4b18046c2ff849e89ed045848d7b062d 44fff2bcdcc246239c88fd7a6d660bbf - - default default] Unable to schedule network 4088c6a2-5257-44e1-845a-e98bb9b0d1b3: no agents available; will retry on subsequent port and subnet creation events.
2026-07-20 20:23:43.116 7 WARNING neutron.scheduler.dhcp_agent_scheduler [None req-0f8ae43d-2504-4c97-bd03-b658481006de 636ac28a402d4d8b8f4f2a6da78885f3 5d12b17bbf8b4f43b22e8ce765b4b390 - - default default] No more DHCP agents
2026-07-20 20:23:43.125 8 INFO neutron.plugins.ml2.drivers.ovn.mech_driver.mech_driver [None req-57240ccc-dccb-4000-99d5-e48e3ef32641 - - - - - -] OVN reports status down for port: a6a8bbdd-70fa-4847-9116-22da717fdfe7
2026-07-20 20:23:43.131 7 WARNING neutron.api.rpc.agentnotifiers.dhcp_rpc_agent_api [None req-0f8ae43d-2504-4c97-bd03-b658481006de 636ac28a402d4d8b8f4f2a6da78885f3 5d12b17bbf8b4f43b22e8ce765b4b390 - - default default] Unable to schedule network 7aedf039-771d-4ef4-bc14-90e1e0fd05ad: no agents available; will retry on subsequent port and subnet creation events.
2026-07-20 20:23:43.183 7 INFO neutron.plugins.ml2.drivers.ovn.mech_driver.mech_driver [None req-20b0372a-bcc4-451a-a18a-a864d6476ab0 - - - - - -] OVN reports status down for port: 453cbb2c-8c4e-4a40-bdf9-f2e40621a533
2026-07-20 20:23:43.212 8 INFO neutron.db.ovn_revision_numbers_db [None req-d1a35ff2-4d4a-4069-8b84-7feb2a8ac89b 4b18046c2ff849e89ed045848d7b062d 44fff2bcdcc246239c88fd7a6d660bbf - - default default] Successfully bumped revision number for resource a6a8bbdd-70fa-4847-9116-22da717fdfe7 (type: ports) to 1 [pid: 8|app: 0|req: 684/1417] 10.0.0.53 () {34 vars in 664 bytes} [Mon Jul 20 20:23:42 2026] POST /v2.0/ports => generated 1505 bytes in 844 msecs (HTTP/1.1 201) 4 headers in 163 bytes (1 switches on core 0)
2026-07-20 20:23:43.255 7 INFO neutron.db.ovn_revision_numbers_db [None req-0f8ae43d-2504-4c97-bd03-b658481006de 636ac28a402d4d8b8f4f2a6da78885f3 5d12b17bbf8b4f43b22e8ce765b4b390 - - default default] Successfully bumped revision number for resource 453cbb2c-8c4e-4a40-bdf9-f2e40621a533 (type: ports) to 1 [pid: 7|app: 0|req: 734/1418] 10.0.0.53 () {34 vars in 669 bytes} [Mon Jul 20 20:23:42 2026] POST /v2.0/networks => generated 687 bytes in 633 msecs (HTTP/1.1 201) 4 headers in 162 bytes (1 switches on core 0) [pid: 7|app: 0|req: 735/1419] 10.0.0.53 () {32 vars in 642 bytes} [Mon Jul 20 20:23:43 2026] GET /v2.0/ports => generated 3017 bytes in 183 msecs (HTTP/1.1 200) 4 headers in 158 bytes (1 switches on core 0) /var/lib/openstack/lib/python3.12/site-packages/pycadf/identifier.py:70: UserWarning: Invalid uuid: neutron. To ensure interoperability, identifiers should be a valid uuid. warnings.warn(('Invalid uuid: %s. To ensure interoperability, '
2026-07-20 20:23:43.686 8 INFO neutron.db.ovn_revision_numbers_db [None req-2480ab52-edee-43ff-a2b7-a3cdf9fcca0a aff8818913074d39be1e7df0e364033c c5fdce6e9ca34cbaac869286cea72bee - - default default] Successfully bumped revision number for resource 4f687410-f6dc-4518-b25a-45c643a40187 (type: security_groups) to 1
2026-07-20 20:23:43.700 8 INFO neutron.db.ovn_revision_numbers_db [None req-2480ab52-edee-43ff-a2b7-a3cdf9fcca0a aff8818913074d39be1e7df0e364033c c5fdce6e9ca34cbaac869286cea72bee - - default default] Successfully bumped revision number for resource 4d05be38-02d8-492a-9f08-f6a79842109d (type: security_group_rules) to 0
2026-07-20 20:23:43.712 8 INFO neutron.db.ovn_revision_numbers_db [None req-2480ab52-edee-43ff-a2b7-a3cdf9fcca0a aff8818913074d39be1e7df0e364033c c5fdce6e9ca34cbaac869286cea72bee - - default default] Successfully bumped revision number for resource 65d389aa-3559-4223-9bda-b05d6a1c8f39 (type: security_group_rules) to 0
2026-07-20 20:23:43.726 8 INFO neutron.db.ovn_revision_numbers_db [None req-2480ab52-edee-43ff-a2b7-a3cdf9fcca0a aff8818913074d39be1e7df0e364033c c5fdce6e9ca34cbaac869286cea72bee - - default default] Successfully bumped revision number for resource bf9e2430-ce93-4306-81b3-95f25b26696a (type: security_group_rules) to 0
2026-07-20 20:23:43.738 8 INFO neutron.db.ovn_revision_numbers_db [None req-2480ab52-edee-43ff-a2b7-a3cdf9fcca0a aff8818913074d39be1e7df0e364033c c5fdce6e9ca34cbaac869286cea72bee - - default default] Successfully bumped revision number for resource c8bcd155-7a7a-4746-9913-3c618c529758 (type: security_group_rules) to 0
2026-07-20 20:23:43.844 8 INFO neutron.db.ovn_revision_numbers_db [None req-2480ab52-edee-43ff-a2b7-a3cdf9fcca0a aff8818913074d39be1e7df0e364033c c5fdce6e9ca34cbaac869286cea72bee - - default default] Successfully bumped revision number for resource e29477a5-1ea9-4810-a533-bdee4e004124 (type: security_groups) to 1
2026-07-20 20:23:43.857 8 INFO neutron.db.ovn_revision_numbers_db [None req-2480ab52-edee-43ff-a2b7-a3cdf9fcca0a aff8818913074d39be1e7df0e364033c c5fdce6e9ca34cbaac869286cea72bee - - default default] Successfully bumped revision number for resource 496d208c-8972-4b7b-91a3-6db8351bcdad (type: security_group_rules) to 0
2026-07-20 20:23:43.870 8 INFO neutron.db.ovn_revision_numbers_db [None req-2480ab52-edee-43ff-a2b7-a3cdf9fcca0a aff8818913074d39be1e7df0e364033c c5fdce6e9ca34cbaac869286cea72bee - - default default] Successfully bumped revision number for resource f8983dac-c82c-4bb5-9b72-1abdb3c4aecc (type: security_group_rules) to 0 [pid: 8|app: 0|req: 685/1420] 10.0.0.53 () {34 vars in 683 bytes} [Mon Jul 20 20:23:43 2026] POST /v2.0/security-groups => generated 1623 bytes in 658 msecs (HTTP/1.1 201) 4 headers in 163 bytes (1 switches on core 0)
2026-07-20 20:23:43.974 7 WARNING neutron.scheduler.dhcp_agent_scheduler [None req-6e185c08-b329-41aa-84cd-37d80833c044 636ac28a402d4d8b8f4f2a6da78885f3 5d12b17bbf8b4f43b22e8ce765b4b390 - - default default] No more DHCP agents
2026-07-20 20:23:43.976 7 WARNING neutron.api.rpc.agentnotifiers.dhcp_rpc_agent_api [None req-6e185c08-b329-41aa-84cd-37d80833c044 636ac28a402d4d8b8f4f2a6da78885f3 5d12b17bbf8b4f43b22e8ce765b4b390 - - default default] Unable to schedule network 0282a6d1-08b1-4058-ac12-bea408545e0e: no agents available; will retry on subsequent port and subnet creation events.
2026-07-20 20:23:44.031 7 INFO neutron.plugins.ml2.drivers.ovn.mech_driver.mech_driver [None req-20b0372a-bcc4-451a-a18a-a864d6476ab0 - - - - - -] OVN reports status down for port: 9afefd56-3b90-4334-8db6-dd79655f6f82
2026-07-20 20:23:44.068 8 INFO neutron_taas.services.taas.taas_plugin [None req-d5ae393c-2fd1-4597-a723-15bda89df5c3 4b18046c2ff849e89ed045848d7b062d 44fff2bcdcc246239c88fd7a6d660bbf - - default default] TaaS: Handle Delete Port: 48a8ec82-c5d8-4a3b-9e6b-615583b705fa
2026-07-20 20:23:44.075 8 INFO neutron_taas.services.taas.tap_mirror_plugin [None req-d5ae393c-2fd1-4597-a723-15bda89df5c3 4b18046c2ff849e89ed045848d7b062d 44fff2bcdcc246239c88fd7a6d660bbf - - default default] Tap Mirror: Handle Delete Port: 48a8ec82-c5d8-4a3b-9e6b-615583b705fa
2026-07-20 20:23:44.100 7 INFO neutron.db.ovn_revision_numbers_db [None req-6e185c08-b329-41aa-84cd-37d80833c044 636ac28a402d4d8b8f4f2a6da78885f3 5d12b17bbf8b4f43b22e8ce765b4b390 - - default default] Successfully bumped revision number for resource 9afefd56-3b90-4334-8db6-dd79655f6f82 (type: ports) to 1
2026-07-20 20:23:44.185 7 WARNING neutron.scheduler.dhcp_agent_scheduler [None req-6e185c08-b329-41aa-84cd-37d80833c044 636ac28a402d4d8b8f4f2a6da78885f3 5d12b17bbf8b4f43b22e8ce765b4b390 - - default default] No more DHCP agents
2026-07-20 20:23:44.187 7 WARNING neutron.api.rpc.agentnotifiers.dhcp_rpc_agent_api [None req-6e185c08-b329-41aa-84cd-37d80833c044 636ac28a402d4d8b8f4f2a6da78885f3 5d12b17bbf8b4f43b22e8ce765b4b390 - - default default] Unable to schedule network 7aedf039-771d-4ef4-bc14-90e1e0fd05ad: no agents available; will retry on subsequent port and subnet creation events. [pid: 8|app: 0|req: 686/1421] 10.0.0.53 () {32 vars in 719 bytes} [Mon Jul 20 20:23:43 2026] DELETE /v2.0/ports/48a8ec82-c5d8-4a3b-9e6b-615583b705fa => generated 0 bytes in 287 msecs (HTTP/1.1 204) 3 headers in 131 bytes (1 switches on core 0)
2026-07-20 20:23:44.263 8 INFO neutron.plugins.ml2.drivers.ovn.mech_driver.mech_driver [None req-57240ccc-dccb-4000-99d5-e48e3ef32641 - - - - - -] OVN reports status down for port: 8c7712ad-1c9a-4c84-8a06-c26ef3c51242 [pid: 8|app: 0|req: 687/1422] 10.0.0.53 () {32 vars in 662 bytes} [Mon Jul 20 20:23:44 2026] GET /v2.0/security-groups => generated 4528 bytes in 77 msecs (HTTP/1.1 200) 4 headers in 158 bytes (1 switches on core 0)
2026-07-20 20:23:44.301 7 INFO neutron.db.ovn_revision_numbers_db [None req-6e185c08-b329-41aa-84cd-37d80833c044 636ac28a402d4d8b8f4f2a6da78885f3 5d12b17bbf8b4f43b22e8ce765b4b390 - - default default] Successfully bumped revision number for resource 8c7712ad-1c9a-4c84-8a06-c26ef3c51242 (type: ports) to 1 [pid: 7|app: 0|req: 736/1423] 10.0.0.53 () {34 vars in 664 bytes} [Mon Jul 20 20:23:43 2026] POST /v2.0/ports => generated 1506 bytes in 851 msecs (HTTP/1.1 201) 4 headers in 163 bytes (1 switches on core 0) /var/lib/openstack/lib/python3.12/site-packages/pycadf/identifier.py:70: UserWarning: Invalid uuid: neutron. To ensure interoperability, identifiers should be a valid uuid. warnings.warn(('Invalid uuid: %s. To ensure interoperability, '
2026-07-20 20:23:44.441 7 INFO neutron.db.ovn_revision_numbers_db [None req-52ec016d-09b5-4482-8ced-70e6adfbede7 aff8818913074d39be1e7df0e364033c c5fdce6e9ca34cbaac869286cea72bee - - default default] Successfully bumped revision number for resource e29477a5-1ea9-4810-a533-bdee4e004124 (type: security_groups) to 2 [pid: 7|app: 0|req: 737/1424] 10.0.0.53 () {34 vars in 757 bytes} [Mon Jul 20 20:23:44 2026] PUT /v2.0/security-groups/e29477a5-1ea9-4810-a533-bdee4e004124 => generated 1662 bytes in 120 msecs (HTTP/1.1 200) 4 headers in 158 bytes (1 switches on core 0)
2026-07-20 20:23:44.500 8 INFO neutron_taas.services.taas.taas_plugin [None req-d1c730c3-7880-4954-b11e-6fe020e19501 4b18046c2ff849e89ed045848d7b062d 44fff2bcdcc246239c88fd7a6d660bbf - - default default] TaaS: Handle Delete Port: a6a8bbdd-70fa-4847-9116-22da717fdfe7
2026-07-20 20:23:44.504 8 INFO neutron_taas.services.taas.tap_mirror_plugin [None req-d1c730c3-7880-4954-b11e-6fe020e19501 4b18046c2ff849e89ed045848d7b062d 44fff2bcdcc246239c88fd7a6d660bbf - - default default] Tap Mirror: Handle Delete Port: a6a8bbdd-70fa-4847-9116-22da717fdfe7 [pid: 7|app: 0|req: 738/1425] 10.0.0.53 () {32 vars in 642 bytes} [Mon Jul 20 20:23:44 2026] GET /v2.0/ports => generated 3018 bytes in 42 msecs (HTTP/1.1 200) 4 headers in 158 bytes (1 switches on core 0) [pid: 7|app: 0|req: 739/1426] 10.0.0.53 () {32 vars in 736 bytes} [Mon Jul 20 20:23:44 2026] GET /v2.0/security-groups/e29477a5-1ea9-4810-a533-bdee4e004124 => generated 1662 bytes in 35 msecs (HTTP/1.1 200) 4 headers in 158 bytes (1 switches on core 0) [pid: 8|app: 0|req: 688/1427] 10.0.0.53 () {32 vars in 719 bytes} [Mon Jul 20 20:23:44 2026] DELETE /v2.0/ports/a6a8bbdd-70fa-4847-9116-22da717fdfe7 => generated 0 bytes in 370 msecs (HTTP/1.1 204) 3 headers in 131 bytes (1 switches on core 0)
2026-07-20 20:23:44.690 7 INFO neutron_taas.services.taas.taas_plugin [None req-cef0f22e-467e-4fbc-81d0-785cd94b801b 636ac28a402d4d8b8f4f2a6da78885f3 5d12b17bbf8b4f43b22e8ce765b4b390 - - default default] TaaS: Handle Delete Port: 9afefd56-3b90-4334-8db6-dd79655f6f82
2026-07-20 20:23:44.694 7 INFO neutron_taas.services.taas.tap_mirror_plugin [None req-cef0f22e-467e-4fbc-81d0-785cd94b801b 636ac28a402d4d8b8f4f2a6da78885f3 5d12b17bbf8b4f43b22e8ce765b4b390 - - default default] Tap Mirror: Handle Delete Port: 9afefd56-3b90-4334-8db6-dd79655f6f82 [pid: 8|app: 0|req: 689/1428] 10.0.0.53 () {32 vars in 739 bytes} [Mon Jul 20 20:23:44 2026] DELETE /v2.0/security-groups/e29477a5-1ea9-4810-a533-bdee4e004124 => generated 0 bytes in 143 msecs (HTTP/1.1 204) 2 headers in 112 bytes (1 switches on core 0) [pid: 7|app: 0|req: 740/1429] 10.0.0.53 () {32 vars in 719 bytes} [Mon Jul 20 20:23:44 2026] DELETE /v2.0/ports/9afefd56-3b90-4334-8db6-dd79655f6f82 => generated 0 bytes in 278 msecs (HTTP/1.1 204) 3 headers in 131 bytes (1 switches on core 0) [pid: 7|app: 0|req: 741/1430] 10.0.0.53 () {32 vars in 662 bytes} [Mon Jul 20 20:23:44 2026] GET /v2.0/security-groups => generated 2925 bytes in 42 msecs (HTTP/1.1 200) 4 headers in 158 bytes (1 switches on core 0) [pid: 8|app: 0|req: 690/1431] 10.0.0.53 () {32 vars in 642 bytes} [Mon Jul 20 20:23:44 2026] GET /v2.0/ports => generated 1523 bytes in 76 msecs (HTTP/1.1 200) 4 headers in 158 bytes (1 switches on core 0)
2026-07-20 20:23:44.881 8 INFO neutron.api.v2.resource [None req-4050b004-0eae-4795-aa5a-bffed1797b65 aff8818913074d39be1e7df0e364033c c5fdce6e9ca34cbaac869286cea72bee - - default default] delete failed (client error): The resource could not be found. [pid: 8|app: 0|req: 691/1432] 10.0.0.53 () {32 vars in 739 bytes} [Mon Jul 20 20:23:44 2026] DELETE /v2.0/security-groups/e29477a5-1ea9-4810-a533-bdee4e004124 => generated 146 bytes in 15 msecs (HTTP/1.1 404) 4 headers in 164 bytes (1 switches on core 0)
2026-07-20 20:23:44.983 8 INFO neutron.db.segments_db [None req-db7fbba2-504f-4fdc-a77c-b46d7e0bc408 4b18046c2ff849e89ed045848d7b062d 44fff2bcdcc246239c88fd7a6d660bbf - - default default] Added segment f51965b6-5a60-413e-97d1-cde8b56f4707 of type geneve for network 45ce57a8-11ee-491f-85ce-52ad3c2303fe
2026-07-20 20:23:45.012 7 INFO neutron_taas.services.taas.taas_plugin [None req-455f14fc-df8d-43ed-b290-7d54052d5b9a 636ac28a402d4d8b8f4f2a6da78885f3 5d12b17bbf8b4f43b22e8ce765b4b390 - - default default] TaaS: Handle Delete Port: 8c7712ad-1c9a-4c84-8a06-c26ef3c51242
2026-07-20 20:23:45.016 7 INFO neutron_taas.services.taas.tap_mirror_plugin [None req-455f14fc-df8d-43ed-b290-7d54052d5b9a 636ac28a402d4d8b8f4f2a6da78885f3 5d12b17bbf8b4f43b22e8ce765b4b390 - - default default] Tap Mirror: Handle Delete Port: 8c7712ad-1c9a-4c84-8a06-c26ef3c51242
2026-07-20 20:23:45.113 8 INFO neutron.db.ovn_revision_numbers_db [None req-db7fbba2-504f-4fdc-a77c-b46d7e0bc408 4b18046c2ff849e89ed045848d7b062d 44fff2bcdcc246239c88fd7a6d660bbf - - default default] Successfully bumped revision number for resource 45ce57a8-11ee-491f-85ce-52ad3c2303fe (type: networks) to 1 [pid: 7|app: 0|req: 742/1433] 10.0.0.53 () {32 vars in 719 bytes} [Mon Jul 20 20:23:44 2026] DELETE /v2.0/ports/8c7712ad-1c9a-4c84-8a06-c26ef3c51242 => generated 0 bytes in 294 msecs (HTTP/1.1 204) 3 headers in 131 bytes (1 switches on core 0)
2026-07-20 20:23:45.313 7 INFO neutron.db.ovn_revision_numbers_db [None req-c326843c-dc84-4182-b0f4-2704e317ebc6 aff8818913074d39be1e7df0e364033c c5fdce6e9ca34cbaac869286cea72bee - - default default] Successfully bumped revision number for resource 7890a6ea-a0c6-4a83-abc8-5e51a8637765 (type: security_groups) to 1
2026-07-20 20:23:45.333 7 INFO neutron.db.ovn_revision_numbers_db [None req-c326843c-dc84-4182-b0f4-2704e317ebc6 aff8818913074d39be1e7df0e364033c c5fdce6e9ca34cbaac869286cea72bee - - default default] Successfully bumped revision number for resource bc6e5b61-130b-4fcd-85a5-e26fce7bd80b (type: security_group_rules) to 0
2026-07-20 20:23:45.335 8 WARNING neutron.scheduler.dhcp_agent_scheduler [None req-db7fbba2-504f-4fdc-a77c-b46d7e0bc408 4b18046c2ff849e89ed045848d7b062d 44fff2bcdcc246239c88fd7a6d660bbf - - default default] No more DHCP agents
2026-07-20 20:23:45.337 8 WARNING neutron.api.rpc.agentnotifiers.dhcp_rpc_agent_api [None req-db7fbba2-504f-4fdc-a77c-b46d7e0bc408 4b18046c2ff849e89ed045848d7b062d 44fff2bcdcc246239c88fd7a6d660bbf - - default default] Unable to schedule network 45ce57a8-11ee-491f-85ce-52ad3c2303fe: no agents available; will retry on subsequent port and subnet creation events.
2026-07-20 20:23:45.348 7 INFO neutron.db.ovn_revision_numbers_db [None req-c326843c-dc84-4182-b0f4-2704e317ebc6 aff8818913074d39be1e7df0e364033c c5fdce6e9ca34cbaac869286cea72bee - - default default] Successfully bumped revision number for resource f368a247-1651-4790-9cba-d30afca0424c (type: security_group_rules) to 0
2026-07-20 20:23:45.381 8 INFO neutron.plugins.ml2.drivers.ovn.mech_driver.mech_driver [None req-57240ccc-dccb-4000-99d5-e48e3ef32641 - - - - - -] OVN reports status down for port: b8cdd260-d983-4a6d-81ab-74d5474e6f84 [pid: 7|app: 0|req: 743/1434] 10.0.0.53 () {34 vars in 683 bytes} [Mon Jul 20 20:23:45 2026] POST /v2.0/security-groups => generated 1625 bytes in 269 msecs (HTTP/1.1 201) 4 headers in 163 bytes (1 switches on core 0)
2026-07-20 20:23:45.461 8 INFO neutron.db.ovn_revision_numbers_db [None req-db7fbba2-504f-4fdc-a77c-b46d7e0bc408 4b18046c2ff849e89ed045848d7b062d 44fff2bcdcc246239c88fd7a6d660bbf - - default default] Successfully bumped revision number for resource b8cdd260-d983-4a6d-81ab-74d5474e6f84 (type: ports) to 1 [pid: 7|app: 0|req: 744/1435] 10.0.0.53 () {32 vars in 642 bytes} [Mon Jul 20 20:23:45 2026] GET /v2.0/ports => generated 1523 bytes in 46 msecs (HTTP/1.1 200) 4 headers in 158 bytes (1 switches on core 0) [pid: 8|app: 0|req: 692/1436] 10.0.0.53 () {34 vars in 669 bytes} [Mon Jul 20 20:23:44 2026] POST /v2.0/networks => generated 692 bytes in 655 msecs (HTTP/1.1 201) 4 headers in 162 bytes (1 switches on core 0)
2026-07-20 20:23:45.593 7 INFO neutron.db.ovn_revision_numbers_db [None req-ba5abcef-8b71-43f6-8b42-63f7a0841437 aff8818913074d39be1e7df0e364033c c5fdce6e9ca34cbaac869286cea72bee - - default default] Successfully bumped revision number for resource 1f309c55-f393-42e4-996d-eba78387f6d2 (type: security_group_rules) to 0 [pid: 7|app: 0|req: 745/1437] 10.0.0.53 () {34 vars in 694 bytes} [Mon Jul 20 20:23:45 2026] POST /v2.0/security-group-rules => generated 601 bytes in 157 msecs (HTTP/1.1 201) 4 headers in 162 bytes (1 switches on core 0)
2026-07-20 20:23:45.643 8 INFO neutron.db.segments_db [None req-d4a318e6-d355-486d-98f8-bddfd5406dd9 636ac28a402d4d8b8f4f2a6da78885f3 5d12b17bbf8b4f43b22e8ce765b4b390 - - default default] Added segment 9cfc3138-3955-419c-aca4-9302184d9ab3 of type geneve for network 901f072b-f379-4188-8914-380dcb07c90b
2026-07-20 20:23:45.722 7 INFO neutron.db.segments_db [None req-a6d05e0b-9ed8-444b-a8be-d8d5f0c05182 4b18046c2ff849e89ed045848d7b062d 44fff2bcdcc246239c88fd7a6d660bbf - - default default] Added segment afd582ae-d13f-481d-a691-afa8b38a4dcf of type geneve for network d1d8eef0-d385-4988-a6e8-aed7c8f260de
2026-07-20 20:23:45.774 8 INFO neutron.db.ovn_revision_numbers_db [None req-d4a318e6-d355-486d-98f8-bddfd5406dd9 636ac28a402d4d8b8f4f2a6da78885f3 5d12b17bbf8b4f43b22e8ce765b4b390 - - default default] Successfully bumped revision number for resource 901f072b-f379-4188-8914-380dcb07c90b (type: networks) to 1
2026-07-20 20:23:45.869 7 INFO neutron.db.ovn_revision_numbers_db [None req-a6d05e0b-9ed8-444b-a8be-d8d5f0c05182 4b18046c2ff849e89ed045848d7b062d 44fff2bcdcc246239c88fd7a6d660bbf - - default default] Successfully bumped revision number for resource d1d8eef0-d385-4988-a6e8-aed7c8f260de (type: networks) to 1
2026-07-20 20:23:45.982 8 WARNING neutron.scheduler.dhcp_agent_scheduler [None req-d4a318e6-d355-486d-98f8-bddfd5406dd9 636ac28a402d4d8b8f4f2a6da78885f3 5d12b17bbf8b4f43b22e8ce765b4b390 - - default default] No more DHCP agents
2026-07-20 20:23:45.984 8 WARNING neutron.api.rpc.agentnotifiers.dhcp_rpc_agent_api [None req-d4a318e6-d355-486d-98f8-bddfd5406dd9 636ac28a402d4d8b8f4f2a6da78885f3 5d12b17bbf8b4f43b22e8ce765b4b390 - - default default] Unable to schedule network 901f072b-f379-4188-8914-380dcb07c90b: no agents available; will retry on subsequent port and subnet creation events.
2026-07-20 20:23:46.041 7 INFO neutron.plugins.ml2.drivers.ovn.mech_driver.mech_driver [None req-20b0372a-bcc4-451a-a18a-a864d6476ab0 - - - - - -] OVN reports status down for port: 0c521e34-9e06-424e-8e0e-5e8724a0d130
2026-07-20 20:23:46.082 8 INFO neutron.db.ovn_revision_numbers_db [None req-d4a318e6-d355-486d-98f8-bddfd5406dd9 636ac28a402d4d8b8f4f2a6da78885f3 5d12b17bbf8b4f43b22e8ce765b4b390 - - default default] Successfully bumped revision number for resource 0c521e34-9e06-424e-8e0e-5e8724a0d130 (type: ports) to 1 [pid: 8|app: 0|req: 693/1438] 10.0.0.53 () {34 vars in 669 bytes} [Mon Jul 20 20:23:45 2026] POST /v2.0/networks => generated 687 bytes in 571 msecs (HTTP/1.1 201) 4 headers in 162 bytes (1 switches on core 0)
2026-07-20 20:23:46.126 7 WARNING neutron.scheduler.dhcp_agent_scheduler [None req-a6d05e0b-9ed8-444b-a8be-d8d5f0c05182 4b18046c2ff849e89ed045848d7b062d 44fff2bcdcc246239c88fd7a6d660bbf - - default default] No more DHCP agents
2026-07-20 20:23:46.130 7 WARNING neutron.api.rpc.agentnotifiers.dhcp_rpc_agent_api [None req-a6d05e0b-9ed8-444b-a8be-d8d5f0c05182 4b18046c2ff849e89ed045848d7b062d 44fff2bcdcc246239c88fd7a6d660bbf - - default default] Unable to schedule network d1d8eef0-d385-4988-a6e8-aed7c8f260de: no agents available; will retry on subsequent port and subnet creation events. [pid: 8|app: 0|req: 694/1439] 10.0.0.53 () {32 vars in 746 bytes} [Mon Jul 20 20:23:46 2026] GET /v2.0/security-group-rules/1f309c55-f393-42e4-996d-eba78387f6d2 => generated 601 bytes in 35 msecs (HTTP/1.1 200) 4 headers in 157 bytes (1 switches on core 0)
2026-07-20 20:23:46.194 7 INFO neutron.plugins.ml2.drivers.ovn.mech_driver.mech_driver [None req-20b0372a-bcc4-451a-a18a-a864d6476ab0 - - - - - -] OVN reports status down for port: f37b2c3b-a0b1-4480-a2e9-f017b97e4ce9
2026-07-20 20:23:46.269 7 INFO neutron.db.ovn_revision_numbers_db [None req-a6d05e0b-9ed8-444b-a8be-d8d5f0c05182 4b18046c2ff849e89ed045848d7b062d 44fff2bcdcc246239c88fd7a6d660bbf - - default default] Successfully bumped revision number for resource f37b2c3b-a0b1-4480-a2e9-f017b97e4ce9 (type: ports) to 1
2026-07-20 20:23:46.271 8 INFO neutron.db.segments_db [None req-253ada50-0afe-482b-9ebd-45efa87cbd9e 636ac28a402d4d8b8f4f2a6da78885f3 5d12b17bbf8b4f43b22e8ce765b4b390 - - default default] Added segment 30601127-19d6-45a3-abbf-5a3181ad5926 of type geneve for network 37d4572b-8d28-4a0b-8ae4-5d02ef96af1a [pid: 7|app: 0|req: 746/1440] 10.0.0.53 () {34 vars in 669 bytes} [Mon Jul 20 20:23:45 2026] POST /v2.0/networks => generated 691 bytes in 702 msecs (HTTP/1.1 201) 4 headers in 162 bytes (1 switches on core 0)
2026-07-20 20:23:46.430 8 INFO neutron.db.ovn_revision_numbers_db [None req-253ada50-0afe-482b-9ebd-45efa87cbd9e 636ac28a402d4d8b8f4f2a6da78885f3 5d12b17bbf8b4f43b22e8ce765b4b390 - - default default] Successfully bumped revision number for resource 37d4572b-8d28-4a0b-8ae4-5d02ef96af1a (type: networks) to 1 [pid: 7|app: 0|req: 747/1441] 10.0.0.53 () {32 vars in 672 bytes} [Mon Jul 20 20:23:46 2026] GET /v2.0/security-group-rules => generated 4138 bytes in 126 msecs (HTTP/1.1 200) 4 headers in 158 bytes (1 switches on core 0) [pid: 7|app: 0|req: 748/1442] 10.0.0.53 () {32 vars in 749 bytes} [Mon Jul 20 20:23:46 2026] DELETE /v2.0/security-group-rules/1f309c55-f393-42e4-996d-eba78387f6d2 => generated 0 bytes in 132 msecs (HTTP/1.1 204) 2 headers in 112 bytes (1 switches on core 0) [pid: 7|app: 0|req: 749/1443] 10.0.0.53 () {32 vars in 672 bytes} [Mon Jul 20 20:23:46 2026] GET /v2.0/security-group-rules => generated 3560 bytes in 86 msecs (HTTP/1.1 200) 4 headers in 158 bytes (1 switches on core 0)
2026-07-20 20:23:46.709 8 WARNING neutron.scheduler.dhcp_agent_scheduler [None req-253ada50-0afe-482b-9ebd-45efa87cbd9e 636ac28a402d4d8b8f4f2a6da78885f3 5d12b17bbf8b4f43b22e8ce765b4b390 - - default default] No more DHCP agents
2026-07-20 20:23:46.711 8 WARNING neutron.api.rpc.agentnotifiers.dhcp_rpc_agent_api [None req-253ada50-0afe-482b-9ebd-45efa87cbd9e 636ac28a402d4d8b8f4f2a6da78885f3 5d12b17bbf8b4f43b22e8ce765b4b390 - - default default] Unable to schedule network 37d4572b-8d28-4a0b-8ae4-5d02ef96af1a: no agents available; will retry on subsequent port and subnet creation events.
2026-07-20 20:23:46.758 8 INFO neutron.plugins.ml2.drivers.ovn.mech_driver.mech_driver [None req-57240ccc-dccb-4000-99d5-e48e3ef32641 - - - - - -] OVN reports status down for port: 87f6a091-87f3-4828-963e-b6b4b38909e8
2026-07-20 20:23:46.835 7 INFO neutron.db.ovn_revision_numbers_db [None req-b775e682-2a8e-4ad9-b4c6-537aadd50099 aff8818913074d39be1e7df0e364033c c5fdce6e9ca34cbaac869286cea72bee - - default default] Successfully bumped revision number for resource 04071e62-8877-4d80-b288-f30e6ffc614c (type: security_group_rules) to 0
2026-07-20 20:23:46.840 8 INFO neutron.db.ovn_revision_numbers_db [None req-253ada50-0afe-482b-9ebd-45efa87cbd9e 636ac28a402d4d8b8f4f2a6da78885f3 5d12b17bbf8b4f43b22e8ce765b4b390 - - default default] Successfully bumped revision number for resource 87f6a091-87f3-4828-963e-b6b4b38909e8 (type: ports) to 1 [pid: 7|app: 0|req: 750/1444] 10.0.0.53 () {34 vars in 694 bytes} [Mon Jul 20 20:23:46 2026] POST /v2.0/security-group-rules => generated 601 bytes in 180 msecs (HTTP/1.1 201) 4 headers in 162 bytes (1 switches on core 0) [pid: 8|app: 0|req: 695/1445] 10.0.0.53 () {34 vars in 669 bytes} [Mon Jul 20 20:23:46 2026] POST /v2.0/networks => generated 687 bytes in 741 msecs (HTTP/1.1 201) 4 headers in 162 bytes (1 switches on core 0) [pid: 7|app: 0|req: 751/1446] 10.0.0.53 () {32 vars in 746 bytes} [Mon Jul 20 20:23:46 2026] GET /v2.0/security-group-rules/04071e62-8877-4d80-b288-f30e6ffc614c => generated 601 bytes in 18 msecs (HTTP/1.1 200) 4 headers in 157 bytes (1 switches on core 0) [pid: 7|app: 0|req: 752/1447] 10.0.0.53 () {32 vars in 672 bytes} [Mon Jul 20 20:23:46 2026] GET /v2.0/security-group-rules => generated 4138 bytes in 74 msecs (HTTP/1.1 200) 4 headers in 158 bytes (1 switches on core 0)
2026-07-20 20:23:47.206 8 WARNING neutron.scheduler.dhcp_agent_scheduler [None req-adf6ab82-48ee-4a4a-85cf-5893c479046a 4b18046c2ff849e89ed045848d7b062d 44fff2bcdcc246239c88fd7a6d660bbf - - default default] No more DHCP agents
2026-07-20 20:23:47.208 8 WARNING neutron.api.rpc.agentnotifiers.dhcp_rpc_agent_api [None req-adf6ab82-48ee-4a4a-85cf-5893c479046a 4b18046c2ff849e89ed045848d7b062d 44fff2bcdcc246239c88fd7a6d660bbf - - default default] Unable to schedule network 45ce57a8-11ee-491f-85ce-52ad3c2303fe: no agents available; will retry on subsequent port and subnet creation events.
2026-07-20 20:23:47.235 8 INFO neutron.db.ovn_revision_numbers_db [None req-adf6ab82-48ee-4a4a-85cf-5893c479046a 4b18046c2ff849e89ed045848d7b062d 44fff2bcdcc246239c88fd7a6d660bbf - - default default] Successfully bumped revision number for resource bf018171-6f0b-4ce9-ab3a-f8d1ba3791d9 (type: subnets) to 0
2026-07-20 20:23:47.272 8 WARNING neutron.scheduler.dhcp_agent_scheduler [None req-adf6ab82-48ee-4a4a-85cf-5893c479046a 4b18046c2ff849e89ed045848d7b062d 44fff2bcdcc246239c88fd7a6d660bbf - - default default] No more DHCP agents
