File "/var/lib/openstack/lib/python3.12/site-packages/sqlalchemy/engine/default.py", line 952, in do_execute
2026-07-20 20:26:43.249 7 ERROR neutron.api.v2.resource cursor.execute(statement, parameters)
2026-07-20 20:26:43.249 7 ERROR neutron.api.v2.resource
File "/var/lib/openstack/lib/python3.12/site-packages/pymysql/cursors.py", line 159, in execute
2026-07-20 20:26:43.249 7 ERROR neutron.api.v2.resource result = self._query(query)
2026-07-20 20:26:43.249 7 ERROR neutron.api.v2.resource ^^^^^^^^^^^^^^^^^^
2026-07-20 20:26:43.249 7 ERROR neutron.api.v2.resource
File "/var/lib/openstack/lib/python3.12/site-packages/pymysql/cursors.py", line 330, in _query
2026-07-20 20:26:43.249 7 ERROR neutron.api.v2.resource conn.query(q)
2026-07-20 20:26:43.249 7 ERROR neutron.api.v2.resource
File "/var/lib/openstack/lib/python3.12/site-packages/pymysql/connections.py", line 582, in query
2026-07-20 20:26:43.249 7 ERROR neutron.api.v2.resource self._affected_rows = self._read_query_result(unbuffered=unbuffered)
2026-07-20 20:26:43.249 7 ERROR neutron.api.v2.resource ^^^^^^^^^^^^^^^^^^^^^^^^^^^^^^^^^^^^^^^^^^^^^^
2026-07-20 20:26:43.249 7 ERROR neutron.api.v2.resource
File "/var/lib/openstack/lib/python3.12/site-packages/pymysql/connections.py", line 847, in _read_query_result
2026-07-20 20:26:43.249 7 ERROR neutron.api.v2.resource result.read()
2026-07-20 20:26:43.249 7 ERROR neutron.api.v2.resource
File "/var/lib/openstack/lib/python3.12/site-packages/pymysql/connections.py", line 1245, in read
2026-07-20 20:26:43.249 7 ERROR neutron.api.v2.resource first_packet = self.connection._read_packet()
2026-07-20 20:26:43.249 7 ERROR neutron.api.v2.resource ^^^^^^^^^^^^^^^^^^^^^^^^^^^^^^
2026-07-20 20:26:43.249 7 ERROR neutron.api.v2.resource
File "/var/lib/openstack/lib/python3.12/site-packages/pymysql/connections.py", line 803, in _read_packet
2026-07-20 20:26:43.249 7 ERROR neutron.api.v2.resource packet.raise_for_error()
2026-07-20 20:26:43.249 7 ERROR neutron.api.v2.resource
File "/var/lib/openstack/lib/python3.12/site-packages/pymysql/protocol.py", line 219, in raise_for_error
2026-07-20 20:26:43.249 7 ERROR neutron.api.v2.resource err.raise_mysql_exception(self._data)
2026-07-20 20:26:43.249 7 ERROR neutron.api.v2.resource
File "/var/lib/openstack/lib/python3.12/site-packages/pymysql/err.py", line 154, in raise_mysql_exception
2026-07-20 20:26:43.249 7 ERROR neutron.api.v2.resource raise errorclass(errno, errval, sqlstate=sqlstate)
2026-07-20 20:26:43.249 7 ERROR neutron.api.v2.resource oslo_db.exception.DBDataError: (pymysql.err.DataError) (1265, "Data truncated for column 'auth_algorithm' at row 1")
2026-07-20 20:26:43.249 7 ERROR neutron.api.v2.resource [SQL: INSERT INTO ikepolicies (name, description, auth_algorithm, encryption_algorithm, phase1_negotiation_mode, lifetime_units, lifetime_value, ike_version, pfs, id, project_id) VALUES (%(name)s, %(description)s, %(auth_algorithm)s, %(encryption_algorithm)s, %(phase1_negotiation_mode)s, %(lifetime_units)s, %(lifetime_value)s, %(ike_version)s, %(pfs)s, %(id)s, %(project_id)s)]
2026-07-20 20:26:43.249 7 ERROR neutron.api.v2.resource [parameters: {'name': 'tempest-ike-policy--1596999156', 'description': '', 'auth_algorithm': 'sha1', 'encryption_algorithm': 'aes-128', 'phase1_negotiation_mode': 'main', 'lifetime_units': 'seconds', 'lifetime_value': 3600, 'ike_version': 'v1', 'pfs': 'group5', 'id': 'edf2c768-99e8-4f1a-9e29-42e8ee1b4d25', 'project_id': 'd647e3f091fb4a0994880b9ca830c11f'}]
2026-07-20 20:26:43.249 7 ERROR neutron.api.v2.resource (Background on this error at: https://sqlalche.me/e/20/9h9h)
2026-07-20 20:26:43.249 7 ERROR neutron.api.v2.resource [pid: 7|app: 0|req: 1251/2553] 10.0.0.53 () {34 vars in 683 bytes} [Mon Jul 20 20:26:43 2026] POST /v2.0/vpn/ikepolicies => generated 150 bytes in 54 msecs (HTTP/1.1 500) 4 headers in 176 bytes (1 switches on core 0) [pid: 7|app: 0|req: 1252/2554] 10.0.0.53 () {32 vars in 739 bytes} [Mon Jul 20 20:26:43 2026] DELETE /v2.0/vpn/vpnservices/1b52f215-7375-483a-bd32-41eca216a2a7 => generated 0 bytes in 97 msecs (HTTP/1.1 204) 2 headers in 112 bytes (1 switches on core 0)
2026-07-20 20:26:43.722 7 INFO neutron_taas.services.taas.taas_plugin [None req-7cce4bf7-d694-4473-829e-41a10bc1b06a 5414a81cb9df464194c5ae2c161a50b2 d647e3f091fb4a0994880b9ca830c11f - - default default] TaaS: Handle Delete Port: 5ce62618-3e8d-48db-be41-40d176162e35
2026-07-20 20:26:43.727 7 INFO neutron_taas.services.taas.tap_mirror_plugin [None req-7cce4bf7-d694-4473-829e-41a10bc1b06a 5414a81cb9df464194c5ae2c161a50b2 d647e3f091fb4a0994880b9ca830c11f - - default default] Tap Mirror: Handle Delete Port: 5ce62618-3e8d-48db-be41-40d176162e35
2026-07-20 20:26:43.759 8 WARNING neutron.plugins.ml2.drivers.ovn.mech_driver.ovsdb.ovn_client [None req-32ad7bcb-e8a6-48eb-b6a1-44a8580da722 - - - - - -] No hosting information found for port 6b469a63-6e9a-4b7e-9569-dce0ad78aec0: RuntimeError: No hosting information found for port 6b469a63-6e9a-4b7e-9569-dce0ad78aec0
2026-07-20 20:26:43.953 8 INFO neutron.common.ovn.utils [None req-32ad7bcb-e8a6-48eb-b6a1-44a8580da722 - - - - - -] HA Chassis Group neutron-3bcb8d6e-3fe4-4bea-98d1-d72347544bf3 synchronized; highest priority chassis 0c752f6f-d009-4be5-a305-876cba61dbbc
2026-07-20 20:26:44.061 7 INFO neutron_taas.services.taas.taas_plugin [None req-dc3496f3-ca74-4389-a23b-9ed7ebff4d32 - - - - - -] TaaS: Handle Delete Port: ca4d9854-bd0d-48f9-86a7-2a6204275dfc
2026-07-20 20:26:44.066 7 INFO neutron_taas.services.taas.tap_mirror_plugin [None req-dc3496f3-ca74-4389-a23b-9ed7ebff4d32 - - - - - -] Tap Mirror: Handle Delete Port: ca4d9854-bd0d-48f9-86a7-2a6204275dfc
2026-07-20 20:26:44.320 8 INFO neutron.db.ovn_revision_numbers_db [None req-32ad7bcb-e8a6-48eb-b6a1-44a8580da722 - - - - - -] Successfully bumped revision number for resource 6b469a63-6e9a-4b7e-9569-dce0ad78aec0 (type: router_ports) to 2
2026-07-20 20:26:44.320 8 INFO neutron.plugins.ml2.drivers.ovn.mech_driver.mech_driver [None req-32ad7bcb-e8a6-48eb-b6a1-44a8580da722 - - - - - -] OVN reports status down for port: 57ccd495-a320-4b38-8038-97ff1b95b4ed
2026-07-20 20:26:44.417 8 WARNING neutron.scheduler.dhcp_agent_scheduler [None req-d97e76be-a07d-4292-8df6-b19c599bb9c2 5941e2889bde4f679c2c1b5c5ff3e9de d741ca67498b4cab81712cab85494f1d - - default default] No more DHCP agents
2026-07-20 20:26:44.423 8 WARNING neutron.api.rpc.agentnotifiers.dhcp_rpc_agent_api [None req-d97e76be-a07d-4292-8df6-b19c599bb9c2 5941e2889bde4f679c2c1b5c5ff3e9de d741ca67498b4cab81712cab85494f1d - - default default] Unable to schedule network e284a4aa-3ef7-43e8-850d-5a79eafc77b8: no agents available; will retry on subsequent port and subnet creation events.
2026-07-20 20:26:44.705 8 INFO neutron.plugins.ml2.drivers.ovn.mech_driver.mech_driver [None req-32ad7bcb-e8a6-48eb-b6a1-44a8580da722 - - - - - -] OVN reports status down for port: 5ce62618-3e8d-48db-be41-40d176162e35
2026-07-20 20:26:44.745 8 INFO neutron.plugins.ml2.drivers.ovn.mech_driver.mech_driver [None req-32ad7bcb-e8a6-48eb-b6a1-44a8580da722 - - - - - -] OVN reports status down for port: 3eaea8df-1e59-4fb4-9fc9-09cd790fbfa9
2026-07-20 20:26:44.876 8 INFO neutron.db.ovn_revision_numbers_db [None req-d97e76be-a07d-4292-8df6-b19c599bb9c2 5941e2889bde4f679c2c1b5c5ff3e9de d741ca67498b4cab81712cab85494f1d - - default default] Successfully bumped revision number for resource 19ba0c70-81e3-4667-91f9-d44e8ef45f56 (type: ports) to 1
2026-07-20 20:26:45.030 8 INFO neutron.db.ovn_revision_numbers_db [None req-ec712433-0e07-4b61-9d51-d453f842e346 - - - - - -] Successfully bumped revision number for resource 206d7df0-df07-44bd-a922-5cec8fe8622f (type: ports) to 4
2026-07-20 20:26:45.049 8 WARNING neutron.plugins.ml2.drivers.ovn.mech_driver.ovsdb.ovn_client [None req-32ad7bcb-e8a6-48eb-b6a1-44a8580da722 - - - - - -] Logical_Switch_Port 3eaea8df-1e59-4fb4-9fc9-09cd790fbfa9 host information not removed, the port state is up
2026-07-20 20:26:45.051 8 INFO neutron.plugins.ml2.drivers.ovn.mech_driver.mech_driver [None req-32ad7bcb-e8a6-48eb-b6a1-44a8580da722 - - - - - -] OVN reports status up for port: 3eaea8df-1e59-4fb4-9fc9-09cd790fbfa9
2026-07-20 20:26:45.081 8 INFO neutron.plugins.ml2.plugin [None req-32ad7bcb-e8a6-48eb-b6a1-44a8580da722 - - - - - -] Attempt 1 to provision port 3eaea8df-1e59-4fb4-9fc9-09cd790fbfa9
2026-07-20 20:26:45.432 7 INFO neutron_taas.services.taas.taas_plugin [None req-df7bc342-17cb-4671-a6b7-632914942ad3 - - - - - -] TaaS: Handle Delete Port: 3eaea8df-1e59-4fb4-9fc9-09cd790fbfa9
2026-07-20 20:26:45.435 7 INFO neutron_taas.services.taas.tap_mirror_plugin [None req-df7bc342-17cb-4671-a6b7-632914942ad3 - - - - - -] Tap Mirror: Handle Delete Port: 3eaea8df-1e59-4fb4-9fc9-09cd790fbfa9
2026-07-20 20:26:45.966 8 WARNING neutron.plugins.ml2.drivers.ovn.mech_driver.ovsdb.ovn_client [None req-32ad7bcb-e8a6-48eb-b6a1-44a8580da722 - - - - - -] Logical_Switch_Port deleted concurrently: 3eaea8df-1e59-4fb4-9fc9-09cd790fbfa9
2026-07-20 20:26:46.071 8 INFO neutron.db.ovn_revision_numbers_db [None req-ec712433-0e07-4b61-9d51-d453f842e346 - - - - - -] Successfully bumped revision number for resource 206d7df0-df07-44bd-a922-5cec8fe8622f (type: ports) to 5
2026-07-20 20:26:46.377 8 INFO neutron.common.ovn.utils [None req-049153fb-3aaf-406b-bf6f-1a02f89fa72e - - - - - -] HA Chassis Group neutron-994022e4-3a75-4045-b570-0a08f82c4f00 synchronized; highest priority chassis 0c752f6f-d009-4be5-a305-876cba61dbbc
2026-07-20 20:26:46.415 7 INFO neutron_taas.services.taas.taas_plugin [None req-df7bc342-17cb-4671-a6b7-632914942ad3 - - - - - -] TaaS: Handle Delete Port: 14123265-80d0-4635-a566-b39e1500d2cd
2026-07-20 20:26:46.419 7 INFO neutron_taas.services.taas.tap_mirror_plugin [None req-df7bc342-17cb-4671-a6b7-632914942ad3 - - - - - -] Tap Mirror: Handle Delete Port: 14123265-80d0-4635-a566-b39e1500d2cd
2026-07-20 20:26:46.420 8 INFO neutron.plugins.ml2.drivers.ovn.mech_driver.mech_driver [None req-049153fb-3aaf-406b-bf6f-1a02f89fa72e - - - - - -] OVN reports status down for port: 206d7df0-df07-44bd-a922-5cec8fe8622f
2026-07-20 20:26:46.664 7 INFO neutron.services.segments.plugin [-] Segment eecf3032-0a61-4a74-a198-66a13249a8cd resource provider aggregate not found
2026-07-20 20:26:46.669 7 INFO neutron.services.segments.plugin [-] Segment eecf3032-0a61-4a74-a198-66a13249a8cd resource provider aggregate not found
2026-07-20 20:26:46.709 7 INFO neutron.services.segments.plugin [-] Client error retrieving segment eecf3032-0a61-4a74-a198-66a13249a8cd resource provider; error: Placement Client Error (4xx): {"errors": [{"status": 404, "title": "Not Found", "detail": "The resource could not be found.\n\n No resource provider with uuid eecf3032-0a61-4a74-a198-66a13249a8cd found for delete ", "request_id": "req-01aefb12-bf5b-4197-9076-a2659687cf31"}]}
2026-07-20 20:26:46.710 7 INFO neutron.services.segments.plugin [-] Client error retrieving segment eecf3032-0a61-4a74-a198-66a13249a8cd resource provider; error: Placement Client Error (4xx): {"errors": [{"status": 404, "title": "Not Found", "detail": "The resource could not be found.\n\n No resource provider with uuid eecf3032-0a61-4a74-a198-66a13249a8cd found for delete ", "request_id": "req-f887eb64-dc99-4cb1-aaed-f305a78c84cf"}]} [pid: 7|app: 0|req: 1253/2555] 10.0.0.53 () {32 vars in 739 bytes} [Mon Jul 20 20:26:43 2026] DELETE /v2.0/vpn/vpnservices/50bd9c20-0eb2-43c6-9c28-374ffdaa06b5 => generated 0 bytes in 3355 msecs (HTTP/1.1 204) 2 headers in 112 bytes (1 switches on core 0) /var/lib/openstack/lib/python3.12/site-packages/pycadf/identifier.py:70: UserWarning: Invalid uuid: neutron. To ensure interoperability, identifiers should be a valid uuid. warnings.warn(('Invalid uuid: %s. To ensure interoperability, ' [pid: 7|app: 0|req: 1254/2556] 10.0.0.53 () {32 vars in 720 bytes} [Mon Jul 20 20:26:46 2026] GET /v2.0/routers/f3012433-71e2-423b-a091-ee26997ecf2e => generated 962 bytes in 93 msecs (HTTP/1.1 200) 4 headers in 157 bytes (1 switches on core 0)
2026-07-20 20:26:46.987 8 WARNING neutron.scheduler.dhcp_agent_scheduler [None req-d97e76be-a07d-4292-8df6-b19c599bb9c2 5941e2889bde4f679c2c1b5c5ff3e9de d741ca67498b4cab81712cab85494f1d - - default default] No more DHCP agents
2026-07-20 20:26:46.990 8 WARNING neutron.api.rpc.agentnotifiers.dhcp_rpc_agent_api [None req-d97e76be-a07d-4292-8df6-b19c599bb9c2 5941e2889bde4f679c2c1b5c5ff3e9de d741ca67498b4cab81712cab85494f1d - - default default] Unable to schedule network e284a4aa-3ef7-43e8-850d-5a79eafc77b8: no agents available; will retry on subsequent port and subnet creation events.
2026-07-20 20:26:47.127 8 INFO neutron.db.ovn_revision_numbers_db [None req-049153fb-3aaf-406b-bf6f-1a02f89fa72e - - - - - -] Successfully bumped revision number for resource 206d7df0-df07-44bd-a922-5cec8fe8622f (type: ports) to 6
2026-07-20 20:26:47.284 8 WARNING neutron.plugins.ml2.drivers.ovn.mech_driver.ovsdb.ovn_client [None req-db3eff9f-04d4-499f-bb4b-0f089cf8ed22 - - - - - -] Logical_Switch_Port 206d7df0-df07-44bd-a922-5cec8fe8622f host information not removed, the port state is up
2026-07-20 20:26:47.285 8 INFO neutron.plugins.ml2.drivers.ovn.mech_driver.mech_driver [None req-db3eff9f-04d4-499f-bb4b-0f089cf8ed22 - - - - - -] OVN reports status down for port: ca4d9854-bd0d-48f9-86a7-2a6204275dfc
2026-07-20 20:26:47.306 8 INFO neutron.plugins.ml2.drivers.ovn.mech_driver.mech_driver [None req-db3eff9f-04d4-499f-bb4b-0f089cf8ed22 - - - - - -] OVN reports status up for port: 206d7df0-df07-44bd-a922-5cec8fe8622f
2026-07-20 20:26:47.331 8 INFO neutron.plugins.ml2.plugin [None req-db3eff9f-04d4-499f-bb4b-0f089cf8ed22 - - - - - -] Attempt 1 to provision port 206d7df0-df07-44bd-a922-5cec8fe8622f
2026-07-20 20:26:47.650 7 INFO neutron.db.ovn_revision_numbers_db [None req-444c8f8f-a08a-4d9a-8b1a-6d8de7e92b35 5414a81cb9df464194c5ae2c161a50b2 d647e3f091fb4a0994880b9ca830c11f - - default default] Successfully bumped revision number for resource f3012433-71e2-423b-a091-ee26997ecf2e (type: routers) to 5 [pid: 7|app: 0|req: 1255/2557] 10.0.0.53 () {34 vars in 741 bytes} [Mon Jul 20 20:26:46 2026] PUT /v2.0/routers/f3012433-71e2-423b-a091-ee26997ecf2e => generated 962 bytes in 822 msecs (HTTP/1.1 200) 4 headers in 157 bytes (1 switches on core 0) [pid: 7|app: 0|req: 1256/2558] 10.0.0.53 () {32 vars in 735 bytes} [Mon Jul 20 20:26:47 2026] GET /v2.0/ports?device_id=f3012433-71e2-423b-a091-ee26997ecf2e => generated 946 bytes in 76 msecs (HTTP/1.1 200) 4 headers in 157 bytes (1 switches on core 0)
2026-07-20 20:26:48.070 7 INFO neutron_taas.services.taas.taas_plugin [None req-6ea58856-26c2-4d77-9f1a-84199152b0df 5414a81cb9df464194c5ae2c161a50b2 d647e3f091fb4a0994880b9ca830c11f - - default default] TaaS: Handle Delete Port: 6b469a63-6e9a-4b7e-9569-dce0ad78aec0
2026-07-20 20:26:48.073 7 INFO neutron_taas.services.taas.tap_mirror_plugin [None req-6ea58856-26c2-4d77-9f1a-84199152b0df 5414a81cb9df464194c5ae2c161a50b2 d647e3f091fb4a0994880b9ca830c11f - - default default] Tap Mirror: Handle Delete Port: 6b469a63-6e9a-4b7e-9569-dce0ad78aec0
2026-07-20 20:26:48.488 8 INFO neutron.db.ovn_revision_numbers_db [None req-d97e76be-a07d-4292-8df6-b19c599bb9c2 5941e2889bde4f679c2c1b5c5ff3e9de d741ca67498b4cab81712cab85494f1d - - default default] Successfully bumped revision number for resource 19ba0c70-81e3-4667-91f9-d44e8ef45f56 (type: router_ports) to 1 [pid: 8|app: 0|req: 1303/2559] 10.0.0.53 () {34 vars in 782 bytes} [Mon Jul 20 20:26:42 2026] PUT /v2.0/routers/6a6493b3-1144-4a0c-9905-39c6f106d70b/add_router_interface => generated 310 bytes in 5672 msecs (HTTP/1.1 200) 4 headers in 157 bytes (1 switches on core 0) [pid: 7|app: 0|req: 1257/2560] 10.0.0.53 () {34 vars in 788 bytes} [Mon Jul 20 20:26:47 2026] PUT /v2.0/routers/f3012433-71e2-423b-a091-ee26997ecf2e/remove_router_interface => generated 310 bytes in 862 msecs (HTTP/1.1 200) 4 headers in 157 bytes (1 switches on core 0) /var/lib/openstack/lib/python3.12/site-packages/pycadf/identifier.py:70: UserWarning: Invalid uuid: neutron. To ensure interoperability, identifiers should be a valid uuid. warnings.warn(('Invalid uuid: %s. To ensure interoperability, '
2026-07-20 20:26:48.940 7 INFO neutron_taas.services.taas.taas_plugin [None req-d856f3c7-41a8-43c3-ad3b-76b4caaa035f 5414a81cb9df464194c5ae2c161a50b2 d647e3f091fb4a0994880b9ca830c11f - - default default] TaaS: Handle Delete Port: 3c7814eb-6c28-477f-8443-92b42da674ab
2026-07-20 20:26:48.943 7 INFO neutron_taas.services.taas.tap_mirror_plugin [None req-d856f3c7-41a8-43c3-ad3b-76b4caaa035f 5414a81cb9df464194c5ae2c161a50b2 d647e3f091fb4a0994880b9ca830c11f - - default default] Tap Mirror: Handle Delete Port: 3c7814eb-6c28-477f-8443-92b42da674ab
2026-07-20 20:26:48.944 8 INFO neutron.db.ovn_revision_numbers_db [None req-db3eff9f-04d4-499f-bb4b-0f089cf8ed22 - - - - - -] Successfully bumped revision number for resource 206d7df0-df07-44bd-a922-5cec8fe8622f (type: ports) to 7
2026-07-20 20:26:49.201 8 INFO neutron.plugins.ml2.drivers.ovn.mech_driver.mech_driver [None req-58d6dba8-af09-498e-aae3-1cda88413016 - - - - - -] OVN reports status down for port: 19ba0c70-81e3-4667-91f9-d44e8ef45f56
2026-07-20 20:26:49.353 8 WARNING neutron.plugins.ml2.drivers.ovn.mech_driver.ovsdb.ovn_client [None req-58d6dba8-af09-498e-aae3-1cda88413016 - - - - - -] Logical_Switch_Port 19ba0c70-81e3-4667-91f9-d44e8ef45f56 host information not removed, the port state is up
2026-07-20 20:26:49.365 8 INFO neutron.plugins.ml2.drivers.ovn.mech_driver.mech_driver [None req-58d6dba8-af09-498e-aae3-1cda88413016 - - - - - -] OVN reports status up for port: 19ba0c70-81e3-4667-91f9-d44e8ef45f56 [pid: 7|app: 0|req: 1258/2561] 10.0.0.53 () {32 vars in 723 bytes} [Mon Jul 20 20:26:48 2026] DELETE /v2.0/routers/f3012433-71e2-423b-a091-ee26997ecf2e => generated 0 bytes in 771 msecs (HTTP/1.1 204) 2 headers in 112 bytes (1 switches on core 0)
2026-07-20 20:26:49.410 8 INFO neutron.plugins.ml2.plugin [None req-58d6dba8-af09-498e-aae3-1cda88413016 - - - - - -] Attempt 1 to provision port 19ba0c70-81e3-4667-91f9-d44e8ef45f56 [pid: 7|app: 0|req: 1259/2562] 10.0.0.53 () {32 vars in 723 bytes} [Mon Jul 20 20:26:49 2026] DELETE /v2.0/subnets/1f51ee7c-030a-4253-87b7-401e913a15ea => generated 0 bytes in 199 msecs (HTTP/1.1 204) 3 headers in 131 bytes (1 switches on core 0)
2026-07-20 20:26:49.584 8 WARNING neutron.scheduler.dhcp_agent_scheduler [None req-04b97cc6-05f6-4f20-8120-00052e0f8c66 5941e2889bde4f679c2c1b5c5ff3e9de d741ca67498b4cab81712cab85494f1d - - default default] No more DHCP agents
2026-07-20 20:26:49.586 8 WARNING neutron.api.rpc.agentnotifiers.dhcp_rpc_agent_api [None req-04b97cc6-05f6-4f20-8120-00052e0f8c66 5941e2889bde4f679c2c1b5c5ff3e9de d741ca67498b4cab81712cab85494f1d - - default default] Unable to schedule network d4bc9e6f-2d08-4806-b125-2cd899ef0780: no agents available; will retry on subsequent port and subnet creation events.
2026-07-20 20:26:49.704 7 INFO neutron_taas.services.taas.taas_plugin [None req-196d6c8c-8f9a-4b96-9671-ce0414601874 5414a81cb9df464194c5ae2c161a50b2 d647e3f091fb4a0994880b9ca830c11f - - default default] TaaS: Handle Delete Port: 00e21a49-bdea-45ad-b54d-a208d42ab69f
2026-07-20 20:26:49.708 7 INFO neutron_taas.services.taas.tap_mirror_plugin [None req-196d6c8c-8f9a-4b96-9671-ce0414601874 5414a81cb9df464194c5ae2c161a50b2 d647e3f091fb4a0994880b9ca830c11f - - default default] Tap Mirror: Handle Delete Port: 00e21a49-bdea-45ad-b54d-a208d42ab69f
2026-07-20 20:26:49.788 7 INFO neutron.plugins.ml2.drivers.ovn.mech_driver.mech_driver [None req-30303146-14a0-4d39-86a2-1bb17eb48502 - - - - - -] OVN reports status down for port: feb1e06b-2324-4946-b0a0-01b935896f66
2026-07-20 20:26:49.853 8 INFO neutron.db.ovn_revision_numbers_db [None req-04b97cc6-05f6-4f20-8120-00052e0f8c66 5941e2889bde4f679c2c1b5c5ff3e9de d741ca67498b4cab81712cab85494f1d - - default default] Successfully bumped revision number for resource feb1e06b-2324-4946-b0a0-01b935896f66 (type: ports) to 1
2026-07-20 20:26:49.976 7 INFO neutron.services.segments.plugin [-] Segment da048525-30cd-4ed0-ab01-918db57879d6 resource provider aggregate not found
2026-07-20 20:26:49.983 7 INFO neutron.services.segments.plugin [-] Segment da048525-30cd-4ed0-ab01-918db57879d6 resource provider aggregate not found
2026-07-20 20:26:50.004 7 INFO neutron.services.segments.plugin [-] Client error retrieving segment da048525-30cd-4ed0-ab01-918db57879d6 resource provider; error: Placement Client Error (4xx): {"errors": [{"status": 404, "title": "Not Found", "detail": "The resource could not be found.\n\n No resource provider with uuid da048525-30cd-4ed0-ab01-918db57879d6 found for delete ", "request_id": "req-1fc7c4a3-0f91-4f70-8e7e-51428f748f76"}]}
2026-07-20 20:26:50.009 7 INFO neutron.services.segments.plugin [-] Client error retrieving segment da048525-30cd-4ed0-ab01-918db57879d6 resource provider; error: Placement Client Error (4xx): {"errors": [{"status": 404, "title": "Not Found", "detail": "The resource could not be found.\n\n No resource provider with uuid da048525-30cd-4ed0-ab01-918db57879d6 found for delete ", "request_id": "req-2a6a638d-ddb1-49f6-b788-8cf55fb9ca65"}]} [pid: 7|app: 0|req: 1260/2563] 10.0.0.53 () {32 vars in 725 bytes} [Mon Jul 20 20:26:49 2026] DELETE /v2.0/networks/3bcb8d6e-3fe4-4bea-98d1-d72347544bf3 => generated 0 bytes in 442 msecs (HTTP/1.1 204) 3 headers in 131 bytes (1 switches on core 0)
2026-07-20 20:26:50.239 8 INFO neutron.db.ovn_revision_numbers_db [None req-58d6dba8-af09-498e-aae3-1cda88413016 - - - - - -] Successfully bumped revision number for resource 19ba0c70-81e3-4667-91f9-d44e8ef45f56 (type: ports) to 2
2026-07-20 20:26:50.881 7 WARNING neutron.db.securitygroups_db [None req-20bea84f-017b-44de-81b8-8c8b056c3603 2da59ac1902147c68dd85a4308b492a9 76dbea4f76dc44438bf839f74c121db4 - - default default] project_id key not found in filters, using tenant_id instead. This support has been deprecated and will be removed in a future release.
2026-07-20 20:26:50.924 7 INFO neutron.plugins.ml2.drivers.ovn.mech_driver.mech_driver [None req-30303146-14a0-4d39-86a2-1bb17eb48502 - - - - - -] OVN reports status up for port: feb1e06b-2324-4946-b0a0-01b935896f66 [pid: 7|app: 0|req: 1263/2566] 10.0.0.53 () {32 vars in 773 bytes} [Mon Jul 20 20:26:50 2026] GET /v2.0/security-groups?tenant_id=d647e3f091fb4a0994880b9ca830c11f&name=default => generated 2929 bytes in 149 msecs (HTTP/1.1 200) 4 headers in 158 bytes (1 switches on core 0)
2026-07-20 20:26:50.965 7 INFO neutron.plugins.ml2.plugin [None req-30303146-14a0-4d39-86a2-1bb17eb48502 - - - - - -] Attempt 1 to provision port feb1e06b-2324-4946-b0a0-01b935896f66
2026-07-20 20:26:51.017 8 WARNING neutron.scheduler.dhcp_agent_scheduler [None req-04b97cc6-05f6-4f20-8120-00052e0f8c66 5941e2889bde4f679c2c1b5c5ff3e9de d741ca67498b4cab81712cab85494f1d - - default default] No more DHCP agents
2026-07-20 20:26:51.024 8 WARNING neutron.api.rpc.agentnotifiers.dhcp_rpc_agent_api [None req-04b97cc6-05f6-4f20-8120-00052e0f8c66 5941e2889bde4f679c2c1b5c5ff3e9de d741ca67498b4cab81712cab85494f1d - - default default] Unable to schedule network d4bc9e6f-2d08-4806-b125-2cd899ef0780: no agents available; will retry on subsequent port and subnet creation events. [pid: 7|app: 0|req: 1264/2567] 10.0.0.53 () {32 vars in 739 bytes} [Mon Jul 20 20:26:50 2026] DELETE /v2.0/security-groups/08cefd16-0ae1-4abc-8c60-076bbdc51b68 => generated 0 bytes in 343 msecs (HTTP/1.1 204) 2 headers in 112 bytes (1 switches on core 0)
2026-07-20 20:26:51.427 8 INFO neutron.db.ovn_revision_numbers_db [None req-04b97cc6-05f6-4f20-8120-00052e0f8c66 5941e2889bde4f679c2c1b5c5ff3e9de d741ca67498b4cab81712cab85494f1d - - default default] Successfully bumped revision number for resource feb1e06b-2324-4946-b0a0-01b935896f66 (type: router_ports) to 1 [pid: 8|app: 0|req: 1304/2568] 10.0.0.53 () {34 vars in 782 bytes} [Mon Jul 20 20:26:48 2026] PUT /v2.0/routers/6a6493b3-1144-4a0c-9905-39c6f106d70b/add_router_interface => generated 310 bytes in 2930 msecs (HTTP/1.1 200) 4 headers in 157 bytes (1 switches on core 0)
2026-07-20 20:26:51.475 8 WARNING neutron.db.securitygroups_db [None req-da57c116-1aea-4c5a-8e9e-52dd7843d2ae 2da59ac1902147c68dd85a4308b492a9 76dbea4f76dc44438bf839f74c121db4 - - default default] project_id key not found in filters, using tenant_id instead. This support has been deprecated and will be removed in a future release.
2026-07-20 20:26:51.645 8 INFO neutron.db.ovn_revision_numbers_db [None req-da57c116-1aea-4c5a-8e9e-52dd7843d2ae 2da59ac1902147c68dd85a4308b492a9 76dbea4f76dc44438bf839f74c121db4 - - default default] Successfully bumped revision number for resource 1454800c-2a22-4f69-b508-97b096d598de (type: security_groups) to 1
2026-07-20 20:26:51.662 8 INFO neutron.db.ovn_revision_numbers_db [None req-da57c116-1aea-4c5a-8e9e-52dd7843d2ae 2da59ac1902147c68dd85a4308b492a9 76dbea4f76dc44438bf839f74c121db4 - - default default] Successfully bumped revision number for resource 33060fdd-7b77-40a1-bcb1-c7917aa919d8 (type: security_group_rules) to 0
2026-07-20 20:26:51.679 8 INFO neutron.db.ovn_revision_numbers_db [None req-da57c116-1aea-4c5a-8e9e-52dd7843d2ae 2da59ac1902147c68dd85a4308b492a9 76dbea4f76dc44438bf839f74c121db4 - - default default] Successfully bumped revision number for resource 471888c1-4265-46a8-9a5a-7919f0972ffc (type: security_group_rules) to 0
2026-07-20 20:26:51.693 8 INFO neutron.db.ovn_revision_numbers_db [None req-da57c116-1aea-4c5a-8e9e-52dd7843d2ae 2da59ac1902147c68dd85a4308b492a9 76dbea4f76dc44438bf839f74c121db4 - - default default] Successfully bumped revision number for resource a8762974-ccc7-4df1-a1a8-da80de201b5d (type: security_group_rules) to 0
2026-07-20 20:26:51.711 8 INFO neutron.db.ovn_revision_numbers_db [None req-da57c116-1aea-4c5a-8e9e-52dd7843d2ae 2da59ac1902147c68dd85a4308b492a9 76dbea4f76dc44438bf839f74c121db4 - - default default] Successfully bumped revision number for resource da1ec765-e701-45cb-ac21-1a2e8efa7be3 (type: security_group_rules) to 0 [pid: 8|app: 0|req: 1305/2569] 10.0.0.53 () {32 vars in 773 bytes} [Mon Jul 20 20:26:51 2026] GET /v2.0/security-groups?tenant_id=5d916411f5a041deba93806d5ed66071&name=default => generated 2929 bytes in 290 msecs (HTTP/1.1 200) 4 headers in 158 bytes (1 switches on core 0)
2026-07-20 20:26:51.968 7 INFO neutron.db.ovn_revision_numbers_db [None req-30303146-14a0-4d39-86a2-1bb17eb48502 - - - - - -] Successfully bumped revision number for resource feb1e06b-2324-4946-b0a0-01b935896f66 (type: ports) to 2 [pid: 8|app: 0|req: 1306/2570] 10.0.0.53 () {32 vars in 739 bytes} [Mon Jul 20 20:26:51 2026] DELETE /v2.0/security-groups/1454800c-2a22-4f69-b508-97b096d598de => generated 0 bytes in 246 msecs (HTTP/1.1 204) 2 headers in 112 bytes (1 switches on core 0)
2026-07-20 20:26:52.499 7 WARNING neutron.scheduler.dhcp_agent_scheduler [None req-f926f35b-3253-4c11-88ec-75d7e13f87ec 5941e2889bde4f679c2c1b5c5ff3e9de d741ca67498b4cab81712cab85494f1d - - default default] No more DHCP agents
2026-07-20 20:26:52.501 7 WARNING neutron.api.rpc.agentnotifiers.dhcp_rpc_agent_api [None req-f926f35b-3253-4c11-88ec-75d7e13f87ec 5941e2889bde4f679c2c1b5c5ff3e9de d741ca67498b4cab81712cab85494f1d - - default default] Unable to schedule network c68d77a2-6926-4ac9-8ebd-b191fffbb7c4: no agents available; will retry on subsequent port and subnet creation events.
2026-07-20 20:26:52.664 7 INFO neutron.db.ovn_revision_numbers_db [None req-f926f35b-3253-4c11-88ec-75d7e13f87ec 5941e2889bde4f679c2c1b5c5ff3e9de d741ca67498b4cab81712cab85494f1d - - default default] Successfully bumped revision number for resource b57b2920-45c7-419d-91b4-c04938db7b7b (type: ports) to 1
2026-07-20 20:26:53.645 7 WARNING neutron.scheduler.dhcp_agent_scheduler [None req-f926f35b-3253-4c11-88ec-75d7e13f87ec 5941e2889bde4f679c2c1b5c5ff3e9de d741ca67498b4cab81712cab85494f1d - - default default] No more DHCP agents
2026-07-20 20:26:53.647 7 WARNING neutron.api.rpc.agentnotifiers.dhcp_rpc_agent_api [None req-f926f35b-3253-4c11-88ec-75d7e13f87ec 5941e2889bde4f679c2c1b5c5ff3e9de d741ca67498b4cab81712cab85494f1d - - default default] Unable to schedule network c68d77a2-6926-4ac9-8ebd-b191fffbb7c4: no agents available; will retry on subsequent port and subnet creation events.
2026-07-20 20:26:53.951 7 INFO neutron.db.ovn_revision_numbers_db [None req-f926f35b-3253-4c11-88ec-75d7e13f87ec 5941e2889bde4f679c2c1b5c5ff3e9de d741ca67498b4cab81712cab85494f1d - - default default] Successfully bumped revision number for resource b57b2920-45c7-419d-91b4-c04938db7b7b (type: router_ports) to 1 [pid: 7|app: 0|req: 1265/2571] 10.0.0.53 () {34 vars in 782 bytes} [Mon Jul 20 20:26:51 2026] PUT /v2.0/routers/6a6493b3-1144-4a0c-9905-39c6f106d70b/add_router_interface => generated 310 bytes in 2521 msecs (HTTP/1.1 200) 4 headers in 157 bytes (1 switches on core 0)
2026-07-20 20:26:54.159 8 INFO neutron.db.ovn_revision_numbers_db [None req-57dc48c2-09aa-4fb5-98e7-efe6494181d0 5941e2889bde4f679c2c1b5c5ff3e9de d741ca67498b4cab81712cab85494f1d - - default default] Successfully bumped revision number for resource 8e5921db-44e3-4500-a387-40b8a5f621fe (type: security_groups) to 1
2026-07-20 20:26:54.175 8 INFO neutron.db.ovn_revision_numbers_db [None req-57dc48c2-09aa-4fb5-98e7-efe6494181d0 5941e2889bde4f679c2c1b5c5ff3e9de d741ca67498b4cab81712cab85494f1d - - default default] Successfully bumped revision number for resource 4cc24e1f-2b1a-4fe2-a436-be281a06cb28 (type: security_group_rules) to 0
2026-07-20 20:26:54.189 8 INFO neutron.db.ovn_revision_numbers_db [None req-57dc48c2-09aa-4fb5-98e7-efe6494181d0 5941e2889bde4f679c2c1b5c5ff3e9de d741ca67498b4cab81712cab85494f1d - - default default] Successfully bumped revision number for resource bd8f742d-6abf-4f32-951d-97cfbfb4c39a (type: security_group_rules) to 0 [pid: 8|app: 0|req: 1307/2572] 10.0.0.53 () {34 vars in 683 bytes} [Mon Jul 20 20:26:54 2026] POST /v2.0/security-groups => generated 1629 bytes in 215 msecs (HTTP/1.1 201) 4 headers in 163 bytes (1 switches on core 0)
2026-07-20 20:26:54.375 7 INFO neutron.db.ovn_revision_numbers_db [None req-f49b1c2f-e897-4584-a0a7-adc4f9ffd050 5941e2889bde4f679c2c1b5c5ff3e9de d741ca67498b4cab81712cab85494f1d - - default default] Successfully bumped revision number for resource 9dd18bb0-4043-42b3-8a54-b5b97869f3e2 (type: security_group_rules) to 0 [pid: 7|app: 0|req: 1266/2573] 10.0.0.53 () {34 vars in 694 bytes} [Mon Jul 20 20:26:54 2026] POST /v2.0/security-group-rules => generated 597 bytes in 186 msecs (HTTP/1.1 201) 4 headers in 162 bytes (1 switches on core 0)
2026-07-20 20:26:54.544 8 INFO neutron.db.ovn_revision_numbers_db [None req-287e93ba-9d72-4ea8-8920-a0da138d0b5a 5941e2889bde4f679c2c1b5c5ff3e9de d741ca67498b4cab81712cab85494f1d - - default default] Successfully bumped revision number for resource a6c26847-9cc9-48fe-9c8a-e480caee293f (type: security_group_rules) to 0 [pid: 8|app: 0|req: 1308/2574] 10.0.0.53 () {34 vars in 694 bytes} [Mon Jul 20 20:26:54 2026] POST /v2.0/security-group-rules => generated 597 bytes in 151 msecs (HTTP/1.1 201) 4 headers in 162 bytes (1 switches on core 0)
2026-07-20 20:26:54.731 7 INFO neutron.db.ovn_revision_numbers_db [None req-dd0e77c0-2157-4370-a4c0-34e00ca0c04b 5941e2889bde4f679c2c1b5c5ff3e9de d741ca67498b4cab81712cab85494f1d - - default default] Successfully bumped revision number for resource 7e2617f3-638b-473e-9161-792efa3bd254 (type: security_group_rules) to 0 [pid: 7|app: 0|req: 1267/2575] 10.0.0.53 () {34 vars in 694 bytes} [Mon Jul 20 20:26:54 2026] POST /v2.0/security-group-rules => generated 599 bytes in 190 msecs (HTTP/1.1 201) 4 headers in 162 bytes (1 switches on core 0)
2026-07-20 20:26:54.906 8 INFO neutron.db.ovn_revision_numbers_db [None req-1c48afd7-6aa3-44c5-9cd0-e711732bef5e 5941e2889bde4f679c2c1b5c5ff3e9de d741ca67498b4cab81712cab85494f1d - - default default] Successfully bumped revision number for resource 8b7650d4-129b-4829-aee3-c597480cadb2 (type: security_group_rules) to 0 [pid: 8|app: 0|req: 1309/2576] 10.0.0.53 () {34 vars in 694 bytes} [Mon Jul 20 20:26:54 2026] POST /v2.0/security-group-rules => generated 601 bytes in 162 msecs (HTTP/1.1 201) 4 headers in 162 bytes (1 switches on core 0)
2026-07-20 20:26:55.074 7 INFO neutron.db.ovn_revision_numbers_db [None req-252620a2-4ace-4599-b61f-fe6f6a5b7e64 5941e2889bde4f679c2c1b5c5ff3e9de d741ca67498b4cab81712cab85494f1d - - default default] Successfully bumped revision number for resource 44bcc160-89ff-4980-9ccd-1316fd7ae1dd (type: security_group_rules) to 0 [pid: 7|app: 0|req: 1268/2577] 10.0.0.53 () {34 vars in 694 bytes} [Mon Jul 20 20:26:54 2026] POST /v2.0/security-group-rules => generated 601 bytes in 166 msecs (HTTP/1.1 201) 4 headers in 162 bytes (1 switches on core 0)
2026-07-20 20:26:55.248 8 INFO neutron.db.ovn_revision_numbers_db [None req-65b0bae2-5f39-4fa4-90fd-11d69c104900 5941e2889bde4f679c2c1b5c5ff3e9de d741ca67498b4cab81712cab85494f1d - - default default] Successfully bumped revision number for resource ee6da478-7158-4288-ac9b-90beed5bce8c (type: security_group_rules) to 0 [pid: 8|app: 0|req: 1310/2578] 10.0.0.53 () {34 vars in 694 bytes} [Mon Jul 20 20:26:55 2026] POST /v2.0/security-group-rules => generated 597 bytes in 171 msecs (HTTP/1.1 201) 4 headers in 162 bytes (1 switches on core 0)
2026-07-20 20:26:55.444 7 INFO neutron.db.ovn_revision_numbers_db [None req-132b0eac-f31d-4fe4-b855-ecd115b3f4e4 5941e2889bde4f679c2c1b5c5ff3e9de d741ca67498b4cab81712cab85494f1d - - default default] Successfully bumped revision number for resource ce16b276-28a2-41e6-bb17-568da35ee4d5 (type: security_group_rules) to 0 [pid: 7|app: 0|req: 1269/2579] 10.0.0.53 () {34 vars in 694 bytes} [Mon Jul 20 20:26:55 2026] POST /v2.0/security-group-rules => generated 597 bytes in 188 msecs (HTTP/1.1 201) 4 headers in 162 bytes (1 switches on core 0)
2026-07-20 20:26:55.629 8 INFO neutron.db.ovn_revision_numbers_db [None req-e2c43454-e20a-4ca4-9ffd-b94b10f0cde6 5941e2889bde4f679c2c1b5c5ff3e9de d741ca67498b4cab81712cab85494f1d - - default default] Successfully bumped revision number for resource aca39af2-7f16-4f42-ae52-4a9a6d5e0adf (type: security_group_rules) to 0 [pid: 8|app: 0|req: 1311/2580] 10.0.0.53 () {34 vars in 694 bytes} [Mon Jul 20 20:26:55 2026] POST /v2.0/security-group-rules => generated 597 bytes in 174 msecs (HTTP/1.1 201) 4 headers in 162 bytes (1 switches on core 0)
2026-07-20 20:26:55.687 8 WARNING neutron.plugins.ml2.drivers.ovn.mech_driver.ovsdb.ovn_client [None req-7974e004-8b3a-48cd-83cf-b1643c1fd556 - - - - - -] No hosting information found for port 19ba0c70-81e3-4667-91f9-d44e8ef45f56: RuntimeError: No hosting information found for port 19ba0c70-81e3-4667-91f9-d44e8ef45f56
2026-07-20 20:26:55.731 8 INFO neutron.common.ovn.utils [None req-7974e004-8b3a-48cd-83cf-b1643c1fd556 - - - - - -] HA Chassis Group neutron-e284a4aa-3ef7-43e8-850d-5a79eafc77b8 synchronized; highest priority chassis 0c752f6f-d009-4be5-a305-876cba61dbbc
2026-07-20 20:26:55.830 7 INFO neutron.db.ovn_revision_numbers_db [None req-2bbe73a2-247a-4135-a378-754a139ab748 5941e2889bde4f679c2c1b5c5ff3e9de d741ca67498b4cab81712cab85494f1d - - default default] Successfully bumped revision number for resource 2088d201-e504-4aeb-8434-ff4bb465f3d3 (type: security_group_rules) to 0
2026-07-20 20:26:55.832 8 INFO neutron.db.ovn_revision_numbers_db [None req-7974e004-8b3a-48cd-83cf-b1643c1fd556 - - - - - -] Successfully bumped revision number for resource 19ba0c70-81e3-4667-91f9-d44e8ef45f56 (type: router_ports) to 2 [pid: 7|app: 0|req: 1270/2581] 10.0.0.53 () {34 vars in 694 bytes} [Mon Jul 20 20:26:55 2026] POST /v2.0/security-group-rules => generated 599 bytes in 199 msecs (HTTP/1.1 201) 4 headers in 162 bytes (1 switches on core 0)
2026-07-20 20:26:55.956 8 INFO neutron.common.ovn.utils [None req-7974e004-8b3a-48cd-83cf-b1643c1fd556 - - - - - -] HA Chassis Group neutron-d4bc9e6f-2d08-4806-b125-2cd899ef0780 synchronized; highest priority chassis 0c752f6f-d009-4be5-a305-876cba61dbbc
2026-07-20 20:26:55.964 8 INFO neutron.plugins.ml2.drivers.ovn.mech_driver.mech_driver [None req-7974e004-8b3a-48cd-83cf-b1643c1fd556 - - - - - -] OVN reports status down for port: b57b2920-45c7-419d-91b4-c04938db7b7b
2026-07-20 20:26:56.131 8 WARNING neutron.plugins.ml2.drivers.ovn.mech_driver.ovsdb.ovn_client [None req-7974e004-8b3a-48cd-83cf-b1643c1fd556 - - - - - -] Logical_Switch_Port b57b2920-45c7-419d-91b4-c04938db7b7b host information not removed, the port state is up
2026-07-20 20:26:56.133 8 INFO neutron.plugins.ml2.drivers.ovn.mech_driver.mech_driver [None req-7974e004-8b3a-48cd-83cf-b1643c1fd556 - - - - - -] OVN reports status up for port: b57b2920-45c7-419d-91b4-c04938db7b7b
2026-07-20 20:26:56.152 8 INFO neutron.db.ovn_revision_numbers_db [None req-4476bf9e-6034-449d-b298-1d64a4166a2d 5941e2889bde4f679c2c1b5c5ff3e9de d741ca67498b4cab81712cab85494f1d - - default default] Successfully bumped revision number for resource 7e049a49-9546-4a95-8914-b4cbae5779d4 (type: security_group_rules) to 0
2026-07-20 20:26:56.154 8 INFO neutron.plugins.ml2.plugin [None req-7974e004-8b3a-48cd-83cf-b1643c1fd556 - - - - - -] Attempt 1 to provision port b57b2920-45c7-419d-91b4-c04938db7b7b [pid: 8|app: 0|req: 1312/2582] 10.0.0.53 () {34 vars in 694 bytes} [Mon Jul 20 20:26:55 2026] POST /v2.0/security-group-rules => generated 601 bytes in 356 msecs (HTTP/1.1 201) 4 headers in 162 bytes (1 switches on core 0)
2026-07-20 20:26:56.430 7 INFO neutron.db.ovn_revision_numbers_db [None req-9dd45ad7-5dc3-4db6-ab04-e2ad0257260d 5941e2889bde4f679c2c1b5c5ff3e9de d741ca67498b4cab81712cab85494f1d - - default default] Successfully bumped revision number for resource a8ade8e6-a6fd-4277-8cce-91ab17224c57 (type: security_group_rules) to 0 [pid: 7|app: 0|req: 1271/2583] 10.0.0.53 () {34 vars in 694 bytes} [Mon Jul 20 20:26:56 2026] POST /v2.0/security-group-rules => generated 597 bytes in 247 msecs (HTTP/1.1 201) 4 headers in 162 bytes (1 switches on core 0)
2026-07-20 20:26:56.686 8 INFO neutron.db.ovn_revision_numbers_db [None req-7974e004-8b3a-48cd-83cf-b1643c1fd556 - - - - - -] Successfully bumped revision number for resource b57b2920-45c7-419d-91b4-c04938db7b7b (type: ports) to 2
2026-07-20 20:26:57.160 8 WARNING neutron.db.securitygroups_db [req-5167321d-f8c4-4796-a9e6-7ea0958cf675 req-4c629718-f8cb-4ce6-a359-56ae579adb22 5941e2889bde4f679c2c1b5c5ff3e9de d741ca67498b4cab81712cab85494f1d - - default default] project_id key not found in filters, using tenant_id instead. This support has been deprecated and will be removed in a future release. [pid: 8|app: 0|req: 1313/2584] 10.0.0.198 () {34 vars in 1094 bytes} [Mon Jul 20 20:26:57 2026] GET /v2.0/security-groups?name=tempest-lb_member_SG-567132383&fields=id&tenant_id=d741ca67498b4cab81712cab85494f1d => generated 69 bytes in 42 msecs (HTTP/1.1 200) 4 headers in 156 bytes (1 switches on core 0) [pid: 7|app: 0|req: 1272/2585] 10.0.0.198 () {34 vars in 982 bytes} [Mon Jul 20 20:26:57 2026] GET /v2.0/networks?id=d4bc9e6f-2d08-4806-b125-2cd899ef0780 => generated 743 bytes in 56 msecs (HTTP/1.1 200) 4 headers in 157 bytes (1 switches on core 0) [pid: 8|app: 0|req: 1314/2586] 10.0.0.198 () {34 vars in 965 bytes} [Mon Jul 20 20:26:57 2026] GET /v2.0/quotas/d741ca67498b4cab81712cab85494f1d => generated 312 bytes in 11 msecs (HTTP/1.1 200) 4 headers in 157 bytes (1 switches on core 0)
2026-07-20 20:26:57.403 7 WARNING neutron.plugins.ml2.drivers.ovn.mech_driver.ovsdb.ovn_client [None req-c3b3ad2d-611f-404d-b9ff-55baa749ad50 - - - - - -] No hosting information found for port feb1e06b-2324-4946-b0a0-01b935896f66: RuntimeError: No hosting information found for port feb1e06b-2324-4946-b0a0-01b935896f66
2026-07-20 20:26:57.560 7 INFO neutron.db.ovn_revision_numbers_db [None req-c3b3ad2d-611f-404d-b9ff-55baa749ad50 - - - - - -] Successfully bumped revision number for resource feb1e06b-2324-4946-b0a0-01b935896f66 (type: router_ports) to 2 [pid: 7|app: 0|req: 1273/2587] 10.0.0.198 () {34 vars in 1002 bytes} [Mon Jul 20 20:26:57 2026] GET /v2.0/ports?tenant_id=d741ca67498b4cab81712cab85494f1d&fields=id => generated 287 bytes in 300 msecs (HTTP/1.1 200) 4 headers in 157 bytes (1 switches on core 0) [pid: 8|app: 0|req: 1315/2588] 10.0.0.198 () {34 vars in 1008 bytes} [Mon Jul 20 20:26:57 2026] GET /v2.0/networks/d4bc9e6f-2d08-4806-b125-2cd899ef0780?fields=segments => generated 14 bytes in 49 msecs (HTTP/1.1 200) 4 headers in 156 bytes (1 switches on core 0) [pid: 7|app: 0|req: 1274/2589] 10.0.0.198 () {34 vars in 1108 bytes} [Mon Jul 20 20:26:57 2026] GET /v2.0/networks/d4bc9e6f-2d08-4806-b125-2cd899ef0780?fields=provider%3Aphysical_network&fields=provider%3Anetwork_type => generated 79 bytes in 52 msecs (HTTP/1.1 200) 4 headers in 156 bytes (1 switches on core 0) [pid: 8|app: 0|req: 1316/2590] 10.0.0.198 () {34 vars in 1070 bytes} [Mon Jul 20 20:26:57 2026] GET /v2.0/ports?fields=security_groups&fields=device_id&device_id=b1022896-1d2d-43de-8c75-bef71f3e8b10 => generated 12 bytes in 169 msecs (HTTP/1.1 200) 4 headers in 156 bytes (1 switches on core 0)
2026-07-20 20:27:01.209 8 WARNING neutron.plugins.ml2.drivers.ovn.mech_driver.ovsdb.ovn_client [None req-bd038fc0-d698-47c7-a577-0c0556daa348 - - - - - -] No hosting information found for port b57b2920-45c7-419d-91b4-c04938db7b7b: RuntimeError: No hosting information found for port b57b2920-45c7-419d-91b4-c04938db7b7b
2026-07-20 20:27:01.250 8 INFO neutron.common.ovn.utils [None req-bd038fc0-d698-47c7-a577-0c0556daa348 - - - - - -] HA Chassis Group neutron-c68d77a2-6926-4ac9-8ebd-b191fffbb7c4 synchronized; highest priority chassis 0c752f6f-d009-4be5-a305-876cba61dbbc
2026-07-20 20:27:01.350 8 INFO neutron.db.ovn_revision_numbers_db [None req-bd038fc0-d698-47c7-a577-0c0556daa348 - - - - - -] Successfully bumped revision number for resource b57b2920-45c7-419d-91b4-c04938db7b7b (type: router_ports) to 2 [pid: 7|app: 0|req: 1275/2591] 199.204.45.216 () {34 vars in 986 bytes} [Mon Jul 20 20:27:02 2026] GET /v2.0/networks?id=d4bc9e6f-2d08-4806-b125-2cd899ef0780 => generated 743 bytes in 62 msecs (HTTP/1.1 200) 4 headers in 157 bytes (1 switches on core 0)
2026-07-20 20:27:02.207 8 WARNING neutron.db.securitygroups_db [req-5167321d-f8c4-4796-a9e6-7ea0958cf675 req-4202810a-2dcf-4883-a16f-859f30d585ec 5941e2889bde4f679c2c1b5c5ff3e9de d741ca67498b4cab81712cab85494f1d - - default default] project_id key not found in filters, using tenant_id instead. This support has been deprecated and will be removed in a future release. [pid: 8|app: 0|req: 1317/2592] 199.204.45.216 () {34 vars in 1050 bytes} [Mon Jul 20 20:27:02 2026] GET /v2.0/security-groups?fields=id&fields=name&tenant_id=d741ca67498b4cab81712cab85494f1d => generated 178 bytes in 46 msecs (HTTP/1.1 200) 4 headers in 157 bytes (1 switches on core 0)
2026-07-20 20:27:02.597 7 WARNING neutron.scheduler.dhcp_agent_scheduler [req-5167321d-f8c4-4796-a9e6-7ea0958cf675 req-6e07d972-f727-476a-93b6-4e0c2b64db4f 5941e2889bde4f679c2c1b5c5ff3e9de d741ca67498b4cab81712cab85494f1d - - default default] No more DHCP agents
2026-07-20 20:27:02.598 7 WARNING neutron.api.rpc.agentnotifiers.dhcp_rpc_agent_api [req-5167321d-f8c4-4796-a9e6-7ea0958cf675 req-6e07d972-f727-476a-93b6-4e0c2b64db4f 5941e2889bde4f679c2c1b5c5ff3e9de d741ca67498b4cab81712cab85494f1d - - default default] Unable to schedule network d4bc9e6f-2d08-4806-b125-2cd899ef0780: no agents available; will retry on subsequent port and subnet creation events.
2026-07-20 20:27:02.756 8 INFO neutron.plugins.ml2.drivers.ovn.mech_driver.mech_driver [None req-bd038fc0-d698-47c7-a577-0c0556daa348 - - - - - -] OVN reports status down for port: 872a2423-3370-4fa1-bdf2-5a752efc5e43
2026-07-20 20:27:02.791 7 INFO neutron.db.ovn_revision_numbers_db [req-5167321d-f8c4-4796-a9e6-7ea0958cf675 req-6e07d972-f727-476a-93b6-4e0c2b64db4f 5941e2889bde4f679c2c1b5c5ff3e9de d741ca67498b4cab81712cab85494f1d - - default default] Successfully bumped revision number for resource 872a2423-3370-4fa1-bdf2-5a752efc5e43 (type: ports) to 1 [pid: 7|app: 0|req: 1276/2593] 199.204.45.216 () {38 vars in 955 bytes} [Mon Jul 20 20:27:02 2026] POST /v2.0/ports => generated 1179 bytes in 606 msecs (HTTP/1.1 201) 4 headers in 163 bytes (1 switches on core 0) /var/lib/openstack/lib/python3.12/site-packages/pycadf/identifier.py:70: UserWarning: Invalid uuid: neutron. To ensure interoperability, identifiers should be a valid uuid. warnings.warn(('Invalid uuid: %s. To ensure interoperability, ' [pid: 7|app: 0|req: 1277/2594] 10.0.0.198 () {34 vars in 1070 bytes} [Mon Jul 20 20:27:03 2026] GET /v2.0/ports?fields=security_groups&fields=device_id&device_id=b1022896-1d2d-43de-8c75-bef71f3e8b10 => generated 123 bytes in 37 msecs (HTTP/1.1 200) 4 headers in 157 bytes (1 switches on core 0) [pid: 7|app: 0|req: 1278/2595] 10.0.0.198 () {34 vars in 1040 bytes} [Mon Jul 20 20:27:03 2026] GET /v2.0/security-groups?id=8e5921db-44e3-4500-a387-40b8a5f621fe&fields=id&fields=name => generated 111 bytes in 35 msecs (HTTP/1.1 200) 4 headers in 157 bytes (1 switches on core 0)
2026-07-20 20:27:03.359 8 INFO neutron.db.ovn_revision_numbers_db [req-5167321d-f8c4-4796-a9e6-7ea0958cf675 req-17a49aa3-0cf4-47ef-9185-b50c0296e8cf eb79f590915b4907b6cdffaf101fc848 e7c7d17a8fcc477fb6bb06751810a2b5 - - b849a9b131bc4268a32ef3697d4ea279 b849a9b131bc4268a32ef3697d4ea279] Successfully bumped revision number for resource 872a2423-3370-4fa1-bdf2-5a752efc5e43 (type: ports) to 2
2026-07-20 20:27:03.641 8 INFO neutron.db.ovn_revision_numbers_db [req-5167321d-f8c4-4796-a9e6-7ea0958cf675 req-17a49aa3-0cf4-47ef-9185-b50c0296e8cf eb79f590915b4907b6cdffaf101fc848 e7c7d17a8fcc477fb6bb06751810a2b5 - - b849a9b131bc4268a32ef3697d4ea279 b849a9b131bc4268a32ef3697d4ea279] Successfully bumped revision number for resource 872a2423-3370-4fa1-bdf2-5a752efc5e43 (type: ports) to 4 [pid: 8|app: 0|req: 1318/2596] 199.204.45.216 () {38 vars in 1028 bytes} [Mon Jul 20 20:27:02 2026] PUT /v2.0/ports/872a2423-3370-4fa1-bdf2-5a752efc5e43 => generated 1451 bytes in 799 msecs (HTTP/1.1 200) 4 headers in 158 bytes (1 switches on core 0)
