2026-07-20 20:24:54.758 8 INFO neutron.db.ovn_revision_numbers_db [None req-295c693a-45b9-4134-90c3-d0ddf2406501 805bc56abbac457c9604101c8bfa52fa 31209ce7900d4346a59e70255c691a8a - - default default] Successfully bumped revision number for resource fb42a29e-ed80-40ff-bd42-0cd9576a84e2 (type: security_group_rules) to 0
2026-07-20 20:24:54.846 8 INFO neutron.db.segments_db [None req-295c693a-45b9-4134-90c3-d0ddf2406501 805bc56abbac457c9604101c8bfa52fa 31209ce7900d4346a59e70255c691a8a - - default default] Added segment 82af239c-5951-4438-ba22-accd2d869887 of type geneve for network e603668f-8bd9-42dc-8dd1-8b53dcfba90d
2026-07-20 20:24:54.986 8 INFO neutron.db.ovn_revision_numbers_db [None req-295c693a-45b9-4134-90c3-d0ddf2406501 805bc56abbac457c9604101c8bfa52fa 31209ce7900d4346a59e70255c691a8a - - default default] Successfully bumped revision number for resource e603668f-8bd9-42dc-8dd1-8b53dcfba90d (type: networks) to 1
2026-07-20 20:24:55.232 7 INFO neutron.db.ovn_revision_numbers_db [None req-38058dea-0131-4538-b599-67d4584fa7a4 2da59ac1902147c68dd85a4308b492a9 76dbea4f76dc44438bf839f74c121db4 - - default default] Successfully bumped revision number for resource 54ad38cc-e7c2-47ab-b0b1-4075112779f4 (type: router_ports) to 1 [pid: 7|app: 0|req: 895/1808] 10.0.0.53 () {34 vars in 782 bytes} [Mon Jul 20 20:24:51 2026] PUT /v2.0/routers/18c5b842-22cf-4b6f-912b-36e81d75761d/add_router_interface => generated 310 bytes in 4137 msecs (HTTP/1.1 200) 4 headers in 157 bytes (1 switches on core 0)
2026-07-20 20:24:55.251 8 WARNING neutron.scheduler.dhcp_agent_scheduler [None req-295c693a-45b9-4134-90c3-d0ddf2406501 805bc56abbac457c9604101c8bfa52fa 31209ce7900d4346a59e70255c691a8a - - default default] No more DHCP agents
2026-07-20 20:24:55.256 8 WARNING neutron.api.rpc.agentnotifiers.dhcp_rpc_agent_api [None req-295c693a-45b9-4134-90c3-d0ddf2406501 805bc56abbac457c9604101c8bfa52fa 31209ce7900d4346a59e70255c691a8a - - default default] Unable to schedule network e603668f-8bd9-42dc-8dd1-8b53dcfba90d: no agents available; will retry on subsequent port and subnet creation events.
2026-07-20 20:24:55.259 8 INFO neutron.common.ovn.utils [None req-b7ad7fc8-c622-4cb1-a700-a7848b59b78c - - - - - -] HA Chassis Group neutron-48184ab3-d725-4719-9b09-8980cff7a5f1 synchronized; highest priority chassis 0c752f6f-d009-4be5-a305-876cba61dbbc
2026-07-20 20:24:55.333 8 INFO neutron.plugins.ml2.drivers.ovn.mech_driver.mech_driver [None req-b7ad7fc8-c622-4cb1-a700-a7848b59b78c - - - - - -] OVN reports status down for port: f786e624-ba4b-4266-9ded-7b7733fc1587
2026-07-20 20:24:55.402 8 INFO neutron.db.ovn_revision_numbers_db [None req-295c693a-45b9-4134-90c3-d0ddf2406501 805bc56abbac457c9604101c8bfa52fa 31209ce7900d4346a59e70255c691a8a - - default default] Successfully bumped revision number for resource f786e624-ba4b-4266-9ded-7b7733fc1587 (type: ports) to 1 [pid: 8|app: 0|req: 914/1809] 10.0.0.53 () {34 vars in 669 bytes} [Mon Jul 20 20:24:54 2026] POST /v2.0/networks => generated 669 bytes in 1109 msecs (HTTP/1.1 201) 4 headers in 162 bytes (1 switches on core 0) [pid: 7|app: 0|req: 896/1810] 10.0.0.53 () {32 vars in 723 bytes} [Mon Jul 20 20:24:55 2026] DELETE /v2.0/subnets/85cce461-2d14-4e21-b349-a688350221e0 => generated 0 bytes in 259 msecs (HTTP/1.1 204) 3 headers in 131 bytes (1 switches on core 0) [pid: 8|app: 0|req: 915/1811] 10.0.0.198 () {34 vars in 982 bytes} [Mon Jul 20 20:24:55 2026] GET /v2.0/networks?id=9fb7eb75-1335-4cff-815e-16f51162e8ae => generated 710 bytes in 82 msecs (HTTP/1.1 200) 4 headers in 157 bytes (1 switches on core 0)
2026-07-20 20:24:55.604 7 INFO neutron.db.segments_db [None req-4ba6fc43-8de2-4322-8bfe-da1549b97336 805bc56abbac457c9604101c8bfa52fa 31209ce7900d4346a59e70255c691a8a - - default default] Added segment 037c4c6d-4cba-43d2-81f0-0d0fd0d227cb of type geneve for network 50d7f67f-b47c-4939-826f-0fd4b176899e
2026-07-20 20:24:55.770 7 INFO neutron.db.ovn_revision_numbers_db [None req-4ba6fc43-8de2-4322-8bfe-da1549b97336 805bc56abbac457c9604101c8bfa52fa 31209ce7900d4346a59e70255c691a8a - - default default] Successfully bumped revision number for resource 50d7f67f-b47c-4939-826f-0fd4b176899e (type: networks) to 1
2026-07-20 20:24:55.893 8 INFO neutron_taas.services.taas.taas_plugin [None req-c656a463-9f4a-4b01-9196-a6f4bc707efd 55054b8e14b348d2a8822231c06c7c2e eaadb182d883428faf945115a5c8c97c - - default default] TaaS: Handle Delete Port: 3d55a1a0-de8a-401c-8500-729bc6993c06
2026-07-20 20:24:55.898 8 INFO neutron_taas.services.taas.tap_mirror_plugin [None req-c656a463-9f4a-4b01-9196-a6f4bc707efd 55054b8e14b348d2a8822231c06c7c2e eaadb182d883428faf945115a5c8c97c - - default default] Tap Mirror: Handle Delete Port: 3d55a1a0-de8a-401c-8500-729bc6993c06
2026-07-20 20:24:55.979 7 WARNING neutron.scheduler.dhcp_agent_scheduler [None req-4ba6fc43-8de2-4322-8bfe-da1549b97336 805bc56abbac457c9604101c8bfa52fa 31209ce7900d4346a59e70255c691a8a - - default default] No more DHCP agents
2026-07-20 20:24:55.980 7 WARNING neutron.api.rpc.agentnotifiers.dhcp_rpc_agent_api [None req-4ba6fc43-8de2-4322-8bfe-da1549b97336 805bc56abbac457c9604101c8bfa52fa 31209ce7900d4346a59e70255c691a8a - - default default] Unable to schedule network 50d7f67f-b47c-4939-826f-0fd4b176899e: no agents available; will retry on subsequent port and subnet creation events.
2026-07-20 20:24:56.075 7 INFO neutron.db.ovn_revision_numbers_db [None req-4ba6fc43-8de2-4322-8bfe-da1549b97336 805bc56abbac457c9604101c8bfa52fa 31209ce7900d4346a59e70255c691a8a - - default default] Successfully bumped revision number for resource 371f6000-101c-4bc0-bfcf-428199fa195c (type: ports) to 1 [pid: 7|app: 0|req: 897/1812] 10.0.0.53 () {34 vars in 669 bytes} [Mon Jul 20 20:24:55 2026] POST /v2.0/networks => generated 670 bytes in 605 msecs (HTTP/1.1 201) 4 headers in 162 bytes (1 switches on core 0) [pid: 7|app: 0|req: 898/1813] 10.0.0.198 () {34 vars in 965 bytes} [Mon Jul 20 20:24:56 2026] GET /v2.0/quotas/0c91dee0dbba4209901ce5ac205c4376 => generated 312 bytes in 14 msecs (HTTP/1.1 200) 4 headers in 157 bytes (1 switches on core 0)
2026-07-20 20:24:56.250 7 INFO neutron.db.segments_db [None req-19d6dd06-6b10-4936-8b76-75c0ecee7802 805bc56abbac457c9604101c8bfa52fa 31209ce7900d4346a59e70255c691a8a - - default default] Added segment 52a34909-e886-48d7-b67c-c1a73aab9562 of type geneve for network f5aec623-96a9-4e2d-a09d-6878bb7ca370 [pid: 8|app: 0|req: 916/1814] 10.0.0.53 () {32 vars in 723 bytes} [Mon Jul 20 20:24:55 2026] DELETE /v2.0/routers/2f5df2a3-572b-4693-a772-bf135259a094 => generated 0 bytes in 853 msecs (HTTP/1.1 204) 2 headers in 112 bytes (1 switches on core 0)
2026-07-20 20:24:56.455 7 INFO neutron.db.ovn_revision_numbers_db [None req-19d6dd06-6b10-4936-8b76-75c0ecee7802 805bc56abbac457c9604101c8bfa52fa 31209ce7900d4346a59e70255c691a8a - - default default] Successfully bumped revision number for resource f5aec623-96a9-4e2d-a09d-6878bb7ca370 (type: networks) to 1 [pid: 8|app: 0|req: 917/1815] 10.0.0.198 () {34 vars in 1002 bytes} [Mon Jul 20 20:24:56 2026] GET /v2.0/ports?tenant_id=0c91dee0dbba4209901ce5ac205c4376&fields=id => generated 103 bytes in 99 msecs (HTTP/1.1 200) 4 headers in 157 bytes (1 switches on core 0)
2026-07-20 20:24:56.601 8 INFO neutron_taas.services.taas.taas_plugin [None req-1de743ad-b3dd-457b-9508-26167bf4e23f 55054b8e14b348d2a8822231c06c7c2e eaadb182d883428faf945115a5c8c97c - - default default] TaaS: Handle Delete Port: de6f0876-2c66-4dd5-817a-d152ef25e14c
2026-07-20 20:24:56.605 8 INFO neutron_taas.services.taas.tap_mirror_plugin [None req-1de743ad-b3dd-457b-9508-26167bf4e23f 55054b8e14b348d2a8822231c06c7c2e eaadb182d883428faf945115a5c8c97c - - default default] Tap Mirror: Handle Delete Port: de6f0876-2c66-4dd5-817a-d152ef25e14c
2026-07-20 20:24:56.633 7 WARNING neutron.scheduler.dhcp_agent_scheduler [None req-19d6dd06-6b10-4936-8b76-75c0ecee7802 805bc56abbac457c9604101c8bfa52fa 31209ce7900d4346a59e70255c691a8a - - default default] No more DHCP agents
2026-07-20 20:24:56.635 7 WARNING neutron.api.rpc.agentnotifiers.dhcp_rpc_agent_api [None req-19d6dd06-6b10-4936-8b76-75c0ecee7802 805bc56abbac457c9604101c8bfa52fa 31209ce7900d4346a59e70255c691a8a - - default default] Unable to schedule network f5aec623-96a9-4e2d-a09d-6878bb7ca370: no agents available; will retry on subsequent port and subnet creation events.
2026-07-20 20:24:56.756 7 INFO neutron.db.ovn_revision_numbers_db [None req-19d6dd06-6b10-4936-8b76-75c0ecee7802 805bc56abbac457c9604101c8bfa52fa 31209ce7900d4346a59e70255c691a8a - - default default] Successfully bumped revision number for resource 0910ce03-96c1-415d-916f-86a5684e4973 (type: ports) to 1 [pid: 7|app: 0|req: 899/1816] 10.0.0.53 () {34 vars in 669 bytes} [Mon Jul 20 20:24:56 2026] POST /v2.0/networks => generated 669 bytes in 665 msecs (HTTP/1.1 201) 4 headers in 162 bytes (1 switches on core 0)
2026-07-20 20:24:56.821 8 INFO neutron.services.segments.plugin [-] Segment 7b95e9a0-789f-4523-b7e7-0bb8ab23c8e0 resource provider aggregate not found [pid: 7|app: 0|req: 900/1817] 10.0.0.198 () {34 vars in 1008 bytes} [Mon Jul 20 20:24:56 2026] GET /v2.0/networks/9fb7eb75-1335-4cff-815e-16f51162e8ae?fields=segments => generated 14 bytes in 46 msecs (HTTP/1.1 200) 4 headers in 156 bytes (1 switches on core 0)
2026-07-20 20:24:56.830 8 INFO neutron.services.segments.plugin [-] Segment 7b95e9a0-789f-4523-b7e7-0bb8ab23c8e0 resource provider aggregate not found
2026-07-20 20:24:56.844 8 INFO neutron.services.segments.plugin [-] Client error retrieving segment 7b95e9a0-789f-4523-b7e7-0bb8ab23c8e0 resource provider; error: Placement Client Error (4xx): {"errors": [{"status": 404, "title": "Not Found", "detail": "The resource could not be found.\n\n No resource provider with uuid 7b95e9a0-789f-4523-b7e7-0bb8ab23c8e0 found for delete ", "request_id": "req-c38ec675-6548-49ba-8158-19990e0b9a91"}]}
2026-07-20 20:24:56.854 8 INFO neutron.services.segments.plugin [-] Client error retrieving segment 7b95e9a0-789f-4523-b7e7-0bb8ab23c8e0 resource provider; error: Placement Client Error (4xx): {"errors": [{"status": 404, "title": "Not Found", "detail": "The resource could not be found.\n\n No resource provider with uuid 7b95e9a0-789f-4523-b7e7-0bb8ab23c8e0 found for delete ", "request_id": "req-b5e2b814-b14b-4a3f-87fe-39a7478bc62b"}]} [pid: 8|app: 0|req: 918/1818] 10.0.0.53 () {32 vars in 725 bytes} [Mon Jul 20 20:24:56 2026] DELETE /v2.0/networks/bc72a95c-9f25-4343-aca4-d5168de19e77 => generated 0 bytes in 409 msecs (HTTP/1.1 204) 3 headers in 131 bytes (1 switches on core 0) [pid: 8|app: 0|req: 919/1819] 10.0.0.198 () {34 vars in 1108 bytes} [Mon Jul 20 20:24:56 2026] GET /v2.0/networks/9fb7eb75-1335-4cff-815e-16f51162e8ae?fields=provider%3Aphysical_network&fields=provider%3Anetwork_type => generated 79 bytes in 47 msecs (HTTP/1.1 200) 4 headers in 156 bytes (1 switches on core 0)
2026-07-20 20:24:56.947 7 INFO neutron.db.segments_db [None req-48821708-adf0-4eda-a925-2b5ecd0f5278 805bc56abbac457c9604101c8bfa52fa 31209ce7900d4346a59e70255c691a8a - - default default] Added segment 6d7f1062-6d6f-4fd9-87bb-95f81deccc51 of type geneve for network 3593b7e4-d706-4b9c-bf2b-a53fec45d4df
2026-07-20 20:24:57.095 7 INFO neutron.db.ovn_revision_numbers_db [None req-48821708-adf0-4eda-a925-2b5ecd0f5278 805bc56abbac457c9604101c8bfa52fa 31209ce7900d4346a59e70255c691a8a - - default default] Successfully bumped revision number for resource 3593b7e4-d706-4b9c-bf2b-a53fec45d4df (type: networks) to 1 [pid: 8|app: 0|req: 920/1820] 10.0.0.198 () {34 vars in 1070 bytes} [Mon Jul 20 20:24:57 2026] GET /v2.0/ports?fields=security_groups&fields=device_id&device_id=c194ad7d-618e-4496-ad98-b13418da08c5 => generated 12 bytes in 24 msecs (HTTP/1.1 200) 4 headers in 156 bytes (1 switches on core 0)
2026-07-20 20:24:57.300 7 WARNING neutron.scheduler.dhcp_agent_scheduler [None req-48821708-adf0-4eda-a925-2b5ecd0f5278 805bc56abbac457c9604101c8bfa52fa 31209ce7900d4346a59e70255c691a8a - - default default] No more DHCP agents
2026-07-20 20:24:57.302 7 WARNING neutron.api.rpc.agentnotifiers.dhcp_rpc_agent_api [None req-48821708-adf0-4eda-a925-2b5ecd0f5278 805bc56abbac457c9604101c8bfa52fa 31209ce7900d4346a59e70255c691a8a - - default default] Unable to schedule network 3593b7e4-d706-4b9c-bf2b-a53fec45d4df: no agents available; will retry on subsequent port and subnet creation events.
2026-07-20 20:24:57.373 8 INFO neutron.plugins.ml2.drivers.ovn.mech_driver.mech_driver [None req-b7ad7fc8-c622-4cb1-a700-a7848b59b78c - - - - - -] OVN reports status down for port: 8f04ccb1-1fb5-41a1-9c63-7f4918b844a4
2026-07-20 20:24:57.399 7 INFO neutron.db.ovn_revision_numbers_db [None req-48821708-adf0-4eda-a925-2b5ecd0f5278 805bc56abbac457c9604101c8bfa52fa 31209ce7900d4346a59e70255c691a8a - - default default] Successfully bumped revision number for resource 8f04ccb1-1fb5-41a1-9c63-7f4918b844a4 (type: ports) to 1 [pid: 7|app: 0|req: 901/1821] 10.0.0.53 () {34 vars in 669 bytes} [Mon Jul 20 20:24:56 2026] POST /v2.0/networks => generated 669 bytes in 597 msecs (HTTP/1.1 201) 4 headers in 162 bytes (1 switches on core 0)
2026-07-20 20:24:57.561 8 INFO neutron.db.segments_db [None req-f4662cdd-f5ab-4973-8d98-2a283bc939e7 805bc56abbac457c9604101c8bfa52fa 31209ce7900d4346a59e70255c691a8a - - default default] Added segment ad49d965-cacc-4d85-bfed-f9fb4c9b2fa6 of type geneve for network 21844e03-9108-4e2e-89e5-5d7c6b012b86 [pid: 7|app: 0|req: 902/1822] 10.0.0.198 () {34 vars in 982 bytes} [Mon Jul 20 20:24:57 2026] GET /v2.0/networks?id=48184ab3-d725-4719-9b09-8980cff7a5f1 => generated 711 bytes in 59 msecs (HTTP/1.1 200) 4 headers in 157 bytes (1 switches on core 0) [pid: 7|app: 0|req: 903/1823] 10.0.0.198 () {34 vars in 965 bytes} [Mon Jul 20 20:24:57 2026] GET /v2.0/quotas/2af954a04ced4ac19818f6770db247ce => generated 312 bytes in 14 msecs (HTTP/1.1 200) 4 headers in 157 bytes (1 switches on core 0)
2026-07-20 20:24:57.702 8 INFO neutron.db.ovn_revision_numbers_db [None req-f4662cdd-f5ab-4973-8d98-2a283bc939e7 805bc56abbac457c9604101c8bfa52fa 31209ce7900d4346a59e70255c691a8a - - default default] Successfully bumped revision number for resource 21844e03-9108-4e2e-89e5-5d7c6b012b86 (type: networks) to 1
2026-07-20 20:24:57.774 7 WARNING neutron.db.securitygroups_db [None req-4e0a19bb-b39c-4f06-b468-9592a09d56d2 2da59ac1902147c68dd85a4308b492a9 76dbea4f76dc44438bf839f74c121db4 - - default default] project_id key not found in filters, using tenant_id instead. This support has been deprecated and will be removed in a future release.
2026-07-20 20:24:57.967 8 WARNING neutron.scheduler.dhcp_agent_scheduler [None req-f4662cdd-f5ab-4973-8d98-2a283bc939e7 805bc56abbac457c9604101c8bfa52fa 31209ce7900d4346a59e70255c691a8a - - default default] No more DHCP agents
2026-07-20 20:24:57.970 8 WARNING neutron.api.rpc.agentnotifiers.dhcp_rpc_agent_api [None req-f4662cdd-f5ab-4973-8d98-2a283bc939e7 805bc56abbac457c9604101c8bfa52fa 31209ce7900d4346a59e70255c691a8a - - default default] Unable to schedule network 21844e03-9108-4e2e-89e5-5d7c6b012b86: no agents available; will retry on subsequent port and subnet creation events.
2026-07-20 20:24:57.977 7 INFO neutron.db.ovn_revision_numbers_db [None req-4e0a19bb-b39c-4f06-b468-9592a09d56d2 2da59ac1902147c68dd85a4308b492a9 76dbea4f76dc44438bf839f74c121db4 - - default default] Successfully bumped revision number for resource 6c2d9aa0-848e-42b1-a14f-a004446f851c (type: security_groups) to 1
2026-07-20 20:24:57.999 7 INFO neutron.db.ovn_revision_numbers_db [None req-4e0a19bb-b39c-4f06-b468-9592a09d56d2 2da59ac1902147c68dd85a4308b492a9 76dbea4f76dc44438bf839f74c121db4 - - default default] Successfully bumped revision number for resource 0eaeff88-3f0b-4c4e-a364-cfa8508b3a26 (type: security_group_rules) to 0
2026-07-20 20:24:58.067 7 INFO neutron.db.ovn_revision_numbers_db [None req-4e0a19bb-b39c-4f06-b468-9592a09d56d2 2da59ac1902147c68dd85a4308b492a9 76dbea4f76dc44438bf839f74c121db4 - - default default] Successfully bumped revision number for resource 256a2c72-5f0f-4c67-a12b-b50dbe7974d1 (type: security_group_rules) to 0
2026-07-20 20:24:58.085 8 INFO neutron.db.ovn_revision_numbers_db [None req-f4662cdd-f5ab-4973-8d98-2a283bc939e7 805bc56abbac457c9604101c8bfa52fa 31209ce7900d4346a59e70255c691a8a - - default default] Successfully bumped revision number for resource 25a0d1cd-274f-4953-9696-98df55048479 (type: ports) to 1
2026-07-20 20:24:58.097 7 INFO neutron.db.ovn_revision_numbers_db [None req-4e0a19bb-b39c-4f06-b468-9592a09d56d2 2da59ac1902147c68dd85a4308b492a9 76dbea4f76dc44438bf839f74c121db4 - - default default] Successfully bumped revision number for resource 7c63aea0-d83d-4746-8cc1-81832f33921a (type: security_group_rules) to 0
2026-07-20 20:24:58.127 7 INFO neutron.db.ovn_revision_numbers_db [None req-4e0a19bb-b39c-4f06-b468-9592a09d56d2 2da59ac1902147c68dd85a4308b492a9 76dbea4f76dc44438bf839f74c121db4 - - default default] Successfully bumped revision number for resource a056c082-3e2b-4596-bf4f-166422df794a (type: security_group_rules) to 0 [pid: 8|app: 0|req: 921/1824] 10.0.0.53 () {34 vars in 669 bytes} [Mon Jul 20 20:24:57 2026] POST /v2.0/networks => generated 669 bytes in 698 msecs (HTTP/1.1 201) 4 headers in 162 bytes (1 switches on core 0) [pid: 7|app: 0|req: 904/1825] 10.0.0.53 () {32 vars in 773 bytes} [Mon Jul 20 20:24:57 2026] GET /v2.0/security-groups?tenant_id=501f15e8c736423ba55e3c13d8b03a62&name=default => generated 2925 bytes in 573 msecs (HTTP/1.1 200) 4 headers in 158 bytes (1 switches on core 0) [pid: 8|app: 0|req: 922/1826] 10.0.0.198 () {34 vars in 1002 bytes} [Mon Jul 20 20:24:58 2026] GET /v2.0/ports?tenant_id=2af954a04ced4ac19818f6770db247ce&fields=id => generated 103 bytes in 101 msecs (HTTP/1.1 200) 4 headers in 157 bytes (1 switches on core 0) [pid: 7|app: 0|req: 905/1827] 10.0.0.53 () {34 vars in 752 bytes} [Mon Jul 20 20:24:58 2026] PUT /v2.0/networks/e603668f-8bd9-42dc-8dd1-8b53dcfba90d/tags => generated 17 bytes in 77 msecs (HTTP/1.1 200) 4 headers in 156 bytes (1 switches on core 0) [pid: 8|app: 0|req: 923/1828] 10.0.0.198 () {34 vars in 1070 bytes} [Mon Jul 20 20:24:58 2026] GET /v2.0/ports?fields=security_groups&fields=device_id&device_id=c194ad7d-618e-4496-ad98-b13418da08c5 => generated 12 bytes in 22 msecs (HTTP/1.1 200) 4 headers in 156 bytes (1 switches on core 0) [pid: 8|app: 0|req: 924/1829] 10.0.0.198 () {34 vars in 1008 bytes} [Mon Jul 20 20:24:58 2026] GET /v2.0/networks/48184ab3-d725-4719-9b09-8980cff7a5f1?fields=segments => generated 14 bytes in 55 msecs (HTTP/1.1 200) 4 headers in 156 bytes (1 switches on core 0)
2026-07-20 20:24:58.361 7 WARNING neutron.plugins.ml2.drivers.ovn.mech_driver.ovsdb.ovn_client [None req-3ce9fe2d-6753-4952-ac6c-fa71872b4f96 - - - - - -] No hosting information found for port e68b17b6-66f4-4c98-889c-a4c03ac98d28: RuntimeError: No hosting information found for port e68b17b6-66f4-4c98-889c-a4c03ac98d28 [pid: 8|app: 0|req: 925/1830] 10.0.0.53 () {34 vars in 752 bytes} [Mon Jul 20 20:24:58 2026] PUT /v2.0/networks/50d7f67f-b47c-4939-826f-0fd4b176899e/tags => generated 25 bytes in 89 msecs (HTTP/1.1 200) 4 headers in 156 bytes (1 switches on core 0) [pid: 8|app: 0|req: 926/1831] 10.0.0.198 () {34 vars in 1108 bytes} [Mon Jul 20 20:24:58 2026] GET /v2.0/networks/48184ab3-d725-4719-9b09-8980cff7a5f1?fields=provider%3Aphysical_network&fields=provider%3Anetwork_type => generated 79 bytes in 53 msecs (HTTP/1.1 200) 4 headers in 156 bytes (1 switches on core 0)
2026-07-20 20:24:58.464 7 INFO neutron.common.ovn.utils [None req-3ce9fe2d-6753-4952-ac6c-fa71872b4f96 - - - - - -] HA Chassis Group neutron-ebfdd0c5-9c27-4bb1-b1fc-2bf6ded2633d synchronized; highest priority chassis 0c752f6f-d009-4be5-a305-876cba61dbbc [pid: 8|app: 0|req: 927/1832] 10.0.0.53 () {34 vars in 752 bytes} [Mon Jul 20 20:24:58 2026] PUT /v2.0/networks/f5aec623-96a9-4e2d-a09d-6878bb7ca370/tags => generated 34 bytes in 94 msecs (HTTP/1.1 200) 4 headers in 156 bytes (1 switches on core 0) [pid: 8|app: 0|req: 928/1833] 10.0.0.53 () {34 vars in 752 bytes} [Mon Jul 20 20:24:58 2026] PUT /v2.0/networks/3593b7e4-d706-4b9c-bf2b-a53fec45d4df/tags => generated 19 bytes in 86 msecs (HTTP/1.1 200) 4 headers in 156 bytes (1 switches on core 0)
2026-07-20 20:24:58.673 7 INFO neutron.db.ovn_revision_numbers_db [None req-3ce9fe2d-6753-4952-ac6c-fa71872b4f96 - - - - - -] Successfully bumped revision number for resource e68b17b6-66f4-4c98-889c-a4c03ac98d28 (type: router_ports) to 2
2026-07-20 20:24:58.674 7 INFO neutron.plugins.ml2.drivers.ovn.mech_driver.mech_driver [None req-3ce9fe2d-6753-4952-ac6c-fa71872b4f96 - - - - - -] OVN reports status down for port: 906304e4-71d0-44cc-8872-7dd09e4d7221 [pid: 8|app: 0|req: 929/1834] 10.0.0.198 () {34 vars in 1070 bytes} [Mon Jul 20 20:24:58 2026] GET /v2.0/ports?fields=security_groups&fields=device_id&device_id=41e5e3a7-df69-48df-bcce-780d3dd19160 => generated 12 bytes in 32 msecs (HTTP/1.1 200) 4 headers in 156 bytes (1 switches on core 0) [pid: 7|app: 0|req: 906/1835] 10.0.0.53 () {32 vars in 739 bytes} [Mon Jul 20 20:24:58 2026] DELETE /v2.0/security-groups/6c2d9aa0-848e-42b1-a14f-a004446f851c => generated 0 bytes in 472 msecs (HTTP/1.1 204) 2 headers in 112 bytes (1 switches on core 0) [pid: 8|app: 0|req: 930/1836] 10.0.0.53 () {32 vars in 665 bytes} [Mon Jul 20 20:24:58 2026] GET /v2.0/networks?tags=red => generated 1987 bytes in 66 msecs (HTTP/1.1 200) 4 headers in 158 bytes (1 switches on core 0)
2026-07-20 20:24:58.857 8 WARNING neutron.db.securitygroups_db [None req-13f929ad-b53a-4878-9e50-b24cf7651e68 2da59ac1902147c68dd85a4308b492a9 76dbea4f76dc44438bf839f74c121db4 - - default default] project_id key not found in filters, using tenant_id instead. This support has been deprecated and will be removed in a future release. [pid: 7|app: 0|req: 907/1837] 10.0.0.53 () {32 vars in 679 bytes} [Mon Jul 20 20:24:58 2026] GET /v2.0/networks?tags=red%2Cblue => generated 1337 bytes in 131 msecs (HTTP/1.1 200) 4 headers in 158 bytes (1 switches on core 0) [pid: 8|app: 0|req: 931/1838] 10.0.0.53 () {32 vars in 773 bytes} [Mon Jul 20 20:24:58 2026] GET /v2.0/security-groups?tenant_id=eaadb182d883428faf945115a5c8c97c&name=default => generated 2925 bytes in 40 msecs (HTTP/1.1 200) 4 headers in 158 bytes (1 switches on core 0) [pid: 7|app: 0|req: 908/1839] 10.0.0.53 () {32 vars in 675 bytes} [Mon Jul 20 20:24:58 2026] GET /v2.0/networks?tags-any=blue => generated 1337 bytes in 68 msecs (HTTP/1.1 200) 4 headers in 158 bytes (1 switches on core 0) [pid: 7|app: 0|req: 909/1840] 10.0.0.53 () {32 vars in 687 bytes} [Mon Jul 20 20:24:58 2026] GET /v2.0/networks?tags-any=red%2Cblue => generated 1987 bytes in 111 msecs (HTTP/1.1 200) 4 headers in 158 bytes (1 switches on core 0) [pid: 8|app: 0|req: 932/1841] 10.0.0.53 () {32 vars in 739 bytes} [Mon Jul 20 20:24:58 2026] DELETE /v2.0/security-groups/47b1d3b9-3a86-40ce-89d5-17dc773cf3c4 => generated 0 bytes in 240 msecs (HTTP/1.1 204) 2 headers in 112 bytes (1 switches on core 0) [pid: 7|app: 0|req: 910/1842] 10.0.0.53 () {32 vars in 673 bytes} [Mon Jul 20 20:24:59 2026] GET /v2.0/networks?not-tags=red => generated 1986 bytes in 148 msecs (HTTP/1.1 200) 4 headers in 158 bytes (1 switches on core 0) [pid: 8|app: 0|req: 933/1843] 10.0.0.53 () {32 vars in 687 bytes} [Mon Jul 20 20:24:59 2026] GET /v2.0/networks?not-tags=red%2Cblue => generated 2636 bytes in 121 msecs (HTTP/1.1 200) 4 headers in 158 bytes (1 switches on core 0) [pid: 8|app: 0|req: 934/1844] 10.0.0.198 () {34 vars in 1070 bytes} [Mon Jul 20 20:24:59 2026] GET /v2.0/ports?fields=security_groups&fields=device_id&device_id=c194ad7d-618e-4496-ad98-b13418da08c5 => generated 12 bytes in 38 msecs (HTTP/1.1 200) 4 headers in 156 bytes (1 switches on core 0)
2026-07-20 20:24:59.442 7 INFO neutron.db.ovn_revision_numbers_db [None req-3ce9fe2d-6753-4952-ac6c-fa71872b4f96 - - - - - -] Successfully bumped revision number for resource 906304e4-71d0-44cc-8872-7dd09e4d7221 (type: ports) to 6 [pid: 7|app: 0|req: 911/1845] 10.0.0.53 () {32 vars in 683 bytes} [Mon Jul 20 20:24:59 2026] GET /v2.0/networks?not-tags-any=blue => generated 2636 bytes in 125 msecs (HTTP/1.1 200) 4 headers in 158 bytes (1 switches on core 0)
2026-07-20 20:24:59.540 7 WARNING neutron.plugins.ml2.drivers.ovn.mech_driver.ovsdb.ovn_client [None req-e1680c9a-a34a-4781-8d06-8d23c848cc70 - - - - - -] Logical_Switch_Port 906304e4-71d0-44cc-8872-7dd09e4d7221 host information not removed, the port state is up
2026-07-20 20:24:59.541 7 INFO neutron.plugins.ml2.drivers.ovn.mech_driver.mech_driver [None req-e1680c9a-a34a-4781-8d06-8d23c848cc70 - - - - - -] OVN reports status up for port: 906304e4-71d0-44cc-8872-7dd09e4d7221 [pid: 8|app: 0|req: 935/1846] 10.0.0.53 () {32 vars in 695 bytes} [Mon Jul 20 20:24:59 2026] GET /v2.0/networks?not-tags-any=red%2Cblue => generated 1986 bytes in 65 msecs (HTTP/1.1 200) 4 headers in 158 bytes (1 switches on core 0)
2026-07-20 20:24:59.554 7 INFO neutron.plugins.ml2.plugin [None req-e1680c9a-a34a-4781-8d06-8d23c848cc70 - - - - - -] Attempt 1 to provision port 906304e4-71d0-44cc-8872-7dd09e4d7221 [pid: 8|app: 0|req: 936/1847] 10.0.0.198 () {34 vars in 1070 bytes} [Mon Jul 20 20:24:59 2026] GET /v2.0/ports?fields=security_groups&fields=device_id&device_id=41e5e3a7-df69-48df-bcce-780d3dd19160 => generated 12 bytes in 26 msecs (HTTP/1.1 200) 4 headers in 156 bytes (1 switches on core 0)
2026-07-20 20:24:59.817 7 INFO neutron_taas.services.taas.taas_plugin [None req-44b9742a-b4a3-4767-b96a-5c66e6e939f4 805bc56abbac457c9604101c8bfa52fa 31209ce7900d4346a59e70255c691a8a - - default default] TaaS: Handle Delete Port: f786e624-ba4b-4266-9ded-7b7733fc1587
2026-07-20 20:24:59.820 7 INFO neutron_taas.services.taas.tap_mirror_plugin [None req-44b9742a-b4a3-4767-b96a-5c66e6e939f4 805bc56abbac457c9604101c8bfa52fa 31209ce7900d4346a59e70255c691a8a - - default default] Tap Mirror: Handle Delete Port: f786e624-ba4b-4266-9ded-7b7733fc1587
2026-07-20 20:25:00.221 7 INFO neutron.db.ovn_revision_numbers_db [None req-e1680c9a-a34a-4781-8d06-8d23c848cc70 - - - - - -] Successfully bumped revision number for resource 906304e4-71d0-44cc-8872-7dd09e4d7221 (type: ports) to 7
2026-07-20 20:25:00.251 7 INFO neutron.services.segments.plugin [-] Segment 82af239c-5951-4438-ba22-accd2d869887 resource provider aggregate not found
2026-07-20 20:25:00.253 7 INFO neutron.services.segments.plugin [-] Segment 82af239c-5951-4438-ba22-accd2d869887 resource provider aggregate not found
2026-07-20 20:25:00.277 7 INFO neutron.services.segments.plugin [-] Client error retrieving segment 82af239c-5951-4438-ba22-accd2d869887 resource provider; error: Placement Client Error (4xx): {"errors": [{"status": 404, "title": "Not Found", "detail": "The resource could not be found.\n\n No resource provider with uuid 82af239c-5951-4438-ba22-accd2d869887 found for delete ", "request_id": "req-358ee619-e537-4875-a811-d4d4b2ebc6de"}]}
2026-07-20 20:25:00.292 7 INFO neutron.services.segments.plugin [-] Client error retrieving segment 82af239c-5951-4438-ba22-accd2d869887 resource provider; error: Placement Client Error (4xx): {"errors": [{"status": 404, "title": "Not Found", "detail": "The resource could not be found.\n\n No resource provider with uuid 82af239c-5951-4438-ba22-accd2d869887 found for delete ", "request_id": "req-81ad0c6b-cee2-4cf0-951b-822ca3f4becf"}]} [pid: 7|app: 0|req: 912/1848] 10.0.0.53 () {32 vars in 725 bytes} [Mon Jul 20 20:24:59 2026] DELETE /v2.0/networks/e603668f-8bd9-42dc-8dd1-8b53dcfba90d => generated 0 bytes in 824 msecs (HTTP/1.1 204) 3 headers in 131 bytes (1 switches on core 0) [pid: 7|app: 0|req: 913/1849] 10.0.0.198 () {34 vars in 1070 bytes} [Mon Jul 20 20:25:00 2026] GET /v2.0/ports?fields=security_groups&fields=device_id&device_id=c194ad7d-618e-4496-ad98-b13418da08c5 => generated 12 bytes in 33 msecs (HTTP/1.1 200) 4 headers in 156 bytes (1 switches on core 0)
2026-07-20 20:25:00.592 8 INFO neutron_taas.services.taas.taas_plugin [None req-21f59c39-750d-443a-9969-1de99fa2141d 805bc56abbac457c9604101c8bfa52fa 31209ce7900d4346a59e70255c691a8a - - default default] TaaS: Handle Delete Port: 371f6000-101c-4bc0-bfcf-428199fa195c
2026-07-20 20:25:00.602 8 INFO neutron_taas.services.taas.tap_mirror_plugin [None req-21f59c39-750d-443a-9969-1de99fa2141d 805bc56abbac457c9604101c8bfa52fa 31209ce7900d4346a59e70255c691a8a - - default default] Tap Mirror: Handle Delete Port: 371f6000-101c-4bc0-bfcf-428199fa195c
2026-07-20 20:25:00.606 7 INFO neutron.plugins.ml2.drivers.ovn.mech_driver.mech_driver [None req-7ad022ef-2c56-44ef-a5bb-318fe5e87adf - - - - - -] OVN reports status down for port: 54ad38cc-e7c2-47ab-b0b1-4075112779f4
2026-07-20 20:25:00.685 7 WARNING neutron.plugins.ml2.drivers.ovn.mech_driver.ovsdb.ovn_client [None req-7ad022ef-2c56-44ef-a5bb-318fe5e87adf - - - - - -] Logical_Switch_Port 54ad38cc-e7c2-47ab-b0b1-4075112779f4 host information not removed, the port state is up
2026-07-20 20:25:00.685 7 INFO neutron.plugins.ml2.drivers.ovn.mech_driver.mech_driver [None req-7ad022ef-2c56-44ef-a5bb-318fe5e87adf - - - - - -] OVN reports status up for port: 54ad38cc-e7c2-47ab-b0b1-4075112779f4
2026-07-20 20:25:00.705 7 INFO neutron.plugins.ml2.plugin [None req-7ad022ef-2c56-44ef-a5bb-318fe5e87adf - - - - - -] Attempt 1 to provision port 54ad38cc-e7c2-47ab-b0b1-4075112779f4
2026-07-20 20:25:00.828 8 INFO neutron.services.segments.plugin [-] Segment 037c4c6d-4cba-43d2-81f0-0d0fd0d227cb resource provider aggregate not found
2026-07-20 20:25:00.829 8 INFO neutron.services.segments.plugin [-] Segment 037c4c6d-4cba-43d2-81f0-0d0fd0d227cb resource provider aggregate not found
2026-07-20 20:25:00.859 8 INFO neutron.services.segments.plugin [-] Client error retrieving segment 037c4c6d-4cba-43d2-81f0-0d0fd0d227cb resource provider; error: Placement Client Error (4xx): {"errors": [{"status": 404, "title": "Not Found", "detail": "The resource could not be found.\n\n No resource provider with uuid 037c4c6d-4cba-43d2-81f0-0d0fd0d227cb found for delete ", "request_id": "req-fc27433a-3481-41b6-8c55-4544dba68b1a"}]}
2026-07-20 20:25:00.864 8 INFO neutron.services.segments.plugin [-] Client error retrieving segment 037c4c6d-4cba-43d2-81f0-0d0fd0d227cb resource provider; error: Placement Client Error (4xx): {"errors": [{"status": 404, "title": "Not Found", "detail": "The resource could not be found.\n\n No resource provider with uuid 037c4c6d-4cba-43d2-81f0-0d0fd0d227cb found for delete ", "request_id": "req-1c6dd490-35da-4171-9a71-e2ecdd995840"}]} [pid: 8|app: 0|req: 937/1850] 10.0.0.53 () {32 vars in 725 bytes} [Mon Jul 20 20:25:00 2026] DELETE /v2.0/networks/50d7f67f-b47c-4939-826f-0fd4b176899e => generated 0 bytes in 500 msecs (HTTP/1.1 204) 3 headers in 131 bytes (1 switches on core 0) [pid: 7|app: 0|req: 914/1851] 10.0.0.198 () {34 vars in 1070 bytes} [Mon Jul 20 20:25:00 2026] GET /v2.0/ports?fields=security_groups&fields=device_id&device_id=41e5e3a7-df69-48df-bcce-780d3dd19160 => generated 12 bytes in 43 msecs (HTTP/1.1 200) 4 headers in 156 bytes (1 switches on core 0)
2026-07-20 20:25:01.086 8 INFO neutron_taas.services.taas.taas_plugin [None req-cd79ebb7-5cec-43cd-ba22-87098f25d6dd 805bc56abbac457c9604101c8bfa52fa 31209ce7900d4346a59e70255c691a8a - - default default] TaaS: Handle Delete Port: 0910ce03-96c1-415d-916f-86a5684e4973
2026-07-20 20:25:01.090 8 INFO neutron_taas.services.taas.tap_mirror_plugin [None req-cd79ebb7-5cec-43cd-ba22-87098f25d6dd 805bc56abbac457c9604101c8bfa52fa 31209ce7900d4346a59e70255c691a8a - - default default] Tap Mirror: Handle Delete Port: 0910ce03-96c1-415d-916f-86a5684e4973
2026-07-20 20:25:01.292 7 INFO neutron.db.ovn_revision_numbers_db [None req-7ad022ef-2c56-44ef-a5bb-318fe5e87adf - - - - - -] Successfully bumped revision number for resource 54ad38cc-e7c2-47ab-b0b1-4075112779f4 (type: ports) to 2 [pid: 8|app: 0|req: 938/1852] 10.0.0.53 () {32 vars in 725 bytes} [Mon Jul 20 20:25:00 2026] DELETE /v2.0/networks/f5aec623-96a9-4e2d-a09d-6878bb7ca370 => generated 0 bytes in 475 msecs (HTTP/1.1 204) 3 headers in 131 bytes (1 switches on core 0)
2026-07-20 20:25:01.618 7 INFO neutron_taas.services.taas.taas_plugin [None req-7864f076-4a09-457f-a05c-d2e2c1f7312d 805bc56abbac457c9604101c8bfa52fa 31209ce7900d4346a59e70255c691a8a - - default default] TaaS: Handle Delete Port: 8f04ccb1-1fb5-41a1-9c63-7f4918b844a4
2026-07-20 20:25:01.622 7 INFO neutron_taas.services.taas.tap_mirror_plugin [None req-7864f076-4a09-457f-a05c-d2e2c1f7312d 805bc56abbac457c9604101c8bfa52fa 31209ce7900d4346a59e70255c691a8a - - default default] Tap Mirror: Handle Delete Port: 8f04ccb1-1fb5-41a1-9c63-7f4918b844a4 [pid: 8|app: 0|req: 939/1853] 10.0.0.198 () {34 vars in 1070 bytes} [Mon Jul 20 20:25:01 2026] GET /v2.0/ports?fields=security_groups&fields=device_id&device_id=c194ad7d-618e-4496-ad98-b13418da08c5 => generated 12 bytes in 33 msecs (HTTP/1.1 200) 4 headers in 156 bytes (1 switches on core 0) [pid: 7|app: 0|req: 915/1854] 10.0.0.53 () {32 vars in 725 bytes} [Mon Jul 20 20:25:01 2026] DELETE /v2.0/networks/3593b7e4-d706-4b9c-bf2b-a53fec45d4df => generated 0 bytes in 544 msecs (HTTP/1.1 204) 3 headers in 131 bytes (1 switches on core 0) [pid: 7|app: 0|req: 916/1855] 10.0.0.198 () {34 vars in 1070 bytes} [Mon Jul 20 20:25:02 2026] GET /v2.0/ports?fields=security_groups&fields=device_id&device_id=41e5e3a7-df69-48df-bcce-780d3dd19160 => generated 12 bytes in 39 msecs (HTTP/1.1 200) 4 headers in 156 bytes (1 switches on core 0)
2026-07-20 20:25:02.123 8 INFO neutron_taas.services.taas.taas_plugin [None req-45edbde2-7828-4ef3-8f85-ee2136a89849 805bc56abbac457c9604101c8bfa52fa 31209ce7900d4346a59e70255c691a8a - - default default] TaaS: Handle Delete Port: 25a0d1cd-274f-4953-9696-98df55048479
2026-07-20 20:25:02.146 8 INFO neutron_taas.services.taas.tap_mirror_plugin [None req-45edbde2-7828-4ef3-8f85-ee2136a89849 805bc56abbac457c9604101c8bfa52fa 31209ce7900d4346a59e70255c691a8a - - default default] Tap Mirror: Handle Delete Port: 25a0d1cd-274f-4953-9696-98df55048479
2026-07-20 20:25:02.301 7 INFO neutron.services.segments.plugin [-] Segment 6d7f1062-6d6f-4fd9-87bb-95f81deccc51 resource provider aggregate not found
2026-07-20 20:25:02.321 7 INFO neutron.services.segments.plugin [-] Client error retrieving segment 6d7f1062-6d6f-4fd9-87bb-95f81deccc51 resource provider; error: Placement Client Error (4xx): {"errors": [{"status": 404, "title": "Not Found", "detail": "The resource could not be found.\n\n No resource provider with uuid 6d7f1062-6d6f-4fd9-87bb-95f81deccc51 found for delete ", "request_id": "req-c2cf577e-9cad-49f8-9e24-8d459ca1ba16"}]}
2026-07-20 20:25:02.336 7 INFO neutron.services.segments.plugin [-] Segment 6d7f1062-6d6f-4fd9-87bb-95f81deccc51 resource provider aggregate not found
2026-07-20 20:25:02.360 7 INFO neutron.services.segments.plugin [-] Client error retrieving segment 6d7f1062-6d6f-4fd9-87bb-95f81deccc51 resource provider; error: Placement Client Error (4xx): {"errors": [{"status": 404, "title": "Not Found", "detail": "The resource could not be found.\n\n No resource provider with uuid 6d7f1062-6d6f-4fd9-87bb-95f81deccc51 found for delete ", "request_id": "req-09c60645-4295-461b-b44e-ace3cab53a8b"}]} [pid: 8|app: 0|req: 940/1856] 10.0.0.53 () {32 vars in 725 bytes} [Mon Jul 20 20:25:01 2026] DELETE /v2.0/networks/21844e03-9108-4e2e-89e5-5d7c6b012b86 => generated 0 bytes in 526 msecs (HTTP/1.1 204) 3 headers in 131 bytes (1 switches on core 0) [pid: 7|app: 0|req: 917/1857] 10.0.0.198 () {34 vars in 1070 bytes} [Mon Jul 20 20:25:02 2026] GET /v2.0/ports?fields=security_groups&fields=device_id&device_id=c194ad7d-618e-4496-ad98-b13418da08c5 => generated 12 bytes in 28 msecs (HTTP/1.1 200) 4 headers in 156 bytes (1 switches on core 0)
2026-07-20 20:25:02.882 8 INFO neutron.services.segments.plugin [-] Segment 52a34909-e886-48d7-b67c-c1a73aab9562 resource provider aggregate not found
2026-07-20 20:25:02.885 8 INFO neutron.services.segments.plugin [-] Segment 52a34909-e886-48d7-b67c-c1a73aab9562 resource provider aggregate not found
2026-07-20 20:25:02.896 8 INFO neutron.services.segments.plugin [-] Client error retrieving segment 52a34909-e886-48d7-b67c-c1a73aab9562 resource provider; error: Placement Client Error (4xx): {"errors": [{"status": 404, "title": "Not Found", "detail": "The resource could not be found.\n\n No resource provider with uuid 52a34909-e886-48d7-b67c-c1a73aab9562 found for delete ", "request_id": "req-40fc6c92-564a-429f-b7cf-17821e9efd48"}]}
2026-07-20 20:25:02.907 8 INFO neutron.services.segments.plugin [-] Client error retrieving segment 52a34909-e886-48d7-b67c-c1a73aab9562 resource provider; error: Placement Client Error (4xx): {"errors": [{"status": 404, "title": "Not Found", "detail": "The resource could not be found.\n\n No resource provider with uuid 52a34909-e886-48d7-b67c-c1a73aab9562 found for delete ", "request_id": "req-fde93d48-9d04-4ffe-bc28-995ab4d91a9b"}]}
2026-07-20 20:25:02.908 8 INFO neutron.services.segments.plugin [-] Segment ad49d965-cacc-4d85-bfed-f9fb4c9b2fa6 resource provider aggregate not found
2026-07-20 20:25:02.926 8 INFO neutron.services.segments.plugin [-] Client error retrieving segment ad49d965-cacc-4d85-bfed-f9fb4c9b2fa6 resource provider; error: Placement Client Error (4xx): {"errors": [{"status": 404, "title": "Not Found", "detail": "The resource could not be found.\n\n No resource provider with uuid ad49d965-cacc-4d85-bfed-f9fb4c9b2fa6 found for delete ", "request_id": "req-cf7671eb-2806-4b9d-8995-244ca0ce8b18"}]}
2026-07-20 20:25:02.933 8 INFO neutron.services.segments.plugin [-] Segment ad49d965-cacc-4d85-bfed-f9fb4c9b2fa6 resource provider aggregate not found
2026-07-20 20:25:02.950 8 INFO neutron.services.segments.plugin [-] Client error retrieving segment ad49d965-cacc-4d85-bfed-f9fb4c9b2fa6 resource provider; error: Placement Client Error (4xx): {"errors": [{"status": 404, "title": "Not Found", "detail": "The resource could not be found.\n\n No resource provider with uuid ad49d965-cacc-4d85-bfed-f9fb4c9b2fa6 found for delete ", "request_id": "req-3550ffca-e577-4bea-b0fb-1537b0477f60"}]} [pid: 8|app: 0|req: 941/1858] 10.0.0.198 () {34 vars in 1070 bytes} [Mon Jul 20 20:25:03 2026] GET /v2.0/ports?fields=security_groups&fields=device_id&device_id=41e5e3a7-df69-48df-bcce-780d3dd19160 => generated 12 bytes in 28 msecs (HTTP/1.1 200) 4 headers in 156 bytes (1 switches on core 0)
2026-07-20 20:25:03.852 7 WARNING neutron.db.securitygroups_db [None req-73a4d2af-be86-4808-88eb-2db6253ee45a 2da59ac1902147c68dd85a4308b492a9 76dbea4f76dc44438bf839f74c121db4 - - default default] project_id key not found in filters, using tenant_id instead. This support has been deprecated and will be removed in a future release. [pid: 8|app: 0|req: 942/1859] 10.0.0.198 () {34 vars in 1070 bytes} [Mon Jul 20 20:25:03 2026] GET /v2.0/ports?fields=security_groups&fields=device_id&device_id=c194ad7d-618e-4496-ad98-b13418da08c5 => generated 12 bytes in 31 msecs (HTTP/1.1 200) 4 headers in 156 bytes (1 switches on core 0)
2026-07-20 20:25:04.048 7 INFO neutron.db.ovn_revision_numbers_db [None req-73a4d2af-be86-4808-88eb-2db6253ee45a 2da59ac1902147c68dd85a4308b492a9 76dbea4f76dc44438bf839f74c121db4 - - default default] Successfully bumped revision number for resource b044e737-b06a-48b8-be5e-3d8667ed95af (type: security_groups) to 1
2026-07-20 20:25:04.061 7 INFO neutron.db.ovn_revision_numbers_db [None req-73a4d2af-be86-4808-88eb-2db6253ee45a 2da59ac1902147c68dd85a4308b492a9 76dbea4f76dc44438bf839f74c121db4 - - default default] Successfully bumped revision number for resource 1811a0e4-967d-4af6-b665-fd03e9393d48 (type: security_group_rules) to 0
2026-07-20 20:25:04.079 7 INFO neutron.db.ovn_revision_numbers_db [None req-73a4d2af-be86-4808-88eb-2db6253ee45a 2da59ac1902147c68dd85a4308b492a9 76dbea4f76dc44438bf839f74c121db4 - - default default] Successfully bumped revision number for resource 54093639-ce96-438a-b82a-eaf786338330 (type: security_group_rules) to 0
2026-07-20 20:25:04.144 7 INFO neutron.db.ovn_revision_numbers_db [None req-73a4d2af-be86-4808-88eb-2db6253ee45a 2da59ac1902147c68dd85a4308b492a9 76dbea4f76dc44438bf839f74c121db4 - - default default] Successfully bumped revision number for resource 670f81fc-c7a2-42b2-a3da-40b4638867b8 (type: security_group_rules) to 0
2026-07-20 20:25:04.196 7 INFO neutron.db.ovn_revision_numbers_db [None req-73a4d2af-be86-4808-88eb-2db6253ee45a 2da59ac1902147c68dd85a4308b492a9 76dbea4f76dc44438bf839f74c121db4 - - default default] Successfully bumped revision number for resource a92a2875-fe06-43d5-9e3f-fc0b185fb918 (type: security_group_rules) to 0 [pid: 7|app: 0|req: 918/1860] 10.0.0.53 () {32 vars in 773 bytes} [Mon Jul 20 20:25:03 2026] GET /v2.0/security-groups?tenant_id=c16e1509548548598f39b3dacf5f091c&name=default => generated 2925 bytes in 819 msecs (HTTP/1.1 200) 4 headers in 158 bytes (1 switches on core 0) [pid: 8|app: 0|req: 943/1861] 199.204.45.216 () {34 vars in 986 bytes} [Mon Jul 20 20:25:04 2026] GET /v2.0/networks?id=9fb7eb75-1335-4cff-815e-16f51162e8ae => generated 710 bytes in 104 msecs (HTTP/1.1 200) 4 headers in 157 bytes (1 switches on core 0)
2026-07-20 20:25:04.291 8 WARNING neutron.db.securitygroups_db [req-3203ce51-f450-4d64-ad96-6f20918f77b9 req-60fd041c-2fb9-4b73-9b5b-2e32475453c8 7ee13a1f4ecb4be98eaf42d7e4e4defc 0c91dee0dbba4209901ce5ac205c4376 - - default default] project_id key not found in filters, using tenant_id instead. This support has been deprecated and will be removed in a future release. [pid: 8|app: 0|req: 944/1862] 199.204.45.216 () {34 vars in 1050 bytes} [Mon Jul 20 20:25:04 2026] GET /v2.0/security-groups?fields=id&fields=name&tenant_id=0c91dee0dbba4209901ce5ac205c4376 => generated 273 bytes in 59 msecs (HTTP/1.1 200) 4 headers in 157 bytes (1 switches on core 0) [pid: 8|app: 0|req: 945/1863] 10.0.0.198 () {34 vars in 1070 bytes} [Mon Jul 20 20:25:04 2026] GET /v2.0/ports?fields=security_groups&fields=device_id&device_id=41e5e3a7-df69-48df-bcce-780d3dd19160 => generated 12 bytes in 29 msecs (HTTP/1.1 200) 4 headers in 156 bytes (1 switches on core 0) [pid: 7|app: 0|req: 919/1864] 10.0.0.53 () {32 vars in 739 bytes} [Mon Jul 20 20:25:04 2026] DELETE /v2.0/security-groups/b044e737-b06a-48b8-be5e-3d8667ed95af => generated 0 bytes in 297 msecs (HTTP/1.1 204) 2 headers in 112 bytes (1 switches on core 0)
2026-07-20 20:25:04.791 8 WARNING neutron.scheduler.dhcp_agent_scheduler [req-3203ce51-f450-4d64-ad96-6f20918f77b9 req-299f07c6-9430-4dd7-b9c0-74cbc5ad67f5 7ee13a1f4ecb4be98eaf42d7e4e4defc 0c91dee0dbba4209901ce5ac205c4376 - - default default] No more DHCP agents
2026-07-20 20:25:04.793 8 WARNING neutron.api.rpc.agentnotifiers.dhcp_rpc_agent_api [req-3203ce51-f450-4d64-ad96-6f20918f77b9 req-299f07c6-9430-4dd7-b9c0-74cbc5ad67f5 7ee13a1f4ecb4be98eaf42d7e4e4defc 0c91dee0dbba4209901ce5ac205c4376 - - default default] Unable to schedule network 9fb7eb75-1335-4cff-815e-16f51162e8ae: no agents available; will retry on subsequent port and subnet creation events.
2026-07-20 20:25:04.899 7 WARNING neutron.scheduler.dhcp_agent_scheduler [None req-a22a0ee8-3af4-43b6-9f7b-4ab6157bd258 b30d20350bd2467a9f00cc219afda8a9 cad5b0b9f99c4a6fa8bf05620ed713cf - - default default] No more DHCP agents
2026-07-20 20:25:04.900 7 WARNING neutron.api.rpc.agentnotifiers.dhcp_rpc_agent_api [None req-a22a0ee8-3af4-43b6-9f7b-4ab6157bd258 b30d20350bd2467a9f00cc219afda8a9 cad5b0b9f99c4a6fa8bf05620ed713cf - - default default] Unable to schedule network b9cadc4d-a833-45f5-9199-50520e7da728: no agents available; will retry on subsequent port and subnet creation events.
2026-07-20 20:25:04.996 8 INFO neutron.db.ovn_revision_numbers_db [req-3203ce51-f450-4d64-ad96-6f20918f77b9 req-299f07c6-9430-4dd7-b9c0-74cbc5ad67f5 7ee13a1f4ecb4be98eaf42d7e4e4defc 0c91dee0dbba4209901ce5ac205c4376 - - default default] Successfully bumped revision number for resource 66df42d9-54e9-4658-b8e0-6c77722f21fa (type: ports) to 1 [pid: 8|app: 0|req: 946/1865] 199.204.45.216 () {38 vars in 955 bytes} [Mon Jul 20 20:25:04 2026] POST /v2.0/ports => generated 993 bytes in 650 msecs (HTTP/1.1 201) 4 headers in 162 bytes (1 switches on core 0) /var/lib/openstack/lib/python3.12/site-packages/pycadf/identifier.py:70: UserWarning: Invalid uuid: neutron. To ensure interoperability, identifiers should be a valid uuid. warnings.warn(('Invalid uuid: %s. To ensure interoperability, '
2026-07-20 20:25:05.028 8 WARNING neutron.db.securitygroups_db [None req-473479ba-919e-4ba2-ae8f-52b681c16914 2da59ac1902147c68dd85a4308b492a9 76dbea4f76dc44438bf839f74c121db4 - - default default] project_id key not found in filters, using tenant_id instead. This support has been deprecated and will be removed in a future release.
2026-07-20 20:25:05.223 8 INFO neutron.db.ovn_revision_numbers_db [None req-473479ba-919e-4ba2-ae8f-52b681c16914 2da59ac1902147c68dd85a4308b492a9 76dbea4f76dc44438bf839f74c121db4 - - default default] Successfully bumped revision number for resource a72a7e7e-f77e-4e99-814c-9bbb90a92df0 (type: security_groups) to 1
2026-07-20 20:25:05.235 8 INFO neutron.db.ovn_revision_numbers_db [None req-473479ba-919e-4ba2-ae8f-52b681c16914 2da59ac1902147c68dd85a4308b492a9 76dbea4f76dc44438bf839f74c121db4 - - default default] Successfully bumped revision number for resource c0dad0c0-907b-4f22-92f2-2af95ff3ea94 (type: security_group_rules) to 0
2026-07-20 20:25:05.250 8 INFO neutron.db.ovn_revision_numbers_db [None req-473479ba-919e-4ba2-ae8f-52b681c16914 2da59ac1902147c68dd85a4308b492a9 76dbea4f76dc44438bf839f74c121db4 - - default default] Successfully bumped revision number for resource e73a7d06-5480-477b-93e7-f9f906367887 (type: security_group_rules) to 0
2026-07-20 20:25:05.288 8 INFO neutron.db.ovn_revision_numbers_db [None req-473479ba-919e-4ba2-ae8f-52b681c16914 2da59ac1902147c68dd85a4308b492a9 76dbea4f76dc44438bf839f74c121db4 - - default default] Successfully bumped revision number for resource f5004313-6981-40b7-8deb-fcf297170e43 (type: security_group_rules) to 0 [pid: 7|app: 0|req: 920/1866] 10.0.0.53 () {34 vars in 675 bytes} [Mon Jul 20 20:25:04 2026] POST /v2.0/floatingips => generated 552 bytes in 758 msecs (HTTP/1.1 201) 4 headers in 162 bytes (1 switches on core 0)
2026-07-20 20:25:05.330 8 INFO neutron.db.ovn_revision_numbers_db [None req-473479ba-919e-4ba2-ae8f-52b681c16914 2da59ac1902147c68dd85a4308b492a9 76dbea4f76dc44438bf839f74c121db4 - - default default] Successfully bumped revision number for resource f8d6e0d4-6c04-46b5-9a04-901c73effcb5 (type: security_group_rules) to 0 [pid: 8|app: 0|req: 947/1869] 10.0.0.53 () {32 vars in 773 bytes} [Mon Jul 20 20:25:05 2026] GET /v2.0/security-groups?tenant_id=18aaa8b6912a4ec4ad790bfddd93dd7d&name=default => generated 2925 bytes in 356 msecs (HTTP/1.1 200) 4 headers in 158 bytes (1 switches on core 0) [pid: 7|app: 0|req: 923/1870] 10.0.0.198 () {34 vars in 1070 bytes} [Mon Jul 20 20:25:05 2026] GET /v2.0/ports?fields=security_groups&fields=device_id&device_id=c194ad7d-618e-4496-ad98-b13418da08c5 => generated 162 bytes in 101 msecs (HTTP/1.1 200) 4 headers in 157 bytes (1 switches on core 0)
2026-07-20 20:25:05.735 7 WARNING neutron.scheduler.dhcp_agent_scheduler [None req-ec4ea947-a1e0-4227-8b79-7cb095572251 b30d20350bd2467a9f00cc219afda8a9 cad5b0b9f99c4a6fa8bf05620ed713cf - - default default] No more DHCP agents
2026-07-20 20:25:05.738 7 WARNING neutron.api.rpc.agentnotifiers.dhcp_rpc_agent_api [None req-ec4ea947-a1e0-4227-8b79-7cb095572251 b30d20350bd2467a9f00cc219afda8a9 cad5b0b9f99c4a6fa8bf05620ed713cf - - default default] Unable to schedule network b9cadc4d-a833-45f5-9199-50520e7da728: no agents available; will retry on subsequent port and subnet creation events.
2026-07-20 20:25:05.790 8 INFO neutron.db.ovn_revision_numbers_db [req-3203ce51-f450-4d64-ad96-6f20918f77b9 req-daba661e-7d3c-476f-9372-fabf6bb1262d eb79f590915b4907b6cdffaf101fc848 e7c7d17a8fcc477fb6bb06751810a2b5 - - b849a9b131bc4268a32ef3697d4ea279 b849a9b131bc4268a32ef3697d4ea279] Successfully bumped revision number for resource 66df42d9-54e9-4658-b8e0-6c77722f21fa (type: ports) to 2
2026-07-20 20:25:05.953 7 WARNING neutron.plugins.ml2.drivers.ovn.mech_driver.ovsdb.ovn_client [None req-30303146-14a0-4d39-86a2-1bb17eb48502 - - - - - -] No hosting information found for port 54ad38cc-e7c2-47ab-b0b1-4075112779f4: RuntimeError: No hosting information found for port 54ad38cc-e7c2-47ab-b0b1-4075112779f4
2026-07-20 20:25:06.072 8 INFO neutron.db.ovn_revision_numbers_db [req-3203ce51-f450-4d64-ad96-6f20918f77b9 req-daba661e-7d3c-476f-9372-fabf6bb1262d eb79f590915b4907b6cdffaf101fc848 e7c7d17a8fcc477fb6bb06751810a2b5 - - b849a9b131bc4268a32ef3697d4ea279 b849a9b131bc4268a32ef3697d4ea279] Successfully bumped revision number for resource 66df42d9-54e9-4658-b8e0-6c77722f21fa (type: ports) to 4 [pid: 8|app: 0|req: 948/1871] 199.204.45.216 () {38 vars in 1028 bytes} [Mon Jul 20 20:25:05 2026] PUT /v2.0/ports/66df42d9-54e9-4658-b8e0-6c77722f21fa => generated 1265 bytes in 739 msecs (HTTP/1.1 200) 4 headers in 158 bytes (1 switches on core 0) /var/lib/openstack/lib/python3.12/site-packages/pycadf/identifier.py:70: UserWarning: Invalid uuid: neutron. To ensure interoperability, identifiers should be a valid uuid. warnings.warn(('Invalid uuid: %s. To ensure interoperability, '
2026-07-20 20:25:06.135 7 INFO neutron.db.ovn_revision_numbers_db [None req-30303146-14a0-4d39-86a2-1bb17eb48502 - - - - - -] Successfully bumped revision number for resource 54ad38cc-e7c2-47ab-b0b1-4075112779f4 (type: router_ports) to 2
2026-07-20 20:25:06.135 7 INFO neutron.plugins.ml2.drivers.ovn.mech_driver.mech_driver [None req-30303146-14a0-4d39-86a2-1bb17eb48502 - - - - - -] OVN reports status down for port: 371f6000-101c-4bc0-bfcf-428199fa195c
2026-07-20 20:25:06.156 7 INFO neutron.plugins.ml2.drivers.ovn.mech_driver.mech_driver [None req-30303146-14a0-4d39-86a2-1bb17eb48502 - - - - - -] OVN reports status down for port: 0910ce03-96c1-415d-916f-86a5684e4973
