2026-07-20 20:24:17.520 8 WARNING neutron.db.securitygroups_db [None req-ebb262e7-fe9d-4ef0-a50d-a52240b5c41d 2da59ac1902147c68dd85a4308b492a9 76dbea4f76dc44438bf839f74c121db4 - - default default] project_id key not found in filters, using tenant_id instead. This support has been deprecated and will be removed in a future release. [pid: 8|app: 0|req: 775/1602] 10.0.0.53 () {32 vars in 773 bytes} [Mon Jul 20 20:24:17 2026] GET /v2.0/security-groups?tenant_id=038869172c0c4b63b101da00aad6bfe3&name=default => generated 2925 bytes in 286 msecs (HTTP/1.1 200) 4 headers in 158 bytes (1 switches on core 0)
2026-07-20 20:24:17.691 7 INFO neutron.services.segments.plugin [-] Segment 9e5c4cb4-f332-482e-991d-e95b168739c2 resource provider aggregate not found
2026-07-20 20:24:17.708 7 INFO neutron.services.segments.plugin [-] Segment 9e5c4cb4-f332-482e-991d-e95b168739c2 resource provider aggregate not found
2026-07-20 20:24:17.718 7 INFO neutron.services.segments.plugin [-] Client error retrieving segment 9e5c4cb4-f332-482e-991d-e95b168739c2 resource provider; error: Placement Client Error (4xx): {"errors": [{"status": 404, "title": "Not Found", "detail": "The resource could not be found.\n\n No resource provider with uuid 9e5c4cb4-f332-482e-991d-e95b168739c2 found for delete ", "request_id": "req-9e2d0c3a-1fb9-4153-a359-5bc403320eea"}]}
2026-07-20 20:24:17.747 7 INFO neutron.services.segments.plugin [-] Client error retrieving segment 9e5c4cb4-f332-482e-991d-e95b168739c2 resource provider; error: Placement Client Error (4xx): {"errors": [{"status": 404, "title": "Not Found", "detail": "The resource could not be found.\n\n No resource provider with uuid 9e5c4cb4-f332-482e-991d-e95b168739c2 found for delete ", "request_id": "req-deac7228-48b9-4518-adad-636e2305aa77"}]}
2026-07-20 20:24:17.797 7 INFO neutron.db.ovn_revision_numbers_db [None req-03547303-80c1-43a3-9a0c-fbe29be8794b 2a9b1426083245379338ec6cad977a5f eabb168489b8487bab7dec856e466a1f - - default default] Successfully bumped revision number for resource dd473cdf-28e0-4ec5-8656-5b1334bbd724 (type: ports) to 2
2026-07-20 20:24:17.854 7 INFO neutron.db.ovn_revision_numbers_db [None req-03547303-80c1-43a3-9a0c-fbe29be8794b 2a9b1426083245379338ec6cad977a5f eabb168489b8487bab7dec856e466a1f - - default default] Successfully bumped revision number for resource b0e392ed-cb56-4225-856e-862ee4f7adad (type: subnets) to 0 [pid: 8|app: 0|req: 776/1603] 10.0.0.53 () {32 vars in 739 bytes} [Mon Jul 20 20:24:17 2026] DELETE /v2.0/security-groups/b436fdf2-7ffc-43ad-8f7c-73b715013aad => generated 0 bytes in 313 msecs (HTTP/1.1 204) 2 headers in 112 bytes (1 switches on core 0) [pid: 7|app: 0|req: 828/1604] 10.0.0.53 () {34 vars in 668 bytes} [Mon Jul 20 20:24:16 2026] POST /v2.0/subnets => generated 626 bytes in 1017 msecs (HTTP/1.1 201) 4 headers in 162 bytes (1 switches on core 0)
2026-07-20 20:24:18.067 7 INFO neutron.db.ovn_revision_numbers_db [None req-c348483b-9caf-4104-b8d6-74ff03a0f0e1 2a9b1426083245379338ec6cad977a5f eabb168489b8487bab7dec856e466a1f - - default default] Successfully bumped revision number for resource ba3b354b-1b9b-42b8-9c33-d2e60b755a84 (type: routers) to 1 [pid: 8|app: 0|req: 777/1605] 10.0.0.53 () {32 vars in 739 bytes} [Mon Jul 20 20:24:17 2026] DELETE /v2.0/security-groups/3c2bba73-dc6b-4902-9e7c-b8082653131b => generated 0 bytes in 227 msecs (HTTP/1.1 204) 2 headers in 112 bytes (1 switches on core 0) [pid: 7|app: 0|req: 829/1606] 10.0.0.53 () {34 vars in 668 bytes} [Mon Jul 20 20:24:17 2026] POST /v2.0/routers => generated 624 bytes in 193 msecs (HTTP/1.1 201) 4 headers in 162 bytes (1 switches on core 0)
2026-07-20 20:24:18.486 8 WARNING neutron.plugins.ml2.drivers.ovn.mech_driver.ovsdb.ovn_client [None req-d155f3ce-ea08-474f-a62a-764607d2c660 - - - - - -] No port found with ID 70d7c11c-d9d8-40c6-b296-15e24678f273: RuntimeError: No port found with ID 70d7c11c-d9d8-40c6-b296-15e24678f273
2026-07-20 20:24:18.520 8 WARNING neutron.scheduler.dhcp_agent_scheduler [None req-3541318e-19a5-4781-9e5e-b46bc27fa029 2a9b1426083245379338ec6cad977a5f eabb168489b8487bab7dec856e466a1f - - default default] No more DHCP agents
2026-07-20 20:24:18.530 8 INFO neutron.plugins.ml2.drivers.ovn.mech_driver.mech_driver [None req-d155f3ce-ea08-474f-a62a-764607d2c660 - - - - - -] OVN reports status down for port: dd473cdf-28e0-4ec5-8656-5b1334bbd724
2026-07-20 20:24:18.531 8 WARNING neutron.api.rpc.agentnotifiers.dhcp_rpc_agent_api [None req-3541318e-19a5-4781-9e5e-b46bc27fa029 2a9b1426083245379338ec6cad977a5f eabb168489b8487bab7dec856e466a1f - - default default] Unable to schedule network 29e626d9-85b6-41b2-bfe0-f3a2524ca9c5: no agents available; will retry on subsequent port and subnet creation events.
2026-07-20 20:24:18.604 7 WARNING neutron.db.securitygroups_db [None req-4fe8a819-80c4-43a9-8c81-f9b45404fe03 2da59ac1902147c68dd85a4308b492a9 76dbea4f76dc44438bf839f74c121db4 - - default default] project_id key not found in filters, using tenant_id instead. This support has been deprecated and will be removed in a future release.
2026-07-20 20:24:18.777 7 INFO neutron.plugins.ml2.drivers.ovn.mech_driver.mech_driver [None req-cb1c9749-de39-4e91-8b9a-e89e5e37a8e7 - - - - - -] OVN reports status down for port: 912768b3-0eff-4fe5-a8bf-9a97208ca771
2026-07-20 20:24:18.800 8 INFO neutron.db.ovn_revision_numbers_db [None req-3541318e-19a5-4781-9e5e-b46bc27fa029 2a9b1426083245379338ec6cad977a5f eabb168489b8487bab7dec856e466a1f - - default default] Successfully bumped revision number for resource 912768b3-0eff-4fe5-a8bf-9a97208ca771 (type: ports) to 1 [pid: 8|app: 0|req: 778/1607] 10.0.0.53 () {34 vars in 664 bytes} [Mon Jul 20 20:24:18 2026] POST /v2.0/ports => generated 947 bytes in 722 msecs (HTTP/1.1 201) 4 headers in 162 bytes (1 switches on core 0) /var/lib/openstack/lib/python3.12/site-packages/pycadf/identifier.py:70: UserWarning: Invalid uuid: neutron. To ensure interoperability, identifiers should be a valid uuid. warnings.warn(('Invalid uuid: %s. To ensure interoperability, '
2026-07-20 20:24:18.837 7 INFO neutron.db.ovn_revision_numbers_db [None req-4fe8a819-80c4-43a9-8c81-f9b45404fe03 2da59ac1902147c68dd85a4308b492a9 76dbea4f76dc44438bf839f74c121db4 - - default default] Successfully bumped revision number for resource 74432a22-3095-4eb2-a6aa-b8ec19559978 (type: security_groups) to 1
2026-07-20 20:24:18.861 7 INFO neutron.db.ovn_revision_numbers_db [None req-4fe8a819-80c4-43a9-8c81-f9b45404fe03 2da59ac1902147c68dd85a4308b492a9 76dbea4f76dc44438bf839f74c121db4 - - default default] Successfully bumped revision number for resource 0d440e48-781e-48be-a907-9bb45fae8c2a (type: security_group_rules) to 0
2026-07-20 20:24:18.889 7 INFO neutron.db.ovn_revision_numbers_db [None req-4fe8a819-80c4-43a9-8c81-f9b45404fe03 2da59ac1902147c68dd85a4308b492a9 76dbea4f76dc44438bf839f74c121db4 - - default default] Successfully bumped revision number for resource 9d769bf7-a954-419c-b1f2-82febe66d210 (type: security_group_rules) to 0
2026-07-20 20:24:18.914 7 INFO neutron.db.ovn_revision_numbers_db [None req-4fe8a819-80c4-43a9-8c81-f9b45404fe03 2da59ac1902147c68dd85a4308b492a9 76dbea4f76dc44438bf839f74c121db4 - - default default] Successfully bumped revision number for resource aa27bd67-706a-47ec-bde3-a6fafb91cffe (type: security_group_rules) to 0
2026-07-20 20:24:18.930 7 INFO neutron.db.ovn_revision_numbers_db [None req-4fe8a819-80c4-43a9-8c81-f9b45404fe03 2da59ac1902147c68dd85a4308b492a9 76dbea4f76dc44438bf839f74c121db4 - - default default] Successfully bumped revision number for resource e5d7b82a-75a1-491f-9cd5-63b552b58646 (type: security_group_rules) to 0 [pid: 7|app: 0|req: 830/1608] 10.0.0.53 () {32 vars in 773 bytes} [Mon Jul 20 20:24:18 2026] GET /v2.0/security-groups?tenant_id=f2078a6a67c24921a93cc5556dbc1e62&name=default => generated 2925 bytes in 726 msecs (HTTP/1.1 200) 4 headers in 158 bytes (1 switches on core 0) [pid: 7|app: 0|req: 831/1609] 10.0.0.53 () {32 vars in 739 bytes} [Mon Jul 20 20:24:18 2026] DELETE /v2.0/security-groups/74432a22-3095-4eb2-a6aa-b8ec19559978 => generated 0 bytes in 253 msecs (HTTP/1.1 204) 2 headers in 112 bytes (1 switches on core 0)
2026-07-20 20:24:19.406 7 INFO neutron.plugins.ml2.drivers.ovn.mech_driver.mech_driver [None req-cb1c9749-de39-4e91-8b9a-e89e5e37a8e7 - - - - - -] OVN reports status up for port: 912768b3-0eff-4fe5-a8bf-9a97208ca771
2026-07-20 20:24:19.420 7 INFO neutron.plugins.ml2.plugin [None req-cb1c9749-de39-4e91-8b9a-e89e5e37a8e7 - - - - - -] Attempt 1 to provision port 912768b3-0eff-4fe5-a8bf-9a97208ca771
2026-07-20 20:24:19.431 8 INFO neutron.db.ovn_revision_numbers_db [None req-744235c3-43e9-4b24-aa8d-221362922f86 2a9b1426083245379338ec6cad977a5f eabb168489b8487bab7dec856e466a1f - - default default] Successfully bumped revision number for resource 912768b3-0eff-4fe5-a8bf-9a97208ca771 (type: ports) to 2
2026-07-20 20:24:19.760 7 INFO neutron.db.ovn_revision_numbers_db [None req-cb1c9749-de39-4e91-8b9a-e89e5e37a8e7 - - - - - -] Successfully bumped revision number for resource 912768b3-0eff-4fe5-a8bf-9a97208ca771 (type: ports) to 3 /var/lib/openstack/lib/python3.12/site-packages/pycadf/identifier.py:70: UserWarning: Invalid uuid: neutron. To ensure interoperability, identifiers should be a valid uuid. warnings.warn(('Invalid uuid: %s. To ensure interoperability, '
2026-07-20 20:24:20.233 8 WARNING neutron.scheduler.dhcp_agent_scheduler [None req-744235c3-43e9-4b24-aa8d-221362922f86 2a9b1426083245379338ec6cad977a5f eabb168489b8487bab7dec856e466a1f - - default default] No more DHCP agents
2026-07-20 20:24:20.235 8 WARNING neutron.api.rpc.agentnotifiers.dhcp_rpc_agent_api [None req-744235c3-43e9-4b24-aa8d-221362922f86 2a9b1426083245379338ec6cad977a5f eabb168489b8487bab7dec856e466a1f - - default default] Unable to schedule network 29e626d9-85b6-41b2-bfe0-f3a2524ca9c5: no agents available; will retry on subsequent port and subnet creation events.
2026-07-20 20:24:20.327 7 INFO neutron.db.ovn_revision_numbers_db [None req-1a9ade06-3f74-4cc0-a86a-80861b9bf6da 4bed8f0042114fb9aaed68d5db7e35f9 d9080c4fee6a4a4fa87a7d3a86cf9291 - - default default] Successfully bumped revision number for resource 6952bf14-4c2c-4a19-ae40-cb510adad340 (type: security_groups) to 1
2026-07-20 20:24:20.361 7 INFO neutron.db.ovn_revision_numbers_db [None req-1a9ade06-3f74-4cc0-a86a-80861b9bf6da 4bed8f0042114fb9aaed68d5db7e35f9 d9080c4fee6a4a4fa87a7d3a86cf9291 - - default default] Successfully bumped revision number for resource 2b355cc5-fe47-4dc0-bf56-814870dfee9e (type: security_group_rules) to 0
2026-07-20 20:24:20.377 7 INFO neutron.db.ovn_revision_numbers_db [None req-1a9ade06-3f74-4cc0-a86a-80861b9bf6da 4bed8f0042114fb9aaed68d5db7e35f9 d9080c4fee6a4a4fa87a7d3a86cf9291 - - default default] Successfully bumped revision number for resource 8512d33f-d03d-4e8a-afb1-e325746d5960 (type: security_group_rules) to 0
2026-07-20 20:24:20.393 7 INFO neutron.db.ovn_revision_numbers_db [None req-1a9ade06-3f74-4cc0-a86a-80861b9bf6da 4bed8f0042114fb9aaed68d5db7e35f9 d9080c4fee6a4a4fa87a7d3a86cf9291 - - default default] Successfully bumped revision number for resource b8ef1ac5-e194-4be6-809e-bfb2b1657560 (type: security_group_rules) to 0
2026-07-20 20:24:20.410 7 INFO neutron.db.ovn_revision_numbers_db [None req-1a9ade06-3f74-4cc0-a86a-80861b9bf6da 4bed8f0042114fb9aaed68d5db7e35f9 d9080c4fee6a4a4fa87a7d3a86cf9291 - - default default] Successfully bumped revision number for resource fdd98a6d-6710-427b-88b7-0bac6945c46d (type: security_group_rules) to 0
2026-07-20 20:24:20.527 8 INFO neutron.db.ovn_revision_numbers_db [None req-744235c3-43e9-4b24-aa8d-221362922f86 2a9b1426083245379338ec6cad977a5f eabb168489b8487bab7dec856e466a1f - - default default] Successfully bumped revision number for resource 912768b3-0eff-4fe5-a8bf-9a97208ca771 (type: router_ports) to 3 [pid: 8|app: 0|req: 779/1612] 10.0.0.53 () {34 vars in 782 bytes} [Mon Jul 20 20:24:18 2026] PUT /v2.0/routers/ba3b354b-1b9b-42b8-9c33-d2e60b755a84/add_router_interface => generated 310 bytes in 1699 msecs (HTTP/1.1 200) 4 headers in 157 bytes (1 switches on core 0) /var/lib/openstack/lib/python3.12/site-packages/pycadf/identifier.py:70: UserWarning: Invalid uuid: neutron. To ensure interoperability, identifiers should be a valid uuid. warnings.warn(('Invalid uuid: %s. To ensure interoperability, ' [pid: 8|app: 0|req: 780/1613] 10.0.0.53 () {32 vars in 716 bytes} [Mon Jul 20 20:24:20 2026] GET /v2.0/ports/912768b3-0eff-4fe5-a8bf-9a97208ca771 => generated 1009 bytes in 46 msecs (HTTP/1.1 200) 4 headers in 158 bytes (1 switches on core 0)
2026-07-20 20:24:20.602 7 INFO neutron.db.ovn_revision_numbers_db [None req-1a9ade06-3f74-4cc0-a86a-80861b9bf6da 4bed8f0042114fb9aaed68d5db7e35f9 d9080c4fee6a4a4fa87a7d3a86cf9291 - - default default] Successfully bumped revision number for resource 27f765ae-bafc-489d-b44f-a35266012185 (type: security_groups) to 1
2026-07-20 20:24:20.616 7 INFO neutron.db.ovn_revision_numbers_db [None req-1a9ade06-3f74-4cc0-a86a-80861b9bf6da 4bed8f0042114fb9aaed68d5db7e35f9 d9080c4fee6a4a4fa87a7d3a86cf9291 - - default default] Successfully bumped revision number for resource 89750586-2e7c-4f55-8e06-baf87fc6011a (type: security_group_rules) to 0
2026-07-20 20:24:20.628 7 INFO neutron.db.ovn_revision_numbers_db [None req-1a9ade06-3f74-4cc0-a86a-80861b9bf6da 4bed8f0042114fb9aaed68d5db7e35f9 d9080c4fee6a4a4fa87a7d3a86cf9291 - - default default] Successfully bumped revision number for resource 9e43a896-c567-4eaf-81d1-e2b192cd4b0b (type: security_group_rules) to 0 [pid: 7|app: 0|req: 834/1614] 10.0.0.53 () {34 vars in 683 bytes} [Mon Jul 20 20:24:19 2026] POST /v2.0/security-groups => generated 1625 bytes in 734 msecs (HTTP/1.1 201) 4 headers in 163 bytes (1 switches on core 0) [pid: 7|app: 0|req: 835/1615] 10.0.0.53 () {32 vars in 662 bytes} [Mon Jul 20 20:24:20 2026] GET /v2.0/security-groups => generated 4530 bytes in 48 msecs (HTTP/1.1 200) 4 headers in 158 bytes (1 switches on core 0)
2026-07-20 20:24:20.836 7 INFO neutron.db.ovn_revision_numbers_db [None req-15d19339-79e8-4cb2-8064-e72f4f40fe56 4bed8f0042114fb9aaed68d5db7e35f9 d9080c4fee6a4a4fa87a7d3a86cf9291 - - default default] Successfully bumped revision number for resource 27f765ae-bafc-489d-b44f-a35266012185 (type: security_groups) to 2 [pid: 7|app: 0|req: 836/1616] 10.0.0.53 () {34 vars in 757 bytes} [Mon Jul 20 20:24:20 2026] PUT /v2.0/security-groups/27f765ae-bafc-489d-b44f-a35266012185 => generated 1663 bytes in 128 msecs (HTTP/1.1 200) 4 headers in 158 bytes (1 switches on core 0) [pid: 7|app: 0|req: 837/1617] 10.0.0.53 () {32 vars in 736 bytes} [Mon Jul 20 20:24:20 2026] GET /v2.0/security-groups/27f765ae-bafc-489d-b44f-a35266012185 => generated 1663 bytes in 24 msecs (HTTP/1.1 200) 4 headers in 158 bytes (1 switches on core 0)
2026-07-20 20:24:20.904 8 INFO neutron_taas.services.taas.taas_plugin [None req-bf179285-f7c0-4d00-8746-bbc5f5faf180 2a9b1426083245379338ec6cad977a5f eabb168489b8487bab7dec856e466a1f - - default default] TaaS: Handle Delete Port: 912768b3-0eff-4fe5-a8bf-9a97208ca771
2026-07-20 20:24:20.909 8 INFO neutron_taas.services.taas.tap_mirror_plugin [None req-bf179285-f7c0-4d00-8746-bbc5f5faf180 2a9b1426083245379338ec6cad977a5f eabb168489b8487bab7dec856e466a1f - - default default] Tap Mirror: Handle Delete Port: 912768b3-0eff-4fe5-a8bf-9a97208ca771 [pid: 7|app: 0|req: 838/1618] 10.0.0.53 () {32 vars in 739 bytes} [Mon Jul 20 20:24:20 2026] DELETE /v2.0/security-groups/27f765ae-bafc-489d-b44f-a35266012185 => generated 0 bytes in 144 msecs (HTTP/1.1 204) 2 headers in 112 bytes (1 switches on core 0) [pid: 7|app: 0|req: 839/1619] 10.0.0.53 () {32 vars in 662 bytes} [Mon Jul 20 20:24:21 2026] GET /v2.0/security-groups => generated 2925 bytes in 32 msecs (HTTP/1.1 200) 4 headers in 158 bytes (1 switches on core 0)
2026-07-20 20:24:21.096 7 INFO neutron.api.v2.resource [None req-221a58f4-3a67-43ec-8c96-ba2a62756065 4bed8f0042114fb9aaed68d5db7e35f9 d9080c4fee6a4a4fa87a7d3a86cf9291 - - default default] delete failed (client error): The resource could not be found. [pid: 7|app: 0|req: 840/1620] 10.0.0.53 () {32 vars in 739 bytes} [Mon Jul 20 20:24:21 2026] DELETE /v2.0/security-groups/27f765ae-bafc-489d-b44f-a35266012185 => generated 146 bytes in 13 msecs (HTTP/1.1 404) 4 headers in 164 bytes (1 switches on core 0) [pid: 8|app: 0|req: 781/1621] 10.0.0.53 () {34 vars in 788 bytes} [Mon Jul 20 20:24:20 2026] PUT /v2.0/routers/ba3b354b-1b9b-42b8-9c33-d2e60b755a84/remove_router_interface => generated 310 bytes in 741 msecs (HTTP/1.1 200) 4 headers in 157 bytes (1 switches on core 0) /var/lib/openstack/lib/python3.12/site-packages/pycadf/identifier.py:70: UserWarning: Invalid uuid: neutron. To ensure interoperability, identifiers should be a valid uuid. warnings.warn(('Invalid uuid: %s. To ensure interoperability, '
2026-07-20 20:24:21.515 8 INFO neutron.db.ovn_revision_numbers_db [None req-dad44f43-dd4b-4226-98d3-f1db106e15b6 4bed8f0042114fb9aaed68d5db7e35f9 d9080c4fee6a4a4fa87a7d3a86cf9291 - - default default] Successfully bumped revision number for resource db7b190d-4753-4a51-b222-58d003eebb37 (type: security_groups) to 1
2026-07-20 20:24:21.533 8 INFO neutron.db.ovn_revision_numbers_db [None req-dad44f43-dd4b-4226-98d3-f1db106e15b6 4bed8f0042114fb9aaed68d5db7e35f9 d9080c4fee6a4a4fa87a7d3a86cf9291 - - default default] Successfully bumped revision number for resource 2ea4fc7a-967f-472c-9fc2-3195586e653f (type: security_group_rules) to 0
2026-07-20 20:24:21.561 8 INFO neutron.db.ovn_revision_numbers_db [None req-dad44f43-dd4b-4226-98d3-f1db106e15b6 4bed8f0042114fb9aaed68d5db7e35f9 d9080c4fee6a4a4fa87a7d3a86cf9291 - - default default] Successfully bumped revision number for resource 4e958636-bcc8-4396-b14d-bcfa35e34807 (type: security_group_rules) to 0
2026-07-20 20:24:21.575 7 INFO neutron.db.ovn_revision_numbers_db [None req-87f2ed3f-a3bd-4a68-a64b-299bbf6ca24a 55054b8e14b348d2a8822231c06c7c2e eaadb182d883428faf945115a5c8c97c - - default default] Successfully bumped revision number for resource 47b1d3b9-3a86-40ce-89d5-17dc773cf3c4 (type: security_groups) to 1
2026-07-20 20:24:21.588 7 INFO neutron.db.ovn_revision_numbers_db [None req-87f2ed3f-a3bd-4a68-a64b-299bbf6ca24a 55054b8e14b348d2a8822231c06c7c2e eaadb182d883428faf945115a5c8c97c - - default default] Successfully bumped revision number for resource 0abbd0d7-86d7-4bba-a445-74c557b0c945 (type: security_group_rules) to 0 [pid: 8|app: 0|req: 782/1622] 10.0.0.53 () {34 vars in 683 bytes} [Mon Jul 20 20:24:21 2026] POST /v2.0/security-groups => generated 1625 bytes in 273 msecs (HTTP/1.1 201) 4 headers in 163 bytes (1 switches on core 0)
2026-07-20 20:24:21.623 7 INFO neutron.db.ovn_revision_numbers_db [None req-87f2ed3f-a3bd-4a68-a64b-299bbf6ca24a 55054b8e14b348d2a8822231c06c7c2e eaadb182d883428faf945115a5c8c97c - - default default] Successfully bumped revision number for resource 25cba617-4bb0-4e95-9e12-c14cea6bd0a0 (type: security_group_rules) to 0
2026-07-20 20:24:21.638 7 INFO neutron.db.ovn_revision_numbers_db [None req-87f2ed3f-a3bd-4a68-a64b-299bbf6ca24a 55054b8e14b348d2a8822231c06c7c2e eaadb182d883428faf945115a5c8c97c - - default default] Successfully bumped revision number for resource 28982034-e0da-4391-8c7e-d4a55fbe0ec2 (type: security_group_rules) to 0
2026-07-20 20:24:21.654 8 INFO neutron.api.v2.resource [None req-edf151aa-5841-42a0-a68f-fade4ef8ceac 2a9b1426083245379338ec6cad977a5f eabb168489b8487bab7dec856e466a1f - - default default] remove_router_interface failed (client error): The resource could not be found. [pid: 8|app: 0|req: 783/1623] 10.0.0.53 () {34 vars in 788 bytes} [Mon Jul 20 20:24:21 2026] PUT /v2.0/routers/ba3b354b-1b9b-42b8-9c33-d2e60b755a84/remove_router_interface => generated 197 bytes in 50 msecs (HTTP/1.1 404) 4 headers in 164 bytes (1 switches on core 0)
2026-07-20 20:24:21.658 7 INFO neutron.db.ovn_revision_numbers_db [None req-87f2ed3f-a3bd-4a68-a64b-299bbf6ca24a 55054b8e14b348d2a8822231c06c7c2e eaadb182d883428faf945115a5c8c97c - - default default] Successfully bumped revision number for resource 83c17ffc-2002-49b4-8b23-2aaeecc8d6e1 (type: security_group_rules) to 0
2026-07-20 20:24:21.730 7 INFO neutron.db.segments_db [None req-87f2ed3f-a3bd-4a68-a64b-299bbf6ca24a 55054b8e14b348d2a8822231c06c7c2e eaadb182d883428faf945115a5c8c97c - - default default] Added segment 7b95e9a0-789f-4523-b7e7-0bb8ab23c8e0 of type geneve for network bc72a95c-9f25-4343-aca4-d5168de19e77
2026-07-20 20:24:21.801 8 INFO neutron.db.ovn_revision_numbers_db [None req-dba04f5f-21e3-4998-89a0-24bd73a713f5 4bed8f0042114fb9aaed68d5db7e35f9 d9080c4fee6a4a4fa87a7d3a86cf9291 - - default default] Successfully bumped revision number for resource cdfb324f-b00f-40ba-9155-35f6be73fc71 (type: security_group_rules) to 0 [pid: 8|app: 0|req: 784/1624] 10.0.0.53 () {34 vars in 694 bytes} [Mon Jul 20 20:24:21 2026] POST /v2.0/security-group-rules => generated 601 bytes in 178 msecs (HTTP/1.1 201) 4 headers in 162 bytes (1 switches on core 0) [pid: 8|app: 0|req: 785/1625] 10.0.0.53 () {32 vars in 735 bytes} [Mon Jul 20 20:24:21 2026] GET /v2.0/ports?device_id=ba3b354b-1b9b-42b8-9c33-d2e60b755a84 => generated 12 bytes in 38 msecs (HTTP/1.1 200) 4 headers in 156 bytes (1 switches on core 0)
2026-07-20 20:24:21.882 7 INFO neutron.db.ovn_revision_numbers_db [None req-87f2ed3f-a3bd-4a68-a64b-299bbf6ca24a 55054b8e14b348d2a8822231c06c7c2e eaadb182d883428faf945115a5c8c97c - - default default] Successfully bumped revision number for resource bc72a95c-9f25-4343-aca4-d5168de19e77 (type: networks) to 1 [pid: 8|app: 0|req: 786/1626] 10.0.0.53 () {32 vars in 746 bytes} [Mon Jul 20 20:24:21 2026] GET /v2.0/security-group-rules/cdfb324f-b00f-40ba-9155-35f6be73fc71 => generated 601 bytes in 14 msecs (HTTP/1.1 200) 4 headers in 157 bytes (1 switches on core 0)
2026-07-20 20:24:22.071 7 WARNING neutron.scheduler.dhcp_agent_scheduler [None req-87f2ed3f-a3bd-4a68-a64b-299bbf6ca24a 55054b8e14b348d2a8822231c06c7c2e eaadb182d883428faf945115a5c8c97c - - default default] No more DHCP agents
2026-07-20 20:24:22.072 7 WARNING neutron.api.rpc.agentnotifiers.dhcp_rpc_agent_api [None req-87f2ed3f-a3bd-4a68-a64b-299bbf6ca24a 55054b8e14b348d2a8822231c06c7c2e eaadb182d883428faf945115a5c8c97c - - default default] Unable to schedule network bc72a95c-9f25-4343-aca4-d5168de19e77: no agents available; will retry on subsequent port and subnet creation events. [pid: 8|app: 0|req: 787/1627] 10.0.0.53 () {32 vars in 723 bytes} [Mon Jul 20 20:24:21 2026] DELETE /v2.0/routers/ba3b354b-1b9b-42b8-9c33-d2e60b755a84 => generated 0 bytes in 191 msecs (HTTP/1.1 204) 2 headers in 112 bytes (1 switches on core 0)
2026-07-20 20:24:22.151 7 INFO neutron.db.ovn_revision_numbers_db [None req-87f2ed3f-a3bd-4a68-a64b-299bbf6ca24a 55054b8e14b348d2a8822231c06c7c2e eaadb182d883428faf945115a5c8c97c - - default default] Successfully bumped revision number for resource de6f0876-2c66-4dd5-817a-d152ef25e14c (type: ports) to 1
2026-07-20 20:24:22.155 8 INFO neutron.plugins.ml2.drivers.ovn.mech_driver.mech_driver [None req-d155f3ce-ea08-474f-a62a-764607d2c660 - - - - - -] OVN reports status down for port: de6f0876-2c66-4dd5-817a-d152ef25e14c [pid: 7|app: 0|req: 841/1628] 10.0.0.53 () {34 vars in 670 bytes} [Mon Jul 20 20:24:21 2026] POST /v2.0/networks => generated 671 bytes in 1080 msecs (HTTP/1.1 201) 4 headers in 162 bytes (1 switches on core 0) [pid: 8|app: 0|req: 788/1629] 10.0.0.53 () {32 vars in 672 bytes} [Mon Jul 20 20:24:22 2026] GET /v2.0/security-group-rules => generated 4138 bytes in 101 msecs (HTTP/1.1 200) 4 headers in 158 bytes (1 switches on core 0) [pid: 7|app: 0|req: 842/1630] 10.0.0.53 () {32 vars in 723 bytes} [Mon Jul 20 20:24:22 2026] DELETE /v2.0/subnets/b0e392ed-cb56-4225-856e-862ee4f7adad => generated 0 bytes in 198 msecs (HTTP/1.1 204) 3 headers in 131 bytes (1 switches on core 0) [pid: 7|app: 0|req: 843/1631] 10.0.0.53 () {32 vars in 749 bytes} [Mon Jul 20 20:24:22 2026] DELETE /v2.0/security-group-rules/cdfb324f-b00f-40ba-9155-35f6be73fc71 => generated 0 bytes in 113 msecs (HTTP/1.1 204) 2 headers in 112 bytes (1 switches on core 0)
2026-07-20 20:24:22.629 7 INFO neutron_taas.services.taas.taas_plugin [None req-464bce1b-7a69-4f8f-9e65-4bef80a8208f 2a9b1426083245379338ec6cad977a5f eabb168489b8487bab7dec856e466a1f - - default default] TaaS: Handle Delete Port: dd473cdf-28e0-4ec5-8656-5b1334bbd724
2026-07-20 20:24:22.632 7 INFO neutron_taas.services.taas.tap_mirror_plugin [None req-464bce1b-7a69-4f8f-9e65-4bef80a8208f 2a9b1426083245379338ec6cad977a5f eabb168489b8487bab7dec856e466a1f - - default default] Tap Mirror: Handle Delete Port: dd473cdf-28e0-4ec5-8656-5b1334bbd724
2026-07-20 20:24:22.716 8 WARNING neutron.scheduler.dhcp_agent_scheduler [None req-6962c087-71fc-4cea-9b80-ca6d4928742b 55054b8e14b348d2a8822231c06c7c2e eaadb182d883428faf945115a5c8c97c - - default default] No more DHCP agents
2026-07-20 20:24:22.718 8 WARNING neutron.api.rpc.agentnotifiers.dhcp_rpc_agent_api [None req-6962c087-71fc-4cea-9b80-ca6d4928742b 55054b8e14b348d2a8822231c06c7c2e eaadb182d883428faf945115a5c8c97c - - default default] Unable to schedule network b9cadc4d-a833-45f5-9199-50520e7da728: no agents available; will retry on subsequent port and subnet creation events.
2026-07-20 20:24:22.909 8 INFO neutron.db.ovn_revision_numbers_db [None req-6962c087-71fc-4cea-9b80-ca6d4928742b 55054b8e14b348d2a8822231c06c7c2e eaadb182d883428faf945115a5c8c97c - - default default] Successfully bumped revision number for resource 3d55a1a0-de8a-401c-8500-729bc6993c06 (type: ports) to 1
2026-07-20 20:24:23.634 8 INFO neutron.db.ovn_revision_numbers_db [None req-6962c087-71fc-4cea-9b80-ca6d4928742b 55054b8e14b348d2a8822231c06c7c2e eaadb182d883428faf945115a5c8c97c - - default default] Successfully bumped revision number for resource 3d55a1a0-de8a-401c-8500-729bc6993c06 (type: router_ports) to 1
2026-07-20 20:24:23.698 7 INFO neutron.plugins.ml2.drivers.ovn.mech_driver.ovsdb.ovsdb_monitor [None req-7b62d5ea-5d59-43ad-93f2-2d4389bdf296 - - - - - -] Router 2f5df2a3-572b-4693-a772-bf135259a094 is bound to host instance
2026-07-20 20:24:23.727 8 INFO neutron.db.ovn_revision_numbers_db [None req-6962c087-71fc-4cea-9b80-ca6d4928742b 55054b8e14b348d2a8822231c06c7c2e eaadb182d883428faf945115a5c8c97c - - default default] Successfully bumped revision number for resource 2f5df2a3-572b-4693-a772-bf135259a094 (type: routers) to 2 [pid: 8|app: 0|req: 789/1632] 10.0.0.53 () {34 vars in 668 bytes} [Mon Jul 20 20:24:22 2026] POST /v2.0/routers => generated 975 bytes in 1574 msecs (HTTP/1.1 201) 4 headers in 162 bytes (1 switches on core 0) [pid: 8|app: 0|req: 790/1633] 10.0.0.53 () {32 vars in 672 bytes} [Mon Jul 20 20:24:23 2026] GET /v2.0/security-group-rules => generated 3560 bytes in 64 msecs (HTTP/1.1 200) 4 headers in 158 bytes (1 switches on core 0)
2026-07-20 20:24:23.858 7 INFO neutron.services.segments.plugin [-] Segment 337c35c9-4895-4177-b8ce-f3c72b954b2b resource provider aggregate not found [pid: 8|app: 0|req: 791/1634] 10.0.0.66 () {32 vars in 800 bytes} [Mon Jul 20 20:24:23 2026] GET /v2.0/extensions => generated 22668 bytes in 46 msecs (HTTP/1.1 200) 4 headers in 159 bytes (1 switches on core 0)
2026-07-20 20:24:23.887 7 INFO neutron.services.segments.plugin [-] Segment 337c35c9-4895-4177-b8ce-f3c72b954b2b resource provider aggregate not found
2026-07-20 20:24:23.895 7 INFO neutron.services.segments.plugin [-] Client error retrieving segment 337c35c9-4895-4177-b8ce-f3c72b954b2b resource provider; error: Placement Client Error (4xx): {"errors": [{"status": 404, "title": "Not Found", "detail": "The resource could not be found.\n\n No resource provider with uuid 337c35c9-4895-4177-b8ce-f3c72b954b2b found for delete ", "request_id": "req-9e36c8e8-502e-46f2-b425-4c342dce07af"}]}
2026-07-20 20:24:23.915 7 INFO neutron.services.segments.plugin [-] Client error retrieving segment 337c35c9-4895-4177-b8ce-f3c72b954b2b resource provider; error: Placement Client Error (4xx): {"errors": [{"status": 404, "title": "Not Found", "detail": "The resource could not be found.\n\n No resource provider with uuid 337c35c9-4895-4177-b8ce-f3c72b954b2b found for delete ", "request_id": "req-1d39220b-6b74-41a4-b3eb-6538bf6625cb"}]} [pid: 8|app: 0|req: 792/1635] 10.0.0.53 () {32 vars in 775 bytes} [Mon Jul 20 20:24:23 2026] GET /v2.0/subnets?project_id=eaadb182d883428faf945115a5c8c97c&cidr=10.100.0.0%2F28 => generated 14 bytes in 70 msecs (HTTP/1.1 200) 4 headers in 156 bytes (1 switches on core 0) [pid: 7|app: 0|req: 844/1636] 10.0.0.53 () {32 vars in 725 bytes} [Mon Jul 20 20:24:22 2026] DELETE /v2.0/networks/29e626d9-85b6-41b2-bfe0-f3a2524ca9c5 => generated 0 bytes in 1471 msecs (HTTP/1.1 204) 3 headers in 131 bytes (1 switches on core 0)
2026-07-20 20:24:24.067 8 INFO neutron.db.ovn_revision_numbers_db [None req-66a85060-b911-4665-b073-cf3daa6e4884 4bed8f0042114fb9aaed68d5db7e35f9 d9080c4fee6a4a4fa87a7d3a86cf9291 - - default default] Successfully bumped revision number for resource e7fafbdc-7335-4a36-8510-6800b00c1513 (type: security_group_rules) to 0 [pid: 7|app: 0|req: 845/1637] 10.0.0.53 () {32 vars in 693 bytes} [Mon Jul 20 20:24:23 2026] GET /v2.0/networks?router%3Aexternal=True => generated 791 bytes in 132 msecs (HTTP/1.1 200) 4 headers in 157 bytes (1 switches on core 0) [pid: 8|app: 0|req: 793/1638] 10.0.0.53 () {34 vars in 694 bytes} [Mon Jul 20 20:24:23 2026] POST /v2.0/security-group-rules => generated 601 bytes in 170 msecs (HTTP/1.1 201) 4 headers in 162 bytes (1 switches on core 0)
2026-07-20 20:24:24.215 7 INFO neutron.db.segments_db [None req-42d09d7d-0504-4d2e-a060-594f1fcb3741 2a9b1426083245379338ec6cad977a5f eabb168489b8487bab7dec856e466a1f - - default default] Added segment 149f5b8a-60be-4ded-ba11-e5366ddaf8ac of type geneve for network ef32ed1c-d012-4db2-92f7-51d94bc51640 [pid: 8|app: 0|req: 794/1639] 10.0.0.66 () {32 vars in 861 bytes} [Mon Jul 20 20:24:24 2026] GET /v2.0/quotas/ccfd7b7b3629469c9d9d13ab8a08605b/details => generated 904 bytes in 116 msecs (HTTP/1.1 200) 4 headers in 157 bytes (1 switches on core 0) [pid: 8|app: 0|req: 795/1640] 10.0.0.53 () {32 vars in 783 bytes} [Mon Jul 20 20:24:24 2026] GET /v2.0/subnets?network_id=b9cadc4d-a833-45f5-9199-50520e7da728&cidr=10.100.0.0%2F28 => generated 14 bytes in 25 msecs (HTTP/1.1 200) 4 headers in 156 bytes (1 switches on core 0) [pid: 8|app: 0|req: 796/1641] 10.0.0.53 () {32 vars in 746 bytes} [Mon Jul 20 20:24:24 2026] GET /v2.0/security-group-rules/e7fafbdc-7335-4a36-8510-6800b00c1513 => generated 601 bytes in 18 msecs (HTTP/1.1 200) 4 headers in 157 bytes (1 switches on core 0)
2026-07-20 20:24:24.475 7 INFO neutron.db.ovn_revision_numbers_db [None req-42d09d7d-0504-4d2e-a060-594f1fcb3741 2a9b1426083245379338ec6cad977a5f eabb168489b8487bab7dec856e466a1f - - default default] Successfully bumped revision number for resource ef32ed1c-d012-4db2-92f7-51d94bc51640 (type: networks) to 1
2026-07-20 20:24:24.488 8 WARNING neutron.scheduler.dhcp_agent_scheduler [None req-078e676b-9b2e-4f55-b4f9-86a0f988a5df 55054b8e14b348d2a8822231c06c7c2e eaadb182d883428faf945115a5c8c97c - - default default] No more DHCP agents
2026-07-20 20:24:24.490 8 WARNING neutron.api.rpc.agentnotifiers.dhcp_rpc_agent_api [None req-078e676b-9b2e-4f55-b4f9-86a0f988a5df 55054b8e14b348d2a8822231c06c7c2e eaadb182d883428faf945115a5c8c97c - - default default] Unable to schedule network bc72a95c-9f25-4343-aca4-d5168de19e77: no agents available; will retry on subsequent port and subnet creation events.
2026-07-20 20:24:24.573 7 WARNING neutron.plugins.ml2.drivers.ovn.mech_driver.ovsdb.ovn_client [None req-f4b211b9-37d1-4b48-bbff-9ede3d61bc3f - - - - - -] No port found with ID 912768b3-0eff-4fe5-a8bf-9a97208ca771: RuntimeError: No port found with ID 912768b3-0eff-4fe5-a8bf-9a97208ca771
2026-07-20 20:24:24.622 7 INFO neutron.plugins.ml2.drivers.ovn.mech_driver.mech_driver [None req-f4b211b9-37d1-4b48-bbff-9ede3d61bc3f - - - - - -] OVN reports status down for port: 3d55a1a0-de8a-401c-8500-729bc6993c06
2026-07-20 20:24:24.829 7 WARNING neutron.plugins.ml2.drivers.ovn.mech_driver.ovsdb.ovn_client [None req-f4b211b9-37d1-4b48-bbff-9ede3d61bc3f - - - - - -] Logical_Switch_Port 3d55a1a0-de8a-401c-8500-729bc6993c06 host information not removed, the port state is up
2026-07-20 20:24:24.833 7 INFO neutron.plugins.ml2.drivers.ovn.mech_driver.mech_driver [None req-f4b211b9-37d1-4b48-bbff-9ede3d61bc3f - - - - - -] OVN reports status up for port: 3d55a1a0-de8a-401c-8500-729bc6993c06
2026-07-20 20:24:24.896 7 INFO neutron.plugins.ml2.plugin [None req-f4b211b9-37d1-4b48-bbff-9ede3d61bc3f - - - - - -] Attempt 1 to provision port 3d55a1a0-de8a-401c-8500-729bc6993c06
2026-07-20 20:24:24.997 8 INFO neutron.db.ovn_revision_numbers_db [None req-078e676b-9b2e-4f55-b4f9-86a0f988a5df 55054b8e14b348d2a8822231c06c7c2e eaadb182d883428faf945115a5c8c97c - - default default] Successfully bumped revision number for resource de6f0876-2c66-4dd5-817a-d152ef25e14c (type: ports) to 2
2026-07-20 20:24:25.007 7 WARNING neutron.scheduler.dhcp_agent_scheduler [None req-42d09d7d-0504-4d2e-a060-594f1fcb3741 2a9b1426083245379338ec6cad977a5f eabb168489b8487bab7dec856e466a1f - - default default] No more DHCP agents
2026-07-20 20:24:25.011 7 WARNING neutron.api.rpc.agentnotifiers.dhcp_rpc_agent_api [None req-42d09d7d-0504-4d2e-a060-594f1fcb3741 2a9b1426083245379338ec6cad977a5f eabb168489b8487bab7dec856e466a1f - - default default] Unable to schedule network ef32ed1c-d012-4db2-92f7-51d94bc51640: no agents available; will retry on subsequent port and subnet creation events.
2026-07-20 20:24:25.040 8 INFO neutron.db.ovn_revision_numbers_db [None req-078e676b-9b2e-4f55-b4f9-86a0f988a5df 55054b8e14b348d2a8822231c06c7c2e eaadb182d883428faf945115a5c8c97c - - default default] Successfully bumped revision number for resource 85cce461-2d14-4e21-b349-a688350221e0 (type: subnets) to 0 [pid: 8|app: 0|req: 797/1642] 10.0.0.53 () {34 vars in 668 bytes} [Mon Jul 20 20:24:24 2026] POST /v2.0/subnets => generated 656 bytes in 792 msecs (HTTP/1.1 201) 4 headers in 162 bytes (1 switches on core 0) [pid: 8|app: 0|req: 798/1643] 10.0.0.53 () {32 vars in 672 bytes} [Mon Jul 20 20:24:25 2026] GET /v2.0/security-group-rules => generated 4138 bytes in 70 msecs (HTTP/1.1 200) 4 headers in 158 bytes (1 switches on core 0)
2026-07-20 20:24:25.181 8 INFO neutron.plugins.ml2.drivers.ovn.mech_driver.mech_driver [None req-d155f3ce-ea08-474f-a62a-764607d2c660 - - - - - -] OVN reports status down for port: b56d928d-e469-4a04-a80a-f04281ba6592
2026-07-20 20:24:25.253 7 INFO neutron.db.ovn_revision_numbers_db [None req-42d09d7d-0504-4d2e-a060-594f1fcb3741 2a9b1426083245379338ec6cad977a5f eabb168489b8487bab7dec856e466a1f - - default default] Successfully bumped revision number for resource b56d928d-e469-4a04-a80a-f04281ba6592 (type: ports) to 1 [pid: 7|app: 0|req: 846/1644] 10.0.0.53 () {34 vars in 669 bytes} [Mon Jul 20 20:24:24 2026] POST /v2.0/networks => generated 668 bytes in 1217 msecs (HTTP/1.1 201) 4 headers in 162 bytes (1 switches on core 0) [pid: 7|app: 0|req: 847/1645] 10.0.0.53 () {32 vars in 749 bytes} [Mon Jul 20 20:24:25 2026] DELETE /v2.0/security-group-rules/e7fafbdc-7335-4a36-8510-6800b00c1513 => generated 0 bytes in 261 msecs (HTTP/1.1 204) 2 headers in 112 bytes (1 switches on core 0)
2026-07-20 20:24:25.703 7 INFO neutron.db.ovn_revision_numbers_db [None req-c79c2c25-9ad0-4a6e-aa4f-6fdad865030f - - - - - -] Successfully bumped revision number for resource 3d55a1a0-de8a-401c-8500-729bc6993c06 (type: ports) to 4
2026-07-20 20:24:25.842 8 WARNING neutron.scheduler.dhcp_agent_scheduler [None req-66df973a-55e3-4ab9-bf97-952670de4acf 55054b8e14b348d2a8822231c06c7c2e eaadb182d883428faf945115a5c8c97c - - default default] No more DHCP agents
2026-07-20 20:24:25.844 8 WARNING neutron.api.rpc.agentnotifiers.dhcp_rpc_agent_api [None req-66df973a-55e3-4ab9-bf97-952670de4acf 55054b8e14b348d2a8822231c06c7c2e eaadb182d883428faf945115a5c8c97c - - default default] Unable to schedule network bc72a95c-9f25-4343-aca4-d5168de19e77: no agents available; will retry on subsequent port and subnet creation events.
2026-07-20 20:24:25.938 7 WARNING neutron.scheduler.dhcp_agent_scheduler [None req-9131da4b-be9a-4a08-918c-5b69e42932ac 2a9b1426083245379338ec6cad977a5f eabb168489b8487bab7dec856e466a1f - - default default] No more DHCP agents
2026-07-20 20:24:25.940 7 WARNING neutron.api.rpc.agentnotifiers.dhcp_rpc_agent_api [None req-9131da4b-be9a-4a08-918c-5b69e42932ac 2a9b1426083245379338ec6cad977a5f eabb168489b8487bab7dec856e466a1f - - default default] Unable to schedule network ef32ed1c-d012-4db2-92f7-51d94bc51640: no agents available; will retry on subsequent port and subnet creation events.
2026-07-20 20:24:26.013 8 INFO neutron.plugins.ml2.drivers.ovn.mech_driver.mech_driver [None req-d155f3ce-ea08-474f-a62a-764607d2c660 - - - - - -] OVN reports status down for port: abea4686-b7b5-457f-9aa1-63bb7a317990
2026-07-20 20:24:26.080 8 INFO neutron.db.ovn_revision_numbers_db [None req-66df973a-55e3-4ab9-bf97-952670de4acf 55054b8e14b348d2a8822231c06c7c2e eaadb182d883428faf945115a5c8c97c - - default default] Successfully bumped revision number for resource abea4686-b7b5-457f-9aa1-63bb7a317990 (type: ports) to 1
2026-07-20 20:24:26.437 7 INFO neutron.db.ovn_revision_numbers_db [None req-c79c2c25-9ad0-4a6e-aa4f-6fdad865030f - - - - - -] Successfully bumped revision number for resource 3d55a1a0-de8a-401c-8500-729bc6993c06 (type: ports) to 5
2026-07-20 20:24:26.777 7 INFO neutron.db.ovn_revision_numbers_db [None req-9131da4b-be9a-4a08-918c-5b69e42932ac 2a9b1426083245379338ec6cad977a5f eabb168489b8487bab7dec856e466a1f - - default default] Successfully bumped revision number for resource b56d928d-e469-4a04-a80a-f04281ba6592 (type: ports) to 2
2026-07-20 20:24:26.814 7 INFO neutron.db.ovn_revision_numbers_db [None req-9131da4b-be9a-4a08-918c-5b69e42932ac 2a9b1426083245379338ec6cad977a5f eabb168489b8487bab7dec856e466a1f - - default default] Successfully bumped revision number for resource b9f13e6b-0014-483d-9427-bbb8dd9fa957 (type: subnets) to 0 [pid: 7|app: 0|req: 848/1646] 10.0.0.53 () {34 vars in 668 bytes} [Mon Jul 20 20:24:25 2026] POST /v2.0/subnets => generated 626 bytes in 1259 msecs (HTTP/1.1 201) 4 headers in 162 bytes (1 switches on core 0) [pid: 7|app: 0|req: 849/1647] 10.0.0.53 () {32 vars in 672 bytes} [Mon Jul 20 20:24:26 2026] GET /v2.0/security-group-rules => generated 3560 bytes in 104 msecs (HTTP/1.1 200) 4 headers in 158 bytes (1 switches on core 0)
2026-07-20 20:24:26.947 8 INFO neutron.plugins.ml2.drivers.ovn.mech_driver.mech_driver [None req-d155f3ce-ea08-474f-a62a-764607d2c660 - - - - - -] OVN reports status up for port: abea4686-b7b5-457f-9aa1-63bb7a317990
2026-07-20 20:24:26.979 8 INFO neutron.plugins.ml2.plugin [None req-d155f3ce-ea08-474f-a62a-764607d2c660 - - - - - -] Attempt 1 to provision port abea4686-b7b5-457f-9aa1-63bb7a317990
2026-07-20 20:24:27.045 7 INFO neutron.db.ovn_revision_numbers_db [None req-5be33d83-eaed-48ed-8c5d-975e5fa18c71 2a9b1426083245379338ec6cad977a5f eabb168489b8487bab7dec856e466a1f - - default default] Successfully bumped revision number for resource ca9b83bb-9cfa-4398-a382-8bb6174c3aa6 (type: routers) to 1 [pid: 7|app: 0|req: 850/1648] 10.0.0.53 () {34 vars in 668 bytes} [Mon Jul 20 20:24:26 2026] POST /v2.0/routers => generated 623 bytes in 127 msecs (HTTP/1.1 201) 4 headers in 162 bytes (1 switches on core 0)
2026-07-20 20:24:27.103 8 WARNING neutron.scheduler.dhcp_agent_scheduler [None req-66df973a-55e3-4ab9-bf97-952670de4acf 55054b8e14b348d2a8822231c06c7c2e eaadb182d883428faf945115a5c8c97c - - default default] No more DHCP agents
2026-07-20 20:24:27.106 8 WARNING neutron.api.rpc.agentnotifiers.dhcp_rpc_agent_api [None req-66df973a-55e3-4ab9-bf97-952670de4acf 55054b8e14b348d2a8822231c06c7c2e eaadb182d883428faf945115a5c8c97c - - default default] Unable to schedule network bc72a95c-9f25-4343-aca4-d5168de19e77: no agents available; will retry on subsequent port and subnet creation events.
2026-07-20 20:24:27.186 7 INFO neutron.db.ovn_revision_numbers_db [None req-10bc45ce-a34f-4c55-8b32-93379d6d3c19 4bed8f0042114fb9aaed68d5db7e35f9 d9080c4fee6a4a4fa87a7d3a86cf9291 - - default default] Successfully bumped revision number for resource 5cafe32b-0b9b-4d22-9c0b-1d7e2f85d84c (type: security_group_rules) to 0 [pid: 7|app: 0|req: 851/1649] 10.0.0.53 () {34 vars in 694 bytes} [Mon Jul 20 20:24:27 2026] POST /v2.0/security-group-rules => generated 602 bytes in 191 msecs (HTTP/1.1 201) 4 headers in 162 bytes (1 switches on core 0)
2026-07-20 20:24:27.820 7 WARNING neutron.scheduler.dhcp_agent_scheduler [None req-bf51f767-5955-4dae-bc08-1a2763808043 2a9b1426083245379338ec6cad977a5f eabb168489b8487bab7dec856e466a1f - - default default] No more DHCP agents
2026-07-20 20:24:27.821 7 WARNING neutron.api.rpc.agentnotifiers.dhcp_rpc_agent_api [None req-bf51f767-5955-4dae-bc08-1a2763808043 2a9b1426083245379338ec6cad977a5f eabb168489b8487bab7dec856e466a1f - - default default] Unable to schedule network ef32ed1c-d012-4db2-92f7-51d94bc51640: no agents available; will retry on subsequent port and subnet creation events.
2026-07-20 20:24:27.894 8 INFO neutron.db.ovn_revision_numbers_db [None req-66df973a-55e3-4ab9-bf97-952670de4acf 55054b8e14b348d2a8822231c06c7c2e eaadb182d883428faf945115a5c8c97c - - default default] Successfully bumped revision number for resource abea4686-b7b5-457f-9aa1-63bb7a317990 (type: router_ports) to 1 [pid: 8|app: 0|req: 799/1650] 10.0.0.53 () {34 vars in 782 bytes} [Mon Jul 20 20:24:25 2026] PUT /v2.0/routers/2f5df2a3-572b-4693-a772-bf135259a094/add_router_interface => generated 310 bytes in 2770 msecs (HTTP/1.1 200) 4 headers in 157 bytes (1 switches on core 0) [pid: 8|app: 0|req: 800/1651] 10.0.0.53 () {32 vars in 746 bytes} [Mon Jul 20 20:24:27 2026] GET /v2.0/security-group-rules/5cafe32b-0b9b-4d22-9c0b-1d7e2f85d84c => generated 602 bytes in 106 msecs (HTTP/1.1 200) 4 headers in 157 bytes (1 switches on core 0)
2026-07-20 20:24:28.029 7 INFO neutron.db.ovn_revision_numbers_db [None req-bf51f767-5955-4dae-bc08-1a2763808043 2a9b1426083245379338ec6cad977a5f eabb168489b8487bab7dec856e466a1f - - default default] Successfully bumped revision number for resource 14dd3fcc-568c-4112-b3d3-8ebfee4fed91 (type: ports) to 1 [pid: 8|app: 0|req: 801/1652] 10.0.0.66 () {32 vars in 800 bytes} [Mon Jul 20 20:24:28 2026] GET /v2.0/extensions => generated 22668 bytes in 19 msecs (HTTP/1.1 200) 4 headers in 159 bytes (1 switches on core 0) [pid: 8|app: 0|req: 802/1653] 10.0.0.53 () {32 vars in 648 bytes} [Mon Jul 20 20:24:28 2026] GET /v2.0/networks => generated 3853 bytes in 142 msecs (HTTP/1.1 200) 4 headers in 158 bytes (1 switches on core 0)
2026-07-20 20:24:28.198 8 INFO neutron.db.ovn_revision_numbers_db [None req-d155f3ce-ea08-474f-a62a-764607d2c660 - - - - - -] Successfully bumped revision number for resource abea4686-b7b5-457f-9aa1-63bb7a317990 (type: ports) to 2 [pid: 8|app: 0|req: 803/1654] 10.0.0.53 () {32 vars in 672 bytes} [Mon Jul 20 20:24:28 2026] GET /v2.0/security-group-rules => generated 4139 bytes in 127 msecs (HTTP/1.1 200) 4 headers in 158 bytes (1 switches on core 0) [pid: 8|app: 0|req: 804/1655] 10.0.0.66 () {32 vars in 861 bytes} [Mon Jul 20 20:24:28 2026] GET /v2.0/quotas/ccfd7b7b3629469c9d9d13ab8a08605b/details => generated 904 bytes in 158 msecs (HTTP/1.1 200) 4 headers in 157 bytes (1 switches on core 0) [pid: 8|app: 0|req: 805/1656] 10.0.0.53 () {32 vars in 646 bytes} [Mon Jul 20 20:24:28 2026] GET /v2.0/subnets => generated 2606 bytes in 29 msecs (HTTP/1.1 200) 4 headers in 158 bytes (1 switches on core 0) [pid: 8|app: 0|req: 806/1657] 10.0.0.53 () {32 vars in 749 bytes} [Mon Jul 20 20:24:28 2026] DELETE /v2.0/security-group-rules/5cafe32b-0b9b-4d22-9c0b-1d7e2f85d84c => generated 0 bytes in 117 msecs (HTTP/1.1 204) 2 headers in 112 bytes (1 switches on core 0) [pid: 8|app: 0|req: 807/1658] 10.0.0.53 () {32 vars in 646 bytes} [Mon Jul 20 20:24:28 2026] GET /v2.0/routers => generated 1627 bytes in 99 msecs (HTTP/1.1 200) 4 headers in 158 bytes (1 switches on core 0)
2026-07-20 20:24:28.722 7 WARNING neutron.scheduler.dhcp_agent_scheduler [None req-bf51f767-5955-4dae-bc08-1a2763808043 2a9b1426083245379338ec6cad977a5f eabb168489b8487bab7dec856e466a1f - - default default] No more DHCP agents
2026-07-20 20:24:28.724 7 WARNING neutron.api.rpc.agentnotifiers.dhcp_rpc_agent_api [None req-bf51f767-5955-4dae-bc08-1a2763808043 2a9b1426083245379338ec6cad977a5f eabb168489b8487bab7dec856e466a1f - - default default] Unable to schedule network ef32ed1c-d012-4db2-92f7-51d94bc51640: no agents available; will retry on subsequent port and subnet creation events. [pid: 8|app: 0|req: 808/1659] 10.0.0.53 () {32 vars in 672 bytes} [Mon Jul 20 20:24:28 2026] GET /v2.0/security-group-rules => generated 3560 bytes in 55 msecs (HTTP/1.1 200) 4 headers in 158 bytes (1 switches on core 0) [pid: 8|app: 0|req: 809/1660] 10.0.0.53 () {32 vars in 739 bytes} [Mon Jul 20 20:24:28 2026] DELETE /v2.0/security-groups/db7b190d-4753-4a51-b222-58d003eebb37 => generated 0 bytes in 156 msecs (HTTP/1.1 204) 2 headers in 112 bytes (1 switches on core 0)
2026-07-20 20:24:28.938 7 INFO neutron.db.ovn_revision_numbers_db [None req-bf51f767-5955-4dae-bc08-1a2763808043 2a9b1426083245379338ec6cad977a5f eabb168489b8487bab7dec856e466a1f - - default default] Successfully bumped revision number for resource 14dd3fcc-568c-4112-b3d3-8ebfee4fed91 (type: router_ports) to 1 [pid: 7|app: 0|req: 852/1661] 10.0.0.53 () {34 vars in 782 bytes} [Mon Jul 20 20:24:27 2026] PUT /v2.0/routers/ca9b83bb-9cfa-4398-a382-8bb6174c3aa6/add_router_interface => generated 310 bytes in 1687 msecs (HTTP/1.1 200) 4 headers in 157 bytes (1 switches on core 0) [pid: 7|app: 0|req: 853/1662] 10.0.0.187 () {28 vars in 583 bytes} [Mon Jul 20 20:24:28 2026] GET /v2.0/subnets => generated 2606 bytes in 92 msecs (HTTP/1.1 200) 4 headers in 158 bytes (1 switches on core 0) [pid: 7|app: 0|req: 854/1663] 10.0.0.53 () {32 vars in 662 bytes} [Mon Jul 20 20:24:29 2026] GET /v2.0/security-groups => generated 2925 bytes in 37 msecs (HTTP/1.1 200) 4 headers in 158 bytes (1 switches on core 0)
2026-07-20 20:24:29.111 8 INFO neutron.db.ovn_revision_numbers_db [None req-d93f629a-9e48-4a01-b673-b72e6557df06 55054b8e14b348d2a8822231c06c7c2e eaadb182d883428faf945115a5c8c97c - - default default] Successfully bumped revision number for resource a3567c96-3f18-4c13-b23c-588edaf1c602 (type: security_groups) to 1 [pid: 7|app: 0|req: 855/1664] 10.0.0.53 () {32 vars in 716 bytes} [Mon Jul 20 20:24:29 2026] GET /v2.0/ports/14dd3fcc-568c-4112-b3d3-8ebfee4fed91 => generated 941 bytes in 47 msecs (HTTP/1.1 200) 4 headers in 157 bytes (1 switches on core 0)
2026-07-20 20:24:29.124 8 INFO neutron.db.ovn_revision_numbers_db [None req-d93f629a-9e48-4a01-b673-b72e6557df06 55054b8e14b348d2a8822231c06c7c2e eaadb182d883428faf945115a5c8c97c - - default default] Successfully bumped revision number for resource 01e76005-4f58-412d-9268-d6c6834ad17c (type: security_group_rules) to 0
2026-07-20 20:24:29.143 8 INFO neutron.db.ovn_revision_numbers_db [None req-d93f629a-9e48-4a01-b673-b72e6557df06 55054b8e14b348d2a8822231c06c7c2e eaadb182d883428faf945115a5c8c97c - - default default] Successfully bumped revision number for resource 503f78da-423c-4a3a-ab82-53576767a130 (type: security_group_rules) to 0 [pid: 7|app: 0|req: 856/1665] 10.0.0.187 () {28 vars in 581 bytes} [Mon Jul 20 20:24:29 2026] GET /v2.0/agents => generated 1214 bytes in 55 msecs (HTTP/1.1 200) 4 headers in 158 bytes (1 switches on core 0) [pid: 8|app: 0|req: 810/1666] 10.0.0.53 () {34 vars in 684 bytes} [Mon Jul 20 20:24:28 2026] POST /v2.0/security-groups => generated 1675 bytes in 263 msecs (HTTP/1.1 201) 4 headers in 163 bytes (1 switches on core 0) [pid: 7|app: 0|req: 857/1667] 10.0.0.53 () {32 vars in 662 bytes} [Mon Jul 20 20:24:29 2026] GET /v2.0/security-groups => generated 2925 bytes in 34 msecs (HTTP/1.1 200) 4 headers in 158 bytes (1 switches on core 0) [pid: 7|app: 0|req: 858/1668] 10.0.0.187 () {28 vars in 591 bytes} [Mon Jul 20 20:24:29 2026] GET /v2.0/floatingips => generated 19 bytes in 29 msecs (HTTP/1.1 200) 4 headers in 156 bytes (1 switches on core 0) [pid: 8|app: 0|req: 811/1669] 10.0.0.53 () {32 vars in 716 bytes} [Mon Jul 20 20:24:29 2026] GET /v2.0/ports/14dd3fcc-568c-4112-b3d3-8ebfee4fed91 => generated 941 bytes in 99 msecs (HTTP/1.1 200) 4 headers in 157 bytes (1 switches on core 0) [pid: 8|app: 0|req: 812/1670] 10.0.0.187 () {28 vars in 585 bytes} [Mon Jul 20 20:24:29 2026] GET /v2.0/networks => generated 3853 bytes in 74 msecs (HTTP/1.1 200) 4 headers in 158 bytes (1 switches on core 0)
2026-07-20 20:24:29.394 7 INFO neutron.db.ovn_revision_numbers_db [None req-97384336-8754-4fa6-bf17-97b98aa861ce 55054b8e14b348d2a8822231c06c7c2e eaadb182d883428faf945115a5c8c97c - - default default] Successfully bumped revision number for resource dacc1dcf-4839-4a89-a363-5ea08f5a7a2e (type: security_group_rules) to 0 [pid: 8|app: 0|req: 813/1671] 10.0.0.187 () {28 vars in 599 bytes} [Mon Jul 20 20:24:29 2026] GET /v2.0/security-groups => generated 28378 bytes in 56 msecs (HTTP/1.1 200) 4 headers in 159 bytes (1 switches on core 0) [pid: 7|app: 0|req: 859/1672] 10.0.0.53 () {34 vars in 694 bytes} [Mon Jul 20 20:24:29 2026] POST /v2.0/security-group-rules => generated 597 bytes in 192 msecs (HTTP/1.1 201) 4 headers in 162 bytes (1 switches on core 0) [pid: 8|app: 0|req: 814/1673] 10.0.0.187 () {28 vars in 579 bytes} [Mon Jul 20 20:24:29 2026] GET /v2.0/ports => generated 10570 bytes in 57 msecs (HTTP/1.1 200) 4 headers in 159 bytes (1 switches on core 0) [pid: 8|app: 0|req: 815/1674] 10.0.0.187 () {28 vars in 583 bytes} [Mon Jul 20 20:24:29 2026] GET /v2.0/routers => generated 1627 bytes in 85 msecs (HTTP/1.1 200) 4 headers in 158 bytes (1 switches on core 0)
