2026-07-20 20:26:12.317 7 INFO neutron.services.segments.plugin [-] Client error retrieving segment a66b64f2-34dc-4bbb-a4ed-6c2c53e67f77 resource provider; error: Placement Client Error (4xx): {"errors": [{"status": 404, "title": "Not Found", "detail": "The resource could not be found.\n\n No resource provider with uuid a66b64f2-34dc-4bbb-a4ed-6c2c53e67f77 found for delete ", "request_id": "req-2e9bb4b8-71b3-494e-9162-671bc4717cb0"}]} [pid: 7|app: 0|req: 1177/2394] 10.0.0.53 () {32 vars in 725 bytes} [Mon Jul 20 20:26:11 2026] DELETE /v2.0/networks/994e7a4f-3f00-4835-81c1-b2e8bb8f7024 => generated 0 bytes in 416 msecs (HTTP/1.1 204) 3 headers in 131 bytes (1 switches on core 0)
2026-07-20 20:26:12.493 8 INFO neutron_taas.services.taas.taas_plugin [None req-7f825130-6634-4398-9a88-6074ff8455ce ab448d3b0bad4f6d8583c6f8008a1419 06d0c63e924149969f4f0bb03135cb77 - - default default] TaaS: Handle Delete Port: 49644601-c76f-41c1-ab3f-a756aa0615fb
2026-07-20 20:26:12.496 8 INFO neutron_taas.services.taas.tap_mirror_plugin [None req-7f825130-6634-4398-9a88-6074ff8455ce ab448d3b0bad4f6d8583c6f8008a1419 06d0c63e924149969f4f0bb03135cb77 - - default default] Tap Mirror: Handle Delete Port: 49644601-c76f-41c1-ab3f-a756aa0615fb [pid: 8|app: 0|req: 1218/2395] 10.0.0.53 () {32 vars in 725 bytes} [Mon Jul 20 20:26:12 2026] DELETE /v2.0/networks/23988167-627d-4652-93da-b177d2df62ba => generated 0 bytes in 404 msecs (HTTP/1.1 204) 3 headers in 131 bytes (1 switches on core 0)
2026-07-20 20:26:12.887 7 INFO neutron_taas.services.taas.taas_plugin [None req-5b7022f8-437d-4638-85f2-1a0f6662b737 ab448d3b0bad4f6d8583c6f8008a1419 06d0c63e924149969f4f0bb03135cb77 - - default default] TaaS: Handle Delete Port: f48ed6d3-2c2f-4dd8-b4d9-254e88ff650c
2026-07-20 20:26:12.890 7 INFO neutron_taas.services.taas.tap_mirror_plugin [None req-5b7022f8-437d-4638-85f2-1a0f6662b737 ab448d3b0bad4f6d8583c6f8008a1419 06d0c63e924149969f4f0bb03135cb77 - - default default] Tap Mirror: Handle Delete Port: f48ed6d3-2c2f-4dd8-b4d9-254e88ff650c [pid: 7|app: 0|req: 1178/2396] 10.0.0.53 () {32 vars in 725 bytes} [Mon Jul 20 20:26:12 2026] DELETE /v2.0/networks/37022e10-675a-403b-b3c1-ab2c3cea77ca => generated 0 bytes in 376 msecs (HTTP/1.1 204) 3 headers in 131 bytes (1 switches on core 0) [pid: 8|app: 0|req: 1219/2397] 10.0.0.53 () {34 vars in 677 bytes} [Mon Jul 20 20:26:13 2026] POST /v2.0/qos/policies => generated 359 bytes in 198 msecs (HTTP/1.1 201) 4 headers in 162 bytes (1 switches on core 0)
2026-07-20 20:26:13.256 7 WARNING tagging [None req-2b6bfe5f-b4d2-43ab-9a83-d4851cdebd57 755825c467014a4fa34faab41f814c40 d3f17a90e83f41908635a64abe5dbd72 - - default default] project_id key not found in request, using tenant_id instead. This support has been deprecated and will be removed in a future release. [pid: 7|app: 0|req: 1179/2398] 10.0.0.53 () {34 vars in 752 bytes} [Mon Jul 20 20:26:13 2026] PUT /v2.0/policies/288e76e3-ebc4-420c-b06c-6c63e2e7c7c0/tags => generated 25 bytes in 57 msecs (HTTP/1.1 200) 4 headers in 156 bytes (1 switches on core 0)
2026-07-20 20:26:13.318 8 WARNING tagging [None req-bb2906fb-97b8-48dd-b579-4a8e8245f02d 755825c467014a4fa34faab41f814c40 d3f17a90e83f41908635a64abe5dbd72 - - default default] project_id key not found in request, using tenant_id instead. This support has been deprecated and will be removed in a future release. [pid: 8|app: 0|req: 1220/2399] 10.0.0.53 () {32 vars in 732 bytes} [Mon Jul 20 20:26:13 2026] GET /v2.0/policies/288e76e3-ebc4-420c-b06c-6c63e2e7c7c0/tags => generated 25 bytes in 44 msecs (HTTP/1.1 200) 4 headers in 156 bytes (1 switches on core 0)
2026-07-20 20:26:13.369 7 WARNING tagging [None req-f284384a-24d6-4397-849c-9d5f9da14da7 755825c467014a4fa34faab41f814c40 d3f17a90e83f41908635a64abe5dbd72 - - default default] project_id key not found in request, using tenant_id instead. This support has been deprecated and will be removed in a future release. [pid: 7|app: 0|req: 1180/2400] 10.0.0.53 () {34 vars in 763 bytes} [Mon Jul 20 20:26:13 2026] PUT /v2.0/policies/288e76e3-ebc4-420c-b06c-6c63e2e7c7c0/tags/green => generated 4 bytes in 74 msecs (HTTP/1.1 201) 4 headers in 160 bytes (1 switches on core 0)
2026-07-20 20:26:13.418 8 INFO neutron.services.segments.plugin [-] Segment 91f8e487-a1b6-42aa-942c-2a7fc42273f3 resource provider aggregate not found
2026-07-20 20:26:13.427 8 INFO neutron.services.segments.plugin [-] Segment 91f8e487-a1b6-42aa-942c-2a7fc42273f3 resource provider aggregate not found
2026-07-20 20:26:13.447 8 INFO neutron.services.segments.plugin [-] Client error retrieving segment 91f8e487-a1b6-42aa-942c-2a7fc42273f3 resource provider; error: Placement Client Error (4xx): {"errors": [{"status": 404, "title": "Not Found", "detail": "The resource could not be found.\n\n No resource provider with uuid 91f8e487-a1b6-42aa-942c-2a7fc42273f3 found for delete ", "request_id": "req-c83d8816-7bf6-431a-8e5d-d3daac6022cc"}]}
2026-07-20 20:26:13.452 8 INFO neutron.services.segments.plugin [-] Client error retrieving segment 91f8e487-a1b6-42aa-942c-2a7fc42273f3 resource provider; error: Placement Client Error (4xx): {"errors": [{"status": 404, "title": "Not Found", "detail": "The resource could not be found.\n\n No resource provider with uuid 91f8e487-a1b6-42aa-942c-2a7fc42273f3 found for delete ", "request_id": "req-a906bb7a-5dd3-4115-8a39-f223666ce8c9"}]}
2026-07-20 20:26:13.461 8 INFO neutron.services.segments.plugin [-] Segment 343ba03e-04b6-4d84-81cd-4a26ab34ad6c resource provider aggregate not found
2026-07-20 20:26:13.469 8 WARNING tagging [None req-374f7a56-9a7a-4268-98a0-13fa5a551a97 755825c467014a4fa34faab41f814c40 d3f17a90e83f41908635a64abe5dbd72 - - default default] project_id key not found in request, using tenant_id instead. This support has been deprecated and will be removed in a future release.
2026-07-20 20:26:13.472 8 INFO neutron.services.segments.plugin [-] Segment 343ba03e-04b6-4d84-81cd-4a26ab34ad6c resource provider aggregate not found [pid: 8|app: 0|req: 1221/2401] 10.0.0.53 () {32 vars in 732 bytes} [Mon Jul 20 20:26:13 2026] GET /v2.0/policies/288e76e3-ebc4-420c-b06c-6c63e2e7c7c0/tags => generated 34 bytes in 72 msecs (HTTP/1.1 200) 4 headers in 156 bytes (1 switches on core 0)
2026-07-20 20:26:13.491 8 INFO neutron.services.segments.plugin [-] Client error retrieving segment 343ba03e-04b6-4d84-81cd-4a26ab34ad6c resource provider; error: Placement Client Error (4xx): {"errors": [{"status": 404, "title": "Not Found", "detail": "The resource could not be found.\n\n No resource provider with uuid 343ba03e-04b6-4d84-81cd-4a26ab34ad6c found for delete ", "request_id": "req-7f503092-6a1b-4bb9-9964-a79d39d9bf15"}]}
2026-07-20 20:26:13.498 8 INFO neutron.services.segments.plugin [-] Client error retrieving segment 343ba03e-04b6-4d84-81cd-4a26ab34ad6c resource provider; error: Placement Client Error (4xx): {"errors": [{"status": 404, "title": "Not Found", "detail": "The resource could not be found.\n\n No resource provider with uuid 343ba03e-04b6-4d84-81cd-4a26ab34ad6c found for delete ", "request_id": "req-926b5043-2e10-4493-8a55-a6f7229771ec"}]}
2026-07-20 20:26:13.530 7 WARNING tagging [None req-3df1cd2e-2b82-4f98-8d04-67516e41cd5d 755825c467014a4fa34faab41f814c40 d3f17a90e83f41908635a64abe5dbd72 - - default default] project_id key not found in request, using tenant_id instead. This support has been deprecated and will be removed in a future release. [pid: 7|app: 0|req: 1181/2402] 10.0.0.53 () {34 vars in 759 bytes} [Mon Jul 20 20:26:13 2026] PUT /v2.0/policies/288e76e3-ebc4-420c-b06c-6c63e2e7c7c0/tags/red => generated 4 bytes in 60 msecs (HTTP/1.1 201) 4 headers in 160 bytes (1 switches on core 0)
2026-07-20 20:26:13.590 8 WARNING tagging [None req-6404099c-60f1-4794-9fab-d0a9c5e28429 755825c467014a4fa34faab41f814c40 d3f17a90e83f41908635a64abe5dbd72 - - default default] project_id key not found in request, using tenant_id instead. This support has been deprecated and will be removed in a future release. [pid: 8|app: 0|req: 1222/2403] 10.0.0.53 () {32 vars in 732 bytes} [Mon Jul 20 20:26:13 2026] GET /v2.0/policies/288e76e3-ebc4-420c-b06c-6c63e2e7c7c0/tags => generated 34 bytes in 41 msecs (HTTP/1.1 200) 4 headers in 156 bytes (1 switches on core 0)
2026-07-20 20:26:13.638 7 WARNING tagging [None req-2380dc02-ab57-46b1-9b69-980e56911a2e 755825c467014a4fa34faab41f814c40 d3f17a90e83f41908635a64abe5dbd72 - - default default] project_id key not found in request, using tenant_id instead. This support has been deprecated and will be removed in a future release. [pid: 7|app: 0|req: 1182/2404] 10.0.0.53 () {34 vars in 781 bytes} [Mon Jul 20 20:26:13 2026] PUT /v2.0/policies/288e76e3-ebc4-420c-b06c-6c63e2e7c7c0/tags/black.or.white => generated 4 bytes in 58 msecs (HTTP/1.1 201) 4 headers in 160 bytes (1 switches on core 0)
2026-07-20 20:26:13.706 8 WARNING tagging [None req-acfb7055-3aa0-4afe-829e-97f8f518f13a 755825c467014a4fa34faab41f814c40 d3f17a90e83f41908635a64abe5dbd72 - - default default] project_id key not found in request, using tenant_id instead. This support has been deprecated and will be removed in a future release. [pid: 8|app: 0|req: 1223/2405] 10.0.0.53 () {32 vars in 732 bytes} [Mon Jul 20 20:26:13 2026] GET /v2.0/policies/288e76e3-ebc4-420c-b06c-6c63e2e7c7c0/tags => generated 52 bytes in 41 msecs (HTTP/1.1 200) 4 headers in 156 bytes (1 switches on core 0)
2026-07-20 20:26:13.755 7 WARNING tagging [None req-a38f2569-6432-4ea3-9631-2174e1be4b75 755825c467014a4fa34faab41f814c40 d3f17a90e83f41908635a64abe5dbd72 - - default default] project_id key not found in request, using tenant_id instead. This support has been deprecated and will be removed in a future release. [pid: 7|app: 0|req: 1183/2406] 10.0.0.53 () {34 vars in 752 bytes} [Mon Jul 20 20:26:13 2026] PUT /v2.0/policies/288e76e3-ebc4-420c-b06c-6c63e2e7c7c0/tags => generated 37 bytes in 61 msecs (HTTP/1.1 200) 4 headers in 156 bytes (1 switches on core 0)
2026-07-20 20:26:13.821 8 WARNING tagging [None req-f5066e58-70c2-4825-8119-8737591d214f 755825c467014a4fa34faab41f814c40 d3f17a90e83f41908635a64abe5dbd72 - - default default] project_id key not found in request, using tenant_id instead. This support has been deprecated and will be removed in a future release. [pid: 8|app: 0|req: 1224/2407] 10.0.0.53 () {32 vars in 732 bytes} [Mon Jul 20 20:26:13 2026] GET /v2.0/policies/288e76e3-ebc4-420c-b06c-6c63e2e7c7c0/tags => generated 37 bytes in 45 msecs (HTTP/1.1 200) 4 headers in 156 bytes (1 switches on core 0)
2026-07-20 20:26:13.872 7 WARNING tagging [None req-a81839e2-d388-4cbe-b5c1-fed4492d3456 755825c467014a4fa34faab41f814c40 d3f17a90e83f41908635a64abe5dbd72 - - default default] project_id key not found in request, using tenant_id instead. This support has been deprecated and will be removed in a future release. [pid: 7|app: 0|req: 1184/2408] 10.0.0.53 () {32 vars in 740 bytes} [Mon Jul 20 20:26:13 2026] GET /v2.0/policies/288e76e3-ebc4-420c-b06c-6c63e2e7c7c0/tags/red => generated 0 bytes in 44 msecs (HTTP/1.1 204) 2 headers in 112 bytes (1 switches on core 0)
2026-07-20 20:26:13.918 8 WARNING tagging [None req-e0a4dc31-7d9f-4f19-b4ee-4b3eb3ccba0d 755825c467014a4fa34faab41f814c40 d3f17a90e83f41908635a64abe5dbd72 - - default default] project_id key not found in request, using tenant_id instead. This support has been deprecated and will be removed in a future release.
2026-07-20 20:26:13.925 8 INFO neutron.api.v2.resource [None req-e0a4dc31-7d9f-4f19-b4ee-4b3eb3ccba0d 755825c467014a4fa34faab41f814c40 d3f17a90e83f41908635a64abe5dbd72 - - default default] show failed (client error): The resource could not be found. [pid: 8|app: 0|req: 1225/2409] 10.0.0.53 () {32 vars in 744 bytes} [Mon Jul 20 20:26:13 2026] GET /v2.0/policies/288e76e3-ebc4-420c-b06c-6c63e2e7c7c0/tags/green => generated 99 bytes in 41 msecs (HTTP/1.1 404) 4 headers in 163 bytes (1 switches on core 0)
2026-07-20 20:26:13.973 7 WARNING tagging [None req-afd221d4-5c4c-43b2-bbb7-adeac8f9538c 755825c467014a4fa34faab41f814c40 d3f17a90e83f41908635a64abe5dbd72 - - default default] project_id key not found in request, using tenant_id instead. This support has been deprecated and will be removed in a future release. [pid: 7|app: 0|req: 1185/2410] 10.0.0.53 () {32 vars in 743 bytes} [Mon Jul 20 20:26:13 2026] DELETE /v2.0/policies/288e76e3-ebc4-420c-b06c-6c63e2e7c7c0/tags/red => generated 0 bytes in 66 msecs (HTTP/1.1 204) 2 headers in 112 bytes (1 switches on core 0)
2026-07-20 20:26:14.035 7 WARNING tagging [None req-fcb4aee4-ab89-4b72-8097-53f4edd4599a 755825c467014a4fa34faab41f814c40 d3f17a90e83f41908635a64abe5dbd72 - - default default] project_id key not found in request, using tenant_id instead. This support has been deprecated and will be removed in a future release. [pid: 7|app: 0|req: 1186/2411] 10.0.0.53 () {32 vars in 732 bytes} [Mon Jul 20 20:26:14 2026] GET /v2.0/policies/288e76e3-ebc4-420c-b06c-6c63e2e7c7c0/tags => generated 30 bytes in 41 msecs (HTTP/1.1 200) 4 headers in 156 bytes (1 switches on core 0)
2026-07-20 20:26:14.080 7 WARNING tagging [None req-827774bb-ee90-411d-a956-0b0ee0e99c85 755825c467014a4fa34faab41f814c40 d3f17a90e83f41908635a64abe5dbd72 - - default default] project_id key not found in request, using tenant_id instead. This support has been deprecated and will be removed in a future release.
2026-07-20 20:26:14.098 7 INFO neutron.api.v2.resource [None req-827774bb-ee90-411d-a956-0b0ee0e99c85 755825c467014a4fa34faab41f814c40 d3f17a90e83f41908635a64abe5dbd72 - - default default] delete failed (client error): The resource could not be found. [pid: 7|app: 0|req: 1187/2412] 10.0.0.53 () {32 vars in 747 bytes} [Mon Jul 20 20:26:14 2026] DELETE /v2.0/policies/288e76e3-ebc4-420c-b06c-6c63e2e7c7c0/tags/green => generated 99 bytes in 50 msecs (HTTP/1.1 404) 4 headers in 163 bytes (1 switches on core 0)
2026-07-20 20:26:14.134 7 WARNING tagging [None req-136ac795-f1dc-4fed-8412-981d46ca217e 755825c467014a4fa34faab41f814c40 d3f17a90e83f41908635a64abe5dbd72 - - default default] project_id key not found in request, using tenant_id instead. This support has been deprecated and will be removed in a future release. [pid: 7|app: 0|req: 1188/2413] 10.0.0.53 () {32 vars in 735 bytes} [Mon Jul 20 20:26:14 2026] DELETE /v2.0/policies/288e76e3-ebc4-420c-b06c-6c63e2e7c7c0/tags => generated 0 bytes in 56 msecs (HTTP/1.1 204) 2 headers in 112 bytes (1 switches on core 0)
2026-07-20 20:26:14.186 8 WARNING neutron.db.securitygroups_db [None req-d43ee44c-f883-4870-8db0-50283100831d 2da59ac1902147c68dd85a4308b492a9 76dbea4f76dc44438bf839f74c121db4 - - default default] project_id key not found in filters, using tenant_id instead. This support has been deprecated and will be removed in a future release.
2026-07-20 20:26:14.198 7 WARNING tagging [None req-9c83665f-029a-49d7-a8b6-a4479c59e0ae 755825c467014a4fa34faab41f814c40 d3f17a90e83f41908635a64abe5dbd72 - - default default] project_id key not found in request, using tenant_id instead. This support has been deprecated and will be removed in a future release. [pid: 7|app: 0|req: 1189/2414] 10.0.0.53 () {32 vars in 732 bytes} [Mon Jul 20 20:26:14 2026] GET /v2.0/policies/288e76e3-ebc4-420c-b06c-6c63e2e7c7c0/tags => generated 12 bytes in 42 msecs (HTTP/1.1 200) 4 headers in 156 bytes (1 switches on core 0) [pid: 7|app: 0|req: 1190/2415] 10.0.0.53 () {32 vars in 733 bytes} [Mon Jul 20 20:26:14 2026] DELETE /v2.0/qos/policies/288e76e3-ebc4-420c-b06c-6c63e2e7c7c0 => generated 0 bytes in 82 msecs (HTTP/1.1 204) 2 headers in 112 bytes (1 switches on core 0)
2026-07-20 20:26:14.349 7 INFO neutron.services.segments.plugin [-] Segment cb5e4aec-746c-45a5-b3ef-aeb31848992e resource provider aggregate not found
2026-07-20 20:26:14.352 7 INFO neutron.services.segments.plugin [-] Segment cb5e4aec-746c-45a5-b3ef-aeb31848992e resource provider aggregate not found
2026-07-20 20:26:14.375 8 INFO neutron.db.ovn_revision_numbers_db [None req-d43ee44c-f883-4870-8db0-50283100831d 2da59ac1902147c68dd85a4308b492a9 76dbea4f76dc44438bf839f74c121db4 - - default default] Successfully bumped revision number for resource b8b9e52c-e7a3-466d-92d8-6aa2458d16ca (type: security_groups) to 1
2026-07-20 20:26:14.377 7 INFO neutron.services.segments.plugin [-] Client error retrieving segment cb5e4aec-746c-45a5-b3ef-aeb31848992e resource provider; error: Placement Client Error (4xx): {"errors": [{"status": 404, "title": "Not Found", "detail": "The resource could not be found.\n\n No resource provider with uuid cb5e4aec-746c-45a5-b3ef-aeb31848992e found for delete ", "request_id": "req-f5dc5fba-c4ca-464a-a740-02a79df4d217"}]}
2026-07-20 20:26:14.381 7 INFO neutron.services.segments.plugin [-] Client error retrieving segment cb5e4aec-746c-45a5-b3ef-aeb31848992e resource provider; error: Placement Client Error (4xx): {"errors": [{"status": 404, "title": "Not Found", "detail": "The resource could not be found.\n\n No resource provider with uuid cb5e4aec-746c-45a5-b3ef-aeb31848992e found for delete ", "request_id": "req-956f1694-60f7-4d58-ba05-76d88e0262bb"}]}
2026-07-20 20:26:14.403 8 INFO neutron.db.ovn_revision_numbers_db [None req-d43ee44c-f883-4870-8db0-50283100831d 2da59ac1902147c68dd85a4308b492a9 76dbea4f76dc44438bf839f74c121db4 - - default default] Successfully bumped revision number for resource 4aacaf24-758d-48d7-a8e1-c1971493a42a (type: security_group_rules) to 0
2026-07-20 20:26:14.415 8 INFO neutron.db.ovn_revision_numbers_db [None req-d43ee44c-f883-4870-8db0-50283100831d 2da59ac1902147c68dd85a4308b492a9 76dbea4f76dc44438bf839f74c121db4 - - default default] Successfully bumped revision number for resource a5b12752-c515-4e9c-bbb9-209c52c900bd (type: security_group_rules) to 0
2026-07-20 20:26:14.429 8 INFO neutron.db.ovn_revision_numbers_db [None req-d43ee44c-f883-4870-8db0-50283100831d 2da59ac1902147c68dd85a4308b492a9 76dbea4f76dc44438bf839f74c121db4 - - default default] Successfully bumped revision number for resource d6925cfb-4c39-4ad9-95b9-0dae9a3c70cb (type: security_group_rules) to 0
2026-07-20 20:26:14.442 8 INFO neutron.db.ovn_revision_numbers_db [None req-d43ee44c-f883-4870-8db0-50283100831d 2da59ac1902147c68dd85a4308b492a9 76dbea4f76dc44438bf839f74c121db4 - - default default] Successfully bumped revision number for resource d933cff3-9cca-4dd3-8c59-dc575e1d8865 (type: security_group_rules) to 0 [pid: 8|app: 0|req: 1226/2416] 10.0.0.53 () {32 vars in 773 bytes} [Mon Jul 20 20:26:13 2026] GET /v2.0/security-groups?tenant_id=03b3b7d21d6e4a0497efd8b21255b1dc&name=default => generated 2929 bytes in 486 msecs (HTTP/1.1 200) 4 headers in 158 bytes (1 switches on core 0) [pid: 7|app: 0|req: 1191/2417] 10.0.0.53 () {32 vars in 739 bytes} [Mon Jul 20 20:26:14 2026] DELETE /v2.0/security-groups/b8b9e52c-e7a3-466d-92d8-6aa2458d16ca => generated 0 bytes in 209 msecs (HTTP/1.1 204) 2 headers in 112 bytes (1 switches on core 0)
2026-07-20 20:26:14.941 8 WARNING neutron.db.securitygroups_db [None req-8635bd43-ce86-40fd-ac59-646a2ca7bb64 2da59ac1902147c68dd85a4308b492a9 76dbea4f76dc44438bf839f74c121db4 - - default default] project_id key not found in filters, using tenant_id instead. This support has been deprecated and will be removed in a future release. [pid: 8|app: 0|req: 1227/2418] 10.0.0.53 () {32 vars in 773 bytes} [Mon Jul 20 20:26:14 2026] GET /v2.0/security-groups?tenant_id=06d0c63e924149969f4f0bb03135cb77&name=default => generated 2925 bytes in 34 msecs (HTTP/1.1 200) 4 headers in 158 bytes (1 switches on core 0)
2026-07-20 20:26:15.131 8 WARNING neutron.db.securitygroups_db [None req-44f6b3be-59e0-43c5-8eda-185f8f03f2fc 2da59ac1902147c68dd85a4308b492a9 76dbea4f76dc44438bf839f74c121db4 - - default default] project_id key not found in filters, using tenant_id instead. This support has been deprecated and will be removed in a future release. [pid: 7|app: 0|req: 1192/2419] 10.0.0.53 () {32 vars in 739 bytes} [Mon Jul 20 20:26:14 2026] DELETE /v2.0/security-groups/ab7b914f-d345-43f4-9f0d-2f5ecf673bf8 => generated 0 bytes in 193 msecs (HTTP/1.1 204) 2 headers in 112 bytes (1 switches on core 0)
2026-07-20 20:26:15.286 7 WARNING neutron.db.securitygroups_db [None req-2f6c384a-c48b-46c8-a46c-5a8a1f28b19b 2da59ac1902147c68dd85a4308b492a9 76dbea4f76dc44438bf839f74c121db4 - - default default] project_id key not found in filters, using tenant_id instead. This support has been deprecated and will be removed in a future release.
2026-07-20 20:26:15.293 8 INFO neutron.db.ovn_revision_numbers_db [None req-44f6b3be-59e0-43c5-8eda-185f8f03f2fc 2da59ac1902147c68dd85a4308b492a9 76dbea4f76dc44438bf839f74c121db4 - - default default] Successfully bumped revision number for resource 0f94c2a3-e735-4b0a-9b04-18184b4aed9c (type: security_groups) to 1
2026-07-20 20:26:15.310 8 INFO neutron.db.ovn_revision_numbers_db [None req-44f6b3be-59e0-43c5-8eda-185f8f03f2fc 2da59ac1902147c68dd85a4308b492a9 76dbea4f76dc44438bf839f74c121db4 - - default default] Successfully bumped revision number for resource 3bb16b35-d97d-4ab6-98e9-c9c41d235e10 (type: security_group_rules) to 0
2026-07-20 20:26:15.325 8 INFO neutron.db.ovn_revision_numbers_db [None req-44f6b3be-59e0-43c5-8eda-185f8f03f2fc 2da59ac1902147c68dd85a4308b492a9 76dbea4f76dc44438bf839f74c121db4 - - default default] Successfully bumped revision number for resource 3ec8960d-0ba8-41d1-926c-10a1d6149d62 (type: security_group_rules) to 0
2026-07-20 20:26:15.341 8 INFO neutron.db.ovn_revision_numbers_db [None req-44f6b3be-59e0-43c5-8eda-185f8f03f2fc 2da59ac1902147c68dd85a4308b492a9 76dbea4f76dc44438bf839f74c121db4 - - default default] Successfully bumped revision number for resource d434bdae-4c2c-40ef-bf55-77c38cf8eb0b (type: security_group_rules) to 0
2026-07-20 20:26:15.362 8 INFO neutron.db.ovn_revision_numbers_db [None req-44f6b3be-59e0-43c5-8eda-185f8f03f2fc 2da59ac1902147c68dd85a4308b492a9 76dbea4f76dc44438bf839f74c121db4 - - default default] Successfully bumped revision number for resource fab2c898-d4e8-4318-9b05-715fef7d8abf (type: security_group_rules) to 0 [pid: 8|app: 0|req: 1228/2420] 10.0.0.53 () {32 vars in 773 bytes} [Mon Jul 20 20:26:15 2026] GET /v2.0/security-groups?tenant_id=4aa7debe4dc545ab918c53fc7a2eb8fe&name=default => generated 2929 bytes in 435 msecs (HTTP/1.1 200) 4 headers in 158 bytes (1 switches on core 0)
2026-07-20 20:26:15.475 7 INFO neutron.db.ovn_revision_numbers_db [None req-2f6c384a-c48b-46c8-a46c-5a8a1f28b19b 2da59ac1902147c68dd85a4308b492a9 76dbea4f76dc44438bf839f74c121db4 - - default default] Successfully bumped revision number for resource 89451761-5b33-43a9-87c6-96489f59da93 (type: security_groups) to 1
2026-07-20 20:26:15.488 7 INFO neutron.db.ovn_revision_numbers_db [None req-2f6c384a-c48b-46c8-a46c-5a8a1f28b19b 2da59ac1902147c68dd85a4308b492a9 76dbea4f76dc44438bf839f74c121db4 - - default default] Successfully bumped revision number for resource 2db2db77-6128-4283-b9d4-eb7045bd1ed8 (type: security_group_rules) to 0
2026-07-20 20:26:15.503 7 INFO neutron.db.ovn_revision_numbers_db [None req-2f6c384a-c48b-46c8-a46c-5a8a1f28b19b 2da59ac1902147c68dd85a4308b492a9 76dbea4f76dc44438bf839f74c121db4 - - default default] Successfully bumped revision number for resource 95f61f79-c72d-45ee-8522-2fe276d95225 (type: security_group_rules) to 0
2026-07-20 20:26:15.516 7 INFO neutron.db.ovn_revision_numbers_db [None req-2f6c384a-c48b-46c8-a46c-5a8a1f28b19b 2da59ac1902147c68dd85a4308b492a9 76dbea4f76dc44438bf839f74c121db4 - - default default] Successfully bumped revision number for resource a6e56ce0-5df0-4908-96c3-8a8d268cfcbc (type: security_group_rules) to 0
2026-07-20 20:26:15.532 7 INFO neutron.db.ovn_revision_numbers_db [None req-2f6c384a-c48b-46c8-a46c-5a8a1f28b19b 2da59ac1902147c68dd85a4308b492a9 76dbea4f76dc44438bf839f74c121db4 - - default default] Successfully bumped revision number for resource ef942528-b6af-4ec2-9d15-4b7055ac748d (type: security_group_rules) to 0 [pid: 7|app: 0|req: 1193/2421] 10.0.0.53 () {32 vars in 773 bytes} [Mon Jul 20 20:26:15 2026] GET /v2.0/security-groups?tenant_id=210ec1cbc9e949b18c7ddfd7173e0212&name=default => generated 2929 bytes in 306 msecs (HTTP/1.1 200) 4 headers in 158 bytes (1 switches on core 0)
2026-07-20 20:26:15.728 8 INFO neutron.db.ovn_revision_numbers_db [None req-59d4b417-ec2e-49a7-8b63-551cbd9b0b4a 4b544dfc27cf4921b2990e0542dc0a44 154c7626bbaa4456a8127c6f11b22faa - - default default] Successfully bumped revision number for resource 9f162e04-d0d9-4010-8593-2e7a066792d5 (type: security_groups) to 1
2026-07-20 20:26:15.745 8 INFO neutron.db.ovn_revision_numbers_db [None req-59d4b417-ec2e-49a7-8b63-551cbd9b0b4a 4b544dfc27cf4921b2990e0542dc0a44 154c7626bbaa4456a8127c6f11b22faa - - default default] Successfully bumped revision number for resource 405f8fdb-6982-4e4c-9625-e90b34f015c5 (type: security_group_rules) to 0
2026-07-20 20:26:15.763 8 INFO neutron.db.ovn_revision_numbers_db [None req-59d4b417-ec2e-49a7-8b63-551cbd9b0b4a 4b544dfc27cf4921b2990e0542dc0a44 154c7626bbaa4456a8127c6f11b22faa - - default default] Successfully bumped revision number for resource 8be6b2f1-552a-4b0d-a6be-bde23e42247a (type: security_group_rules) to 0
2026-07-20 20:26:15.780 8 INFO neutron.db.ovn_revision_numbers_db [None req-59d4b417-ec2e-49a7-8b63-551cbd9b0b4a 4b544dfc27cf4921b2990e0542dc0a44 154c7626bbaa4456a8127c6f11b22faa - - default default] Successfully bumped revision number for resource b6b943d3-5639-4667-9762-e09ccc44965f (type: security_group_rules) to 0
2026-07-20 20:26:15.793 8 INFO neutron.db.ovn_revision_numbers_db [None req-59d4b417-ec2e-49a7-8b63-551cbd9b0b4a 4b544dfc27cf4921b2990e0542dc0a44 154c7626bbaa4456a8127c6f11b22faa - - default default] Successfully bumped revision number for resource ede302b6-487d-400f-93ea-3cc9a6adfc93 (type: security_group_rules) to 0 [pid: 7|app: 0|req: 1194/2422] 10.0.0.53 () {32 vars in 739 bytes} [Mon Jul 20 20:26:15 2026] DELETE /v2.0/security-groups/0f94c2a3-e735-4b0a-9b04-18184b4aed9c => generated 0 bytes in 227 msecs (HTTP/1.1 204) 2 headers in 112 bytes (1 switches on core 0)
2026-07-20 20:26:15.889 8 INFO neutron.db.segments_db [None req-59d4b417-ec2e-49a7-8b63-551cbd9b0b4a 4b544dfc27cf4921b2990e0542dc0a44 154c7626bbaa4456a8127c6f11b22faa - - default default] Added segment 1961784b-c506-49bc-ac41-4fc6bda880bf of type geneve for network a98abe48-5080-4198-8f12-1618b541d8e1
2026-07-20 20:26:16.029 8 INFO neutron.db.ovn_revision_numbers_db [None req-59d4b417-ec2e-49a7-8b63-551cbd9b0b4a 4b544dfc27cf4921b2990e0542dc0a44 154c7626bbaa4456a8127c6f11b22faa - - default default] Successfully bumped revision number for resource a98abe48-5080-4198-8f12-1618b541d8e1 (type: networks) to 1 [pid: 7|app: 0|req: 1195/2423] 10.0.0.53 () {32 vars in 739 bytes} [Mon Jul 20 20:26:15 2026] DELETE /v2.0/security-groups/89451761-5b33-43a9-87c6-96489f59da93 => generated 0 bytes in 222 msecs (HTTP/1.1 204) 2 headers in 112 bytes (1 switches on core 0)
2026-07-20 20:26:16.043 7 WARNING neutron.db.securitygroups_db [None req-6cd1c036-1b4b-41b5-84e0-3dd9d30c7666 2da59ac1902147c68dd85a4308b492a9 76dbea4f76dc44438bf839f74c121db4 - - default default] project_id key not found in filters, using tenant_id instead. This support has been deprecated and will be removed in a future release.
2026-07-20 20:26:16.214 7 INFO neutron.db.ovn_revision_numbers_db [None req-6cd1c036-1b4b-41b5-84e0-3dd9d30c7666 2da59ac1902147c68dd85a4308b492a9 76dbea4f76dc44438bf839f74c121db4 - - default default] Successfully bumped revision number for resource f2998eac-6412-4915-a2d7-9b9ce8d6cdef (type: security_groups) to 1
2026-07-20 20:26:16.227 7 INFO neutron.db.ovn_revision_numbers_db [None req-6cd1c036-1b4b-41b5-84e0-3dd9d30c7666 2da59ac1902147c68dd85a4308b492a9 76dbea4f76dc44438bf839f74c121db4 - - default default] Successfully bumped revision number for resource 1e4687fc-03c3-4cae-9169-5f01e3d6ec8b (type: security_group_rules) to 0
2026-07-20 20:26:16.239 8 WARNING neutron.scheduler.dhcp_agent_scheduler [None req-59d4b417-ec2e-49a7-8b63-551cbd9b0b4a 4b544dfc27cf4921b2990e0542dc0a44 154c7626bbaa4456a8127c6f11b22faa - - default default] No more DHCP agents
2026-07-20 20:26:16.241 7 INFO neutron.db.ovn_revision_numbers_db [None req-6cd1c036-1b4b-41b5-84e0-3dd9d30c7666 2da59ac1902147c68dd85a4308b492a9 76dbea4f76dc44438bf839f74c121db4 - - default default] Successfully bumped revision number for resource 866dc5fb-a8eb-43db-a537-62f50c9258d8 (type: security_group_rules) to 0
2026-07-20 20:26:16.242 8 WARNING neutron.api.rpc.agentnotifiers.dhcp_rpc_agent_api [None req-59d4b417-ec2e-49a7-8b63-551cbd9b0b4a 4b544dfc27cf4921b2990e0542dc0a44 154c7626bbaa4456a8127c6f11b22faa - - default default] Unable to schedule network a98abe48-5080-4198-8f12-1618b541d8e1: no agents available; will retry on subsequent port and subnet creation events.
2026-07-20 20:26:16.256 7 INFO neutron.db.ovn_revision_numbers_db [None req-6cd1c036-1b4b-41b5-84e0-3dd9d30c7666 2da59ac1902147c68dd85a4308b492a9 76dbea4f76dc44438bf839f74c121db4 - - default default] Successfully bumped revision number for resource d9770c24-ad9c-4a4b-b67d-8050015ba31d (type: security_group_rules) to 0
2026-07-20 20:26:16.269 7 INFO neutron.db.ovn_revision_numbers_db [None req-6cd1c036-1b4b-41b5-84e0-3dd9d30c7666 2da59ac1902147c68dd85a4308b492a9 76dbea4f76dc44438bf839f74c121db4 - - default default] Successfully bumped revision number for resource f08439dd-6241-47e4-8fa5-ab06ff8143d6 (type: security_group_rules) to 0
2026-07-20 20:26:16.313 8 INFO neutron.plugins.ml2.drivers.ovn.mech_driver.mech_driver [None req-b7ad7fc8-c622-4cb1-a700-a7848b59b78c - - - - - -] OVN reports status down for port: c894ec3c-910c-40e1-a22c-e5edcf83e957 [pid: 7|app: 0|req: 1196/2424] 10.0.0.53 () {32 vars in 773 bytes} [Mon Jul 20 20:26:16 2026] GET /v2.0/security-groups?tenant_id=d3f17a90e83f41908635a64abe5dbd72&name=default => generated 2929 bytes in 331 msecs (HTTP/1.1 200) 4 headers in 158 bytes (1 switches on core 0)
2026-07-20 20:26:16.387 8 INFO neutron.db.ovn_revision_numbers_db [None req-59d4b417-ec2e-49a7-8b63-551cbd9b0b4a 4b544dfc27cf4921b2990e0542dc0a44 154c7626bbaa4456a8127c6f11b22faa - - default default] Successfully bumped revision number for resource c894ec3c-910c-40e1-a22c-e5edcf83e957 (type: ports) to 1 [pid: 8|app: 0|req: 1229/2425] 10.0.0.53 () {34 vars in 669 bytes} [Mon Jul 20 20:26:15 2026] POST /v2.0/networks => generated 670 bytes in 991 msecs (HTTP/1.1 201) 4 headers in 162 bytes (1 switches on core 0) [pid: 7|app: 0|req: 1197/2426] 10.0.0.53 () {32 vars in 739 bytes} [Mon Jul 20 20:26:16 2026] DELETE /v2.0/security-groups/f2998eac-6412-4915-a2d7-9b9ce8d6cdef => generated 0 bytes in 185 msecs (HTTP/1.1 204) 2 headers in 112 bytes (1 switches on core 0)
2026-07-20 20:26:16.715 8 WARNING neutron.scheduler.dhcp_agent_scheduler [None req-e200b217-520f-4aef-a939-cdedb7f1fbfd 4b544dfc27cf4921b2990e0542dc0a44 154c7626bbaa4456a8127c6f11b22faa - - default default] No more DHCP agents
2026-07-20 20:26:16.717 8 WARNING neutron.api.rpc.agentnotifiers.dhcp_rpc_agent_api [None req-e200b217-520f-4aef-a939-cdedb7f1fbfd 4b544dfc27cf4921b2990e0542dc0a44 154c7626bbaa4456a8127c6f11b22faa - - default default] Unable to schedule network a98abe48-5080-4198-8f12-1618b541d8e1: no agents available; will retry on subsequent port and subnet creation events.
2026-07-20 20:26:16.787 7 INFO neutron.plugins.ml2.drivers.ovn.mech_driver.mech_driver [None req-30303146-14a0-4d39-86a2-1bb17eb48502 - - - - - -] OVN reports status down for port: bc8e92f9-092c-4834-ba18-a38eb110909c
2026-07-20 20:26:16.808 8 INFO neutron.db.ovn_revision_numbers_db [None req-e200b217-520f-4aef-a939-cdedb7f1fbfd 4b544dfc27cf4921b2990e0542dc0a44 154c7626bbaa4456a8127c6f11b22faa - - default default] Successfully bumped revision number for resource bc8e92f9-092c-4834-ba18-a38eb110909c (type: ports) to 1 [pid: 8|app: 0|req: 1230/2427] 10.0.0.53 () {34 vars in 663 bytes} [Mon Jul 20 20:26:16 2026] POST /v2.0/ports => generated 743 bytes in 392 msecs (HTTP/1.1 201) 4 headers in 162 bytes (1 switches on core 0) [pid: 7|app: 0|req: 1198/2428] 10.0.0.53 () {34 vars in 665 bytes} [Mon Jul 20 20:26:16 2026] POST /v2.0/trunks => generated 409 bytes in 184 msecs (HTTP/1.1 201) 4 headers in 162 bytes (1 switches on core 0) /var/lib/openstack/lib/python3.12/site-packages/pycadf/identifier.py:70: UserWarning: Invalid uuid: neutron. To ensure interoperability, identifiers should be a valid uuid. warnings.warn(('Invalid uuid: %s. To ensure interoperability, '
2026-07-20 20:26:17.044 8 WARNING tagging [None req-b7e871d9-6100-4c5d-b1b7-88d9afc74085 4b544dfc27cf4921b2990e0542dc0a44 154c7626bbaa4456a8127c6f11b22faa - - default default] project_id key not found in request, using tenant_id instead. This support has been deprecated and will be removed in a future release. [pid: 8|app: 0|req: 1231/2429] 10.0.0.53 () {34 vars in 748 bytes} [Mon Jul 20 20:26:17 2026] PUT /v2.0/trunks/a03533da-01ed-47ae-a0c4-86720fd720b3/tags => generated 25 bytes in 39 msecs (HTTP/1.1 200) 4 headers in 156 bytes (1 switches on core 0)
2026-07-20 20:26:17.090 7 WARNING tagging [None req-707bd52d-e5ac-4212-a141-e4d3ef616db5 4b544dfc27cf4921b2990e0542dc0a44 154c7626bbaa4456a8127c6f11b22faa - - default default] project_id key not found in request, using tenant_id instead. This support has been deprecated and will be removed in a future release. [pid: 7|app: 0|req: 1199/2430] 10.0.0.53 () {32 vars in 728 bytes} [Mon Jul 20 20:26:17 2026] GET /v2.0/trunks/a03533da-01ed-47ae-a0c4-86720fd720b3/tags => generated 25 bytes in 28 msecs (HTTP/1.1 200) 4 headers in 156 bytes (1 switches on core 0)
2026-07-20 20:26:17.124 8 WARNING tagging [None req-4561780d-f8a8-4a1e-ad75-493e8ca2e66e 4b544dfc27cf4921b2990e0542dc0a44 154c7626bbaa4456a8127c6f11b22faa - - default default] project_id key not found in request, using tenant_id instead. This support has been deprecated and will be removed in a future release. [pid: 8|app: 0|req: 1232/2431] 10.0.0.53 () {34 vars in 759 bytes} [Mon Jul 20 20:26:17 2026] PUT /v2.0/trunks/a03533da-01ed-47ae-a0c4-86720fd720b3/tags/green => generated 4 bytes in 51 msecs (HTTP/1.1 201) 4 headers in 160 bytes (1 switches on core 0)
2026-07-20 20:26:17.183 7 WARNING tagging [None req-fc5e29d4-b0bd-4321-b86e-87709bcaa259 4b544dfc27cf4921b2990e0542dc0a44 154c7626bbaa4456a8127c6f11b22faa - - default default] project_id key not found in request, using tenant_id instead. This support has been deprecated and will be removed in a future release. [pid: 7|app: 0|req: 1200/2432] 10.0.0.53 () {32 vars in 728 bytes} [Mon Jul 20 20:26:17 2026] GET /v2.0/trunks/a03533da-01ed-47ae-a0c4-86720fd720b3/tags => generated 34 bytes in 29 msecs (HTTP/1.1 200) 4 headers in 156 bytes (1 switches on core 0)
2026-07-20 20:26:17.226 8 WARNING tagging [None req-7030097a-614d-49d3-8d5d-c860719b6321 4b544dfc27cf4921b2990e0542dc0a44 154c7626bbaa4456a8127c6f11b22faa - - default default] project_id key not found in request, using tenant_id instead. This support has been deprecated and will be removed in a future release. [pid: 8|app: 0|req: 1233/2433] 10.0.0.53 () {34 vars in 755 bytes} [Mon Jul 20 20:26:17 2026] PUT /v2.0/trunks/a03533da-01ed-47ae-a0c4-86720fd720b3/tags/red => generated 4 bytes in 36 msecs (HTTP/1.1 201) 4 headers in 160 bytes (1 switches on core 0)
2026-07-20 20:26:17.269 7 WARNING tagging [None req-859f2896-03e8-46c8-b1e1-fc593af91d58 4b544dfc27cf4921b2990e0542dc0a44 154c7626bbaa4456a8127c6f11b22faa - - default default] project_id key not found in request, using tenant_id instead. This support has been deprecated and will be removed in a future release. [pid: 7|app: 0|req: 1201/2434] 10.0.0.53 () {32 vars in 728 bytes} [Mon Jul 20 20:26:17 2026] GET /v2.0/trunks/a03533da-01ed-47ae-a0c4-86720fd720b3/tags => generated 34 bytes in 37 msecs (HTTP/1.1 200) 4 headers in 156 bytes (1 switches on core 0)
2026-07-20 20:26:17.311 8 WARNING tagging [None req-8cb4fe75-8cbe-4244-ab44-c0aec46de896 4b544dfc27cf4921b2990e0542dc0a44 154c7626bbaa4456a8127c6f11b22faa - - default default] project_id key not found in request, using tenant_id instead. This support has been deprecated and will be removed in a future release. [pid: 8|app: 0|req: 1234/2435] 10.0.0.53 () {34 vars in 777 bytes} [Mon Jul 20 20:26:17 2026] PUT /v2.0/trunks/a03533da-01ed-47ae-a0c4-86720fd720b3/tags/black.or.white => generated 4 bytes in 56 msecs (HTTP/1.1 201) 4 headers in 160 bytes (1 switches on core 0)
2026-07-20 20:26:17.377 7 WARNING tagging [None req-3bf46556-b43c-45a1-8cbf-f8aa3e5c149b 4b544dfc27cf4921b2990e0542dc0a44 154c7626bbaa4456a8127c6f11b22faa - - default default] project_id key not found in request, using tenant_id instead. This support has been deprecated and will be removed in a future release. [pid: 7|app: 0|req: 1202/2436] 10.0.0.53 () {32 vars in 728 bytes} [Mon Jul 20 20:26:17 2026] GET /v2.0/trunks/a03533da-01ed-47ae-a0c4-86720fd720b3/tags => generated 52 bytes in 36 msecs (HTTP/1.1 200) 4 headers in 156 bytes (1 switches on core 0)
2026-07-20 20:26:17.417 8 WARNING tagging [None req-3fc7cd4d-b16d-415c-bcee-38b850b66e6b 4b544dfc27cf4921b2990e0542dc0a44 154c7626bbaa4456a8127c6f11b22faa - - default default] project_id key not found in request, using tenant_id instead. This support has been deprecated and will be removed in a future release. [pid: 8|app: 0|req: 1235/2437] 10.0.0.53 () {34 vars in 748 bytes} [Mon Jul 20 20:26:17 2026] PUT /v2.0/trunks/a03533da-01ed-47ae-a0c4-86720fd720b3/tags => generated 37 bytes in 44 msecs (HTTP/1.1 200) 4 headers in 156 bytes (1 switches on core 0)
2026-07-20 20:26:17.471 7 WARNING tagging [None req-d249caa9-4e68-4851-ac88-de75d26cbe57 4b544dfc27cf4921b2990e0542dc0a44 154c7626bbaa4456a8127c6f11b22faa - - default default] project_id key not found in request, using tenant_id instead. This support has been deprecated and will be removed in a future release. [pid: 7|app: 0|req: 1203/2438] 10.0.0.53 () {32 vars in 728 bytes} [Mon Jul 20 20:26:17 2026] GET /v2.0/trunks/a03533da-01ed-47ae-a0c4-86720fd720b3/tags => generated 37 bytes in 31 msecs (HTTP/1.1 200) 4 headers in 156 bytes (1 switches on core 0)
2026-07-20 20:26:17.503 8 WARNING tagging [None req-2bc38852-b2a0-4435-9a99-4db74f2ed1df 4b544dfc27cf4921b2990e0542dc0a44 154c7626bbaa4456a8127c6f11b22faa - - default default] project_id key not found in request, using tenant_id instead. This support has been deprecated and will be removed in a future release. [pid: 8|app: 0|req: 1236/2439] 10.0.0.53 () {32 vars in 736 bytes} [Mon Jul 20 20:26:17 2026] GET /v2.0/trunks/a03533da-01ed-47ae-a0c4-86720fd720b3/tags/red => generated 0 bytes in 22 msecs (HTTP/1.1 204) 2 headers in 112 bytes (1 switches on core 0)
2026-07-20 20:26:17.539 7 WARNING tagging [None req-b594dc47-bbfd-4a48-af4c-84699129f30f 4b544dfc27cf4921b2990e0542dc0a44 154c7626bbaa4456a8127c6f11b22faa - - default default] project_id key not found in request, using tenant_id instead. This support has been deprecated and will be removed in a future release.
2026-07-20 20:26:17.554 7 INFO neutron.api.v2.resource [None req-b594dc47-bbfd-4a48-af4c-84699129f30f 4b544dfc27cf4921b2990e0542dc0a44 154c7626bbaa4456a8127c6f11b22faa - - default default] show failed (client error): The resource could not be found. [pid: 7|app: 0|req: 1204/2440] 10.0.0.53 () {32 vars in 740 bytes} [Mon Jul 20 20:26:17 2026] GET /v2.0/trunks/a03533da-01ed-47ae-a0c4-86720fd720b3/tags/green => generated 99 bytes in 40 msecs (HTTP/1.1 404) 4 headers in 163 bytes (1 switches on core 0)
2026-07-20 20:26:17.575 8 WARNING tagging [None req-cdd3e0a0-70ba-4263-a3a9-a478e4c6bc45 4b544dfc27cf4921b2990e0542dc0a44 154c7626bbaa4456a8127c6f11b22faa - - default default] project_id key not found in request, using tenant_id instead. This support has been deprecated and will be removed in a future release. [pid: 8|app: 0|req: 1237/2441] 10.0.0.53 () {32 vars in 739 bytes} [Mon Jul 20 20:26:17 2026] DELETE /v2.0/trunks/a03533da-01ed-47ae-a0c4-86720fd720b3/tags/red => generated 0 bytes in 38 msecs (HTTP/1.1 204) 2 headers in 112 bytes (1 switches on core 0)
2026-07-20 20:26:17.629 7 WARNING tagging [None req-440697fb-a329-40b3-810c-edd8ad31e4d4 4b544dfc27cf4921b2990e0542dc0a44 154c7626bbaa4456a8127c6f11b22faa - - default default] project_id key not found in request, using tenant_id instead. This support has been deprecated and will be removed in a future release. [pid: 7|app: 0|req: 1205/2442] 10.0.0.53 () {32 vars in 728 bytes} [Mon Jul 20 20:26:17 2026] GET /v2.0/trunks/a03533da-01ed-47ae-a0c4-86720fd720b3/tags => generated 30 bytes in 34 msecs (HTTP/1.1 200) 4 headers in 156 bytes (1 switches on core 0)
2026-07-20 20:26:17.659 8 WARNING tagging [None req-e7b389dc-7d83-4bd8-bb09-be00d12a5b77 4b544dfc27cf4921b2990e0542dc0a44 154c7626bbaa4456a8127c6f11b22faa - - default default] project_id key not found in request, using tenant_id instead. This support has been deprecated and will be removed in a future release.
2026-07-20 20:26:17.673 8 INFO neutron.api.v2.resource [None req-e7b389dc-7d83-4bd8-bb09-be00d12a5b77 4b544dfc27cf4921b2990e0542dc0a44 154c7626bbaa4456a8127c6f11b22faa - - default default] delete failed (client error): The resource could not be found. [pid: 8|app: 0|req: 1238/2443] 10.0.0.53 () {32 vars in 743 bytes} [Mon Jul 20 20:26:17 2026] DELETE /v2.0/trunks/a03533da-01ed-47ae-a0c4-86720fd720b3/tags/green => generated 99 bytes in 30 msecs (HTTP/1.1 404) 4 headers in 163 bytes (1 switches on core 0)
2026-07-20 20:26:17.697 7 WARNING tagging [None req-b39ad79f-b2c2-4904-a8c3-115270d68ae6 4b544dfc27cf4921b2990e0542dc0a44 154c7626bbaa4456a8127c6f11b22faa - - default default] project_id key not found in request, using tenant_id instead. This support has been deprecated and will be removed in a future release. [pid: 7|app: 0|req: 1206/2444] 10.0.0.53 () {32 vars in 731 bytes} [Mon Jul 20 20:26:17 2026] DELETE /v2.0/trunks/a03533da-01ed-47ae-a0c4-86720fd720b3/tags => generated 0 bytes in 63 msecs (HTTP/1.1 204) 2 headers in 112 bytes (1 switches on core 0)
2026-07-20 20:26:17.764 8 WARNING tagging [None req-86af8e09-bbd5-476b-b386-6f6df8ed68d7 4b544dfc27cf4921b2990e0542dc0a44 154c7626bbaa4456a8127c6f11b22faa - - default default] project_id key not found in request, using tenant_id instead. This support has been deprecated and will be removed in a future release. [pid: 8|app: 0|req: 1239/2445] 10.0.0.53 () {32 vars in 728 bytes} [Mon Jul 20 20:26:17 2026] GET /v2.0/trunks/a03533da-01ed-47ae-a0c4-86720fd720b3/tags => generated 12 bytes in 25 msecs (HTTP/1.1 200) 4 headers in 156 bytes (1 switches on core 0) [pid: 7|app: 0|req: 1207/2446] 10.0.0.53 () {32 vars in 718 bytes} [Mon Jul 20 20:26:17 2026] GET /v2.0/trunks/a03533da-01ed-47ae-a0c4-86720fd720b3 => generated 409 bytes in 26 msecs (HTTP/1.1 200) 4 headers in 157 bytes (1 switches on core 0) [pid: 8|app: 0|req: 1240/2447] 10.0.0.53 () {32 vars in 716 bytes} [Mon Jul 20 20:26:17 2026] GET /v2.0/ports/bc8e92f9-092c-4834-ba18-a38eb110909c => generated 826 bytes in 67 msecs (HTTP/1.1 200) 4 headers in 157 bytes (1 switches on core 0) [pid: 7|app: 0|req: 1208/2448] 10.0.0.53 () {32 vars in 721 bytes} [Mon Jul 20 20:26:17 2026] DELETE /v2.0/trunks/a03533da-01ed-47ae-a0c4-86720fd720b3 => generated 0 bytes in 89 msecs (HTTP/1.1 204) 2 headers in 112 bytes (1 switches on core 0)
2026-07-20 20:26:18.111 8 INFO neutron_taas.services.taas.taas_plugin [None req-808eebc3-9b23-43a9-854e-c0fbb4f94d53 4b544dfc27cf4921b2990e0542dc0a44 154c7626bbaa4456a8127c6f11b22faa - - default default] TaaS: Handle Delete Port: bc8e92f9-092c-4834-ba18-a38eb110909c
2026-07-20 20:26:18.115 8 INFO neutron_taas.services.taas.tap_mirror_plugin [None req-808eebc3-9b23-43a9-854e-c0fbb4f94d53 4b544dfc27cf4921b2990e0542dc0a44 154c7626bbaa4456a8127c6f11b22faa - - default default] Tap Mirror: Handle Delete Port: bc8e92f9-092c-4834-ba18-a38eb110909c [pid: 8|app: 0|req: 1241/2449] 10.0.0.53 () {32 vars in 719 bytes} [Mon Jul 20 20:26:17 2026] DELETE /v2.0/ports/bc8e92f9-092c-4834-ba18-a38eb110909c => generated 0 bytes in 291 msecs (HTTP/1.1 204) 3 headers in 131 bytes (1 switches on core 0)
2026-07-20 20:26:18.464 7 INFO neutron_taas.services.taas.taas_plugin [None req-78432dd5-b8e3-4a10-b4a0-3008b54416c7 4b544dfc27cf4921b2990e0542dc0a44 154c7626bbaa4456a8127c6f11b22faa - - default default] TaaS: Handle Delete Port: c894ec3c-910c-40e1-a22c-e5edcf83e957
2026-07-20 20:26:18.471 7 INFO neutron_taas.services.taas.tap_mirror_plugin [None req-78432dd5-b8e3-4a10-b4a0-3008b54416c7 4b544dfc27cf4921b2990e0542dc0a44 154c7626bbaa4456a8127c6f11b22faa - - default default] Tap Mirror: Handle Delete Port: c894ec3c-910c-40e1-a22c-e5edcf83e957
2026-07-20 20:26:18.700 7 INFO neutron.services.segments.plugin [-] Segment 1961784b-c506-49bc-ac41-4fc6bda880bf resource provider aggregate not found
2026-07-20 20:26:18.703 7 INFO neutron.services.segments.plugin [-] Segment 1961784b-c506-49bc-ac41-4fc6bda880bf resource provider aggregate not found
2026-07-20 20:26:18.720 7 INFO neutron.services.segments.plugin [-] Client error retrieving segment 1961784b-c506-49bc-ac41-4fc6bda880bf resource provider; error: Placement Client Error (4xx): {"errors": [{"status": 404, "title": "Not Found", "detail": "The resource could not be found.\n\n No resource provider with uuid 1961784b-c506-49bc-ac41-4fc6bda880bf found for delete ", "request_id": "req-246b7847-cbb6-40e2-ba3b-a17194424017"}]}
2026-07-20 20:26:18.728 7 INFO neutron.services.segments.plugin [-] Client error retrieving segment 1961784b-c506-49bc-ac41-4fc6bda880bf resource provider; error: Placement Client Error (4xx): {"errors": [{"status": 404, "title": "Not Found", "detail": "The resource could not be found.\n\n No resource provider with uuid 1961784b-c506-49bc-ac41-4fc6bda880bf found for delete ", "request_id": "req-fb1c4359-6f36-4778-a2cc-f3a612e6c922"}]} [pid: 7|app: 0|req: 1209/2450] 10.0.0.53 () {32 vars in 725 bytes} [Mon Jul 20 20:26:18 2026] DELETE /v2.0/networks/a98abe48-5080-4198-8f12-1618b541d8e1 => generated 0 bytes in 492 msecs (HTTP/1.1 204) 3 headers in 131 bytes (1 switches on core 0)
2026-07-20 20:26:19.737 8 WARNING neutron.db.securitygroups_db [None req-1a60c7ca-5e4d-4829-9dc8-3be54a9a7c9a 2da59ac1902147c68dd85a4308b492a9 76dbea4f76dc44438bf839f74c121db4 - - default default] project_id key not found in filters, using tenant_id instead. This support has been deprecated and will be removed in a future release.
2026-07-20 20:26:19.878 8 INFO neutron.db.ovn_revision_numbers_db [None req-1a60c7ca-5e4d-4829-9dc8-3be54a9a7c9a 2da59ac1902147c68dd85a4308b492a9 76dbea4f76dc44438bf839f74c121db4 - - default default] Successfully bumped revision number for resource fdc79e10-23f1-4af0-80b8-4ab8f983dc29 (type: security_groups) to 1
2026-07-20 20:26:19.893 8 INFO neutron.db.ovn_revision_numbers_db [None req-1a60c7ca-5e4d-4829-9dc8-3be54a9a7c9a 2da59ac1902147c68dd85a4308b492a9 76dbea4f76dc44438bf839f74c121db4 - - default default] Successfully bumped revision number for resource 18494b59-4a93-4bef-9ded-871183b8e6de (type: security_group_rules) to 0
2026-07-20 20:26:19.910 8 INFO neutron.db.ovn_revision_numbers_db [None req-1a60c7ca-5e4d-4829-9dc8-3be54a9a7c9a 2da59ac1902147c68dd85a4308b492a9 76dbea4f76dc44438bf839f74c121db4 - - default default] Successfully bumped revision number for resource 2ebc2d75-f275-4d26-8cf2-414dccf2bf3a (type: security_group_rules) to 0
2026-07-20 20:26:19.932 8 INFO neutron.db.ovn_revision_numbers_db [None req-1a60c7ca-5e4d-4829-9dc8-3be54a9a7c9a 2da59ac1902147c68dd85a4308b492a9 76dbea4f76dc44438bf839f74c121db4 - - default default] Successfully bumped revision number for resource dec6cd8e-a2cb-44b6-9531-48816ddc65f5 (type: security_group_rules) to 0
2026-07-20 20:26:19.949 8 INFO neutron.db.ovn_revision_numbers_db [None req-1a60c7ca-5e4d-4829-9dc8-3be54a9a7c9a 2da59ac1902147c68dd85a4308b492a9 76dbea4f76dc44438bf839f74c121db4 - - default default] Successfully bumped revision number for resource ee351c1f-c9fc-4954-9c1b-75ec49c58f0b (type: security_group_rules) to 0
2026-07-20 20:26:19.954 7 INFO neutron.db.ovn_revision_numbers_db [None req-439d565c-b96f-491f-9bd0-ed82439ab81e 62efcda76e8d4c12acc397e4d9a15ce7 482c64e3104141518da89a319dc8d4e5 - - default default] Successfully bumped revision number for resource 922981f9-810e-447e-9cbf-dbdd18041110 (type: security_groups) to 1
2026-07-20 20:26:19.973 7 INFO neutron.db.ovn_revision_numbers_db [None req-439d565c-b96f-491f-9bd0-ed82439ab81e 62efcda76e8d4c12acc397e4d9a15ce7 482c64e3104141518da89a319dc8d4e5 - - default default] Successfully bumped revision number for resource b59e328c-c442-4724-b6e7-87dc1c6a1a4a (type: security_group_rules) to 0
2026-07-20 20:26:19.990 7 INFO neutron.db.ovn_revision_numbers_db [None req-439d565c-b96f-491f-9bd0-ed82439ab81e 62efcda76e8d4c12acc397e4d9a15ce7 482c64e3104141518da89a319dc8d4e5 - - default default] Successfully bumped revision number for resource da696e30-b405-4068-b94a-c6d6439e9e3b (type: security_group_rules) to 0 [pid: 8|app: 0|req: 1242/2451] 10.0.0.53 () {32 vars in 773 bytes} [Mon Jul 20 20:26:19 2026] GET /v2.0/security-groups?tenant_id=a8a9886689de4564bfedcbd7a12adb5e&name=default => generated 2929 bytes in 525 msecs (HTTP/1.1 200) 4 headers in 158 bytes (1 switches on core 0)
2026-07-20 20:26:20.006 7 INFO neutron.db.ovn_revision_numbers_db [None req-439d565c-b96f-491f-9bd0-ed82439ab81e 62efcda76e8d4c12acc397e4d9a15ce7 482c64e3104141518da89a319dc8d4e5 - - default default] Successfully bumped revision number for resource e23731f6-c15d-43d7-9ebc-273cf6f28d04 (type: security_group_rules) to 0
2026-07-20 20:26:20.022 7 INFO neutron.db.ovn_revision_numbers_db [None req-439d565c-b96f-491f-9bd0-ed82439ab81e 62efcda76e8d4c12acc397e4d9a15ce7 482c64e3104141518da89a319dc8d4e5 - - default default] Successfully bumped revision number for resource ed61bd45-9a57-4e41-a9b7-845faa23f182 (type: security_group_rules) to 0
