2026-07-20 20:23:09.755 7 WARNING neutron.api.rpc.agentnotifiers.dhcp_rpc_agent_api [None req-c66571dd-c2e5-4d93-b6e8-f1bb7887f136 9a2070b777f9487988cc1785bce8c620 f0fd6f8b79af4e3592f05a82a2efadf9 - - default default] Unable to schedule network 1dc5e3c5-adfd-416b-8d2e-c68bd90e154c: no agents available; will retry on subsequent port and subnet creation events.
2026-07-20 20:23:09.818 8 INFO neutron.plugins.ml2.drivers.ovn.mech_driver.mech_driver [None req-991b8d50-a325-4545-a271-8a6308a80136 - - - - - -] OVN reports status down for port: 670ed54b-6b92-461c-a9ff-12937538b019
2026-07-20 20:23:09.840 7 INFO neutron.db.ovn_revision_numbers_db [None req-c66571dd-c2e5-4d93-b6e8-f1bb7887f136 9a2070b777f9487988cc1785bce8c620 f0fd6f8b79af4e3592f05a82a2efadf9 - - default default] Successfully bumped revision number for resource 670ed54b-6b92-461c-a9ff-12937538b019 (type: ports) to 1 [pid: 7|app: 0|req: 584/1156] 10.0.0.53 () {34 vars in 669 bytes} [Mon Jul 20 20:23:09 2026] POST /v2.0/networks => generated 670 bytes in 585 msecs (HTTP/1.1 201) 4 headers in 162 bytes (1 switches on core 0)
2026-07-20 20:23:10.080 8 WARNING neutron.scheduler.dhcp_agent_scheduler [None req-0b38a911-d9ed-4251-9e8c-a90e25455a2b 9a2070b777f9487988cc1785bce8c620 f0fd6f8b79af4e3592f05a82a2efadf9 - - default default] No more DHCP agents
2026-07-20 20:23:10.082 8 WARNING neutron.api.rpc.agentnotifiers.dhcp_rpc_agent_api [None req-0b38a911-d9ed-4251-9e8c-a90e25455a2b 9a2070b777f9487988cc1785bce8c620 f0fd6f8b79af4e3592f05a82a2efadf9 - - default default] Unable to schedule network 01858354-4390-4865-96b4-0caea7e5f327: no agents available; will retry on subsequent port and subnet creation events.
2026-07-20 20:23:10.109 8 INFO neutron.db.ovn_revision_numbers_db [None req-0b38a911-d9ed-4251-9e8c-a90e25455a2b 9a2070b777f9487988cc1785bce8c620 f0fd6f8b79af4e3592f05a82a2efadf9 - - default default] Successfully bumped revision number for resource acb1fade-c318-4605-9336-046bc51c9475 (type: subnets) to 0 [pid: 8|app: 0|req: 573/1157] 10.0.0.53 () {34 vars in 668 bytes} [Mon Jul 20 20:23:09 2026] POST /v2.0/subnets => generated 646 bytes in 244 msecs (HTTP/1.1 201) 4 headers in 162 bytes (1 switches on core 0) [pid: 8|app: 0|req: 574/1158] 10.0.0.111 () {34 vars in 990 bytes} [Mon Jul 20 20:23:10 2026] GET /v2.0/ports?device_id=d97d6eeb-8bf5-43d2-9179-40699532d502 => generated 12 bytes in 22 msecs (HTTP/1.1 200) 4 headers in 156 bytes (1 switches on core 0)
2026-07-20 20:23:10.340 7 WARNING neutron.scheduler.dhcp_agent_scheduler [None req-382d2a1d-8f5a-4698-9188-e2e1a1475697 9a2070b777f9487988cc1785bce8c620 f0fd6f8b79af4e3592f05a82a2efadf9 - - default default] No more DHCP agents
2026-07-20 20:23:10.342 7 WARNING neutron.api.rpc.agentnotifiers.dhcp_rpc_agent_api [None req-382d2a1d-8f5a-4698-9188-e2e1a1475697 9a2070b777f9487988cc1785bce8c620 f0fd6f8b79af4e3592f05a82a2efadf9 - - default default] Unable to schedule network 1dc5e3c5-adfd-416b-8d2e-c68bd90e154c: no agents available; will retry on subsequent port and subnet creation events.
2026-07-20 20:23:10.382 7 INFO neutron.db.ovn_revision_numbers_db [None req-382d2a1d-8f5a-4698-9188-e2e1a1475697 9a2070b777f9487988cc1785bce8c620 f0fd6f8b79af4e3592f05a82a2efadf9 - - default default] Successfully bumped revision number for resource 85bee905-324a-418b-83f5-f38dfe964ac7 (type: subnets) to 0 [pid: 7|app: 0|req: 585/1159] 10.0.0.53 () {34 vars in 668 bytes} [Mon Jul 20 20:23:10 2026] POST /v2.0/subnets => generated 655 bytes in 272 msecs (HTTP/1.1 201) 4 headers in 162 bytes (1 switches on core 0) [pid: 8|app: 0|req: 575/1160] 10.0.0.198 () {34 vars in 1070 bytes} [Mon Jul 20 20:23:10 2026] GET /v2.0/ports?fields=security_groups&fields=device_id&device_id=d97d6eeb-8bf5-43d2-9179-40699532d502 => generated 12 bytes in 34 msecs (HTTP/1.1 200) 4 headers in 156 bytes (1 switches on core 0)
2026-07-20 20:23:10.564 7 INFO neutron.db.ovn_revision_numbers_db [None req-d2a9cc8c-56d0-48a7-89e6-c8e4c4eed254 9a2070b777f9487988cc1785bce8c620 f0fd6f8b79af4e3592f05a82a2efadf9 - - default default] Successfully bumped revision number for resource e92c0272-3b8d-45f1-9347-18063d55aab4 (type: routers) to 1 [pid: 8|app: 0|req: 576/1161] 10.0.0.198 () {34 vars in 990 bytes} [Mon Jul 20 20:23:10 2026] GET /v2.0/ports?device_id=d97d6eeb-8bf5-43d2-9179-40699532d502 => generated 12 bytes in 19 msecs (HTTP/1.1 200) 4 headers in 156 bytes (1 switches on core 0) [pid: 7|app: 0|req: 586/1162] 10.0.0.53 () {34 vars in 668 bytes} [Mon Jul 20 20:23:10 2026] POST /v2.0/routers => generated 627 bytes in 164 msecs (HTTP/1.1 201) 4 headers in 162 bytes (1 switches on core 0)
2026-07-20 20:23:11.064 7 INFO neutron_taas.services.taas.taas_plugin [None req-90cfb5ee-a8e4-4e74-8472-fb6711f26e09 2da59ac1902147c68dd85a4308b492a9 76dbea4f76dc44438bf839f74c121db4 - - default default] TaaS: Handle Delete Port: 77a99385-dfca-4fba-8686-63132781d655
2026-07-20 20:23:11.068 7 INFO neutron_taas.services.taas.tap_mirror_plugin [None req-90cfb5ee-a8e4-4e74-8472-fb6711f26e09 2da59ac1902147c68dd85a4308b492a9 76dbea4f76dc44438bf839f74c121db4 - - default default] Tap Mirror: Handle Delete Port: 77a99385-dfca-4fba-8686-63132781d655
2026-07-20 20:23:11.073 8 WARNING neutron.scheduler.dhcp_agent_scheduler [None req-e0df4733-4465-4246-9d1b-f352cbe4f4d6 9a2070b777f9487988cc1785bce8c620 f0fd6f8b79af4e3592f05a82a2efadf9 - - default default] No more DHCP agents
2026-07-20 20:23:11.074 8 WARNING neutron.api.rpc.agentnotifiers.dhcp_rpc_agent_api [None req-e0df4733-4465-4246-9d1b-f352cbe4f4d6 9a2070b777f9487988cc1785bce8c620 f0fd6f8b79af4e3592f05a82a2efadf9 - - default default] Unable to schedule network 01858354-4390-4865-96b4-0caea7e5f327: no agents available; will retry on subsequent port and subnet creation events.
2026-07-20 20:23:11.201 7 INFO neutron.plugins.ml2.drivers.ovn.mech_driver.mech_driver [None req-a415f76c-9ab6-472a-b80d-6a002c985760 - - - - - -] OVN reports status down for port: 3e85ff0c-4b8d-456d-994f-72ad2fd7835d
2026-07-20 20:23:11.241 8 INFO neutron.db.ovn_revision_numbers_db [None req-e0df4733-4465-4246-9d1b-f352cbe4f4d6 9a2070b777f9487988cc1785bce8c620 f0fd6f8b79af4e3592f05a82a2efadf9 - - default default] Successfully bumped revision number for resource 3e85ff0c-4b8d-456d-994f-72ad2fd7835d (type: ports) to 1
2026-07-20 20:23:11.869 7 INFO neutron.plugins.ml2.drivers.ovn.mech_driver.mech_driver [None req-a415f76c-9ab6-472a-b80d-6a002c985760 - - - - - -] OVN reports status up for port: 3e85ff0c-4b8d-456d-994f-72ad2fd7835d [pid: 7|app: 0|req: 587/1163] 10.0.0.53 () {34 vars in 788 bytes} [Mon Jul 20 20:23:10 2026] PUT /v2.0/routers/0a6b2ea7-99e8-4fc8-a4eb-9375fe2de3a5/remove_router_interface => generated 310 bytes in 1149 msecs (HTTP/1.1 200) 4 headers in 157 bytes (1 switches on core 0)
2026-07-20 20:23:11.944 7 INFO neutron.plugins.ml2.plugin [None req-a415f76c-9ab6-472a-b80d-6a002c985760 - - - - - -] Attempt 1 to provision port 3e85ff0c-4b8d-456d-994f-72ad2fd7835d
2026-07-20 20:23:11.958 8 WARNING neutron.scheduler.dhcp_agent_scheduler [None req-e0df4733-4465-4246-9d1b-f352cbe4f4d6 9a2070b777f9487988cc1785bce8c620 f0fd6f8b79af4e3592f05a82a2efadf9 - - default default] No more DHCP agents
2026-07-20 20:23:11.959 8 WARNING neutron.api.rpc.agentnotifiers.dhcp_rpc_agent_api [None req-e0df4733-4465-4246-9d1b-f352cbe4f4d6 9a2070b777f9487988cc1785bce8c620 f0fd6f8b79af4e3592f05a82a2efadf9 - - default default] Unable to schedule network 01858354-4390-4865-96b4-0caea7e5f327: no agents available; will retry on subsequent port and subnet creation events. /var/lib/openstack/lib/python3.12/site-packages/pycadf/identifier.py:70: UserWarning: Invalid uuid: neutron. To ensure interoperability, identifiers should be a valid uuid. warnings.warn(('Invalid uuid: %s. To ensure interoperability, '
2026-07-20 20:23:12.108 7 WARNING neutron.db.securitygroups_db [None req-0550696c-de4d-4fe4-b4ef-ca65da0f94c4 2da59ac1902147c68dd85a4308b492a9 76dbea4f76dc44438bf839f74c121db4 - - default default] project_id key not found in filters, using tenant_id instead. This support has been deprecated and will be removed in a future release.
2026-07-20 20:23:12.166 8 INFO neutron.db.ovn_revision_numbers_db [None req-e0df4733-4465-4246-9d1b-f352cbe4f4d6 9a2070b777f9487988cc1785bce8c620 f0fd6f8b79af4e3592f05a82a2efadf9 - - default default] Successfully bumped revision number for resource 3e85ff0c-4b8d-456d-994f-72ad2fd7835d (type: router_ports) to 1 [pid: 8|app: 0|req: 577/1164] 10.0.0.53 () {34 vars in 782 bytes} [Mon Jul 20 20:23:10 2026] PUT /v2.0/routers/e92c0272-3b8d-45f1-9347-18063d55aab4/add_router_interface => generated 310 bytes in 1583 msecs (HTTP/1.1 200) 4 headers in 157 bytes (1 switches on core 0)
2026-07-20 20:23:12.449 7 INFO neutron.db.ovn_revision_numbers_db [None req-0550696c-de4d-4fe4-b4ef-ca65da0f94c4 2da59ac1902147c68dd85a4308b492a9 76dbea4f76dc44438bf839f74c121db4 - - default default] Successfully bumped revision number for resource 6c06c1c6-b18a-40fe-abc1-aed907e023b5 (type: security_groups) to 1
2026-07-20 20:23:12.471 7 INFO neutron.db.ovn_revision_numbers_db [None req-0550696c-de4d-4fe4-b4ef-ca65da0f94c4 2da59ac1902147c68dd85a4308b492a9 76dbea4f76dc44438bf839f74c121db4 - - default default] Successfully bumped revision number for resource 18d319aa-847e-493f-9aef-df8c00f76c50 (type: security_group_rules) to 0
2026-07-20 20:23:12.503 7 INFO neutron.db.ovn_revision_numbers_db [None req-0550696c-de4d-4fe4-b4ef-ca65da0f94c4 2da59ac1902147c68dd85a4308b492a9 76dbea4f76dc44438bf839f74c121db4 - - default default] Successfully bumped revision number for resource 71a15ac3-1f1d-421f-ab9a-26bbf706136d (type: security_group_rules) to 0
2026-07-20 20:23:12.529 7 INFO neutron.db.ovn_revision_numbers_db [None req-0550696c-de4d-4fe4-b4ef-ca65da0f94c4 2da59ac1902147c68dd85a4308b492a9 76dbea4f76dc44438bf839f74c121db4 - - default default] Successfully bumped revision number for resource 8d4a7eed-53f1-44bb-9e6f-0197dd8b23c5 (type: security_group_rules) to 0
2026-07-20 20:23:12.558 7 INFO neutron.db.ovn_revision_numbers_db [None req-0550696c-de4d-4fe4-b4ef-ca65da0f94c4 2da59ac1902147c68dd85a4308b492a9 76dbea4f76dc44438bf839f74c121db4 - - default default] Successfully bumped revision number for resource c5df3038-0275-4f2d-af59-612f4559ea26 (type: security_group_rules) to 0
2026-07-20 20:23:12.602 8 INFO neutron_taas.services.taas.taas_plugin [None req-c6f7984f-e988-4cb5-a459-7be6cf0539e8 2da59ac1902147c68dd85a4308b492a9 76dbea4f76dc44438bf839f74c121db4 - - default default] TaaS: Handle Delete Port: 798a4819-e9c4-49b7-8684-c4ee8a826138
2026-07-20 20:23:12.606 8 INFO neutron_taas.services.taas.tap_mirror_plugin [None req-c6f7984f-e988-4cb5-a459-7be6cf0539e8 2da59ac1902147c68dd85a4308b492a9 76dbea4f76dc44438bf839f74c121db4 - - default default] Tap Mirror: Handle Delete Port: 798a4819-e9c4-49b7-8684-c4ee8a826138 [pid: 7|app: 0|req: 588/1165] 10.0.0.53 () {32 vars in 773 bytes} [Mon Jul 20 20:23:11 2026] GET /v2.0/security-groups?tenant_id=2083d333d62a459db584207fa9219505&name=default => generated 2925 bytes in 767 msecs (HTTP/1.1 200) 4 headers in 158 bytes (1 switches on core 0)
2026-07-20 20:23:12.833 7 INFO neutron.db.ovn_revision_numbers_db [None req-a415f76c-9ab6-472a-b80d-6a002c985760 - - - - - -] Successfully bumped revision number for resource 3e85ff0c-4b8d-456d-994f-72ad2fd7835d (type: ports) to 2 [pid: 7|app: 0|req: 589/1166] 10.0.0.53 () {32 vars in 716 bytes} [Mon Jul 20 20:23:12 2026] GET /v2.0/ports/3e85ff0c-4b8d-456d-994f-72ad2fd7835d => generated 947 bytes in 163 msecs (HTTP/1.1 200) 4 headers in 157 bytes (1 switches on core 0)
2026-07-20 20:23:12.954 7 WARNING neutron.db.securitygroups_db [None req-62f050af-6a7e-4507-b948-4061b70a28db 2da59ac1902147c68dd85a4308b492a9 76dbea4f76dc44438bf839f74c121db4 - - default default] project_id key not found in filters, using tenant_id instead. This support has been deprecated and will be removed in a future release. [pid: 8|app: 0|req: 578/1167] 10.0.0.53 () {32 vars in 723 bytes} [Mon Jul 20 20:23:12 2026] DELETE /v2.0/routers/0a6b2ea7-99e8-4fc8-a4eb-9375fe2de3a5 => generated 0 bytes in 884 msecs (HTTP/1.1 204) 2 headers in 112 bytes (1 switches on core 0)
2026-07-20 20:23:13.095 7 INFO neutron.db.ovn_revision_numbers_db [None req-62f050af-6a7e-4507-b948-4061b70a28db 2da59ac1902147c68dd85a4308b492a9 76dbea4f76dc44438bf839f74c121db4 - - default default] Successfully bumped revision number for resource c62158cd-4d9a-409e-b29f-5a370354cb72 (type: security_groups) to 1
2026-07-20 20:23:13.108 7 INFO neutron.db.ovn_revision_numbers_db [None req-62f050af-6a7e-4507-b948-4061b70a28db 2da59ac1902147c68dd85a4308b492a9 76dbea4f76dc44438bf839f74c121db4 - - default default] Successfully bumped revision number for resource 290bdf63-9f0d-46ab-ae41-d9fcd33f5609 (type: security_group_rules) to 0
2026-07-20 20:23:13.126 7 INFO neutron.db.ovn_revision_numbers_db [None req-62f050af-6a7e-4507-b948-4061b70a28db 2da59ac1902147c68dd85a4308b492a9 76dbea4f76dc44438bf839f74c121db4 - - default default] Successfully bumped revision number for resource 8b763aaa-3523-4ff0-a2b8-936368a49181 (type: security_group_rules) to 0
2026-07-20 20:23:13.139 7 INFO neutron.db.ovn_revision_numbers_db [None req-62f050af-6a7e-4507-b948-4061b70a28db 2da59ac1902147c68dd85a4308b492a9 76dbea4f76dc44438bf839f74c121db4 - - default default] Successfully bumped revision number for resource 9c094c39-b4f0-4624-ba73-c48d675888c6 (type: security_group_rules) to 0
2026-07-20 20:23:13.149 7 INFO neutron.db.ovn_revision_numbers_db [None req-62f050af-6a7e-4507-b948-4061b70a28db 2da59ac1902147c68dd85a4308b492a9 76dbea4f76dc44438bf839f74c121db4 - - default default] Successfully bumped revision number for resource 9e7b42ff-c725-4d29-8405-321c68039fb3 (type: security_group_rules) to 0 [pid: 7|app: 0|req: 590/1168] 10.0.0.53 () {32 vars in 773 bytes} [Mon Jul 20 20:23:12 2026] GET /v2.0/security-groups?tenant_id=8fc9170f7fe4437faa85b21ab3155b29&name=default => generated 2925 bytes in 349 msecs (HTTP/1.1 200) 4 headers in 158 bytes (1 switches on core 0) [pid: 8|app: 0|req: 579/1169] 10.0.0.53 () {32 vars in 739 bytes} [Mon Jul 20 20:23:13 2026] DELETE /v2.0/security-groups/6c06c1c6-b18a-40fe-abc1-aed907e023b5 => generated 0 bytes in 212 msecs (HTTP/1.1 204) 2 headers in 112 bytes (1 switches on core 0) [pid: 8|app: 0|req: 580/1170] 10.0.0.53 () {32 vars in 723 bytes} [Mon Jul 20 20:23:13 2026] DELETE /v2.0/subnets/b6e6885f-d228-415b-a06c-475b72e742fc => generated 0 bytes in 241 msecs (HTTP/1.1 204) 3 headers in 131 bytes (1 switches on core 0) [pid: 8|app: 0|req: 581/1171] 10.0.0.53 () {32 vars in 739 bytes} [Mon Jul 20 20:23:13 2026] DELETE /v2.0/security-groups/c62158cd-4d9a-409e-b29f-5a370354cb72 => generated 0 bytes in 198 msecs (HTTP/1.1 204) 2 headers in 112 bytes (1 switches on core 0)
2026-07-20 20:23:13.717 8 WARNING neutron.db.securitygroups_db [None req-08481ac1-5657-4408-a033-c0addfa8edd7 2da59ac1902147c68dd85a4308b492a9 76dbea4f76dc44438bf839f74c121db4 - - default default] project_id key not found in filters, using tenant_id instead. This support has been deprecated and will be removed in a future release.
2026-07-20 20:23:13.865 8 INFO neutron.db.ovn_revision_numbers_db [None req-08481ac1-5657-4408-a033-c0addfa8edd7 2da59ac1902147c68dd85a4308b492a9 76dbea4f76dc44438bf839f74c121db4 - - default default] Successfully bumped revision number for resource 8002d44d-f242-4009-86e6-7590140df83a (type: security_groups) to 1
2026-07-20 20:23:13.888 8 INFO neutron.db.ovn_revision_numbers_db [None req-08481ac1-5657-4408-a033-c0addfa8edd7 2da59ac1902147c68dd85a4308b492a9 76dbea4f76dc44438bf839f74c121db4 - - default default] Successfully bumped revision number for resource 40ecaa91-d519-4d5a-b48b-67000a54e1ac (type: security_group_rules) to 0
2026-07-20 20:23:13.901 8 INFO neutron.db.ovn_revision_numbers_db [None req-08481ac1-5657-4408-a033-c0addfa8edd7 2da59ac1902147c68dd85a4308b492a9 76dbea4f76dc44438bf839f74c121db4 - - default default] Successfully bumped revision number for resource 71d447cc-5082-4947-ad0e-97297c5cf984 (type: security_group_rules) to 0
2026-07-20 20:23:13.915 8 INFO neutron.db.ovn_revision_numbers_db [None req-08481ac1-5657-4408-a033-c0addfa8edd7 2da59ac1902147c68dd85a4308b492a9 76dbea4f76dc44438bf839f74c121db4 - - default default] Successfully bumped revision number for resource 8e40c137-b298-4712-a6b4-d2ff4c9604c4 (type: security_group_rules) to 0
2026-07-20 20:23:13.929 8 INFO neutron.db.ovn_revision_numbers_db [None req-08481ac1-5657-4408-a033-c0addfa8edd7 2da59ac1902147c68dd85a4308b492a9 76dbea4f76dc44438bf839f74c121db4 - - default default] Successfully bumped revision number for resource c5d17575-41a6-4e6e-a1c9-c030eb0eb06c (type: security_group_rules) to 0 [pid: 8|app: 0|req: 582/1172] 10.0.0.53 () {32 vars in 773 bytes} [Mon Jul 20 20:23:13 2026] GET /v2.0/security-groups?tenant_id=48712edfd236448886b87b51ac8917d7&name=default => generated 2925 bytes in 262 msecs (HTTP/1.1 200) 4 headers in 158 bytes (1 switches on core 0)
2026-07-20 20:23:14.106 8 INFO neutron_taas.services.taas.taas_plugin [None req-3c451a8e-533c-4388-8886-884cc2edc2f6 2da59ac1902147c68dd85a4308b492a9 76dbea4f76dc44438bf839f74c121db4 - - default default] TaaS: Handle Delete Port: 8a1ee283-3fe2-460e-928c-8b11c2aec8a8
2026-07-20 20:23:14.110 8 INFO neutron_taas.services.taas.tap_mirror_plugin [None req-3c451a8e-533c-4388-8886-884cc2edc2f6 2da59ac1902147c68dd85a4308b492a9 76dbea4f76dc44438bf839f74c121db4 - - default default] Tap Mirror: Handle Delete Port: 8a1ee283-3fe2-460e-928c-8b11c2aec8a8
2026-07-20 20:23:14.302 8 INFO neutron.services.segments.plugin [-] Segment 2337921b-22e3-4daa-bce3-564e68965cfc resource provider aggregate not found
2026-07-20 20:23:14.327 8 INFO neutron.services.segments.plugin [-] Client error retrieving segment 2337921b-22e3-4daa-bce3-564e68965cfc resource provider; error: Placement Client Error (4xx): {"errors": [{"status": 404, "title": "Not Found", "detail": "The resource could not be found.\n\n No resource provider with uuid 2337921b-22e3-4daa-bce3-564e68965cfc found for delete ", "request_id": "req-54a852f0-def9-472d-8aba-f8128adaa315"}]}
2026-07-20 20:23:14.329 8 INFO neutron.services.segments.plugin [-] Segment 2337921b-22e3-4daa-bce3-564e68965cfc resource provider aggregate not found
2026-07-20 20:23:14.350 8 INFO neutron.services.segments.plugin [-] Client error retrieving segment 2337921b-22e3-4daa-bce3-564e68965cfc resource provider; error: Placement Client Error (4xx): {"errors": [{"status": 404, "title": "Not Found", "detail": "The resource could not be found.\n\n No resource provider with uuid 2337921b-22e3-4daa-bce3-564e68965cfc found for delete ", "request_id": "req-a6da5dea-9205-4822-99b1-85b7327a3d05"}]} [pid: 8|app: 0|req: 583/1173] 10.0.0.53 () {32 vars in 725 bytes} [Mon Jul 20 20:23:13 2026] DELETE /v2.0/networks/442487cd-80a2-4ba7-b951-452d8aedd4c9 => generated 0 bytes in 435 msecs (HTTP/1.1 204) 3 headers in 131 bytes (1 switches on core 0) [pid: 8|app: 0|req: 584/1174] 10.0.0.53 () {32 vars in 739 bytes} [Mon Jul 20 20:23:14 2026] DELETE /v2.0/security-groups/8002d44d-f242-4009-86e6-7590140df83a => generated 0 bytes in 181 msecs (HTTP/1.1 204) 2 headers in 112 bytes (1 switches on core 0)
2026-07-20 20:23:14.596 8 WARNING neutron.db.securitygroups_db [None req-66ea74ef-53d5-4175-82ba-10af5fc8dd6e 2da59ac1902147c68dd85a4308b492a9 76dbea4f76dc44438bf839f74c121db4 - - default default] project_id key not found in filters, using tenant_id instead. This support has been deprecated and will be removed in a future release. [pid: 8|app: 0|req: 585/1175] 10.0.0.53 () {32 vars in 773 bytes} [Mon Jul 20 20:23:14 2026] GET /v2.0/security-groups?tenant_id=91d0bfc7a79b467296b0dd68737352a1&name=default => generated 2925 bytes in 30 msecs (HTTP/1.1 200) 4 headers in 158 bytes (1 switches on core 0)
2026-07-20 20:23:14.690 7 WARNING neutron.scheduler.dhcp_agent_scheduler [None req-34230241-23ab-48c4-af34-cb22a66fb942 9a2070b777f9487988cc1785bce8c620 f0fd6f8b79af4e3592f05a82a2efadf9 - - default default] No more DHCP agents
2026-07-20 20:23:14.691 7 WARNING neutron.api.rpc.agentnotifiers.dhcp_rpc_agent_api [None req-34230241-23ab-48c4-af34-cb22a66fb942 9a2070b777f9487988cc1785bce8c620 f0fd6f8b79af4e3592f05a82a2efadf9 - - default default] Unable to schedule network 1dc5e3c5-adfd-416b-8d2e-c68bd90e154c: no agents available; will retry on subsequent port and subnet creation events.
2026-07-20 20:23:14.791 8 INFO neutron.plugins.ml2.drivers.ovn.mech_driver.mech_driver [None req-991b8d50-a325-4545-a271-8a6308a80136 - - - - - -] OVN reports status down for port: 47393c8a-7b39-40c6-a8fd-6996e978c264
2026-07-20 20:23:14.825 7 INFO neutron.db.ovn_revision_numbers_db [None req-34230241-23ab-48c4-af34-cb22a66fb942 9a2070b777f9487988cc1785bce8c620 f0fd6f8b79af4e3592f05a82a2efadf9 - - default default] Successfully bumped revision number for resource 47393c8a-7b39-40c6-a8fd-6996e978c264 (type: ports) to 1 [pid: 8|app: 0|req: 586/1176] 10.0.0.53 () {32 vars in 739 bytes} [Mon Jul 20 20:23:14 2026] DELETE /v2.0/security-groups/67be2945-4525-4916-ba71-07c2123ba7f5 => generated 0 bytes in 255 msecs (HTTP/1.1 204) 2 headers in 112 bytes (1 switches on core 0)
2026-07-20 20:23:15.480 8 INFO neutron.plugins.ml2.drivers.ovn.mech_driver.mech_driver [None req-991b8d50-a325-4545-a271-8a6308a80136 - - - - - -] OVN reports status up for port: 47393c8a-7b39-40c6-a8fd-6996e978c264
2026-07-20 20:23:15.498 8 INFO neutron.plugins.ml2.plugin [None req-991b8d50-a325-4545-a271-8a6308a80136 - - - - - -] Attempt 1 to provision port 47393c8a-7b39-40c6-a8fd-6996e978c264
2026-07-20 20:23:15.513 7 INFO neutron.plugins.ml2.plugin [None req-34230241-23ab-48c4-af34-cb22a66fb942 9a2070b777f9487988cc1785bce8c620 f0fd6f8b79af4e3592f05a82a2efadf9 - - default default] Attempt 1 to provision port 47393c8a-7b39-40c6-a8fd-6996e978c264
2026-07-20 20:23:15.586 7 WARNING neutron.scheduler.dhcp_agent_scheduler [None req-34230241-23ab-48c4-af34-cb22a66fb942 9a2070b777f9487988cc1785bce8c620 f0fd6f8b79af4e3592f05a82a2efadf9 - - default default] No more DHCP agents
2026-07-20 20:23:15.589 7 WARNING neutron.api.rpc.agentnotifiers.dhcp_rpc_agent_api [None req-34230241-23ab-48c4-af34-cb22a66fb942 9a2070b777f9487988cc1785bce8c620 f0fd6f8b79af4e3592f05a82a2efadf9 - - default default] Unable to schedule network 1dc5e3c5-adfd-416b-8d2e-c68bd90e154c: no agents available; will retry on subsequent port and subnet creation events.
2026-07-20 20:23:15.873 7 INFO neutron.db.ovn_revision_numbers_db [None req-34230241-23ab-48c4-af34-cb22a66fb942 9a2070b777f9487988cc1785bce8c620 f0fd6f8b79af4e3592f05a82a2efadf9 - - default default] Successfully bumped revision number for resource 47393c8a-7b39-40c6-a8fd-6996e978c264 (type: router_ports) to 1 [pid: 7|app: 0|req: 591/1177] 10.0.0.53 () {34 vars in 782 bytes} [Mon Jul 20 20:23:13 2026] PUT /v2.0/routers/e92c0272-3b8d-45f1-9347-18063d55aab4/add_router_interface => generated 310 bytes in 2689 msecs (HTTP/1.1 200) 4 headers in 157 bytes (1 switches on core 0) [pid: 7|app: 0|req: 592/1178] 10.0.0.53 () {32 vars in 716 bytes} [Mon Jul 20 20:23:15 2026] GET /v2.0/ports/47393c8a-7b39-40c6-a8fd-6996e978c264 => generated 955 bytes in 112 msecs (HTTP/1.1 200) 4 headers in 157 bytes (1 switches on core 0)
2026-07-20 20:23:16.045 8 INFO neutron.db.ovn_revision_numbers_db [None req-991b8d50-a325-4545-a271-8a6308a80136 - - - - - -] Successfully bumped revision number for resource 47393c8a-7b39-40c6-a8fd-6996e978c264 (type: ports) to 2 [pid: 7|app: 0|req: 593/1179] 10.0.0.53 () {32 vars in 716 bytes} [Mon Jul 20 20:23:16 2026] GET /v2.0/ports/47393c8a-7b39-40c6-a8fd-6996e978c264 => generated 955 bytes in 43 msecs (HTTP/1.1 200) 4 headers in 157 bytes (1 switches on core 0)
2026-07-20 20:23:16.374 8 INFO neutron.db.ovn_revision_numbers_db [None req-7fb5dc1e-a3c8-4f2a-ac20-55db2b73edfb 9cc0f06632444b368347ea28244355a8 fe0fa9b8e6654269a9359d8c94323eb9 - - default default] Successfully bumped revision number for resource c2091641-6711-43ed-9ab3-28c279ad5634 (type: security_groups) to 1
2026-07-20 20:23:16.402 8 INFO neutron.db.ovn_revision_numbers_db [None req-7fb5dc1e-a3c8-4f2a-ac20-55db2b73edfb 9cc0f06632444b368347ea28244355a8 fe0fa9b8e6654269a9359d8c94323eb9 - - default default] Successfully bumped revision number for resource 0545d2dc-96fc-4074-8976-718c159915ea (type: security_group_rules) to 0
2026-07-20 20:23:16.435 8 INFO neutron.db.ovn_revision_numbers_db [None req-7fb5dc1e-a3c8-4f2a-ac20-55db2b73edfb 9cc0f06632444b368347ea28244355a8 fe0fa9b8e6654269a9359d8c94323eb9 - - default default] Successfully bumped revision number for resource 3537e3a5-8ad4-4c19-97a4-e616aea03fd4 (type: security_group_rules) to 0
2026-07-20 20:23:16.436 7 INFO neutron_taas.services.taas.taas_plugin [None req-3ac5b84a-adcd-4ec4-a6a8-9dffee6daed9 9a2070b777f9487988cc1785bce8c620 f0fd6f8b79af4e3592f05a82a2efadf9 - - default default] TaaS: Handle Delete Port: 47393c8a-7b39-40c6-a8fd-6996e978c264
2026-07-20 20:23:16.440 7 INFO neutron_taas.services.taas.tap_mirror_plugin [None req-3ac5b84a-adcd-4ec4-a6a8-9dffee6daed9 9a2070b777f9487988cc1785bce8c620 f0fd6f8b79af4e3592f05a82a2efadf9 - - default default] Tap Mirror: Handle Delete Port: 47393c8a-7b39-40c6-a8fd-6996e978c264
2026-07-20 20:23:16.453 8 INFO neutron.db.ovn_revision_numbers_db [None req-7fb5dc1e-a3c8-4f2a-ac20-55db2b73edfb 9cc0f06632444b368347ea28244355a8 fe0fa9b8e6654269a9359d8c94323eb9 - - default default] Successfully bumped revision number for resource 556a31a4-3251-4f07-8c65-3e66de885114 (type: security_group_rules) to 0
2026-07-20 20:23:16.467 8 INFO neutron.db.ovn_revision_numbers_db [None req-7fb5dc1e-a3c8-4f2a-ac20-55db2b73edfb 9cc0f06632444b368347ea28244355a8 fe0fa9b8e6654269a9359d8c94323eb9 - - default default] Successfully bumped revision number for resource a12cdc73-6edc-4fed-bcc6-33cd4021aa5e (type: security_group_rules) to 0
2026-07-20 20:23:16.575 8 INFO neutron.db.segments_db [None req-7fb5dc1e-a3c8-4f2a-ac20-55db2b73edfb 9cc0f06632444b368347ea28244355a8 fe0fa9b8e6654269a9359d8c94323eb9 - - default default] Added segment 3e2c5ab3-653f-4325-9326-68952b115b22 of type geneve for network 99e117dc-fe9d-4872-8901-70637ab2b680
2026-07-20 20:23:16.792 8 INFO neutron.db.ovn_revision_numbers_db [None req-7fb5dc1e-a3c8-4f2a-ac20-55db2b73edfb 9cc0f06632444b368347ea28244355a8 fe0fa9b8e6654269a9359d8c94323eb9 - - default default] Successfully bumped revision number for resource 99e117dc-fe9d-4872-8901-70637ab2b680 (type: networks) to 1 [pid: 7|app: 0|req: 594/1180] 10.0.0.53 () {34 vars in 788 bytes} [Mon Jul 20 20:23:16 2026] PUT /v2.0/routers/e92c0272-3b8d-45f1-9347-18063d55aab4/remove_router_interface => generated 310 bytes in 815 msecs (HTTP/1.1 200) 4 headers in 157 bytes (1 switches on core 0) /var/lib/openstack/lib/python3.12/site-packages/pycadf/identifier.py:70: UserWarning: Invalid uuid: neutron. To ensure interoperability, identifiers should be a valid uuid. warnings.warn(('Invalid uuid: %s. To ensure interoperability, ' [pid: 7|app: 0|req: 595/1181] 10.0.0.53 () {32 vars in 716 bytes} [Mon Jul 20 20:23:16 2026] GET /v2.0/ports/3e85ff0c-4b8d-456d-994f-72ad2fd7835d => generated 947 bytes in 47 msecs (HTTP/1.1 200) 4 headers in 157 bytes (1 switches on core 0)
2026-07-20 20:23:16.992 8 WARNING neutron.scheduler.dhcp_agent_scheduler [None req-7fb5dc1e-a3c8-4f2a-ac20-55db2b73edfb 9cc0f06632444b368347ea28244355a8 fe0fa9b8e6654269a9359d8c94323eb9 - - default default] No more DHCP agents
2026-07-20 20:23:16.994 8 WARNING neutron.api.rpc.agentnotifiers.dhcp_rpc_agent_api [None req-7fb5dc1e-a3c8-4f2a-ac20-55db2b73edfb 9cc0f06632444b368347ea28244355a8 fe0fa9b8e6654269a9359d8c94323eb9 - - default default] Unable to schedule network 99e117dc-fe9d-4872-8901-70637ab2b680: no agents available; will retry on subsequent port and subnet creation events.
2026-07-20 20:23:17.204 8 INFO neutron.db.ovn_revision_numbers_db [None req-7fb5dc1e-a3c8-4f2a-ac20-55db2b73edfb 9cc0f06632444b368347ea28244355a8 fe0fa9b8e6654269a9359d8c94323eb9 - - default default] Successfully bumped revision number for resource a31238e6-a754-490f-9fcc-4dfa3588f3f6 (type: ports) to 1 [pid: 8|app: 0|req: 587/1182] 10.0.0.53 () {34 vars in 669 bytes} [Mon Jul 20 20:23:15 2026] POST /v2.0/networks => generated 687 bytes in 1467 msecs (HTTP/1.1 201) 4 headers in 162 bytes (1 switches on core 0)
2026-07-20 20:23:17.250 7 INFO neutron_taas.services.taas.taas_plugin [None req-4a4742f9-6776-4e42-bf45-79b1c8a479be 9a2070b777f9487988cc1785bce8c620 f0fd6f8b79af4e3592f05a82a2efadf9 - - default default] TaaS: Handle Delete Port: 3e85ff0c-4b8d-456d-994f-72ad2fd7835d
2026-07-20 20:23:17.254 7 INFO neutron_taas.services.taas.tap_mirror_plugin [None req-4a4742f9-6776-4e42-bf45-79b1c8a479be 9a2070b777f9487988cc1785bce8c620 f0fd6f8b79af4e3592f05a82a2efadf9 - - default default] Tap Mirror: Handle Delete Port: 3e85ff0c-4b8d-456d-994f-72ad2fd7835d
2026-07-20 20:23:17.486 8 WARNING neutron.scheduler.dhcp_agent_scheduler [None req-f3de3bd8-cbf9-4a42-b09c-c0ca977828ce 9cc0f06632444b368347ea28244355a8 fe0fa9b8e6654269a9359d8c94323eb9 - - default default] No more DHCP agents
2026-07-20 20:23:17.488 8 WARNING neutron.api.rpc.agentnotifiers.dhcp_rpc_agent_api [None req-f3de3bd8-cbf9-4a42-b09c-c0ca977828ce 9cc0f06632444b368347ea28244355a8 fe0fa9b8e6654269a9359d8c94323eb9 - - default default] Unable to schedule network 99e117dc-fe9d-4872-8901-70637ab2b680: no agents available; will retry on subsequent port and subnet creation events.
2026-07-20 20:23:17.518 8 INFO neutron.db.ovn_revision_numbers_db [None req-f3de3bd8-cbf9-4a42-b09c-c0ca977828ce 9cc0f06632444b368347ea28244355a8 fe0fa9b8e6654269a9359d8c94323eb9 - - default default] Successfully bumped revision number for resource 5d5cf726-bbdb-4351-809c-10b982333cce (type: subnets) to 0 [pid: 8|app: 0|req: 588/1183] 10.0.0.53 () {34 vars in 668 bytes} [Mon Jul 20 20:23:17 2026] POST /v2.0/subnets => generated 627 bytes in 289 msecs (HTTP/1.1 201) 4 headers in 162 bytes (1 switches on core 0)
2026-07-20 20:23:17.669 8 WARNING neutron.db.securitygroups_db [None req-1c53d848-b2fb-44d9-baa8-6ea370e0e6ae 2da59ac1902147c68dd85a4308b492a9 76dbea4f76dc44438bf839f74c121db4 - - default default] project_id key not found in filters, using tenant_id instead. This support has been deprecated and will be removed in a future release. [pid: 7|app: 0|req: 596/1184] 10.0.0.53 () {34 vars in 788 bytes} [Mon Jul 20 20:23:16 2026] PUT /v2.0/routers/e92c0272-3b8d-45f1-9347-18063d55aab4/remove_router_interface => generated 310 bytes in 792 msecs (HTTP/1.1 200) 4 headers in 157 bytes (1 switches on core 0) /var/lib/openstack/lib/python3.12/site-packages/pycadf/identifier.py:70: UserWarning: Invalid uuid: neutron. To ensure interoperability, identifiers should be a valid uuid. warnings.warn(('Invalid uuid: %s. To ensure interoperability, '
2026-07-20 20:23:17.916 8 INFO neutron.db.ovn_revision_numbers_db [None req-1c53d848-b2fb-44d9-baa8-6ea370e0e6ae 2da59ac1902147c68dd85a4308b492a9 76dbea4f76dc44438bf839f74c121db4 - - default default] Successfully bumped revision number for resource e4f29149-c93f-4f6e-b9f2-b8254cf62f77 (type: security_groups) to 1
2026-07-20 20:23:17.933 8 INFO neutron.db.ovn_revision_numbers_db [None req-1c53d848-b2fb-44d9-baa8-6ea370e0e6ae 2da59ac1902147c68dd85a4308b492a9 76dbea4f76dc44438bf839f74c121db4 - - default default] Successfully bumped revision number for resource 940c901c-76a2-4a3c-bcaf-ad8a9bb7666f (type: security_group_rules) to 0
2026-07-20 20:23:17.954 8 INFO neutron.db.ovn_revision_numbers_db [None req-1c53d848-b2fb-44d9-baa8-6ea370e0e6ae 2da59ac1902147c68dd85a4308b492a9 76dbea4f76dc44438bf839f74c121db4 - - default default] Successfully bumped revision number for resource dbb849b6-2e42-4ebb-bacc-0d67afdaaa4f (type: security_group_rules) to 0
2026-07-20 20:23:17.969 8 INFO neutron.db.ovn_revision_numbers_db [None req-1c53d848-b2fb-44d9-baa8-6ea370e0e6ae 2da59ac1902147c68dd85a4308b492a9 76dbea4f76dc44438bf839f74c121db4 - - default default] Successfully bumped revision number for resource e3b94ed4-6339-4e03-b7b4-bdae5fe95938 (type: security_group_rules) to 0
2026-07-20 20:23:17.987 8 INFO neutron.db.ovn_revision_numbers_db [None req-1c53d848-b2fb-44d9-baa8-6ea370e0e6ae 2da59ac1902147c68dd85a4308b492a9 76dbea4f76dc44438bf839f74c121db4 - - default default] Successfully bumped revision number for resource f3af3fb9-e2e5-4627-92a8-b3af7518d660 (type: security_group_rules) to 0 [pid: 8|app: 0|req: 589/1185] 10.0.0.53 () {32 vars in 773 bytes} [Mon Jul 20 20:23:17 2026] GET /v2.0/security-groups?tenant_id=a14370d4efaf4291a823e2f2918b08a9&name=default => generated 2925 bytes in 492 msecs (HTTP/1.1 200) 4 headers in 158 bytes (1 switches on core 0) [pid: 8|app: 0|req: 590/1186] 10.0.0.53 () {32 vars in 735 bytes} [Mon Jul 20 20:23:18 2026] GET /v2.0/ports?device_id=e92c0272-3b8d-45f1-9347-18063d55aab4 => generated 12 bytes in 23 msecs (HTTP/1.1 200) 4 headers in 156 bytes (1 switches on core 0) [pid: 8|app: 0|req: 591/1187] 10.0.0.53 () {32 vars in 739 bytes} [Mon Jul 20 20:23:18 2026] DELETE /v2.0/security-groups/e4f29149-c93f-4f6e-b9f2-b8254cf62f77 => generated 0 bytes in 190 msecs (HTTP/1.1 204) 2 headers in 112 bytes (1 switches on core 0)
2026-07-20 20:23:18.398 7 WARNING neutron.scheduler.dhcp_agent_scheduler [None req-056c00db-f41b-4d8a-b3dd-aa968499ab48 9cc0f06632444b368347ea28244355a8 fe0fa9b8e6654269a9359d8c94323eb9 - - default default] No more DHCP agents
2026-07-20 20:23:18.400 7 WARNING neutron.api.rpc.agentnotifiers.dhcp_rpc_agent_api [None req-056c00db-f41b-4d8a-b3dd-aa968499ab48 9cc0f06632444b368347ea28244355a8 fe0fa9b8e6654269a9359d8c94323eb9 - - default default] Unable to schedule network b9cadc4d-a833-45f5-9199-50520e7da728: no agents available; will retry on subsequent port and subnet creation events.
2026-07-20 20:23:18.491 7 WARNING neutron.plugins.ml2.drivers.ovn.mech_driver.ovsdb.ovn_client [None req-20b0372a-bcc4-451a-a18a-a864d6476ab0 - - - - - -] No port found with ID 3e85ff0c-4b8d-456d-994f-72ad2fd7835d: RuntimeError: No port found with ID 3e85ff0c-4b8d-456d-994f-72ad2fd7835d [pid: 8|app: 0|req: 592/1188] 10.0.0.53 () {32 vars in 723 bytes} [Mon Jul 20 20:23:18 2026] DELETE /v2.0/routers/e92c0272-3b8d-45f1-9347-18063d55aab4 => generated 0 bytes in 244 msecs (HTTP/1.1 204) 2 headers in 112 bytes (1 switches on core 0)
2026-07-20 20:23:18.555 7 INFO neutron.plugins.ml2.drivers.ovn.mech_driver.mech_driver [None req-20b0372a-bcc4-451a-a18a-a864d6476ab0 - - - - - -] OVN reports status down for port: a31238e6-a754-490f-9fcc-4dfa3588f3f6
2026-07-20 20:23:18.718 7 INFO neutron.plugins.ml2.drivers.ovn.mech_driver.mech_driver [None req-20b0372a-bcc4-451a-a18a-a864d6476ab0 - - - - - -] OVN reports status down for port: 5b3b4e39-bfb0-4a55-93a5-68b76d9cfe50
2026-07-20 20:23:18.719 7 INFO neutron.db.ovn_revision_numbers_db [None req-056c00db-f41b-4d8a-b3dd-aa968499ab48 9cc0f06632444b368347ea28244355a8 fe0fa9b8e6654269a9359d8c94323eb9 - - default default] Successfully bumped revision number for resource 5b3b4e39-bfb0-4a55-93a5-68b76d9cfe50 (type: ports) to 1
2026-07-20 20:23:18.777 8 WARNING neutron.db.securitygroups_db [None req-737ad321-016f-4102-8ed3-928e58310e89 2da59ac1902147c68dd85a4308b492a9 76dbea4f76dc44438bf839f74c121db4 - - default default] project_id key not found in filters, using tenant_id instead. This support has been deprecated and will be removed in a future release.
2026-07-20 20:23:18.916 8 INFO neutron.db.ovn_revision_numbers_db [None req-737ad321-016f-4102-8ed3-928e58310e89 2da59ac1902147c68dd85a4308b492a9 76dbea4f76dc44438bf839f74c121db4 - - default default] Successfully bumped revision number for resource 6d64ff86-cf03-4fb0-86af-8b6b59cada28 (type: security_groups) to 1
2026-07-20 20:23:18.929 8 INFO neutron.db.ovn_revision_numbers_db [None req-737ad321-016f-4102-8ed3-928e58310e89 2da59ac1902147c68dd85a4308b492a9 76dbea4f76dc44438bf839f74c121db4 - - default default] Successfully bumped revision number for resource 80e6840a-bf1e-4333-9e96-9bcb501029a7 (type: security_group_rules) to 0
2026-07-20 20:23:18.953 8 INFO neutron.db.ovn_revision_numbers_db [None req-737ad321-016f-4102-8ed3-928e58310e89 2da59ac1902147c68dd85a4308b492a9 76dbea4f76dc44438bf839f74c121db4 - - default default] Successfully bumped revision number for resource a1a727de-bacd-4891-95d0-b9aeeb83ddab (type: security_group_rules) to 0
2026-07-20 20:23:18.967 8 INFO neutron.db.ovn_revision_numbers_db [None req-737ad321-016f-4102-8ed3-928e58310e89 2da59ac1902147c68dd85a4308b492a9 76dbea4f76dc44438bf839f74c121db4 - - default default] Successfully bumped revision number for resource b8efede0-204b-4902-986e-dfa982ddc40a (type: security_group_rules) to 0
2026-07-20 20:23:18.981 8 INFO neutron.db.ovn_revision_numbers_db [None req-737ad321-016f-4102-8ed3-928e58310e89 2da59ac1902147c68dd85a4308b492a9 76dbea4f76dc44438bf839f74c121db4 - - default default] Successfully bumped revision number for resource e9be29b9-05e9-447e-a409-4ea2921c456e (type: security_group_rules) to 0 [pid: 8|app: 0|req: 593/1189] 10.0.0.53 () {32 vars in 773 bytes} [Mon Jul 20 20:23:18 2026] GET /v2.0/security-groups?tenant_id=d091219c7a1d4a5cace5681029a8c70a&name=default => generated 2925 bytes in 526 msecs (HTTP/1.1 200) 4 headers in 158 bytes (1 switches on core 0) [pid: 8|app: 0|req: 594/1190] 10.0.0.53 () {32 vars in 723 bytes} [Mon Jul 20 20:23:19 2026] DELETE /v2.0/subnets/85bee905-324a-418b-83f5-f38dfe964ac7 => generated 0 bytes in 159 msecs (HTTP/1.1 204) 3 headers in 131 bytes (1 switches on core 0) [pid: 8|app: 0|req: 595/1191] 10.0.0.53 () {32 vars in 739 bytes} [Mon Jul 20 20:23:19 2026] DELETE /v2.0/security-groups/6d64ff86-cf03-4fb0-86af-8b6b59cada28 => generated 0 bytes in 245 msecs (HTTP/1.1 204) 2 headers in 112 bytes (1 switches on core 0)
2026-07-20 20:23:19.524 7 INFO neutron.plugins.ml2.drivers.ovn.mech_driver.mech_driver [None req-20b0372a-bcc4-451a-a18a-a864d6476ab0 - - - - - -] OVN reports status up for port: 5b3b4e39-bfb0-4a55-93a5-68b76d9cfe50
2026-07-20 20:23:19.557 7 INFO neutron.plugins.ml2.plugin [None req-20b0372a-bcc4-451a-a18a-a864d6476ab0 - - - - - -] Attempt 1 to provision port 5b3b4e39-bfb0-4a55-93a5-68b76d9cfe50
2026-07-20 20:23:19.581 7 INFO neutron.db.ovn_revision_numbers_db [None req-056c00db-f41b-4d8a-b3dd-aa968499ab48 9cc0f06632444b368347ea28244355a8 fe0fa9b8e6654269a9359d8c94323eb9 - - default default] Successfully bumped revision number for resource 5b3b4e39-bfb0-4a55-93a5-68b76d9cfe50 (type: router_ports) to 1 [pid: 8|app: 0|req: 596/1192] 10.0.0.53 () {32 vars in 723 bytes} [Mon Jul 20 20:23:19 2026] DELETE /v2.0/subnets/acb1fade-c318-4605-9336-046bc51c9475 => generated 0 bytes in 193 msecs (HTTP/1.1 204) 3 headers in 131 bytes (1 switches on core 0)
2026-07-20 20:23:19.735 7 INFO neutron.db.ovn_revision_numbers_db [None req-056c00db-f41b-4d8a-b3dd-aa968499ab48 9cc0f06632444b368347ea28244355a8 fe0fa9b8e6654269a9359d8c94323eb9 - - default default] Successfully bumped revision number for resource 534903e6-1faa-4c53-b826-b5c729167453 (type: routers) to 2 [pid: 7|app: 0|req: 597/1193] 10.0.0.53 () {34 vars in 668 bytes} [Mon Jul 20 20:23:17 2026] POST /v2.0/routers => generated 975 bytes in 2041 msecs (HTTP/1.1 201) 4 headers in 162 bytes (1 switches on core 0)
2026-07-20 20:23:19.771 8 INFO neutron_taas.services.taas.taas_plugin [None req-4c17ac5f-736e-41c8-bb5e-46abd35cc463 9a2070b777f9487988cc1785bce8c620 f0fd6f8b79af4e3592f05a82a2efadf9 - - default default] TaaS: Handle Delete Port: 670ed54b-6b92-461c-a9ff-12937538b019
2026-07-20 20:23:19.773 8 INFO neutron_taas.services.taas.tap_mirror_plugin [None req-4c17ac5f-736e-41c8-bb5e-46abd35cc463 9a2070b777f9487988cc1785bce8c620 f0fd6f8b79af4e3592f05a82a2efadf9 - - default default] Tap Mirror: Handle Delete Port: 670ed54b-6b92-461c-a9ff-12937538b019
2026-07-20 20:23:19.987 8 INFO neutron.services.segments.plugin [-] Segment 54b90181-61a8-4081-b669-2b70d0c8a9ad resource provider aggregate not found
2026-07-20 20:23:19.998 8 INFO neutron.services.segments.plugin [-] Segment 54b90181-61a8-4081-b669-2b70d0c8a9ad resource provider aggregate not found
2026-07-20 20:23:20.011 8 INFO neutron.services.segments.plugin [-] Client error retrieving segment 54b90181-61a8-4081-b669-2b70d0c8a9ad resource provider; error: Placement Client Error (4xx): {"errors": [{"status": 404, "title": "Not Found", "detail": "The resource could not be found.\n\n No resource provider with uuid 54b90181-61a8-4081-b669-2b70d0c8a9ad found for delete ", "request_id": "req-2991386e-948d-419a-a112-8898fcf65905"}]}
2026-07-20 20:23:20.027 8 INFO neutron.services.segments.plugin [-] Client error retrieving segment 54b90181-61a8-4081-b669-2b70d0c8a9ad resource provider; error: Placement Client Error (4xx): {"errors": [{"status": 404, "title": "Not Found", "detail": "The resource could not be found.\n\n No resource provider with uuid 54b90181-61a8-4081-b669-2b70d0c8a9ad found for delete ", "request_id": "req-98abacc5-74e6-43c0-9e0e-0cf2b56c829e"}]} [pid: 8|app: 0|req: 597/1194] 10.0.0.53 () {32 vars in 725 bytes} [Mon Jul 20 20:23:19 2026] DELETE /v2.0/networks/1dc5e3c5-adfd-416b-8d2e-c68bd90e154c => generated 0 bytes in 449 msecs (HTTP/1.1 204) 3 headers in 131 bytes (1 switches on core 0)
2026-07-20 20:23:20.223 8 INFO neutron_taas.services.taas.taas_plugin [None req-16ac4666-caff-4f87-82e5-9d9c2ddb1b16 9a2070b777f9487988cc1785bce8c620 f0fd6f8b79af4e3592f05a82a2efadf9 - - default default] TaaS: Handle Delete Port: 4c9d7f0d-ee95-4ba1-9922-1fb25277fe38
2026-07-20 20:23:20.226 8 INFO neutron_taas.services.taas.tap_mirror_plugin [None req-16ac4666-caff-4f87-82e5-9d9c2ddb1b16 9a2070b777f9487988cc1785bce8c620 f0fd6f8b79af4e3592f05a82a2efadf9 - - default default] Tap Mirror: Handle Delete Port: 4c9d7f0d-ee95-4ba1-9922-1fb25277fe38
2026-07-20 20:23:20.400 7 WARNING neutron.scheduler.dhcp_agent_scheduler [None req-e6d22736-dc76-4251-8dde-50b8d4e3d9ed 9cc0f06632444b368347ea28244355a8 fe0fa9b8e6654269a9359d8c94323eb9 - - default default] No more DHCP agents
2026-07-20 20:23:20.404 7 WARNING neutron.api.rpc.agentnotifiers.dhcp_rpc_agent_api [None req-e6d22736-dc76-4251-8dde-50b8d4e3d9ed 9cc0f06632444b368347ea28244355a8 fe0fa9b8e6654269a9359d8c94323eb9 - - default default] Unable to schedule network 99e117dc-fe9d-4872-8901-70637ab2b680: no agents available; will retry on subsequent port and subnet creation events. [pid: 8|app: 0|req: 600/1197] 10.0.0.53 () {32 vars in 725 bytes} [Mon Jul 20 20:23:20 2026] DELETE /v2.0/networks/01858354-4390-4865-96b4-0caea7e5f327 => generated 0 bytes in 441 msecs (HTTP/1.1 204) 3 headers in 131 bytes (1 switches on core 0)
2026-07-20 20:23:20.585 7 INFO neutron.db.ovn_revision_numbers_db [None req-e6d22736-dc76-4251-8dde-50b8d4e3d9ed 9cc0f06632444b368347ea28244355a8 fe0fa9b8e6654269a9359d8c94323eb9 - - default default] Successfully bumped revision number for resource 1d55e4c0-3b65-4c9c-a27a-35e28b099d81 (type: ports) to 1 [pid: 8|app: 0|req: 601/1198] 10.0.0.53 () {32 vars in 652 bytes} [Mon Jul 20 20:23:20 2026] GET /v2.0/extensions => generated 22668 bytes in 292 msecs (HTTP/1.1 200) 4 headers in 159 bytes (1 switches on core 0)
2026-07-20 20:23:20.922 8 WARNING neutron.plugins.ml2.drivers.ovn.mech_driver.ovsdb.ovn_client [None req-63beee46-0030-4e7d-9237-65d6b6c14995 - - - - - -] No port found with ID 47393c8a-7b39-40c6-a8fd-6996e978c264: RuntimeError: No port found with ID 47393c8a-7b39-40c6-a8fd-6996e978c264
2026-07-20 20:23:20.929 8 INFO neutron.db.segments_db [None req-baf765d4-81fb-48ac-85d5-945bf06f0922 9a2070b777f9487988cc1785bce8c620 f0fd6f8b79af4e3592f05a82a2efadf9 - - default default] Added segment e90f6a24-6bbf-477f-8e74-1ac46b4646fa of type geneve for network f30f314d-7142-477f-9aa0-ea26f56fa795
2026-07-20 20:23:20.969 8 INFO neutron.plugins.ml2.drivers.ovn.mech_driver.mech_driver [None req-63beee46-0030-4e7d-9237-65d6b6c14995 - - - - - -] OVN reports status down for port: 1d55e4c0-3b65-4c9c-a27a-35e28b099d81
2026-07-20 20:23:21.127 8 INFO neutron.db.ovn_revision_numbers_db [None req-baf765d4-81fb-48ac-85d5-945bf06f0922 9a2070b777f9487988cc1785bce8c620 f0fd6f8b79af4e3592f05a82a2efadf9 - - default default] Successfully bumped revision number for resource f30f314d-7142-477f-9aa0-ea26f56fa795 (type: networks) to 1
2026-07-20 20:23:21.374 8 WARNING neutron.scheduler.dhcp_agent_scheduler [None req-baf765d4-81fb-48ac-85d5-945bf06f0922 9a2070b777f9487988cc1785bce8c620 f0fd6f8b79af4e3592f05a82a2efadf9 - - default default] No more DHCP agents
2026-07-20 20:23:21.375 8 WARNING neutron.api.rpc.agentnotifiers.dhcp_rpc_agent_api [None req-baf765d4-81fb-48ac-85d5-945bf06f0922 9a2070b777f9487988cc1785bce8c620 f0fd6f8b79af4e3592f05a82a2efadf9 - - default default] Unable to schedule network f30f314d-7142-477f-9aa0-ea26f56fa795: no agents available; will retry on subsequent port and subnet creation events.
2026-07-20 20:23:21.457 8 INFO neutron.plugins.ml2.drivers.ovn.mech_driver.mech_driver [None req-63beee46-0030-4e7d-9237-65d6b6c14995 - - - - - -] OVN reports status down for port: 0663534a-6505-41c3-af25-af82eedc8149
2026-07-20 20:23:21.604 8 INFO neutron.db.ovn_revision_numbers_db [None req-baf765d4-81fb-48ac-85d5-945bf06f0922 9a2070b777f9487988cc1785bce8c620 f0fd6f8b79af4e3592f05a82a2efadf9 - - default default] Successfully bumped revision number for resource 0663534a-6505-41c3-af25-af82eedc8149 (type: ports) to 1
2026-07-20 20:23:21.620 7 WARNING neutron.scheduler.dhcp_agent_scheduler [None req-e6d22736-dc76-4251-8dde-50b8d4e3d9ed 9cc0f06632444b368347ea28244355a8 fe0fa9b8e6654269a9359d8c94323eb9 - - default default] No more DHCP agents
2026-07-20 20:23:21.621 7 WARNING neutron.api.rpc.agentnotifiers.dhcp_rpc_agent_api [None req-e6d22736-dc76-4251-8dde-50b8d4e3d9ed 9cc0f06632444b368347ea28244355a8 fe0fa9b8e6654269a9359d8c94323eb9 - - default default] Unable to schedule network 99e117dc-fe9d-4872-8901-70637ab2b680: no agents available; will retry on subsequent port and subnet creation events. [pid: 8|app: 0|req: 602/1199] 10.0.0.53 () {34 vars in 669 bytes} [Mon Jul 20 20:23:20 2026] POST /v2.0/networks => generated 671 bytes in 853 msecs (HTTP/1.1 201) 4 headers in 162 bytes (1 switches on core 0) [pid: 8|app: 0|req: 603/1200] 10.0.0.53 () {32 vars in 680 bytes} [Mon Jul 20 20:23:21 2026] GET /v2.0/extensions/address-group => generated 159 bytes in 12 msecs (HTTP/1.1 200) 4 headers in 157 bytes (1 switches on core 0)
2026-07-20 20:23:21.697 8 INFO neutron.plugins.ml2.drivers.ovn.mech_driver.mech_driver [None req-63beee46-0030-4e7d-9237-65d6b6c14995 - - - - - -] OVN reports status up for port: 1d55e4c0-3b65-4c9c-a27a-35e28b099d81
2026-07-20 20:23:21.730 8 INFO neutron.plugins.ml2.plugin [None req-63beee46-0030-4e7d-9237-65d6b6c14995 - - - - - -] Attempt 1 to provision port 1d55e4c0-3b65-4c9c-a27a-35e28b099d81
2026-07-20 20:23:22.031 7 INFO neutron.db.ovn_revision_numbers_db [None req-e6d22736-dc76-4251-8dde-50b8d4e3d9ed 9cc0f06632444b368347ea28244355a8 fe0fa9b8e6654269a9359d8c94323eb9 - - default default] Successfully bumped revision number for resource 1d55e4c0-3b65-4c9c-a27a-35e28b099d81 (type: router_ports) to 1 [pid: 7|app: 0|req: 598/1201] 10.0.0.53 () {34 vars in 782 bytes} [Mon Jul 20 20:23:19 2026] PUT /v2.0/routers/534903e6-1faa-4c53-b826-b5c729167453/add_router_interface => generated 310 bytes in 2276 msecs (HTTP/1.1 200) 4 headers in 157 bytes (1 switches on core 0) [pid: 7|app: 0|req: 599/1202] 10.0.0.53 () {32 vars in 680 bytes} [Mon Jul 20 20:23:22 2026] GET /v2.0/extensions/address-scope => generated 163 bytes in 7 msecs (HTTP/1.1 200) 4 headers in 157 bytes (1 switches on core 0)
2026-07-20 20:23:22.061 8 INFO neutron.services.segments.plugin [-] Segment 31d40071-de14-41fe-b204-0ed13a0828a9 resource provider aggregate not found
2026-07-20 20:23:22.062 8 INFO neutron.services.segments.plugin [-] Segment 31d40071-de14-41fe-b204-0ed13a0828a9 resource provider aggregate not found
2026-07-20 20:23:22.093 8 INFO neutron.services.segments.plugin [-] Client error retrieving segment 31d40071-de14-41fe-b204-0ed13a0828a9 resource provider; error: Placement Client Error (4xx): {"errors": [{"status": 404, "title": "Not Found", "detail": "The resource could not be found.\n\n No resource provider with uuid 31d40071-de14-41fe-b204-0ed13a0828a9 found for delete ", "request_id": "req-2da52e99-1e1c-43cc-bda7-dfad269911c7"}]}
2026-07-20 20:23:22.102 8 INFO neutron.services.segments.plugin [-] Client error retrieving segment 31d40071-de14-41fe-b204-0ed13a0828a9 resource provider; error: Placement Client Error (4xx): {"errors": [{"status": 404, "title": "Not Found", "detail": "The resource could not be found.\n\n No resource provider with uuid 31d40071-de14-41fe-b204-0ed13a0828a9 found for delete ", "request_id": "req-cbf04f3a-06a3-47c2-aa5e-8cc3e05d645e"}]}
2026-07-20 20:23:22.224 8 WARNING neutron.scheduler.dhcp_agent_scheduler [None req-9cfc3af4-0b44-41a1-a521-87eae8c4b702 9a2070b777f9487988cc1785bce8c620 f0fd6f8b79af4e3592f05a82a2efadf9 - - default default] No more DHCP agents
2026-07-20 20:23:22.237 8 WARNING neutron.api.rpc.agentnotifiers.dhcp_rpc_agent_api [None req-9cfc3af4-0b44-41a1-a521-87eae8c4b702 9a2070b777f9487988cc1785bce8c620 f0fd6f8b79af4e3592f05a82a2efadf9 - - default default] Unable to schedule network f30f314d-7142-477f-9aa0-ea26f56fa795: no agents available; will retry on subsequent port and subnet creation events.
