2026-07-20 20:24:41.351 8 WARNING neutron.db.securitygroups_db [None req-45945077-41c2-4090-bf16-5e59c9fa4414 2da59ac1902147c68dd85a4308b492a9 76dbea4f76dc44438bf839f74c121db4 - - default default] project_id key not found in filters, using tenant_id instead. This support has been deprecated and will be removed in a future release. [pid: 8|app: 0|req: 874/1756] 10.0.0.53 () {32 vars in 773 bytes} [Mon Jul 20 20:24:41 2026] GET /v2.0/security-groups?tenant_id=eabb168489b8487bab7dec856e466a1f&name=default => generated 2925 bytes in 217 msecs (HTTP/1.1 200) 4 headers in 158 bytes (1 switches on core 0) [pid: 8|app: 0|req: 875/1757] 199.204.45.216 () {34 vars in 1080 bytes} [Mon Jul 20 20:24:41 2026] GET /v2.0/ports?tenant_id=eaadb182d883428faf945115a5c8c97c&device_id=fc328809-f725-4591-bda0-d8e8ff06b9d9 => generated 1229 bytes in 50 msecs (HTTP/1.1 200) 4 headers in 158 bytes (1 switches on core 0) [pid: 8|app: 0|req: 876/1758] 10.0.0.198 () {34 vars in 1070 bytes} [Mon Jul 20 20:24:41 2026] GET /v2.0/ports?fields=security_groups&fields=device_id&device_id=fc328809-f725-4591-bda0-d8e8ff06b9d9 => generated 123 bytes in 42 msecs (HTTP/1.1 200) 4 headers in 157 bytes (1 switches on core 0) [pid: 8|app: 0|req: 877/1759] 10.0.0.53 () {32 vars in 739 bytes} [Mon Jul 20 20:24:41 2026] DELETE /v2.0/security-groups/f66d9f07-2e9c-4de9-9f68-4eb7a734f3ed => generated 0 bytes in 163 msecs (HTTP/1.1 204) 2 headers in 112 bytes (1 switches on core 0)
2026-07-20 20:24:41.668 8 WARNING neutron.db.securitygroups_db [None req-6ab3bf4a-0deb-43a4-b51c-4fa3352ba3c1 2da59ac1902147c68dd85a4308b492a9 76dbea4f76dc44438bf839f74c121db4 - - default default] project_id key not found in filters, using tenant_id instead. This support has been deprecated and will be removed in a future release.
2026-07-20 20:24:41.823 8 INFO neutron.db.ovn_revision_numbers_db [None req-6ab3bf4a-0deb-43a4-b51c-4fa3352ba3c1 2da59ac1902147c68dd85a4308b492a9 76dbea4f76dc44438bf839f74c121db4 - - default default] Successfully bumped revision number for resource d5681bd9-67da-49e5-b961-935f859a1dc9 (type: security_groups) to 1
2026-07-20 20:24:41.845 8 INFO neutron.db.ovn_revision_numbers_db [None req-6ab3bf4a-0deb-43a4-b51c-4fa3352ba3c1 2da59ac1902147c68dd85a4308b492a9 76dbea4f76dc44438bf839f74c121db4 - - default default] Successfully bumped revision number for resource 3c0d6069-dded-4fbd-8eea-cf0a1c2f69b0 (type: security_group_rules) to 0
2026-07-20 20:24:41.860 8 INFO neutron.db.ovn_revision_numbers_db [None req-6ab3bf4a-0deb-43a4-b51c-4fa3352ba3c1 2da59ac1902147c68dd85a4308b492a9 76dbea4f76dc44438bf839f74c121db4 - - default default] Successfully bumped revision number for resource 42c67365-7942-4a72-ab32-058d5c992a36 (type: security_group_rules) to 0
2026-07-20 20:24:41.871 8 INFO neutron.db.ovn_revision_numbers_db [None req-6ab3bf4a-0deb-43a4-b51c-4fa3352ba3c1 2da59ac1902147c68dd85a4308b492a9 76dbea4f76dc44438bf839f74c121db4 - - default default] Successfully bumped revision number for resource 52f831a7-998c-43e5-a42e-4c5e1173a035 (type: security_group_rules) to 0
2026-07-20 20:24:41.876 7 INFO neutron.db.ovn_revision_numbers_db [None req-c9f3fd24-a550-4c17-b770-732ea95765c7 2da59ac1902147c68dd85a4308b492a9 76dbea4f76dc44438bf839f74c121db4 - - default default] Successfully bumped revision number for resource 18342bcf-567a-4081-b478-7b8a0ec575b9 (type: router_ports) to 1 [pid: 7|app: 0|req: 883/1760] 10.0.0.53 () {34 vars in 782 bytes} [Mon Jul 20 20:24:38 2026] PUT /v2.0/routers/af7e9711-76a7-42ee-bc9a-0dd14893d996/add_router_interface => generated 310 bytes in 2924 msecs (HTTP/1.1 200) 4 headers in 157 bytes (1 switches on core 0)
2026-07-20 20:24:41.885 8 INFO neutron.db.ovn_revision_numbers_db [None req-6ab3bf4a-0deb-43a4-b51c-4fa3352ba3c1 2da59ac1902147c68dd85a4308b492a9 76dbea4f76dc44438bf839f74c121db4 - - default default] Successfully bumped revision number for resource d1722833-7748-4185-9f9c-027f3d6d2462 (type: security_group_rules) to 0
2026-07-20 20:24:41.926 7 WARNING neutron.plugins.ml2.drivers.ovn.mech_driver.ovsdb.ovn_client [None req-f4b211b9-37d1-4b48-bbff-9ede3d61bc3f - - - - - -] No port found with ID 543da952-472e-41e0-8c8f-ac5534fdda0a: RuntimeError: No port found with ID 543da952-472e-41e0-8c8f-ac5534fdda0a
2026-07-20 20:24:41.927 7 INFO neutron.plugins.ml2.drivers.ovn.mech_driver.mech_driver [None req-f4b211b9-37d1-4b48-bbff-9ede3d61bc3f - - - - - -] OVN reports status down for port: f70f76f3-d7ec-4287-8b3f-154b93e1b75a [pid: 7|app: 0|req: 884/1761] 199.204.45.216 () {34 vars in 1058 bytes} [Mon Jul 20 20:24:41 2026] GET /v2.0/floatingips?fixed_ip_address=10.100.0.3&port_id=92b45257-fd92-498b-938b-72a6bc077c97 => generated 19 bytes in 47 msecs (HTTP/1.1 200) 4 headers in 156 bytes (1 switches on core 0) [pid: 8|app: 0|req: 878/1762] 10.0.0.53 () {32 vars in 773 bytes} [Mon Jul 20 20:24:41 2026] GET /v2.0/security-groups?tenant_id=c0bb6ed4a2b64900b28659c7ad0b454c&name=default => generated 2925 bytes in 328 msecs (HTTP/1.1 200) 4 headers in 158 bytes (1 switches on core 0) [pid: 7|app: 0|req: 885/1763] 10.0.0.198 () {34 vars in 1040 bytes} [Mon Jul 20 20:24:41 2026] GET /v2.0/security-groups?id=a3567c96-3f18-4c13-b23c-588edaf1c602&fields=id&fields=name => generated 114 bytes in 76 msecs (HTTP/1.1 200) 4 headers in 157 bytes (1 switches on core 0) [pid: 8|app: 0|req: 879/1764] 199.204.45.216 () {34 vars in 984 bytes} [Mon Jul 20 20:24:41 2026] GET /v2.0/subnets?id=85cce461-2d14-4e21-b349-a688350221e0 => generated 677 bytes in 50 msecs (HTTP/1.1 200) 4 headers in 157 bytes (1 switches on core 0) [pid: 8|app: 0|req: 880/1765] 199.204.45.216 () {34 vars in 1052 bytes} [Mon Jul 20 20:24:42 2026] GET /v2.0/ports?network_id=bc72a95c-9f25-4343-aca4-d5168de19e77&device_owner=network%3Adhcp => generated 12 bytes in 36 msecs (HTTP/1.1 200) 4 headers in 156 bytes (1 switches on core 0) [pid: 8|app: 0|req: 881/1766] 199.204.45.216 () {34 vars in 1012 bytes} [Mon Jul 20 20:24:42 2026] GET /v2.0/networks/bc72a95c-9f25-4343-aca4-d5168de19e77?fields=segments => generated 14 bytes in 43 msecs (HTTP/1.1 200) 4 headers in 156 bytes (1 switches on core 0) [pid: 8|app: 0|req: 882/1767] 199.204.45.216 () {34 vars in 1112 bytes} [Mon Jul 20 20:24:42 2026] GET /v2.0/networks/bc72a95c-9f25-4343-aca4-d5168de19e77?fields=provider%3Aphysical_network&fields=provider%3Anetwork_type => generated 79 bytes in 71 msecs (HTTP/1.1 200) 4 headers in 156 bytes (1 switches on core 0) [pid: 7|app: 0|req: 886/1768] 10.0.0.53 () {32 vars in 739 bytes} [Mon Jul 20 20:24:42 2026] DELETE /v2.0/security-groups/d5681bd9-67da-49e5-b961-935f859a1dc9 => generated 0 bytes in 398 msecs (HTTP/1.1 204) 2 headers in 112 bytes (1 switches on core 0)
2026-07-20 20:24:42.516 7 INFO neutron.db.ovn_revision_numbers_db [None req-f4b211b9-37d1-4b48-bbff-9ede3d61bc3f - - - - - -] Successfully bumped revision number for resource f70f76f3-d7ec-4287-8b3f-154b93e1b75a (type: ports) to 6
2026-07-20 20:24:42.607 7 WARNING neutron.plugins.ml2.drivers.ovn.mech_driver.ovsdb.ovn_client [None req-14803625-de73-4176-9d49-e69e6fc2563c - - - - - -] Logical_Switch_Port f70f76f3-d7ec-4287-8b3f-154b93e1b75a host information not removed, the port state is up
2026-07-20 20:24:42.607 7 INFO neutron.plugins.ml2.drivers.ovn.mech_driver.mech_driver [None req-14803625-de73-4176-9d49-e69e6fc2563c - - - - - -] OVN reports status down for port: 92b45257-fd92-498b-938b-72a6bc077c97
2026-07-20 20:24:42.721 7 INFO neutron.notifiers.nova [-] Nova event matching ['req-c59bccb0-a0e2-48ba-b386-bdcb45983442'] response: {'server_uuid': 'fc328809-f725-4591-bda0-d8e8ff06b9d9', 'name': 'network-vif-unplugged', 'status': 'completed', 'tag': '92b45257-fd92-498b-938b-72a6bc077c97', 'code': 200}
2026-07-20 20:24:42.725 7 INFO neutron.common.ovn.utils [None req-14803625-de73-4176-9d49-e69e6fc2563c - - - - - -] HA Chassis Group neutron-9fb7eb75-1335-4cff-815e-16f51162e8ae synchronized; highest priority chassis 0c752f6f-d009-4be5-a305-876cba61dbbc
2026-07-20 20:24:42.731 7 INFO neutron.plugins.ml2.drivers.ovn.mech_driver.mech_driver [None req-14803625-de73-4176-9d49-e69e6fc2563c - - - - - -] OVN reports status up for port: f70f76f3-d7ec-4287-8b3f-154b93e1b75a
2026-07-20 20:24:42.747 7 INFO neutron.plugins.ml2.plugin [None req-14803625-de73-4176-9d49-e69e6fc2563c - - - - - -] Attempt 1 to provision port f70f76f3-d7ec-4287-8b3f-154b93e1b75a
2026-07-20 20:24:43.169 7 INFO neutron.db.ovn_revision_numbers_db [None req-14803625-de73-4176-9d49-e69e6fc2563c - - - - - -] Successfully bumped revision number for resource f70f76f3-d7ec-4287-8b3f-154b93e1b75a (type: ports) to 7 [pid: 8|app: 0|req: 883/1769] 10.0.0.198 () {34 vars in 1070 bytes} [Mon Jul 20 20:24:43 2026] GET /v2.0/ports?fields=security_groups&fields=device_id&device_id=fc328809-f725-4591-bda0-d8e8ff06b9d9 => generated 123 bytes in 89 msecs (HTTP/1.1 200) 4 headers in 157 bytes (1 switches on core 0) [pid: 8|app: 0|req: 884/1770] 10.0.0.198 () {34 vars in 1040 bytes} [Mon Jul 20 20:24:43 2026] GET /v2.0/security-groups?id=a3567c96-3f18-4c13-b23c-588edaf1c602&fields=id&fields=name => generated 114 bytes in 37 msecs (HTTP/1.1 200) 4 headers in 157 bytes (1 switches on core 0)
2026-07-20 20:24:43.433 7 INFO neutron.db.ovn_revision_numbers_db [None req-b4925fc8-9d0e-4a6f-b11e-a2204a20885e 2da59ac1902147c68dd85a4308b492a9 76dbea4f76dc44438bf839f74c121db4 - - default default] Successfully bumped revision number for resource 9c759ee3-356e-4cbf-8a27-76ee513466d2 (type: security_groups) to 1
2026-07-20 20:24:43.436 7 INFO neutron.plugins.ml2.drivers.ovn.mech_driver.mech_driver [None req-a3c78396-e734-4bb9-94be-4ba7ffc17808 - - - - - -] OVN reports status down for port: 18342bcf-567a-4081-b478-7b8a0ec575b9
2026-07-20 20:24:43.451 7 INFO neutron.db.ovn_revision_numbers_db [None req-b4925fc8-9d0e-4a6f-b11e-a2204a20885e 2da59ac1902147c68dd85a4308b492a9 76dbea4f76dc44438bf839f74c121db4 - - default default] Successfully bumped revision number for resource 6093bd65-d221-4e2a-95f1-9f622f037fca (type: security_group_rules) to 0
2026-07-20 20:24:43.479 7 INFO neutron.db.ovn_revision_numbers_db [None req-b4925fc8-9d0e-4a6f-b11e-a2204a20885e 2da59ac1902147c68dd85a4308b492a9 76dbea4f76dc44438bf839f74c121db4 - - default default] Successfully bumped revision number for resource c8641cf1-7c28-4451-a23f-abf1ce63f7e7 (type: security_group_rules) to 0
2026-07-20 20:24:43.509 7 INFO neutron.db.ovn_revision_numbers_db [None req-b4925fc8-9d0e-4a6f-b11e-a2204a20885e 2da59ac1902147c68dd85a4308b492a9 76dbea4f76dc44438bf839f74c121db4 - - default default] Successfully bumped revision number for resource e49cb073-10ed-4cd4-b64e-9024040b2fb9 (type: security_group_rules) to 0
2026-07-20 20:24:43.542 7 INFO neutron.db.ovn_revision_numbers_db [None req-b4925fc8-9d0e-4a6f-b11e-a2204a20885e 2da59ac1902147c68dd85a4308b492a9 76dbea4f76dc44438bf839f74c121db4 - - default default] Successfully bumped revision number for resource f51cb779-8196-4829-af6c-2d785cadb883 (type: security_group_rules) to 0
2026-07-20 20:24:43.544 7 WARNING neutron.plugins.ml2.drivers.ovn.mech_driver.ovsdb.ovn_client [None req-a3c78396-e734-4bb9-94be-4ba7ffc17808 - - - - - -] Logical_Switch_Port 18342bcf-567a-4081-b478-7b8a0ec575b9 host information not removed, the port state is up
2026-07-20 20:24:43.545 7 INFO neutron.plugins.ml2.drivers.ovn.mech_driver.mech_driver [None req-a3c78396-e734-4bb9-94be-4ba7ffc17808 - - - - - -] OVN reports status up for port: 18342bcf-567a-4081-b478-7b8a0ec575b9
2026-07-20 20:24:43.567 7 INFO neutron.plugins.ml2.plugin [None req-a3c78396-e734-4bb9-94be-4ba7ffc17808 - - - - - -] Attempt 1 to provision port 18342bcf-567a-4081-b478-7b8a0ec575b9
2026-07-20 20:24:43.665 7 INFO neutron.db.segments_db [None req-b4925fc8-9d0e-4a6f-b11e-a2204a20885e 2da59ac1902147c68dd85a4308b492a9 76dbea4f76dc44438bf839f74c121db4 - - default default] Added segment d63ea358-c27c-4d66-9d11-5766ae2b2992 of type geneve for network ebfdd0c5-9c27-4bb1-b1fc-2bf6ded2633d
2026-07-20 20:24:43.926 7 INFO neutron.db.ovn_revision_numbers_db [None req-b4925fc8-9d0e-4a6f-b11e-a2204a20885e 2da59ac1902147c68dd85a4308b492a9 76dbea4f76dc44438bf839f74c121db4 - - default default] Successfully bumped revision number for resource ebfdd0c5-9c27-4bb1-b1fc-2bf6ded2633d (type: networks) to 1
2026-07-20 20:24:44.271 7 WARNING neutron.scheduler.dhcp_agent_scheduler [None req-b4925fc8-9d0e-4a6f-b11e-a2204a20885e 2da59ac1902147c68dd85a4308b492a9 76dbea4f76dc44438bf839f74c121db4 - - default default] No more DHCP agents
2026-07-20 20:24:44.275 7 WARNING neutron.api.rpc.agentnotifiers.dhcp_rpc_agent_api [None req-b4925fc8-9d0e-4a6f-b11e-a2204a20885e 2da59ac1902147c68dd85a4308b492a9 76dbea4f76dc44438bf839f74c121db4 - - default default] Unable to schedule network ebfdd0c5-9c27-4bb1-b1fc-2bf6ded2633d: no agents available; will retry on subsequent port and subnet creation events.
2026-07-20 20:24:44.377 8 INFO neutron.plugins.ml2.drivers.ovn.mech_driver.mech_driver [None req-b7ad7fc8-c622-4cb1-a700-a7848b59b78c - - - - - -] OVN reports status down for port: e354de9d-7d65-4906-a1c8-f5e6b6e83137
2026-07-20 20:24:44.380 7 INFO neutron.db.ovn_revision_numbers_db [None req-a3c78396-e734-4bb9-94be-4ba7ffc17808 - - - - - -] Successfully bumped revision number for resource 18342bcf-567a-4081-b478-7b8a0ec575b9 (type: ports) to 2 [pid: 8|app: 0|req: 885/1771] 10.0.0.198 () {34 vars in 1070 bytes} [Mon Jul 20 20:24:44 2026] GET /v2.0/ports?fields=security_groups&fields=device_id&device_id=fc328809-f725-4591-bda0-d8e8ff06b9d9 => generated 123 bytes in 129 msecs (HTTP/1.1 200) 4 headers in 157 bytes (1 switches on core 0)
2026-07-20 20:24:44.486 7 INFO neutron.db.ovn_revision_numbers_db [None req-b4925fc8-9d0e-4a6f-b11e-a2204a20885e 2da59ac1902147c68dd85a4308b492a9 76dbea4f76dc44438bf839f74c121db4 - - default default] Successfully bumped revision number for resource e354de9d-7d65-4906-a1c8-f5e6b6e83137 (type: ports) to 1 [pid: 7|app: 0|req: 887/1772] 10.0.0.53 () {34 vars in 670 bytes} [Mon Jul 20 20:24:43 2026] POST /v2.0/networks => generated 779 bytes in 1441 msecs (HTTP/1.1 201) 4 headers in 162 bytes (1 switches on core 0) [pid: 7|app: 0|req: 888/1773] 10.0.0.198 () {34 vars in 1040 bytes} [Mon Jul 20 20:24:44 2026] GET /v2.0/security-groups?id=a3567c96-3f18-4c13-b23c-588edaf1c602&fields=id&fields=name => generated 114 bytes in 56 msecs (HTTP/1.1 200) 4 headers in 157 bytes (1 switches on core 0)
2026-07-20 20:24:44.753 8 INFO neutron.db.ovn_revision_numbers_db [None req-e8da8b67-7890-42d7-bebb-6d4d87c557a7 2da59ac1902147c68dd85a4308b492a9 76dbea4f76dc44438bf839f74c121db4 - - default default] Successfully bumped revision number for resource f8ad485c-21f0-4a89-82f5-0bca9bef601b (type: security_groups) to 1
2026-07-20 20:24:44.773 8 INFO neutron.db.ovn_revision_numbers_db [None req-e8da8b67-7890-42d7-bebb-6d4d87c557a7 2da59ac1902147c68dd85a4308b492a9 76dbea4f76dc44438bf839f74c121db4 - - default default] Successfully bumped revision number for resource 296b967a-bcc4-465c-8ab9-1381524c450c (type: security_group_rules) to 0
2026-07-20 20:24:44.792 8 INFO neutron.db.ovn_revision_numbers_db [None req-e8da8b67-7890-42d7-bebb-6d4d87c557a7 2da59ac1902147c68dd85a4308b492a9 76dbea4f76dc44438bf839f74c121db4 - - default default] Successfully bumped revision number for resource 4e65cd16-ce49-4552-901c-705bb931b22a (type: security_group_rules) to 0
2026-07-20 20:24:44.796 7 WARNING neutron.scheduler.dhcp_agent_scheduler [None req-71815856-9bf1-47bc-95fb-97bc546d28f0 2da59ac1902147c68dd85a4308b492a9 76dbea4f76dc44438bf839f74c121db4 - - default default] No more DHCP agents
2026-07-20 20:24:44.797 7 WARNING neutron.api.rpc.agentnotifiers.dhcp_rpc_agent_api [None req-71815856-9bf1-47bc-95fb-97bc546d28f0 2da59ac1902147c68dd85a4308b492a9 76dbea4f76dc44438bf839f74c121db4 - - default default] Unable to schedule network ebfdd0c5-9c27-4bb1-b1fc-2bf6ded2633d: no agents available; will retry on subsequent port and subnet creation events.
2026-07-20 20:24:44.812 8 INFO neutron.db.ovn_revision_numbers_db [None req-e8da8b67-7890-42d7-bebb-6d4d87c557a7 2da59ac1902147c68dd85a4308b492a9 76dbea4f76dc44438bf839f74c121db4 - - default default] Successfully bumped revision number for resource af6af118-831f-4066-94cd-a34c82b67efc (type: security_group_rules) to 0
2026-07-20 20:24:44.829 8 INFO neutron.db.ovn_revision_numbers_db [None req-e8da8b67-7890-42d7-bebb-6d4d87c557a7 2da59ac1902147c68dd85a4308b492a9 76dbea4f76dc44438bf839f74c121db4 - - default default] Successfully bumped revision number for resource c5d7bd6d-9775-4142-abb7-66076ad48133 (type: security_group_rules) to 0
2026-07-20 20:24:44.926 8 INFO neutron.db.segments_db [None req-e8da8b67-7890-42d7-bebb-6d4d87c557a7 2da59ac1902147c68dd85a4308b492a9 76dbea4f76dc44438bf839f74c121db4 - - default default] Added segment 78671665-0c9a-4fd6-b6a7-dda1c1bf6e3e of type geneve for network 48184ab3-d725-4719-9b09-8980cff7a5f1
2026-07-20 20:24:45.080 8 INFO neutron.db.ovn_revision_numbers_db [None req-e8da8b67-7890-42d7-bebb-6d4d87c557a7 2da59ac1902147c68dd85a4308b492a9 76dbea4f76dc44438bf839f74c121db4 - - default default] Successfully bumped revision number for resource 48184ab3-d725-4719-9b09-8980cff7a5f1 (type: networks) to 1
2026-07-20 20:24:45.309 8 WARNING neutron.scheduler.dhcp_agent_scheduler [None req-e8da8b67-7890-42d7-bebb-6d4d87c557a7 2da59ac1902147c68dd85a4308b492a9 76dbea4f76dc44438bf839f74c121db4 - - default default] No more DHCP agents
2026-07-20 20:24:45.316 8 WARNING neutron.api.rpc.agentnotifiers.dhcp_rpc_agent_api [None req-e8da8b67-7890-42d7-bebb-6d4d87c557a7 2da59ac1902147c68dd85a4308b492a9 76dbea4f76dc44438bf839f74c121db4 - - default default] Unable to schedule network 48184ab3-d725-4719-9b09-8980cff7a5f1: no agents available; will retry on subsequent port and subnet creation events.
2026-07-20 20:24:45.379 7 INFO neutron.db.ovn_revision_numbers_db [None req-71815856-9bf1-47bc-95fb-97bc546d28f0 2da59ac1902147c68dd85a4308b492a9 76dbea4f76dc44438bf839f74c121db4 - - default default] Successfully bumped revision number for resource e354de9d-7d65-4906-a1c8-f5e6b6e83137 (type: ports) to 2
2026-07-20 20:24:45.423 8 INFO neutron.db.ovn_revision_numbers_db [None req-e8da8b67-7890-42d7-bebb-6d4d87c557a7 2da59ac1902147c68dd85a4308b492a9 76dbea4f76dc44438bf839f74c121db4 - - default default] Successfully bumped revision number for resource 7789ea5f-ed26-4b51-9242-0fe2db38c4c5 (type: ports) to 1
2026-07-20 20:24:45.432 7 INFO neutron.db.ovn_revision_numbers_db [None req-71815856-9bf1-47bc-95fb-97bc546d28f0 2da59ac1902147c68dd85a4308b492a9 76dbea4f76dc44438bf839f74c121db4 - - default default] Successfully bumped revision number for resource 6adf3099-f7de-4e50-95c8-c6c7a353dcc3 (type: subnets) to 0 [pid: 7|app: 0|req: 889/1774] 10.0.0.53 () {34 vars in 668 bytes} [Mon Jul 20 20:24:44 2026] POST /v2.0/subnets => generated 688 bytes in 844 msecs (HTTP/1.1 201) 4 headers in 162 bytes (1 switches on core 0) [pid: 8|app: 0|req: 886/1775] 10.0.0.53 () {34 vars in 670 bytes} [Mon Jul 20 20:24:44 2026] POST /v2.0/networks => generated 781 bytes in 1000 msecs (HTTP/1.1 201) 4 headers in 162 bytes (1 switches on core 0)
2026-07-20 20:24:45.622 8 WARNING neutron.scheduler.dhcp_agent_scheduler [None req-30b41ce0-6bb7-428a-93f7-a20e912039a5 2da59ac1902147c68dd85a4308b492a9 76dbea4f76dc44438bf839f74c121db4 - - default default] No more DHCP agents
2026-07-20 20:24:45.624 8 WARNING neutron.api.rpc.agentnotifiers.dhcp_rpc_agent_api [None req-30b41ce0-6bb7-428a-93f7-a20e912039a5 2da59ac1902147c68dd85a4308b492a9 76dbea4f76dc44438bf839f74c121db4 - - default default] Unable to schedule network 48184ab3-d725-4719-9b09-8980cff7a5f1: no agents available; will retry on subsequent port and subnet creation events.
2026-07-20 20:24:45.919 7 WARNING neutron.scheduler.dhcp_agent_scheduler [None req-2d4f3999-0225-40c6-9456-751c543905c8 2da59ac1902147c68dd85a4308b492a9 76dbea4f76dc44438bf839f74c121db4 - - default default] No more DHCP agents
2026-07-20 20:24:45.921 7 WARNING neutron.api.rpc.agentnotifiers.dhcp_rpc_agent_api [None req-2d4f3999-0225-40c6-9456-751c543905c8 2da59ac1902147c68dd85a4308b492a9 76dbea4f76dc44438bf839f74c121db4 - - default default] Unable to schedule network b9cadc4d-a833-45f5-9199-50520e7da728: no agents available; will retry on subsequent port and subnet creation events.
2026-07-20 20:24:46.037 8 INFO neutron.plugins.ml2.drivers.ovn.mech_driver.mech_driver [None req-b7ad7fc8-c622-4cb1-a700-a7848b59b78c - - - - - -] OVN reports status down for port: 57cac990-7971-469f-b78b-6fdcd2878fbc
2026-07-20 20:24:46.071 7 INFO neutron.db.ovn_revision_numbers_db [None req-2d4f3999-0225-40c6-9456-751c543905c8 2da59ac1902147c68dd85a4308b492a9 76dbea4f76dc44438bf839f74c121db4 - - default default] Successfully bumped revision number for resource 57cac990-7971-469f-b78b-6fdcd2878fbc (type: ports) to 1
2026-07-20 20:24:46.677 7 INFO neutron.plugins.ml2.drivers.ovn.mech_driver.ovsdb.ovsdb_monitor [None req-1b76a5c2-31d6-4fc6-9689-89f87d3cc0cc - - - - - -] Router 6c8e7e71-4b01-40a7-b038-38fac4fdb511 is bound to host instance
2026-07-20 20:24:46.715 7 INFO neutron.db.ovn_revision_numbers_db [None req-2d4f3999-0225-40c6-9456-751c543905c8 2da59ac1902147c68dd85a4308b492a9 76dbea4f76dc44438bf839f74c121db4 - - default default] Successfully bumped revision number for resource 57cac990-7971-469f-b78b-6fdcd2878fbc (type: router_ports) to 1
2026-07-20 20:24:46.899 7 INFO neutron.db.ovn_revision_numbers_db [None req-2d4f3999-0225-40c6-9456-751c543905c8 2da59ac1902147c68dd85a4308b492a9 76dbea4f76dc44438bf839f74c121db4 - - default default] Successfully bumped revision number for resource 6c8e7e71-4b01-40a7-b038-38fac4fdb511 (type: routers) to 2 [pid: 7|app: 0|req: 890/1776] 10.0.0.53 () {34 vars in 668 bytes} [Mon Jul 20 20:24:45 2026] POST /v2.0/routers => generated 987 bytes in 1475 msecs (HTTP/1.1 201) 4 headers in 162 bytes (1 switches on core 0)
2026-07-20 20:24:47.001 8 WARNING neutron.plugins.ml2.drivers.ovn.mech_driver.ovsdb.ovn_client [None req-b7ad7fc8-c622-4cb1-a700-a7848b59b78c - - - - - -] Logical_Switch_Port 57cac990-7971-469f-b78b-6fdcd2878fbc host information not removed, the port state is up
2026-07-20 20:24:47.002 8 INFO neutron.plugins.ml2.drivers.ovn.mech_driver.mech_driver [None req-b7ad7fc8-c622-4cb1-a700-a7848b59b78c - - - - - -] OVN reports status up for port: 57cac990-7971-469f-b78b-6fdcd2878fbc
2026-07-20 20:24:47.012 8 INFO neutron.db.ovn_revision_numbers_db [None req-30b41ce0-6bb7-428a-93f7-a20e912039a5 2da59ac1902147c68dd85a4308b492a9 76dbea4f76dc44438bf839f74c121db4 - - default default] Successfully bumped revision number for resource 7789ea5f-ed26-4b51-9242-0fe2db38c4c5 (type: ports) to 2
2026-07-20 20:24:47.023 8 INFO neutron.plugins.ml2.plugin [None req-b7ad7fc8-c622-4cb1-a700-a7848b59b78c - - - - - -] Attempt 1 to provision port 57cac990-7971-469f-b78b-6fdcd2878fbc
2026-07-20 20:24:47.076 8 INFO neutron.db.ovn_revision_numbers_db [None req-30b41ce0-6bb7-428a-93f7-a20e912039a5 2da59ac1902147c68dd85a4308b492a9 76dbea4f76dc44438bf839f74c121db4 - - default default] Successfully bumped revision number for resource 5a8cdcaf-f3ef-43c9-ab9f-a5f40b1b142d (type: subnets) to 0 [pid: 7|app: 0|req: 891/1777] 10.0.0.198 () {34 vars in 1070 bytes} [Mon Jul 20 20:24:46 2026] GET /v2.0/ports?fields=security_groups&fields=device_id&device_id=fc328809-f725-4591-bda0-d8e8ff06b9d9 => generated 123 bytes in 168 msecs (HTTP/1.1 200) 4 headers in 157 bytes (1 switches on core 0) [pid: 8|app: 0|req: 887/1778] 10.0.0.53 () {34 vars in 668 bytes} [Mon Jul 20 20:24:45 2026] POST /v2.0/subnets => generated 688 bytes in 1650 msecs (HTTP/1.1 201) 4 headers in 162 bytes (1 switches on core 0) [pid: 8|app: 0|req: 888/1779] 199.204.45.216 () {34 vars in 994 bytes} [Mon Jul 20 20:24:47 2026] GET /v2.0/ports?device_id=fc328809-f725-4591-bda0-d8e8ff06b9d9 => generated 969 bytes in 49 msecs (HTTP/1.1 200) 4 headers in 157 bytes (1 switches on core 0)
2026-07-20 20:24:47.233 7 WARNING neutron.db.securitygroups_db [None req-ff517e5e-4430-474c-ac8b-a0ed7f8b8f01 2da59ac1902147c68dd85a4308b492a9 76dbea4f76dc44438bf839f74c121db4 - - default default] project_id key not found in filters, using tenant_id instead. This support has been deprecated and will be removed in a future release.
2026-07-20 20:24:47.531 7 INFO neutron.db.ovn_revision_numbers_db [None req-ff517e5e-4430-474c-ac8b-a0ed7f8b8f01 2da59ac1902147c68dd85a4308b492a9 76dbea4f76dc44438bf839f74c121db4 - - default default] Successfully bumped revision number for resource fe424d45-ff89-4f89-93ce-81fa72cdae2d (type: security_groups) to 1
2026-07-20 20:24:47.567 7 INFO neutron.db.ovn_revision_numbers_db [None req-ff517e5e-4430-474c-ac8b-a0ed7f8b8f01 2da59ac1902147c68dd85a4308b492a9 76dbea4f76dc44438bf839f74c121db4 - - default default] Successfully bumped revision number for resource 212c88ce-9996-4758-b184-f6ee0fa07d87 (type: security_group_rules) to 0
2026-07-20 20:24:47.585 7 INFO neutron.db.ovn_revision_numbers_db [None req-ff517e5e-4430-474c-ac8b-a0ed7f8b8f01 2da59ac1902147c68dd85a4308b492a9 76dbea4f76dc44438bf839f74c121db4 - - default default] Successfully bumped revision number for resource 2634d99b-7c96-4634-a4e3-cfc7218b78d0 (type: security_group_rules) to 0
2026-07-20 20:24:47.616 7 INFO neutron.db.ovn_revision_numbers_db [None req-ff517e5e-4430-474c-ac8b-a0ed7f8b8f01 2da59ac1902147c68dd85a4308b492a9 76dbea4f76dc44438bf839f74c121db4 - - default default] Successfully bumped revision number for resource 8258ed26-afa5-4163-a1f8-72237f3185f2 (type: security_group_rules) to 0
2026-07-20 20:24:47.639 7 INFO neutron.db.ovn_revision_numbers_db [None req-ff517e5e-4430-474c-ac8b-a0ed7f8b8f01 2da59ac1902147c68dd85a4308b492a9 76dbea4f76dc44438bf839f74c121db4 - - default default] Successfully bumped revision number for resource bc438046-96d0-4649-9f12-bc79e27a816d (type: security_group_rules) to 0
2026-07-20 20:24:47.687 8 WARNING neutron.scheduler.dhcp_agent_scheduler [None req-fdc0f4e2-33d7-40ed-b204-4c373d19c82b 2da59ac1902147c68dd85a4308b492a9 76dbea4f76dc44438bf839f74c121db4 - - default default] No more DHCP agents
2026-07-20 20:24:47.688 8 WARNING neutron.api.rpc.agentnotifiers.dhcp_rpc_agent_api [None req-fdc0f4e2-33d7-40ed-b204-4c373d19c82b 2da59ac1902147c68dd85a4308b492a9 76dbea4f76dc44438bf839f74c121db4 - - default default] Unable to schedule network ebfdd0c5-9c27-4bb1-b1fc-2bf6ded2633d: no agents available; will retry on subsequent port and subnet creation events. [pid: 7|app: 0|req: 892/1780] 10.0.0.53 () {32 vars in 773 bytes} [Mon Jul 20 20:24:47 2026] GET /v2.0/security-groups?tenant_id=bb723ba94dac45c9b16da59bf4fa1395&name=default => generated 2925 bytes in 625 msecs (HTTP/1.1 200) 4 headers in 158 bytes (1 switches on core 0) [pid: 7|app: 0|req: 893/1781] 10.0.0.198 () {34 vars in 1040 bytes} [Mon Jul 20 20:24:47 2026] GET /v2.0/security-groups?id=a3567c96-3f18-4c13-b23c-588edaf1c602&fields=id&fields=name => generated 114 bytes in 67 msecs (HTTP/1.1 200) 4 headers in 157 bytes (1 switches on core 0)
2026-07-20 20:24:47.849 8 INFO neutron.db.ovn_revision_numbers_db [None req-fdc0f4e2-33d7-40ed-b204-4c373d19c82b 2da59ac1902147c68dd85a4308b492a9 76dbea4f76dc44438bf839f74c121db4 - - default default] Successfully bumped revision number for resource e68b17b6-66f4-4c98-889c-a4c03ac98d28 (type: ports) to 1
2026-07-20 20:24:48.271 7 INFO neutron.db.ovn_revision_numbers_db [None req-4c176ab8-1c7e-42d6-af33-bb078bdf9fb9 - - - - - -] Successfully bumped revision number for resource 57cac990-7971-469f-b78b-6fdcd2878fbc (type: ports) to 4
2026-07-20 20:24:48.686 8 WARNING neutron.scheduler.dhcp_agent_scheduler [None req-fdc0f4e2-33d7-40ed-b204-4c373d19c82b 2da59ac1902147c68dd85a4308b492a9 76dbea4f76dc44438bf839f74c121db4 - - default default] No more DHCP agents
2026-07-20 20:24:48.688 8 WARNING neutron.api.rpc.agentnotifiers.dhcp_rpc_agent_api [None req-fdc0f4e2-33d7-40ed-b204-4c373d19c82b 2da59ac1902147c68dd85a4308b492a9 76dbea4f76dc44438bf839f74c121db4 - - default default] Unable to schedule network ebfdd0c5-9c27-4bb1-b1fc-2bf6ded2633d: no agents available; will retry on subsequent port and subnet creation events.
2026-07-20 20:24:49.130 8 INFO neutron.db.ovn_revision_numbers_db [None req-fdc0f4e2-33d7-40ed-b204-4c373d19c82b 2da59ac1902147c68dd85a4308b492a9 76dbea4f76dc44438bf839f74c121db4 - - default default] Successfully bumped revision number for resource e68b17b6-66f4-4c98-889c-a4c03ac98d28 (type: router_ports) to 1 [pid: 8|app: 0|req: 889/1782] 10.0.0.53 () {34 vars in 782 bytes} [Mon Jul 20 20:24:47 2026] PUT /v2.0/routers/6c8e7e71-4b01-40a7-b038-38fac4fdb511/add_router_interface => generated 310 bytes in 1975 msecs (HTTP/1.1 200) 4 headers in 157 bytes (1 switches on core 0)
2026-07-20 20:24:49.351 8 INFO neutron_taas.services.taas.taas_plugin [req-1354bdc9-6b25-477a-8d77-553c1244160d req-61c56116-0260-445f-8c2b-bbbe219116f2 55054b8e14b348d2a8822231c06c7c2e eaadb182d883428faf945115a5c8c97c - - default default] TaaS: Handle Delete Port: 92b45257-fd92-498b-938b-72a6bc077c97
2026-07-20 20:24:49.355 8 INFO neutron_taas.services.taas.tap_mirror_plugin [req-1354bdc9-6b25-477a-8d77-553c1244160d req-61c56116-0260-445f-8c2b-bbbe219116f2 55054b8e14b348d2a8822231c06c7c2e eaadb182d883428faf945115a5c8c97c - - default default] Tap Mirror: Handle Delete Port: 92b45257-fd92-498b-938b-72a6bc077c97
2026-07-20 20:24:49.499 7 WARNING neutron.scheduler.dhcp_agent_scheduler [None req-21fb295f-a528-4aba-a052-f72a69633be5 2da59ac1902147c68dd85a4308b492a9 76dbea4f76dc44438bf839f74c121db4 - - default default] No more DHCP agents
2026-07-20 20:24:49.508 7 WARNING neutron.api.rpc.agentnotifiers.dhcp_rpc_agent_api [None req-21fb295f-a528-4aba-a052-f72a69633be5 2da59ac1902147c68dd85a4308b492a9 76dbea4f76dc44438bf839f74c121db4 - - default default] Unable to schedule network b9cadc4d-a833-45f5-9199-50520e7da728: no agents available; will retry on subsequent port and subnet creation events. [pid: 8|app: 0|req: 890/1783] 199.204.45.216 () {36 vars in 997 bytes} [Mon Jul 20 20:24:49 2026] DELETE /v2.0/ports/92b45257-fd92-498b-938b-72a6bc077c97 => generated 0 bytes in 384 msecs (HTTP/1.1 204) 3 headers in 131 bytes (1 switches on core 0)
2026-07-20 20:24:49.555 8 WARNING neutron.notifiers.nova [-] Nova event matching ['req-0e5dbb26-de8a-4164-8c7d-5b6c96aa3d04']: {'server_uuid': 'fc328809-f725-4591-bda0-d8e8ff06b9d9', 'name': 'network-vif-deleted', 'tag': '92b45257-fd92-498b-938b-72a6bc077c97', 'status': 'failed', 'code': 422} returned with failed status [pid: 8|app: 0|req: 891/1784] 10.0.0.53 () {32 vars in 739 bytes} [Mon Jul 20 20:24:49 2026] DELETE /v2.0/security-groups/fe424d45-ff89-4f89-93ce-81fa72cdae2d => generated 0 bytes in 191 msecs (HTTP/1.1 204) 2 headers in 112 bytes (1 switches on core 0) [pid: 8|app: 0|req: 892/1785] 10.0.0.198 () {34 vars in 1070 bytes} [Mon Jul 20 20:24:49 2026] GET /v2.0/ports?fields=security_groups&fields=device_id&device_id=fc328809-f725-4591-bda0-d8e8ff06b9d9 => generated 12 bytes in 19 msecs (HTTP/1.1 200) 4 headers in 156 bytes (1 switches on core 0)
2026-07-20 20:24:49.829 7 INFO neutron.db.ovn_revision_numbers_db [None req-21fb295f-a528-4aba-a052-f72a69633be5 2da59ac1902147c68dd85a4308b492a9 76dbea4f76dc44438bf839f74c121db4 - - default default] Successfully bumped revision number for resource 906304e4-71d0-44cc-8872-7dd09e4d7221 (type: ports) to 1
2026-07-20 20:24:49.861 7 INFO neutron.db.ovn_revision_numbers_db [None req-4c176ab8-1c7e-42d6-af33-bb078bdf9fb9 - - - - - -] Successfully bumped revision number for resource 57cac990-7971-469f-b78b-6fdcd2878fbc (type: ports) to 5
2026-07-20 20:24:49.967 8 INFO neutron.db.ovn_revision_numbers_db [None req-52d6d541-bd40-46be-b4eb-cbe6387db7b9 7ee13a1f4ecb4be98eaf42d7e4e4defc 0c91dee0dbba4209901ce5ac205c4376 - - default default] Successfully bumped revision number for resource 88eda90c-98a4-447c-96ad-efd5cfd9b8e2 (type: security_groups) to 1
2026-07-20 20:24:49.981 8 INFO neutron.db.ovn_revision_numbers_db [None req-52d6d541-bd40-46be-b4eb-cbe6387db7b9 7ee13a1f4ecb4be98eaf42d7e4e4defc 0c91dee0dbba4209901ce5ac205c4376 - - default default] Successfully bumped revision number for resource 46e6f885-f912-40d7-8d0a-1b3ed8b50b06 (type: security_group_rules) to 0
2026-07-20 20:24:49.998 8 INFO neutron.db.ovn_revision_numbers_db [None req-52d6d541-bd40-46be-b4eb-cbe6387db7b9 7ee13a1f4ecb4be98eaf42d7e4e4defc 0c91dee0dbba4209901ce5ac205c4376 - - default default] Successfully bumped revision number for resource c45b7b8a-59bd-4584-b37d-a15a03521434 (type: security_group_rules) to 0 [pid: 8|app: 0|req: 893/1786] 10.0.0.53 () {34 vars in 684 bytes} [Mon Jul 20 20:24:49 2026] POST /v2.0/security-groups => generated 1675 bytes in 217 msecs (HTTP/1.1 201) 4 headers in 163 bytes (1 switches on core 0)
2026-07-20 20:24:50.190 8 INFO neutron.db.ovn_revision_numbers_db [None req-54dd54cd-72e9-4478-9c9e-4873e1cf7e16 7ee13a1f4ecb4be98eaf42d7e4e4defc 0c91dee0dbba4209901ce5ac205c4376 - - default default] Successfully bumped revision number for resource e5e5e397-96c8-492e-a055-cc4c66815bd4 (type: security_group_rules) to 0 [pid: 8|app: 0|req: 896/1789] 10.0.0.53 () {34 vars in 694 bytes} [Mon Jul 20 20:24:50 2026] POST /v2.0/security-group-rules => generated 597 bytes in 175 msecs (HTTP/1.1 201) 4 headers in 162 bytes (1 switches on core 0)
2026-07-20 20:24:50.352 7 WARNING neutron.plugins.ml2.drivers.ovn.mech_driver.ovsdb.ovn_client [None req-443a93d6-eb48-412f-817f-2654c83d558d - - - - - -] No hosting information found for port 18342bcf-567a-4081-b478-7b8a0ec575b9: RuntimeError: No hosting information found for port 18342bcf-567a-4081-b478-7b8a0ec575b9
2026-07-20 20:24:50.379 8 INFO neutron.db.ovn_revision_numbers_db [None req-ddec781b-9d8c-4795-9723-152df3a022bd 7ee13a1f4ecb4be98eaf42d7e4e4defc 0c91dee0dbba4209901ce5ac205c4376 - - default default] Successfully bumped revision number for resource 456546d7-2694-4f63-b8bc-c287e61c898e (type: security_group_rules) to 0 [pid: 8|app: 0|req: 897/1790] 10.0.0.53 () {34 vars in 694 bytes} [Mon Jul 20 20:24:50 2026] POST /v2.0/security-group-rules => generated 596 bytes in 200 msecs (HTTP/1.1 201) 4 headers in 162 bytes (1 switches on core 0)
2026-07-20 20:24:50.445 7 INFO neutron.common.ovn.utils [None req-443a93d6-eb48-412f-817f-2654c83d558d - - - - - -] HA Chassis Group neutron-9fb7eb75-1335-4cff-815e-16f51162e8ae synchronized; highest priority chassis 0c752f6f-d009-4be5-a305-876cba61dbbc
2026-07-20 20:24:50.599 8 INFO neutron.db.ovn_revision_numbers_db [None req-c1426545-3456-4a89-8ee2-a49511b2b557 7ee13a1f4ecb4be98eaf42d7e4e4defc 0c91dee0dbba4209901ce5ac205c4376 - - default default] Successfully bumped revision number for resource 5d0a2116-fa1d-4e58-97a4-3849ec28c92d (type: security_group_rules) to 0
2026-07-20 20:24:50.665 7 INFO neutron.db.ovn_revision_numbers_db [None req-443a93d6-eb48-412f-817f-2654c83d558d - - - - - -] Successfully bumped revision number for resource 18342bcf-567a-4081-b478-7b8a0ec575b9 (type: router_ports) to 2 [pid: 8|app: 0|req: 898/1791] 10.0.0.53 () {34 vars in 694 bytes} [Mon Jul 20 20:24:50 2026] POST /v2.0/security-group-rules => generated 602 bytes in 236 msecs (HTTP/1.1 201) 4 headers in 162 bytes (1 switches on core 0)
2026-07-20 20:24:50.766 7 INFO neutron.plugins.ml2.drivers.ovn.mech_driver.ovsdb.ovsdb_monitor [None req-4c176ab8-1c7e-42d6-af33-bb078bdf9fb9 - - - - - -] Router 18c5b842-22cf-4b6f-912b-36e81d75761d is bound to host instance
2026-07-20 20:24:50.790 7 INFO neutron.db.ovn_revision_numbers_db [None req-21fb295f-a528-4aba-a052-f72a69633be5 2da59ac1902147c68dd85a4308b492a9 76dbea4f76dc44438bf839f74c121db4 - - default default] Successfully bumped revision number for resource 906304e4-71d0-44cc-8872-7dd09e4d7221 (type: router_ports) to 1
2026-07-20 20:24:50.838 7 INFO neutron.plugins.ml2.drivers.ovn.mech_driver.mech_driver [None req-443a93d6-eb48-412f-817f-2654c83d558d - - - - - -] OVN reports status down for port: 7789ea5f-ed26-4b51-9242-0fe2db38c4c5
2026-07-20 20:24:50.873 8 INFO neutron.db.ovn_revision_numbers_db [None req-62784b50-3af5-49b2-b04a-9f2a5516671b 7ee13a1f4ecb4be98eaf42d7e4e4defc 0c91dee0dbba4209901ce5ac205c4376 - - default default] Successfully bumped revision number for resource 458fd26c-58ef-4af1-a504-880b1755acdc (type: security_group_rules) to 0 [pid: 8|app: 0|req: 899/1792] 10.0.0.53 () {34 vars in 694 bytes} [Mon Jul 20 20:24:50 2026] POST /v2.0/security-group-rules => generated 601 bytes in 240 msecs (HTTP/1.1 201) 4 headers in 162 bytes (1 switches on core 0) [pid: 8|app: 0|req: 900/1793] 10.0.0.198 () {34 vars in 1070 bytes} [Mon Jul 20 20:24:50 2026] GET /v2.0/ports?fields=security_groups&fields=device_id&device_id=fc328809-f725-4591-bda0-d8e8ff06b9d9 => generated 12 bytes in 28 msecs (HTTP/1.1 200) 4 headers in 156 bytes (1 switches on core 0)
2026-07-20 20:24:50.989 8 INFO neutron.db.securitygroups_db [None req-c22963d8-e0e4-4d0f-a9b0-ba7dc6595f1a 7ee13a1f4ecb4be98eaf42d7e4e4defc 0c91dee0dbba4209901ce5ac205c4376 - - default default] Project 0c91dee0dbba4209901ce5ac205c4376 added a security group rule with legacy IPv6 ICMP protocol name icmp, ipv6-icmp should be used instead. It was automatically converted.
2026-07-20 20:24:51.011 7 INFO neutron.db.ovn_revision_numbers_db [None req-21fb295f-a528-4aba-a052-f72a69633be5 2da59ac1902147c68dd85a4308b492a9 76dbea4f76dc44438bf839f74c121db4 - - default default] Successfully bumped revision number for resource 18c5b842-22cf-4b6f-912b-36e81d75761d (type: routers) to 2 [pid: 7|app: 0|req: 894/1794] 10.0.0.53 () {34 vars in 668 bytes} [Mon Jul 20 20:24:47 2026] POST /v2.0/routers => generated 987 bytes in 3294 msecs (HTTP/1.1 201) 4 headers in 162 bytes (1 switches on core 0)
2026-07-20 20:24:51.113 8 INFO neutron.db.ovn_revision_numbers_db [None req-c22963d8-e0e4-4d0f-a9b0-ba7dc6595f1a 7ee13a1f4ecb4be98eaf42d7e4e4defc 0c91dee0dbba4209901ce5ac205c4376 - - default default] Successfully bumped revision number for resource 4a4ddff9-dcdd-438f-af93-b1c7fbe43b22 (type: security_group_rules) to 0
2026-07-20 20:24:51.116 7 INFO neutron.plugins.ml2.drivers.ovn.mech_driver.mech_driver [None req-443a93d6-eb48-412f-817f-2654c83d558d - - - - - -] OVN reports status down for port: e68b17b6-66f4-4c98-889c-a4c03ac98d28 [pid: 8|app: 0|req: 901/1795] 10.0.0.53 () {34 vars in 694 bytes} [Mon Jul 20 20:24:50 2026] POST /v2.0/security-group-rules => generated 607 bytes in 234 msecs (HTTP/1.1 201) 4 headers in 162 bytes (1 switches on core 0)
2026-07-20 20:24:51.222 8 INFO neutron.db.securitygroups_db [None req-98f2fb73-0258-49b6-b53c-d8abe0ef72a6 7ee13a1f4ecb4be98eaf42d7e4e4defc 0c91dee0dbba4209901ce5ac205c4376 - - default default] Project 0c91dee0dbba4209901ce5ac205c4376 added a security group rule with legacy IPv6 ICMP protocol name icmp, ipv6-icmp should be used instead. It was automatically converted.
2026-07-20 20:24:51.337 8 INFO neutron.db.ovn_revision_numbers_db [None req-98f2fb73-0258-49b6-b53c-d8abe0ef72a6 7ee13a1f4ecb4be98eaf42d7e4e4defc 0c91dee0dbba4209901ce5ac205c4376 - - default default] Successfully bumped revision number for resource d039b7ac-2c0b-479d-8d6b-c1ab1eebdbc6 (type: security_group_rules) to 0
2026-07-20 20:24:51.370 7 WARNING neutron.plugins.ml2.drivers.ovn.mech_driver.ovsdb.ovn_client [None req-443a93d6-eb48-412f-817f-2654c83d558d - - - - - -] Logical_Switch_Port e68b17b6-66f4-4c98-889c-a4c03ac98d28 host information not removed, the port state is up
2026-07-20 20:24:51.376 7 INFO neutron.plugins.ml2.drivers.ovn.mech_driver.mech_driver [None req-443a93d6-eb48-412f-817f-2654c83d558d - - - - - -] OVN reports status up for port: e68b17b6-66f4-4c98-889c-a4c03ac98d28 [pid: 8|app: 0|req: 902/1796] 10.0.0.53 () {34 vars in 694 bytes} [Mon Jul 20 20:24:51 2026] POST /v2.0/security-group-rules => generated 606 bytes in 194 msecs (HTTP/1.1 201) 4 headers in 162 bytes (1 switches on core 0)
2026-07-20 20:24:51.454 7 INFO neutron.plugins.ml2.plugin [None req-443a93d6-eb48-412f-817f-2654c83d558d - - - - - -] Attempt 1 to provision port e68b17b6-66f4-4c98-889c-a4c03ac98d28 [pid: 8|app: 0|req: 903/1797] 10.0.0.111 () {34 vars in 990 bytes} [Mon Jul 20 20:24:51 2026] GET /v2.0/ports?device_id=fc328809-f725-4591-bda0-d8e8ff06b9d9 => generated 12 bytes in 41 msecs (HTTP/1.1 200) 4 headers in 156 bytes (1 switches on core 0)
2026-07-20 20:24:52.005 8 INFO neutron.db.ovn_revision_numbers_db [None req-1d5bc472-7513-4bad-89e9-02e27a88cd42 7ee13a1f4ecb4be98eaf42d7e4e4defc 0c91dee0dbba4209901ce5ac205c4376 - - default default] Successfully bumped revision number for resource 359b6eaf-6b21-44b3-8f90-922eaa5b50cb (type: security_groups) to 1
2026-07-20 20:24:52.023 8 INFO neutron.db.ovn_revision_numbers_db [None req-1d5bc472-7513-4bad-89e9-02e27a88cd42 7ee13a1f4ecb4be98eaf42d7e4e4defc 0c91dee0dbba4209901ce5ac205c4376 - - default default] Successfully bumped revision number for resource 40172dd7-f7bd-48ae-8439-0d427f451c58 (type: security_group_rules) to 0
2026-07-20 20:24:52.037 8 INFO neutron.db.ovn_revision_numbers_db [None req-1d5bc472-7513-4bad-89e9-02e27a88cd42 7ee13a1f4ecb4be98eaf42d7e4e4defc 0c91dee0dbba4209901ce5ac205c4376 - - default default] Successfully bumped revision number for resource b9ac1203-3650-4dd9-a57b-63f0011a3f6e (type: security_group_rules) to 0 [pid: 8|app: 0|req: 904/1798] 10.0.0.53 () {34 vars in 684 bytes} [Mon Jul 20 20:24:51 2026] POST /v2.0/security-groups => generated 1659 bytes in 199 msecs (HTTP/1.1 201) 4 headers in 163 bytes (1 switches on core 0) [pid: 8|app: 0|req: 905/1799] 10.0.0.198 () {34 vars in 1070 bytes} [Mon Jul 20 20:24:52 2026] GET /v2.0/ports?fields=security_groups&fields=device_id&device_id=fc328809-f725-4591-bda0-d8e8ff06b9d9 => generated 12 bytes in 25 msecs (HTTP/1.1 200) 4 headers in 156 bytes (1 switches on core 0)
2026-07-20 20:24:52.242 8 INFO neutron.db.ovn_revision_numbers_db [None req-3c01bc6f-95f9-45fe-8ee6-2e6c8d18cd01 7ee13a1f4ecb4be98eaf42d7e4e4defc 0c91dee0dbba4209901ce5ac205c4376 - - default default] Successfully bumped revision number for resource 67dda42b-896c-4a31-8263-0d33e69395d3 (type: security_group_rules) to 0 [pid: 8|app: 0|req: 906/1800] 10.0.0.53 () {34 vars in 694 bytes} [Mon Jul 20 20:24:52 2026] POST /v2.0/security-group-rules => generated 597 bytes in 175 msecs (HTTP/1.1 201) 4 headers in 162 bytes (1 switches on core 0) [pid: 8|app: 0|req: 907/1801] 10.0.0.198 () {34 vars in 990 bytes} [Mon Jul 20 20:24:52 2026] GET /v2.0/ports?device_id=fc328809-f725-4591-bda0-d8e8ff06b9d9 => generated 12 bytes in 31 msecs (HTTP/1.1 200) 4 headers in 156 bytes (1 switches on core 0)
2026-07-20 20:24:52.452 8 INFO neutron.db.ovn_revision_numbers_db [None req-51f2eef5-438b-4ea6-842d-aef41291db1c 7ee13a1f4ecb4be98eaf42d7e4e4defc 0c91dee0dbba4209901ce5ac205c4376 - - default default] Successfully bumped revision number for resource b6b0aa44-b217-496f-8a02-ff1a652c93ee (type: security_group_rules) to 0 [pid: 8|app: 0|req: 908/1802] 10.0.0.53 () {34 vars in 694 bytes} [Mon Jul 20 20:24:52 2026] POST /v2.0/security-group-rules => generated 602 bytes in 172 msecs (HTTP/1.1 201) 4 headers in 162 bytes (1 switches on core 0)
2026-07-20 20:24:52.770 8 WARNING neutron.scheduler.dhcp_agent_scheduler [None req-80777b26-174a-44e2-8b33-fdeae59ef1a5 7ee13a1f4ecb4be98eaf42d7e4e4defc 0c91dee0dbba4209901ce5ac205c4376 - - default default] No more DHCP agents
2026-07-20 20:24:52.772 8 WARNING neutron.api.rpc.agentnotifiers.dhcp_rpc_agent_api [None req-80777b26-174a-44e2-8b33-fdeae59ef1a5 7ee13a1f4ecb4be98eaf42d7e4e4defc 0c91dee0dbba4209901ce5ac205c4376 - - default default] Unable to schedule network b9cadc4d-a833-45f5-9199-50520e7da728: no agents available; will retry on subsequent port and subnet creation events.
2026-07-20 20:24:52.811 7 WARNING neutron.scheduler.dhcp_agent_scheduler [None req-38058dea-0131-4538-b599-67d4584fa7a4 2da59ac1902147c68dd85a4308b492a9 76dbea4f76dc44438bf839f74c121db4 - - default default] No more DHCP agents
2026-07-20 20:24:52.818 7 WARNING neutron.api.rpc.agentnotifiers.dhcp_rpc_agent_api [None req-38058dea-0131-4538-b599-67d4584fa7a4 2da59ac1902147c68dd85a4308b492a9 76dbea4f76dc44438bf839f74c121db4 - - default default] Unable to schedule network 48184ab3-d725-4719-9b09-8980cff7a5f1: no agents available; will retry on subsequent port and subnet creation events.
2026-07-20 20:24:52.999 7 INFO neutron.db.ovn_revision_numbers_db [None req-443a93d6-eb48-412f-817f-2654c83d558d - - - - - -] Successfully bumped revision number for resource e68b17b6-66f4-4c98-889c-a4c03ac98d28 (type: ports) to 2 [pid: 8|app: 0|req: 909/1803] 10.0.0.53 () {34 vars in 675 bytes} [Mon Jul 20 20:24:52 2026] POST /v2.0/floatingips => generated 552 bytes in 597 msecs (HTTP/1.1 201) 4 headers in 162 bytes (1 switches on core 0) [pid: 8|app: 0|req: 910/1804] 10.0.0.53 () {32 vars in 739 bytes} [Mon Jul 20 20:24:53 2026] DELETE /v2.0/security-groups/a3567c96-3f18-4c13-b23c-588edaf1c602 => generated 0 bytes in 229 msecs (HTTP/1.1 204) 2 headers in 112 bytes (1 switches on core 0)
2026-07-20 20:24:53.324 8 WARNING neutron.db.securitygroups_db [req-3203ce51-f450-4d64-ad96-6f20918f77b9 req-25fedb3a-9aa4-4f8d-888a-eb1ee3d552f8 7ee13a1f4ecb4be98eaf42d7e4e4defc 0c91dee0dbba4209901ce5ac205c4376 - - default default] project_id key not found in filters, using tenant_id instead. This support has been deprecated and will be removed in a future release. [pid: 8|app: 0|req: 911/1805] 10.0.0.198 () {34 vars in 1100 bytes} [Mon Jul 20 20:24:53 2026] GET /v2.0/security-groups?name=tempest-secgroup-smoke-1502225838&fields=id&tenant_id=0c91dee0dbba4209901ce5ac205c4376 => generated 69 bytes in 41 msecs (HTTP/1.1 200) 4 headers in 156 bytes (1 switches on core 0)
2026-07-20 20:24:53.402 7 INFO neutron.db.ovn_revision_numbers_db [None req-38058dea-0131-4538-b599-67d4584fa7a4 2da59ac1902147c68dd85a4308b492a9 76dbea4f76dc44438bf839f74c121db4 - - default default] Successfully bumped revision number for resource 54ad38cc-e7c2-47ab-b0b1-4075112779f4 (type: ports) to 1
2026-07-20 20:24:53.597 7 INFO neutron.db.ovn_revision_numbers_db [None req-62e11c33-488f-4cf4-9e3c-58878e1c86eb - - - - - -] Successfully bumped revision number for resource 906304e4-71d0-44cc-8872-7dd09e4d7221 (type: ports) to 4
2026-07-20 20:24:53.752 8 INFO neutron_taas.services.taas.taas_plugin [None req-ec550c95-c6da-47df-ac4e-b171af6ee766 55054b8e14b348d2a8822231c06c7c2e eaadb182d883428faf945115a5c8c97c - - default default] TaaS: Handle Delete Port: abea4686-b7b5-457f-9aa1-63bb7a317990
2026-07-20 20:24:53.754 8 INFO neutron_taas.services.taas.tap_mirror_plugin [None req-ec550c95-c6da-47df-ac4e-b171af6ee766 55054b8e14b348d2a8822231c06c7c2e eaadb182d883428faf945115a5c8c97c - - default default] Tap Mirror: Handle Delete Port: abea4686-b7b5-457f-9aa1-63bb7a317990 [pid: 8|app: 0|req: 912/1806] 10.0.0.53 () {34 vars in 788 bytes} [Mon Jul 20 20:24:53 2026] PUT /v2.0/routers/2f5df2a3-572b-4693-a772-bf135259a094/remove_router_interface => generated 310 bytes in 920 msecs (HTTP/1.1 200) 4 headers in 157 bytes (1 switches on core 0) /var/lib/openstack/lib/python3.12/site-packages/pycadf/identifier.py:70: UserWarning: Invalid uuid: neutron. To ensure interoperability, identifiers should be a valid uuid. warnings.warn(('Invalid uuid: %s. To ensure interoperability, '
2026-07-20 20:24:54.296 8 WARNING neutron.db.securitygroups_db [req-3203ce51-f450-4d64-ad96-6f20918f77b9 req-356d5e4b-8f1f-4a61-bf4e-b4bf82e8e20d 7ee13a1f4ecb4be98eaf42d7e4e4defc 0c91dee0dbba4209901ce5ac205c4376 - - default default] project_id key not found in filters, using tenant_id instead. This support has been deprecated and will be removed in a future release. [pid: 8|app: 0|req: 913/1807] 10.0.0.198 () {34 vars in 1098 bytes} [Mon Jul 20 20:24:54 2026] GET /v2.0/security-groups?name=tempest-securitygroup--853814052&fields=id&tenant_id=0c91dee0dbba4209901ce5ac205c4376 => generated 69 bytes in 49 msecs (HTTP/1.1 200) 4 headers in 156 bytes (1 switches on core 0)
2026-07-20 20:24:54.355 7 INFO neutron.db.ovn_revision_numbers_db [None req-62e11c33-488f-4cf4-9e3c-58878e1c86eb - - - - - -] Successfully bumped revision number for resource 906304e4-71d0-44cc-8872-7dd09e4d7221 (type: ports) to 5
2026-07-20 20:24:54.689 8 INFO neutron.db.ovn_revision_numbers_db [None req-295c693a-45b9-4134-90c3-d0ddf2406501 805bc56abbac457c9604101c8bfa52fa 31209ce7900d4346a59e70255c691a8a - - default default] Successfully bumped revision number for resource c81a9844-776a-4859-a79c-7a91c1aa6ea6 (type: security_groups) to 1
2026-07-20 20:24:54.707 8 INFO neutron.db.ovn_revision_numbers_db [None req-295c693a-45b9-4134-90c3-d0ddf2406501 805bc56abbac457c9604101c8bfa52fa 31209ce7900d4346a59e70255c691a8a - - default default] Successfully bumped revision number for resource 7cacc4a4-05e6-4f0e-81e5-86ce9953750d (type: security_group_rules) to 0
2026-07-20 20:24:54.722 8 INFO neutron.db.ovn_revision_numbers_db [None req-295c693a-45b9-4134-90c3-d0ddf2406501 805bc56abbac457c9604101c8bfa52fa 31209ce7900d4346a59e70255c691a8a - - default default] Successfully bumped revision number for resource 9f3ba1f4-4301-424e-96ed-987fd29343dc (type: security_group_rules) to 0
2026-07-20 20:24:54.729 7 WARNING neutron.scheduler.dhcp_agent_scheduler [None req-38058dea-0131-4538-b599-67d4584fa7a4 2da59ac1902147c68dd85a4308b492a9 76dbea4f76dc44438bf839f74c121db4 - - default default] No more DHCP agents
2026-07-20 20:24:54.731 7 WARNING neutron.api.rpc.agentnotifiers.dhcp_rpc_agent_api [None req-38058dea-0131-4538-b599-67d4584fa7a4 2da59ac1902147c68dd85a4308b492a9 76dbea4f76dc44438bf839f74c121db4 - - default default] Unable to schedule network 48184ab3-d725-4719-9b09-8980cff7a5f1: no agents available; will retry on subsequent port and subnet creation events.
2026-07-20 20:24:54.739 8 INFO neutron.db.ovn_revision_numbers_db [None req-295c693a-45b9-4134-90c3-d0ddf2406501 805bc56abbac457c9604101c8bfa52fa 31209ce7900d4346a59e70255c691a8a - - default default] Successfully bumped revision number for resource f8418398-07fc-4bfb-bbf1-cdbab409b28a (type: security_group_rules) to 0
