2026-07-20 20:25:36.338 8 INFO neutron.api.v2.resource [None req-70ebdf90-5f5b-46ae-b4eb-86acf4ad6681 5cab48f674b34449a2c7ed84b7334d4b c7a57adeb322471a84ba8c5bce02b23d - - default default] delete failed (client error): The resource could not be found. [pid: 8|app: 0|req: 1068/2111] 10.0.0.53 () {32 vars in 761 bytes} [Mon Jul 20 20:25:36 2026] DELETE /v2.0/security-groups/40dc8091-fe71-4040-b44d-5c75e0e09795/tags/green => generated 99 bytes in 50 msecs (HTTP/1.1 404) 4 headers in 163 bytes (1 switches on core 0) [pid: 7|app: 0|req: 1044/2112] 10.0.0.53 () {32 vars in 681 bytes} [Mon Jul 20 20:25:36 2026] GET /v2.0/qos/policies?not-tags=red => generated 719 bytes in 74 msecs (HTTP/1.1 200) 4 headers in 157 bytes (1 switches on core 0) [pid: 8|app: 0|req: 1069/2113] 10.0.0.53 () {34 vars in 680 bytes} [Mon Jul 20 20:25:36 2026] POST /v2.0/rbac-policies => generated 324 bytes in 197 msecs (HTTP/1.1 201) 4 headers in 162 bytes (1 switches on core 0) [pid: 7|app: 0|req: 1045/2114] 10.0.0.53 () {32 vars in 723 bytes} [Mon Jul 20 20:25:36 2026] DELETE /v2.0/subnets/b6737900-9957-47f5-b8a2-b4053ac16f99 => generated 0 bytes in 198 msecs (HTTP/1.1 204) 3 headers in 131 bytes (1 switches on core 0)
2026-07-20 20:25:36.567 8 WARNING tagging [None req-68ca5d5e-bc9a-47a4-b10b-d6d7bcc7c85c 5cab48f674b34449a2c7ed84b7334d4b c7a57adeb322471a84ba8c5bce02b23d - - default default] project_id key not found in request, using tenant_id instead. This support has been deprecated and will be removed in a future release. [pid: 8|app: 0|req: 1070/2115] 10.0.0.53 () {32 vars in 749 bytes} [Mon Jul 20 20:25:36 2026] DELETE /v2.0/security-groups/40dc8091-fe71-4040-b44d-5c75e0e09795/tags => generated 0 bytes in 56 msecs (HTTP/1.1 204) 2 headers in 112 bytes (1 switches on core 0) [pid: 7|app: 0|req: 1046/2116] 10.0.0.53 () {32 vars in 695 bytes} [Mon Jul 20 20:25:36 2026] GET /v2.0/qos/policies?not-tags=red%2Cblue => generated 1073 bytes in 76 msecs (HTTP/1.1 200) 4 headers in 158 bytes (1 switches on core 0)
2026-07-20 20:25:36.666 7 WARNING tagging [None req-11daff28-8d15-4ee9-805c-50e80922e765 5cab48f674b34449a2c7ed84b7334d4b c7a57adeb322471a84ba8c5bce02b23d - - default default] project_id key not found in request, using tenant_id instead. This support has been deprecated and will be removed in a future release. [pid: 7|app: 0|req: 1047/2117] 10.0.0.53 () {32 vars in 746 bytes} [Mon Jul 20 20:25:36 2026] GET /v2.0/security-groups/40dc8091-fe71-4040-b44d-5c75e0e09795/tags => generated 12 bytes in 41 msecs (HTTP/1.1 200) 4 headers in 156 bytes (1 switches on core 0) [pid: 7|app: 0|req: 1048/2118] 10.0.0.53 () {32 vars in 691 bytes} [Mon Jul 20 20:25:36 2026] GET /v2.0/qos/policies?not-tags-any=blue => generated 1073 bytes in 76 msecs (HTTP/1.1 200) 4 headers in 158 bytes (1 switches on core 0) [pid: 8|app: 0|req: 1071/2119] 10.0.0.53 () {32 vars in 723 bytes} [Mon Jul 20 20:25:36 2026] DELETE /v2.0/subnets/c3b2287c-d75c-41c8-91d7-b2b676f7a888 => generated 0 bytes in 230 msecs (HTTP/1.1 204) 3 headers in 131 bytes (1 switches on core 0) [pid: 8|app: 0|req: 1072/2120] 10.0.0.53 () {32 vars in 703 bytes} [Mon Jul 20 20:25:36 2026] GET /v2.0/qos/policies?not-tags-any=red%2Cblue => generated 719 bytes in 64 msecs (HTTP/1.1 200) 4 headers in 157 bytes (1 switches on core 0) [pid: 7|app: 0|req: 1049/2121] 10.0.0.53 () {32 vars in 739 bytes} [Mon Jul 20 20:25:36 2026] DELETE /v2.0/security-groups/40dc8091-fe71-4040-b44d-5c75e0e09795 => generated 0 bytes in 172 msecs (HTTP/1.1 204) 2 headers in 112 bytes (1 switches on core 0) [pid: 7|app: 0|req: 1050/2122] 10.0.0.53 () {32 vars in 733 bytes} [Mon Jul 20 20:25:36 2026] DELETE /v2.0/qos/policies/da072516-0f57-4320-a6d2-4dd8ed19b495 => generated 0 bytes in 47 msecs (HTTP/1.1 204) 2 headers in 112 bytes (1 switches on core 0) [pid: 7|app: 0|req: 1051/2123] 10.0.0.53 () {32 vars in 722 bytes} [Mon Jul 20 20:25:36 2026] GET /v2.0/networks/d5ab1375-ee3b-42d1-94e6-950b3607a729 => generated 693 bytes in 85 msecs (HTTP/1.1 200) 4 headers in 157 bytes (1 switches on core 0) [pid: 8|app: 0|req: 1073/2124] 10.0.0.53 () {32 vars in 723 bytes} [Mon Jul 20 20:25:36 2026] DELETE /v2.0/subnets/86f251e9-f91f-4019-bc46-0693acca5d05 => generated 0 bytes in 196 msecs (HTTP/1.1 204) 3 headers in 131 bytes (1 switches on core 0) [pid: 7|app: 0|req: 1052/2125] 10.0.0.53 () {32 vars in 733 bytes} [Mon Jul 20 20:25:37 2026] DELETE /v2.0/qos/policies/f9d10f95-8292-439a-a7dd-dc85a29a1763 => generated 0 bytes in 52 msecs (HTTP/1.1 204) 2 headers in 112 bytes (1 switches on core 0) [pid: 7|app: 0|req: 1053/2126] 10.0.0.53 () {32 vars in 733 bytes} [Mon Jul 20 20:25:37 2026] DELETE /v2.0/qos/policies/fe902f3e-311c-4048-a49d-77b6e0c2e9ec => generated 0 bytes in 57 msecs (HTTP/1.1 204) 2 headers in 112 bytes (1 switches on core 0)
2026-07-20 20:25:37.221 8 INFO neutron_taas.services.taas.taas_plugin [None req-3b352520-e6fa-421d-9067-6e6379f77120 8c8f89d016e7493ea2cbe67e62d7be16 b9112501b83f4d15a57db59f806d37da - - default default] TaaS: Handle Delete Port: 71c93597-1ba8-446c-a9e1-e2de0d1b761a
2026-07-20 20:25:37.225 8 INFO neutron_taas.services.taas.tap_mirror_plugin [None req-3b352520-e6fa-421d-9067-6e6379f77120 8c8f89d016e7493ea2cbe67e62d7be16 b9112501b83f4d15a57db59f806d37da - - default default] Tap Mirror: Handle Delete Port: 71c93597-1ba8-446c-a9e1-e2de0d1b761a [pid: 7|app: 0|req: 1054/2127] 10.0.0.53 () {32 vars in 733 bytes} [Mon Jul 20 20:25:37 2026] DELETE /v2.0/qos/policies/0d7e7039-c8e1-44d9-b94b-615c8622a5d8 => generated 0 bytes in 82 msecs (HTTP/1.1 204) 2 headers in 112 bytes (1 switches on core 0) [pid: 7|app: 0|req: 1055/2128] 10.0.0.53 () {32 vars in 733 bytes} [Mon Jul 20 20:25:37 2026] DELETE /v2.0/qos/policies/c3341427-deac-4c8e-9b96-2eb36c35b809 => generated 0 bytes in 81 msecs (HTTP/1.1 204) 2 headers in 112 bytes (1 switches on core 0)
2026-07-20 20:25:37.469 8 INFO neutron.services.segments.plugin [-] Segment 7da83f63-6ba1-4221-a47a-e6d69b109876 resource provider aggregate not found
2026-07-20 20:25:37.476 8 INFO neutron.services.segments.plugin [-] Segment 7da83f63-6ba1-4221-a47a-e6d69b109876 resource provider aggregate not found
2026-07-20 20:25:37.497 8 INFO neutron.services.segments.plugin [-] Client error retrieving segment 7da83f63-6ba1-4221-a47a-e6d69b109876 resource provider; error: Placement Client Error (4xx): {"errors": [{"status": 404, "title": "Not Found", "detail": "The resource could not be found.\n\n No resource provider with uuid 7da83f63-6ba1-4221-a47a-e6d69b109876 found for delete ", "request_id": "req-61d5092d-32a5-4448-a02a-7de7ee06f4e2"}]}
2026-07-20 20:25:37.500 8 INFO neutron.services.segments.plugin [-] Client error retrieving segment 7da83f63-6ba1-4221-a47a-e6d69b109876 resource provider; error: Placement Client Error (4xx): {"errors": [{"status": 404, "title": "Not Found", "detail": "The resource could not be found.\n\n No resource provider with uuid 7da83f63-6ba1-4221-a47a-e6d69b109876 found for delete ", "request_id": "req-27f6ce99-fadc-4ba0-be29-83d601472785"}]} [pid: 8|app: 0|req: 1074/2129] 10.0.0.53 () {32 vars in 725 bytes} [Mon Jul 20 20:25:37 2026] DELETE /v2.0/networks/8e6f1b59-7333-473e-ad72-bf7d01c7c4a0 => generated 0 bytes in 446 msecs (HTTP/1.1 204) 3 headers in 131 bytes (1 switches on core 0)
2026-07-20 20:25:37.690 8 INFO neutron_taas.services.taas.taas_plugin [None req-6903f5ea-9dc9-43e7-a086-7e20003727fb 8c8f89d016e7493ea2cbe67e62d7be16 b9112501b83f4d15a57db59f806d37da - - default default] TaaS: Handle Delete Port: fcaafe63-a7c6-4088-ba41-3795b06ce694
2026-07-20 20:25:37.693 8 INFO neutron_taas.services.taas.tap_mirror_plugin [None req-6903f5ea-9dc9-43e7-a086-7e20003727fb 8c8f89d016e7493ea2cbe67e62d7be16 b9112501b83f4d15a57db59f806d37da - - default default] Tap Mirror: Handle Delete Port: fcaafe63-a7c6-4088-ba41-3795b06ce694
2026-07-20 20:25:37.741 7 INFO neutron.pecan_wsgi.hooks.translation [None req-a4727d62-2300-4b8f-a79e-b8f9da3e785a 72ce923837844d19b18e7bd2f8d043ee 3f7f64b0ae454f4cab9c50068ef53c6b - - default default] GET failed (client error): The resource could not be found. [pid: 7|app: 0|req: 1056/2130] 10.0.0.53 () {32 vars in 722 bytes} [Mon Jul 20 20:25:37 2026] GET /v2.0/networks/d5ab1375-ee3b-42d1-94e6-950b3607a729 => generated 138 bytes in 279 msecs (HTTP/1.1 404) 4 headers in 164 bytes (1 switches on core 0)
2026-07-20 20:25:37.935 7 WARNING neutron.db.securitygroups_db [None req-b9c79a18-1ea0-457d-aecd-1e64db0671dc 2da59ac1902147c68dd85a4308b492a9 76dbea4f76dc44438bf839f74c121db4 - - default default] project_id key not found in filters, using tenant_id instead. This support has been deprecated and will be removed in a future release. [pid: 8|app: 0|req: 1075/2131] 10.0.0.53 () {32 vars in 725 bytes} [Mon Jul 20 20:25:37 2026] DELETE /v2.0/networks/d9c12021-425e-4279-b014-27c54e8a32d4 => generated 0 bytes in 406 msecs (HTTP/1.1 204) 3 headers in 131 bytes (1 switches on core 0)
2026-07-20 20:25:38.092 7 INFO neutron.db.ovn_revision_numbers_db [None req-b9c79a18-1ea0-457d-aecd-1e64db0671dc 2da59ac1902147c68dd85a4308b492a9 76dbea4f76dc44438bf839f74c121db4 - - default default] Successfully bumped revision number for resource 124c6d01-4c7f-4b16-a660-4af37e3caa4e (type: security_groups) to 1
2026-07-20 20:25:38.106 7 INFO neutron.db.ovn_revision_numbers_db [None req-b9c79a18-1ea0-457d-aecd-1e64db0671dc 2da59ac1902147c68dd85a4308b492a9 76dbea4f76dc44438bf839f74c121db4 - - default default] Successfully bumped revision number for resource 22e77338-9cc9-4487-9372-759582de2ae9 (type: security_group_rules) to 0
2026-07-20 20:25:38.108 8 INFO neutron_taas.services.taas.taas_plugin [None req-9afd911c-8284-4bb3-89ed-04fea64f9b36 476489b4f647404db3ef6ed4808b2aaa 186e8821e82b477c988730a3a05a1044 - - default default] TaaS: Handle Delete Port: 119a7136-66ff-4278-acb7-f2330aee305d
2026-07-20 20:25:38.111 8 INFO neutron_taas.services.taas.tap_mirror_plugin [None req-9afd911c-8284-4bb3-89ed-04fea64f9b36 476489b4f647404db3ef6ed4808b2aaa 186e8821e82b477c988730a3a05a1044 - - default default] Tap Mirror: Handle Delete Port: 119a7136-66ff-4278-acb7-f2330aee305d
2026-07-20 20:25:38.117 7 INFO neutron.db.ovn_revision_numbers_db [None req-b9c79a18-1ea0-457d-aecd-1e64db0671dc 2da59ac1902147c68dd85a4308b492a9 76dbea4f76dc44438bf839f74c121db4 - - default default] Successfully bumped revision number for resource 2ff1a395-a559-4088-9403-4e78c85308f3 (type: security_group_rules) to 0
2026-07-20 20:25:38.132 7 INFO neutron.db.ovn_revision_numbers_db [None req-b9c79a18-1ea0-457d-aecd-1e64db0671dc 2da59ac1902147c68dd85a4308b492a9 76dbea4f76dc44438bf839f74c121db4 - - default default] Successfully bumped revision number for resource 712a8e95-2449-4394-be65-528d10a1e628 (type: security_group_rules) to 0
2026-07-20 20:25:38.143 7 INFO neutron.db.ovn_revision_numbers_db [None req-b9c79a18-1ea0-457d-aecd-1e64db0671dc 2da59ac1902147c68dd85a4308b492a9 76dbea4f76dc44438bf839f74c121db4 - - default default] Successfully bumped revision number for resource 931a5afc-24b3-4705-a456-6704e2c4491c (type: security_group_rules) to 0 [pid: 7|app: 0|req: 1057/2132] 10.0.0.53 () {32 vars in 773 bytes} [Mon Jul 20 20:25:37 2026] GET /v2.0/security-groups?tenant_id=3751eea4cd2c46c984b6e0e5fc85715c&name=default => generated 2925 bytes in 455 msecs (HTTP/1.1 200) 4 headers in 158 bytes (1 switches on core 0)
2026-07-20 20:25:38.342 7 INFO neutron_taas.services.taas.taas_plugin [None req-3fe93948-e273-4180-aea1-9df09427e08d 8c8f89d016e7493ea2cbe67e62d7be16 b9112501b83f4d15a57db59f806d37da - - default default] TaaS: Handle Delete Port: e5308dc6-aa85-4be9-b6d4-122424912e29
2026-07-20 20:25:38.345 7 INFO neutron_taas.services.taas.tap_mirror_plugin [None req-3fe93948-e273-4180-aea1-9df09427e08d 8c8f89d016e7493ea2cbe67e62d7be16 b9112501b83f4d15a57db59f806d37da - - default default] Tap Mirror: Handle Delete Port: e5308dc6-aa85-4be9-b6d4-122424912e29 [pid: 8|app: 0|req: 1076/2133] 10.0.0.53 () {32 vars in 725 bytes} [Mon Jul 20 20:25:37 2026] DELETE /v2.0/networks/d5ab1375-ee3b-42d1-94e6-950b3607a729 => generated 0 bytes in 583 msecs (HTTP/1.1 204) 3 headers in 131 bytes (1 switches on core 0)
2026-07-20 20:25:38.580 7 INFO neutron.services.segments.plugin [-] Segment 01073a74-a77b-4e62-bcf4-c907f2a9f741 resource provider aggregate not found
2026-07-20 20:25:38.587 7 INFO neutron.services.segments.plugin [-] Segment 01073a74-a77b-4e62-bcf4-c907f2a9f741 resource provider aggregate not found
2026-07-20 20:25:38.601 7 INFO neutron.services.segments.plugin [-] Client error retrieving segment 01073a74-a77b-4e62-bcf4-c907f2a9f741 resource provider; error: Placement Client Error (4xx): {"errors": [{"status": 404, "title": "Not Found", "detail": "The resource could not be found.\n\n No resource provider with uuid 01073a74-a77b-4e62-bcf4-c907f2a9f741 found for delete ", "request_id": "req-809551a2-91a2-4c39-8759-02dcc04bacef"}]}
2026-07-20 20:25:38.612 7 INFO neutron.services.segments.plugin [-] Client error retrieving segment 01073a74-a77b-4e62-bcf4-c907f2a9f741 resource provider; error: Placement Client Error (4xx): {"errors": [{"status": 404, "title": "Not Found", "detail": "The resource could not be found.\n\n No resource provider with uuid 01073a74-a77b-4e62-bcf4-c907f2a9f741 found for delete ", "request_id": "req-8d60e38e-27b6-421a-ab6a-5402ef44bdb6"}]} [pid: 7|app: 0|req: 1058/2134] 10.0.0.53 () {32 vars in 725 bytes} [Mon Jul 20 20:25:38 2026] DELETE /v2.0/networks/1a22edc6-dfcc-4457-bfe0-ef968fcb5149 => generated 0 bytes in 445 msecs (HTTP/1.1 204) 3 headers in 131 bytes (1 switches on core 0) [pid: 8|app: 0|req: 1077/2135] 10.0.0.53 () {32 vars in 739 bytes} [Mon Jul 20 20:25:38 2026] DELETE /v2.0/security-groups/124c6d01-4c7f-4b16-a660-4af37e3caa4e => generated 0 bytes in 204 msecs (HTTP/1.1 204) 2 headers in 112 bytes (1 switches on core 0)
2026-07-20 20:25:38.749 7 WARNING neutron.db.securitygroups_db [None req-9a6bc3ef-70ee-4c62-869d-bb61344f25cb 2da59ac1902147c68dd85a4308b492a9 76dbea4f76dc44438bf839f74c121db4 - - default default] project_id key not found in filters, using tenant_id instead. This support has been deprecated and will be removed in a future release.
2026-07-20 20:25:38.752 8 INFO neutron.pecan_wsgi.hooks.translation [None req-d82665ac-ec57-4274-a84f-89f385f9f748 476489b4f647404db3ef6ed4808b2aaa 186e8821e82b477c988730a3a05a1044 - - default default] DELETE failed (client error): The resource could not be found. [pid: 8|app: 0|req: 1078/2136] 10.0.0.53 () {32 vars in 723 bytes} [Mon Jul 20 20:25:38 2026] DELETE /v2.0/subnets/b23b159c-0821-4c01-95bc-a296f2ec39a2 => generated 136 bytes in 15 msecs (HTTP/1.1 404) 4 headers in 164 bytes (1 switches on core 0)
2026-07-20 20:25:38.900 8 INFO neutron_taas.services.taas.taas_plugin [None req-e75d528f-8985-4d9a-a76a-22dde4842f19 8c8f89d016e7493ea2cbe67e62d7be16 b9112501b83f4d15a57db59f806d37da - - default default] TaaS: Handle Delete Port: e8064936-a752-4d8d-bb74-bfe79984d02c
2026-07-20 20:25:38.903 8 INFO neutron_taas.services.taas.tap_mirror_plugin [None req-e75d528f-8985-4d9a-a76a-22dde4842f19 8c8f89d016e7493ea2cbe67e62d7be16 b9112501b83f4d15a57db59f806d37da - - default default] Tap Mirror: Handle Delete Port: e8064936-a752-4d8d-bb74-bfe79984d02c
2026-07-20 20:25:38.910 7 INFO neutron.db.ovn_revision_numbers_db [None req-9a6bc3ef-70ee-4c62-869d-bb61344f25cb 2da59ac1902147c68dd85a4308b492a9 76dbea4f76dc44438bf839f74c121db4 - - default default] Successfully bumped revision number for resource 060ebadf-8f34-4745-a611-50c1375761df (type: security_groups) to 1
2026-07-20 20:25:38.926 7 INFO neutron.db.ovn_revision_numbers_db [None req-9a6bc3ef-70ee-4c62-869d-bb61344f25cb 2da59ac1902147c68dd85a4308b492a9 76dbea4f76dc44438bf839f74c121db4 - - default default] Successfully bumped revision number for resource 17e6685d-06ae-4e55-9ba5-be69a9736e87 (type: security_group_rules) to 0
2026-07-20 20:25:38.941 7 INFO neutron.db.ovn_revision_numbers_db [None req-9a6bc3ef-70ee-4c62-869d-bb61344f25cb 2da59ac1902147c68dd85a4308b492a9 76dbea4f76dc44438bf839f74c121db4 - - default default] Successfully bumped revision number for resource 55974533-0f22-4e79-a38d-e84dd1534505 (type: security_group_rules) to 0
2026-07-20 20:25:38.954 7 INFO neutron.db.ovn_revision_numbers_db [None req-9a6bc3ef-70ee-4c62-869d-bb61344f25cb 2da59ac1902147c68dd85a4308b492a9 76dbea4f76dc44438bf839f74c121db4 - - default default] Successfully bumped revision number for resource 7a0c131e-6b09-403e-9253-a1577e1faa24 (type: security_group_rules) to 0
2026-07-20 20:25:38.967 7 INFO neutron.db.ovn_revision_numbers_db [None req-9a6bc3ef-70ee-4c62-869d-bb61344f25cb 2da59ac1902147c68dd85a4308b492a9 76dbea4f76dc44438bf839f74c121db4 - - default default] Successfully bumped revision number for resource 921ff3a4-bafe-441b-8b7c-00103b7cddbc (type: security_group_rules) to 0 [pid: 7|app: 0|req: 1059/2137] 10.0.0.53 () {32 vars in 773 bytes} [Mon Jul 20 20:25:38 2026] GET /v2.0/security-groups?tenant_id=fc2bdf2d015248779c3e40d168490985&name=default => generated 2925 bytes in 371 msecs (HTTP/1.1 200) 4 headers in 158 bytes (1 switches on core 0)
2026-07-20 20:25:39.028 7 INFO neutron.pecan_wsgi.hooks.translation [None req-42490e45-01c6-4ad0-9392-ea068c4fe81d 476489b4f647404db3ef6ed4808b2aaa 186e8821e82b477c988730a3a05a1044 - - default default] DELETE failed (client error): The resource could not be found. [pid: 7|app: 0|req: 1060/2138] 10.0.0.53 () {32 vars in 723 bytes} [Mon Jul 20 20:25:39 2026] DELETE /v2.0/subnets/99f6ad99-39c4-4527-be19-410b66e56055 => generated 136 bytes in 12 msecs (HTTP/1.1 404) 4 headers in 164 bytes (1 switches on core 0)
2026-07-20 20:25:39.034 7 WARNING neutron.db.securitygroups_db [None req-2f93e4d1-c702-4eba-977c-2f7251a0b354 2da59ac1902147c68dd85a4308b492a9 76dbea4f76dc44438bf839f74c121db4 - - default default] project_id key not found in filters, using tenant_id instead. This support has been deprecated and will be removed in a future release. [pid: 7|app: 0|req: 1061/2139] 10.0.0.53 () {32 vars in 773 bytes} [Mon Jul 20 20:25:39 2026] GET /v2.0/security-groups?tenant_id=c7a57adeb322471a84ba8c5bce02b23d&name=default => generated 2925 bytes in 24 msecs (HTTP/1.1 200) 4 headers in 158 bytes (1 switches on core 0) [pid: 8|app: 0|req: 1079/2140] 10.0.0.53 () {32 vars in 725 bytes} [Mon Jul 20 20:25:38 2026] DELETE /v2.0/networks/9a9c0fcd-1338-4447-9409-b347972d248c => generated 0 bytes in 371 msecs (HTTP/1.1 204) 3 headers in 131 bytes (1 switches on core 0)
2026-07-20 20:25:39.142 8 INFO neutron.pecan_wsgi.hooks.translation [None req-eac4152a-b3ef-48e9-b9b7-4723b7313e7b 476489b4f647404db3ef6ed4808b2aaa 186e8821e82b477c988730a3a05a1044 - - default default] DELETE failed (client error): The resource could not be found. [pid: 8|app: 0|req: 1080/2141] 10.0.0.53 () {32 vars in 723 bytes} [Mon Jul 20 20:25:39 2026] DELETE /v2.0/subnets/0ab7e6a5-09a8-4928-a639-09be32ba4d21 => generated 136 bytes in 18 msecs (HTTP/1.1 404) 4 headers in 164 bytes (1 switches on core 0) [pid: 7|app: 0|req: 1062/2142] 10.0.0.53 () {32 vars in 739 bytes} [Mon Jul 20 20:25:39 2026] DELETE /v2.0/security-groups/060ebadf-8f34-4745-a611-50c1375761df => generated 0 bytes in 227 msecs (HTTP/1.1 204) 2 headers in 112 bytes (1 switches on core 0) [pid: 8|app: 0|req: 1081/2143] 10.0.0.53 () {32 vars in 739 bytes} [Mon Jul 20 20:25:39 2026] DELETE /v2.0/security-groups/40bce824-66f7-4611-b77d-c9ed694054fb => generated 0 bytes in 230 msecs (HTTP/1.1 204) 2 headers in 112 bytes (1 switches on core 0)
2026-07-20 20:25:39.497 7 INFO neutron_taas.services.taas.taas_plugin [None req-49bc264a-4ef6-4066-9a9b-90ed3ec96b99 8c8f89d016e7493ea2cbe67e62d7be16 b9112501b83f4d15a57db59f806d37da - - default default] TaaS: Handle Delete Port: 80d4b3db-cb1e-46a9-b440-faf6e52c39ba
2026-07-20 20:25:39.498 8 WARNING neutron.db.securitygroups_db [None req-d8bc7152-afba-419d-8bb9-b1712c07c2c5 2da59ac1902147c68dd85a4308b492a9 76dbea4f76dc44438bf839f74c121db4 - - default default] project_id key not found in filters, using tenant_id instead. This support has been deprecated and will be removed in a future release.
2026-07-20 20:25:39.500 7 INFO neutron_taas.services.taas.tap_mirror_plugin [None req-49bc264a-4ef6-4066-9a9b-90ed3ec96b99 8c8f89d016e7493ea2cbe67e62d7be16 b9112501b83f4d15a57db59f806d37da - - default default] Tap Mirror: Handle Delete Port: 80d4b3db-cb1e-46a9-b440-faf6e52c39ba
2026-07-20 20:25:39.520 8 INFO neutron.services.segments.plugin [-] Segment f50accc0-bd49-4031-8576-78ef25a7a10b resource provider aggregate not found
2026-07-20 20:25:39.526 8 INFO neutron.services.segments.plugin [-] Segment f50accc0-bd49-4031-8576-78ef25a7a10b resource provider aggregate not found
2026-07-20 20:25:39.550 8 INFO neutron.services.segments.plugin [-] Client error retrieving segment f50accc0-bd49-4031-8576-78ef25a7a10b resource provider; error: Placement Client Error (4xx): {"errors": [{"status": 404, "title": "Not Found", "detail": "The resource could not be found.\n\n No resource provider with uuid f50accc0-bd49-4031-8576-78ef25a7a10b found for delete ", "request_id": "req-c765ff56-21e0-4b35-a480-a86f1871be4d"}]}
2026-07-20 20:25:39.561 8 INFO neutron.services.segments.plugin [-] Client error retrieving segment f50accc0-bd49-4031-8576-78ef25a7a10b resource provider; error: Placement Client Error (4xx): {"errors": [{"status": 404, "title": "Not Found", "detail": "The resource could not be found.\n\n No resource provider with uuid f50accc0-bd49-4031-8576-78ef25a7a10b found for delete ", "request_id": "req-7765d2b3-50be-4ae8-9d7b-fd19b7067bde"}]}
2026-07-20 20:25:39.579 8 INFO neutron.services.segments.plugin [-] Segment a9c1948f-7fb0-405a-9a3b-feddc939dcc3 resource provider aggregate not found
2026-07-20 20:25:39.590 8 INFO neutron.services.segments.plugin [-] Segment a9c1948f-7fb0-405a-9a3b-feddc939dcc3 resource provider aggregate not found
2026-07-20 20:25:39.609 8 INFO neutron.services.segments.plugin [-] Client error retrieving segment a9c1948f-7fb0-405a-9a3b-feddc939dcc3 resource provider; error: Placement Client Error (4xx): {"errors": [{"status": 404, "title": "Not Found", "detail": "The resource could not be found.\n\n No resource provider with uuid a9c1948f-7fb0-405a-9a3b-feddc939dcc3 found for delete ", "request_id": "req-78611850-ff2f-4da9-b3a9-d78257d257b3"}]}
2026-07-20 20:25:39.624 8 INFO neutron.services.segments.plugin [-] Client error retrieving segment a9c1948f-7fb0-405a-9a3b-feddc939dcc3 resource provider; error: Placement Client Error (4xx): {"errors": [{"status": 404, "title": "Not Found", "detail": "The resource could not be found.\n\n No resource provider with uuid a9c1948f-7fb0-405a-9a3b-feddc939dcc3 found for delete ", "request_id": "req-141a514e-4d5f-4344-a19f-286459d83f7b"}]}
2026-07-20 20:25:39.658 8 INFO neutron.services.segments.plugin [-] Segment a4614e76-1095-47e1-9702-70a291b234b0 resource provider aggregate not found
2026-07-20 20:25:39.664 8 INFO neutron.services.segments.plugin [-] Segment a4614e76-1095-47e1-9702-70a291b234b0 resource provider aggregate not found
2026-07-20 20:25:39.683 8 INFO neutron.services.segments.plugin [-] Client error retrieving segment a4614e76-1095-47e1-9702-70a291b234b0 resource provider; error: Placement Client Error (4xx): {"errors": [{"status": 404, "title": "Not Found", "detail": "The resource could not be found.\n\n No resource provider with uuid a4614e76-1095-47e1-9702-70a291b234b0 found for delete ", "request_id": "req-618c1d6e-d0b8-4194-a348-98e763ec1b2c"}]}
2026-07-20 20:25:39.685 8 INFO neutron.services.segments.plugin [-] Client error retrieving segment a4614e76-1095-47e1-9702-70a291b234b0 resource provider; error: Placement Client Error (4xx): {"errors": [{"status": 404, "title": "Not Found", "detail": "The resource could not be found.\n\n No resource provider with uuid a4614e76-1095-47e1-9702-70a291b234b0 found for delete ", "request_id": "req-b68102c3-48e6-47d4-9dd0-b1d7606f5f8e"}]}
2026-07-20 20:25:39.723 8 INFO neutron.db.ovn_revision_numbers_db [None req-d8bc7152-afba-419d-8bb9-b1712c07c2c5 2da59ac1902147c68dd85a4308b492a9 76dbea4f76dc44438bf839f74c121db4 - - default default] Successfully bumped revision number for resource 1d743016-2d33-476a-8e0f-2e30b9284140 (type: security_groups) to 1
2026-07-20 20:25:39.738 8 INFO neutron.db.ovn_revision_numbers_db [None req-d8bc7152-afba-419d-8bb9-b1712c07c2c5 2da59ac1902147c68dd85a4308b492a9 76dbea4f76dc44438bf839f74c121db4 - - default default] Successfully bumped revision number for resource 235b81f3-9cb1-4f9f-bbdf-7be3b992452f (type: security_group_rules) to 0
2026-07-20 20:25:39.749 8 INFO neutron.db.ovn_revision_numbers_db [None req-d8bc7152-afba-419d-8bb9-b1712c07c2c5 2da59ac1902147c68dd85a4308b492a9 76dbea4f76dc44438bf839f74c121db4 - - default default] Successfully bumped revision number for resource 3825a4c0-4feb-4074-af7e-348183d1f92b (type: security_group_rules) to 0
2026-07-20 20:25:39.767 8 INFO neutron.db.ovn_revision_numbers_db [None req-d8bc7152-afba-419d-8bb9-b1712c07c2c5 2da59ac1902147c68dd85a4308b492a9 76dbea4f76dc44438bf839f74c121db4 - - default default] Successfully bumped revision number for resource 4c3cb40e-9e81-4e23-b5c4-9e17a7de544e (type: security_group_rules) to 0
2026-07-20 20:25:39.778 8 INFO neutron.db.ovn_revision_numbers_db [None req-d8bc7152-afba-419d-8bb9-b1712c07c2c5 2da59ac1902147c68dd85a4308b492a9 76dbea4f76dc44438bf839f74c121db4 - - default default] Successfully bumped revision number for resource 4cfe36f5-8be4-42de-bfa5-07f6a2f5a2b5 (type: security_group_rules) to 0 [pid: 8|app: 0|req: 1082/2144] 10.0.0.53 () {32 vars in 773 bytes} [Mon Jul 20 20:25:39 2026] GET /v2.0/security-groups?tenant_id=f94ae0bce0d24b9fa4e684c19d7f0aef&name=default => generated 2925 bytes in 344 msecs (HTTP/1.1 200) 4 headers in 158 bytes (1 switches on core 0) [pid: 7|app: 0|req: 1063/2145] 10.0.0.53 () {32 vars in 725 bytes} [Mon Jul 20 20:25:39 2026] DELETE /v2.0/networks/93ca1495-2143-4d2a-a82d-1fed58ecf5ed => generated 0 bytes in 554 msecs (HTTP/1.1 204) 3 headers in 131 bytes (1 switches on core 0) [pid: 8|app: 0|req: 1083/2146] 10.0.0.53 () {32 vars in 739 bytes} [Mon Jul 20 20:25:39 2026] DELETE /v2.0/security-groups/1d743016-2d33-476a-8e0f-2e30b9284140 => generated 0 bytes in 194 msecs (HTTP/1.1 204) 2 headers in 112 bytes (1 switches on core 0)
2026-07-20 20:25:40.209 8 WARNING neutron.db.securitygroups_db [None req-e9565de3-463c-4cfb-9689-70c1d80279fa 2da59ac1902147c68dd85a4308b492a9 76dbea4f76dc44438bf839f74c121db4 - - default default] project_id key not found in filters, using tenant_id instead. This support has been deprecated and will be removed in a future release.
2026-07-20 20:25:40.320 7 WARNING neutron.db.securitygroups_db [None req-577ab19a-ad1c-459e-9b42-58fcc031caba 2da59ac1902147c68dd85a4308b492a9 76dbea4f76dc44438bf839f74c121db4 - - default default] project_id key not found in filters, using tenant_id instead. This support has been deprecated and will be removed in a future release.
2026-07-20 20:25:40.367 8 INFO neutron.db.ovn_revision_numbers_db [None req-e9565de3-463c-4cfb-9689-70c1d80279fa 2da59ac1902147c68dd85a4308b492a9 76dbea4f76dc44438bf839f74c121db4 - - default default] Successfully bumped revision number for resource 51f39020-e32b-4c3d-bf70-8007a5fae345 (type: security_groups) to 1
2026-07-20 20:25:40.389 8 INFO neutron.db.ovn_revision_numbers_db [None req-e9565de3-463c-4cfb-9689-70c1d80279fa 2da59ac1902147c68dd85a4308b492a9 76dbea4f76dc44438bf839f74c121db4 - - default default] Successfully bumped revision number for resource 2dff954e-a8b9-4ad5-b17b-ac153233e90c (type: security_group_rules) to 0
2026-07-20 20:25:40.405 8 INFO neutron.db.ovn_revision_numbers_db [None req-e9565de3-463c-4cfb-9689-70c1d80279fa 2da59ac1902147c68dd85a4308b492a9 76dbea4f76dc44438bf839f74c121db4 - - default default] Successfully bumped revision number for resource 6b6cbeb1-e9af-4a84-87b7-1a1835d54914 (type: security_group_rules) to 0
2026-07-20 20:25:40.419 8 INFO neutron.db.ovn_revision_numbers_db [None req-e9565de3-463c-4cfb-9689-70c1d80279fa 2da59ac1902147c68dd85a4308b492a9 76dbea4f76dc44438bf839f74c121db4 - - default default] Successfully bumped revision number for resource 9d06df69-31da-4f8d-a80d-04536db118d9 (type: security_group_rules) to 0
2026-07-20 20:25:40.432 8 INFO neutron.db.ovn_revision_numbers_db [None req-e9565de3-463c-4cfb-9689-70c1d80279fa 2da59ac1902147c68dd85a4308b492a9 76dbea4f76dc44438bf839f74c121db4 - - default default] Successfully bumped revision number for resource dac05971-126d-4420-b999-8293869c7415 (type: security_group_rules) to 0 [pid: 8|app: 0|req: 1084/2147] 10.0.0.53 () {32 vars in 773 bytes} [Mon Jul 20 20:25:40 2026] GET /v2.0/security-groups?tenant_id=53171e56adae4a779ed039fcf0567623&name=default => generated 2925 bytes in 279 msecs (HTTP/1.1 200) 4 headers in 158 bytes (1 switches on core 0)
2026-07-20 20:25:40.494 7 INFO neutron.db.ovn_revision_numbers_db [None req-577ab19a-ad1c-459e-9b42-58fcc031caba 2da59ac1902147c68dd85a4308b492a9 76dbea4f76dc44438bf839f74c121db4 - - default default] Successfully bumped revision number for resource 62032eb0-9f6e-4e88-bf6b-c7b0382b4c33 (type: security_groups) to 1
2026-07-20 20:25:40.507 7 INFO neutron.db.ovn_revision_numbers_db [None req-577ab19a-ad1c-459e-9b42-58fcc031caba 2da59ac1902147c68dd85a4308b492a9 76dbea4f76dc44438bf839f74c121db4 - - default default] Successfully bumped revision number for resource 30c6e76f-6b2f-4d61-a31e-7960dcf49c64 (type: security_group_rules) to 0
2026-07-20 20:25:40.527 7 INFO neutron.db.ovn_revision_numbers_db [None req-577ab19a-ad1c-459e-9b42-58fcc031caba 2da59ac1902147c68dd85a4308b492a9 76dbea4f76dc44438bf839f74c121db4 - - default default] Successfully bumped revision number for resource 44dfd8c8-0a8e-44ca-9264-bd7783c9db4b (type: security_group_rules) to 0
2026-07-20 20:25:40.541 7 INFO neutron.db.ovn_revision_numbers_db [None req-577ab19a-ad1c-459e-9b42-58fcc031caba 2da59ac1902147c68dd85a4308b492a9 76dbea4f76dc44438bf839f74c121db4 - - default default] Successfully bumped revision number for resource 74de23a0-9f2d-4f06-8db7-7685a875b8f9 (type: security_group_rules) to 0
2026-07-20 20:25:40.558 7 INFO neutron.db.ovn_revision_numbers_db [None req-577ab19a-ad1c-459e-9b42-58fcc031caba 2da59ac1902147c68dd85a4308b492a9 76dbea4f76dc44438bf839f74c121db4 - - default default] Successfully bumped revision number for resource cf849bab-ce6e-4f12-9a60-141f9eb18eed (type: security_group_rules) to 0 [pid: 7|app: 0|req: 1064/2148] 10.0.0.53 () {32 vars in 773 bytes} [Mon Jul 20 20:25:40 2026] GET /v2.0/security-groups?tenant_id=f2b4375d0dbf4fd0b50c87fcd335008f&name=default => generated 2925 bytes in 482 msecs (HTTP/1.1 200) 4 headers in 158 bytes (1 switches on core 0)
2026-07-20 20:25:40.629 7 INFO neutron.services.segments.plugin [-] Segment dc516d18-308c-442b-bf89-a018bb945335 resource provider aggregate not found
2026-07-20 20:25:40.642 7 INFO neutron.services.segments.plugin [-] Segment dc516d18-308c-442b-bf89-a018bb945335 resource provider aggregate not found
2026-07-20 20:25:40.651 7 INFO neutron.services.segments.plugin [-] Client error retrieving segment dc516d18-308c-442b-bf89-a018bb945335 resource provider; error: Placement Client Error (4xx): {"errors": [{"status": 404, "title": "Not Found", "detail": "The resource could not be found.\n\n No resource provider with uuid dc516d18-308c-442b-bf89-a018bb945335 found for delete ", "request_id": "req-6b1f0245-c14d-477e-8854-6390454ffb20"}]}
2026-07-20 20:25:40.680 7 INFO neutron.services.segments.plugin [-] Client error retrieving segment dc516d18-308c-442b-bf89-a018bb945335 resource provider; error: Placement Client Error (4xx): {"errors": [{"status": 404, "title": "Not Found", "detail": "The resource could not be found.\n\n No resource provider with uuid dc516d18-308c-442b-bf89-a018bb945335 found for delete ", "request_id": "req-5ccdcaa0-f617-4a37-9346-56a2b7af3d6b"}]} [pid: 8|app: 0|req: 1085/2149] 10.0.0.53 () {32 vars in 739 bytes} [Mon Jul 20 20:25:40 2026] DELETE /v2.0/security-groups/51f39020-e32b-4c3d-bf70-8007a5fae345 => generated 0 bytes in 223 msecs (HTTP/1.1 204) 2 headers in 112 bytes (1 switches on core 0) [pid: 7|app: 0|req: 1065/2150] 10.0.0.53 () {32 vars in 739 bytes} [Mon Jul 20 20:25:40 2026] DELETE /v2.0/security-groups/62032eb0-9f6e-4e88-bf6b-c7b0382b4c33 => generated 0 bytes in 254 msecs (HTTP/1.1 204) 2 headers in 112 bytes (1 switches on core 0)
2026-07-20 20:25:40.913 8 WARNING neutron.db.securitygroups_db [None req-8c393d57-7e7f-40ea-bc6b-6906b23daf88 2da59ac1902147c68dd85a4308b492a9 76dbea4f76dc44438bf839f74c121db4 - - default default] project_id key not found in filters, using tenant_id instead. This support has been deprecated and will be removed in a future release.
2026-07-20 20:25:41.007 7 WARNING neutron.db.securitygroups_db [None req-0a1be288-426f-46ca-b099-23d3846929a5 2da59ac1902147c68dd85a4308b492a9 76dbea4f76dc44438bf839f74c121db4 - - default default] project_id key not found in filters, using tenant_id instead. This support has been deprecated and will be removed in a future release. [pid: 7|app: 0|req: 1066/2151] 10.0.0.53 () {32 vars in 773 bytes} [Mon Jul 20 20:25:41 2026] GET /v2.0/security-groups?tenant_id=186e8821e82b477c988730a3a05a1044&name=default => generated 2925 bytes in 45 msecs (HTTP/1.1 200) 4 headers in 158 bytes (1 switches on core 0)
2026-07-20 20:25:41.089 8 INFO neutron.db.ovn_revision_numbers_db [None req-8c393d57-7e7f-40ea-bc6b-6906b23daf88 2da59ac1902147c68dd85a4308b492a9 76dbea4f76dc44438bf839f74c121db4 - - default default] Successfully bumped revision number for resource 6cd62d14-3ab5-4fd3-aece-0c58ba8cf0dc (type: security_groups) to 1
2026-07-20 20:25:41.103 8 INFO neutron.db.ovn_revision_numbers_db [None req-8c393d57-7e7f-40ea-bc6b-6906b23daf88 2da59ac1902147c68dd85a4308b492a9 76dbea4f76dc44438bf839f74c121db4 - - default default] Successfully bumped revision number for resource 2d1217bb-7bf9-4067-af3f-3ba0a5d6f465 (type: security_group_rules) to 0
2026-07-20 20:25:41.117 8 INFO neutron.db.ovn_revision_numbers_db [None req-8c393d57-7e7f-40ea-bc6b-6906b23daf88 2da59ac1902147c68dd85a4308b492a9 76dbea4f76dc44438bf839f74c121db4 - - default default] Successfully bumped revision number for resource 89addecd-ea36-4e8c-b587-da2081e1414a (type: security_group_rules) to 0
2026-07-20 20:25:41.143 8 INFO neutron.db.ovn_revision_numbers_db [None req-8c393d57-7e7f-40ea-bc6b-6906b23daf88 2da59ac1902147c68dd85a4308b492a9 76dbea4f76dc44438bf839f74c121db4 - - default default] Successfully bumped revision number for resource a78f95b9-629a-42de-aa0b-dfde2440f38a (type: security_group_rules) to 0
2026-07-20 20:25:41.160 8 INFO neutron.db.ovn_revision_numbers_db [None req-8c393d57-7e7f-40ea-bc6b-6906b23daf88 2da59ac1902147c68dd85a4308b492a9 76dbea4f76dc44438bf839f74c121db4 - - default default] Successfully bumped revision number for resource a9769f16-92fc-47c8-9dde-d34f41e1943a (type: security_group_rules) to 0 [pid: 8|app: 0|req: 1086/2152] 10.0.0.53 () {32 vars in 773 bytes} [Mon Jul 20 20:25:40 2026] GET /v2.0/security-groups?tenant_id=0daaf43ab62a4cc7ab4d6fb5fa6a1955&name=default => generated 2925 bytes in 443 msecs (HTTP/1.1 200) 4 headers in 158 bytes (1 switches on core 0) [pid: 7|app: 0|req: 1067/2153] 10.0.0.53 () {32 vars in 739 bytes} [Mon Jul 20 20:25:41 2026] DELETE /v2.0/security-groups/9c8b6c42-f49e-48fc-98b3-290e294f53e6 => generated 0 bytes in 231 msecs (HTTP/1.1 204) 2 headers in 112 bytes (1 switches on core 0)
2026-07-20 20:25:41.409 7 WARNING neutron.db.securitygroups_db [None req-98cdc0e6-1070-496e-8852-4801da38020b 2da59ac1902147c68dd85a4308b492a9 76dbea4f76dc44438bf839f74c121db4 - - default default] project_id key not found in filters, using tenant_id instead. This support has been deprecated and will be removed in a future release. [pid: 8|app: 0|req: 1087/2154] 10.0.0.53 () {32 vars in 739 bytes} [Mon Jul 20 20:25:41 2026] DELETE /v2.0/security-groups/6cd62d14-3ab5-4fd3-aece-0c58ba8cf0dc => generated 0 bytes in 202 msecs (HTTP/1.1 204) 2 headers in 112 bytes (1 switches on core 0)
2026-07-20 20:25:41.556 7 INFO neutron.db.ovn_revision_numbers_db [None req-98cdc0e6-1070-496e-8852-4801da38020b 2da59ac1902147c68dd85a4308b492a9 76dbea4f76dc44438bf839f74c121db4 - - default default] Successfully bumped revision number for resource 79588970-e60a-41a6-b77f-ba4704592e42 (type: security_groups) to 1
2026-07-20 20:25:41.572 7 INFO neutron.db.ovn_revision_numbers_db [None req-98cdc0e6-1070-496e-8852-4801da38020b 2da59ac1902147c68dd85a4308b492a9 76dbea4f76dc44438bf839f74c121db4 - - default default] Successfully bumped revision number for resource 7256e82f-0377-41a6-9a33-4d0d3c467980 (type: security_group_rules) to 0
2026-07-20 20:25:41.589 7 INFO neutron.db.ovn_revision_numbers_db [None req-98cdc0e6-1070-496e-8852-4801da38020b 2da59ac1902147c68dd85a4308b492a9 76dbea4f76dc44438bf839f74c121db4 - - default default] Successfully bumped revision number for resource b6f591bb-6357-4394-a613-87b5e5c6fb16 (type: security_group_rules) to 0
2026-07-20 20:25:41.610 8 WARNING neutron.db.securitygroups_db [None req-cfd836ba-84d1-4aff-b44a-9ff466975d1f 2da59ac1902147c68dd85a4308b492a9 76dbea4f76dc44438bf839f74c121db4 - - default default] project_id key not found in filters, using tenant_id instead. This support has been deprecated and will be removed in a future release.
2026-07-20 20:25:41.612 7 INFO neutron.db.ovn_revision_numbers_db [None req-98cdc0e6-1070-496e-8852-4801da38020b 2da59ac1902147c68dd85a4308b492a9 76dbea4f76dc44438bf839f74c121db4 - - default default] Successfully bumped revision number for resource d180030e-97f9-4556-9df1-219a9a0abc05 (type: security_group_rules) to 0 [pid: 8|app: 0|req: 1088/2155] 10.0.0.53 () {32 vars in 773 bytes} [Mon Jul 20 20:25:41 2026] GET /v2.0/security-groups?tenant_id=b9112501b83f4d15a57db59f806d37da&name=default => generated 2925 bytes in 38 msecs (HTTP/1.1 200) 4 headers in 158 bytes (1 switches on core 0)
2026-07-20 20:25:41.646 7 INFO neutron.db.ovn_revision_numbers_db [None req-98cdc0e6-1070-496e-8852-4801da38020b 2da59ac1902147c68dd85a4308b492a9 76dbea4f76dc44438bf839f74c121db4 - - default default] Successfully bumped revision number for resource f9cf9ace-3b1d-4bc6-8e27-365761494caa (type: security_group_rules) to 0 [pid: 7|app: 0|req: 1068/2156] 10.0.0.53 () {32 vars in 773 bytes} [Mon Jul 20 20:25:41 2026] GET /v2.0/security-groups?tenant_id=3f7f64b0ae454f4cab9c50068ef53c6b&name=default => generated 2925 bytes in 287 msecs (HTTP/1.1 200) 4 headers in 158 bytes (1 switches on core 0) [pid: 8|app: 0|req: 1089/2157] 10.0.0.53 () {32 vars in 739 bytes} [Mon Jul 20 20:25:41 2026] DELETE /v2.0/security-groups/c16bbeb5-4a3b-40d3-8112-1136e0cce80a => generated 0 bytes in 221 msecs (HTTP/1.1 204) 2 headers in 112 bytes (1 switches on core 0) [pid: 7|app: 0|req: 1069/2158] 10.0.0.53 () {32 vars in 739 bytes} [Mon Jul 20 20:25:41 2026] DELETE /v2.0/security-groups/79588970-e60a-41a6-b77f-ba4704592e42 => generated 0 bytes in 248 msecs (HTTP/1.1 204) 2 headers in 112 bytes (1 switches on core 0)
2026-07-20 20:25:42.059 8 WARNING neutron.db.securitygroups_db [None req-6a2d37ee-9462-4620-8bc8-cf1bbd8af1ed 2da59ac1902147c68dd85a4308b492a9 76dbea4f76dc44438bf839f74c121db4 - - default default] project_id key not found in filters, using tenant_id instead. This support has been deprecated and will be removed in a future release.
2026-07-20 20:25:42.192 8 INFO neutron.db.ovn_revision_numbers_db [None req-6a2d37ee-9462-4620-8bc8-cf1bbd8af1ed 2da59ac1902147c68dd85a4308b492a9 76dbea4f76dc44438bf839f74c121db4 - - default default] Successfully bumped revision number for resource fb68e7a6-d7e3-4dac-ad15-8ece021a67c7 (type: security_groups) to 1
2026-07-20 20:25:42.207 8 INFO neutron.db.ovn_revision_numbers_db [None req-6a2d37ee-9462-4620-8bc8-cf1bbd8af1ed 2da59ac1902147c68dd85a4308b492a9 76dbea4f76dc44438bf839f74c121db4 - - default default] Successfully bumped revision number for resource 253906af-3ba9-4154-b3d2-5d5329e7454b (type: security_group_rules) to 0
2026-07-20 20:25:42.224 8 INFO neutron.db.ovn_revision_numbers_db [None req-6a2d37ee-9462-4620-8bc8-cf1bbd8af1ed 2da59ac1902147c68dd85a4308b492a9 76dbea4f76dc44438bf839f74c121db4 - - default default] Successfully bumped revision number for resource 2cfadefc-872b-458c-9b0c-ada542f75460 (type: security_group_rules) to 0
2026-07-20 20:25:42.239 8 INFO neutron.db.ovn_revision_numbers_db [None req-6a2d37ee-9462-4620-8bc8-cf1bbd8af1ed 2da59ac1902147c68dd85a4308b492a9 76dbea4f76dc44438bf839f74c121db4 - - default default] Successfully bumped revision number for resource 6819783b-d226-4496-ae3a-4679c7a8c309 (type: security_group_rules) to 0
2026-07-20 20:25:42.259 8 INFO neutron.db.ovn_revision_numbers_db [None req-6a2d37ee-9462-4620-8bc8-cf1bbd8af1ed 2da59ac1902147c68dd85a4308b492a9 76dbea4f76dc44438bf839f74c121db4 - - default default] Successfully bumped revision number for resource 7449ae8f-1416-462e-a7da-4dbc85ce3c9e (type: security_group_rules) to 0 [pid: 8|app: 0|req: 1090/2159] 10.0.0.53 () {32 vars in 773 bytes} [Mon Jul 20 20:25:42 2026] GET /v2.0/security-groups?tenant_id=9a4891878f0b4dc2ab17716911258234&name=default => generated 2925 bytes in 277 msecs (HTTP/1.1 200) 4 headers in 158 bytes (1 switches on core 0) [pid: 7|app: 0|req: 1070/2160] 10.0.0.53 () {32 vars in 739 bytes} [Mon Jul 20 20:25:42 2026] DELETE /v2.0/security-groups/fb68e7a6-d7e3-4dac-ad15-8ece021a67c7 => generated 0 bytes in 205 msecs (HTTP/1.1 204) 2 headers in 112 bytes (1 switches on core 0)
2026-07-20 20:25:45.758 8 INFO neutron.db.ovn_revision_numbers_db [None req-8278074c-fef3-497b-af92-921863cfa472 c4de6d57fb864320a87f5f480579843b cf49f26b5aaf4ce495af2fcdbe756dfc - - default default] Successfully bumped revision number for resource 37a20f4e-63c7-4d73-9c1d-d11a46befa6c (type: routers) to 1 [pid: 8|app: 0|req: 1091/2161] 10.0.0.53 () {34 vars in 667 bytes} [Mon Jul 20 20:25:45 2026] POST /v2.0/routers => generated 591 bytes in 299 msecs (HTTP/1.1 201) 4 headers in 162 bytes (1 switches on core 0)
2026-07-20 20:25:45.918 7 INFO neutron.db.ovn_revision_numbers_db [None req-f262e8e8-e8f4-4923-8461-4d98398c2259 c4de6d57fb864320a87f5f480579843b cf49f26b5aaf4ce495af2fcdbe756dfc - - default default] Successfully bumped revision number for resource 8501d375-0d08-404f-b810-cce687d60e23 (type: routers) to 1 [pid: 7|app: 0|req: 1071/2162] 10.0.0.53 () {34 vars in 667 bytes} [Mon Jul 20 20:25:45 2026] POST /v2.0/routers => generated 591 bytes in 156 msecs (HTTP/1.1 201) 4 headers in 162 bytes (1 switches on core 0)
2026-07-20 20:25:46.066 8 INFO neutron.db.ovn_revision_numbers_db [None req-78079cb7-6d52-468d-9a99-84d581caf0d7 c4de6d57fb864320a87f5f480579843b cf49f26b5aaf4ce495af2fcdbe756dfc - - default default] Successfully bumped revision number for resource 06013434-764c-4441-a2c0-3013fbd3a522 (type: routers) to 1 [pid: 8|app: 0|req: 1092/2163] 10.0.0.53 () {34 vars in 667 bytes} [Mon Jul 20 20:25:45 2026] POST /v2.0/routers => generated 591 bytes in 143 msecs (HTTP/1.1 201) 4 headers in 162 bytes (1 switches on core 0)
2026-07-20 20:25:46.225 7 INFO neutron.db.ovn_revision_numbers_db [None req-d27441e8-d074-458d-ba8d-98479d3c5c3b c4de6d57fb864320a87f5f480579843b cf49f26b5aaf4ce495af2fcdbe756dfc - - default default] Successfully bumped revision number for resource 8bdffd6e-de88-4f16-a250-7b3694e5b9af (type: routers) to 1 [pid: 7|app: 0|req: 1072/2164] 10.0.0.53 () {34 vars in 667 bytes} [Mon Jul 20 20:25:46 2026] POST /v2.0/routers => generated 591 bytes in 148 msecs (HTTP/1.1 201) 4 headers in 162 bytes (1 switches on core 0)
2026-07-20 20:25:46.422 8 INFO neutron.db.ovn_revision_numbers_db [None req-dbd98c9e-56a3-4065-bee3-9caedd292df7 c4de6d57fb864320a87f5f480579843b cf49f26b5aaf4ce495af2fcdbe756dfc - - default default] Successfully bumped revision number for resource 61a5f2b5-36f7-418f-bf92-c88759682ed9 (type: routers) to 1 [pid: 8|app: 0|req: 1093/2165] 10.0.0.53 () {34 vars in 667 bytes} [Mon Jul 20 20:25:46 2026] POST /v2.0/routers => generated 591 bytes in 196 msecs (HTTP/1.1 201) 4 headers in 162 bytes (1 switches on core 0)
2026-07-20 20:25:46.489 8 WARNING tagging [None req-e680624f-6dc4-48d7-884f-e0052c958242 c4de6d57fb864320a87f5f480579843b cf49f26b5aaf4ce495af2fcdbe756dfc - - default default] project_id key not found in request, using tenant_id instead. This support has been deprecated and will be removed in a future release. [pid: 8|app: 0|req: 1094/2166] 10.0.0.53 () {34 vars in 750 bytes} [Mon Jul 20 20:25:46 2026] PUT /v2.0/routers/37a20f4e-63c7-4d73-9c1d-d11a46befa6c/tags => generated 17 bytes in 78 msecs (HTTP/1.1 200) 4 headers in 156 bytes (1 switches on core 0)
2026-07-20 20:25:46.572 8 WARNING tagging [None req-9abd55e0-39e7-4bb6-b1aa-8123b9b9f788 c4de6d57fb864320a87f5f480579843b cf49f26b5aaf4ce495af2fcdbe756dfc - - default default] project_id key not found in request, using tenant_id instead. This support has been deprecated and will be removed in a future release. [pid: 8|app: 0|req: 1095/2167] 10.0.0.53 () {34 vars in 750 bytes} [Mon Jul 20 20:25:46 2026] PUT /v2.0/routers/8501d375-0d08-404f-b810-cce687d60e23/tags => generated 25 bytes in 85 msecs (HTTP/1.1 200) 4 headers in 156 bytes (1 switches on core 0)
2026-07-20 20:25:46.660 8 WARNING tagging [None req-ef9dcd5a-7454-47a9-8853-f532456117a4 c4de6d57fb864320a87f5f480579843b cf49f26b5aaf4ce495af2fcdbe756dfc - - default default] project_id key not found in request, using tenant_id instead. This support has been deprecated and will be removed in a future release. [pid: 8|app: 0|req: 1096/2168] 10.0.0.53 () {34 vars in 750 bytes} [Mon Jul 20 20:25:46 2026] PUT /v2.0/routers/06013434-764c-4441-a2c0-3013fbd3a522/tags => generated 34 bytes in 89 msecs (HTTP/1.1 200) 4 headers in 156 bytes (1 switches on core 0)
2026-07-20 20:25:46.716 7 INFO neutron.db.ovn_revision_numbers_db [None req-6293ad3b-a687-471a-ab51-5eb3c6b69252 d7abc1436e074e048fabacc95dafe1ce 2b94820e8cd24bc2aa404fe019ac3d9d - - default default] Successfully bumped revision number for resource b25b1378-6d68-4469-8345-80c363affc01 (type: security_groups) to 1
2026-07-20 20:25:46.730 7 INFO neutron.db.ovn_revision_numbers_db [None req-6293ad3b-a687-471a-ab51-5eb3c6b69252 d7abc1436e074e048fabacc95dafe1ce 2b94820e8cd24bc2aa404fe019ac3d9d - - default default] Successfully bumped revision number for resource 68731735-96ff-40fb-adfb-5dfab2b7a928 (type: security_group_rules) to 0
2026-07-20 20:25:46.744 7 INFO neutron.db.ovn_revision_numbers_db [None req-6293ad3b-a687-471a-ab51-5eb3c6b69252 d7abc1436e074e048fabacc95dafe1ce 2b94820e8cd24bc2aa404fe019ac3d9d - - default default] Successfully bumped revision number for resource 93f52c40-1a83-4bd4-a1c3-ed3a91548565 (type: security_group_rules) to 0
2026-07-20 20:25:46.758 8 WARNING tagging [None req-2328b1df-f018-4175-afd0-3e6d20457fa1 c4de6d57fb864320a87f5f480579843b cf49f26b5aaf4ce495af2fcdbe756dfc - - default default] project_id key not found in request, using tenant_id instead. This support has been deprecated and will be removed in a future release.
2026-07-20 20:25:46.759 7 INFO neutron.db.ovn_revision_numbers_db [None req-6293ad3b-a687-471a-ab51-5eb3c6b69252 d7abc1436e074e048fabacc95dafe1ce 2b94820e8cd24bc2aa404fe019ac3d9d - - default default] Successfully bumped revision number for resource df79680e-495a-4ec5-9aea-b15abfe8862a (type: security_group_rules) to 0
2026-07-20 20:25:46.772 7 INFO neutron.db.ovn_revision_numbers_db [None req-6293ad3b-a687-471a-ab51-5eb3c6b69252 d7abc1436e074e048fabacc95dafe1ce 2b94820e8cd24bc2aa404fe019ac3d9d - - default default] Successfully bumped revision number for resource f8d31351-3fba-4392-b059-dabeaf50cdf1 (type: security_group_rules) to 0 [pid: 8|app: 0|req: 1097/2169] 10.0.0.53 () {34 vars in 750 bytes} [Mon Jul 20 20:25:46 2026] PUT /v2.0/routers/8bdffd6e-de88-4f16-a250-7b3694e5b9af/tags => generated 19 bytes in 75 msecs (HTTP/1.1 200) 4 headers in 156 bytes (1 switches on core 0)
2026-07-20 20:25:46.855 7 INFO neutron.db.segments_db [None req-6293ad3b-a687-471a-ab51-5eb3c6b69252 d7abc1436e074e048fabacc95dafe1ce 2b94820e8cd24bc2aa404fe019ac3d9d - - default default] Added segment 2e8e63e1-5317-4295-a4a9-8d39f00da690 of type geneve for network 4d0761a9-b162-4051-a789-20b319aceb5a [pid: 8|app: 0|req: 1098/2170] 10.0.0.53 () {32 vars in 663 bytes} [Mon Jul 20 20:25:46 2026] GET /v2.0/routers?tags=red => generated 1814 bytes in 71 msecs (HTTP/1.1 200) 4 headers in 158 bytes (1 switches on core 0) [pid: 8|app: 0|req: 1099/2171] 10.0.0.53 () {32 vars in 677 bytes} [Mon Jul 20 20:25:46 2026] GET /v2.0/routers?tags=red%2Cblue => generated 1222 bytes in 63 msecs (HTTP/1.1 200) 4 headers in 158 bytes (1 switches on core 0)
2026-07-20 20:25:46.973 7 INFO neutron.db.ovn_revision_numbers_db [None req-6293ad3b-a687-471a-ab51-5eb3c6b69252 d7abc1436e074e048fabacc95dafe1ce 2b94820e8cd24bc2aa404fe019ac3d9d - - default default] Successfully bumped revision number for resource 4d0761a9-b162-4051-a789-20b319aceb5a (type: networks) to 1 [pid: 8|app: 0|req: 1100/2172] 10.0.0.53 () {32 vars in 673 bytes} [Mon Jul 20 20:25:46 2026] GET /v2.0/routers?tags-any=blue => generated 1222 bytes in 63 msecs (HTTP/1.1 200) 4 headers in 158 bytes (1 switches on core 0) [pid: 8|app: 0|req: 1101/2173] 10.0.0.53 () {32 vars in 685 bytes} [Mon Jul 20 20:25:47 2026] GET /v2.0/routers?tags-any=red%2Cblue => generated 1814 bytes in 44 msecs (HTTP/1.1 200) 4 headers in 158 bytes (1 switches on core 0) [pid: 8|app: 0|req: 1102/2174] 10.0.0.53 () {32 vars in 671 bytes} [Mon Jul 20 20:25:47 2026] GET /v2.0/routers?not-tags=red => generated 1194 bytes in 61 msecs (HTTP/1.1 200) 4 headers in 158 bytes (1 switches on core 0)
2026-07-20 20:25:47.152 7 WARNING neutron.scheduler.dhcp_agent_scheduler [None req-6293ad3b-a687-471a-ab51-5eb3c6b69252 d7abc1436e074e048fabacc95dafe1ce 2b94820e8cd24bc2aa404fe019ac3d9d - - default default] No more DHCP agents
