2026-07-15 06:10:31.303 9 INFO neutron.db.ovn_revision_numbers_db [None req-f57d62d0-94e4-4fc6-b060-2691f0460707 4c4855f1a45f49b6b821cf67e976c39f 6ef1db2977f84414b89bed71d659cc22 - - default default] Successfully bumped revision number for resource 472551f7-35c6-4525-b996-040cf7668b7d (type: ports) to 1
2026-07-15 06:10:31.353 10 INFO neutron.db.ovn_revision_numbers_db [None req-fcf03855-6520-41d6-bf56-7241425c2d3f 8b0fd6f78eef432c88af606686f47870 1e41eff79792461d972915a0107846d2 - - - -] Successfully bumped revision number for resource 7b4abcce-88ed-4574-909c-ca371590fb50 (type: security_groups) to 1
2026-07-15 06:10:31.402 10 INFO neutron.db.segments_db [None req-fcf03855-6520-41d6-bf56-7241425c2d3f 8b0fd6f78eef432c88af606686f47870 1e41eff79792461d972915a0107846d2 - - - -] Added segment a1c16f5e-96c3-4812-beb5-68410a157c66 of type geneve for network 2a77357b-55d7-487b-9c84-fe6178178712
2026-07-15 06:10:31.543 10 INFO neutron.db.ovn_revision_numbers_db [None req-fcf03855-6520-41d6-bf56-7241425c2d3f 8b0fd6f78eef432c88af606686f47870 1e41eff79792461d972915a0107846d2 - - - -] Successfully bumped revision number for resource 2a77357b-55d7-487b-9c84-fe6178178712 (type: networks) to 1
2026-07-15 06:10:31.587 10 WARNING neutron.plugins.ml2.drivers.ovn.mech_driver.ovsdb.ovn_client [None req-bceb5e37-e2e9-4c25-b4a6-b028aa7fbee5 - - - - - -] No port found with ID 9f6bee2f-1b33-4772-8861-67d30565715b: RuntimeError: No port found with ID 9f6bee2f-1b33-4772-8861-67d30565715b
2026-07-15 06:10:31.663 10 INFO neutron.plugins.ml2.drivers.ovn.mech_driver.mech_driver [None req-bceb5e37-e2e9-4c25-b4a6-b028aa7fbee5 - - - - - -] OVN reports status up for port: 472551f7-35c6-4525-b996-040cf7668b7d
2026-07-15 06:10:31.665 9 INFO neutron.db.ovn_revision_numbers_db [None req-f57d62d0-94e4-4fc6-b060-2691f0460707 4c4855f1a45f49b6b821cf67e976c39f 6ef1db2977f84414b89bed71d659cc22 - - default default] Successfully bumped revision number for resource 472551f7-35c6-4525-b996-040cf7668b7d (type: router_ports) to 2
2026-07-15 06:10:31.685 10 INFO neutron.plugins.ml2.plugin [None req-bceb5e37-e2e9-4c25-b4a6-b028aa7fbee5 - - - - - -] Attempt 1 to provision port 472551f7-35c6-4525-b996-040cf7668b7d
2026-07-15 06:10:31.746 10 WARNING neutron.scheduler.dhcp_agent_scheduler [None req-fcf03855-6520-41d6-bf56-7241425c2d3f 8b0fd6f78eef432c88af606686f47870 1e41eff79792461d972915a0107846d2 - - - -] No more DHCP agents
2026-07-15 06:10:31.747 10 WARNING neutron.api.rpc.agentnotifiers.dhcp_rpc_agent_api [None req-fcf03855-6520-41d6-bf56-7241425c2d3f 8b0fd6f78eef432c88af606686f47870 1e41eff79792461d972915a0107846d2 - - - -] Unable to schedule network 2a77357b-55d7-487b-9c84-fe6178178712: no agents available; will retry on subsequent port and subnet creation events.
2026-07-15 06:10:31.806 9 INFO neutron.db.ovn_revision_numbers_db [None req-f57d62d0-94e4-4fc6-b060-2691f0460707 4c4855f1a45f49b6b821cf67e976c39f 6ef1db2977f84414b89bed71d659cc22 - - default default] Successfully bumped revision number for resource 472551f7-35c6-4525-b996-040cf7668b7d (type: ports) to 2
2026-07-15 06:10:31.826 10 INFO neutron.db.ovn_revision_numbers_db [None req-fcf03855-6520-41d6-bf56-7241425c2d3f 8b0fd6f78eef432c88af606686f47870 1e41eff79792461d972915a0107846d2 - - - -] Successfully bumped revision number for resource ae8ccd5a-f0c6-4504-983e-295f1e4c35a7 (type: ports) to 1
2026-07-15 06:10:31.871 10 INFO neutron.wsgi [None req-fcf03855-6520-41d6-bf56-7241425c2d3f 8b0fd6f78eef432c88af606686f47870 1e41eff79792461d972915a0107846d2 - - - -] 10.0.0.166 "POST /v2.0/networks HTTP/1.1" status: 201 len: 831 time: 1.0765491
2026-07-15 06:10:31.895 9 WARNING neutron.scheduler.dhcp_agent_scheduler [None req-f57d62d0-94e4-4fc6-b060-2691f0460707 4c4855f1a45f49b6b821cf67e976c39f 6ef1db2977f84414b89bed71d659cc22 - - default default] No more DHCP agents
2026-07-15 06:10:31.897 9 WARNING neutron.api.rpc.agentnotifiers.dhcp_rpc_agent_api [None req-f57d62d0-94e4-4fc6-b060-2691f0460707 4c4855f1a45f49b6b821cf67e976c39f 6ef1db2977f84414b89bed71d659cc22 - - default default] Unable to schedule network 740b15e2-2b96-4c50-8caf-37702cb254fe: no agents available; will retry on subsequent port and subnet creation events.
2026-07-15 06:10:32.000 9 INFO neutron.db.segments_db [None req-c49a71aa-84bc-4e88-9c79-858c480a7313 8b0fd6f78eef432c88af606686f47870 1e41eff79792461d972915a0107846d2 - - - -] Added segment 2e5dead5-101c-498f-b7b7-a359078b8698 of type geneve for network 68da69f6-2d2f-4dfc-bd07-7aa3367f209a
2026-07-15 06:10:32.013 10 INFO neutron.db.ovn_revision_numbers_db [None req-bceb5e37-e2e9-4c25-b4a6-b028aa7fbee5 - - - - - -] Successfully bumped revision number for resource 472551f7-35c6-4525-b996-040cf7668b7d (type: ports) to 3
2026-07-15 06:10:32.134 10 INFO neutron.wsgi [req-d674a16f-aaca-477c-b397-0a16b11fdf95 req-a23fa7e1-66b6-4c50-9980-7d4d98fac7bf 73b92846d102414aa624111ba337b43f 18acbef1ed324e389be1aa5bb90f8f1b - - default default] 10.0.0.123 "GET /v2.0/ports?device_id=54f6188d-d265-4210-a314-25a3a2d27d54 HTTP/1.1" status: 200 len: 1174 time: 0.1423345
2026-07-15 06:10:32.163 9 INFO neutron.db.ovn_revision_numbers_db [None req-f57d62d0-94e4-4fc6-b060-2691f0460707 4c4855f1a45f49b6b821cf67e976c39f 6ef1db2977f84414b89bed71d659cc22 - - - -] Successfully bumped revision number for resource 472551f7-35c6-4525-b996-040cf7668b7d (type: router_ports) to 3
2026-07-15 06:10:32.165 9 INFO neutron.wsgi [None req-f57d62d0-94e4-4fc6-b060-2691f0460707 4c4855f1a45f49b6b821cf67e976c39f 6ef1db2977f84414b89bed71d659cc22 - - - -] 10.0.0.166 "PUT /v2.0/routers/e73ee50b-47fb-4261-addb-ea334e2af1bb/add_router_interface HTTP/1.1" status: 200 len: 503 time: 1.4668703
2026-07-15 06:10:32.166 9 INFO neutron.db.ovn_revision_numbers_db [None req-c49a71aa-84bc-4e88-9c79-858c480a7313 8b0fd6f78eef432c88af606686f47870 1e41eff79792461d972915a0107846d2 - - - -] Successfully bumped revision number for resource 68da69f6-2d2f-4dfc-bd07-7aa3367f209a (type: networks) to 1
2026-07-15 06:10:32.187 10 INFO neutron.wsgi [req-d674a16f-aaca-477c-b397-0a16b11fdf95 req-8a01666f-66a3-455c-b3e4-a6c9a763b26d 73b92846d102414aa624111ba337b43f 18acbef1ed324e389be1aa5bb90f8f1b - - default default] 10.0.0.123 "GET /v2.0/security-groups?id=568ebaca-deb3-45a1-b143-7bd165684ac9&fields=id&fields=name HTTP/1.1" status: 200 len: 313 time: 0.0479553
2026-07-15 06:10:32.212 9 INFO neutron.wsgi [None req-0c9f0190-21af-4f38-8c7c-c86434da2a75 4c4855f1a45f49b6b821cf67e976c39f 6ef1db2977f84414b89bed71d659cc22 - - default default] 10.0.0.166 "GET /v2.0/ports/472551f7-35c6-4525-b996-040cf7668b7d HTTP/1.1" status: 200 len: 1137 time: 0.0427444
2026-07-15 06:10:32.291 9 INFO neutron.wsgi [None req-e54bdb43-686d-49f7-a604-5bc1a19b4677 4c4855f1a45f49b6b821cf67e976c39f 6ef1db2977f84414b89bed71d659cc22 - - default default] 10.0.0.166 "GET /v2.0/ports/472551f7-35c6-4525-b996-040cf7668b7d HTTP/1.1" status: 200 len: 1137 time: 0.0732236
2026-07-15 06:10:32.437 10 INFO neutron.wsgi [-] 10.0.0.223 "GET / HTTP/1.1" status: 200 len: 247 time: 0.0018542
2026-07-15 06:10:32.439 10 INFO neutron.wsgi [-] 10.0.0.223 "GET / HTTP/1.1" status: 200 len: 247 time: 0.0014420
2026-07-15 06:10:32.705 9 INFO neutron.wsgi [req-305c99d3-b5b9-463d-9cf3-c7f7c43ff39d req-798da3e9-82c4-4300-806d-ce10d1f7d167 73b92846d102414aa624111ba337b43f 18acbef1ed324e389be1aa5bb90f8f1b - - default default] 10.0.0.123 "GET /v2.0/ports?device_id=54f6188d-d265-4210-a314-25a3a2d27d54 HTTP/1.1" status: 200 len: 1174 time: 0.4539511
2026-07-15 06:10:32.779 9 INFO neutron.wsgi [req-305c99d3-b5b9-463d-9cf3-c7f7c43ff39d req-97f75b12-0321-4ca8-bd9f-3d7df10001d7 73b92846d102414aa624111ba337b43f 18acbef1ed324e389be1aa5bb90f8f1b - - default default] 10.0.0.123 "GET /v2.0/security-groups?id=568ebaca-deb3-45a1-b143-7bd165684ac9&fields=id&fields=name HTTP/1.1" status: 200 len: 313 time: 0.0651677
2026-07-15 06:10:32.794 9 WARNING neutron.scheduler.dhcp_agent_scheduler [None req-c49a71aa-84bc-4e88-9c79-858c480a7313 8b0fd6f78eef432c88af606686f47870 1e41eff79792461d972915a0107846d2 - - - -] No more DHCP agents
2026-07-15 06:10:32.799 9 WARNING neutron.api.rpc.agentnotifiers.dhcp_rpc_agent_api [None req-c49a71aa-84bc-4e88-9c79-858c480a7313 8b0fd6f78eef432c88af606686f47870 1e41eff79792461d972915a0107846d2 - - - -] Unable to schedule network 68da69f6-2d2f-4dfc-bd07-7aa3367f209a: no agents available; will retry on subsequent port and subnet creation events.
2026-07-15 06:10:32.890 9 INFO neutron.db.ovn_revision_numbers_db [None req-c49a71aa-84bc-4e88-9c79-858c480a7313 8b0fd6f78eef432c88af606686f47870 1e41eff79792461d972915a0107846d2 - - - -] Successfully bumped revision number for resource 12bff78c-a576-4965-9ad4-3f4f22ce0d10 (type: ports) to 1
2026-07-15 06:10:32.923 9 INFO neutron.wsgi [None req-c49a71aa-84bc-4e88-9c79-858c480a7313 8b0fd6f78eef432c88af606686f47870 1e41eff79792461d972915a0107846d2 - - - -] 10.0.0.166 "POST /v2.0/networks HTTP/1.1" status: 201 len: 831 time: 1.0446937
2026-07-15 06:10:33.037 9 INFO neutron.db.segments_db [None req-2b64e6a0-c1d9-44b1-8865-87fcbaf58883 8b0fd6f78eef432c88af606686f47870 1e41eff79792461d972915a0107846d2 - - - -] Added segment 999d4f25-c8f4-45a9-919a-4edc9ef44919 of type geneve for network 0bdbbc0a-e896-42ce-9e3c-e499da1488e2
2026-07-15 06:10:33.149 9 INFO neutron.wsgi [req-baf9a8e9-f8f4-4cea-9679-efba0fd2f9c7 req-4627914b-c988-40a0-9fcb-495f78326d57 73b92846d102414aa624111ba337b43f 18acbef1ed324e389be1aa5bb90f8f1b - - default default] 10.0.0.123 "GET /v2.0/ports?device_id=54f6188d-d265-4210-a314-25a3a2d27d54 HTTP/1.1" status: 200 len: 1174 time: 0.0696032
2026-07-15 06:10:33.181 9 INFO neutron.wsgi [req-c110b1c4-5449-4566-8436-5c0a66047f98 req-acf75eec-b630-435e-8bbd-553414dc5a8c ecf185079cda43319eb868f783ee53ce cbab0bc396ce4998b990be672fbe39f9 - - d75b538e44df44d6a7a6107f8abc3b91 d75b538e44df44d6a7a6107f8abc3b91] 199.19.213.21 "GET /v2.0/ports?tenant_id=18acbef1ed324e389be1aa5bb90f8f1b&device_id=54f6188d-d265-4210-a314-25a3a2d27d54 HTTP/1.1" status: 200 len: 1365 time: 0.0720112
2026-07-15 06:10:33.257 9 INFO neutron.wsgi [req-baf9a8e9-f8f4-4cea-9679-efba0fd2f9c7 req-bbfc2d70-9097-47d6-a54a-a047a4d918fe 73b92846d102414aa624111ba337b43f 18acbef1ed324e389be1aa5bb90f8f1b - - default default] 10.0.0.123 "GET /v2.0/security-groups?id=568ebaca-deb3-45a1-b143-7bd165684ac9&fields=id&fields=name HTTP/1.1" status: 200 len: 313 time: 0.0860844
2026-07-15 06:10:33.304 9 INFO neutron.db.ovn_revision_numbers_db [None req-2b64e6a0-c1d9-44b1-8865-87fcbaf58883 8b0fd6f78eef432c88af606686f47870 1e41eff79792461d972915a0107846d2 - - - -] Successfully bumped revision number for resource 0bdbbc0a-e896-42ce-9e3c-e499da1488e2 (type: networks) to 1
2026-07-15 06:10:33.308 9 INFO neutron.wsgi [req-c110b1c4-5449-4566-8436-5c0a66047f98 req-600986d0-bcd8-4280-8da9-71720f1ebb51 ecf185079cda43319eb868f783ee53ce cbab0bc396ce4998b990be672fbe39f9 - - d75b538e44df44d6a7a6107f8abc3b91 d75b538e44df44d6a7a6107f8abc3b91] 199.19.213.21 "GET /v2.0/networks?id=a16ac738-5a72-43a9-b022-ba02c83ad37e HTTP/1.1" status: 200 len: 973 time: 0.1160104
2026-07-15 06:10:33.372 9 INFO neutron.wsgi [req-c110b1c4-5449-4566-8436-5c0a66047f98 req-623dea6b-1dff-455a-b96e-694d896ac6da ecf185079cda43319eb868f783ee53ce cbab0bc396ce4998b990be672fbe39f9 - - d75b538e44df44d6a7a6107f8abc3b91 d75b538e44df44d6a7a6107f8abc3b91] 199.19.213.21 "GET /v2.0/floatingips?fixed_ip_address=10.100.0.14&port_id=a7b9fad2-c00f-4c7d-bbad-7eb057f5bef1 HTTP/1.1" status: 200 len: 1060 time: 0.0531332
2026-07-15 06:10:33.435 9 INFO neutron.wsgi [req-c110b1c4-5449-4566-8436-5c0a66047f98 req-c6d9eb01-0534-4c08-b5e9-d6c0f27bffcc ecf185079cda43319eb868f783ee53ce cbab0bc396ce4998b990be672fbe39f9 - - d75b538e44df44d6a7a6107f8abc3b91 d75b538e44df44d6a7a6107f8abc3b91] 199.19.213.21 "GET /v2.0/subnets?id=8056c85c-452f-4ee2-b8d7-2268baa70a0f HTTP/1.1" status: 200 len: 868 time: 0.0515208
2026-07-15 06:10:33.497 9 INFO neutron.wsgi [req-c110b1c4-5449-4566-8436-5c0a66047f98 req-ad60a920-ff83-49f8-a03c-a1c83271d5ea ecf185079cda43319eb868f783ee53ce cbab0bc396ce4998b990be672fbe39f9 - - d75b538e44df44d6a7a6107f8abc3b91 d75b538e44df44d6a7a6107f8abc3b91] 199.19.213.21 "GET /v2.0/ports?network_id=a16ac738-5a72-43a9-b022-ba02c83ad37e&device_owner=network%3Adhcp HTTP/1.1" status: 200 len: 210 time: 0.0489740
2026-07-15 06:10:33.620 9 INFO neutron.wsgi [req-c110b1c4-5449-4566-8436-5c0a66047f98 req-7386ce91-ffd7-4e93-a416-b3a7bc0a4d2d ecf185079cda43319eb868f783ee53ce cbab0bc396ce4998b990be672fbe39f9 - - d75b538e44df44d6a7a6107f8abc3b91 d75b538e44df44d6a7a6107f8abc3b91] 199.19.213.21 "GET /v2.0/networks/a16ac738-5a72-43a9-b022-ba02c83ad37e?fields=segments HTTP/1.1" status: 200 len: 212 time: 0.1101208
2026-07-15 06:10:33.625 9 WARNING neutron.scheduler.dhcp_agent_scheduler [None req-2b64e6a0-c1d9-44b1-8865-87fcbaf58883 8b0fd6f78eef432c88af606686f47870 1e41eff79792461d972915a0107846d2 - - - -] No more DHCP agents
2026-07-15 06:10:33.627 9 WARNING neutron.api.rpc.agentnotifiers.dhcp_rpc_agent_api [None req-2b64e6a0-c1d9-44b1-8865-87fcbaf58883 8b0fd6f78eef432c88af606686f47870 1e41eff79792461d972915a0107846d2 - - - -] Unable to schedule network 0bdbbc0a-e896-42ce-9e3c-e499da1488e2: no agents available; will retry on subsequent port and subnet creation events.
2026-07-15 06:10:33.698 9 INFO neutron.wsgi [None req-b7fabe58-30c4-4382-80c4-b2eae4b81eb1 4c4855f1a45f49b6b821cf67e976c39f 6ef1db2977f84414b89bed71d659cc22 - - - -] 10.0.0.166 "PUT /v2.0/routers/e73ee50b-47fb-4261-addb-ea334e2af1bb/remove_router_interface HTTP/1.1" status: 200 len: 503 time: 1.3905537
2026-07-15 06:10:33.730 10 INFO neutron.wsgi [None req-3b496dfb-2c1e-4063-95f1-bbd12cb31f57 4c4855f1a45f49b6b821cf67e976c39f 6ef1db2977f84414b89bed71d659cc22 - - default default] 10.0.0.166 "GET /v2.0/ports?device_id=e73ee50b-47fb-4261-addb-ea334e2af1bb HTTP/1.1" status: 200 len: 205 time: 0.0259683
2026-07-15 06:10:33.750 9 INFO neutron.wsgi [req-c110b1c4-5449-4566-8436-5c0a66047f98 req-009a56f9-9d93-44e6-b344-0198eb40f76a ecf185079cda43319eb868f783ee53ce cbab0bc396ce4998b990be672fbe39f9 - - d75b538e44df44d6a7a6107f8abc3b91 d75b538e44df44d6a7a6107f8abc3b91] 199.19.213.21 "GET /v2.0/networks/a16ac738-5a72-43a9-b022-ba02c83ad37e?fields=provider%3Aphysical_network&fields=provider%3Anetwork_type HTTP/1.1" status: 200 len: 277 time: 0.1212718
2026-07-15 06:10:33.751 9 INFO neutron.db.ovn_revision_numbers_db [None req-2b64e6a0-c1d9-44b1-8865-87fcbaf58883 8b0fd6f78eef432c88af606686f47870 1e41eff79792461d972915a0107846d2 - - - -] Successfully bumped revision number for resource a003c4bf-4c06-476f-8c4f-832f20e9b809 (type: ports) to 1
2026-07-15 06:10:33.768 9 INFO neutron.wsgi [None req-2b64e6a0-c1d9-44b1-8865-87fcbaf58883 8b0fd6f78eef432c88af606686f47870 1e41eff79792461d972915a0107846d2 - - - -] 10.0.0.166 "POST /v2.0/networks HTTP/1.1" status: 201 len: 831 time: 0.8421681 /var/lib/openstack/lib/python3.10/site-packages/pycadf/identifier.py:71: UserWarning: Invalid uuid: neutron. To ensure interoperability, identifiers should be a valid uuid. warnings.warn(('Invalid uuid: %s. To ensure interoperability, '
2026-07-15 06:10:33.858 9 INFO neutron.db.segments_db [None req-ab85fce9-db13-4d7c-92af-052e6247c974 8b0fd6f78eef432c88af606686f47870 1e41eff79792461d972915a0107846d2 - - - -] Added segment 1a85bfad-19c8-4986-af21-5d7edd3cc912 of type geneve for network e03806fa-8619-4b4d-b08f-d36f218fabfd
2026-07-15 06:10:33.954 9 INFO neutron.plugins.ml2.drivers.ovn.mech_driver.mech_driver [None req-9636f075-5c4a-4bff-ae5a-d3208eaaedf0 - - - - - -] OVN reports status down for port: a7b9fad2-c00f-4c7d-bbad-7eb057f5bef1
2026-07-15 06:10:34.011 10 INFO neutron.wsgi [None req-f41b0b4a-d5e5-43a3-a1b0-8ffa3c19d729 4c4855f1a45f49b6b821cf67e976c39f 6ef1db2977f84414b89bed71d659cc22 - - - -] 10.0.0.166 "DELETE /v2.0/routers/e73ee50b-47fb-4261-addb-ea334e2af1bb HTTP/1.1" status: 204 len: 168 time: 0.2736850
2026-07-15 06:10:34.039 9 INFO neutron.db.ovn_revision_numbers_db [None req-ab85fce9-db13-4d7c-92af-052e6247c974 8b0fd6f78eef432c88af606686f47870 1e41eff79792461d972915a0107846d2 - - - -] Successfully bumped revision number for resource e03806fa-8619-4b4d-b08f-d36f218fabfd (type: networks) to 1
2026-07-15 06:10:34.117 9 INFO neutron.notifiers.nova [-] Nova event matching ['req-cb715ec2-fdf4-4f85-9595-c17b07febf2e'] response: {'server_uuid': '54f6188d-d265-4210-a314-25a3a2d27d54', 'name': 'network-vif-unplugged', 'status': 'completed', 'tag': 'a7b9fad2-c00f-4c7d-bbad-7eb057f5bef1', 'code': 200}
2026-07-15 06:10:34.269 10 INFO neutron.wsgi [None req-d331eabd-d48d-4e99-abf2-e0493c261313 4c4855f1a45f49b6b821cf67e976c39f 6ef1db2977f84414b89bed71d659cc22 - - - -] 10.0.0.166 "DELETE /v2.0/subnets/0e4ffc58-7f89-4ff0-9271-4837bb0bb7c4 HTTP/1.1" status: 204 len: 168 time: 0.2509632
2026-07-15 06:10:34.338 9 WARNING neutron.scheduler.dhcp_agent_scheduler [None req-ab85fce9-db13-4d7c-92af-052e6247c974 8b0fd6f78eef432c88af606686f47870 1e41eff79792461d972915a0107846d2 - - - -] No more DHCP agents
2026-07-15 06:10:34.343 9 WARNING neutron.api.rpc.agentnotifiers.dhcp_rpc_agent_api [None req-ab85fce9-db13-4d7c-92af-052e6247c974 8b0fd6f78eef432c88af606686f47870 1e41eff79792461d972915a0107846d2 - - - -] Unable to schedule network e03806fa-8619-4b4d-b08f-d36f218fabfd: no agents available; will retry on subsequent port and subnet creation events.
2026-07-15 06:10:34.362 9 INFO neutron.db.ovn_revision_numbers_db [None req-9636f075-5c4a-4bff-ae5a-d3208eaaedf0 - - - - - -] Successfully bumped revision number for resource a7b9fad2-c00f-4c7d-bbad-7eb057f5bef1 (type: ports) to 5
2026-07-15 06:10:34.385 10 INFO neutron.wsgi [req-6b7d3322-df82-4d9b-ad9b-9b7630120ffd req-5f9fd4f2-6a27-4818-b8de-ed24fff42533 73b92846d102414aa624111ba337b43f 18acbef1ed324e389be1aa5bb90f8f1b - - default default] 10.0.0.123 "GET /v2.0/ports?device_id=54f6188d-d265-4210-a314-25a3a2d27d54 HTTP/1.1" status: 200 len: 1172 time: 0.0422461
2026-07-15 06:10:34.422 9 INFO neutron.db.ovn_revision_numbers_db [None req-ab85fce9-db13-4d7c-92af-052e6247c974 8b0fd6f78eef432c88af606686f47870 1e41eff79792461d972915a0107846d2 - - - -] Successfully bumped revision number for resource f7ac3696-47c6-46b3-a2d2-96b8dbb5aa97 (type: ports) to 1
2026-07-15 06:10:34.452 10 INFO neutron.wsgi [req-6b7d3322-df82-4d9b-ad9b-9b7630120ffd req-3412f971-a5fd-40eb-8810-7e061677d7d5 73b92846d102414aa624111ba337b43f 18acbef1ed324e389be1aa5bb90f8f1b - - default default] 10.0.0.123 "GET /v2.0/security-groups?id=568ebaca-deb3-45a1-b143-7bd165684ac9&fields=id&fields=name HTTP/1.1" status: 200 len: 313 time: 0.0534792
2026-07-15 06:10:34.455 9 INFO neutron.wsgi [None req-ab85fce9-db13-4d7c-92af-052e6247c974 8b0fd6f78eef432c88af606686f47870 1e41eff79792461d972915a0107846d2 - - - -] 10.0.0.166 "POST /v2.0/networks HTTP/1.1" status: 201 len: 831 time: 0.6814244 /var/lib/openstack/lib/python3.10/site-packages/pycadf/identifier.py:71: UserWarning: Invalid uuid: neutron. To ensure interoperability, identifiers should be a valid uuid. warnings.warn(('Invalid uuid: %s. To ensure interoperability, '
2026-07-15 06:10:34.553 9 INFO neutron.plugins.ml2.drivers.ovn.mech_driver.mech_driver [None req-9636f075-5c4a-4bff-ae5a-d3208eaaedf0 - - - - - -] OVN reports status up for port: a7b9fad2-c00f-4c7d-bbad-7eb057f5bef1
2026-07-15 06:10:34.585 9 INFO neutron.db.segments_db [None req-582a916d-4477-44e9-8da3-4a49b5976dbc 8b0fd6f78eef432c88af606686f47870 1e41eff79792461d972915a0107846d2 - - - -] Added segment 9f5d4efb-7b77-4b13-846f-fde92afbe82f of type geneve for network b23c3766-7a65-48a2-9371-411baa52abc7
2026-07-15 06:10:34.586 9 INFO neutron.plugins.ml2.plugin [None req-9636f075-5c4a-4bff-ae5a-d3208eaaedf0 - - - - - -] Attempt 1 to provision port a7b9fad2-c00f-4c7d-bbad-7eb057f5bef1
2026-07-15 06:10:34.794 9 INFO neutron.db.ovn_revision_numbers_db [None req-582a916d-4477-44e9-8da3-4a49b5976dbc 8b0fd6f78eef432c88af606686f47870 1e41eff79792461d972915a0107846d2 - - - -] Successfully bumped revision number for resource b23c3766-7a65-48a2-9371-411baa52abc7 (type: networks) to 1
2026-07-15 06:10:34.956 9 INFO neutron.services.segments.plugin [-] Segment a5afacd7-d111-425e-9881-613560db0004 resource provider aggregate not found
2026-07-15 06:10:34.960 9 INFO neutron.services.segments.plugin [-] Segment a5afacd7-d111-425e-9881-613560db0004 resource provider aggregate not found
2026-07-15 06:10:35.250 9 INFO neutron.services.segments.plugin [-] Segment a5afacd7-d111-425e-9881-613560db0004 resource provider not found; error: Placement Client Error (4xx): {"errors": [{"status": 404, "title": "Not Found", "detail": "The resource could not be found.\n\n No resource provider with uuid a5afacd7-d111-425e-9881-613560db0004 found for delete ", "request_id": "req-1ebc5730-c885-45e6-addd-866625b73457"}]}
2026-07-15 06:10:35.254 9 INFO neutron.services.segments.plugin [-] Segment a5afacd7-d111-425e-9881-613560db0004 resource provider not found; error: Placement Client Error (4xx): {"errors": [{"status": 404, "title": "Not Found", "detail": "The resource could not be found.\n\n No resource provider with uuid a5afacd7-d111-425e-9881-613560db0004 found for delete ", "request_id": "req-584d7aa6-7602-4396-bd10-88ffb4c0ceac"}]}
2026-07-15 06:10:35.341 9 INFO neutron.wsgi [None req-df7e1f1b-55ad-4e35-bf65-9c3f28409fb2 4c4855f1a45f49b6b821cf67e976c39f 6ef1db2977f84414b89bed71d659cc22 - - - -] 10.0.0.166 "DELETE /v2.0/networks/740b15e2-2b96-4c50-8caf-37702cb254fe HTTP/1.1" status: 204 len: 168 time: 1.0615125
2026-07-15 06:10:35.440 9 INFO neutron.wsgi [req-f9519a4c-658d-4309-a7f8-1693dc2d9558 req-7953b0d5-d8e5-4bc4-a63c-bab7398132e4 bd91ff63cc394f448ba6454035a4cde0 33b1d09920644c478d2b0797132e02e4 - - default default] 10.0.0.123 "GET /v2.0/ports?device_id=b3bde64e-a243-44f9-8522-c72cc0a09287 HTTP/1.1" status: 200 len: 1210 time: 0.2030225
2026-07-15 06:10:35.442 9 WARNING neutron.scheduler.dhcp_agent_scheduler [None req-582a916d-4477-44e9-8da3-4a49b5976dbc 8b0fd6f78eef432c88af606686f47870 1e41eff79792461d972915a0107846d2 - - - -] No more DHCP agents
2026-07-15 06:10:35.442 9 INFO neutron.db.ovn_revision_numbers_db [None req-9636f075-5c4a-4bff-ae5a-d3208eaaedf0 - - - - - -] Successfully bumped revision number for resource a7b9fad2-c00f-4c7d-bbad-7eb057f5bef1 (type: ports) to 6
2026-07-15 06:10:35.448 9 WARNING neutron.api.rpc.agentnotifiers.dhcp_rpc_agent_api [None req-582a916d-4477-44e9-8da3-4a49b5976dbc 8b0fd6f78eef432c88af606686f47870 1e41eff79792461d972915a0107846d2 - - - -] Unable to schedule network b23c3766-7a65-48a2-9371-411baa52abc7: no agents available; will retry on subsequent port and subnet creation events.
2026-07-15 06:10:35.544 9 INFO neutron.wsgi [req-f9519a4c-658d-4309-a7f8-1693dc2d9558 req-82cbb0a6-e167-4ec1-9616-794d2acf1921 bd91ff63cc394f448ba6454035a4cde0 33b1d09920644c478d2b0797132e02e4 - - default default] 10.0.0.123 "GET /v2.0/security-groups?id=ad186863-dc30-4ec9-93f3-b88ee0b2b0bb&id=756a3766-5517-4572-a0c3-3bc18daeca99&fields=id&fields=name HTTP/1.1" status: 200 len: 405 time: 0.0961761
2026-07-15 06:10:35.567 9 INFO neutron.db.ovn_revision_numbers_db [None req-582a916d-4477-44e9-8da3-4a49b5976dbc 8b0fd6f78eef432c88af606686f47870 1e41eff79792461d972915a0107846d2 - - - -] Successfully bumped revision number for resource 204db121-b4e0-4e85-8deb-dd41e66d93bf (type: ports) to 1
2026-07-15 06:10:35.589 9 INFO neutron.wsgi [None req-582a916d-4477-44e9-8da3-4a49b5976dbc 8b0fd6f78eef432c88af606686f47870 1e41eff79792461d972915a0107846d2 - - - -] 10.0.0.166 "POST /v2.0/networks HTTP/1.1" status: 201 len: 831 time: 1.1303458
2026-07-15 06:10:35.592 10 INFO neutron.wsgi [req-536e7be4-502e-4d69-929d-a4597eeb5e53 req-d11708ab-9c99-49ee-87e4-8f371f621716 73b92846d102414aa624111ba337b43f 18acbef1ed324e389be1aa5bb90f8f1b - - default default] 10.0.0.123 "GET /v2.0/ports?device_id=54f6188d-d265-4210-a314-25a3a2d27d54 HTTP/1.1" status: 200 len: 1174 time: 0.0432086 /var/lib/openstack/lib/python3.10/site-packages/pycadf/identifier.py:71: UserWarning: Invalid uuid: neutron. To ensure interoperability, identifiers should be a valid uuid. warnings.warn(('Invalid uuid: %s. To ensure interoperability, '
2026-07-15 06:10:35.651 9 INFO neutron.wsgi [None req-e94b3ab9-4153-4665-aeba-d4d3ffce7696 8b0fd6f78eef432c88af606686f47870 1e41eff79792461d972915a0107846d2 - - - -] 10.0.0.166 "PUT /v2.0/networks/2a77357b-55d7-487b-9c84-fe6178178712/tags HTTP/1.1" status: 200 len: 210 time: 0.0554798
2026-07-15 06:10:35.659 10 INFO neutron.wsgi [req-536e7be4-502e-4d69-929d-a4597eeb5e53 req-5ba49fac-870d-4fe5-8476-bfa1950c7e74 73b92846d102414aa624111ba337b43f 18acbef1ed324e389be1aa5bb90f8f1b - - default default] 10.0.0.123 "GET /v2.0/security-groups?id=568ebaca-deb3-45a1-b143-7bd165684ac9&fields=id&fields=name HTTP/1.1" status: 200 len: 313 time: 0.0524600
2026-07-15 06:10:35.716 9 INFO neutron.wsgi [None req-aef38324-e7a5-4e3f-aa08-b9a0f32e3189 8b0fd6f78eef432c88af606686f47870 1e41eff79792461d972915a0107846d2 - - - -] 10.0.0.166 "PUT /v2.0/networks/68da69f6-2d2f-4dfc-bd07-7aa3367f209a/tags HTTP/1.1" status: 200 len: 218 time: 0.0550771
2026-07-15 06:10:35.742 10 INFO neutron.wsgi [None req-3d502bc3-a5f0-4cfc-9f9e-d969cbe63ac2 7a653b2728d44d9b88e11b3c677a671b c63f4648b6ae490383fe4e22f1dcbc7a - - default default] 10.0.0.166 "GET /v2.0/ports?device_id=b3bde64e-a243-44f9-8522-c72cc0a09287 HTTP/1.1" status: 200 len: 1395 time: 0.1601593
2026-07-15 06:10:35.773 9 INFO neutron.wsgi [None req-6e87b06f-0986-43b3-ad11-39c91dc26766 8b0fd6f78eef432c88af606686f47870 1e41eff79792461d972915a0107846d2 - - - -] 10.0.0.166 "PUT /v2.0/networks/0bdbbc0a-e896-42ce-9e3c-e499da1488e2/tags HTTP/1.1" status: 200 len: 227 time: 0.0515752
2026-07-15 06:10:35.825 10 INFO neutron.wsgi [None req-5e5d5dd4-28ea-4bd6-9cf9-0fa8828bdd38 bd91ff63cc394f448ba6454035a4cde0 33b1d09920644c478d2b0797132e02e4 - - default default] 10.0.0.166 "GET /v2.0/floatingips?floating_network_id=b3058ac8-f6ab-4ab6-923b-56edb0747af6&port_id=ed8b55c3-e933-4763-8401-0540f2a6172b HTTP/1.1" status: 200 len: 1054 time: 0.0673461
2026-07-15 06:10:35.827 9 INFO neutron.wsgi [None req-c9c58e1f-dd48-4cb0-b1d9-635d84e05240 8b0fd6f78eef432c88af606686f47870 1e41eff79792461d972915a0107846d2 - - - -] 10.0.0.166 "PUT /v2.0/networks/e03806fa-8619-4b4d-b08f-d36f218fabfd/tags HTTP/1.1" status: 200 len: 212 time: 0.0476322
2026-07-15 06:10:35.923 9 INFO neutron.wsgi [None req-49426df5-e29d-47e3-9f5f-3e5675d4ab31 8b0fd6f78eef432c88af606686f47870 1e41eff79792461d972915a0107846d2 - - default default] 10.0.0.166 "GET /v2.0/networks?tags=red HTTP/1.1" status: 200 len: 2070 time: 0.0904706
2026-07-15 06:10:35.995 10 WARNING neutron.scheduler.dhcp_agent_scheduler [None req-38be5473-92f4-493f-99c4-f93331699f51 4c4855f1a45f49b6b821cf67e976c39f 6ef1db2977f84414b89bed71d659cc22 - - - -] No more DHCP agents
2026-07-15 06:10:35.999 10 WARNING neutron.api.rpc.agentnotifiers.dhcp_rpc_agent_api [None req-38be5473-92f4-493f-99c4-f93331699f51 4c4855f1a45f49b6b821cf67e976c39f 6ef1db2977f84414b89bed71d659cc22 - - - -] Unable to schedule network b3058ac8-f6ab-4ab6-923b-56edb0747af6: no agents available; will retry on subsequent port and subnet creation events.
2026-07-15 06:10:36.023 9 INFO neutron.wsgi [None req-c518710c-ab65-44bb-93dc-01a2cb6f67ad 8b0fd6f78eef432c88af606686f47870 1e41eff79792461d972915a0107846d2 - - default default] 10.0.0.166 "GET /v2.0/networks?tags=red%2Cblue HTTP/1.1" status: 200 len: 1457 time: 0.0954955
2026-07-15 06:10:36.106 9 INFO neutron.wsgi [None req-1b4307a3-a7a4-4968-ad0b-8c66bc7cb894 8b0fd6f78eef432c88af606686f47870 1e41eff79792461d972915a0107846d2 - - default default] 10.0.0.166 "GET /v2.0/networks?tags-any=blue HTTP/1.1" status: 200 len: 1457 time: 0.0772550
2026-07-15 06:10:36.143 9 INFO neutron.wsgi [req-45ffbccf-852c-4e47-b3d9-216ceb9fae37 req-8d5afffb-cf07-43cd-88b1-baa6f41f633b ecf185079cda43319eb868f783ee53ce cbab0bc396ce4998b990be672fbe39f9 - - d75b538e44df44d6a7a6107f8abc3b91 d75b538e44df44d6a7a6107f8abc3b91] 10.0.0.252 "GET /v2.0/ports?device_id=b3bde64e-a243-44f9-8522-c72cc0a09287 HTTP/1.1" status: 200 len: 1400 time: 0.0349879
2026-07-15 06:10:36.177 9 INFO neutron.notifiers.nova [-] Nova event matching ['req-144993f1-5e88-4d44-be83-f287367e9d7e'] response: {'server_uuid': '54f6188d-d265-4210-a314-25a3a2d27d54', 'name': 'network-vif-plugged', 'status': 'completed', 'tag': 'a7b9fad2-c00f-4c7d-bbad-7eb057f5bef1', 'code': 200}
2026-07-15 06:10:36.177 9 INFO neutron.notifiers.nova [-] Nova event matching ['req-144993f1-5e88-4d44-be83-f287367e9d7e'] response: {'server_uuid': '54f6188d-d265-4210-a314-25a3a2d27d54', 'name': 'network-vif-plugged', 'status': 'completed', 'tag': 'a7b9fad2-c00f-4c7d-bbad-7eb057f5bef1', 'code': 200}
2026-07-15 06:10:36.177 9 INFO neutron.notifiers.nova [-] Nova event matching ['req-144993f1-5e88-4d44-be83-f287367e9d7e'] response: {'server_uuid': '54f6188d-d265-4210-a314-25a3a2d27d54', 'name': 'network-vif-plugged', 'status': 'completed', 'tag': 'a7b9fad2-c00f-4c7d-bbad-7eb057f5bef1', 'code': 200}
2026-07-15 06:10:36.197 9 INFO neutron.wsgi [req-45ffbccf-852c-4e47-b3d9-216ceb9fae37 req-27bb15f2-170b-4c90-8637-ee3e72d69427 ecf185079cda43319eb868f783ee53ce cbab0bc396ce4998b990be672fbe39f9 - - d75b538e44df44d6a7a6107f8abc3b91 d75b538e44df44d6a7a6107f8abc3b91] 10.0.0.252 "GET /v2.0/security-groups?id=ad186863-dc30-4ec9-93f3-b88ee0b2b0bb&id=756a3766-5517-4572-a0c3-3bc18daeca99&fields=id&fields=name HTTP/1.1" status: 200 len: 405 time: 0.0447121
2026-07-15 06:10:36.404 10 INFO neutron.db.ovn_revision_numbers_db [None req-38be5473-92f4-493f-99c4-f93331699f51 4c4855f1a45f49b6b821cf67e976c39f 6ef1db2977f84414b89bed71d659cc22 - - - -] Successfully bumped revision number for resource 611d4727-de88-4584-b648-2f8f29f58d06 (type: ports) to 1
2026-07-15 06:10:36.415 10 INFO neutron.wsgi [None req-c89b6c59-0f08-4ea8-b9bc-e26fe991f444 8b0fd6f78eef432c88af606686f47870 1e41eff79792461d972915a0107846d2 - - default default] 10.0.0.166 "GET /v2.0/networks?tags-any=red%2Cblue HTTP/1.1" status: 200 len: 2070 time: 0.3023579
2026-07-15 06:10:36.556 10 INFO neutron.wsgi [None req-db8329f7-7735-49c6-9e36-586798dec19c 8b0fd6f78eef432c88af606686f47870 1e41eff79792461d972915a0107846d2 - - default default] 10.0.0.166 "GET /v2.0/networks?not-tags=red HTTP/1.1" status: 200 len: 2069 time: 0.1364210
2026-07-15 06:10:36.712 10 INFO neutron.wsgi [None req-dd1af79e-129d-479a-9dd6-9aa6e9bd2bc0 8b0fd6f78eef432c88af606686f47870 1e41eff79792461d972915a0107846d2 - - default default] 10.0.0.166 "GET /v2.0/networks?not-tags=red%2Cblue HTTP/1.1" status: 200 len: 2682 time: 0.1514413
2026-07-15 06:10:36.843 9 INFO neutron.wsgi [None req-dbde745e-e0aa-4e6e-b943-5e3d1afa630c 8b0fd6f78eef432c88af606686f47870 1e41eff79792461d972915a0107846d2 - - default default] 10.0.0.166 "GET /v2.0/networks?not-tags-any=blue HTTP/1.1" status: 200 len: 2682 time: 0.1248620
2026-07-15 06:10:36.934 9 INFO neutron.wsgi [None req-c13f0eab-d3de-4ab3-a127-c076e3818e97 8b0fd6f78eef432c88af606686f47870 1e41eff79792461d972915a0107846d2 - - default default] 10.0.0.166 "GET /v2.0/networks?not-tags-any=red%2Cblue HTTP/1.1" status: 200 len: 2069 time: 0.0849073
2026-07-15 06:10:37.147 9 INFO neutron.plugins.ml2.drivers.ovn.mech_driver.mech_driver [None req-9636f075-5c4a-4bff-ae5a-d3208eaaedf0 - - - - - -] OVN reports status up for port: 611d4727-de88-4584-b648-2f8f29f58d06
2026-07-15 06:10:37.153 9 INFO neutron.plugins.ml2.plugin [None req-9636f075-5c4a-4bff-ae5a-d3208eaaedf0 - - - - - -] Attempt 1 to provision port 611d4727-de88-4584-b648-2f8f29f58d06
2026-07-15 06:10:37.161 10 INFO neutron.db.ovn_revision_numbers_db [None req-38be5473-92f4-493f-99c4-f93331699f51 4c4855f1a45f49b6b821cf67e976c39f 6ef1db2977f84414b89bed71d659cc22 - - - -] Successfully bumped revision number for resource 611d4727-de88-4584-b648-2f8f29f58d06 (type: router_ports) to 1
2026-07-15 06:10:37.241 10 INFO neutron.db.ovn_revision_numbers_db [None req-38be5473-92f4-493f-99c4-f93331699f51 4c4855f1a45f49b6b821cf67e976c39f 6ef1db2977f84414b89bed71d659cc22 - - - -] Successfully bumped revision number for resource 6f0eab0d-2ac2-43b2-8a1b-2944d195f371 (type: routers) to 3
2026-07-15 06:10:37.265 10 INFO neutron.wsgi [None req-38be5473-92f4-493f-99c4-f93331699f51 4c4855f1a45f49b6b821cf67e976c39f 6ef1db2977f84414b89bed71d659cc22 - - - -] 10.0.0.166 "POST /v2.0/routers HTTP/1.1" status: 201 len: 868 time: 1.9177139
2026-07-15 06:10:37.373 10 INFO neutron.wsgi [None req-a6aceb61-22d3-4c71-875b-2e54795ff077 4c4855f1a45f49b6b821cf67e976c39f 6ef1db2977f84414b89bed71d659cc22 - - default default] 10.0.0.166 "GET /v2.0/routers/6f0eab0d-2ac2-43b2-8a1b-2944d195f371 HTTP/1.1" status: 200 len: 869 time: 0.1028798
2026-07-15 06:10:37.411 10 INFO neutron.services.segments.plugin [-] Segment a1c16f5e-96c3-4812-beb5-68410a157c66 resource provider aggregate not found
2026-07-15 06:10:37.418 10 INFO neutron.services.segments.plugin [-] Segment a1c16f5e-96c3-4812-beb5-68410a157c66 resource provider aggregate not found
2026-07-15 06:10:37.436 10 INFO neutron.services.segments.plugin [-] Segment a1c16f5e-96c3-4812-beb5-68410a157c66 resource provider not found; error: Placement Client Error (4xx): {"errors": [{"status": 404, "title": "Not Found", "detail": "The resource could not be found.\n\n No resource provider with uuid a1c16f5e-96c3-4812-beb5-68410a157c66 found for delete ", "request_id": "req-f392467d-0dd3-4918-989f-5a7169a3bee6"}]}
2026-07-15 06:10:37.446 10 INFO neutron.services.segments.plugin [-] Segment a1c16f5e-96c3-4812-beb5-68410a157c66 resource provider not found; error: Placement Client Error (4xx): {"errors": [{"status": 404, "title": "Not Found", "detail": "The resource could not be found.\n\n No resource provider with uuid a1c16f5e-96c3-4812-beb5-68410a157c66 found for delete ", "request_id": "req-330ff4af-6777-4bf2-83a3-4bdfac4614df"}]}
2026-07-15 06:10:37.475 10 INFO neutron.wsgi [None req-6f044458-e10e-4e90-8813-85a3b0e68fa3 8b0fd6f78eef432c88af606686f47870 1e41eff79792461d972915a0107846d2 - - - -] 10.0.0.166 "DELETE /v2.0/networks/2a77357b-55d7-487b-9c84-fe6178178712 HTTP/1.1" status: 204 len: 168 time: 0.5333862
2026-07-15 06:10:37.525 9 INFO neutron.wsgi [None req-3cd94b2e-5b05-406b-b4d6-fa93889e7642 4c4855f1a45f49b6b821cf67e976c39f 6ef1db2977f84414b89bed71d659cc22 - - default default] 10.0.0.166 "GET /v2.0/routers HTTP/1.1" status: 200 len: 872 time: 0.1475468
2026-07-15 06:10:37.836 9 INFO neutron.services.segments.plugin [-] Segment 2e5dead5-101c-498f-b7b7-a359078b8698 resource provider aggregate not found
2026-07-15 06:10:37.840 9 INFO neutron.services.segments.plugin [-] Segment 2e5dead5-101c-498f-b7b7-a359078b8698 resource provider aggregate not found
2026-07-15 06:10:37.862 9 INFO neutron.services.segments.plugin [-] Segment 2e5dead5-101c-498f-b7b7-a359078b8698 resource provider not found; error: Placement Client Error (4xx): {"errors": [{"status": 404, "title": "Not Found", "detail": "The resource could not be found.\n\n No resource provider with uuid 2e5dead5-101c-498f-b7b7-a359078b8698 found for delete ", "request_id": "req-0f6b88ca-44ec-4344-9f63-3eeb391153df"}]}
2026-07-15 06:10:37.863 9 INFO neutron.services.segments.plugin [-] Segment 2e5dead5-101c-498f-b7b7-a359078b8698 resource provider not found; error: Placement Client Error (4xx): {"errors": [{"status": 404, "title": "Not Found", "detail": "The resource could not be found.\n\n No resource provider with uuid 2e5dead5-101c-498f-b7b7-a359078b8698 found for delete ", "request_id": "req-5b299a4a-6563-42cd-aba3-edfa77315665"}]}
2026-07-15 06:10:37.895 9 INFO neutron.wsgi [None req-3fdf76cc-671e-4fd1-86ce-84ffac92111a 8b0fd6f78eef432c88af606686f47870 1e41eff79792461d972915a0107846d2 - - - -] 10.0.0.166 "DELETE /v2.0/networks/68da69f6-2d2f-4dfc-bd07-7aa3367f209a HTTP/1.1" status: 204 len: 168 time: 0.4138837
2026-07-15 06:10:37.916 10 WARNING neutron.plugins.ml2.drivers.ovn.mech_driver.ovsdb.ovn_client [None req-bceb5e37-e2e9-4c25-b4a6-b028aa7fbee5 - - - - - -] No port found with ID 472551f7-35c6-4525-b996-040cf7668b7d: RuntimeError: No port found with ID 472551f7-35c6-4525-b996-040cf7668b7d
2026-07-15 06:10:38.234 10 INFO neutron.db.ovn_revision_numbers_db [None req-f8bf8920-f33f-48cf-ad47-0da51a4e926c 4c4855f1a45f49b6b821cf67e976c39f 6ef1db2977f84414b89bed71d659cc22 - - - -] Successfully bumped revision number for resource 6f0eab0d-2ac2-43b2-8a1b-2944d195f371 (type: routers) to 4
2026-07-15 06:10:38.238 10 INFO neutron.wsgi [None req-f8bf8920-f33f-48cf-ad47-0da51a4e926c 4c4855f1a45f49b6b821cf67e976c39f 6ef1db2977f84414b89bed71d659cc22 - - - -] 10.0.0.166 "PUT /v2.0/routers/6f0eab0d-2ac2-43b2-8a1b-2944d195f371 HTTP/1.1" status: 200 len: 876 time: 0.7060807
2026-07-15 06:10:38.397 10 INFO neutron.wsgi [req-9c1ca68c-0bbc-4481-9fa5-e4ce63a6aa19 req-5235b04c-d16d-44a2-b0be-7304a95d0fa9 bd91ff63cc394f448ba6454035a4cde0 33b1d09920644c478d2b0797132e02e4 - - default default] 10.0.0.123 "GET /v2.0/ports?device_id=b3bde64e-a243-44f9-8522-c72cc0a09287 HTTP/1.1" status: 200 len: 1210 time: 0.1253719
2026-07-15 06:10:38.438 10 INFO neutron.wsgi [req-9c1ca68c-0bbc-4481-9fa5-e4ce63a6aa19 req-c09e6610-0bcc-4c8d-878d-d7035932bf06 bd91ff63cc394f448ba6454035a4cde0 33b1d09920644c478d2b0797132e02e4 - - default default] 10.0.0.123 "GET /v2.0/security-groups?id=ad186863-dc30-4ec9-93f3-b88ee0b2b0bb&id=756a3766-5517-4572-a0c3-3bc18daeca99&fields=id&fields=name HTTP/1.1" status: 200 len: 405 time: 0.0352006
2026-07-15 06:10:38.597 9 INFO neutron.wsgi [None req-40ae9b8b-a794-4547-94b6-f624a09bf054 8b0fd6f78eef432c88af606686f47870 1e41eff79792461d972915a0107846d2 - - - -] 10.0.0.166 "DELETE /v2.0/networks/0bdbbc0a-e896-42ce-9e3c-e499da1488e2 HTTP/1.1" status: 204 len: 168 time: 0.6897321
2026-07-15 06:10:38.622 9 INFO neutron.wsgi [None req-245d036d-fbf2-4462-901b-5cad3fbc04d6 4c4855f1a45f49b6b821cf67e976c39f 6ef1db2977f84414b89bed71d659cc22 - - default default] 10.0.0.166 "GET /v2.0/routers/6f0eab0d-2ac2-43b2-8a1b-2944d195f371 HTTP/1.1" status: 200 len: 876 time: 0.3774555
2026-07-15 06:10:38.655 9 INFO neutron.wsgi [None req-90130994-3956-4a01-9a9d-2d0dba940eb4 4c4855f1a45f49b6b821cf67e976c39f 6ef1db2977f84414b89bed71d659cc22 - - default default] 10.0.0.166 "GET /v2.0/ports?device_id=6f0eab0d-2ac2-43b2-8a1b-2944d195f371 HTTP/1.1" status: 200 len: 205 time: 0.0233207
2026-07-15 06:10:38.661 9 INFO neutron.wsgi [req-ede89795-f3bc-4d4e-9949-6fb47ccf9004 req-b0343fce-c718-4f2b-88e4-820ca6ab1974 bd91ff63cc394f448ba6454035a4cde0 33b1d09920644c478d2b0797132e02e4 - - default default] 199.19.213.21 "GET /v2.0/ports?device_id=b3bde64e-a243-44f9-8522-c72cc0a09287 HTTP/1.1" status: 200 len: 1210 time: 0.0625243
2026-07-15 06:10:39.047 10 INFO neutron.wsgi [None req-e894fa6f-d661-470a-80c8-0d3d06e7204b 8b0fd6f78eef432c88af606686f47870 1e41eff79792461d972915a0107846d2 - - - -] 10.0.0.166 "DELETE /v2.0/networks/e03806fa-8619-4b4d-b08f-d36f218fabfd HTTP/1.1" status: 204 len: 168 time: 0.4450135
2026-07-15 06:10:39.077 9 INFO neutron.db.l3_db [None req-9d35af2f-29ad-4c6b-90d5-27a7bb80cf10 bd91ff63cc394f448ba6454035a4cde0 33b1d09920644c478d2b0797132e02e4 - - - -] Floating IP 238d541a-4dbc-4b68-843d-7b4b1703fbaf disassociated. External IP: 10.96.250.201, port: ed8b55c3-e933-4763-8401-0540f2a6172b.
2026-07-15 06:10:39.335 9 INFO neutron.wsgi [None req-9d35af2f-29ad-4c6b-90d5-27a7bb80cf10 bd91ff63cc394f448ba6454035a4cde0 33b1d09920644c478d2b0797132e02e4 - - - -] 199.19.213.21 "DELETE /v2.0/ports/ed8b55c3-e933-4763-8401-0540f2a6172b HTTP/1.1" status: 204 len: 173 time: 0.6688492
2026-07-15 06:10:39.369 9 INFO neutron.notifiers.nova [-] Nova event matching ['req-5f07890d-e8dc-46f3-a632-9da526ae2331'] response: {'server_uuid': 'b3bde64e-a243-44f9-8522-c72cc0a09287', 'name': 'network-vif-deleted', 'tag': 'ed8b55c3-e933-4763-8401-0540f2a6172b', 'status': 'completed', 'code': 200}
2026-07-15 06:10:39.467 10 INFO neutron.services.segments.plugin [-] Segment 1a85bfad-19c8-4986-af21-5d7edd3cc912 resource provider aggregate not found
2026-07-15 06:10:39.473 10 INFO neutron.services.segments.plugin [-] Segment 1a85bfad-19c8-4986-af21-5d7edd3cc912 resource provider aggregate not found
2026-07-15 06:10:39.474 9 INFO neutron.wsgi [None req-ac5b748d-0c01-4812-bb2c-18f7525b900e 4c4855f1a45f49b6b821cf67e976c39f 6ef1db2977f84414b89bed71d659cc22 - - - -] 10.0.0.166 "DELETE /v2.0/routers/6f0eab0d-2ac2-43b2-8a1b-2944d195f371 HTTP/1.1" status: 204 len: 168 time: 0.8119369
2026-07-15 06:10:39.489 10 INFO neutron.services.segments.plugin [-] Segment 1a85bfad-19c8-4986-af21-5d7edd3cc912 resource provider not found; error: Placement Client Error (4xx): {"errors": [{"status": 404, "title": "Not Found", "detail": "The resource could not be found.\n\n No resource provider with uuid 1a85bfad-19c8-4986-af21-5d7edd3cc912 found for delete ", "request_id": "req-52cd5f31-f0f7-4f3c-82c6-3e0e022e04d6"}]}
2026-07-15 06:10:39.501 10 INFO neutron.services.segments.plugin [-] Segment 1a85bfad-19c8-4986-af21-5d7edd3cc912 resource provider not found; error: Placement Client Error (4xx): {"errors": [{"status": 404, "title": "Not Found", "detail": "The resource could not be found.\n\n No resource provider with uuid 1a85bfad-19c8-4986-af21-5d7edd3cc912 found for delete ", "request_id": "req-7410d26b-4419-4f42-9731-92ead45dd903"}]}
2026-07-15 06:10:39.501 9 INFO neutron.wsgi [None req-4f1b2b8a-f1f8-44ee-bce2-96febde3446a 4c4855f1a45f49b6b821cf67e976c39f 6ef1db2977f84414b89bed71d659cc22 - - default default] 10.0.0.166 "GET /v2.0/ports?device_id=6f0eab0d-2ac2-43b2-8a1b-2944d195f371 HTTP/1.1" status: 200 len: 205 time: 0.0228093
2026-07-15 06:10:39.510 10 INFO neutron.services.segments.plugin [-] Segment 9f5d4efb-7b77-4b13-846f-fde92afbe82f resource provider aggregate not found /var/lib/openstack/lib/python3.10/site-packages/pycadf/identifier.py:71: UserWarning: Invalid uuid: neutron. To ensure interoperability, identifiers should be a valid uuid. warnings.warn(('Invalid uuid: %s. To ensure interoperability, '
2026-07-15 06:10:39.524 10 INFO neutron.services.segments.plugin [-] Segment 9f5d4efb-7b77-4b13-846f-fde92afbe82f resource provider aggregate not found
2026-07-15 06:10:39.547 10 INFO neutron.services.segments.plugin [-] Segment 9f5d4efb-7b77-4b13-846f-fde92afbe82f resource provider not found; error: Placement Client Error (4xx): {"errors": [{"status": 404, "title": "Not Found", "detail": "The resource could not be found.\n\n No resource provider with uuid 9f5d4efb-7b77-4b13-846f-fde92afbe82f found for delete ", "request_id": "req-a5a3ee79-d0c5-4696-9841-0d7f00dfc19c"}]}
2026-07-15 06:10:39.550 10 INFO neutron.api.v2.resource [None req-2f554805-6f68-4582-9f05-36857d2a2074 4c4855f1a45f49b6b821cf67e976c39f 6ef1db2977f84414b89bed71d659cc22 - - - -] delete failed (client error): The resource could not be found.
2026-07-15 06:10:39.551 10 INFO neutron.wsgi [None req-2f554805-6f68-4582-9f05-36857d2a2074 4c4855f1a45f49b6b821cf67e976c39f 6ef1db2977f84414b89bed71d659cc22 - - - -] 10.0.0.166 "DELETE /v2.0/routers/6f0eab0d-2ac2-43b2-8a1b-2944d195f371 HTTP/1.1" status: 404 len: 336 time: 0.0423663
2026-07-15 06:10:39.567 10 INFO neutron.services.segments.plugin [-] Segment 9f5d4efb-7b77-4b13-846f-fde92afbe82f resource provider not found; error: Placement Client Error (4xx): {"errors": [{"status": 404, "title": "Not Found", "detail": "The resource could not be found.\n\n No resource provider with uuid 9f5d4efb-7b77-4b13-846f-fde92afbe82f found for delete ", "request_id": "req-6020b217-a4a2-4d77-bbab-56df4632322e"}]}
2026-07-15 06:10:39.583 9 INFO neutron.wsgi [None req-4992acaa-8c89-4852-ac5e-194f0ed0d311 4c4855f1a45f49b6b821cf67e976c39f 6ef1db2977f84414b89bed71d659cc22 - - default default] 10.0.0.166 "GET /v2.0/ports?device_id=e73ee50b-47fb-4261-addb-ea334e2af1bb HTTP/1.1" status: 200 len: 205 time: 0.0261796
2026-07-15 06:10:39.584 10 INFO neutron.wsgi [req-9af6899c-2c25-4648-936a-4e3d61bb2359 req-9d21cea6-8434-4f03-b88d-f657fe093b5a bd91ff63cc394f448ba6454035a4cde0 33b1d09920644c478d2b0797132e02e4 - - default default] 10.0.0.123 "GET /v2.0/ports?device_id=b3bde64e-a243-44f9-8522-c72cc0a09287 HTTP/1.1" status: 200 len: 210 time: 0.0362296
2026-07-15 06:10:39.598 10 INFO neutron.wsgi [None req-a599c3de-43b0-4f7e-b5fb-e583c11a4f34 8b0fd6f78eef432c88af606686f47870 1e41eff79792461d972915a0107846d2 - - - -] 10.0.0.166 "DELETE /v2.0/networks/b23c3766-7a65-48a2-9371-411baa52abc7 HTTP/1.1" status: 204 len: 168 time: 0.5453453
2026-07-15 06:10:39.609 9 INFO neutron.api.v2.resource [None req-e44211cb-a87f-4bb7-a517-8b73c404f558 4c4855f1a45f49b6b821cf67e976c39f 6ef1db2977f84414b89bed71d659cc22 - - - -] delete failed (client error): The resource could not be found.
2026-07-15 06:10:39.610 9 INFO neutron.wsgi [None req-e44211cb-a87f-4bb7-a517-8b73c404f558 4c4855f1a45f49b6b821cf67e976c39f 6ef1db2977f84414b89bed71d659cc22 - - - -] 10.0.0.166 "DELETE /v2.0/routers/e73ee50b-47fb-4261-addb-ea334e2af1bb HTTP/1.1" status: 404 len: 336 time: 0.0229700
2026-07-15 06:10:39.629 9 INFO neutron.pecan_wsgi.hooks.translation [None req-d8be9398-fea9-4176-a3d6-35d658912416 4c4855f1a45f49b6b821cf67e976c39f 6ef1db2977f84414b89bed71d659cc22 - - - -] DELETE failed (client error): The resource could not be found.
2026-07-15 06:10:39.631 9 INFO neutron.wsgi [None req-d8be9398-fea9-4176-a3d6-35d658912416 4c4855f1a45f49b6b821cf67e976c39f 6ef1db2977f84414b89bed71d659cc22 - - - -] 10.0.0.166 "DELETE /v2.0/subnets/0e4ffc58-7f89-4ff0-9271-4837bb0bb7c4 HTTP/1.1" status: 404 len: 337 time: 0.0159514
2026-07-15 06:10:39.654 9 INFO neutron.wsgi [None req-e7475258-1a2d-47ce-81cc-bd5e68798406 4c4855f1a45f49b6b821cf67e976c39f 6ef1db2977f84414b89bed71d659cc22 - - default default] 10.0.0.166 "GET /v2.0/ports?device_id=9afe62e3-93c9-44db-b081-c2332c006430 HTTP/1.1" status: 200 len: 205 time: 0.0197587
2026-07-15 06:10:39.679 9 INFO neutron.api.v2.resource [None req-8c057e81-10d8-4295-bb4f-888b2de5b98b 4c4855f1a45f49b6b821cf67e976c39f 6ef1db2977f84414b89bed71d659cc22 - - - -] delete failed (client error): The resource could not be found.
2026-07-15 06:10:39.681 9 INFO neutron.wsgi [None req-8c057e81-10d8-4295-bb4f-888b2de5b98b 4c4855f1a45f49b6b821cf67e976c39f 6ef1db2977f84414b89bed71d659cc22 - - - -] 10.0.0.166 "DELETE /v2.0/routers/9afe62e3-93c9-44db-b081-c2332c006430 HTTP/1.1" status: 404 len: 336 time: 0.0219705
2026-07-15 06:10:39.704 9 INFO neutron.pecan_wsgi.hooks.translation [None req-7ad72019-8f13-462e-95b4-a6ae35646523 4c4855f1a45f49b6b821cf67e976c39f 6ef1db2977f84414b89bed71d659cc22 - - - -] DELETE failed (client error): The resource could not be found.
2026-07-15 06:10:39.707 9 INFO neutron.wsgi [None req-7ad72019-8f13-462e-95b4-a6ae35646523 4c4855f1a45f49b6b821cf67e976c39f 6ef1db2977f84414b89bed71d659cc22 - - - -] 10.0.0.166 "DELETE /v2.0/subnets/65cbe03d-396c-4929-9265-406c78ceb386 HTTP/1.1" status: 404 len: 337 time: 0.0215158
2026-07-15 06:10:39.735 9 INFO neutron.wsgi [None req-722e809a-867e-421b-acfa-798963b1a32f 4c4855f1a45f49b6b821cf67e976c39f 6ef1db2977f84414b89bed71d659cc22 - - default default] 10.0.0.166 "GET /v2.0/ports?device_id=e0d7199e-98fa-4b6a-8cb1-85ac633b3869 HTTP/1.1" status: 200 len: 205 time: 0.0220947
2026-07-15 06:10:39.769 9 INFO neutron.api.v2.resource [None req-5739ec09-e47a-440b-99de-fbebe11c57dc 4c4855f1a45f49b6b821cf67e976c39f 6ef1db2977f84414b89bed71d659cc22 - - - -] delete failed (client error): The resource could not be found.
2026-07-15 06:10:39.771 9 INFO neutron.wsgi [None req-5739ec09-e47a-440b-99de-fbebe11c57dc 4c4855f1a45f49b6b821cf67e976c39f 6ef1db2977f84414b89bed71d659cc22 - - - -] 10.0.0.166 "DELETE /v2.0/routers/e0d7199e-98fa-4b6a-8cb1-85ac633b3869 HTTP/1.1" status: 404 len: 336 time: 0.0320685
2026-07-15 06:10:39.794 9 INFO neutron.pecan_wsgi.hooks.translation [None req-d3ff1f05-d425-4f0f-8e48-080bb1f9842f 4c4855f1a45f49b6b821cf67e976c39f 6ef1db2977f84414b89bed71d659cc22 - - - -] DELETE failed (client error): The resource could not be found.
2026-07-15 06:10:39.796 9 INFO neutron.wsgi [None req-d3ff1f05-d425-4f0f-8e48-080bb1f9842f 4c4855f1a45f49b6b821cf67e976c39f 6ef1db2977f84414b89bed71d659cc22 - - - -] 10.0.0.166 "DELETE /v2.0/subnets/59185f76-8f22-4775-96c8-70f7df3f7012 HTTP/1.1" status: 404 len: 337 time: 0.0204501
2026-07-15 06:10:39.826 9 INFO neutron.pecan_wsgi.hooks.translation [None req-32aa91f9-77f6-4392-a325-c9d5eddd3ac9 4c4855f1a45f49b6b821cf67e976c39f 6ef1db2977f84414b89bed71d659cc22 - - - -] DELETE failed (client error): The resource could not be found.
2026-07-15 06:10:39.828 9 INFO neutron.wsgi [None req-32aa91f9-77f6-4392-a325-c9d5eddd3ac9 4c4855f1a45f49b6b821cf67e976c39f 6ef1db2977f84414b89bed71d659cc22 - - - -] 10.0.0.166 "DELETE /v2.0/subnets/cc5ca0f5-f1da-4cc7-9475-dae5a95e51d6 HTTP/1.1" status: 404 len: 337 time: 0.0271971
2026-07-15 06:10:39.887 9 INFO neutron.services.segments.plugin [-] Segment 999d4f25-c8f4-45a9-919a-4edc9ef44919 resource provider aggregate not found
2026-07-15 06:10:39.895 9 INFO neutron.services.segments.plugin [-] Segment 999d4f25-c8f4-45a9-919a-4edc9ef44919 resource provider aggregate not found
2026-07-15 06:10:39.910 9 INFO neutron.services.segments.plugin [-] Segment 999d4f25-c8f4-45a9-919a-4edc9ef44919 resource provider not found; error: Placement Client Error (4xx): {"errors": [{"status": 404, "title": "Not Found", "detail": "The resource could not be found.\n\n No resource provider with uuid 999d4f25-c8f4-45a9-919a-4edc9ef44919 found for delete ", "request_id": "req-55cbb9e3-afeb-48ef-bb30-43f89584f818"}]}
2026-07-15 06:10:39.912 9 INFO neutron.services.segments.plugin [-] Segment 999d4f25-c8f4-45a9-919a-4edc9ef44919 resource provider not found; error: Placement Client Error (4xx): {"errors": [{"status": 404, "title": "Not Found", "detail": "The resource could not be found.\n\n No resource provider with uuid 999d4f25-c8f4-45a9-919a-4edc9ef44919 found for delete ", "request_id": "req-954080b8-32f8-4cd3-a6d7-085514856dd0"}]}
