2026-07-15 06:10:16.766 9 INFO neutron.wsgi [req-b44573e6-afa9-4f9b-90ed-8844063fd5c9 req-8c709ce3-f170-4763-add8-5f6dbdd89a3c ecf185079cda43319eb868f783ee53ce cbab0bc396ce4998b990be672fbe39f9 - - d75b538e44df44d6a7a6107f8abc3b91 d75b538e44df44d6a7a6107f8abc3b91] 199.19.213.21 "GET /v2.0/subnets?id=8056c85c-452f-4ee2-b8d7-2268baa70a0f HTTP/1.1" status: 200 len: 868 time: 0.0561922
2026-07-15 06:10:16.808 9 INFO neutron.wsgi [None req-90c6126f-a21c-4644-baf0-c35250e39dec bc890da7b1e045df99b7fb40a936d507 524d02558d484f44874de52b6ff81980 - - default default] 10.0.0.8 "GET /v2.0/subnets HTTP/1.1" status: 200 len: 5260 time: 0.1462107
2026-07-15 06:10:16.832 9 INFO neutron.wsgi [req-b44573e6-afa9-4f9b-90ed-8844063fd5c9 req-89535d02-e635-4362-8917-1763c972e54f ecf185079cda43319eb868f783ee53ce cbab0bc396ce4998b990be672fbe39f9 - - d75b538e44df44d6a7a6107f8abc3b91 d75b538e44df44d6a7a6107f8abc3b91] 199.19.213.21 "GET /v2.0/ports?network_id=a16ac738-5a72-43a9-b022-ba02c83ad37e&device_owner=network%3Adhcp HTTP/1.1" status: 200 len: 210 time: 0.0482671
2026-07-15 06:10:16.835 9 INFO neutron.plugins.ml2.drivers.ovn.mech_driver.mech_driver [None req-9636f075-5c4a-4bff-ae5a-d3208eaaedf0 - - - - - -] OVN reports status up for port: ed8b55c3-e933-4763-8401-0540f2a6172b
2026-07-15 06:10:16.837 9 INFO neutron.wsgi [None req-0b296ee3-838b-418b-86ea-b7d89eb37bf6 bc890da7b1e045df99b7fb40a936d507 524d02558d484f44874de52b6ff81980 - - default default] 10.0.0.8 "GET /v2.0/subnetpools HTTP/1.1" status: 200 len: 193 time: 0.0266037
2026-07-15 06:10:16.859 10 INFO neutron.wsgi [req-1c517a1d-5635-47e6-885f-d69eeb56210d req-2a2b62ca-602f-496f-ba17-45fbbeb1eb45 ecf185079cda43319eb868f783ee53ce cbab0bc396ce4998b990be672fbe39f9 - - d75b538e44df44d6a7a6107f8abc3b91 d75b538e44df44d6a7a6107f8abc3b91] 199.19.213.21 "GET /v2.0/networks/4b902099-743e-446d-8db6-7a7d13705fe7?fields=segments HTTP/1.1" status: 200 len: 212 time: 0.0970249
2026-07-15 06:10:16.906 9 INFO neutron.plugins.ml2.plugin [None req-9636f075-5c4a-4bff-ae5a-d3208eaaedf0 - - - - - -] Attempt 1 to provision port ed8b55c3-e933-4763-8401-0540f2a6172b
2026-07-15 06:10:16.939 10 INFO neutron.wsgi [req-1c517a1d-5635-47e6-885f-d69eeb56210d req-14d4180c-591a-4998-ac7c-4045f7438ee1 ecf185079cda43319eb868f783ee53ce cbab0bc396ce4998b990be672fbe39f9 - - d75b538e44df44d6a7a6107f8abc3b91 d75b538e44df44d6a7a6107f8abc3b91] 199.19.213.21 "GET /v2.0/networks/4b902099-743e-446d-8db6-7a7d13705fe7?fields=provider%3Aphysical_network&fields=provider%3Anetwork_type HTTP/1.1" status: 200 len: 277 time: 0.0688455
2026-07-15 06:10:16.979 9 INFO neutron.wsgi [None req-e0ef57ce-ab42-42b3-b595-0b6988d2c9df bc890da7b1e045df99b7fb40a936d507 524d02558d484f44874de52b6ff81980 - - default default] 10.0.0.8 "GET /v2.0/ports HTTP/1.1" status: 200 len: 29797 time: 0.1379209
2026-07-15 06:10:16.994 9 INFO neutron.wsgi [req-8181eea6-d606-49dd-a611-4a81a8dfa20c req-1acdea4b-9da2-4400-9e73-c5168952572c ecf185079cda43319eb868f783ee53ce cbab0bc396ce4998b990be672fbe39f9 - - d75b538e44df44d6a7a6107f8abc3b91 d75b538e44df44d6a7a6107f8abc3b91] 10.0.0.252 "GET /v2.0/ports?device_id=6f1cf9a8-c067-4269-ae3d-26213864e6db HTTP/1.1" status: 200 len: 1361 time: 0.0982394
2026-07-15 06:10:17.000 9 INFO neutron.wsgi [req-b44573e6-afa9-4f9b-90ed-8844063fd5c9 req-1550ac05-120b-4387-8a69-cf3cc8d7b97e ecf185079cda43319eb868f783ee53ce cbab0bc396ce4998b990be672fbe39f9 - - d75b538e44df44d6a7a6107f8abc3b91 d75b538e44df44d6a7a6107f8abc3b91] 199.19.213.21 "GET /v2.0/networks/a16ac738-5a72-43a9-b022-ba02c83ad37e?fields=segments HTTP/1.1" status: 200 len: 212 time: 0.1608775
2026-07-15 06:10:17.052 9 INFO neutron.wsgi [None req-eedf2f9e-58d8-4613-b16c-8b2c8a09060d bc890da7b1e045df99b7fb40a936d507 524d02558d484f44874de52b6ff81980 - - default default] 10.0.0.8 "GET /v2.0/agents HTTP/1.1" status: 200 len: 997 time: 0.0485411
2026-07-15 06:10:17.127 9 INFO neutron.wsgi [req-8181eea6-d606-49dd-a611-4a81a8dfa20c req-f092e154-e4ba-4203-b6d3-caeb8aecd123 ecf185079cda43319eb868f783ee53ce cbab0bc396ce4998b990be672fbe39f9 - - d75b538e44df44d6a7a6107f8abc3b91 d75b538e44df44d6a7a6107f8abc3b91] 10.0.0.252 "GET /v2.0/security-groups?id=51b9e076-ac36-4a79-853f-b4ea6dc7145c&fields=id&fields=name HTTP/1.1" status: 200 len: 313 time: 0.1185884
2026-07-15 06:10:17.213 9 INFO neutron.wsgi [req-b44573e6-afa9-4f9b-90ed-8844063fd5c9 req-e9f85fd6-8f7e-49e5-9243-480f4ee3ceb7 ecf185079cda43319eb868f783ee53ce cbab0bc396ce4998b990be672fbe39f9 - - d75b538e44df44d6a7a6107f8abc3b91 d75b538e44df44d6a7a6107f8abc3b91] 199.19.213.21 "GET /v2.0/networks/a16ac738-5a72-43a9-b022-ba02c83ad37e?fields=provider%3Aphysical_network&fields=provider%3Anetwork_type HTTP/1.1" status: 200 len: 277 time: 0.1981580
2026-07-15 06:10:17.237 9 INFO neutron.wsgi [None req-c7b21f6f-8e90-4358-9f14-74fc718a0b25 bc890da7b1e045df99b7fb40a936d507 524d02558d484f44874de52b6ff81980 - - default default] 10.0.0.8 "GET /v2.0/networks HTTP/1.1" status: 200 len: 6850 time: 0.1776171
2026-07-15 06:10:17.437 10 INFO neutron.wsgi [-] 10.0.0.223 "GET / HTTP/1.1" status: 200 len: 247 time: 0.0020897
2026-07-15 06:10:17.440 10 INFO neutron.wsgi [-] 10.0.0.223 "GET / HTTP/1.1" status: 200 len: 247 time: 0.0014889
2026-07-15 06:10:17.576 10 WARNING neutron.plugins.ml2.drivers.ovn.mech_driver.ovsdb.ovn_client [None req-bceb5e37-e2e9-4c25-b4a6-b028aa7fbee5 - - - - - -] No hosting information found for port 2f85e664-cf88-4ae2-8715-d56ba095365b: RuntimeError: No hosting information found for port 2f85e664-cf88-4ae2-8715-d56ba095365b
2026-07-15 06:10:17.578 9 INFO neutron.wsgi [req-a744155a-6a5f-4c09-959f-ffb983998cc4 req-68816ae1-92eb-40bb-9bcc-e729cc816ffc bd91ff63cc394f448ba6454035a4cde0 33b1d09920644c478d2b0797132e02e4 - - default default] 10.0.0.123 "GET /v2.0/ports?device_id=b3bde64e-a243-44f9-8522-c72cc0a09287 HTTP/1.1" status: 200 len: 1208 time: 0.4441295
2026-07-15 06:10:17.604 10 INFO neutron.plugins.ml2.drivers.ovn.mech_driver.mech_driver [None req-bceb5e37-e2e9-4c25-b4a6-b028aa7fbee5 - - - - - -] OVN reports status up for port: f7ef7c4c-6f7c-40cb-9e26-adf85c772e36
2026-07-15 06:10:17.619 10 INFO neutron.plugins.ml2.plugin [None req-bceb5e37-e2e9-4c25-b4a6-b028aa7fbee5 - - - - - -] Attempt 1 to provision port f7ef7c4c-6f7c-40cb-9e26-adf85c772e36
2026-07-15 06:10:17.655 9 INFO neutron.wsgi [req-a744155a-6a5f-4c09-959f-ffb983998cc4 req-5d5eab20-e307-4ad7-8e14-b20a0230c933 bd91ff63cc394f448ba6454035a4cde0 33b1d09920644c478d2b0797132e02e4 - - default default] 10.0.0.123 "GET /v2.0/security-groups?id=ad186863-dc30-4ec9-93f3-b88ee0b2b0bb&id=756a3766-5517-4572-a0c3-3bc18daeca99&fields=id&fields=name HTTP/1.1" status: 200 len: 405 time: 0.0674961
2026-07-15 06:10:17.727 9 INFO neutron.db.ovn_revision_numbers_db [None req-9636f075-5c4a-4bff-ae5a-d3208eaaedf0 - - - - - -] Successfully bumped revision number for resource ed8b55c3-e933-4763-8401-0540f2a6172b (type: ports) to 4
2026-07-15 06:10:17.743 9 INFO neutron.wsgi [None req-b1996528-26bc-4105-b67b-4e2678d0526f bc890da7b1e045df99b7fb40a936d507 524d02558d484f44874de52b6ff81980 - - default default] 10.0.0.8 "GET /v2.0/security-groups HTTP/1.1" status: 200 len: 51461 time: 0.4962280
2026-07-15 06:10:17.786 9 INFO neutron.wsgi [None req-c441eca5-bf8d-4b10-b5f0-fbf682e0a0e9 bc890da7b1e045df99b7fb40a936d507 524d02558d484f44874de52b6ff81980 - - default default] 10.0.0.8 "GET /v2.0/network-ip-availabilities HTTP/1.1" status: 200 len: 3968 time: 0.0185988
2026-07-15 06:10:17.876 9 INFO neutron.wsgi [None req-86e48e61-4362-4fb6-a873-9210b559bfb4 bc890da7b1e045df99b7fb40a936d507 524d02558d484f44874de52b6ff81980 - - default default] 10.0.0.8 "GET /v2.0/routers HTTP/1.1" status: 200 len: 3358 time: 0.0845981 /var/lib/openstack/lib/python3.10/site-packages/pycadf/identifier.py:71: UserWarning: Invalid uuid: neutron. To ensure interoperability, identifiers should be a valid uuid. warnings.warn(('Invalid uuid: %s. To ensure interoperability, '
2026-07-15 06:10:17.899 9 INFO neutron.wsgi [None req-11d985bf-a867-4fea-b1a2-e713f811264c bc890da7b1e045df99b7fb40a936d507 524d02558d484f44874de52b6ff81980 - - default default] 10.0.0.8 "GET /v2.0/agents?binary=ovn-controller HTTP/1.1" status: 200 len: 591 time: 0.0205204
2026-07-15 06:10:17.931 10 INFO neutron.wsgi [None req-ab38433d-b16d-4712-b82d-a8f32786e717 4c4855f1a45f49b6b821cf67e976c39f 6ef1db2977f84414b89bed71d659cc22 - - default default] 10.0.0.166 "GET /v2.0/ports/f7ef7c4c-6f7c-40cb-9e26-adf85c772e36 HTTP/1.1" status: 200 len: 1135 time: 0.4010434
2026-07-15 06:10:17.960 9 INFO neutron.wsgi [None req-075bd5ad-accc-4c00-95df-d05b71c17fc3 bc890da7b1e045df99b7fb40a936d507 524d02558d484f44874de52b6ff81980 - - default default] 10.0.0.8 "GET /v2.0/floatingips HTTP/1.1" status: 200 len: 2418 time: 0.0599411
2026-07-15 06:10:17.992 9 INFO neutron.wsgi [None req-66ac28f9-a62f-4f3e-aab3-be92acedfe71 bc890da7b1e045df99b7fb40a936d507 524d02558d484f44874de52b6ff81980 - - default default] 10.0.0.8 "GET /v2.0/subnets HTTP/1.1" status: 200 len: 5260 time: 0.0303545
2026-07-15 06:10:18.115 10 INFO neutron.db.ovn_revision_numbers_db [None req-bceb5e37-e2e9-4c25-b4a6-b028aa7fbee5 - - - - - -] Successfully bumped revision number for resource f7ef7c4c-6f7c-40cb-9e26-adf85c772e36 (type: ports) to 3
2026-07-15 06:10:18.214 10 INFO neutron.db.ovn_revision_numbers_db [None req-bceb5e37-e2e9-4c25-b4a6-b028aa7fbee5 - - - - - -] Successfully bumped revision number for resource f7ef7c4c-6f7c-40cb-9e26-adf85c772e36 (type: router_ports) to 3
2026-07-15 06:10:18.518 9 INFO neutron.notifiers.nova [-] Nova event matching ['req-aa03610d-0c3c-48ca-87b2-109f9208081e'] response: {'server_uuid': 'b3bde64e-a243-44f9-8522-c72cc0a09287', 'name': 'network-vif-plugged', 'status': 'completed', 'tag': 'ed8b55c3-e933-4763-8401-0540f2a6172b', 'code': 200}
2026-07-15 06:10:18.519 9 INFO neutron.notifiers.nova [-] Nova event matching ['req-aa03610d-0c3c-48ca-87b2-109f9208081e'] response: {'server_uuid': 'b3bde64e-a243-44f9-8522-c72cc0a09287', 'name': 'network-vif-plugged', 'status': 'completed', 'tag': 'ed8b55c3-e933-4763-8401-0540f2a6172b', 'code': 200}
2026-07-15 06:10:18.696 9 INFO neutron.wsgi [req-5a8797d4-48e2-44f8-90a5-7c39c841be2a req-8ca9a16d-7eb5-4d01-b872-a858793ebb65 dced2ab65efe4545a9b47d9ff3f526ad 3617ef89ee794eefa1f8dea661d0a45c - - default default] 10.0.0.123 "GET /v2.0/ports?device_id=6f1cf9a8-c067-4269-ae3d-26213864e6db HTTP/1.1" status: 200 len: 1170 time: 0.1024957
2026-07-15 06:10:18.748 9 INFO neutron.wsgi [req-5a8797d4-48e2-44f8-90a5-7c39c841be2a req-15c7b6f7-5442-4bff-9f24-72b9e7e259a8 dced2ab65efe4545a9b47d9ff3f526ad 3617ef89ee794eefa1f8dea661d0a45c - - default default] 10.0.0.123 "GET /v2.0/security-groups?id=51b9e076-ac36-4a79-853f-b4ea6dc7145c&fields=id&fields=name HTTP/1.1" status: 200 len: 313 time: 0.0465136 /var/lib/openstack/lib/python3.10/site-packages/pycadf/identifier.py:71: UserWarning: Invalid uuid: neutron. To ensure interoperability, identifiers should be a valid uuid. warnings.warn(('Invalid uuid: %s. To ensure interoperability, '
2026-07-15 06:10:18.916 10 INFO neutron.wsgi [req-1deef7f6-dd64-4972-be1c-2d51fcd62eee req-e997719d-76cf-44f1-9637-0a2ce60b51bf bd91ff63cc394f448ba6454035a4cde0 33b1d09920644c478d2b0797132e02e4 - - default default] 10.0.0.123 "GET /v2.0/ports?device_id=b3bde64e-a243-44f9-8522-c72cc0a09287 HTTP/1.1" status: 200 len: 1210 time: 0.1650009
2026-07-15 06:10:18.957 9 INFO neutron.wsgi [req-bf58266b-0c8b-4944-8786-65ed5277b12e req-38cb7e05-d0f0-4d18-87b0-aa9fbaf01510 dced2ab65efe4545a9b47d9ff3f526ad 3617ef89ee794eefa1f8dea661d0a45c - - default default] 199.19.213.21 "GET /v2.0/ports?device_id=6f1cf9a8-c067-4269-ae3d-26213864e6db HTTP/1.1" status: 200 len: 1170 time: 0.0479267
2026-07-15 06:10:18.983 10 INFO neutron.wsgi [None req-63d7930d-be5d-48ef-ac8c-89adca7a8dff 4c4855f1a45f49b6b821cf67e976c39f 6ef1db2977f84414b89bed71d659cc22 - - default default] 10.0.0.166 "GET /v2.0/ports/f7ef7c4c-6f7c-40cb-9e26-adf85c772e36 HTTP/1.1" status: 200 len: 1137 time: 0.0417316
2026-07-15 06:10:18.996 10 INFO neutron.wsgi [req-1deef7f6-dd64-4972-be1c-2d51fcd62eee req-02d09a7b-e55d-4e5b-9c05-78b344adfbef bd91ff63cc394f448ba6454035a4cde0 33b1d09920644c478d2b0797132e02e4 - - default default] 10.0.0.123 "GET /v2.0/security-groups?id=ad186863-dc30-4ec9-93f3-b88ee0b2b0bb&id=756a3766-5517-4572-a0c3-3bc18daeca99&fields=id&fields=name HTTP/1.1" status: 200 len: 405 time: 0.0706673
2026-07-15 06:10:19.124 9 INFO neutron.wsgi [req-4bb991d8-7a0c-4ab2-a51e-0d59a3d354d0 req-2e7e571a-05c6-4499-84d7-c11cf70a1896 bd91ff63cc394f448ba6454035a4cde0 33b1d09920644c478d2b0797132e02e4 - - default default] 10.0.0.123 "GET /v2.0/ports?device_id=b3bde64e-a243-44f9-8522-c72cc0a09287 HTTP/1.1" status: 200 len: 1210 time: 0.0527792
2026-07-15 06:10:19.377 10 INFO neutron.db.l3_db [None req-669e36cb-5ae0-4aae-ada5-b3b3317b8e50 bd91ff63cc394f448ba6454035a4cde0 33b1d09920644c478d2b0797132e02e4 - - - -] Floating IP 238d541a-4dbc-4b68-843d-7b4b1703fbaf associated. External IP: 10.96.250.201, port: ed8b55c3-e933-4763-8401-0540f2a6172b.
2026-07-15 06:10:19.388 9 INFO neutron.db.l3_db [None req-3e40a65d-0470-409a-8de2-a413a40c18f3 dced2ab65efe4545a9b47d9ff3f526ad 3617ef89ee794eefa1f8dea661d0a45c - - - -] Floating IP 3580bc2f-5269-4d35-a77c-a224222882c1 disassociated. External IP: 10.96.250.202, port: 656f5caf-55fa-40b9-af7b-d75c55312825.
2026-07-15 06:10:19.531 10 INFO neutron.db.ovn_revision_numbers_db [None req-669e36cb-5ae0-4aae-ada5-b3b3317b8e50 bd91ff63cc394f448ba6454035a4cde0 33b1d09920644c478d2b0797132e02e4 - - - -] Successfully bumped revision number for resource 238d541a-4dbc-4b68-843d-7b4b1703fbaf (type: floatingips) to 1
2026-07-15 06:10:19.613 10 INFO neutron.db.ovn_revision_numbers_db [None req-669e36cb-5ae0-4aae-ada5-b3b3317b8e50 bd91ff63cc394f448ba6454035a4cde0 33b1d09920644c478d2b0797132e02e4 - - - -] Successfully bumped revision number for resource 238d541a-4dbc-4b68-843d-7b4b1703fbaf (type: floatingips) to 2
2026-07-15 06:10:19.631 9 INFO neutron.wsgi [None req-3e40a65d-0470-409a-8de2-a413a40c18f3 dced2ab65efe4545a9b47d9ff3f526ad 3617ef89ee794eefa1f8dea661d0a45c - - - -] 199.19.213.21 "DELETE /v2.0/ports/656f5caf-55fa-40b9-af7b-d75c55312825 HTTP/1.1" status: 204 len: 173 time: 0.6706800
2026-07-15 06:10:19.638 10 INFO neutron.wsgi [None req-669e36cb-5ae0-4aae-ada5-b3b3317b8e50 bd91ff63cc394f448ba6454035a4cde0 33b1d09920644c478d2b0797132e02e4 - - - -] 10.0.0.166 "PUT /v2.0/floatingips/238d541a-4dbc-4b68-843d-7b4b1703fbaf HTTP/1.1" status: 200 len: 1049 time: 0.5024707
2026-07-15 06:10:19.671 10 INFO neutron.notifiers.nova [-] Nova event matching ['req-688ba95a-68bd-4ecd-af0e-f97c2bc35a40'] response: {'name': 'network-changed', 'server_uuid': 'b3bde64e-a243-44f9-8522-c72cc0a09287', 'tag': 'ed8b55c3-e933-4763-8401-0540f2a6172b', 'status': 'completed', 'code': 200}
2026-07-15 06:10:19.728 9 INFO neutron.wsgi [req-29cfb0db-9d69-48e0-9811-9df357daa98e req-abd89b85-053f-4e5a-81ab-6b7b0f57dda1 ecf185079cda43319eb868f783ee53ce cbab0bc396ce4998b990be672fbe39f9 - - d75b538e44df44d6a7a6107f8abc3b91 d75b538e44df44d6a7a6107f8abc3b91] 199.19.213.21 "GET /v2.0/ports?tenant_id=33b1d09920644c478d2b0797132e02e4&device_id=b3bde64e-a243-44f9-8522-c72cc0a09287 HTTP/1.1" status: 200 len: 1400 time: 0.0376673
2026-07-15 06:10:19.817 9 INFO neutron.wsgi [req-29cfb0db-9d69-48e0-9811-9df357daa98e req-99027a7b-0ebc-43d9-8a3a-a27727d5a1b2 ecf185079cda43319eb868f783ee53ce cbab0bc396ce4998b990be672fbe39f9 - - d75b538e44df44d6a7a6107f8abc3b91 d75b538e44df44d6a7a6107f8abc3b91] 199.19.213.21 "GET /v2.0/networks?id=4b902099-743e-446d-8db6-7a7d13705fe7 HTTP/1.1" status: 200 len: 967 time: 0.0830081
2026-07-15 06:10:19.913 9 INFO neutron.wsgi [req-c800e21f-9a3b-436b-b699-4290d629527b req-529c3f63-874a-4d12-ac0a-62dc56542cb5 dced2ab65efe4545a9b47d9ff3f526ad 3617ef89ee794eefa1f8dea661d0a45c - - default default] 10.0.0.123 "GET /v2.0/ports?device_id=6f1cf9a8-c067-4269-ae3d-26213864e6db HTTP/1.1" status: 200 len: 210 time: 0.0742869
2026-07-15 06:10:20.196 9 INFO neutron.wsgi [req-29cfb0db-9d69-48e0-9811-9df357daa98e req-d2bdf239-30b9-4494-865b-4617c823eac3 ecf185079cda43319eb868f783ee53ce cbab0bc396ce4998b990be672fbe39f9 - - d75b538e44df44d6a7a6107f8abc3b91 d75b538e44df44d6a7a6107f8abc3b91] 199.19.213.21 "GET /v2.0/floatingips?fixed_ip_address=10.100.0.7&port_id=ed8b55c3-e933-4763-8401-0540f2a6172b HTTP/1.1" status: 200 len: 1059 time: 0.3567939
2026-07-15 06:10:20.258 9 INFO neutron.wsgi [None req-fa234f7d-9124-4dab-80a7-25f6b100743c 4c4855f1a45f49b6b821cf67e976c39f 6ef1db2977f84414b89bed71d659cc22 - - - -] 10.0.0.166 "PUT /v2.0/routers/e0d7199e-98fa-4b6a-8cb1-85ac633b3869/remove_router_interface HTTP/1.1" status: 200 len: 503 time: 1.2689853
2026-07-15 06:10:20.263 9 INFO neutron.wsgi [req-29cfb0db-9d69-48e0-9811-9df357daa98e req-b023efe5-1598-4436-b30b-87d1f0f4ee95 ecf185079cda43319eb868f783ee53ce cbab0bc396ce4998b990be672fbe39f9 - - d75b538e44df44d6a7a6107f8abc3b91 d75b538e44df44d6a7a6107f8abc3b91] 199.19.213.21 "GET /v2.0/subnets?id=f3fce3b9-123d-4c0c-93ea-27f6fbcbcbb0 HTTP/1.1" status: 200 len: 864 time: 0.0612860 /var/lib/openstack/lib/python3.10/site-packages/pycadf/identifier.py:71: UserWarning: Invalid uuid: neutron. To ensure interoperability, identifiers should be a valid uuid. warnings.warn(('Invalid uuid: %s. To ensure interoperability, '
2026-07-15 06:10:20.289 9 INFO neutron.wsgi [req-29cfb0db-9d69-48e0-9811-9df357daa98e req-cb62c515-707e-4897-928d-b0dd2521a68e ecf185079cda43319eb868f783ee53ce cbab0bc396ce4998b990be672fbe39f9 - - d75b538e44df44d6a7a6107f8abc3b91 d75b538e44df44d6a7a6107f8abc3b91] 199.19.213.21 "GET /v2.0/ports?network_id=4b902099-743e-446d-8db6-7a7d13705fe7&device_owner=network%3Adhcp HTTP/1.1" status: 200 len: 210 time: 0.0208168
2026-07-15 06:10:20.346 9 INFO neutron.wsgi [req-29cfb0db-9d69-48e0-9811-9df357daa98e req-8fa41c57-cef7-4348-8ef0-f68e07f2f840 ecf185079cda43319eb868f783ee53ce cbab0bc396ce4998b990be672fbe39f9 - - d75b538e44df44d6a7a6107f8abc3b91 d75b538e44df44d6a7a6107f8abc3b91] 199.19.213.21 "GET /v2.0/networks/4b902099-743e-446d-8db6-7a7d13705fe7?fields=segments HTTP/1.1" status: 200 len: 212 time: 0.0517881
2026-07-15 06:10:20.350 10 INFO neutron.wsgi [None req-bae72764-42ba-4eeb-b0c9-4afc7ac9e202 4c4855f1a45f49b6b821cf67e976c39f 6ef1db2977f84414b89bed71d659cc22 - - default default] 10.0.0.166 "GET /v2.0/ports/73c8a865-3f2d-4e64-a54a-df5bfd8f5983 HTTP/1.1" status: 200 len: 1137 time: 0.0863473
2026-07-15 06:10:20.411 9 INFO neutron.wsgi [req-29cfb0db-9d69-48e0-9811-9df357daa98e req-22f86c71-c229-4c06-9668-c8c1037a4e04 ecf185079cda43319eb868f783ee53ce cbab0bc396ce4998b990be672fbe39f9 - - d75b538e44df44d6a7a6107f8abc3b91 d75b538e44df44d6a7a6107f8abc3b91] 199.19.213.21 "GET /v2.0/networks/4b902099-743e-446d-8db6-7a7d13705fe7?fields=provider%3Aphysical_network&fields=provider%3Anetwork_type HTTP/1.1" status: 200 len: 277 time: 0.0583813
2026-07-15 06:10:20.561 9 INFO neutron.notifiers.nova [-] Nova event matching ['req-c214803d-5271-4ee2-9d96-009491d7c972'] response: {'server_uuid': '6f1cf9a8-c067-4269-ae3d-26213864e6db', 'name': 'network-vif-deleted', 'tag': '656f5caf-55fa-40b9-af7b-d75c55312825', 'status': 'completed', 'code': 200}
2026-07-15 06:10:21.027 10 INFO neutron.wsgi [None req-3c9b4ec4-26da-4816-a272-094653cced43 4c4855f1a45f49b6b821cf67e976c39f 6ef1db2977f84414b89bed71d659cc22 - - - -] 10.0.0.166 "PUT /v2.0/routers/e0d7199e-98fa-4b6a-8cb1-85ac633b3869/remove_router_interface HTTP/1.1" status: 200 len: 503 time: 0.6712236 /var/lib/openstack/lib/python3.10/site-packages/pycadf/identifier.py:71: UserWarning: Invalid uuid: neutron. To ensure interoperability, identifiers should be a valid uuid. warnings.warn(('Invalid uuid: %s. To ensure interoperability, '
2026-07-15 06:10:21.058 10 INFO neutron.wsgi [None req-13cab3e1-3e92-4699-9e09-32dad5e80f9f 4c4855f1a45f49b6b821cf67e976c39f 6ef1db2977f84414b89bed71d659cc22 - - default default] 10.0.0.166 "GET /v2.0/ports?device_id=e0d7199e-98fa-4b6a-8cb1-85ac633b3869 HTTP/1.1" status: 200 len: 205 time: 0.0266519
2026-07-15 06:10:21.104 9 INFO neutron.wsgi [None req-2e2d0076-5b53-41b3-bc44-08bb1aeb1ad9 dced2ab65efe4545a9b47d9ff3f526ad 3617ef89ee794eefa1f8dea661d0a45c - - - -] 10.0.0.166 "DELETE /v2.0/security-groups/51b9e076-ac36-4a79-853f-b4ea6dc7145c HTTP/1.1" status: 204 len: 168 time: 0.1311679
2026-07-15 06:10:21.267 10 INFO neutron.wsgi [None req-b604e920-33bf-4ce0-8c17-59d0f4fa5c85 4c4855f1a45f49b6b821cf67e976c39f 6ef1db2977f84414b89bed71d659cc22 - - - -] 10.0.0.166 "DELETE /v2.0/routers/e0d7199e-98fa-4b6a-8cb1-85ac633b3869 HTTP/1.1" status: 204 len: 168 time: 0.2050710
2026-07-15 06:10:21.455 10 INFO neutron.wsgi [None req-ee57a66b-be69-4fff-8a0c-a747ff524cd4 4c4855f1a45f49b6b821cf67e976c39f 6ef1db2977f84414b89bed71d659cc22 - - - -] 10.0.0.166 "DELETE /v2.0/subnets/59185f76-8f22-4775-96c8-70f7df3f7012 HTTP/1.1" status: 204 len: 168 time: 0.1803000
2026-07-15 06:10:21.499 9 INFO neutron.wsgi [None req-bb9bac07-6088-4e8f-9163-b736d148eee5 dced2ab65efe4545a9b47d9ff3f526ad 3617ef89ee794eefa1f8dea661d0a45c - - - -] 10.0.0.166 "DELETE /v2.0/floatingips/3580bc2f-5269-4d35-a77c-a224222882c1 HTTP/1.1" status: 204 len: 168 time: 0.3617876
2026-07-15 06:10:21.672 10 INFO neutron.wsgi [None req-4d947905-1dfe-4ec0-ad41-8cbc42c02d09 4c4855f1a45f49b6b821cf67e976c39f 6ef1db2977f84414b89bed71d659cc22 - - - -] 10.0.0.166 "DELETE /v2.0/subnets/cc5ca0f5-f1da-4cc7-9475-dae5a95e51d6 HTTP/1.1" status: 204 len: 168 time: 0.2108660
2026-07-15 06:10:21.738 9 INFO neutron.plugins.ml2.drivers.ovn.mech_driver.mech_driver [None req-9636f075-5c4a-4bff-ae5a-d3208eaaedf0 - - - - - -] OVN reports status down for port: f586982b-dfe5-48dd-9e8f-17a462b44e5b
2026-07-15 06:10:21.770 10 INFO neutron.wsgi [req-4f88ac23-5e29-4f69-b755-c58c3bbdc20b req-c20f8929-8226-4a30-993c-db1ff66fbaac dced2ab65efe4545a9b47d9ff3f526ad 3617ef89ee794eefa1f8dea661d0a45c - - default default] 10.0.0.123 "GET /v2.0/ports?device_id=3ee504c0-373e-446c-bc3f-8f6bf1c7ff33 HTTP/1.1" status: 200 len: 1170 time: 0.1163969
2026-07-15 06:10:21.814 10 INFO neutron.wsgi [req-4f88ac23-5e29-4f69-b755-c58c3bbdc20b req-fdc498c9-7116-4c3e-8058-e33825b39bb1 dced2ab65efe4545a9b47d9ff3f526ad 3617ef89ee794eefa1f8dea661d0a45c - - default default] 10.0.0.123 "GET /v2.0/security-groups?id=5023bf1e-652d-4921-b187-5a7bc263a1b1&fields=id&fields=name HTTP/1.1" status: 200 len: 311 time: 0.0362699
2026-07-15 06:10:22.066 9 INFO neutron.wsgi [req-7e1b4c10-5d78-4965-9870-f71c464ed944 req-dd9125ad-8fd6-45cf-b8e4-15fedea7e416 dced2ab65efe4545a9b47d9ff3f526ad 3617ef89ee794eefa1f8dea661d0a45c - - default default] 199.19.213.21 "GET /v2.0/ports?device_id=3ee504c0-373e-446c-bc3f-8f6bf1c7ff33 HTTP/1.1" status: 200 len: 1168 time: 0.0656037
2026-07-15 06:10:22.130 9 INFO neutron.db.ovn_revision_numbers_db [None req-9636f075-5c4a-4bff-ae5a-d3208eaaedf0 - - - - - -] Successfully bumped revision number for resource f586982b-dfe5-48dd-9e8f-17a462b44e5b (type: ports) to 5
2026-07-15 06:10:22.193 9 INFO neutron.services.segments.plugin [-] Segment 7cc7eade-64be-4e59-80c7-9f4b1c90a434 resource provider aggregate not found
2026-07-15 06:10:22.197 9 INFO neutron.services.segments.plugin [-] Segment 7cc7eade-64be-4e59-80c7-9f4b1c90a434 resource provider aggregate not found
2026-07-15 06:10:22.225 9 INFO neutron.services.segments.plugin [-] Segment 7cc7eade-64be-4e59-80c7-9f4b1c90a434 resource provider not found; error: Placement Client Error (4xx): {"errors": [{"status": 404, "title": "Not Found", "detail": "The resource could not be found.\n\n No resource provider with uuid 7cc7eade-64be-4e59-80c7-9f4b1c90a434 found for delete ", "request_id": "req-a72cb844-e331-4773-8688-203f236fc7ea"}]}
2026-07-15 06:10:22.227 9 INFO neutron.services.segments.plugin [-] Segment 7cc7eade-64be-4e59-80c7-9f4b1c90a434 resource provider not found; error: Placement Client Error (4xx): {"errors": [{"status": 404, "title": "Not Found", "detail": "The resource could not be found.\n\n No resource provider with uuid 7cc7eade-64be-4e59-80c7-9f4b1c90a434 found for delete ", "request_id": "req-dd11243a-30e7-401b-8138-a443f310bd9c"}]}
2026-07-15 06:10:22.270 9 INFO neutron.wsgi [None req-ffc9c957-94f7-4f70-84af-a98821f84161 4c4855f1a45f49b6b821cf67e976c39f 6ef1db2977f84414b89bed71d659cc22 - - - -] 10.0.0.166 "DELETE /v2.0/networks/aecc217c-d5ef-420d-9592-53947606dbaa HTTP/1.1" status: 204 len: 168 time: 0.5900278
2026-07-15 06:10:22.460 9 INFO neutron.wsgi [None req-91010c7e-08b0-433b-a07c-25a9e8464815 dced2ab65efe4545a9b47d9ff3f526ad 3617ef89ee794eefa1f8dea661d0a45c - - - -] 199.19.213.21 "DELETE /v2.0/ports/f586982b-dfe5-48dd-9e8f-17a462b44e5b HTTP/1.1" status: 204 len: 173 time: 0.3816721
2026-07-15 06:10:22.604 9 INFO neutron.notifiers.nova [-] Nova event matching ['req-4c405f97-67e1-4c34-bdca-53f97e889c94'] response: {'server_uuid': '3ee504c0-373e-446c-bc3f-8f6bf1c7ff33', 'name': 'network-vif-unplugged', 'status': 'completed', 'tag': 'f586982b-dfe5-48dd-9e8f-17a462b44e5b', 'code': 200}
2026-07-15 06:10:22.605 9 INFO neutron.notifiers.nova [-] Nova event matching ['req-4c405f97-67e1-4c34-bdca-53f97e889c94'] response: {'server_uuid': '3ee504c0-373e-446c-bc3f-8f6bf1c7ff33', 'name': 'network-vif-plugged', 'status': 'completed', 'tag': 'f586982b-dfe5-48dd-9e8f-17a462b44e5b', 'code': 200}
2026-07-15 06:10:22.605 9 INFO neutron.notifiers.nova [-] Nova event matching ['req-4c405f97-67e1-4c34-bdca-53f97e889c94'] response: {'server_uuid': '3ee504c0-373e-446c-bc3f-8f6bf1c7ff33', 'name': 'network-vif-deleted', 'tag': 'f586982b-dfe5-48dd-9e8f-17a462b44e5b', 'status': 'completed', 'code': 200}
2026-07-15 06:10:22.691 10 INFO neutron.services.segments.plugin [-] Segment 503ec4af-79cc-474c-948b-c8fa5d070051 resource provider aggregate not found
2026-07-15 06:10:22.696 10 INFO neutron.services.segments.plugin [-] Segment 503ec4af-79cc-474c-948b-c8fa5d070051 resource provider aggregate not found
2026-07-15 06:10:22.710 10 INFO neutron.services.segments.plugin [-] Segment 503ec4af-79cc-474c-948b-c8fa5d070051 resource provider not found; error: Placement Client Error (4xx): {"errors": [{"status": 404, "title": "Not Found", "detail": "The resource could not be found.\n\n No resource provider with uuid 503ec4af-79cc-474c-948b-c8fa5d070051 found for delete ", "request_id": "req-301337d0-764c-4c3b-8fa8-a575e9e30f79"}]}
2026-07-15 06:10:22.717 10 INFO neutron.services.segments.plugin [-] Segment 503ec4af-79cc-474c-948b-c8fa5d070051 resource provider not found; error: Placement Client Error (4xx): {"errors": [{"status": 404, "title": "Not Found", "detail": "The resource could not be found.\n\n No resource provider with uuid 503ec4af-79cc-474c-948b-c8fa5d070051 found for delete ", "request_id": "req-9475494f-0b4a-4b38-957e-99b87866c6c5"}]}
2026-07-15 06:10:22.732 10 INFO neutron.wsgi [None req-bd03c21a-2393-4684-bc4f-cc8aa8c7e14d 4c4855f1a45f49b6b821cf67e976c39f 6ef1db2977f84414b89bed71d659cc22 - - - -] 10.0.0.166 "DELETE /v2.0/networks/e3ec7c99-70f5-431c-8cb9-b70ebe08c670 HTTP/1.1" status: 204 len: 168 time: 0.4568181
2026-07-15 06:10:22.823 10 INFO neutron.db.segments_db [None req-4dce0ca1-0432-46c0-b5ea-81d30aec79b4 4c4855f1a45f49b6b821cf67e976c39f 6ef1db2977f84414b89bed71d659cc22 - - - -] Added segment 3d703da4-71ec-4903-8e64-727559f7e7da of type geneve for network b7af3b53-070d-46b1-97bb-9503438911ff /var/lib/openstack/lib/python3.10/site-packages/pycadf/identifier.py:71: UserWarning: Invalid uuid: neutron. To ensure interoperability, identifiers should be a valid uuid. warnings.warn(('Invalid uuid: %s. To ensure interoperability, '
2026-07-15 06:10:22.980 10 INFO neutron.db.ovn_revision_numbers_db [None req-4dce0ca1-0432-46c0-b5ea-81d30aec79b4 4c4855f1a45f49b6b821cf67e976c39f 6ef1db2977f84414b89bed71d659cc22 - - - -] Successfully bumped revision number for resource b7af3b53-070d-46b1-97bb-9503438911ff (type: networks) to 1
2026-07-15 06:10:23.016 9 INFO neutron.wsgi [None req-7e5d5b66-ec6d-40e3-8046-a14451780e4c dced2ab65efe4545a9b47d9ff3f526ad 3617ef89ee794eefa1f8dea661d0a45c - - - -] 10.0.0.166 "DELETE /v2.0/security-groups/5023bf1e-652d-4921-b187-5a7bc263a1b1 HTTP/1.1" status: 204 len: 168 time: 0.1406083
2026-07-15 06:10:23.343 10 WARNING neutron.plugins.ml2.drivers.ovn.mech_driver.ovsdb.ovn_client [None req-bceb5e37-e2e9-4c25-b4a6-b028aa7fbee5 - - - - - -] No port found with ID f7ef7c4c-6f7c-40cb-9e26-adf85c772e36: RuntimeError: No port found with ID f7ef7c4c-6f7c-40cb-9e26-adf85c772e36
2026-07-15 06:10:23.371 10 INFO neutron.plugins.ml2.drivers.ovn.mech_driver.mech_driver [None req-bceb5e37-e2e9-4c25-b4a6-b028aa7fbee5 - - - - - -] OVN reports status down for port: 656f5caf-55fa-40b9-af7b-d75c55312825
2026-07-15 06:10:23.475 10 WARNING neutron.scheduler.dhcp_agent_scheduler [None req-4dce0ca1-0432-46c0-b5ea-81d30aec79b4 4c4855f1a45f49b6b821cf67e976c39f 6ef1db2977f84414b89bed71d659cc22 - - - -] No more DHCP agents
2026-07-15 06:10:23.477 10 WARNING neutron.api.rpc.agentnotifiers.dhcp_rpc_agent_api [None req-4dce0ca1-0432-46c0-b5ea-81d30aec79b4 4c4855f1a45f49b6b821cf67e976c39f 6ef1db2977f84414b89bed71d659cc22 - - - -] Unable to schedule network b7af3b53-070d-46b1-97bb-9503438911ff: no agents available; will retry on subsequent port and subnet creation events.
2026-07-15 06:10:23.536 10 INFO neutron.db.ovn_revision_numbers_db [None req-4dce0ca1-0432-46c0-b5ea-81d30aec79b4 4c4855f1a45f49b6b821cf67e976c39f 6ef1db2977f84414b89bed71d659cc22 - - - -] Successfully bumped revision number for resource 0ae10734-6df9-420e-8f86-7ce1b57620ac (type: ports) to 1
2026-07-15 06:10:23.562 10 INFO neutron.wsgi [None req-4dce0ca1-0432-46c0-b5ea-81d30aec79b4 4c4855f1a45f49b6b821cf67e976c39f 6ef1db2977f84414b89bed71d659cc22 - - - -] 10.0.0.166 "POST /v2.0/networks HTTP/1.1" status: 201 len: 828 time: 0.8202751 /var/lib/openstack/lib/python3.10/site-packages/pycadf/identifier.py:71: UserWarning: Invalid uuid: neutron. To ensure interoperability, identifiers should be a valid uuid. warnings.warn(('Invalid uuid: %s. To ensure interoperability, '
2026-07-15 06:10:23.829 10 WARNING neutron.scheduler.dhcp_agent_scheduler [None req-bf374d7d-2977-41ee-9144-303145968a2f 4c4855f1a45f49b6b821cf67e976c39f 6ef1db2977f84414b89bed71d659cc22 - - - -] No more DHCP agents
2026-07-15 06:10:23.832 10 WARNING neutron.api.rpc.agentnotifiers.dhcp_rpc_agent_api [None req-bf374d7d-2977-41ee-9144-303145968a2f 4c4855f1a45f49b6b821cf67e976c39f 6ef1db2977f84414b89bed71d659cc22 - - - -] Unable to schedule network b7af3b53-070d-46b1-97bb-9503438911ff: no agents available; will retry on subsequent port and subnet creation events.
2026-07-15 06:10:23.906 9 INFO neutron.wsgi [None req-c6ad5ff5-bc0b-4afc-9576-66931e476c7b dced2ab65efe4545a9b47d9ff3f526ad 3617ef89ee794eefa1f8dea661d0a45c - - - -] 10.0.0.166 "PUT /v2.0/routers/9a31e932-3fe1-4a17-8d0e-6c8a825e9047/remove_router_interface HTTP/1.1" status: 200 len: 503 time: 0.8546071
2026-07-15 06:10:24.179 10 INFO neutron.wsgi [None req-ccbb7bec-c8df-401d-9105-85d4a4e0959b dced2ab65efe4545a9b47d9ff3f526ad 3617ef89ee794eefa1f8dea661d0a45c - - - -] 10.0.0.166 "DELETE /v2.0/subnets/5c1e356f-159e-4838-a77c-fb35c97cfcea HTTP/1.1" status: 204 len: 168 time: 0.2683220 /var/lib/openstack/lib/python3.10/site-packages/pycadf/identifier.py:71: UserWarning: Invalid uuid: neutron. To ensure interoperability, identifiers should be a valid uuid. warnings.warn(('Invalid uuid: %s. To ensure interoperability, '
2026-07-15 06:10:24.337 10 INFO neutron.db.ovn_revision_numbers_db [None req-bf374d7d-2977-41ee-9144-303145968a2f 4c4855f1a45f49b6b821cf67e976c39f 6ef1db2977f84414b89bed71d659cc22 - - - -] Successfully bumped revision number for resource 0ae10734-6df9-420e-8f86-7ce1b57620ac (type: ports) to 2
2026-07-15 06:10:24.354 10 INFO neutron.db.ovn_revision_numbers_db [None req-bf374d7d-2977-41ee-9144-303145968a2f 4c4855f1a45f49b6b821cf67e976c39f 6ef1db2977f84414b89bed71d659cc22 - - - -] Successfully bumped revision number for resource 65cbe03d-396c-4929-9265-406c78ceb386 (type: subnets) to 0
2026-07-15 06:10:24.369 10 INFO neutron.wsgi [None req-bf374d7d-2977-41ee-9144-303145968a2f 4c4855f1a45f49b6b821cf67e976c39f 6ef1db2977f84414b89bed71d659cc22 - - - -] 10.0.0.166 "POST /v2.0/subnets HTTP/1.1" status: 201 len: 801 time: 0.7994378
2026-07-15 06:10:24.547 10 INFO neutron.db.ovn_revision_numbers_db [None req-946509d7-e35b-4cef-b8f9-b1cac26c3260 4c4855f1a45f49b6b821cf67e976c39f 6ef1db2977f84414b89bed71d659cc22 - - - -] Successfully bumped revision number for resource 9afe62e3-93c9-44db-b081-c2332c006430 (type: routers) to 1
2026-07-15 06:10:24.561 10 INFO neutron.wsgi [None req-946509d7-e35b-4cef-b8f9-b1cac26c3260 4c4855f1a45f49b6b821cf67e976c39f 6ef1db2977f84414b89bed71d659cc22 - - - -] 10.0.0.166 "POST /v2.0/routers HTTP/1.1" status: 201 len: 687 time: 0.1876113
2026-07-15 06:10:24.815 9 INFO neutron.wsgi [None req-c1620392-3d86-473f-a876-6f36b8fc733e dced2ab65efe4545a9b47d9ff3f526ad 3617ef89ee794eefa1f8dea661d0a45c - - - -] 10.0.0.166 "DELETE /v2.0/routers/9a31e932-3fe1-4a17-8d0e-6c8a825e9047 HTTP/1.1" status: 204 len: 168 time: 0.6299546
2026-07-15 06:10:24.930 10 WARNING neutron.scheduler.dhcp_agent_scheduler [None req-2edb578d-21d5-4dea-91a4-33a4eec42054 4c4855f1a45f49b6b821cf67e976c39f 6ef1db2977f84414b89bed71d659cc22 - - - -] No more DHCP agents
2026-07-15 06:10:24.932 10 WARNING neutron.api.rpc.agentnotifiers.dhcp_rpc_agent_api [None req-2edb578d-21d5-4dea-91a4-33a4eec42054 4c4855f1a45f49b6b821cf67e976c39f 6ef1db2977f84414b89bed71d659cc22 - - - -] Unable to schedule network b7af3b53-070d-46b1-97bb-9503438911ff: no agents available; will retry on subsequent port and subnet creation events.
2026-07-15 06:10:25.116 10 INFO neutron.db.ovn_revision_numbers_db [None req-2edb578d-21d5-4dea-91a4-33a4eec42054 4c4855f1a45f49b6b821cf67e976c39f 6ef1db2977f84414b89bed71d659cc22 - - - -] Successfully bumped revision number for resource 9f6bee2f-1b33-4772-8861-67d30565715b (type: ports) to 1
2026-07-15 06:10:25.145 10 INFO neutron.wsgi [None req-2edb578d-21d5-4dea-91a4-33a4eec42054 4c4855f1a45f49b6b821cf67e976c39f 6ef1db2977f84414b89bed71d659cc22 - - - -] 10.0.0.166 "POST /v2.0/ports HTTP/1.1" status: 201 len: 1146 time: 0.5742691 /var/lib/openstack/lib/python3.10/site-packages/pycadf/identifier.py:71: UserWarning: Invalid uuid: neutron. To ensure interoperability, identifiers should be a valid uuid. warnings.warn(('Invalid uuid: %s. To ensure interoperability, '
2026-07-15 06:10:25.345 10 INFO neutron.services.segments.plugin [-] Segment 98c5d34f-0f0e-4490-8b79-a5431addcbbd resource provider aggregate not found
2026-07-15 06:10:25.353 10 INFO neutron.services.segments.plugin [-] Segment 98c5d34f-0f0e-4490-8b79-a5431addcbbd resource provider aggregate not found
2026-07-15 06:10:25.377 10 INFO neutron.services.segments.plugin [-] Segment 98c5d34f-0f0e-4490-8b79-a5431addcbbd resource provider not found; error: Placement Client Error (4xx): {"errors": [{"status": 404, "title": "Not Found", "detail": "The resource could not be found.\n\n No resource provider with uuid 98c5d34f-0f0e-4490-8b79-a5431addcbbd found for delete ", "request_id": "req-16e6440d-0168-4e1e-96c2-5c99b679c8be"}]}
2026-07-15 06:10:25.379 10 INFO neutron.services.segments.plugin [-] Segment 98c5d34f-0f0e-4490-8b79-a5431addcbbd resource provider not found; error: Placement Client Error (4xx): {"errors": [{"status": 404, "title": "Not Found", "detail": "The resource could not be found.\n\n No resource provider with uuid 98c5d34f-0f0e-4490-8b79-a5431addcbbd found for delete ", "request_id": "req-fe813025-f1e0-4bf6-88e9-0b6ab1a81bc4"}]}
2026-07-15 06:10:25.429 10 INFO neutron.wsgi [None req-9c9dd168-9660-4080-8b6f-443f63ded44f dced2ab65efe4545a9b47d9ff3f526ad 3617ef89ee794eefa1f8dea661d0a45c - - - -] 10.0.0.166 "DELETE /v2.0/networks/5b4ede0d-4140-496b-87e3-e8c26a97b693 HTTP/1.1" status: 204 len: 168 time: 0.6080530
2026-07-15 06:10:25.667 10 INFO neutron.plugins.ml2.drivers.ovn.mech_driver.mech_driver [None req-bceb5e37-e2e9-4c25-b4a6-b028aa7fbee5 - - - - - -] OVN reports status up for port: 9f6bee2f-1b33-4772-8861-67d30565715b
2026-07-15 06:10:25.674 10 INFO neutron.plugins.ml2.plugin [None req-bceb5e37-e2e9-4c25-b4a6-b028aa7fbee5 - - - - - -] Attempt 1 to provision port 9f6bee2f-1b33-4772-8861-67d30565715b
2026-07-15 06:10:25.678 10 INFO neutron.db.ovn_revision_numbers_db [None req-58eb4873-0193-4a10-b03e-75859e7f8779 4c4855f1a45f49b6b821cf67e976c39f 6ef1db2977f84414b89bed71d659cc22 - - default default] Successfully bumped revision number for resource 9f6bee2f-1b33-4772-8861-67d30565715b (type: router_ports) to 2
2026-07-15 06:10:26.147 10 INFO neutron.db.ovn_revision_numbers_db [None req-58eb4873-0193-4a10-b03e-75859e7f8779 4c4855f1a45f49b6b821cf67e976c39f 6ef1db2977f84414b89bed71d659cc22 - - default default] Successfully bumped revision number for resource 9f6bee2f-1b33-4772-8861-67d30565715b (type: ports) to 2
2026-07-15 06:10:26.168 9 INFO neutron.wsgi [None req-cd26bf43-a7a9-4c16-88c1-8286226d98d9 bc890da7b1e045df99b7fb40a936d507 524d02558d484f44874de52b6ff81980 - - default default] 10.0.0.166 "GET /v2.0/security-groups?tenant_id=3617ef89ee794eefa1f8dea661d0a45c&name=default HTTP/1.1" status: 200 len: 2996 time: 0.1425774
2026-07-15 06:10:26.270 10 INFO neutron.db.ovn_revision_numbers_db [None req-bceb5e37-e2e9-4c25-b4a6-b028aa7fbee5 - - - - - -] Successfully bumped revision number for resource 9f6bee2f-1b33-4772-8861-67d30565715b (type: ports) to 3
2026-07-15 06:10:26.360 9 INFO neutron.wsgi [None req-83265ce2-e0e6-42af-b7eb-250b2663b22b bc890da7b1e045df99b7fb40a936d507 524d02558d484f44874de52b6ff81980 - - - -] 10.0.0.166 "DELETE /v2.0/security-groups/e66b8dbe-37cf-4a68-ac49-b770af5c8c24 HTTP/1.1" status: 204 len: 168 time: 0.1851232
2026-07-15 06:10:26.422 10 INFO neutron.db.ovn_revision_numbers_db [None req-bceb5e37-e2e9-4c25-b4a6-b028aa7fbee5 - - - - - -] Successfully bumped revision number for resource 9f6bee2f-1b33-4772-8861-67d30565715b (type: router_ports) to 3
2026-07-15 06:10:26.551 9 INFO neutron.db.ovn_revision_numbers_db [None req-1c8660e2-621a-47d4-b622-62a669e44594 bc890da7b1e045df99b7fb40a936d507 524d02558d484f44874de52b6ff81980 - - default default] Successfully bumped revision number for resource 3e430d48-891e-4489-aecf-a1f885e4c525 (type: security_groups) to 1
2026-07-15 06:10:26.574 9 INFO neutron.wsgi [None req-1c8660e2-621a-47d4-b622-62a669e44594 bc890da7b1e045df99b7fb40a936d507 524d02558d484f44874de52b6ff81980 - - default default] 10.0.0.166 "GET /v2.0/security-groups?tenant_id=3d45c86cf526407a8d8e353634839600&name=default HTTP/1.1" status: 200 len: 2996 time: 0.1155307
2026-07-15 06:10:26.739 9 INFO neutron.wsgi [None req-310ff6f0-9119-4f47-9a35-aa120ecaa4f3 bc890da7b1e045df99b7fb40a936d507 524d02558d484f44874de52b6ff81980 - - - -] 10.0.0.166 "DELETE /v2.0/security-groups/3e430d48-891e-4489-aecf-a1f885e4c525 HTTP/1.1" status: 204 len: 168 time: 0.1608655
2026-07-15 06:10:26.813 10 INFO neutron.db.ovn_revision_numbers_db [None req-58eb4873-0193-4a10-b03e-75859e7f8779 4c4855f1a45f49b6b821cf67e976c39f 6ef1db2977f84414b89bed71d659cc22 - - default default] Successfully bumped revision number for resource 9f6bee2f-1b33-4772-8861-67d30565715b (type: ports) to 4
2026-07-15 06:10:26.883 10 WARNING neutron.scheduler.dhcp_agent_scheduler [None req-58eb4873-0193-4a10-b03e-75859e7f8779 4c4855f1a45f49b6b821cf67e976c39f 6ef1db2977f84414b89bed71d659cc22 - - default default] No more DHCP agents
2026-07-15 06:10:26.886 10 WARNING neutron.api.rpc.agentnotifiers.dhcp_rpc_agent_api [None req-58eb4873-0193-4a10-b03e-75859e7f8779 4c4855f1a45f49b6b821cf67e976c39f 6ef1db2977f84414b89bed71d659cc22 - - default default] Unable to schedule network b7af3b53-070d-46b1-97bb-9503438911ff: no agents available; will retry on subsequent port and subnet creation events.
2026-07-15 06:10:27.079 10 INFO neutron.db.ovn_revision_numbers_db [None req-58eb4873-0193-4a10-b03e-75859e7f8779 4c4855f1a45f49b6b821cf67e976c39f 6ef1db2977f84414b89bed71d659cc22 - - - -] Successfully bumped revision number for resource 9f6bee2f-1b33-4772-8861-67d30565715b (type: router_ports) to 4
2026-07-15 06:10:27.081 10 INFO neutron.wsgi [None req-58eb4873-0193-4a10-b03e-75859e7f8779 4c4855f1a45f49b6b821cf67e976c39f 6ef1db2977f84414b89bed71d659cc22 - - - -] 10.0.0.166 "PUT /v2.0/routers/9afe62e3-93c9-44db-b081-c2332c006430/add_router_interface HTTP/1.1" status: 200 len: 503 time: 1.9292352
2026-07-15 06:10:27.173 9 INFO neutron.wsgi [None req-bad72ada-0987-44a9-99ec-bd5a9633f7e6 4c4855f1a45f49b6b821cf67e976c39f 6ef1db2977f84414b89bed71d659cc22 - - default default] 10.0.0.166 "GET /v2.0/ports/9f6bee2f-1b33-4772-8861-67d30565715b HTTP/1.1" status: 200 len: 1204 time: 0.0858703 /var/lib/openstack/lib/python3.10/site-packages/pycadf/identifier.py:71: UserWarning: Invalid uuid: neutron. To ensure interoperability, identifiers should be a valid uuid. warnings.warn(('Invalid uuid: %s. To ensure interoperability, '
2026-07-15 06:10:27.324 9 INFO neutron.wsgi [req-a48e160b-b9f3-4232-ba27-ba86aa962db1 req-5f5d6358-58f2-4888-ac97-545a153d6f58 ecf185079cda43319eb868f783ee53ce cbab0bc396ce4998b990be672fbe39f9 - - d75b538e44df44d6a7a6107f8abc3b91 d75b538e44df44d6a7a6107f8abc3b91] 10.0.0.252 "GET /v2.0/ports?device_id=54f6188d-d265-4210-a314-25a3a2d27d54 HTTP/1.1" status: 200 len: 1365 time: 0.0413947 /var/lib/openstack/lib/python3.10/site-packages/pycadf/identifier.py:71: UserWarning: Invalid uuid: neutron. To ensure interoperability, identifiers should be a valid uuid. warnings.warn(('Invalid uuid: %s. To ensure interoperability, '
2026-07-15 06:10:27.379 9 INFO neutron.wsgi [req-a48e160b-b9f3-4232-ba27-ba86aa962db1 req-682ae6cb-317a-4929-ade8-8dce72f8dd94 ecf185079cda43319eb868f783ee53ce cbab0bc396ce4998b990be672fbe39f9 - - d75b538e44df44d6a7a6107f8abc3b91 d75b538e44df44d6a7a6107f8abc3b91] 10.0.0.252 "GET /v2.0/security-groups?id=568ebaca-deb3-45a1-b143-7bd165684ac9&fields=id&fields=name HTTP/1.1" status: 200 len: 313 time: 0.0476017
2026-07-15 06:10:28.218 9 INFO neutron.wsgi [None req-e830bdf4-b8ef-49d0-a094-8af6997e1eb4 4c4855f1a45f49b6b821cf67e976c39f 6ef1db2977f84414b89bed71d659cc22 - - - -] 10.0.0.166 "PUT /v2.0/routers/9afe62e3-93c9-44db-b081-c2332c006430/remove_router_interface HTTP/1.1" status: 200 len: 503 time: 1.0405903 /var/lib/openstack/lib/python3.10/site-packages/pycadf/identifier.py:71: UserWarning: Invalid uuid: neutron. To ensure interoperability, identifiers should be a valid uuid. warnings.warn(('Invalid uuid: %s. To ensure interoperability, '
2026-07-15 06:10:28.327 10 INFO neutron.api.v2.resource [None req-6ef20d73-63ff-42b4-b0d3-6eea3389ace7 4c4855f1a45f49b6b821cf67e976c39f 6ef1db2977f84414b89bed71d659cc22 - - default default] remove_router_interface failed (client error): The resource could not be found.
2026-07-15 06:10:28.328 10 INFO neutron.wsgi [None req-6ef20d73-63ff-42b4-b0d3-6eea3389ace7 4c4855f1a45f49b6b821cf67e976c39f 6ef1db2977f84414b89bed71d659cc22 - - default default] 10.0.0.166 "PUT /v2.0/routers/9afe62e3-93c9-44db-b081-c2332c006430/remove_router_interface HTTP/1.1" status: 404 len: 398 time: 0.1060913
2026-07-15 06:10:28.354 10 INFO neutron.wsgi [None req-add464fb-b023-4139-841e-bed16d6cc648 4c4855f1a45f49b6b821cf67e976c39f 6ef1db2977f84414b89bed71d659cc22 - - default default] 10.0.0.166 "GET /v2.0/ports?device_id=9afe62e3-93c9-44db-b081-c2332c006430 HTTP/1.1" status: 200 len: 205 time: 0.0207310
2026-07-15 06:10:28.615 10 INFO neutron.wsgi [None req-03cf2d07-ce5a-4610-a697-40b793dc2c04 4c4855f1a45f49b6b821cf67e976c39f 6ef1db2977f84414b89bed71d659cc22 - - - -] 10.0.0.166 "DELETE /v2.0/routers/9afe62e3-93c9-44db-b081-c2332c006430 HTTP/1.1" status: 204 len: 168 time: 0.2559350
2026-07-15 06:10:28.778 10 INFO neutron.wsgi [None req-e8543c22-d260-4107-9d10-dedc6a9f226a 4c4855f1a45f49b6b821cf67e976c39f 6ef1db2977f84414b89bed71d659cc22 - - - -] 10.0.0.166 "DELETE /v2.0/subnets/65cbe03d-396c-4929-9265-406c78ceb386 HTTP/1.1" status: 204 len: 168 time: 0.1587124
2026-07-15 06:10:29.140 10 INFO neutron.services.segments.plugin [-] Segment 3d703da4-71ec-4903-8e64-727559f7e7da resource provider aggregate not found
2026-07-15 06:10:29.145 10 INFO neutron.services.segments.plugin [-] Segment 3d703da4-71ec-4903-8e64-727559f7e7da resource provider aggregate not found
2026-07-15 06:10:29.167 10 INFO neutron.services.segments.plugin [-] Segment 3d703da4-71ec-4903-8e64-727559f7e7da resource provider not found; error: Placement Client Error (4xx): {"errors": [{"status": 404, "title": "Not Found", "detail": "The resource could not be found.\n\n No resource provider with uuid 3d703da4-71ec-4903-8e64-727559f7e7da found for delete ", "request_id": "req-a920fdc0-0d24-41b9-92fe-f905205674d7"}]}
2026-07-15 06:10:29.168 10 INFO neutron.services.segments.plugin [-] Segment 3d703da4-71ec-4903-8e64-727559f7e7da resource provider not found; error: Placement Client Error (4xx): {"errors": [{"status": 404, "title": "Not Found", "detail": "The resource could not be found.\n\n No resource provider with uuid 3d703da4-71ec-4903-8e64-727559f7e7da found for delete ", "request_id": "req-2f6f1ff2-126c-4a71-b582-61c01722036f"}]}
2026-07-15 06:10:29.196 10 INFO neutron.wsgi [None req-d15f2212-15e2-4418-82ef-f94eff3f4d7d 4c4855f1a45f49b6b821cf67e976c39f 6ef1db2977f84414b89bed71d659cc22 - - - -] 10.0.0.166 "DELETE /v2.0/networks/b7af3b53-070d-46b1-97bb-9503438911ff HTTP/1.1" status: 204 len: 168 time: 0.4122386 /var/lib/openstack/lib/python3.10/site-packages/pycadf/identifier.py:71: UserWarning: Invalid uuid: neutron. To ensure interoperability, identifiers should be a valid uuid. warnings.warn(('Invalid uuid: %s. To ensure interoperability, '
2026-07-15 06:10:29.289 9 INFO neutron.db.segments_db [None req-8ccbfdd6-6574-4bcc-9224-bd8e071d4a05 4c4855f1a45f49b6b821cf67e976c39f 6ef1db2977f84414b89bed71d659cc22 - - - -] Added segment a5afacd7-d111-425e-9881-613560db0004 of type geneve for network 740b15e2-2b96-4c50-8caf-37702cb254fe
2026-07-15 06:10:29.423 9 INFO neutron.db.ovn_revision_numbers_db [None req-8ccbfdd6-6574-4bcc-9224-bd8e071d4a05 4c4855f1a45f49b6b821cf67e976c39f 6ef1db2977f84414b89bed71d659cc22 - - - -] Successfully bumped revision number for resource 740b15e2-2b96-4c50-8caf-37702cb254fe (type: networks) to 1
2026-07-15 06:10:29.613 9 WARNING neutron.scheduler.dhcp_agent_scheduler [None req-8ccbfdd6-6574-4bcc-9224-bd8e071d4a05 4c4855f1a45f49b6b821cf67e976c39f 6ef1db2977f84414b89bed71d659cc22 - - - -] No more DHCP agents
2026-07-15 06:10:29.615 9 WARNING neutron.api.rpc.agentnotifiers.dhcp_rpc_agent_api [None req-8ccbfdd6-6574-4bcc-9224-bd8e071d4a05 4c4855f1a45f49b6b821cf67e976c39f 6ef1db2977f84414b89bed71d659cc22 - - - -] Unable to schedule network 740b15e2-2b96-4c50-8caf-37702cb254fe: no agents available; will retry on subsequent port and subnet creation events.
2026-07-15 06:10:29.679 9 INFO neutron.db.ovn_revision_numbers_db [None req-8ccbfdd6-6574-4bcc-9224-bd8e071d4a05 4c4855f1a45f49b6b821cf67e976c39f 6ef1db2977f84414b89bed71d659cc22 - - - -] Successfully bumped revision number for resource 4e148115-ef16-41e6-9b13-61404380e956 (type: ports) to 1
2026-07-15 06:10:29.702 9 INFO neutron.wsgi [None req-8ccbfdd6-6574-4bcc-9224-bd8e071d4a05 4c4855f1a45f49b6b821cf67e976c39f 6ef1db2977f84414b89bed71d659cc22 - - - -] 10.0.0.166 "POST /v2.0/networks HTTP/1.1" status: 201 len: 829 time: 0.4992952
2026-07-15 06:10:30.002 9 WARNING neutron.scheduler.dhcp_agent_scheduler [None req-8a2f31fc-e226-4471-b13c-82f654522287 4c4855f1a45f49b6b821cf67e976c39f 6ef1db2977f84414b89bed71d659cc22 - - - -] No more DHCP agents
2026-07-15 06:10:30.006 9 WARNING neutron.api.rpc.agentnotifiers.dhcp_rpc_agent_api [None req-8a2f31fc-e226-4471-b13c-82f654522287 4c4855f1a45f49b6b821cf67e976c39f 6ef1db2977f84414b89bed71d659cc22 - - - -] Unable to schedule network 740b15e2-2b96-4c50-8caf-37702cb254fe: no agents available; will retry on subsequent port and subnet creation events.
2026-07-15 06:10:30.438 9 INFO neutron.db.ovn_revision_numbers_db [None req-8a2f31fc-e226-4471-b13c-82f654522287 4c4855f1a45f49b6b821cf67e976c39f 6ef1db2977f84414b89bed71d659cc22 - - - -] Successfully bumped revision number for resource 4e148115-ef16-41e6-9b13-61404380e956 (type: ports) to 2
2026-07-15 06:10:30.452 9 INFO neutron.db.ovn_revision_numbers_db [None req-8a2f31fc-e226-4471-b13c-82f654522287 4c4855f1a45f49b6b821cf67e976c39f 6ef1db2977f84414b89bed71d659cc22 - - - -] Successfully bumped revision number for resource 0e4ffc58-7f89-4ff0-9271-4837bb0bb7c4 (type: subnets) to 0
2026-07-15 06:10:30.468 9 INFO neutron.wsgi [None req-8a2f31fc-e226-4471-b13c-82f654522287 4c4855f1a45f49b6b821cf67e976c39f 6ef1db2977f84414b89bed71d659cc22 - - - -] 10.0.0.166 "POST /v2.0/subnets HTTP/1.1" status: 201 len: 801 time: 0.7615385
2026-07-15 06:10:30.679 9 INFO neutron.db.ovn_revision_numbers_db [None req-cb6bdd57-b64c-47ad-864b-0b5fb6bfb714 4c4855f1a45f49b6b821cf67e976c39f 6ef1db2977f84414b89bed71d659cc22 - - - -] Successfully bumped revision number for resource e73ee50b-47fb-4261-addb-ea334e2af1bb (type: routers) to 1
2026-07-15 06:10:30.693 9 INFO neutron.wsgi [None req-cb6bdd57-b64c-47ad-864b-0b5fb6bfb714 4c4855f1a45f49b6b821cf67e976c39f 6ef1db2977f84414b89bed71d659cc22 - - - -] 10.0.0.166 "POST /v2.0/routers HTTP/1.1" status: 201 len: 686 time: 0.2178924
2026-07-15 06:10:31.145 9 WARNING neutron.scheduler.dhcp_agent_scheduler [None req-f57d62d0-94e4-4fc6-b060-2691f0460707 4c4855f1a45f49b6b821cf67e976c39f 6ef1db2977f84414b89bed71d659cc22 - - default default] No more DHCP agents
2026-07-15 06:10:31.149 9 WARNING neutron.api.rpc.agentnotifiers.dhcp_rpc_agent_api [None req-f57d62d0-94e4-4fc6-b060-2691f0460707 4c4855f1a45f49b6b821cf67e976c39f 6ef1db2977f84414b89bed71d659cc22 - - default default] Unable to schedule network 740b15e2-2b96-4c50-8caf-37702cb254fe: no agents available; will retry on subsequent port and subnet creation events.
