2026-07-15 05:38:10.749 15 INFO neutron.db.ovn_revision_numbers_db [None req-31b54ac8-b7cc-4726-8c8c-32ef9ff4d255 - - - - - -] Successfully bumped revision number for resource b3058ac8-f6ab-4ab6-923b-56edb0747af6 (type: networks) to 2
2026-07-15 05:38:10.749 15 INFO neutron.plugins.ml2.drivers.ovn.mech_driver.ovsdb.maintenance [None req-31b54ac8-b7cc-4726-8c8c-32ef9ff4d255 - - - - - -] Maintenance task: Synchronization finished (took 0.10 seconds)
2026-07-15 05:38:17.437 10 INFO neutron.wsgi [-] 10.0.0.223 "GET / HTTP/1.1" status: 200 len: 247 time: 0.0023203
2026-07-15 05:38:17.437 9 INFO neutron.wsgi [-] 10.0.0.223 "GET / HTTP/1.1" status: 200 len: 247 time: 0.0026815
2026-07-15 05:38:32.438 10 INFO neutron.wsgi [-] 10.0.0.223 "GET / HTTP/1.1" status: 200 len: 247 time: 0.0028384
2026-07-15 05:38:32.439 9 INFO neutron.wsgi [-] 10.0.0.223 "GET / HTTP/1.1" status: 200 len: 247 time: 0.0033245
2026-07-15 05:38:47.437 10 INFO neutron.wsgi [-] 10.0.0.223 "GET / HTTP/1.1" status: 200 len: 247 time: 0.0023520
2026-07-15 05:38:47.438 9 INFO neutron.wsgi [-] 10.0.0.223 "GET / HTTP/1.1" status: 200 len: 247 time: 0.0028534
2026-07-15 05:39:02.438 10 INFO neutron.wsgi [-] 10.0.0.223 "GET / HTTP/1.1" status: 200 len: 247 time: 0.0027938
2026-07-15 05:39:02.438 9 INFO neutron.wsgi [-] 10.0.0.223 "GET / HTTP/1.1" status: 200 len: 247 time: 0.0027092
2026-07-15 05:39:17.437 9 INFO neutron.wsgi [-] 10.0.0.223 "GET / HTTP/1.1" status: 200 len: 247 time: 0.0023777
2026-07-15 05:39:17.440 10 INFO neutron.wsgi [-] 10.0.0.223 "GET / HTTP/1.1" status: 200 len: 247 time: 0.0012677
2026-07-15 05:39:32.438 9 INFO neutron.wsgi [-] 10.0.0.223 "GET / HTTP/1.1" status: 200 len: 247 time: 0.0024977
2026-07-15 05:39:32.440 10 INFO neutron.wsgi [-] 10.0.0.223 "GET / HTTP/1.1" status: 200 len: 247 time: 0.0038092
2026-07-15 05:39:47.438 9 INFO neutron.wsgi [-] 10.0.0.223 "GET / HTTP/1.1" status: 200 len: 247 time: 0.0024889
2026-07-15 05:39:47.438 10 INFO neutron.wsgi [-] 10.0.0.223 "GET / HTTP/1.1" status: 200 len: 247 time: 0.0026035
2026-07-15 05:39:53.592 9 INFO neutron.wsgi [None req-310b51d6-d30a-4b81-a5f4-e9d533b8dd7e bc890da7b1e045df99b7fb40a936d507 524d02558d484f44874de52b6ff81980 - - default default] 199.19.213.21,10.0.0.223 "GET /v2.0/networks HTTP/1.1" status: 200 len: 928 time: 0.1647828
2026-07-15 05:39:53.672 9 INFO neutron.db.segments_db [None req-0665ca6a-6b05-4ad8-8028-a8f60c320a3a bc890da7b1e045df99b7fb40a936d507 524d02558d484f44874de52b6ff81980 - - - -] Added segment e491e4bd-b48d-46e3-b8e7-71d1d9051284 of type geneve for network f1c98733-b253-417d-bbe4-a77dbdf16249
2026-07-15 05:39:53.809 9 INFO neutron.db.ovn_revision_numbers_db [None req-0665ca6a-6b05-4ad8-8028-a8f60c320a3a bc890da7b1e045df99b7fb40a936d507 524d02558d484f44874de52b6ff81980 - - - -] Successfully bumped revision number for resource f1c98733-b253-417d-bbe4-a77dbdf16249 (type: networks) to 1
2026-07-15 05:39:53.980 9 WARNING neutron.scheduler.dhcp_agent_scheduler [None req-0665ca6a-6b05-4ad8-8028-a8f60c320a3a bc890da7b1e045df99b7fb40a936d507 524d02558d484f44874de52b6ff81980 - - - -] No more DHCP agents
2026-07-15 05:39:53.982 9 WARNING neutron.api.rpc.agentnotifiers.dhcp_rpc_agent_api [None req-0665ca6a-6b05-4ad8-8028-a8f60c320a3a bc890da7b1e045df99b7fb40a936d507 524d02558d484f44874de52b6ff81980 - - - -] Unable to schedule network f1c98733-b253-417d-bbe4-a77dbdf16249: no agents available; will retry on subsequent port and subnet creation events.
2026-07-15 05:39:54.042 9 INFO neutron.db.ovn_revision_numbers_db [None req-0665ca6a-6b05-4ad8-8028-a8f60c320a3a bc890da7b1e045df99b7fb40a936d507 524d02558d484f44874de52b6ff81980 - - - -] Successfully bumped revision number for resource 7517685e-355c-47c2-94cd-65232625bc9e (type: ports) to 1
2026-07-15 05:39:54.061 9 INFO neutron.wsgi [None req-0665ca6a-6b05-4ad8-8028-a8f60c320a3a bc890da7b1e045df99b7fb40a936d507 524d02558d484f44874de52b6ff81980 - - - -] 199.19.213.21,10.0.0.223 "POST /v2.0/networks HTTP/1.1" status: 201 len: 889 time: 0.4647982
2026-07-15 05:39:54.945 9 INFO neutron.wsgi [None req-ddaf7e12-a380-4d17-8b6f-54e4e904d829 bc890da7b1e045df99b7fb40a936d507 524d02558d484f44874de52b6ff81980 - - default default] 199.19.213.21,10.0.0.223 "GET /v2.0/subnets HTTP/1.1" status: 200 len: 819 time: 0.0964477
2026-07-15 05:39:55.132 9 INFO neutron.wsgi [None req-ac2b163f-f660-48ec-b681-4a8042b93202 bc890da7b1e045df99b7fb40a936d507 524d02558d484f44874de52b6ff81980 - - default default] 199.19.213.21,10.0.0.223 "GET /v2.0/networks HTTP/1.1" status: 200 len: 1614 time: 0.1759040
2026-07-15 05:39:55.264 9 WARNING neutron.scheduler.dhcp_agent_scheduler [None req-1a9701b3-713d-493c-8659-574913ea48ce bc890da7b1e045df99b7fb40a936d507 524d02558d484f44874de52b6ff81980 - - - -] No more DHCP agents
2026-07-15 05:39:55.266 9 WARNING neutron.api.rpc.agentnotifiers.dhcp_rpc_agent_api [None req-1a9701b3-713d-493c-8659-574913ea48ce bc890da7b1e045df99b7fb40a936d507 524d02558d484f44874de52b6ff81980 - - - -] Unable to schedule network f1c98733-b253-417d-bbe4-a77dbdf16249: no agents available; will retry on subsequent port and subnet creation events.
2026-07-15 05:39:55.708 9 INFO neutron.db.ovn_revision_numbers_db [None req-1a9701b3-713d-493c-8659-574913ea48ce bc890da7b1e045df99b7fb40a936d507 524d02558d484f44874de52b6ff81980 - - - -] Successfully bumped revision number for resource 7517685e-355c-47c2-94cd-65232625bc9e (type: ports) to 2
2026-07-15 05:39:55.718 9 INFO neutron.db.ovn_revision_numbers_db [None req-1a9701b3-713d-493c-8659-574913ea48ce bc890da7b1e045df99b7fb40a936d507 524d02558d484f44874de52b6ff81980 - - - -] Successfully bumped revision number for resource efaea059-d844-456a-9c6c-6e3ad098ef46 (type: subnets) to 0
2026-07-15 05:39:55.729 9 INFO neutron.wsgi [None req-1a9701b3-713d-493c-8659-574913ea48ce bc890da7b1e045df99b7fb40a936d507 524d02558d484f44874de52b6ff81980 - - - -] 199.19.213.21,10.0.0.223 "POST /v2.0/subnets HTTP/1.1" status: 201 len: 807 time: 0.5929244
2026-07-15 05:39:56.675 9 INFO neutron.wsgi [None req-ed8f6e92-8db6-4302-b3cd-d6c2e21f373e bc890da7b1e045df99b7fb40a936d507 524d02558d484f44874de52b6ff81980 - - default default] 199.19.213.21,10.0.0.223 "GET /v2.0/security-groups?tenant_id=524d02558d484f44874de52b6ff81980 HTTP/1.1" status: 200 len: 2969 time: 0.0721517
2026-07-15 05:39:56.769 9 INFO neutron.db.ovn_revision_numbers_db [None req-1222d8de-f640-4e0a-a885-41e236b9a3ff bc890da7b1e045df99b7fb40a936d507 524d02558d484f44874de52b6ff81980 - - - -] Successfully bumped revision number for resource 9f9a4396-6bdb-436c-a405-d9ea6811d397 (type: security_groups) to 1
2026-07-15 05:39:56.788 9 INFO neutron.wsgi [None req-1222d8de-f640-4e0a-a885-41e236b9a3ff bc890da7b1e045df99b7fb40a936d507 524d02558d484f44874de52b6ff81980 - - - -] 199.19.213.21,10.0.0.223 "POST /v2.0/security-groups HTTP/1.1" status: 201 len: 1733 time: 0.1053388
2026-07-15 05:39:57.733 9 INFO neutron.wsgi [None req-84a20f87-df86-44ff-b854-4c0915d6a996 bc890da7b1e045df99b7fb40a936d507 524d02558d484f44874de52b6ff81980 - - default default] 199.19.213.21,10.0.0.223 "GET /v2.0/security-groups?tenant_id=524d02558d484f44874de52b6ff81980 HTTP/1.1" status: 200 len: 4503 time: 0.0678821
2026-07-15 05:39:57.776 9 INFO neutron.wsgi [None req-78e68616-ac8c-410b-8a21-3346fac93721 bc890da7b1e045df99b7fb40a936d507 524d02558d484f44874de52b6ff81980 - - default default] 199.19.213.21,10.0.0.223 "GET /v2.0/security-groups HTTP/1.1" status: 200 len: 4503 time: 0.0352061
2026-07-15 05:39:57.919 9 INFO neutron.db.ovn_revision_numbers_db [None req-901c31f2-5e10-4e7d-8854-7f3b123e448a bc890da7b1e045df99b7fb40a936d507 524d02558d484f44874de52b6ff81980 - - - -] Successfully bumped revision number for resource 2e356301-139a-4a26-b25c-822952c582eb (type: security_group_rules) to 0
2026-07-15 05:39:57.974 9 INFO neutron.wsgi [None req-901c31f2-5e10-4e7d-8854-7f3b123e448a bc890da7b1e045df99b7fb40a936d507 524d02558d484f44874de52b6ff81980 - - - -] 199.19.213.21,10.0.0.223 "POST /v2.0/security-group-rules HTTP/1.1" status: 201 len: 749 time: 0.1876614
2026-07-15 05:39:58.901 9 INFO neutron.wsgi [None req-5df0015b-ed38-4df4-b0c0-bed45160eec5 bc890da7b1e045df99b7fb40a936d507 524d02558d484f44874de52b6ff81980 - - default default] 199.19.213.21,10.0.0.223 "GET /v2.0/security-groups?tenant_id=524d02558d484f44874de52b6ff81980 HTTP/1.1" status: 200 len: 5085 time: 0.0716584
2026-07-15 05:39:58.955 9 INFO neutron.wsgi [None req-ac455a51-d9c3-44fb-b3e1-59d011badcaa bc890da7b1e045df99b7fb40a936d507 524d02558d484f44874de52b6ff81980 - - default default] 199.19.213.21,10.0.0.223 "GET /v2.0/security-groups HTTP/1.1" status: 200 len: 5085 time: 0.0484364
2026-07-15 05:39:59.064 9 INFO neutron.db.ovn_revision_numbers_db [None req-169cddb9-aeb8-43e0-a9d3-e5d0fcfa28a1 bc890da7b1e045df99b7fb40a936d507 524d02558d484f44874de52b6ff81980 - - - -] Successfully bumped revision number for resource 1398d970-7832-44fe-b2fa-d9a59f2e5ee8 (type: security_group_rules) to 0
2026-07-15 05:39:59.098 9 INFO neutron.wsgi [None req-169cddb9-aeb8-43e0-a9d3-e5d0fcfa28a1 bc890da7b1e045df99b7fb40a936d507 524d02558d484f44874de52b6ff81980 - - - -] 199.19.213.21,10.0.0.223 "POST /v2.0/security-group-rules HTTP/1.1" status: 201 len: 751 time: 0.1374605
2026-07-15 05:39:59.895 9 INFO neutron.wsgi [None req-17a98e27-5a15-4418-af40-ec1a0a29e749 bc890da7b1e045df99b7fb40a936d507 524d02558d484f44874de52b6ff81980 - - default default] 199.19.213.21,10.0.0.223 "GET /v2.0/security-groups?tenant_id=524d02558d484f44874de52b6ff81980 HTTP/1.1" status: 200 len: 5669 time: 0.0776360
2026-07-15 05:39:59.946 9 INFO neutron.wsgi [None req-6ab2d933-51ab-4ed8-8483-d18ca8a04f49 bc890da7b1e045df99b7fb40a936d507 524d02558d484f44874de52b6ff81980 - - default default] 199.19.213.21,10.0.0.223 "GET /v2.0/security-groups HTTP/1.1" status: 200 len: 5669 time: 0.0419929
2026-07-15 05:40:00.061 9 INFO neutron.db.ovn_revision_numbers_db [None req-41b1e42d-14b4-47c4-a516-4de12c99149f bc890da7b1e045df99b7fb40a936d507 524d02558d484f44874de52b6ff81980 - - - -] Successfully bumped revision number for resource 986040a2-ddc5-4441-8352-22545efd0cd9 (type: security_group_rules) to 0
2026-07-15 05:40:00.082 9 INFO neutron.wsgi [None req-41b1e42d-14b4-47c4-a516-4de12c99149f bc890da7b1e045df99b7fb40a936d507 524d02558d484f44874de52b6ff81980 - - - -] 199.19.213.21,10.0.0.223 "POST /v2.0/security-group-rules HTTP/1.1" status: 201 len: 751 time: 0.1264760
2026-07-15 05:40:00.951 9 INFO neutron.wsgi [None req-b1c011f8-f525-4dd4-948b-c9860bda0d1c bc890da7b1e045df99b7fb40a936d507 524d02558d484f44874de52b6ff81980 - - default default] 199.19.213.21,10.0.0.223 "GET /v2.0/security-groups?tenant_id=524d02558d484f44874de52b6ff81980 HTTP/1.1" status: 200 len: 6253 time: 0.0774806
2026-07-15 05:40:01.000 9 INFO neutron.wsgi [None req-665903e6-067f-4e76-bcbf-f5a326ec9386 bc890da7b1e045df99b7fb40a936d507 524d02558d484f44874de52b6ff81980 - - default default] 199.19.213.21,10.0.0.223 "GET /v2.0/security-groups HTTP/1.1" status: 200 len: 6253 time: 0.0421031
2026-07-15 05:40:01.122 9 INFO neutron.db.ovn_revision_numbers_db [None req-46e8b29e-fa16-480c-8ad3-d6d8c742258a bc890da7b1e045df99b7fb40a936d507 524d02558d484f44874de52b6ff81980 - - - -] Successfully bumped revision number for resource 37cae23f-914b-4f61-bb32-8c6c8f4fe664 (type: security_group_rules) to 0
2026-07-15 05:40:01.147 9 INFO neutron.wsgi [None req-46e8b29e-fa16-480c-8ad3-d6d8c742258a bc890da7b1e045df99b7fb40a936d507 524d02558d484f44874de52b6ff81980 - - - -] 199.19.213.21,10.0.0.223 "POST /v2.0/security-group-rules HTTP/1.1" status: 201 len: 751 time: 0.1381230
2026-07-15 05:40:01.981 9 INFO neutron.wsgi [None req-7514ac89-6240-423e-97ff-ea0c5da1d647 bc890da7b1e045df99b7fb40a936d507 524d02558d484f44874de52b6ff81980 - - default default] 199.19.213.21,10.0.0.223 "GET /v2.0/security-groups?tenant_id=524d02558d484f44874de52b6ff81980 HTTP/1.1" status: 200 len: 6837 time: 0.0930614
2026-07-15 05:40:02.024 9 INFO neutron.wsgi [None req-b0c63cd0-3cf1-41f1-9983-5f83d3859726 bc890da7b1e045df99b7fb40a936d507 524d02558d484f44874de52b6ff81980 - - default default] 199.19.213.21,10.0.0.223 "GET /v2.0/security-groups HTTP/1.1" status: 200 len: 6837 time: 0.0344360
2026-07-15 05:40:02.143 9 INFO neutron.db.ovn_revision_numbers_db [None req-4ca72461-4d6b-4b30-9d69-bb66aef0b255 bc890da7b1e045df99b7fb40a936d507 524d02558d484f44874de52b6ff81980 - - - -] Successfully bumped revision number for resource 313f5853-6ffa-4029-bfbd-ceb1c1d1ac9d (type: security_group_rules) to 0
2026-07-15 05:40:02.164 9 INFO neutron.wsgi [None req-4ca72461-4d6b-4b30-9d69-bb66aef0b255 bc890da7b1e045df99b7fb40a936d507 524d02558d484f44874de52b6ff81980 - - - -] 199.19.213.21,10.0.0.223 "POST /v2.0/security-group-rules HTTP/1.1" status: 201 len: 751 time: 0.1317453
2026-07-15 05:40:02.438 10 INFO neutron.wsgi [-] 10.0.0.223 "GET / HTTP/1.1" status: 200 len: 247 time: 0.0030389
2026-07-15 05:40:02.441 9 INFO neutron.wsgi [-] 10.0.0.223 "GET / HTTP/1.1" status: 200 len: 247 time: 0.0028555
2026-07-15 05:40:03.354 9 INFO neutron.wsgi [None req-9e2df3d7-6062-46a5-adf0-c0c484111889 bc890da7b1e045df99b7fb40a936d507 524d02558d484f44874de52b6ff81980 - - default default] 199.19.213.21,10.0.0.223 "GET /v2.0/security-groups HTTP/1.1" status: 200 len: 7421 time: 0.1106200
2026-07-15 05:40:03.429 9 INFO neutron.wsgi [None req-eacce3ba-e7a8-4c93-82a1-6691386ee95c bc890da7b1e045df99b7fb40a936d507 524d02558d484f44874de52b6ff81980 - - default default] 199.19.213.21,10.0.0.223 "GET /v2.0/ports HTTP/1.1" status: 200 len: 2301 time: 0.0691001
2026-07-15 05:40:03.501 9 INFO neutron.wsgi [None req-e55560b4-f6b4-441d-96e7-962e85fd27ac bc890da7b1e045df99b7fb40a936d507 524d02558d484f44874de52b6ff81980 - - default default] 199.19.213.21,10.0.0.223 "GET /v2.0/networks HTTP/1.1" status: 200 len: 1652 time: 0.0655899
2026-07-15 05:40:03.804 9 WARNING neutron.scheduler.dhcp_agent_scheduler [None req-7704068a-45fa-4a8b-bb51-24bd7e55130a bc890da7b1e045df99b7fb40a936d507 524d02558d484f44874de52b6ff81980 - - - -] No more DHCP agents
2026-07-15 05:40:03.805 9 WARNING neutron.api.rpc.agentnotifiers.dhcp_rpc_agent_api [None req-7704068a-45fa-4a8b-bb51-24bd7e55130a bc890da7b1e045df99b7fb40a936d507 524d02558d484f44874de52b6ff81980 - - - -] Unable to schedule network f1c98733-b253-417d-bbe4-a77dbdf16249: no agents available; will retry on subsequent port and subnet creation events.
2026-07-15 05:40:03.929 9 INFO neutron.db.ovn_revision_numbers_db [None req-7704068a-45fa-4a8b-bb51-24bd7e55130a bc890da7b1e045df99b7fb40a936d507 524d02558d484f44874de52b6ff81980 - - - -] Successfully bumped revision number for resource a9992f3a-1d33-4614-8321-dc8a34cbb096 (type: ports) to 1
2026-07-15 05:40:03.946 9 INFO neutron.wsgi [None req-7704068a-45fa-4a8b-bb51-24bd7e55130a bc890da7b1e045df99b7fb40a936d507 524d02558d484f44874de52b6ff81980 - - - -] 199.19.213.21,10.0.0.223 "POST /v2.0/ports HTTP/1.1" status: 201 len: 1281 time: 0.4394317 /var/lib/openstack/lib/python3.10/site-packages/pycadf/identifier.py:71: UserWarning: Invalid uuid: unknown. To ensure interoperability, identifiers should be a valid uuid. warnings.warn(('Invalid uuid: %s. To ensure interoperability, '
2026-07-15 05:40:10.723 9 INFO neutron.pecan_wsgi.hooks.translation [None req-37f69839-4a0f-4ab4-935a-39d3230756e0 bc890da7b1e045df99b7fb40a936d507 524d02558d484f44874de52b6ff81980 - - default default] GET failed (client error): The resource could not be found.
2026-07-15 05:40:10.725 9 INFO neutron.wsgi [None req-37f69839-4a0f-4ab4-935a-39d3230756e0 bc890da7b1e045df99b7fb40a936d507 524d02558d484f44874de52b6ff81980 - - default default] 199.19.213.21,10.0.0.223 "GET /v2.0/ports/octavia-health-manager-port-instance HTTP/1.1" status: 404 len: 314 time: 0.0670230
2026-07-15 05:40:10.771 9 INFO neutron.wsgi [None req-6df49a98-e7c9-481a-a911-a77376bf94f4 bc890da7b1e045df99b7fb40a936d507 524d02558d484f44874de52b6ff81980 - - default default] 199.19.213.21,10.0.0.223 "GET /v2.0/ports?name=octavia-health-manager-port-instance HTTP/1.1" status: 200 len: 1279 time: 0.0410244
2026-07-15 05:40:11.158 9 INFO neutron.db.ovn_revision_numbers_db [None req-711e1307-4e3e-4645-8028-3fdd2cd1381d bc890da7b1e045df99b7fb40a936d507 524d02558d484f44874de52b6ff81980 - - - -] Successfully bumped revision number for resource a9992f3a-1d33-4614-8321-dc8a34cbb096 (type: ports) to 1
2026-07-15 05:40:11.343 9 INFO neutron.db.ovn_revision_numbers_db [None req-711e1307-4e3e-4645-8028-3fdd2cd1381d bc890da7b1e045df99b7fb40a936d507 524d02558d484f44874de52b6ff81980 - - - -] Successfully bumped revision number for resource a9992f3a-1d33-4614-8321-dc8a34cbb096 (type: ports) to 2
2026-07-15 05:40:11.358 9 INFO neutron.wsgi [None req-711e1307-4e3e-4645-8028-3fdd2cd1381d bc890da7b1e045df99b7fb40a936d507 524d02558d484f44874de52b6ff81980 - - - -] 199.19.213.21,10.0.0.223 "PUT /v2.0/ports/a9992f3a-1d33-4614-8321-dc8a34cbb096 HTTP/1.1" status: 200 len: 1318 time: 0.5801606 /var/lib/openstack/lib/python3.10/site-packages/pycadf/identifier.py:71: UserWarning: Invalid uuid: unknown. To ensure interoperability, identifiers should be a valid uuid. warnings.warn(('Invalid uuid: %s. To ensure interoperability, '
2026-07-15 05:40:12.706 9 INFO neutron.wsgi [None req-f65ee9f0-0d4b-4273-8be5-0b8180bc8d42 bc890da7b1e045df99b7fb40a936d507 524d02558d484f44874de52b6ff81980 - - default default] 199.19.213.21,10.0.0.223 "GET /v2.0/ports HTTP/1.1" status: 200 len: 3463 time: 0.0703523
2026-07-15 05:40:13.673 9 INFO neutron.wsgi [None req-64b4c102-ccdc-4a44-a1e2-d5d0f51ed353 bc890da7b1e045df99b7fb40a936d507 524d02558d484f44874de52b6ff81980 - - default default] 199.19.213.21,10.0.0.223 "GET /v2.0/security-groups?tenant_id=524d02558d484f44874de52b6ff81980 HTTP/1.1" status: 200 len: 7421 time: 0.0876203
2026-07-15 05:40:13.770 9 INFO neutron.db.ovn_revision_numbers_db [None req-a9f4d9cc-80b3-410d-b2a8-fba22d21ab3d bc890da7b1e045df99b7fb40a936d507 524d02558d484f44874de52b6ff81980 - - - -] Successfully bumped revision number for resource 87fbf372-fa80-46a0-b5bc-ac4f476d361b (type: security_groups) to 1
2026-07-15 05:40:13.786 9 INFO neutron.wsgi [None req-a9f4d9cc-80b3-410d-b2a8-fba22d21ab3d bc890da7b1e045df99b7fb40a936d507 524d02558d484f44874de52b6ff81980 - - - -] 199.19.213.21,10.0.0.223 "POST /v2.0/security-groups HTTP/1.1" status: 201 len: 1727 time: 0.1078386
2026-07-15 05:40:14.717 9 INFO neutron.wsgi [None req-eb85197b-2422-443c-97d7-53b461a319cd bc890da7b1e045df99b7fb40a936d507 524d02558d484f44874de52b6ff81980 - - default default] 199.19.213.21,10.0.0.223 "GET /v2.0/security-groups?tenant_id=524d02558d484f44874de52b6ff81980 HTTP/1.1" status: 200 len: 8949 time: 0.0979934
2026-07-15 05:40:14.776 9 INFO neutron.wsgi [None req-41d0a9ee-b6ed-4d91-833b-3bd4847e8245 bc890da7b1e045df99b7fb40a936d507 524d02558d484f44874de52b6ff81980 - - default default] 199.19.213.21,10.0.0.223 "GET /v2.0/security-groups HTTP/1.1" status: 200 len: 8949 time: 0.0492024
2026-07-15 05:40:14.888 9 INFO neutron.db.ovn_revision_numbers_db [None req-e22f855b-7306-41b8-a107-45d811901da7 bc890da7b1e045df99b7fb40a936d507 524d02558d484f44874de52b6ff81980 - - - -] Successfully bumped revision number for resource a4eba1b8-58b9-405f-a9fd-8b58e6d0bea3 (type: security_group_rules) to 0
2026-07-15 05:40:14.913 9 INFO neutron.wsgi [None req-e22f855b-7306-41b8-a107-45d811901da7 bc890da7b1e045df99b7fb40a936d507 524d02558d484f44874de52b6ff81980 - - - -] 199.19.213.21,10.0.0.223 "POST /v2.0/security-group-rules HTTP/1.1" status: 201 len: 771 time: 0.1234858
2026-07-15 05:40:15.794 9 INFO neutron.wsgi [None req-ab590354-bbce-4f13-b912-bb20d7bd6466 bc890da7b1e045df99b7fb40a936d507 524d02558d484f44874de52b6ff81980 - - default default] 199.19.213.21,10.0.0.223 "GET /v2.0/security-groups?tenant_id=524d02558d484f44874de52b6ff81980 HTTP/1.1" status: 200 len: 9553 time: 0.1411536
2026-07-15 05:40:15.843 9 INFO neutron.wsgi [None req-cb6ccfe5-bacf-43ca-8d2b-07601d1923db bc890da7b1e045df99b7fb40a936d507 524d02558d484f44874de52b6ff81980 - - default default] 199.19.213.21,10.0.0.223 "GET /v2.0/security-groups HTTP/1.1" status: 200 len: 9553 time: 0.0392008
2026-07-15 05:40:15.978 9 INFO neutron.db.ovn_revision_numbers_db [None req-dfea7ed8-ca49-4000-976b-e371c437dab3 bc890da7b1e045df99b7fb40a936d507 524d02558d484f44874de52b6ff81980 - - - -] Successfully bumped revision number for resource 892473b3-ae1c-46e3-8c2b-9c9718298079 (type: security_group_rules) to 0
2026-07-15 05:40:16.002 9 INFO neutron.wsgi [None req-dfea7ed8-ca49-4000-976b-e371c437dab3 bc890da7b1e045df99b7fb40a936d507 524d02558d484f44874de52b6ff81980 - - - -] 199.19.213.21,10.0.0.223 "POST /v2.0/security-group-rules HTTP/1.1" status: 201 len: 775 time: 0.1480863
2026-07-15 05:40:17.437 10 INFO neutron.wsgi [-] 10.0.0.223 "GET / HTTP/1.1" status: 200 len: 247 time: 0.0026400
2026-07-15 05:40:17.439 9 INFO neutron.wsgi [-] 10.0.0.223 "GET / HTTP/1.1" status: 200 len: 247 time: 0.0033729
2026-07-15 05:40:32.437 9 INFO neutron.wsgi [-] 10.0.0.223 "GET / HTTP/1.1" status: 200 len: 247 time: 0.0017874
2026-07-15 05:40:32.439 9 INFO neutron.wsgi [-] 10.0.0.223 "GET / HTTP/1.1" status: 200 len: 247 time: 0.0014541
2026-07-15 05:40:47.438 9 INFO neutron.wsgi [-] 10.0.0.223 "GET / HTTP/1.1" status: 200 len: 247 time: 0.0029521
2026-07-15 05:40:47.440 10 INFO neutron.wsgi [-] 10.0.0.223 "GET / HTTP/1.1" status: 200 len: 247 time: 0.0043457
2026-07-15 05:41:02.438 10 INFO neutron.wsgi [-] 10.0.0.223 "GET / HTTP/1.1" status: 200 len: 247 time: 0.0024137
2026-07-15 05:41:02.441 10 INFO neutron.wsgi [-] 10.0.0.223 "GET / HTTP/1.1" status: 200 len: 247 time: 0.0018206
2026-07-15 05:41:17.436 10 INFO neutron.wsgi [-] 10.0.0.223 "GET / HTTP/1.1" status: 200 len: 247 time: 0.0012405
2026-07-15 05:41:17.439 9 INFO neutron.wsgi [-] 10.0.0.223 "GET / HTTP/1.1" status: 200 len: 247 time: 0.0029106
2026-07-15 05:41:19.101 9 INFO neutron.wsgi [None req-0d20d380-230e-4adb-821b-af99ec206c29 bc890da7b1e045df99b7fb40a936d507 524d02558d484f44874de52b6ff81980 - - default default] 199.19.213.21,10.0.0.223 "GET /v2.0/quotas/524d02558d484f44874de52b6ff81980 HTTP/1.1" status: 200 len: 362 time: 0.0144222 /var/lib/openstack/lib/python3.10/site-packages/neutron/extensions/quotasv2.py:140: UserWarning: Neutron quota engine will require "--force" parameter to set a quota limit without checking the resource usage. warnings.warn('Neutron quota engine will require "--force" '
2026-07-15 05:41:19.456 9 INFO neutron.wsgi [None req-c19339d7-cfc5-45a3-b698-f34a4051f092 bc890da7b1e045df99b7fb40a936d507 524d02558d484f44874de52b6ff81980 - - default default] 199.19.213.21,10.0.0.223 "PUT /v2.0/quotas/524d02558d484f44874de52b6ff81980 HTTP/1.1" status: 200 len: 361 time: 0.0299759
2026-07-15 05:41:19.748 9 INFO neutron.wsgi [None req-4f805249-4020-47e9-abf5-12c9188efc28 bc890da7b1e045df99b7fb40a936d507 524d02558d484f44874de52b6ff81980 - - default default] 199.19.213.21,10.0.0.223 "GET /v2.0/quotas/524d02558d484f44874de52b6ff81980 HTTP/1.1" status: 200 len: 361 time: 0.0093901
2026-07-15 05:41:32.437 9 INFO neutron.wsgi [-] 10.0.0.223 "GET / HTTP/1.1" status: 200 len: 247 time: 0.0028372
2026-07-15 05:41:32.439 10 INFO neutron.wsgi [-] 10.0.0.223 "GET / HTTP/1.1" status: 200 len: 247 time: 0.0044684
2026-07-15 05:41:47.438 9 INFO neutron.wsgi [-] 10.0.0.223 "GET / HTTP/1.1" status: 200 len: 247 time: 0.0024149
2026-07-15 05:41:47.438 10 INFO neutron.wsgi [-] 10.0.0.223 "GET / HTTP/1.1" status: 200 len: 247 time: 0.0029414
2026-07-15 05:42:02.437 10 INFO neutron.wsgi [-] 10.0.0.223 "GET / HTTP/1.1" status: 200 len: 247 time: 0.0018778
2026-07-15 05:42:02.442 9 INFO neutron.wsgi [-] 10.0.0.223 "GET / HTTP/1.1" status: 200 len: 247 time: 0.0065942
2026-07-15 05:42:17.437 10 INFO neutron.wsgi [-] 10.0.0.223 "GET / HTTP/1.1" status: 200 len: 247 time: 0.0023222
2026-07-15 05:42:17.437 9 INFO neutron.wsgi [-] 10.0.0.223 "GET / HTTP/1.1" status: 200 len: 247 time: 0.0024090
2026-07-15 05:42:32.437 9 INFO neutron.wsgi [-] 10.0.0.223 "GET / HTTP/1.1" status: 200 len: 247 time: 0.0024171
2026-07-15 05:42:32.437 10 INFO neutron.wsgi [-] 10.0.0.223 "GET / HTTP/1.1" status: 200 len: 247 time: 0.0030587
2026-07-15 05:42:47.438 9 INFO neutron.wsgi [-] 10.0.0.223 "GET / HTTP/1.1" status: 200 len: 247 time: 0.0025215
2026-07-15 05:42:47.438 10 INFO neutron.wsgi [-] 10.0.0.223 "GET / HTTP/1.1" status: 200 len: 247 time: 0.0026720
2026-07-15 05:43:02.439 9 INFO neutron.wsgi [-] 10.0.0.223 "GET / HTTP/1.1" status: 200 len: 247 time: 0.0044706
2026-07-15 05:43:02.441 9 INFO neutron.wsgi [-] 10.0.0.223 "GET / HTTP/1.1" status: 200 len: 247 time: 0.0014176
2026-07-15 05:43:10.758 15 INFO neutron.db.ovn_revision_numbers_db [None req-31b54ac8-b7cc-4726-8c8c-32ef9ff4d255 - - - - - -] Successfully bumped revision number for resource f1c98733-b253-417d-bbe4-a77dbdf16249 (type: networks) to 2
2026-07-15 05:43:10.788 15 INFO neutron.db.ovn_revision_numbers_db [None req-31b54ac8-b7cc-4726-8c8c-32ef9ff4d255 - - - - - -] Successfully bumped revision number for resource 9f9a4396-6bdb-436c-a405-d9ea6811d397 (type: security_groups) to 6
2026-07-15 05:43:10.817 15 INFO neutron.db.ovn_revision_numbers_db [None req-31b54ac8-b7cc-4726-8c8c-32ef9ff4d255 - - - - - -] Successfully bumped revision number for resource 87fbf372-fa80-46a0-b5bc-ac4f476d361b (type: security_groups) to 3
2026-07-15 05:43:10.970 15 INFO neutron.db.ovn_revision_numbers_db [None req-31b54ac8-b7cc-4726-8c8c-32ef9ff4d255 - - - - - -] Successfully bumped revision number for resource a9992f3a-1d33-4614-8321-dc8a34cbb096 (type: ports) to 3
2026-07-15 05:43:10.970 15 INFO neutron.plugins.ml2.drivers.ovn.mech_driver.ovsdb.maintenance [None req-31b54ac8-b7cc-4726-8c8c-32ef9ff4d255 - - - - - -] Maintenance task: Synchronization finished (took 0.28 seconds)
2026-07-15 05:43:17.437 10 INFO neutron.wsgi [-] 10.0.0.223 "GET / HTTP/1.1" status: 200 len: 247 time: 0.0023749
2026-07-15 05:43:17.438 9 INFO neutron.wsgi [-] 10.0.0.223 "GET / HTTP/1.1" status: 200 len: 247 time: 0.0029752 /var/lib/openstack/lib/python3.10/site-packages/pycadf/identifier.py:71: UserWarning: Invalid uuid: neutron. To ensure interoperability, identifiers should be a valid uuid. warnings.warn(('Invalid uuid: %s. To ensure interoperability, '
2026-07-15 05:43:19.294 9 INFO neutron.pecan_wsgi.hooks.translation [None req-33fd9174-088d-413d-bd16-faa6a9458001 bc890da7b1e045df99b7fb40a936d507 524d02558d484f44874de52b6ff81980 - - default default] GET failed (client error): The resource could not be found.
2026-07-15 05:43:19.297 9 INFO neutron.wsgi [None req-33fd9174-088d-413d-bd16-faa6a9458001 bc890da7b1e045df99b7fb40a936d507 524d02558d484f44874de52b6ff81980 - - default default] 199.19.213.21 "GET /v2.0/ports/octavia-health-manager-port-instance HTTP/1.1" status: 404 len: 338 time: 0.1574092
2026-07-15 05:43:19.333 9 INFO neutron.wsgi [None req-25a3d193-4fe5-41e2-93a8-9849a506c501 bc890da7b1e045df99b7fb40a936d507 524d02558d484f44874de52b6ff81980 - - default default] 199.19.213.21 "GET /v2.0/ports?name=octavia-health-manager-port-instance HTTP/1.1" status: 200 len: 1373 time: 0.0323715
2026-07-15 05:43:20.863 9 INFO neutron.pecan_wsgi.hooks.translation [None req-395ef0d0-d9ac-4e17-96c5-cc58e04d30a0 bc890da7b1e045df99b7fb40a936d507 524d02558d484f44874de52b6ff81980 - - default default] GET failed (client error): The resource could not be found.
2026-07-15 05:43:20.865 9 INFO neutron.wsgi [None req-395ef0d0-d9ac-4e17-96c5-cc58e04d30a0 bc890da7b1e045df99b7fb40a936d507 524d02558d484f44874de52b6ff81980 - - default default] 199.19.213.21 "GET /v2.0/ports/octavia-health-manager-port-instance HTTP/1.1" status: 404 len: 338 time: 0.0501027
2026-07-15 05:43:20.902 9 INFO neutron.wsgi [None req-f083adaf-f520-4be7-968f-b9b053fc27d8 bc890da7b1e045df99b7fb40a936d507 524d02558d484f44874de52b6ff81980 - - default default] 199.19.213.21 "GET /v2.0/ports?name=octavia-health-manager-port-instance HTTP/1.1" status: 200 len: 1373 time: 0.0343719
2026-07-15 05:43:22.040 10 INFO neutron.plugins.ml2.drivers.ovn.mech_driver.mech_driver [-] OVN reports status up for port: a9992f3a-1d33-4614-8321-dc8a34cbb096
2026-07-15 05:43:22.069 10 INFO neutron.plugins.ml2.plugin [None req-bceb5e37-e2e9-4c25-b4a6-b028aa7fbee5 - - - - - -] Attempt 1 to provision port a9992f3a-1d33-4614-8321-dc8a34cbb096
2026-07-15 05:43:22.322 10 INFO neutron.plugins.ml2.drivers.ovn.mech_driver.ovsdb.extensions.qos [None req-bceb5e37-e2e9-4c25-b4a6-b028aa7fbee5 - - - - - -] Starting OVNClientQosExtension
2026-07-15 05:43:22.323 10 INFO neutron.plugins.ml2.drivers.ovn.mech_driver.ovsdb.extensions.placement [None req-bceb5e37-e2e9-4c25-b4a6-b028aa7fbee5 - - - - - -] Starting OVNClientPlacementExtension
2026-07-15 05:43:22.447 10 INFO neutron.db.ovn_revision_numbers_db [None req-bceb5e37-e2e9-4c25-b4a6-b028aa7fbee5 - - - - - -] Successfully bumped revision number for resource a9992f3a-1d33-4614-8321-dc8a34cbb096 (type: ports) to 4
2026-07-15 05:43:32.437 10 INFO neutron.wsgi [-] 10.0.0.223 "GET / HTTP/1.1" status: 200 len: 247 time: 0.0016530
2026-07-15 05:43:32.441 9 INFO neutron.wsgi [-] 10.0.0.223 "GET / HTTP/1.1" status: 200 len: 247 time: 0.0047669
2026-07-15 05:43:47.437 9 INFO neutron.wsgi [-] 10.0.0.223 "GET / HTTP/1.1" status: 200 len: 247 time: 0.0026078
2026-07-15 05:43:47.439 10 INFO neutron.wsgi [-] 10.0.0.223 "GET / HTTP/1.1" status: 200 len: 247 time: 0.0047858
2026-07-15 05:44:02.438 10 INFO neutron.wsgi [-] 10.0.0.223 "GET / HTTP/1.1" status: 200 len: 247 time: 0.0029399
2026-07-15 05:44:02.440 10 INFO neutron.wsgi [-] 10.0.0.223 "GET / HTTP/1.1" status: 200 len: 247 time: 0.0017788
2026-07-15 05:44:17.437 9 INFO neutron.wsgi [-] 10.0.0.223 "GET / HTTP/1.1" status: 200 len: 247 time: 0.0024257
2026-07-15 05:44:17.440 9 INFO neutron.wsgi [-] 10.0.0.223 "GET / HTTP/1.1" status: 200 len: 247 time: 0.0013254
2026-07-15 05:44:32.438 10 INFO neutron.wsgi [-] 10.0.0.223 "GET / HTTP/1.1" status: 200 len: 247 time: 0.0023472
2026-07-15 05:44:32.440 9 INFO neutron.wsgi [-] 10.0.0.223 "GET / HTTP/1.1" status: 200 len: 247 time: 0.0032508
2026-07-15 05:44:47.437 10 INFO neutron.wsgi [-] 10.0.0.223 "GET / HTTP/1.1" status: 200 len: 247 time: 0.0026212
2026-07-15 05:44:47.437 9 INFO neutron.wsgi [-] 10.0.0.223 "GET / HTTP/1.1" status: 200 len: 247 time: 0.0023623
2026-07-15 05:45:02.442 10 INFO neutron.wsgi [-] 10.0.0.223 "GET / HTTP/1.1" status: 200 len: 247 time: 0.0054576
2026-07-15 05:45:02.446 10 INFO neutron.wsgi [-] 10.0.0.223 "GET / HTTP/1.1" status: 200 len: 247 time: 0.0012660
2026-07-15 05:45:17.438 9 INFO neutron.wsgi [-] 10.0.0.223 "GET / HTTP/1.1" status: 200 len: 247 time: 0.0021908
2026-07-15 05:45:17.438 10 INFO neutron.wsgi [-] 10.0.0.223 "GET / HTTP/1.1" status: 200 len: 247 time: 0.0028050
2026-07-15 05:45:32.438 10 INFO neutron.wsgi [-] 10.0.0.223 "GET / HTTP/1.1" status: 200 len: 247 time: 0.0022969
2026-07-15 05:45:32.440 10 INFO neutron.wsgi [-] 10.0.0.223 "GET / HTTP/1.1" status: 200 len: 247 time: 0.0012984
2026-07-15 05:45:47.437 10 INFO neutron.wsgi [-] 10.0.0.223 "GET / HTTP/1.1" status: 200 len: 247 time: 0.0023921
2026-07-15 05:45:47.439 9 INFO neutron.wsgi [-] 10.0.0.223 "GET / HTTP/1.1" status: 200 len: 247 time: 0.0037062
2026-07-15 05:46:02.437 9 INFO neutron.wsgi [-] 10.0.0.223 "GET / HTTP/1.1" status: 200 len: 247 time: 0.0020576
2026-07-15 05:46:02.439 10 INFO neutron.wsgi [-] 10.0.0.223 "GET / HTTP/1.1" status: 200 len: 247 time: 0.0033672
2026-07-15 05:46:17.437 9 INFO neutron.wsgi [-] 10.0.0.223 "GET / HTTP/1.1" status: 200 len: 247 time: 0.0023413
2026-07-15 05:46:17.438 10 INFO neutron.wsgi [-] 10.0.0.223 "GET / HTTP/1.1" status: 200 len: 247 time: 0.0027750
2026-07-15 05:46:32.436 10 INFO neutron.wsgi [-] 10.0.0.223 "GET / HTTP/1.1" status: 200 len: 247 time: 0.0012825
2026-07-15 05:46:32.438 10 INFO neutron.wsgi [-] 10.0.0.223 "GET / HTTP/1.1" status: 200 len: 247 time: 0.0012500
2026-07-15 05:46:47.437 10 INFO neutron.wsgi [-] 10.0.0.223 "GET / HTTP/1.1" status: 200 len: 247 time: 0.0025725
2026-07-15 05:46:47.438 9 INFO neutron.wsgi [-] 10.0.0.223 "GET / HTTP/1.1" status: 200 len: 247 time: 0.0027804
2026-07-15 05:47:02.437 9 INFO neutron.wsgi [-] 10.0.0.223 "GET / HTTP/1.1" status: 200 len: 247 time: 0.0019348
2026-07-15 05:47:02.440 10 INFO neutron.wsgi [-] 10.0.0.223 "GET / HTTP/1.1" status: 200 len: 247 time: 0.0037704
2026-07-15 05:47:17.438 10 INFO neutron.wsgi [-] 10.0.0.223 "GET / HTTP/1.1" status: 200 len: 247 time: 0.0027969
2026-07-15 05:47:17.441 10 INFO neutron.wsgi [-] 10.0.0.223 "GET / HTTP/1.1" status: 200 len: 247 time: 0.0019510
2026-07-15 05:47:32.437 9 INFO neutron.wsgi [-] 10.0.0.223 "GET / HTTP/1.1" status: 200 len: 247 time: 0.0018313
2026-07-15 05:47:32.439 9 INFO neutron.wsgi [-] 10.0.0.223 "GET / HTTP/1.1" status: 200 len: 247 time: 0.0017695
2026-07-15 05:47:47.437 9 INFO neutron.wsgi [-] 10.0.0.223 "GET / HTTP/1.1" status: 200 len: 247 time: 0.0029604
2026-07-15 05:47:47.437 10 INFO neutron.wsgi [-] 10.0.0.223 "GET / HTTP/1.1" status: 200 len: 247 time: 0.0026040
2026-07-15 05:48:02.439 9 INFO neutron.wsgi [-] 10.0.0.223 "GET / HTTP/1.1" status: 200 len: 247 time: 0.0026152
2026-07-15 05:48:02.442 9 INFO neutron.wsgi [-] 10.0.0.223 "GET / HTTP/1.1" status: 200 len: 247 time: 0.0024095
2026-07-15 05:48:17.438 9 INFO neutron.wsgi [-] 10.0.0.223 "GET / HTTP/1.1" status: 200 len: 247 time: 0.0022979
2026-07-15 05:48:17.438 10 INFO neutron.wsgi [-] 10.0.0.223 "GET / HTTP/1.1" status: 200 len: 247 time: 0.0030267
2026-07-15 05:48:32.439 9 INFO neutron.wsgi [-] 10.0.0.223 "GET / HTTP/1.1" status: 200 len: 247 time: 0.0030134
2026-07-15 05:48:32.441 10 INFO neutron.wsgi [-] 10.0.0.223 "GET / HTTP/1.1" status: 200 len: 247 time: 0.0057454
2026-07-15 05:48:47.437 10 INFO neutron.wsgi [-] 10.0.0.223 "GET / HTTP/1.1" status: 200 len: 247 time: 0.0028126
2026-07-15 05:48:47.438 9 INFO neutron.wsgi [-] 10.0.0.223 "GET / HTTP/1.1" status: 200 len: 247 time: 0.0034862
2026-07-15 05:49:02.438 9 INFO neutron.wsgi [-] 10.0.0.223 "GET / HTTP/1.1" status: 200 len: 247 time: 0.0032630
2026-07-15 05:49:02.442 9 INFO neutron.wsgi [-] 10.0.0.223 "GET / HTTP/1.1" status: 200 len: 247 time: 0.0027676
2026-07-15 05:49:17.438 9 INFO neutron.wsgi [-] 10.0.0.223 "GET / HTTP/1.1" status: 200 len: 247 time: 0.0028605
2026-07-15 05:49:17.440 10 INFO neutron.wsgi [-] 10.0.0.223 "GET / HTTP/1.1" status: 200 len: 247 time: 0.0044410
2026-07-15 05:49:32.437 9 INFO neutron.wsgi [-] 10.0.0.223 "GET / HTTP/1.1" status: 200 len: 247 time: 0.0020270
2026-07-15 05:49:32.440 9 INFO neutron.wsgi [-] 10.0.0.223 "GET / HTTP/1.1" status: 200 len: 247 time: 0.0020247 /var/lib/openstack/lib/python3.10/site-packages/memcache.py:1303: SyntaxWarning: "is" with a literal. Did you mean "=="? if key is '': /var/lib/openstack/lib/python3.10/site-packages/memcache.py:1304: SyntaxWarning: "is" with a literal. Did you mean "=="? if key_extra_len is 0: /var/lib/openstack/lib/python3.10/site-packages/pycadf/identifier.py:71: UserWarning: Invalid uuid: unknown. To ensure interoperability, identifiers should be a valid uuid. warnings.warn(('Invalid uuid: %s. To ensure interoperability, '
2026-07-15 05:49:37.164 10 WARNING oslo_policy.policy [None req-37a1c88b-9a28-4a50-9f8a-2c65e576df7f bc890da7b1e045df99b7fb40a936d507 524d02558d484f44874de52b6ff81980 - - default default] Policies ['delete_port', 'update_port:allowed_address_pairs', 'update_port:allowed_address_pairs:ip_address', 'update_port:allowed_address_pairs:mac_address', 'update_port:fixed_ips', 'update_port:mac_address'] reference a rule that is not defined.
2026-07-15 05:49:37.509 10 INFO neutron.db.ovn_revision_numbers_db [None req-37a1c88b-9a28-4a50-9f8a-2c65e576df7f bc890da7b1e045df99b7fb40a936d507 524d02558d484f44874de52b6ff81980 - - default default] Successfully bumped revision number for resource f24d5376-ed77-4e2c-93ba-23a8aac0f7a7 (type: security_groups) to 1
2026-07-15 05:49:37.535 10 INFO neutron.wsgi [None req-37a1c88b-9a28-4a50-9f8a-2c65e576df7f bc890da7b1e045df99b7fb40a936d507 524d02558d484f44874de52b6ff81980 - - default default] 199.19.213.21,10.0.0.223 "GET /v2.0/security-groups?tenant_id=cbab0bc396ce4998b990be672fbe39f9 HTTP/1.1" status: 200 len: 2973 time: 0.8649158
2026-07-15 05:49:37.635 10 INFO neutron.db.ovn_revision_numbers_db [None req-47007372-f498-459e-b513-592a7038a8ea bc890da7b1e045df99b7fb40a936d507 524d02558d484f44874de52b6ff81980 - - - -] Successfully bumped revision number for resource e2b0640c-eeac-4b6c-b0f5-854ca72f5a26 (type: security_groups) to 1
2026-07-15 05:49:37.656 10 INFO neutron.wsgi [None req-47007372-f498-459e-b513-592a7038a8ea bc890da7b1e045df99b7fb40a936d507 524d02558d484f44874de52b6ff81980 - - - -] 199.19.213.21,10.0.0.223 "POST /v2.0/security-groups HTTP/1.1" status: 201 len: 1741 time: 0.1141431
2026-07-15 05:49:38.623 9 INFO neutron.wsgi [None req-48ce904f-9b5f-4f9d-804b-0c1f7a749059 bc890da7b1e045df99b7fb40a936d507 524d02558d484f44874de52b6ff81980 - - default default] 199.19.213.21,10.0.0.223 "GET /v2.0/security-groups?tenant_id=cbab0bc396ce4998b990be672fbe39f9 HTTP/1.1" status: 200 len: 4515 time: 0.0825589
2026-07-15 05:49:38.688 9 INFO neutron.wsgi [None req-3107b9fb-7afd-4655-ab6c-5ae7e5d909c6 bc890da7b1e045df99b7fb40a936d507 524d02558d484f44874de52b6ff81980 - - default default] 199.19.213.21,10.0.0.223 "GET /v2.0/security-groups HTTP/1.1" status: 200 len: 14480 time: 0.0567768
2026-07-15 05:49:38.791 9 INFO neutron.db.ovn_revision_numbers_db [None req-5d40418f-cb76-496d-9521-f95af46ccb55 bc890da7b1e045df99b7fb40a936d507 524d02558d484f44874de52b6ff81980 - - - -] Successfully bumped revision number for resource 049a267c-dbac-44d0-bb6a-9e9dd89c6689 (type: security_group_rules) to 0
2026-07-15 05:49:38.816 9 INFO neutron.wsgi [None req-5d40418f-cb76-496d-9521-f95af46ccb55 bc890da7b1e045df99b7fb40a936d507 524d02558d484f44874de52b6ff81980 - - - -] 199.19.213.21,10.0.0.223 "POST /v2.0/security-group-rules HTTP/1.1" status: 201 len: 745 time: 0.1184611
2026-07-15 05:49:39.708 10 INFO neutron.wsgi [None req-43a76f3d-830d-4460-a7f0-05e76af63e06 bc890da7b1e045df99b7fb40a936d507 524d02558d484f44874de52b6ff81980 - - default default] 199.19.213.21,10.0.0.223 "GET /v2.0/security-groups?tenant_id=cbab0bc396ce4998b990be672fbe39f9 HTTP/1.1" status: 200 len: 5093 time: 0.0796731
2026-07-15 05:49:39.779 10 INFO neutron.wsgi [None req-1535a39e-e031-4720-8602-836c95d0475b bc890da7b1e045df99b7fb40a936d507 524d02558d484f44874de52b6ff81980 - - default default] 199.19.213.21,10.0.0.223 "GET /v2.0/security-groups HTTP/1.1" status: 200 len: 15058 time: 0.0645351
2026-07-15 05:49:39.936 10 INFO neutron.db.ovn_revision_numbers_db [None req-980258f9-bfc1-423d-b554-daf32994c16e bc890da7b1e045df99b7fb40a936d507 524d02558d484f44874de52b6ff81980 - - - -] Successfully bumped revision number for resource e1d54513-a749-4a8d-8c85-b33a38e55d24 (type: security_group_rules) to 0
2026-07-15 05:49:39.988 10 INFO neutron.wsgi [None req-980258f9-bfc1-423d-b554-daf32994c16e bc890da7b1e045df99b7fb40a936d507 524d02558d484f44874de52b6ff81980 - - - -] 199.19.213.21,10.0.0.223 "POST /v2.0/security-group-rules HTTP/1.1" status: 201 len: 747 time: 0.1975965
2026-07-15 05:49:40.889 9 INFO neutron.wsgi [None req-1458058b-64a9-4195-a22a-1895d5fa07ba bc890da7b1e045df99b7fb40a936d507 524d02558d484f44874de52b6ff81980 - - default default] 199.19.213.21,10.0.0.223 "GET /v2.0/security-groups?tenant_id=cbab0bc396ce4998b990be672fbe39f9 HTTP/1.1" status: 200 len: 5673 time: 0.0702529
2026-07-15 05:49:40.982 9 INFO neutron.wsgi [None req-97ce3a22-cf3a-490b-9218-dc84909246f9 bc890da7b1e045df99b7fb40a936d507 524d02558d484f44874de52b6ff81980 - - default default] 199.19.213.21,10.0.0.223 "GET /v2.0/security-groups HTTP/1.1" status: 200 len: 15638 time: 0.0837874
2026-07-15 05:49:41.090 9 INFO neutron.db.ovn_revision_numbers_db [None req-91d8a80f-71f5-4fda-ac26-310cfd3db7e5 bc890da7b1e045df99b7fb40a936d507 524d02558d484f44874de52b6ff81980 - - - -] Successfully bumped revision number for resource 6ba17d02-c2a0-4e90-a05a-dac9b81abe80 (type: security_group_rules) to 0
2026-07-15 05:49:41.115 9 INFO neutron.wsgi [None req-91d8a80f-71f5-4fda-ac26-310cfd3db7e5 bc890da7b1e045df99b7fb40a936d507 524d02558d484f44874de52b6ff81980 - - - -] 199.19.213.21,10.0.0.223 "POST /v2.0/security-group-rules HTTP/1.1" status: 201 len: 749 time: 0.1244802
2026-07-15 05:49:42.032 9 INFO neutron.wsgi [None req-0f6315de-4518-48a2-a9b5-f7bcd1352a30 bc890da7b1e045df99b7fb40a936d507 524d02558d484f44874de52b6ff81980 - - default default] 199.19.213.21,10.0.0.223 "GET /v2.0/security-groups?tenant_id=cbab0bc396ce4998b990be672fbe39f9 HTTP/1.1" status: 200 len: 6255 time: 0.0833993
2026-07-15 05:49:42.097 9 INFO neutron.wsgi [None req-ab4a73f6-764f-4cd0-990a-33c265b4983f bc890da7b1e045df99b7fb40a936d507 524d02558d484f44874de52b6ff81980 - - default default] 199.19.213.21,10.0.0.223 "GET /v2.0/security-groups HTTP/1.1" status: 200 len: 16220 time: 0.0562901
2026-07-15 05:49:42.216 9 INFO neutron.db.ovn_revision_numbers_db [None req-ed13a60b-6fd4-4f26-b5db-ec0fe75d48c6 bc890da7b1e045df99b7fb40a936d507 524d02558d484f44874de52b6ff81980 - - - -] Successfully bumped revision number for resource dd44cb2e-6ae3-4845-bada-b65a0751225b (type: security_group_rules) to 0
2026-07-15 05:49:42.241 9 INFO neutron.wsgi [None req-ed13a60b-6fd4-4f26-b5db-ec0fe75d48c6 bc890da7b1e045df99b7fb40a936d507 524d02558d484f44874de52b6ff81980 - - - -] 199.19.213.21,10.0.0.223 "POST /v2.0/security-group-rules HTTP/1.1" status: 201 len: 750 time: 0.1304808
2026-07-15 05:49:47.436 9 INFO neutron.wsgi [-] 10.0.0.223 "GET / HTTP/1.1" status: 200 len: 247 time: 0.0017991
2026-07-15 05:49:47.436 10 INFO neutron.wsgi [-] 10.0.0.223 "GET / HTTP/1.1" status: 200 len: 247 time: 0.0019636
2026-07-15 05:50:02.438 10 INFO neutron.wsgi [-] 10.0.0.223 "GET / HTTP/1.1" status: 200 len: 247 time: 0.0025911
2026-07-15 05:50:02.444 10 INFO neutron.wsgi [-] 10.0.0.223 "GET / HTTP/1.1" status: 200 len: 247 time: 0.0048947
2026-07-15 05:50:17.438 10 INFO neutron.wsgi [-] 10.0.0.223 "GET / HTTP/1.1" status: 200 len: 247 time: 0.0024583
2026-07-15 05:50:17.439 9 INFO neutron.wsgi [-] 10.0.0.223 "GET / HTTP/1.1" status: 200 len: 247 time: 0.0036170
2026-07-15 05:50:32.437 10 INFO neutron.wsgi [-] 10.0.0.223 "GET / HTTP/1.1" status: 200 len: 247 time: 0.0023038
2026-07-15 05:50:32.437 9 INFO neutron.wsgi [-] 10.0.0.223 "GET / HTTP/1.1" status: 200 len: 247 time: 0.0024793
2026-07-15 05:50:47.438 9 INFO neutron.wsgi [-] 10.0.0.223 "GET / HTTP/1.1" status: 200 len: 247 time: 0.0025854
2026-07-15 05:50:47.439 10 INFO neutron.wsgi [-] 10.0.0.223 "GET / HTTP/1.1" status: 200 len: 247 time: 0.0032065
2026-07-15 05:51:02.437 10 INFO neutron.wsgi [-] 10.0.0.223 "GET / HTTP/1.1" status: 200 len: 247 time: 0.0024357
2026-07-15 05:51:02.440 10 INFO neutron.wsgi [-] 10.0.0.223 "GET / HTTP/1.1" status: 200 len: 247 time: 0.0017316
2026-07-15 05:51:17.437 9 INFO neutron.wsgi [-] 10.0.0.223 "GET / HTTP/1.1" status: 200 len: 247 time: 0.0027447
2026-07-15 05:51:17.442 10 INFO neutron.wsgi [-] 10.0.0.223 "GET / HTTP/1.1" status: 200 len: 247 time: 0.0069747
2026-07-15 05:51:32.436 9 INFO neutron.wsgi [-] 10.0.0.223 "GET / HTTP/1.1" status: 200 len: 247 time: 0.0013843
2026-07-15 05:51:32.436 10 INFO neutron.wsgi [-] 10.0.0.223 "GET / HTTP/1.1" status: 200 len: 247 time: 0.0017743
2026-07-15 05:51:47.438 10 INFO neutron.wsgi [-] 10.0.0.223 "GET / HTTP/1.1" status: 200 len: 247 time: 0.0025899
2026-07-15 05:51:47.438 9 INFO neutron.wsgi [-] 10.0.0.223 "GET / HTTP/1.1" status: 200 len: 247 time: 0.0026383 /var/lib/openstack/lib/python3.10/site-packages/pycadf/identifier.py:71: UserWarning: Invalid uuid: neutron. To ensure interoperability, identifiers should be a valid uuid. warnings.warn(('Invalid uuid: %s. To ensure interoperability, '
2026-07-15 05:51:55.339 10 INFO neutron.wsgi [None req-bc273990-24a7-45ed-b1a9-b3c1af0c45ce 2355643380084e6c8b28774592f08b98 cbab0bc396ce4998b990be672fbe39f9 - - d75b538e44df44d6a7a6107f8abc3b91 d75b538e44df44d6a7a6107f8abc3b91] 199.19.213.21 "GET /v2.0/networks?tenant_id=cbab0bc396ce4998b990be672fbe39f9&shared=False HTTP/1.1" status: 200 len: 213 time: 0.1561484
2026-07-15 05:51:55.488 10 INFO neutron.db.segments_db [None req-90391e0e-64ef-4055-90e0-2ee247f23c2f 2355643380084e6c8b28774592f08b98 cbab0bc396ce4998b990be672fbe39f9 - - - -] Added segment 341605d0-01da-4bca-b294-fc184aa82817 of type geneve for network 8d351127-5087-4be0-90cd-31eac60e4fc0
2026-07-15 05:51:55.722 10 INFO neutron.db.ovn_revision_numbers_db [None req-90391e0e-64ef-4055-90e0-2ee247f23c2f 2355643380084e6c8b28774592f08b98 cbab0bc396ce4998b990be672fbe39f9 - - - -] Successfully bumped revision number for resource 8d351127-5087-4be0-90cd-31eac60e4fc0 (type: networks) to 1
2026-07-15 05:51:56.054 10 WARNING neutron.scheduler.dhcp_agent_scheduler [None req-90391e0e-64ef-4055-90e0-2ee247f23c2f 2355643380084e6c8b28774592f08b98 cbab0bc396ce4998b990be672fbe39f9 - - - -] No more DHCP agents
2026-07-15 05:51:56.057 10 WARNING neutron.api.rpc.agentnotifiers.dhcp_rpc_agent_api [None req-90391e0e-64ef-4055-90e0-2ee247f23c2f 2355643380084e6c8b28774592f08b98 cbab0bc396ce4998b990be672fbe39f9 - - - -] Unable to schedule network 8d351127-5087-4be0-90cd-31eac60e4fc0: no agents available; will retry on subsequent port and subnet creation events.
2026-07-15 05:51:56.149 10 INFO neutron.db.ovn_revision_numbers_db [None req-90391e0e-64ef-4055-90e0-2ee247f23c2f 2355643380084e6c8b28774592f08b98 cbab0bc396ce4998b990be672fbe39f9 - - - -] Successfully bumped revision number for resource 205c3b43-6cb1-478c-acc4-acbac644a77e (type: ports) to 1
2026-07-15 05:51:56.201 10 INFO neutron.wsgi [None req-90391e0e-64ef-4055-90e0-2ee247f23c2f 2355643380084e6c8b28774592f08b98 cbab0bc396ce4998b990be672fbe39f9 - - - -] 199.19.213.21 "POST /v2.0/networks HTTP/1.1" status: 201 len: 924 time: 0.8539450
2026-07-15 05:51:56.241 10 INFO neutron.wsgi [None req-cb085398-513d-4534-aff4-c378787188f3 2355643380084e6c8b28774592f08b98 cbab0bc396ce4998b990be672fbe39f9 - - d75b538e44df44d6a7a6107f8abc3b91 d75b538e44df44d6a7a6107f8abc3b91] 199.19.213.21 "GET /v2.0/ports?device_id=manila-share&binding%3Ahost_id=instance HTTP/1.1" status: 200 len: 210 time: 0.0320446
2026-07-15 05:51:56.258 10 INFO neutron.wsgi [None req-b4efad2c-60ec-4c31-9fd8-8a70c7ecdbb2 2355643380084e6c8b28774592f08b98 cbab0bc396ce4998b990be672fbe39f9 - - d75b538e44df44d6a7a6107f8abc3b91 d75b538e44df44d6a7a6107f8abc3b91] 199.19.213.21 "GET /v2.0/extensions HTTP/1.1" status: 200 len: 16525 time: 0.0080645
2026-07-15 05:51:56.500 10 WARNING neutron.scheduler.dhcp_agent_scheduler [None req-c1da0957-2758-49b2-848b-a4aa68357821 2355643380084e6c8b28774592f08b98 cbab0bc396ce4998b990be672fbe39f9 - - - -] No more DHCP agents
2026-07-15 05:51:56.502 10 WARNING neutron.api.rpc.agentnotifiers.dhcp_rpc_agent_api [None req-c1da0957-2758-49b2-848b-a4aa68357821 2355643380084e6c8b28774592f08b98 cbab0bc396ce4998b990be672fbe39f9 - - - -] Unable to schedule network 8d351127-5087-4be0-90cd-31eac60e4fc0: no agents available; will retry on subsequent port and subnet creation events.
2026-07-15 05:51:56.561 10 INFO neutron.db.ovn_revision_numbers_db [None req-c1da0957-2758-49b2-848b-a4aa68357821 2355643380084e6c8b28774592f08b98 cbab0bc396ce4998b990be672fbe39f9 - - - -] Successfully bumped revision number for resource 75b67896-eabd-4c70-9a3f-693d6fe60870 (type: ports) to 1
2026-07-15 05:51:56.693 10 INFO neutron.db.ovn_revision_numbers_db [None req-c1da0957-2758-49b2-848b-a4aa68357821 2355643380084e6c8b28774592f08b98 cbab0bc396ce4998b990be672fbe39f9 - - - -] Successfully bumped revision number for resource 75b67896-eabd-4c70-9a3f-693d6fe60870 (type: ports) to 1
2026-07-15 05:51:56.813 10 INFO neutron.wsgi [None req-c1da0957-2758-49b2-848b-a4aa68357821 2355643380084e6c8b28774592f08b98 cbab0bc396ce4998b990be672fbe39f9 - - - -] 199.19.213.21 "POST /v2.0/ports HTTP/1.1" status: 201 len: 1096 time: 0.5492706
2026-07-15 05:51:56.865 10 INFO neutron.wsgi [None req-3ddfdf03-90cb-4a64-8eda-0a96c29ee1f7 2355643380084e6c8b28774592f08b98 cbab0bc396ce4998b990be672fbe39f9 - - d75b538e44df44d6a7a6107f8abc3b91 d75b538e44df44d6a7a6107f8abc3b91] 199.19.213.21 "GET /v2.0/networks/8d351127-5087-4be0-90cd-31eac60e4fc0 HTTP/1.1" status: 200 len: 906 time: 0.0463631
2026-07-15 05:51:57.629 10 INFO neutron.plugins.ml2.drivers.ovn.mech_driver.mech_driver [None req-bceb5e37-e2e9-4c25-b4a6-b028aa7fbee5 - - - - - -] OVN reports status up for port: 75b67896-eabd-4c70-9a3f-693d6fe60870
2026-07-15 05:51:57.639 10 INFO neutron.plugins.ml2.plugin [None req-bceb5e37-e2e9-4c25-b4a6-b028aa7fbee5 - - - - - -] Attempt 1 to provision port 75b67896-eabd-4c70-9a3f-693d6fe60870
2026-07-15 05:51:57.865 10 INFO neutron.db.ovn_revision_numbers_db [None req-bceb5e37-e2e9-4c25-b4a6-b028aa7fbee5 - - - - - -] Successfully bumped revision number for resource 75b67896-eabd-4c70-9a3f-693d6fe60870 (type: ports) to 3
2026-07-15 05:51:59.232 10 INFO neutron.wsgi [None req-0dcf7794-6fe2-4c18-9c89-41a6d1539a2c 2355643380084e6c8b28774592f08b98 cbab0bc396ce4998b990be672fbe39f9 - - d75b538e44df44d6a7a6107f8abc3b91 d75b538e44df44d6a7a6107f8abc3b91] 199.19.213.21 "GET /v2.0/ports?device_id=manila-share&binding%3Ahost_id=instance HTTP/1.1" status: 200 len: 1124 time: 0.0368185
2026-07-15 05:51:59.285 10 INFO neutron.wsgi [None req-518c7174-2ea2-4760-9ec1-61ef242fc509 2355643380084e6c8b28774592f08b98 cbab0bc396ce4998b990be672fbe39f9 - - d75b538e44df44d6a7a6107f8abc3b91 d75b538e44df44d6a7a6107f8abc3b91] 199.19.213.21 "GET /v2.0/networks/8d351127-5087-4be0-90cd-31eac60e4fc0 HTTP/1.1" status: 200 len: 906 time: 0.0443110
2026-07-15 05:52:02.438 10 INFO neutron.wsgi [-] 10.0.0.223 "GET / HTTP/1.1" status: 200 len: 247 time: 0.0023377
2026-07-15 05:52:02.441 10 INFO neutron.wsgi [-] 10.0.0.223 "GET / HTTP/1.1" status: 200 len: 247 time: 0.0018013
