2026-07-15 06:08:09.491 9 INFO neutron.db.ovn_revision_numbers_db [None req-233d2ebe-18c4-4b30-9b98-fcf134d373af bc890da7b1e045df99b7fb40a936d507 524d02558d484f44874de52b6ff81980 - - default default] Successfully bumped revision number for resource 5c0cc65d-0aba-4b7a-a142-acfb2723fc18 (type: security_groups) to 1
2026-07-15 06:08:09.514 9 INFO neutron.wsgi [None req-233d2ebe-18c4-4b30-9b98-fcf134d373af bc890da7b1e045df99b7fb40a936d507 524d02558d484f44874de52b6ff81980 - - default default] 10.0.0.166 "GET /v2.0/security-groups?tenant_id=e9e06d424d394eccbf392a5a57a0cfbb&name=default HTTP/1.1" status: 200 len: 2996 time: 0.3030376
2026-07-15 06:08:09.533 9 INFO neutron.db.ovn_revision_numbers_db [None req-7286342d-eaa8-40e5-91b7-e446f9de9166 bc890da7b1e045df99b7fb40a936d507 524d02558d484f44874de52b6ff81980 - - - -] Successfully bumped revision number for resource ae55b370-cfbe-4c72-9cf1-33c3fc392569 (type: router_ports) to 1
2026-07-15 06:08:09.551 10 INFO neutron.plugins.ml2.drivers.ovn.mech_driver.ovsdb.ovsdb_monitor [None req-99ed6d7e-6f6e-4101-ab9e-d03c2fa9ea10 - - - - - -] Router 2c6fd640-abfd-4fb9-8ead-8b2e945d1222 is bound to host instance
2026-07-15 06:08:09.600 9 INFO neutron.db.ovn_revision_numbers_db [None req-7286342d-eaa8-40e5-91b7-e446f9de9166 bc890da7b1e045df99b7fb40a936d507 524d02558d484f44874de52b6ff81980 - - - -] Successfully bumped revision number for resource 2c6fd640-abfd-4fb9-8ead-8b2e945d1222 (type: routers) to 3
2026-07-15 06:08:09.626 9 INFO neutron.wsgi [None req-7286342d-eaa8-40e5-91b7-e446f9de9166 bc890da7b1e045df99b7fb40a936d507 524d02558d484f44874de52b6ff81980 - - - -] 10.0.0.166 "POST /v2.0/routers HTTP/1.1" status: 201 len: 881 time: 1.7003078
2026-07-15 06:08:09.718 10 INFO neutron.db.ovn_revision_numbers_db [None req-e4b81742-079e-4d64-8247-82e0c992b152 f3791832725c486e836fc79d39f66dc0 696bc4cf04fa44008ba22945d46827e1 - - - -] Successfully bumped revision number for resource 571de5ec-87ef-44dc-b9b6-803ffbeec800 (type: security_group_rules) to 0
2026-07-15 06:08:09.753 10 INFO neutron.db.ovn_revision_numbers_db [None req-0430b84d-7260-42a5-bf37-039de0906c28 ed8bcca86a9c429594b11ce8a89ac3cf 2b7a62116f7f4e428b8d7c3559589f2a - - - -] Successfully bumped revision number for resource 3d59e408-e732-4418-8d5b-8b4f933956a8 (type: floatingips) to 0
2026-07-15 06:08:09.765 10 INFO neutron.wsgi [None req-e4b81742-079e-4d64-8247-82e0c992b152 f3791832725c486e836fc79d39f66dc0 696bc4cf04fa44008ba22945d46827e1 - - - -] 10.0.0.166 "POST /v2.0/security-group-rules HTTP/1.1" status: 201 len: 764 time: 0.3247476
2026-07-15 06:08:09.785 10 INFO neutron.wsgi [None req-0430b84d-7260-42a5-bf37-039de0906c28 ed8bcca86a9c429594b11ce8a89ac3cf 2b7a62116f7f4e428b8d7c3559589f2a - - - -] 10.0.0.166 "POST /v2.0/floatingips HTTP/1.1" status: 201 len: 751 time: 0.8538444
2026-07-15 06:08:09.838 9 INFO neutron.wsgi [None req-42346a18-2229-4758-96d1-dbcb17899523 bc890da7b1e045df99b7fb40a936d507 524d02558d484f44874de52b6ff81980 - - - -] 10.0.0.166 "DELETE /v2.0/security-groups/5c0cc65d-0aba-4b7a-a142-acfb2723fc18 HTTP/1.1" status: 204 len: 168 time: 0.3132472
2026-07-15 06:08:09.952 9 INFO neutron.db.ovn_revision_numbers_db [None req-8bb0e913-5530-4e7f-b265-7ca15dfaa7f7 f3791832725c486e836fc79d39f66dc0 696bc4cf04fa44008ba22945d46827e1 - - - -] Successfully bumped revision number for resource 7ca23a56-f7ec-4fae-be3d-d6f7809a63a1 (type: security_group_rules) to 0
2026-07-15 06:08:09.993 9 INFO neutron.wsgi [None req-8bb0e913-5530-4e7f-b265-7ca15dfaa7f7 f3791832725c486e836fc79d39f66dc0 696bc4cf04fa44008ba22945d46827e1 - - - -] 10.0.0.166 "POST /v2.0/security-group-rules HTTP/1.1" status: 201 len: 769 time: 0.2195005
2026-07-15 06:08:10.089 10 INFO neutron.db.ovn_revision_numbers_db [None req-c0690a0d-0e95-4ad6-99e3-341f61491916 bc890da7b1e045df99b7fb40a936d507 524d02558d484f44874de52b6ff81980 - - default default] Successfully bumped revision number for resource 20c587b2-a436-4bd9-925c-ae5a4a4b24f8 (type: security_groups) to 1
2026-07-15 06:08:10.118 10 INFO neutron.wsgi [None req-c0690a0d-0e95-4ad6-99e3-341f61491916 bc890da7b1e045df99b7fb40a936d507 524d02558d484f44874de52b6ff81980 - - default default] 10.0.0.166 "GET /v2.0/security-groups?tenant_id=ff9ecaaad3db44e1ad28e24bdd3c012f&name=default HTTP/1.1" status: 200 len: 2996 time: 0.1544435
2026-07-15 06:08:10.197 10 INFO neutron.db.ovn_revision_numbers_db [None req-99ed6d7e-6f6e-4101-ab9e-d03c2fa9ea10 - - - - - -] Successfully bumped revision number for resource ae55b370-cfbe-4c72-9cf1-33c3fc392569 (type: ports) to 1
2026-07-15 06:08:10.312 9 WARNING neutron.scheduler.dhcp_agent_scheduler [None req-1b40476b-843d-4294-b07b-ee3449e07b80 bc890da7b1e045df99b7fb40a936d507 524d02558d484f44874de52b6ff81980 - - default default] No more DHCP agents
2026-07-15 06:08:10.319 9 WARNING neutron.api.rpc.agentnotifiers.dhcp_rpc_agent_api [None req-1b40476b-843d-4294-b07b-ee3449e07b80 bc890da7b1e045df99b7fb40a936d507 524d02558d484f44874de52b6ff81980 - - default default] Unable to schedule network 348306a8-fb1d-40f7-8714-4ba9f74e3b3b: no agents available; will retry on subsequent port and subnet creation events.
2026-07-15 06:08:10.370 10 INFO neutron.wsgi [None req-f16ced39-f04a-4781-a3a6-f7a34aa17613 bc890da7b1e045df99b7fb40a936d507 524d02558d484f44874de52b6ff81980 - - - -] 10.0.0.166 "DELETE /v2.0/security-groups/20c587b2-a436-4bd9-925c-ae5a4a4b24f8 HTTP/1.1" status: 204 len: 168 time: 0.2462320
2026-07-15 06:08:10.445 10 INFO neutron.db.ovn_revision_numbers_db [None req-99ed6d7e-6f6e-4101-ab9e-d03c2fa9ea10 - - - - - -] Successfully bumped revision number for resource ae55b370-cfbe-4c72-9cf1-33c3fc392569 (type: router_ports) to 3
2026-07-15 06:08:10.452 9 WARNING neutron.scheduler.dhcp_agent_scheduler [None req-9a03c2cf-685a-4e04-9c36-414e0a2836bf f3791832725c486e836fc79d39f66dc0 696bc4cf04fa44008ba22945d46827e1 - - - -] No more DHCP agents
2026-07-15 06:08:10.456 9 WARNING neutron.api.rpc.agentnotifiers.dhcp_rpc_agent_api [None req-9a03c2cf-685a-4e04-9c36-414e0a2836bf f3791832725c486e836fc79d39f66dc0 696bc4cf04fa44008ba22945d46827e1 - - - -] Unable to schedule network b3058ac8-f6ab-4ab6-923b-56edb0747af6: no agents available; will retry on subsequent port and subnet creation events.
2026-07-15 06:08:10.476 9 INFO neutron.db.ovn_revision_numbers_db [None req-1b40476b-843d-4294-b07b-ee3449e07b80 bc890da7b1e045df99b7fb40a936d507 524d02558d484f44874de52b6ff81980 - - default default] Successfully bumped revision number for resource 740d869c-dce5-469a-8de6-0d76d34b7f41 (type: ports) to 1
2026-07-15 06:08:10.560 10 INFO neutron.db.ovn_revision_numbers_db [None req-99ed6d7e-6f6e-4101-ab9e-d03c2fa9ea10 - - - - - -] Successfully bumped revision number for resource ae55b370-cfbe-4c72-9cf1-33c3fc392569 (type: ports) to 2
2026-07-15 06:08:10.797 9 INFO neutron.wsgi [req-b984677f-f275-45de-8ed8-ef884924bd58 req-2e36e603-f4cf-41cb-bba5-2fc58e336a19 ed8bcca86a9c429594b11ce8a89ac3cf 2b7a62116f7f4e428b8d7c3559589f2a - - default default] 10.0.0.123 "GET /v2.0/security-groups?name=tempest-securitygroup--49148897&fields=id&tenant_id=2b7a62116f7f4e428b8d7c3559589f2a HTTP/1.1" status: 200 len: 267 time: 0.0857444
2026-07-15 06:08:10.834 9 INFO neutron.db.ovn_revision_numbers_db [None req-9a03c2cf-685a-4e04-9c36-414e0a2836bf f3791832725c486e836fc79d39f66dc0 696bc4cf04fa44008ba22945d46827e1 - - - -] Successfully bumped revision number for resource 8a9bdcce-2d1a-467d-a80d-a183b0e6e4be (type: floatingips) to 0
2026-07-15 06:08:10.855 10 INFO neutron.db.ovn_revision_numbers_db [None req-99ed6d7e-6f6e-4101-ab9e-d03c2fa9ea10 - - - - - -] Successfully bumped revision number for resource ae55b370-cfbe-4c72-9cf1-33c3fc392569 (type: ports) to 4
2026-07-15 06:08:10.991 9 INFO neutron.wsgi [None req-9a03c2cf-685a-4e04-9c36-414e0a2836bf f3791832725c486e836fc79d39f66dc0 696bc4cf04fa44008ba22945d46827e1 - - - -] 10.0.0.166 "POST /v2.0/floatingips HTTP/1.1" status: 201 len: 751 time: 0.9923096
2026-07-15 06:08:11.029 9 INFO neutron.wsgi [req-b984677f-f275-45de-8ed8-ef884924bd58 req-4b4fda73-6f55-44b9-bd4a-c2ead6146b36 ed8bcca86a9c429594b11ce8a89ac3cf 2b7a62116f7f4e428b8d7c3559589f2a - - default default] 10.0.0.123 "GET /v2.0/networks?id=1142f456-9d7a-4951-a9c6-bffb75ea4d0f HTTP/1.1" status: 200 len: 869 time: 0.2219636
2026-07-15 06:08:11.058 9 INFO neutron.wsgi [req-b984677f-f275-45de-8ed8-ef884924bd58 req-abb2a33b-b5f4-4436-9ca0-e3e461bb3008 ed8bcca86a9c429594b11ce8a89ac3cf 2b7a62116f7f4e428b8d7c3559589f2a - - default default] 10.0.0.123 "GET /v2.0/quotas/2b7a62116f7f4e428b8d7c3559589f2a HTTP/1.1" status: 200 len: 386 time: 0.0211129
2026-07-15 06:08:11.066 10 INFO neutron.db.ovn_revision_numbers_db [None req-99ed6d7e-6f6e-4101-ab9e-d03c2fa9ea10 - - - - - -] Successfully bumped revision number for resource ae55b370-cfbe-4c72-9cf1-33c3fc392569 (type: router_ports) to 4
2026-07-15 06:08:11.179 9 INFO neutron.db.ovn_revision_numbers_db [None req-1b40476b-843d-4294-b07b-ee3449e07b80 bc890da7b1e045df99b7fb40a936d507 524d02558d484f44874de52b6ff81980 - - default default] Successfully bumped revision number for resource 740d869c-dce5-469a-8de6-0d76d34b7f41 (type: router_ports) to 2
2026-07-15 06:08:11.183 9 INFO neutron.wsgi [req-b984677f-f275-45de-8ed8-ef884924bd58 req-0ecac219-9833-41d6-abdf-ccf3e648663a ed8bcca86a9c429594b11ce8a89ac3cf 2b7a62116f7f4e428b8d7c3559589f2a - - default default] 10.0.0.123 "GET /v2.0/ports?tenant_id=2b7a62116f7f4e428b8d7c3559589f2a&fields=id HTTP/1.1" status: 200 len: 302 time: 0.1149726
2026-07-15 06:08:11.280 9 INFO neutron.db.ovn_revision_numbers_db [None req-1b40476b-843d-4294-b07b-ee3449e07b80 bc890da7b1e045df99b7fb40a936d507 524d02558d484f44874de52b6ff81980 - - default default] Successfully bumped revision number for resource 740d869c-dce5-469a-8de6-0d76d34b7f41 (type: ports) to 2
2026-07-15 06:08:11.338 9 WARNING neutron.scheduler.dhcp_agent_scheduler [None req-1b40476b-843d-4294-b07b-ee3449e07b80 bc890da7b1e045df99b7fb40a936d507 524d02558d484f44874de52b6ff81980 - - default default] No more DHCP agents
2026-07-15 06:08:11.339 9 WARNING neutron.api.rpc.agentnotifiers.dhcp_rpc_agent_api [None req-1b40476b-843d-4294-b07b-ee3449e07b80 bc890da7b1e045df99b7fb40a936d507 524d02558d484f44874de52b6ff81980 - - default default] Unable to schedule network 348306a8-fb1d-40f7-8714-4ba9f74e3b3b: no agents available; will retry on subsequent port and subnet creation events.
2026-07-15 06:08:11.632 9 INFO neutron.wsgi [req-b984677f-f275-45de-8ed8-ef884924bd58 req-a4fe290f-f0d6-487b-8d00-d5c6a9fdb771 ecf185079cda43319eb868f783ee53ce cbab0bc396ce4998b990be672fbe39f9 - - d75b538e44df44d6a7a6107f8abc3b91 d75b538e44df44d6a7a6107f8abc3b91] 10.0.0.123 "GET /v2.0/extensions HTTP/1.1" status: 200 len: 16525 time: 0.0545123
2026-07-15 06:08:11.711 9 INFO neutron.wsgi [req-b984677f-f275-45de-8ed8-ef884924bd58 req-17680312-c6d4-49d4-8328-76e5d75ef683 ecf185079cda43319eb868f783ee53ce cbab0bc396ce4998b990be672fbe39f9 - - d75b538e44df44d6a7a6107f8abc3b91 d75b538e44df44d6a7a6107f8abc3b91] 10.0.0.123 "GET /v2.0/networks/1142f456-9d7a-4951-a9c6-bffb75ea4d0f?fields=segments HTTP/1.1" status: 200 len: 212 time: 0.0684865
2026-07-15 06:08:11.793 9 INFO neutron.wsgi [req-b984677f-f275-45de-8ed8-ef884924bd58 req-0e0ef5ac-0f05-4494-b636-c18ab4f8363b ecf185079cda43319eb868f783ee53ce cbab0bc396ce4998b990be672fbe39f9 - - d75b538e44df44d6a7a6107f8abc3b91 d75b538e44df44d6a7a6107f8abc3b91] 10.0.0.123 "GET /v2.0/networks/1142f456-9d7a-4951-a9c6-bffb75ea4d0f?fields=provider%3Aphysical_network&fields=provider%3Anetwork_type HTTP/1.1" status: 200 len: 277 time: 0.0715220
2026-07-15 06:08:12.099 9 INFO neutron.wsgi [req-e36d6368-acca-4c10-8700-6f4c1d9549e7 req-75dcb50e-2b46-4b19-a786-187d86092123 ed8bcca86a9c429594b11ce8a89ac3cf 2b7a62116f7f4e428b8d7c3559589f2a - - default default] 10.0.0.123 "GET /v2.0/ports?device_id=85f045fc-ae5f-4481-86ea-e18b5d995410 HTTP/1.1" status: 200 len: 210 time: 0.0286725
2026-07-15 06:08:12.160 9 INFO neutron.db.ovn_revision_numbers_db [None req-1b40476b-843d-4294-b07b-ee3449e07b80 bc890da7b1e045df99b7fb40a936d507 524d02558d484f44874de52b6ff81980 - - - -] Successfully bumped revision number for resource 740d869c-dce5-469a-8de6-0d76d34b7f41 (type: router_ports) to 2
2026-07-15 06:08:12.162 9 INFO neutron.wsgi [None req-1b40476b-843d-4294-b07b-ee3449e07b80 bc890da7b1e045df99b7fb40a936d507 524d02558d484f44874de52b6ff81980 - - - -] 10.0.0.166 "PUT /v2.0/routers/2c6fd640-abfd-4fb9-8ead-8b2e945d1222/add_router_interface HTTP/1.1" status: 200 len: 503 time: 2.5279222
2026-07-15 06:08:12.165 10 INFO neutron.wsgi [req-641cc763-dae0-45fd-9d69-d332066b6c65 req-2bcd4c8d-436e-4017-a688-d98863386bdd f3791832725c486e836fc79d39f66dc0 696bc4cf04fa44008ba22945d46827e1 - - default default] 10.0.0.123 "GET /v2.0/security-groups?name=tempest-securitygroup--1397700532&fields=id&tenant_id=696bc4cf04fa44008ba22945d46827e1 HTTP/1.1" status: 200 len: 267 time: 0.0432532
2026-07-15 06:08:12.295 10 INFO neutron.wsgi [req-641cc763-dae0-45fd-9d69-d332066b6c65 req-14e9edd6-02ed-4702-8b92-e9de38ed77d4 f3791832725c486e836fc79d39f66dc0 696bc4cf04fa44008ba22945d46827e1 - - default default] 10.0.0.123 "GET /v2.0/networks?id=608e9923-4283-4e48-9fdb-ff79e8620c93 HTTP/1.1" status: 200 len: 875 time: 0.1216786
2026-07-15 06:08:12.322 10 INFO neutron.wsgi [req-641cc763-dae0-45fd-9d69-d332066b6c65 req-4e6b549e-79b5-4270-8c90-7bf6ec392d94 f3791832725c486e836fc79d39f66dc0 696bc4cf04fa44008ba22945d46827e1 - - default default] 10.0.0.123 "GET /v2.0/quotas/696bc4cf04fa44008ba22945d46827e1 HTTP/1.1" status: 200 len: 386 time: 0.0196116
2026-07-15 06:08:12.447 10 INFO neutron.wsgi [req-641cc763-dae0-45fd-9d69-d332066b6c65 req-75f5bd9f-1ee8-46fa-b089-b9a612817052 f3791832725c486e836fc79d39f66dc0 696bc4cf04fa44008ba22945d46827e1 - - default default] 10.0.0.123 "GET /v2.0/ports?tenant_id=696bc4cf04fa44008ba22945d46827e1&fields=id HTTP/1.1" status: 200 len: 302 time: 0.1183054
2026-07-15 06:08:12.808 9 INFO neutron.db.ovn_revision_numbers_db [None req-c51d7949-6e5d-4496-9647-0a207318cc7c b0ed5798fb234c0b9bf11b0c017a4191 2c2c71342b6240f18a24a74c74402e67 - - - -] Successfully bumped revision number for resource 79db784b-0ff1-4e00-beb2-d3ec2d4371ce (type: security_groups) to 1
2026-07-15 06:08:12.825 9 INFO neutron.wsgi [None req-c51d7949-6e5d-4496-9647-0a207318cc7c b0ed5798fb234c0b9bf11b0c017a4191 2c2c71342b6240f18a24a74c74402e67 - - - -] 10.0.0.123 "POST /v2.0/security-groups HTTP/1.1" status: 201 len: 1825 time: 0.1378169
2026-07-15 06:08:12.881 9 INFO neutron.wsgi [req-c3b8358c-f301-4804-a970-ec1877fe624c req-d7a44eb2-8292-4a04-96f6-e8ec17147a63 b0ed5798fb234c0b9bf11b0c017a4191 2c2c71342b6240f18a24a74c74402e67 - - default default] 10.0.0.123 "GET /v2.0/security-groups/79db784b-0ff1-4e00-beb2-d3ec2d4371ce HTTP/1.1" status: 200 len: 1820 time: 0.0313520
2026-07-15 06:08:12.968 10 INFO neutron.wsgi [req-641cc763-dae0-45fd-9d69-d332066b6c65 req-39b08f9f-285a-4945-a660-06970e7ae737 ecf185079cda43319eb868f783ee53ce cbab0bc396ce4998b990be672fbe39f9 - - d75b538e44df44d6a7a6107f8abc3b91 d75b538e44df44d6a7a6107f8abc3b91] 10.0.0.123 "GET /v2.0/extensions HTTP/1.1" status: 200 len: 16525 time: 0.1672699
2026-07-15 06:08:12.990 10 WARNING neutron.plugins.ml2.drivers.ovn.mech_driver.ovsdb.ovn_client [None req-bceb5e37-e2e9-4c25-b4a6-b028aa7fbee5 - - - - - -] No hosting information found for port 1e62a3bb-7c0a-4b45-a55d-35a6b739a06c: RuntimeError: No hosting information found for port 1e62a3bb-7c0a-4b45-a55d-35a6b739a06c
2026-07-15 06:08:12.991 10 INFO neutron.plugins.ml2.drivers.ovn.mech_driver.mech_driver [None req-bceb5e37-e2e9-4c25-b4a6-b028aa7fbee5 - - - - - -] OVN reports status up for port: ae55b370-cfbe-4c72-9cf1-33c3fc392569
2026-07-15 06:08:13.004 9 INFO neutron.db.ovn_revision_numbers_db [None req-11b18b67-4e44-419b-bc1f-2769196adcdf b0ed5798fb234c0b9bf11b0c017a4191 2c2c71342b6240f18a24a74c74402e67 - - - -] Successfully bumped revision number for resource 86534d09-5d22-441d-a839-220683103363 (type: security_group_rules) to 0
2026-07-15 06:08:13.022 10 INFO neutron.plugins.ml2.plugin [None req-bceb5e37-e2e9-4c25-b4a6-b028aa7fbee5 - - - - - -] Attempt 1 to provision port ae55b370-cfbe-4c72-9cf1-33c3fc392569
2026-07-15 06:08:13.029 9 INFO neutron.wsgi [None req-11b18b67-4e44-419b-bc1f-2769196adcdf b0ed5798fb234c0b9bf11b0c017a4191 2c2c71342b6240f18a24a74c74402e67 - - - -] 10.0.0.123 "POST /v2.0/security-group-rules HTTP/1.1" status: 201 len: 786 time: 0.1430409
2026-07-15 06:08:13.047 10 INFO neutron.wsgi [req-641cc763-dae0-45fd-9d69-d332066b6c65 req-b4a71c7b-af60-458e-971b-e816504bdc1e ecf185079cda43319eb868f783ee53ce cbab0bc396ce4998b990be672fbe39f9 - - d75b538e44df44d6a7a6107f8abc3b91 d75b538e44df44d6a7a6107f8abc3b91] 10.0.0.123 "GET /v2.0/networks/608e9923-4283-4e48-9fdb-ff79e8620c93?fields=segments HTTP/1.1" status: 200 len: 212 time: 0.0671988
2026-07-15 06:08:13.115 10 INFO neutron.wsgi [req-641cc763-dae0-45fd-9d69-d332066b6c65 req-d4d38dcf-8f04-4621-a677-ccbc06e53b37 ecf185079cda43319eb868f783ee53ce cbab0bc396ce4998b990be672fbe39f9 - - d75b538e44df44d6a7a6107f8abc3b91 d75b538e44df44d6a7a6107f8abc3b91] 10.0.0.123 "GET /v2.0/networks/608e9923-4283-4e48-9fdb-ff79e8620c93?fields=provider%3Aphysical_network&fields=provider%3Anetwork_type HTTP/1.1" status: 200 len: 277 time: 0.0633233
2026-07-15 06:08:13.151 9 INFO neutron.db.ovn_revision_numbers_db [None req-becad8c9-4179-486a-bc5b-0c8ebe7a84fe b0ed5798fb234c0b9bf11b0c017a4191 2c2c71342b6240f18a24a74c74402e67 - - - -] Successfully bumped revision number for resource fab910c5-e26a-40d1-be10-7a379210d34d (type: security_groups) to 1
2026-07-15 06:08:13.175 9 INFO neutron.wsgi [None req-becad8c9-4179-486a-bc5b-0c8ebe7a84fe b0ed5798fb234c0b9bf11b0c017a4191 2c2c71342b6240f18a24a74c74402e67 - - - -] 10.0.0.123 "POST /v2.0/security-groups HTTP/1.1" status: 201 len: 1826 time: 0.1194084
2026-07-15 06:08:13.257 9 WARNING neutron.plugins.ml2.drivers.ovn.mech_driver.ovsdb.ovn_client [None req-9636f075-5c4a-4bff-ae5a-d3208eaaedf0 - - - - - -] No hosting information found for port fba5dc3e-67f4-4310-a188-480e2b4fbd22: RuntimeError: No hosting information found for port fba5dc3e-67f4-4310-a188-480e2b4fbd22
2026-07-15 06:08:13.257 9 INFO neutron.plugins.ml2.drivers.ovn.mech_driver.mech_driver [None req-9636f075-5c4a-4bff-ae5a-d3208eaaedf0 - - - - - -] OVN reports status up for port: 740d869c-dce5-469a-8de6-0d76d34b7f41
2026-07-15 06:08:13.267 9 INFO neutron.plugins.ml2.plugin [None req-9636f075-5c4a-4bff-ae5a-d3208eaaedf0 - - - - - -] Attempt 1 to provision port 740d869c-dce5-469a-8de6-0d76d34b7f41
2026-07-15 06:08:13.319 10 INFO neutron.wsgi [req-c469c2be-884c-41c6-95fc-f39fcb5d4620 req-8f0b4a89-1d0d-4df5-8a8c-34cce6096f57 b0ed5798fb234c0b9bf11b0c017a4191 2c2c71342b6240f18a24a74c74402e67 - - default default] 10.0.0.123 "GET /v2.0/security-groups/fab910c5-e26a-40d1-be10-7a379210d34d HTTP/1.1" status: 200 len: 1821 time: 0.0391884
2026-07-15 06:08:13.394 9 INFO neutron.wsgi [req-a0ea9191-d793-43a3-9ea1-00b7d35fc310 req-740b6fd6-710b-4f23-9720-9b8ad676c636 ed8bcca86a9c429594b11ce8a89ac3cf 2b7a62116f7f4e428b8d7c3559589f2a - - default default] 10.0.0.123 "GET /v2.0/ports?device_id=85f045fc-ae5f-4481-86ea-e18b5d995410 HTTP/1.1" status: 200 len: 210 time: 0.0277486
2026-07-15 06:08:13.432 10 INFO neutron.db.ovn_revision_numbers_db [None req-5907e711-ad28-4891-beec-7e1e95a677b1 b0ed5798fb234c0b9bf11b0c017a4191 2c2c71342b6240f18a24a74c74402e67 - - - -] Successfully bumped revision number for resource 5d120ab7-80e0-40c1-9f3b-3dfae18de983 (type: security_group_rules) to 0
2026-07-15 06:08:13.450 10 INFO neutron.wsgi [None req-5907e711-ad28-4891-beec-7e1e95a677b1 b0ed5798fb234c0b9bf11b0c017a4191 2c2c71342b6240f18a24a74c74402e67 - - - -] 10.0.0.123 "POST /v2.0/security-group-rules HTTP/1.1" status: 201 len: 786 time: 0.1250863
2026-07-15 06:08:13.452 9 INFO neutron.wsgi [req-50b3241c-357e-4956-a9a1-53f962f1a0a1 req-2c605fc6-aef4-4e9e-805d-d26b564eb947 f3791832725c486e836fc79d39f66dc0 696bc4cf04fa44008ba22945d46827e1 - - default default] 10.0.0.123 "GET /v2.0/ports?device_id=29014d35-521a-4b06-bfc5-046cf3b8891f HTTP/1.1" status: 200 len: 210 time: 0.0204129
2026-07-15 06:08:13.493 10 INFO neutron.wsgi [req-d6523a11-6c20-4b14-92df-2b3ce347d58a req-811c9a0c-75c3-45b4-afa7-165f96293d0d b0ed5798fb234c0b9bf11b0c017a4191 2c2c71342b6240f18a24a74c74402e67 - - default default] 10.0.0.123 "GET /v2.0/security-groups/fab910c5-e26a-40d1-be10-7a379210d34d HTTP/1.1" status: 200 len: 2414 time: 0.0219288
2026-07-15 06:08:13.521 9 INFO neutron.db.ovn_revision_numbers_db [None req-9636f075-5c4a-4bff-ae5a-d3208eaaedf0 - - - - - -] Successfully bumped revision number for resource 740d869c-dce5-469a-8de6-0d76d34b7f41 (type: ports) to 3
2026-07-15 06:08:13.632 10 INFO neutron.db.ovn_revision_numbers_db [None req-d916f7af-8a8a-4924-bfaf-d03f2a70c701 b0ed5798fb234c0b9bf11b0c017a4191 2c2c71342b6240f18a24a74c74402e67 - - - -] Successfully bumped revision number for resource 3f263bc4-a8bb-411a-bd56-d1bf711c5f6e (type: security_group_rules) to 0
2026-07-15 06:08:13.646 9 INFO neutron.db.ovn_revision_numbers_db [None req-9636f075-5c4a-4bff-ae5a-d3208eaaedf0 - - - - - -] Successfully bumped revision number for resource 740d869c-dce5-469a-8de6-0d76d34b7f41 (type: router_ports) to 3
2026-07-15 06:08:13.674 10 INFO neutron.wsgi [None req-d916f7af-8a8a-4924-bfaf-d03f2a70c701 b0ed5798fb234c0b9bf11b0c017a4191 2c2c71342b6240f18a24a74c74402e67 - - - -] 10.0.0.123 "POST /v2.0/security-group-rules HTTP/1.1" status: 201 len: 791 time: 0.1737959
2026-07-15 06:08:13.729 9 INFO neutron.wsgi [req-1f7c9596-4b5a-4f77-a65c-7c6d7a7e9ceb req-f8b96c0a-9f23-43c6-978d-bc1735705299 b0ed5798fb234c0b9bf11b0c017a4191 2c2c71342b6240f18a24a74c74402e67 - - default default] 10.0.0.123 "GET /v2.0/security-groups/fab910c5-e26a-40d1-be10-7a379210d34d HTTP/1.1" status: 200 len: 3012 time: 0.0336711
2026-07-15 06:08:13.749 10 INFO neutron.wsgi [req-b984677f-f275-45de-8ed8-ef884924bd58 req-6e98cb23-1938-4295-a37f-525f1f3149ed ed8bcca86a9c429594b11ce8a89ac3cf 2b7a62116f7f4e428b8d7c3559589f2a - - default default] 199.19.213.21 "GET /v2.0/networks?id=1142f456-9d7a-4951-a9c6-bffb75ea4d0f HTTP/1.1" status: 200 len: 869 time: 0.2540827
2026-07-15 06:08:13.783 10 INFO neutron.wsgi [req-cd9b90ce-2347-4d57-b0f6-e9aaaa005560 req-ebe6dc15-334e-43fb-8b21-5a42a4b2b697 b0ed5798fb234c0b9bf11b0c017a4191 2c2c71342b6240f18a24a74c74402e67 - - default default] 10.0.0.123 "GET /v2.0/security-group-rules/3f263bc4-a8bb-411a-bd56-d1bf711c5f6e HTTP/1.1" status: 200 len: 783 time: 0.0272601
2026-07-15 06:08:13.841 10 INFO neutron.wsgi [req-b984677f-f275-45de-8ed8-ef884924bd58 req-d010b653-b488-4aac-ab67-e91cf67fe5b3 ed8bcca86a9c429594b11ce8a89ac3cf 2b7a62116f7f4e428b8d7c3559589f2a - - default default] 199.19.213.21 "GET /v2.0/security-groups?fields=id&fields=name&tenant_id=2b7a62116f7f4e428b8d7c3559589f2a HTTP/1.1" status: 200 len: 378 time: 0.0692110
2026-07-15 06:08:13.845 10 INFO neutron.wsgi [req-cd9b90ce-2347-4d57-b0f6-e9aaaa005560 req-83082b9e-6903-4285-ab6a-c653b2af10f1 b0ed5798fb234c0b9bf11b0c017a4191 2c2c71342b6240f18a24a74c74402e67 - - default default] 10.0.0.123 "GET /v2.0/security-groups/fab910c5-e26a-40d1-be10-7a379210d34d HTTP/1.1" status: 200 len: 3012 time: 0.0545781
2026-07-15 06:08:14.064 9 INFO neutron.wsgi [req-641cc763-dae0-45fd-9d69-d332066b6c65 req-6d45f5a5-5546-4074-83f6-88d253d26b63 f3791832725c486e836fc79d39f66dc0 696bc4cf04fa44008ba22945d46827e1 - - default default] 199.19.213.21 "GET /v2.0/networks?id=608e9923-4283-4e48-9fdb-ff79e8620c93 HTTP/1.1" status: 200 len: 875 time: 0.0504355
2026-07-15 06:08:14.131 9 INFO neutron.wsgi [req-641cc763-dae0-45fd-9d69-d332066b6c65 req-3b47bcfa-677c-47ab-a061-7ebb263e1f09 f3791832725c486e836fc79d39f66dc0 696bc4cf04fa44008ba22945d46827e1 - - default default] 199.19.213.21 "GET /v2.0/security-groups?fields=id&fields=name&tenant_id=696bc4cf04fa44008ba22945d46827e1 HTTP/1.1" status: 200 len: 380 time: 0.0563693
2026-07-15 06:08:14.184 10 INFO neutron.wsgi [None req-75efb127-2a56-4469-b1db-7a7a1ef5dc7b b0ed5798fb234c0b9bf11b0c017a4191 2c2c71342b6240f18a24a74c74402e67 - - - -] 10.0.0.123 "DELETE /v2.0/security-group-rules/3f263bc4-a8bb-411a-bd56-d1bf711c5f6e HTTP/1.1" status: 204 len: 173 time: 0.3310096
2026-07-15 06:08:14.237 9 INFO neutron.wsgi [req-bbab0f19-a248-422d-a27e-23e3ef5524ef req-e2265342-3400-4008-8fb7-57fff61a8faf b0ed5798fb234c0b9bf11b0c017a4191 2c2c71342b6240f18a24a74c74402e67 - - default default] 10.0.0.123 "GET /v2.0/security-groups/fab910c5-e26a-40d1-be10-7a379210d34d HTTP/1.1" status: 200 len: 2414 time: 0.0327330
2026-07-15 06:08:14.390 10 WARNING neutron.scheduler.dhcp_agent_scheduler [None req-60283429-d23e-42d8-8dc5-2fdcc916228b ed8bcca86a9c429594b11ce8a89ac3cf 2b7a62116f7f4e428b8d7c3559589f2a - - - -] No more DHCP agents
2026-07-15 06:08:14.393 10 WARNING neutron.api.rpc.agentnotifiers.dhcp_rpc_agent_api [None req-60283429-d23e-42d8-8dc5-2fdcc916228b ed8bcca86a9c429594b11ce8a89ac3cf 2b7a62116f7f4e428b8d7c3559589f2a - - - -] Unable to schedule network 1142f456-9d7a-4951-a9c6-bffb75ea4d0f: no agents available; will retry on subsequent port and subnet creation events.
2026-07-15 06:08:14.442 9 INFO neutron.wsgi [None req-21cda8db-b69f-4077-a815-ba705043a5a5 b0ed5798fb234c0b9bf11b0c017a4191 2c2c71342b6240f18a24a74c74402e67 - - - -] 10.0.0.123 "DELETE /v2.0/security-groups/fab910c5-e26a-40d1-be10-7a379210d34d HTTP/1.1" status: 204 len: 173 time: 0.1988540
2026-07-15 06:08:14.525 9 INFO neutron.wsgi [req-d3366c8b-018b-4d58-8dc1-057e5b88e894 req-32547e49-9310-4f7a-99f1-1afe9bf99eff b0ed5798fb234c0b9bf11b0c017a4191 2c2c71342b6240f18a24a74c74402e67 - - default default] 10.0.0.123 "GET /v2.0/security-groups/79db784b-0ff1-4e00-beb2-d3ec2d4371ce HTTP/1.1" status: 200 len: 2413 time: 0.0543802
2026-07-15 06:08:14.582 10 INFO neutron.db.ovn_revision_numbers_db [None req-60283429-d23e-42d8-8dc5-2fdcc916228b ed8bcca86a9c429594b11ce8a89ac3cf 2b7a62116f7f4e428b8d7c3559589f2a - - - -] Successfully bumped revision number for resource 75aeee4d-95ae-4796-80e8-95f50a5104ff (type: ports) to 1
2026-07-15 06:08:14.640 9 WARNING neutron.scheduler.dhcp_agent_scheduler [None req-b41b02fe-98db-479e-8d8a-b21a2d7342a9 f3791832725c486e836fc79d39f66dc0 696bc4cf04fa44008ba22945d46827e1 - - - -] No more DHCP agents
2026-07-15 06:08:14.648 9 WARNING neutron.api.rpc.agentnotifiers.dhcp_rpc_agent_api [None req-b41b02fe-98db-479e-8d8a-b21a2d7342a9 f3791832725c486e836fc79d39f66dc0 696bc4cf04fa44008ba22945d46827e1 - - - -] Unable to schedule network 608e9923-4283-4e48-9fdb-ff79e8620c93: no agents available; will retry on subsequent port and subnet creation events.
2026-07-15 06:08:14.728 10 INFO neutron.wsgi [None req-60283429-d23e-42d8-8dc5-2fdcc916228b ed8bcca86a9c429594b11ce8a89ac3cf 2b7a62116f7f4e428b8d7c3559589f2a - - - -] 199.19.213.21 "POST /v2.0/ports HTTP/1.1" status: 201 len: 1162 time: 0.8818035 /var/lib/openstack/lib/python3.10/site-packages/pycadf/identifier.py:71: UserWarning: Invalid uuid: neutron. To ensure interoperability, identifiers should be a valid uuid. warnings.warn(('Invalid uuid: %s. To ensure interoperability, '
2026-07-15 06:08:14.741 10 INFO neutron.wsgi [req-b984677f-f275-45de-8ed8-ef884924bd58 req-35ca6f96-9144-4cee-b888-3778283afd81 ed8bcca86a9c429594b11ce8a89ac3cf 2b7a62116f7f4e428b8d7c3559589f2a - - default default] 199.19.213.21 "GET /v2.0/extensions HTTP/1.1" status: 200 len: 16525 time: 0.0072081
2026-07-15 06:08:14.775 9 INFO neutron.wsgi [None req-5b4e3313-3296-4e2c-8c3b-c9a88a19f810 b0ed5798fb234c0b9bf11b0c017a4191 2c2c71342b6240f18a24a74c74402e67 - - - -] 10.0.0.123 "DELETE /v2.0/security-groups/79db784b-0ff1-4e00-beb2-d3ec2d4371ce HTTP/1.1" status: 204 len: 173 time: 0.2289412 /var/lib/openstack/lib/python3.10/site-packages/pycadf/identifier.py:71: UserWarning: Invalid uuid: neutron. To ensure interoperability, identifiers should be a valid uuid. warnings.warn(('Invalid uuid: %s. To ensure interoperability, '
2026-07-15 06:08:14.986 10 INFO neutron.wsgi [req-a0ed3477-b625-412d-a5bb-4705c4cd72e7 req-0dd0ead5-da7a-49d6-8abe-d40bc1a31462 ed8bcca86a9c429594b11ce8a89ac3cf 2b7a62116f7f4e428b8d7c3559589f2a - - default default] 10.0.0.123 "GET /v2.0/ports?device_id=85f045fc-ae5f-4481-86ea-e18b5d995410 HTTP/1.1" status: 200 len: 1160 time: 0.1540446
2026-07-15 06:08:15.007 9 INFO neutron.db.ovn_revision_numbers_db [None req-b41b02fe-98db-479e-8d8a-b21a2d7342a9 f3791832725c486e836fc79d39f66dc0 696bc4cf04fa44008ba22945d46827e1 - - - -] Successfully bumped revision number for resource 8252953f-6dd7-42ec-9dc1-7f1cd2aa0cad (type: ports) to 1
2026-07-15 06:08:15.022 10 INFO neutron.wsgi [req-a0ed3477-b625-412d-a5bb-4705c4cd72e7 req-3f7de1ca-8a00-4f03-a890-a42c7c347e41 ed8bcca86a9c429594b11ce8a89ac3cf 2b7a62116f7f4e428b8d7c3559589f2a - - default default] 10.0.0.123 "GET /v2.0/security-groups?id=51b4f636-4680-47b8-be9d-0db4192beb38&fields=id&fields=name HTTP/1.1" status: 200 len: 311 time: 0.0272958
2026-07-15 06:08:15.048 9 INFO neutron.wsgi [None req-b41b02fe-98db-479e-8d8a-b21a2d7342a9 f3791832725c486e836fc79d39f66dc0 696bc4cf04fa44008ba22945d46827e1 - - - -] 199.19.213.21 "POST /v2.0/ports HTTP/1.1" status: 201 len: 1158 time: 0.9123211
2026-07-15 06:08:15.083 9 INFO neutron.wsgi [req-a8db0718-cd58-484d-baac-f75484a89260 req-a0edac71-f9e9-4fc8-9b94-493d87dfa134 f3791832725c486e836fc79d39f66dc0 696bc4cf04fa44008ba22945d46827e1 - - default default] 10.0.0.123 "GET /v2.0/ports?device_id=29014d35-521a-4b06-bfc5-046cf3b8891f HTTP/1.1" status: 200 len: 1156 time: 0.1162090
2026-07-15 06:08:15.201 9 INFO neutron.wsgi [req-a8db0718-cd58-484d-baac-f75484a89260 req-67ae39b6-35ba-46d4-82b0-1c00f87f4d9f f3791832725c486e836fc79d39f66dc0 696bc4cf04fa44008ba22945d46827e1 - - default default] 10.0.0.123 "GET /v2.0/security-groups?id=b502d1f2-4b4f-43e2-8d79-74dc06111fe3&fields=id&fields=name HTTP/1.1" status: 200 len: 313 time: 0.0994620
2026-07-15 06:08:15.530 10 INFO neutron.db.ovn_revision_numbers_db [None req-2d728371-fa16-4a24-bdd5-93b1a856b015 ecf185079cda43319eb868f783ee53ce cbab0bc396ce4998b990be672fbe39f9 - - - -] Successfully bumped revision number for resource 8252953f-6dd7-42ec-9dc1-7f1cd2aa0cad (type: ports) to 2
2026-07-15 06:08:15.701 10 INFO neutron.db.ovn_revision_numbers_db [None req-2d728371-fa16-4a24-bdd5-93b1a856b015 ecf185079cda43319eb868f783ee53ce cbab0bc396ce4998b990be672fbe39f9 - - - -] Successfully bumped revision number for resource 8252953f-6dd7-42ec-9dc1-7f1cd2aa0cad (type: ports) to 2
2026-07-15 06:08:15.715 10 INFO neutron.wsgi [None req-2d728371-fa16-4a24-bdd5-93b1a856b015 ecf185079cda43319eb868f783ee53ce cbab0bc396ce4998b990be672fbe39f9 - - - -] 199.19.213.21 "PUT /v2.0/ports/8252953f-6dd7-42ec-9dc1-7f1cd2aa0cad HTTP/1.1" status: 200 len: 1328 time: 0.6007650 /var/lib/openstack/lib/python3.10/site-packages/pycadf/identifier.py:71: UserWarning: Invalid uuid: neutron. To ensure interoperability, identifiers should be a valid uuid. warnings.warn(('Invalid uuid: %s. To ensure interoperability, '
2026-07-15 06:08:15.800 10 INFO neutron.wsgi [req-641cc763-dae0-45fd-9d69-d332066b6c65 req-26a34d39-fee7-40d7-b32f-09cf526a18bf ecf185079cda43319eb868f783ee53ce cbab0bc396ce4998b990be672fbe39f9 - - d75b538e44df44d6a7a6107f8abc3b91 d75b538e44df44d6a7a6107f8abc3b91] 199.19.213.21 "GET /v2.0/ports?tenant_id=696bc4cf04fa44008ba22945d46827e1&device_id=29014d35-521a-4b06-bfc5-046cf3b8891f HTTP/1.1" status: 200 len: 1359 time: 0.0450613
2026-07-15 06:08:15.819 9 INFO neutron.db.ovn_revision_numbers_db [None req-8360ae30-d20a-4b3a-814c-73a743ff7df5 ecf185079cda43319eb868f783ee53ce cbab0bc396ce4998b990be672fbe39f9 - - - -] Successfully bumped revision number for resource 75aeee4d-95ae-4796-80e8-95f50a5104ff (type: ports) to 2
2026-07-15 06:08:15.864 10 INFO neutron.wsgi [req-641cc763-dae0-45fd-9d69-d332066b6c65 req-10959f3e-520f-499b-a576-87305ff683f6 ecf185079cda43319eb868f783ee53ce cbab0bc396ce4998b990be672fbe39f9 - - d75b538e44df44d6a7a6107f8abc3b91 d75b538e44df44d6a7a6107f8abc3b91] 199.19.213.21 "GET /v2.0/floatingips?fixed_ip_address=10.100.0.8&port_id=8252953f-6dd7-42ec-9dc1-7f1cd2aa0cad HTTP/1.1" status: 200 len: 217 time: 0.0574117
2026-07-15 06:08:15.930 10 INFO neutron.wsgi [req-641cc763-dae0-45fd-9d69-d332066b6c65 req-eab72c01-316a-4da7-b6d4-88e5070c46be ecf185079cda43319eb868f783ee53ce cbab0bc396ce4998b990be672fbe39f9 - - d75b538e44df44d6a7a6107f8abc3b91 d75b538e44df44d6a7a6107f8abc3b91] 199.19.213.21 "GET /v2.0/subnets?id=70a581e0-93ce-4123-b56c-19f0244ea605 HTTP/1.1" status: 200 len: 869 time: 0.0568631
2026-07-15 06:08:15.980 10 INFO neutron.wsgi [req-641cc763-dae0-45fd-9d69-d332066b6c65 req-7ddb169e-b220-4ba5-ae71-21822caadf10 ecf185079cda43319eb868f783ee53ce cbab0bc396ce4998b990be672fbe39f9 - - d75b538e44df44d6a7a6107f8abc3b91 d75b538e44df44d6a7a6107f8abc3b91] 199.19.213.21 "GET /v2.0/ports?network_id=608e9923-4283-4e48-9fdb-ff79e8620c93&device_owner=network%3Adhcp HTTP/1.1" status: 200 len: 210 time: 0.0437748
2026-07-15 06:08:16.062 9 INFO neutron.db.ovn_revision_numbers_db [None req-8360ae30-d20a-4b3a-814c-73a743ff7df5 ecf185079cda43319eb868f783ee53ce cbab0bc396ce4998b990be672fbe39f9 - - - -] Successfully bumped revision number for resource 75aeee4d-95ae-4796-80e8-95f50a5104ff (type: ports) to 2
2026-07-15 06:08:16.065 10 INFO neutron.wsgi [req-641cc763-dae0-45fd-9d69-d332066b6c65 req-c6dc82a2-abc3-4726-8d52-e689befe0f4c ecf185079cda43319eb868f783ee53ce cbab0bc396ce4998b990be672fbe39f9 - - d75b538e44df44d6a7a6107f8abc3b91 d75b538e44df44d6a7a6107f8abc3b91] 199.19.213.21 "GET /v2.0/networks/608e9923-4283-4e48-9fdb-ff79e8620c93?fields=segments HTTP/1.1" status: 200 len: 212 time: 0.0768905
2026-07-15 06:08:16.099 9 INFO neutron.wsgi [None req-8360ae30-d20a-4b3a-814c-73a743ff7df5 ecf185079cda43319eb868f783ee53ce cbab0bc396ce4998b990be672fbe39f9 - - - -] 199.19.213.21 "PUT /v2.0/ports/75aeee4d-95ae-4796-80e8-95f50a5104ff HTTP/1.1" status: 200 len: 1332 time: 0.9836779
2026-07-15 06:08:16.154 10 INFO neutron.wsgi [req-641cc763-dae0-45fd-9d69-d332066b6c65 req-c952f5c0-e30f-4832-8cc4-06f6edb44e6d ecf185079cda43319eb868f783ee53ce cbab0bc396ce4998b990be672fbe39f9 - - d75b538e44df44d6a7a6107f8abc3b91 d75b538e44df44d6a7a6107f8abc3b91] 199.19.213.21 "GET /v2.0/networks/608e9923-4283-4e48-9fdb-ff79e8620c93?fields=provider%3Aphysical_network&fields=provider%3Anetwork_type HTTP/1.1" status: 200 len: 277 time: 0.0840607
2026-07-15 06:08:16.166 10 INFO neutron.wsgi [req-25bae0a3-99ba-4962-a634-4b806028fd0e req-58f2a1d3-abfc-4568-b022-0e73af1b3fe5 ed8bcca86a9c429594b11ce8a89ac3cf 2b7a62116f7f4e428b8d7c3559589f2a - - default default] 10.0.0.123 "GET /v2.0/ports?device_id=85f045fc-ae5f-4481-86ea-e18b5d995410 HTTP/1.1" status: 200 len: 1172 time: 0.0587001 /var/lib/openstack/lib/python3.10/site-packages/pycadf/identifier.py:71: UserWarning: Invalid uuid: neutron. To ensure interoperability, identifiers should be a valid uuid. warnings.warn(('Invalid uuid: %s. To ensure interoperability, '
2026-07-15 06:08:16.220 10 INFO neutron.wsgi [req-25bae0a3-99ba-4962-a634-4b806028fd0e req-af59bdd9-f6b8-40ce-9420-0130c212f325 ed8bcca86a9c429594b11ce8a89ac3cf 2b7a62116f7f4e428b8d7c3559589f2a - - default default] 10.0.0.123 "GET /v2.0/security-groups?id=51b4f636-4680-47b8-be9d-0db4192beb38&fields=id&fields=name HTTP/1.1" status: 200 len: 311 time: 0.0479195
2026-07-15 06:08:16.225 9 INFO neutron.wsgi [req-b984677f-f275-45de-8ed8-ef884924bd58 req-9e73dbbb-e754-4c30-b6a2-6fc369e3e863 ecf185079cda43319eb868f783ee53ce cbab0bc396ce4998b990be672fbe39f9 - - d75b538e44df44d6a7a6107f8abc3b91 d75b538e44df44d6a7a6107f8abc3b91] 199.19.213.21 "GET /v2.0/ports?tenant_id=2b7a62116f7f4e428b8d7c3559589f2a&device_id=85f045fc-ae5f-4481-86ea-e18b5d995410 HTTP/1.1" status: 200 len: 1363 time: 0.0667353
2026-07-15 06:08:16.274 9 INFO neutron.wsgi [req-b984677f-f275-45de-8ed8-ef884924bd58 req-4acc22be-bf75-4ceb-bd92-224da8775dc5 ecf185079cda43319eb868f783ee53ce cbab0bc396ce4998b990be672fbe39f9 - - d75b538e44df44d6a7a6107f8abc3b91 d75b538e44df44d6a7a6107f8abc3b91] 199.19.213.21 "GET /v2.0/floatingips?fixed_ip_address=10.100.0.12&port_id=75aeee4d-95ae-4796-80e8-95f50a5104ff HTTP/1.1" status: 200 len: 217 time: 0.0406141
2026-07-15 06:08:16.276 10 INFO neutron.notifiers.nova [-] Nova event matching ['req-df4ac5b4-a097-4391-9416-82bd01eb5d7e'] response: {'name': 'network-changed', 'server_uuid': '29014d35-521a-4b06-bfc5-046cf3b8891f', 'tag': '8252953f-6dd7-42ec-9dc1-7f1cd2aa0cad', 'status': 'completed', 'code': 200}
2026-07-15 06:08:16.323 10 INFO neutron.wsgi [req-d3c33019-849b-4241-a46e-adec6f331dc3 req-c7a55fd1-c5d5-4238-8e00-85b6c5e58b92 f3791832725c486e836fc79d39f66dc0 696bc4cf04fa44008ba22945d46827e1 - - default default] 10.0.0.123 "GET /v2.0/ports?device_id=29014d35-521a-4b06-bfc5-046cf3b8891f HTTP/1.1" status: 200 len: 1168 time: 0.0439665
2026-07-15 06:08:16.331 10 INFO neutron.wsgi [req-53607d0c-0033-4568-bfc4-0b39e0d553e0 req-910d3934-2981-46c0-9dc0-69d5fa0328fb ecf185079cda43319eb868f783ee53ce cbab0bc396ce4998b990be672fbe39f9 - - d75b538e44df44d6a7a6107f8abc3b91 d75b538e44df44d6a7a6107f8abc3b91] 199.19.213.21 "GET /v2.0/ports?tenant_id=696bc4cf04fa44008ba22945d46827e1&device_id=29014d35-521a-4b06-bfc5-046cf3b8891f HTTP/1.1" status: 200 len: 1359 time: 0.0318668
2026-07-15 06:08:16.366 9 INFO neutron.wsgi [req-b984677f-f275-45de-8ed8-ef884924bd58 req-611b2978-cfb4-49eb-bd2e-8fc90badc123 ecf185079cda43319eb868f783ee53ce cbab0bc396ce4998b990be672fbe39f9 - - d75b538e44df44d6a7a6107f8abc3b91 d75b538e44df44d6a7a6107f8abc3b91] 199.19.213.21 "GET /v2.0/subnets?id=45761d19-6ed1-444e-b102-d4df6b7cc994 HTTP/1.1" status: 200 len: 863 time: 0.0769937
2026-07-15 06:08:16.384 10 INFO neutron.wsgi [req-d3c33019-849b-4241-a46e-adec6f331dc3 req-10daa8be-3515-476b-bdd9-a7a8c539ba16 f3791832725c486e836fc79d39f66dc0 696bc4cf04fa44008ba22945d46827e1 - - default default] 10.0.0.123 "GET /v2.0/security-groups?id=b502d1f2-4b4f-43e2-8d79-74dc06111fe3&fields=id&fields=name HTTP/1.1" status: 200 len: 313 time: 0.0499043
2026-07-15 06:08:16.405 10 INFO neutron.wsgi [req-53607d0c-0033-4568-bfc4-0b39e0d553e0 req-73bffce7-a72f-4b57-b274-f800a643ac00 ecf185079cda43319eb868f783ee53ce cbab0bc396ce4998b990be672fbe39f9 - - d75b538e44df44d6a7a6107f8abc3b91 d75b538e44df44d6a7a6107f8abc3b91] 199.19.213.21 "GET /v2.0/networks?id=608e9923-4283-4e48-9fdb-ff79e8620c93 HTTP/1.1" status: 200 len: 974 time: 0.0659015
2026-07-15 06:08:16.428 9 INFO neutron.wsgi [req-b984677f-f275-45de-8ed8-ef884924bd58 req-5f2af497-31fe-4f51-9076-41d5189b80bc ecf185079cda43319eb868f783ee53ce cbab0bc396ce4998b990be672fbe39f9 - - d75b538e44df44d6a7a6107f8abc3b91 d75b538e44df44d6a7a6107f8abc3b91] 199.19.213.21 "GET /v2.0/ports?network_id=1142f456-9d7a-4951-a9c6-bffb75ea4d0f&device_owner=network%3Adhcp HTTP/1.1" status: 200 len: 210 time: 0.0537457
2026-07-15 06:08:16.439 10 INFO neutron.wsgi [req-53607d0c-0033-4568-bfc4-0b39e0d553e0 req-82f4d7cf-2dc6-4c67-9c09-d039da80b21d ecf185079cda43319eb868f783ee53ce cbab0bc396ce4998b990be672fbe39f9 - - d75b538e44df44d6a7a6107f8abc3b91 d75b538e44df44d6a7a6107f8abc3b91] 199.19.213.21 "GET /v2.0/floatingips?fixed_ip_address=10.100.0.8&port_id=8252953f-6dd7-42ec-9dc1-7f1cd2aa0cad HTTP/1.1" status: 200 len: 217 time: 0.0185161
2026-07-15 06:08:16.471 10 INFO neutron.wsgi [req-53607d0c-0033-4568-bfc4-0b39e0d553e0 req-9b553e81-97e1-481e-8eb2-652eb2335f6d ecf185079cda43319eb868f783ee53ce cbab0bc396ce4998b990be672fbe39f9 - - d75b538e44df44d6a7a6107f8abc3b91 d75b538e44df44d6a7a6107f8abc3b91] 199.19.213.21 "GET /v2.0/subnets?id=70a581e0-93ce-4123-b56c-19f0244ea605 HTTP/1.1" status: 200 len: 869 time: 0.0263126
2026-07-15 06:08:16.512 9 INFO neutron.wsgi [req-b984677f-f275-45de-8ed8-ef884924bd58 req-8e7a63eb-7ec6-4775-a274-1ce69dff2b69 ecf185079cda43319eb868f783ee53ce cbab0bc396ce4998b990be672fbe39f9 - - d75b538e44df44d6a7a6107f8abc3b91 d75b538e44df44d6a7a6107f8abc3b91] 199.19.213.21 "GET /v2.0/networks/1142f456-9d7a-4951-a9c6-bffb75ea4d0f?fields=segments HTTP/1.1" status: 200 len: 212 time: 0.0771751
2026-07-15 06:08:16.514 10 INFO neutron.wsgi [req-53607d0c-0033-4568-bfc4-0b39e0d553e0 req-2c55e384-5531-4293-a5e3-b31f7814b312 ecf185079cda43319eb868f783ee53ce cbab0bc396ce4998b990be672fbe39f9 - - d75b538e44df44d6a7a6107f8abc3b91 d75b538e44df44d6a7a6107f8abc3b91] 199.19.213.21 "GET /v2.0/ports?network_id=608e9923-4283-4e48-9fdb-ff79e8620c93&device_owner=network%3Adhcp HTTP/1.1" status: 200 len: 210 time: 0.0341227
2026-07-15 06:08:16.547 9 INFO neutron.notifiers.nova [-] Nova event matching ['req-4a03eee8-6845-4d07-95a3-09eca622a20e'] response: {'name': 'network-changed', 'server_uuid': '85f045fc-ae5f-4481-86ea-e18b5d995410', 'tag': '75aeee4d-95ae-4796-80e8-95f50a5104ff', 'status': 'completed', 'code': 200}
2026-07-15 06:08:16.589 10 INFO neutron.wsgi [req-53607d0c-0033-4568-bfc4-0b39e0d553e0 req-6fd47b82-82a9-4f80-b740-830226ad3c7e ecf185079cda43319eb868f783ee53ce cbab0bc396ce4998b990be672fbe39f9 - - d75b538e44df44d6a7a6107f8abc3b91 d75b538e44df44d6a7a6107f8abc3b91] 199.19.213.21 "GET /v2.0/networks/608e9923-4283-4e48-9fdb-ff79e8620c93?fields=segments HTTP/1.1" status: 200 len: 212 time: 0.0475349
2026-07-15 06:08:16.633 9 INFO neutron.wsgi [req-b984677f-f275-45de-8ed8-ef884924bd58 req-083acf83-a1ec-4b42-a126-9edf08c7e0c5 ecf185079cda43319eb868f783ee53ce cbab0bc396ce4998b990be672fbe39f9 - - d75b538e44df44d6a7a6107f8abc3b91 d75b538e44df44d6a7a6107f8abc3b91] 199.19.213.21 "GET /v2.0/networks/1142f456-9d7a-4951-a9c6-bffb75ea4d0f?fields=provider%3Aphysical_network&fields=provider%3Anetwork_type HTTP/1.1" status: 200 len: 277 time: 0.0857708 /var/lib/openstack/lib/python3.10/site-packages/pycadf/identifier.py:71: UserWarning: Invalid uuid: neutron. To ensure interoperability, identifiers should be a valid uuid. warnings.warn(('Invalid uuid: %s. To ensure interoperability, '
2026-07-15 06:08:16.727 9 INFO neutron.wsgi [None req-1da8ae2a-a760-4bef-b7f0-6292d9dd8aed bc890da7b1e045df99b7fb40a936d507 524d02558d484f44874de52b6ff81980 - - - -] 10.0.0.166 "PUT /v2.0/routers/2c6fd640-abfd-4fb9-8ead-8b2e945d1222/remove_router_interface HTTP/1.1" status: 200 len: 503 time: 1.9440541
2026-07-15 06:08:16.741 9 INFO neutron.wsgi [req-e8d40f5b-e2dd-44cb-a675-bc7dade2cb39 req-13c50d22-d05e-4793-831f-e4c7a5b7a2ed ecf185079cda43319eb868f783ee53ce cbab0bc396ce4998b990be672fbe39f9 - - d75b538e44df44d6a7a6107f8abc3b91 d75b538e44df44d6a7a6107f8abc3b91] 199.19.213.21 "GET /v2.0/ports?tenant_id=2b7a62116f7f4e428b8d7c3559589f2a&device_id=85f045fc-ae5f-4481-86ea-e18b5d995410 HTTP/1.1" status: 200 len: 1363 time: 0.0448909
2026-07-15 06:08:16.781 10 INFO neutron.wsgi [req-53607d0c-0033-4568-bfc4-0b39e0d553e0 req-7d5862f8-242c-4d42-b03f-6218c4e87ebe ecf185079cda43319eb868f783ee53ce cbab0bc396ce4998b990be672fbe39f9 - - d75b538e44df44d6a7a6107f8abc3b91 d75b538e44df44d6a7a6107f8abc3b91] 199.19.213.21 "GET /v2.0/networks/608e9923-4283-4e48-9fdb-ff79e8620c93?fields=provider%3Aphysical_network&fields=provider%3Anetwork_type HTTP/1.1" status: 200 len: 277 time: 0.1833851
2026-07-15 06:08:16.841 10 INFO neutron.db.ovn_revision_numbers_db [None req-0a9ee812-0ff2-4214-b72d-91c8bc10b3ac bc890da7b1e045df99b7fb40a936d507 524d02558d484f44874de52b6ff81980 - - default default] Successfully bumped revision number for resource bb8b5746-8b48-415f-99a5-dad2556e8206 (type: security_groups) to 1
2026-07-15 06:08:16.866 10 INFO neutron.wsgi [None req-0a9ee812-0ff2-4214-b72d-91c8bc10b3ac bc890da7b1e045df99b7fb40a936d507 524d02558d484f44874de52b6ff81980 - - default default] 10.0.0.166 "GET /v2.0/security-groups?tenant_id=4a9311d58ef64107bb361aa8dfaed271&name=default HTTP/1.1" status: 200 len: 2996 time: 0.4041753
2026-07-15 06:08:17.058 9 INFO neutron.wsgi [None req-bf5cafce-dc33-42e3-b8e8-86cb8be3ca25 bc890da7b1e045df99b7fb40a936d507 524d02558d484f44874de52b6ff81980 - - default default] 10.0.0.8 "GET /v2.0/networks HTTP/1.1" status: 200 len: 4628 time: 0.3603251
2026-07-15 06:08:17.061 9 INFO neutron.wsgi [req-e8d40f5b-e2dd-44cb-a675-bc7dade2cb39 req-8a47ee35-b9b6-4644-a58d-3ee80c57ccb4 ecf185079cda43319eb868f783ee53ce cbab0bc396ce4998b990be672fbe39f9 - - d75b538e44df44d6a7a6107f8abc3b91 d75b538e44df44d6a7a6107f8abc3b91] 199.19.213.21 "GET /v2.0/networks?id=1142f456-9d7a-4951-a9c6-bffb75ea4d0f HTTP/1.1" status: 200 len: 967 time: 0.1337047
2026-07-15 06:08:17.067 10 INFO neutron.wsgi [None req-04df49d2-25dc-4ab6-b47e-fdb854828a5a bc890da7b1e045df99b7fb40a936d507 524d02558d484f44874de52b6ff81980 - - - -] 10.0.0.166 "DELETE /v2.0/security-groups/bb8b5746-8b48-415f-99a5-dad2556e8206 HTTP/1.1" status: 204 len: 168 time: 0.1961591
2026-07-15 06:08:17.116 9 INFO neutron.wsgi [req-e8d40f5b-e2dd-44cb-a675-bc7dade2cb39 req-c97eadf0-66ec-461b-80e0-87eb5387fb92 ecf185079cda43319eb868f783ee53ce cbab0bc396ce4998b990be672fbe39f9 - - d75b538e44df44d6a7a6107f8abc3b91 d75b538e44df44d6a7a6107f8abc3b91] 199.19.213.21 "GET /v2.0/floatingips?fixed_ip_address=10.100.0.12&port_id=75aeee4d-95ae-4796-80e8-95f50a5104ff HTTP/1.1" status: 200 len: 217 time: 0.0423627
2026-07-15 06:08:17.126 9 INFO neutron.wsgi [None req-570e0480-91dd-451a-a45d-ab650d7ef406 bc890da7b1e045df99b7fb40a936d507 524d02558d484f44874de52b6ff81980 - - default default] 10.0.0.8 "GET /v2.0/subnets HTTP/1.1" status: 200 len: 3406 time: 0.0532691
2026-07-15 06:08:17.151 9 INFO neutron.wsgi [None req-2ce3e2ab-6025-4289-b934-41a9d1f92fb9 bc890da7b1e045df99b7fb40a936d507 524d02558d484f44874de52b6ff81980 - - default default] 10.0.0.8 "GET /v2.0/subnetpools HTTP/1.1" status: 200 len: 193 time: 0.0185061
2026-07-15 06:08:17.194 9 INFO neutron.wsgi [req-e8d40f5b-e2dd-44cb-a675-bc7dade2cb39 req-c5a37f48-cc86-477c-8a8d-c03f2ef288b0 ecf185079cda43319eb868f783ee53ce cbab0bc396ce4998b990be672fbe39f9 - - d75b538e44df44d6a7a6107f8abc3b91 d75b538e44df44d6a7a6107f8abc3b91] 199.19.213.21 "GET /v2.0/subnets?id=45761d19-6ed1-444e-b102-d4df6b7cc994 HTTP/1.1" status: 200 len: 863 time: 0.0713027
2026-07-15 06:08:17.220 9 INFO neutron.wsgi [None req-4a922eda-76ba-474a-abd7-4edc16e2a4f2 bc890da7b1e045df99b7fb40a936d507 524d02558d484f44874de52b6ff81980 - - default default] 10.0.0.8 "GET /v2.0/subnets HTTP/1.1" status: 200 len: 3406 time: 0.0688264
2026-07-15 06:08:17.232 10 INFO neutron.db.ovn_revision_numbers_db [None req-4da3a943-14f3-4727-bc9d-b1848f713e06 bc890da7b1e045df99b7fb40a936d507 524d02558d484f44874de52b6ff81980 - - default default] Successfully bumped revision number for resource cd25bd7e-c80f-4718-a218-3316e4ccdc7e (type: security_groups) to 1
2026-07-15 06:08:17.244 9 INFO neutron.wsgi [req-e8d40f5b-e2dd-44cb-a675-bc7dade2cb39 req-bb7065e8-f812-45b5-9bfd-f0c2b7c985d4 ecf185079cda43319eb868f783ee53ce cbab0bc396ce4998b990be672fbe39f9 - - d75b538e44df44d6a7a6107f8abc3b91 d75b538e44df44d6a7a6107f8abc3b91] 199.19.213.21 "GET /v2.0/ports?network_id=1142f456-9d7a-4951-a9c6-bffb75ea4d0f&device_owner=network%3Adhcp HTTP/1.1" status: 200 len: 210 time: 0.0368958
2026-07-15 06:08:17.254 10 INFO neutron.wsgi [None req-4da3a943-14f3-4727-bc9d-b1848f713e06 bc890da7b1e045df99b7fb40a936d507 524d02558d484f44874de52b6ff81980 - - default default] 10.0.0.166 "GET /v2.0/security-groups?tenant_id=e6f6c99528c745d6be943b556a9c4e4d&name=default HTTP/1.1" status: 200 len: 2996 time: 0.1073022
2026-07-15 06:08:17.281 9 INFO neutron.wsgi [None req-7aa0fbad-eea3-497c-b9a8-2cc9d0645fad bc890da7b1e045df99b7fb40a936d507 524d02558d484f44874de52b6ff81980 - - default default] 10.0.0.8 "GET /v2.0/ports HTTP/1.1" status: 200 len: 18020 time: 0.0555284
2026-07-15 06:08:17.328 9 INFO neutron.wsgi [None req-9a63d6b6-1236-4f3b-b251-e732151d1c4f bc890da7b1e045df99b7fb40a936d507 524d02558d484f44874de52b6ff81980 - - default default] 10.0.0.8 "GET /v2.0/agents HTTP/1.1" status: 200 len: 997 time: 0.0255501
2026-07-15 06:08:17.346 10 INFO neutron.wsgi [req-6b0a5e1f-cfa7-4286-a711-817583736358 req-f4f7af91-6d50-45cc-a792-dcced3a4cac2 ed8bcca86a9c429594b11ce8a89ac3cf 2b7a62116f7f4e428b8d7c3559589f2a - - default default] 10.0.0.123 "GET /v2.0/ports?device_id=85f045fc-ae5f-4481-86ea-e18b5d995410 HTTP/1.1" status: 200 len: 1172 time: 0.0396354
2026-07-15 06:08:17.352 9 INFO neutron.wsgi [None req-acf56b5c-06be-4674-970b-3de52ab2bc36 bc890da7b1e045df99b7fb40a936d507 524d02558d484f44874de52b6ff81980 - - default default] 10.0.0.8 "GET /v2.0/network-ip-availabilities HTTP/1.1" status: 200 len: 2710 time: 0.0225494
2026-07-15 06:08:17.388 9 INFO neutron.wsgi [req-e8d40f5b-e2dd-44cb-a675-bc7dade2cb39 req-13f038fe-1215-4cb2-8583-c3a5519ec449 ecf185079cda43319eb868f783ee53ce cbab0bc396ce4998b990be672fbe39f9 - - d75b538e44df44d6a7a6107f8abc3b91 d75b538e44df44d6a7a6107f8abc3b91] 199.19.213.21 "GET /v2.0/networks/1142f456-9d7a-4951-a9c6-bffb75ea4d0f?fields=segments HTTP/1.1" status: 200 len: 212 time: 0.1263468
2026-07-15 06:08:17.392 10 INFO neutron.wsgi [req-6b0a5e1f-cfa7-4286-a711-817583736358 req-df441b69-f9a6-4da9-8919-3bd55b698aa1 ed8bcca86a9c429594b11ce8a89ac3cf 2b7a62116f7f4e428b8d7c3559589f2a - - default default] 10.0.0.123 "GET /v2.0/security-groups?id=51b4f636-4680-47b8-be9d-0db4192beb38&fields=id&fields=name HTTP/1.1" status: 200 len: 311 time: 0.0359108
2026-07-15 06:08:17.396 9 INFO neutron.wsgi [None req-3c7df844-ef94-417a-a861-2b5ac9386929 bc890da7b1e045df99b7fb40a936d507 524d02558d484f44874de52b6ff81980 - - default default] 10.0.0.8 "GET /v2.0/floatingips HTTP/1.1" status: 200 len: 1269 time: 0.0425901
2026-07-15 06:08:17.437 10 INFO neutron.wsgi [-] 10.0.0.223 "GET / HTTP/1.1" status: 200 len: 247 time: 0.0017841
2026-07-15 06:08:17.441 10 INFO neutron.wsgi [-] 10.0.0.223 "GET / HTTP/1.1" status: 200 len: 247 time: 0.0030394
2026-07-15 06:08:17.491 10 INFO neutron.wsgi [None req-9c826bce-1b89-451e-8397-a3d0a7c82dad bc890da7b1e045df99b7fb40a936d507 524d02558d484f44874de52b6ff81980 - - - -] 10.0.0.166 "DELETE /v2.0/security-groups/cd25bd7e-c80f-4718-a218-3316e4ccdc7e HTTP/1.1" status: 204 len: 168 time: 0.2325609
