2026-07-15 06:11:12.276 9 INFO neutron.wsgi [None req-022e198a-887f-4f99-b83d-c0cb9f11a862 1460cd96c08c4fceb6f63a4969e36cac 5f3223c5f92c46679f5a1f84254cf605 - - - -] 10.0.0.166 "DELETE /v2.0/networks/a49849ec-9d21-4a0b-b3c0-8d35e830fa00/tags/green HTTP/1.1" status: 404 len: 299 time: 0.0442743
2026-07-15 06:11:12.334 9 INFO neutron.wsgi [None req-9de45ea2-005a-40a0-a81f-e008f3bdf221 1460cd96c08c4fceb6f63a4969e36cac 5f3223c5f92c46679f5a1f84254cf605 - - - -] 10.0.0.166 "DELETE /v2.0/networks/a49849ec-9d21-4a0b-b3c0-8d35e830fa00/tags HTTP/1.1" status: 204 len: 168 time: 0.0526230
2026-07-15 06:11:12.347 10 INFO neutron.wsgi [None req-df051dd9-e821-4390-ab4d-2b94862d3d82 c6aaf7d0732e464fa8f1480721a6da08 d240458948ee45faaaccf11a83541b57 - - - -] 10.0.0.166 "DELETE /v2.0/floatingips/bf63dccd-e508-48d0-82a7-fec8d276d1c3 HTTP/1.1" status: 204 len: 168 time: 0.3087659
2026-07-15 06:11:12.380 9 INFO neutron.wsgi [None req-01a3146b-15b4-4f2c-b0f0-4b9bf9c0998e 1460cd96c08c4fceb6f63a4969e36cac 5f3223c5f92c46679f5a1f84254cf605 - - default default] 10.0.0.166 "GET /v2.0/networks/a49849ec-9d21-4a0b-b3c0-8d35e830fa00/tags HTTP/1.1" status: 200 len: 205 time: 0.0411625
2026-07-15 06:11:12.762 9 INFO neutron.services.segments.plugin [-] Segment f93e7ee3-056c-47a5-90dc-5206ea5ca7bf resource provider aggregate not found
2026-07-15 06:11:12.769 9 INFO neutron.services.segments.plugin [-] Segment f93e7ee3-056c-47a5-90dc-5206ea5ca7bf resource provider aggregate not found
2026-07-15 06:11:12.786 9 INFO neutron.services.segments.plugin [-] Segment f93e7ee3-056c-47a5-90dc-5206ea5ca7bf resource provider not found; error: Placement Client Error (4xx): {"errors": [{"status": 404, "title": "Not Found", "detail": "The resource could not be found.\n\n No resource provider with uuid f93e7ee3-056c-47a5-90dc-5206ea5ca7bf found for delete ", "request_id": "req-87ef4ef8-f8e0-450d-9a22-62880b835a86"}]}
2026-07-15 06:11:12.792 9 INFO neutron.services.segments.plugin [-] Segment f93e7ee3-056c-47a5-90dc-5206ea5ca7bf resource provider not found; error: Placement Client Error (4xx): {"errors": [{"status": 404, "title": "Not Found", "detail": "The resource could not be found.\n\n No resource provider with uuid f93e7ee3-056c-47a5-90dc-5206ea5ca7bf found for delete ", "request_id": "req-4bbf0104-4312-435a-a717-6ce7fbba368e"}]}
2026-07-15 06:11:12.801 9 INFO neutron.wsgi [None req-ad61f8d2-df97-408e-862a-9ec3b6ff4725 1460cd96c08c4fceb6f63a4969e36cac 5f3223c5f92c46679f5a1f84254cf605 - - - -] 10.0.0.166 "DELETE /v2.0/networks/a49849ec-9d21-4a0b-b3c0-8d35e830fa00 HTTP/1.1" status: 204 len: 168 time: 0.4157808
2026-07-15 06:11:13.630 9 INFO neutron.db.ovn_revision_numbers_db [None req-fdc98baa-2943-434a-91ae-cbe1a3e85358 bc890da7b1e045df99b7fb40a936d507 524d02558d484f44874de52b6ff81980 - - default default] Successfully bumped revision number for resource 0439a66a-ace4-4447-9d30-7e0d4dbedcc1 (type: security_groups) to 1
2026-07-15 06:11:13.653 9 INFO neutron.wsgi [None req-fdc98baa-2943-434a-91ae-cbe1a3e85358 bc890da7b1e045df99b7fb40a936d507 524d02558d484f44874de52b6ff81980 - - default default] 10.0.0.166 "GET /v2.0/security-groups?tenant_id=d240458948ee45faaaccf11a83541b57&name=default HTTP/1.1" status: 200 len: 2996 time: 0.3677981
2026-07-15 06:11:13.657 10 INFO neutron.db.ovn_revision_numbers_db [None req-df68d28b-a10b-46b0-8193-8d0413cfdfbc bc890da7b1e045df99b7fb40a936d507 524d02558d484f44874de52b6ff81980 - - default default] Successfully bumped revision number for resource 6c1b7c59-1631-4e98-8724-df17370aa212 (type: security_groups) to 1
2026-07-15 06:11:13.683 10 INFO neutron.wsgi [None req-df68d28b-a10b-46b0-8193-8d0413cfdfbc bc890da7b1e045df99b7fb40a936d507 524d02558d484f44874de52b6ff81980 - - default default] 10.0.0.166 "GET /v2.0/security-groups?tenant_id=273523e8cdb943fb906ae1a170e55abf&name=default HTTP/1.1" status: 200 len: 2996 time: 0.2205038
2026-07-15 06:11:13.753 10 INFO neutron.db.ovn_revision_numbers_db [None req-b2b6e3b4-e398-4b5e-9a7d-4cce26ec92f4 bc890da7b1e045df99b7fb40a936d507 524d02558d484f44874de52b6ff81980 - - default default] Successfully bumped revision number for resource b6a6c0be-2c88-478f-a59e-6ac2fda8f63c (type: security_groups) to 1
2026-07-15 06:11:13.782 10 INFO neutron.wsgi [None req-b2b6e3b4-e398-4b5e-9a7d-4cce26ec92f4 bc890da7b1e045df99b7fb40a936d507 524d02558d484f44874de52b6ff81980 - - default default] 10.0.0.166 "GET /v2.0/security-groups?tenant_id=6c30ac93ad0f42a69bfa5e17ff6bcddb&name=default HTTP/1.1" status: 200 len: 2996 time: 0.2955573
2026-07-15 06:11:13.875 9 INFO neutron.wsgi [None req-7ea79e8e-7e83-479d-8775-15dd0e584afe bc890da7b1e045df99b7fb40a936d507 524d02558d484f44874de52b6ff81980 - - - -] 10.0.0.166 "DELETE /v2.0/security-groups/0439a66a-ace4-4447-9d30-7e0d4dbedcc1 HTTP/1.1" status: 204 len: 168 time: 0.2160845
2026-07-15 06:11:13.913 9 INFO neutron.wsgi [None req-bc8d3389-a863-4c81-a788-f2f8257dc508 bc890da7b1e045df99b7fb40a936d507 524d02558d484f44874de52b6ff81980 - - - -] 10.0.0.166 "DELETE /v2.0/security-groups/6c1b7c59-1631-4e98-8724-df17370aa212 HTTP/1.1" status: 204 len: 168 time: 0.2239180
2026-07-15 06:11:13.994 10 INFO neutron.wsgi [None req-87eb8af8-fb7b-4336-94be-70cc96d131a4 bc890da7b1e045df99b7fb40a936d507 524d02558d484f44874de52b6ff81980 - - - -] 10.0.0.166 "DELETE /v2.0/security-groups/b6a6c0be-2c88-478f-a59e-6ac2fda8f63c HTTP/1.1" status: 204 len: 168 time: 0.2066567
2026-07-15 06:11:14.146 10 INFO neutron.db.ovn_revision_numbers_db [None req-5c3de38d-5899-48a2-87bf-9e9c3aadcc9e bc890da7b1e045df99b7fb40a936d507 524d02558d484f44874de52b6ff81980 - - default default] Successfully bumped revision number for resource f8db8585-ebca-465b-9471-1eec25b8e474 (type: security_groups) to 1
2026-07-15 06:11:14.168 10 INFO neutron.wsgi [None req-5c3de38d-5899-48a2-87bf-9e9c3aadcc9e bc890da7b1e045df99b7fb40a936d507 524d02558d484f44874de52b6ff81980 - - default default] 10.0.0.166 "GET /v2.0/security-groups?tenant_id=05c9171ee1fd4ce0a2843692670e2e9c&name=default HTTP/1.1" status: 200 len: 2996 time: 0.1335945
2026-07-15 06:11:14.175 9 INFO neutron.wsgi [None req-2a56f3d5-aa03-474d-9225-2b8483176bb6 bc890da7b1e045df99b7fb40a936d507 524d02558d484f44874de52b6ff81980 - - default default] 10.0.0.166 "GET /v2.0/security-groups?tenant_id=5f3223c5f92c46679f5a1f84254cf605&name=default HTTP/1.1" status: 200 len: 2996 time: 0.0247357
2026-07-15 06:11:14.329 10 INFO neutron.wsgi [None req-5786326b-c7ac-4cec-b25e-c2ff74c57b62 bc890da7b1e045df99b7fb40a936d507 524d02558d484f44874de52b6ff81980 - - - -] 10.0.0.166 "DELETE /v2.0/security-groups/f8db8585-ebca-465b-9471-1eec25b8e474 HTTP/1.1" status: 204 len: 168 time: 0.1564279
2026-07-15 06:11:14.366 9 INFO neutron.wsgi [None req-31430aa4-4ee8-4692-857e-468e0df3a48c bc890da7b1e045df99b7fb40a936d507 524d02558d484f44874de52b6ff81980 - - - -] 10.0.0.166 "DELETE /v2.0/security-groups/10937965-b15c-46fc-82f3-883667da66ef HTTP/1.1" status: 204 len: 168 time: 0.1859365
2026-07-15 06:11:14.607 9 INFO neutron.db.ovn_revision_numbers_db [None req-73b03b1d-955c-4ca0-8312-691193c2eb8f d0ab281c4de8476c995e75d2f1fcc846 520ef80383f6400e9b9955ff7a851e44 - - - -] Successfully bumped revision number for resource d89bedb3-2cb6-45aa-a6c7-4919c47d014d (type: security_groups) to 1
2026-07-15 06:11:14.614 9 INFO neutron.db.ovn_revision_numbers_db [None req-a5ea9a14-044d-443c-9983-60f31ea9de98 bc890da7b1e045df99b7fb40a936d507 524d02558d484f44874de52b6ff81980 - - default default] Successfully bumped revision number for resource 77551867-bf24-4ff8-bcd7-811fc8e38fca (type: security_groups) to 1
2026-07-15 06:11:14.638 9 INFO neutron.wsgi [None req-a5ea9a14-044d-443c-9983-60f31ea9de98 bc890da7b1e045df99b7fb40a936d507 524d02558d484f44874de52b6ff81980 - - default default] 10.0.0.166 "GET /v2.0/security-groups?tenant_id=2587ec25b88d4749b92917799399ef01&name=default HTTP/1.1" status: 200 len: 2996 time: 0.1416755
2026-07-15 06:11:14.672 9 INFO neutron.db.segments_db [None req-73b03b1d-955c-4ca0-8312-691193c2eb8f d0ab281c4de8476c995e75d2f1fcc846 520ef80383f6400e9b9955ff7a851e44 - - - -] Added segment 4490a15c-d140-4bb0-8ce8-359b3cf11bf8 of type geneve for network a50fb6d4-fda5-46f8-8401-bf22f6d114fa
2026-07-15 06:11:14.849 9 INFO neutron.db.ovn_revision_numbers_db [None req-73b03b1d-955c-4ca0-8312-691193c2eb8f d0ab281c4de8476c995e75d2f1fcc846 520ef80383f6400e9b9955ff7a851e44 - - - -] Successfully bumped revision number for resource a50fb6d4-fda5-46f8-8401-bf22f6d114fa (type: networks) to 1
2026-07-15 06:11:14.890 10 INFO neutron.wsgi [None req-e97aebbc-e30d-4096-a7e0-c0dcdefe1cda bc890da7b1e045df99b7fb40a936d507 524d02558d484f44874de52b6ff81980 - - - -] 10.0.0.166 "DELETE /v2.0/security-groups/77551867-bf24-4ff8-bcd7-811fc8e38fca HTTP/1.1" status: 204 len: 168 time: 0.2386639
2026-07-15 06:11:15.282 9 WARNING neutron.scheduler.dhcp_agent_scheduler [None req-73b03b1d-955c-4ca0-8312-691193c2eb8f d0ab281c4de8476c995e75d2f1fcc846 520ef80383f6400e9b9955ff7a851e44 - - - -] No more DHCP agents
2026-07-15 06:11:15.284 9 WARNING neutron.api.rpc.agentnotifiers.dhcp_rpc_agent_api [None req-73b03b1d-955c-4ca0-8312-691193c2eb8f d0ab281c4de8476c995e75d2f1fcc846 520ef80383f6400e9b9955ff7a851e44 - - - -] Unable to schedule network a50fb6d4-fda5-46f8-8401-bf22f6d114fa: no agents available; will retry on subsequent port and subnet creation events.
2026-07-15 06:11:15.358 9 INFO neutron.db.ovn_revision_numbers_db [None req-73b03b1d-955c-4ca0-8312-691193c2eb8f d0ab281c4de8476c995e75d2f1fcc846 520ef80383f6400e9b9955ff7a851e44 - - - -] Successfully bumped revision number for resource b6b169e4-a327-4331-a6b8-3392f1684b88 (type: ports) to 1
2026-07-15 06:11:15.382 9 INFO neutron.wsgi [None req-73b03b1d-955c-4ca0-8312-691193c2eb8f d0ab281c4de8476c995e75d2f1fcc846 520ef80383f6400e9b9955ff7a851e44 - - - -] 10.0.0.166 "POST /v2.0/networks HTTP/1.1" status: 201 len: 830 time: 1.0928276
2026-07-15 06:11:15.602 9 WARNING neutron.scheduler.dhcp_agent_scheduler [None req-e95f066f-ca54-4e45-a4eb-58dccc7f2f74 d0ab281c4de8476c995e75d2f1fcc846 520ef80383f6400e9b9955ff7a851e44 - - - -] No more DHCP agents
2026-07-15 06:11:15.606 9 WARNING neutron.api.rpc.agentnotifiers.dhcp_rpc_agent_api [None req-e95f066f-ca54-4e45-a4eb-58dccc7f2f74 d0ab281c4de8476c995e75d2f1fcc846 520ef80383f6400e9b9955ff7a851e44 - - - -] Unable to schedule network a50fb6d4-fda5-46f8-8401-bf22f6d114fa: no agents available; will retry on subsequent port and subnet creation events.
2026-07-15 06:11:15.956 10 INFO neutron.wsgi [None req-ff20da28-21b9-424a-bc65-f536950e9555 32066a04f64f45fc8995d92185e19a1b 18d54d4ae753454884147cdcd13cd3d0 - - default default] 10.0.0.166 "GET /v2.0/extensions HTTP/1.1" status: 200 len: 16520 time: 0.2342587
2026-07-15 06:11:15.978 10 INFO neutron.wsgi [None req-cfa17da7-b7cf-40e4-b433-dc11a09510b8 32066a04f64f45fc8995d92185e19a1b 18d54d4ae753454884147cdcd13cd3d0 - - default default] 10.0.0.166 "GET /v2.0/extensions/address-group HTTP/1.1" status: 200 len: 353 time: 0.0061758
2026-07-15 06:11:15.994 10 INFO neutron.wsgi [None req-c423729a-2255-411c-99c5-7baf3ef98ec9 32066a04f64f45fc8995d92185e19a1b 18d54d4ae753454884147cdcd13cd3d0 - - default default] 10.0.0.166 "GET /v2.0/extensions/address-scope HTTP/1.1" status: 200 len: 357 time: 0.0075948
2026-07-15 06:11:16.003 10 INFO neutron.wsgi [None req-8da34c05-1272-4e13-93bd-d5edae4c0677 32066a04f64f45fc8995d92185e19a1b 18d54d4ae753454884147cdcd13cd3d0 - - default default] 10.0.0.166 "GET /v2.0/extensions/agent HTTP/1.1" status: 200 len: 347 time: 0.0036361
2026-07-15 06:11:16.010 10 INFO neutron.wsgi [None req-ce6d8edc-790d-494a-b9b5-a3acb02d54de 32066a04f64f45fc8995d92185e19a1b 18d54d4ae753454884147cdcd13cd3d0 - - default default] 10.0.0.166 "GET /v2.0/extensions/allowed-address-pairs HTTP/1.1" status: 200 len: 378 time: 0.0045018
2026-07-15 06:11:16.018 10 INFO neutron.wsgi [None req-4c17007f-7233-454f-a363-37dfcb60220c 32066a04f64f45fc8995d92185e19a1b 18d54d4ae753454884147cdcd13cd3d0 - - default default] 10.0.0.166 "GET /v2.0/extensions/auto-allocated-topology HTTP/1.1" status: 200 len: 394 time: 0.0043526
2026-07-15 06:11:16.027 9 INFO neutron.wsgi [None req-04022c38-f96a-4131-b5ec-b6ab18537824 32066a04f64f45fc8995d92185e19a1b 18d54d4ae753454884147cdcd13cd3d0 - - default default] 10.0.0.166 "GET /v2.0/extensions/availability_zone HTTP/1.1" status: 200 len: 372 time: 0.0054660
2026-07-15 06:11:16.039 10 INFO neutron.wsgi [None req-dd0eefad-1334-406d-a530-fb426d77ec4a 32066a04f64f45fc8995d92185e19a1b 18d54d4ae753454884147cdcd13cd3d0 - - default default] 10.0.0.166 "GET /v2.0/extensions/default-subnetpools HTTP/1.1" status: 200 len: 405 time: 0.0068707
2026-07-15 06:11:16.055 10 INFO neutron.wsgi [None req-ecbdc8d7-9534-46ef-9f6e-29dda6522c06 32066a04f64f45fc8995d92185e19a1b 18d54d4ae753454884147cdcd13cd3d0 - - default default] 10.0.0.166 "GET /v2.0/extensions/dhcp_agent_scheduler HTTP/1.1" status: 200 len: 381 time: 0.0069029
2026-07-15 06:11:16.064 9 INFO neutron.wsgi [None req-03c1c538-981a-4b11-90c1-c02d1ea2908d 32066a04f64f45fc8995d92185e19a1b 18d54d4ae753454884147cdcd13cd3d0 - - default default] 10.0.0.166 "GET /v2.0/extensions/dns-integration HTTP/1.1" status: 200 len: 366 time: 0.0058339
2026-07-15 06:11:16.072 9 INFO neutron.wsgi [None req-28c007d8-7f13-4e29-bc28-167eaace7e5c 32066a04f64f45fc8995d92185e19a1b 18d54d4ae753454884147cdcd13cd3d0 - - default default] 10.0.0.166 "GET /v2.0/extensions/dns-domain-ports HTTP/1.1" status: 200 len: 399 time: 0.0028734
2026-07-15 06:11:16.083 9 INFO neutron.wsgi [None req-8c6046c9-361b-43d9-a588-82774b253d88 32066a04f64f45fc8995d92185e19a1b 18d54d4ae753454884147cdcd13cd3d0 - - default default] 10.0.0.166 "GET /v2.0/extensions/dns-integration-domain-keywords HTTP/1.1" status: 200 len: 477 time: 0.0035746
2026-07-15 06:11:16.085 9 INFO neutron.db.ovn_revision_numbers_db [None req-e95f066f-ca54-4e45-a4eb-58dccc7f2f74 d0ab281c4de8476c995e75d2f1fcc846 520ef80383f6400e9b9955ff7a851e44 - - - -] Successfully bumped revision number for resource b6b169e4-a327-4331-a6b8-3392f1684b88 (type: ports) to 2
2026-07-15 06:11:16.091 9 INFO neutron.wsgi [None req-aa1fd03c-1412-4ef4-9642-919162a83a80 32066a04f64f45fc8995d92185e19a1b 18d54d4ae753454884147cdcd13cd3d0 - - default default] 10.0.0.166 "GET /v2.0/extensions/external-net HTTP/1.1" status: 200 len: 394 time: 0.0051367
2026-07-15 06:11:16.105 9 INFO neutron.db.ovn_revision_numbers_db [None req-e95f066f-ca54-4e45-a4eb-58dccc7f2f74 d0ab281c4de8476c995e75d2f1fcc846 520ef80383f6400e9b9955ff7a851e44 - - - -] Successfully bumped revision number for resource ee3bc4b3-1f35-45b4-b719-c145e2f3dc96 (type: subnets) to 0
2026-07-15 06:11:16.110 10 INFO neutron.wsgi [None req-5ec4f42f-31cd-4b09-80ae-a03ce3005f57 32066a04f64f45fc8995d92185e19a1b 18d54d4ae753454884147cdcd13cd3d0 - - default default] 10.0.0.166 "GET /v2.0/extensions/extra_dhcp_opt HTTP/1.1" status: 200 len: 498 time: 0.0138204
2026-07-15 06:11:16.120 9 INFO neutron.wsgi [None req-ea563577-9f50-4cea-a954-7c3638cd3e14 32066a04f64f45fc8995d92185e19a1b 18d54d4ae753454884147cdcd13cd3d0 - - default default] 10.0.0.166 "GET /v2.0/extensions/extraroute HTTP/1.1" status: 200 len: 375 time: 0.0052872
2026-07-15 06:11:16.122 9 INFO neutron.wsgi [None req-e95f066f-ca54-4e45-a4eb-58dccc7f2f74 d0ab281c4de8476c995e75d2f1fcc846 520ef80383f6400e9b9955ff7a851e44 - - - -] 10.0.0.166 "POST /v2.0/subnets HTTP/1.1" status: 201 len: 801 time: 0.7364745
2026-07-15 06:11:16.132 10 INFO neutron.wsgi [None req-adb2291e-beac-41a1-a9fd-1644b821ae43 32066a04f64f45fc8995d92185e19a1b 18d54d4ae753454884147cdcd13cd3d0 - - default default] 10.0.0.166 "GET /v2.0/extensions/filter-validation HTTP/1.1" status: 200 len: 392 time: 0.0088603
2026-07-15 06:11:16.142 9 INFO neutron.wsgi [None req-d14bcb7c-ba58-4922-8dbe-6fc8a14d01a0 32066a04f64f45fc8995d92185e19a1b 18d54d4ae753454884147cdcd13cd3d0 - - default default] 10.0.0.166 "GET /v2.0/extensions/floating-ip-port-forwarding-detail HTTP/1.1" status: 200 len: 465 time: 0.0056298
2026-07-15 06:11:16.150 9 INFO neutron.wsgi [None req-06c1bc44-db4e-4cc2-ac8a-8538b1b076d3 32066a04f64f45fc8995d92185e19a1b 18d54d4ae753454884147cdcd13cd3d0 - - default default] 10.0.0.166 "GET /v2.0/extensions/fip-port-details HTTP/1.1" status: 200 len: 406 time: 0.0038719
2026-07-15 06:11:16.159 9 INFO neutron.wsgi [None req-0b7afd54-b49d-46d9-8f09-f3b5f3649322 32066a04f64f45fc8995d92185e19a1b 18d54d4ae753454884147cdcd13cd3d0 - - default default] 10.0.0.166 "GET /v2.0/extensions/flavors HTTP/1.1" status: 200 len: 387 time: 0.0055501
2026-07-15 06:11:16.166 9 INFO neutron.wsgi [None req-64cf311e-5228-47fc-9e91-2dc01fee718b 32066a04f64f45fc8995d92185e19a1b 18d54d4ae753454884147cdcd13cd3d0 - - default default] 10.0.0.166 "GET /v2.0/extensions/floatingip-pools HTTP/1.1" status: 200 len: 382 time: 0.0042677
2026-07-15 06:11:16.174 9 INFO neutron.wsgi [None req-4c383c4d-c733-4e86-9931-097d69d98d5a 32066a04f64f45fc8995d92185e19a1b 18d54d4ae753454884147cdcd13cd3d0 - - default default] 10.0.0.166 "GET /v2.0/extensions/ip_allocation HTTP/1.1" status: 200 len: 356 time: 0.0048528
2026-07-15 06:11:16.183 9 INFO neutron.wsgi [None req-68309725-b895-4791-abe9-d11c47d05a61 32066a04f64f45fc8995d92185e19a1b 18d54d4ae753454884147cdcd13cd3d0 - - default default] 10.0.0.166 "GET /v2.0/extensions/l2_adjacency HTTP/1.1" status: 200 len: 372 time: 0.0052345
2026-07-15 06:11:16.190 9 INFO neutron.wsgi [None req-d847adb9-8b3c-4c58-8e5b-2bbcc5acd30c 32066a04f64f45fc8995d92185e19a1b 18d54d4ae753454884147cdcd13cd3d0 - - default default] 10.0.0.166 "GET /v2.0/extensions/router HTTP/1.1" status: 200 len: 450 time: 0.0038671
2026-07-15 06:11:16.198 9 INFO neutron.wsgi [None req-5a7fda76-c59c-4a59-a4ef-1a1930d4372b 32066a04f64f45fc8995d92185e19a1b 18d54d4ae753454884147cdcd13cd3d0 - - default default] 10.0.0.166 "GET /v2.0/extensions/ext-gw-mode HTTP/1.1" status: 200 len: 462 time: 0.0038288
2026-07-15 06:11:16.211 9 INFO neutron.wsgi [None req-11c7de8a-531b-4dda-9f7a-d2f7a4bcf59e 32066a04f64f45fc8995d92185e19a1b 18d54d4ae753454884147cdcd13cd3d0 - - default default] 10.0.0.166 "GET /v2.0/extensions/logging HTTP/1.1" status: 200 len: 407 time: 0.0041335
2026-07-15 06:11:16.219 9 INFO neutron.wsgi [None req-b33de90a-3d30-402b-8138-f6e03494c804 32066a04f64f45fc8995d92185e19a1b 18d54d4ae753454884147cdcd13cd3d0 - - default default] 10.0.0.166 "GET /v2.0/extensions/multi-provider HTTP/1.1" status: 200 len: 406 time: 0.0053744
2026-07-15 06:11:16.221 10 INFO neutron.db.segments_db [None req-42e4bd4c-985b-4265-bfad-79be7d5b9915 d0ab281c4de8476c995e75d2f1fcc846 520ef80383f6400e9b9955ff7a851e44 - - - -] Added segment 4e7432fc-29b3-4dcd-a597-e989fb796d28 of type geneve for network e0dbc33f-bcb0-4b87-a8e8-0bf7a17342a1
2026-07-15 06:11:16.230 9 INFO neutron.wsgi [None req-96882d9e-a36e-4774-a1fa-124f823bc9af 32066a04f64f45fc8995d92185e19a1b 18d54d4ae753454884147cdcd13cd3d0 - - default default] 10.0.0.166 "GET /v2.0/extensions/net-mtu HTTP/1.1" status: 200 len: 370 time: 0.0039885
2026-07-15 06:11:16.238 9 INFO neutron.wsgi [None req-40cb2bfb-b9a7-47c5-b918-42ab5ac78a03 32066a04f64f45fc8995d92185e19a1b 18d54d4ae753454884147cdcd13cd3d0 - - default default] 10.0.0.166 "GET /v2.0/extensions/net-mtu-writable HTTP/1.1" status: 200 len: 401 time: 0.0046628
2026-07-15 06:11:16.247 9 INFO neutron.wsgi [None req-115d2631-70c0-4267-9a73-e6a981124eed 32066a04f64f45fc8995d92185e19a1b 18d54d4ae753454884147cdcd13cd3d0 - - default default] 10.0.0.166 "GET /v2.0/extensions/network_availability_zone HTTP/1.1" status: 200 len: 394 time: 0.0042148
2026-07-15 06:11:16.256 9 INFO neutron.wsgi [None req-273802bd-da42-4bc5-a108-6fb8255dcb7a 32066a04f64f45fc8995d92185e19a1b 18d54d4ae753454884147cdcd13cd3d0 - - default default] 10.0.0.166 "GET /v2.0/extensions/network-ip-availability HTTP/1.1" status: 200 len: 410 time: 0.0051725
2026-07-15 06:11:16.264 9 INFO neutron.wsgi [None req-f82bbce2-ff7d-46c3-b0be-9a2651c21299 32066a04f64f45fc8995d92185e19a1b 18d54d4ae753454884147cdcd13cd3d0 - - default default] 10.0.0.166 "GET /v2.0/extensions/pagination HTTP/1.1" status: 200 len: 386 time: 0.0046706
2026-07-15 06:11:16.271 9 INFO neutron.wsgi [None req-26e579cf-7d2b-4d64-b3e9-956774047aed 32066a04f64f45fc8995d92185e19a1b 18d54d4ae753454884147cdcd13cd3d0 - - default default] 10.0.0.166 "GET /v2.0/extensions/port-device-profile HTTP/1.1" status: 200 len: 383 time: 0.0041866
2026-07-15 06:11:16.282 9 INFO neutron.wsgi [None req-8360ba79-4a6f-4502-bce8-5e6c90c34501 32066a04f64f45fc8995d92185e19a1b 18d54d4ae753454884147cdcd13cd3d0 - - default default] 10.0.0.166 "GET /v2.0/extensions/port-mac-address-regenerate HTTP/1.1" status: 200 len: 403 time: 0.0035741
2026-07-15 06:11:16.290 9 INFO neutron.wsgi [None req-b1f981b6-791d-4e79-8b0d-7c5b15720e95 32066a04f64f45fc8995d92185e19a1b 18d54d4ae753454884147cdcd13cd3d0 - - default default] 10.0.0.166 "GET /v2.0/extensions/port-numa-affinity-policy HTTP/1.1" status: 200 len: 392 time: 0.0045431
2026-07-15 06:11:16.297 9 INFO neutron.wsgi [None req-3a2f8c63-3b04-48d2-aa2d-5ece82ee44e0 32066a04f64f45fc8995d92185e19a1b 18d54d4ae753454884147cdcd13cd3d0 - - default default] 10.0.0.166 "GET /v2.0/extensions/port-resource-request HTTP/1.1" status: 200 len: 379 time: 0.0044637
2026-07-15 06:11:16.305 9 INFO neutron.wsgi [None req-59f7a02e-918a-4cee-8da1-b7712d6d24d6 32066a04f64f45fc8995d92185e19a1b 18d54d4ae753454884147cdcd13cd3d0 - - default default] 10.0.0.166 "GET /v2.0/extensions/port-resource-request-groups HTTP/1.1" status: 200 len: 465 time: 0.0040541
2026-07-15 06:11:16.314 9 INFO neutron.wsgi [None req-b77679d7-398d-4eb7-89a8-490f77828665 32066a04f64f45fc8995d92185e19a1b 18d54d4ae753454884147cdcd13cd3d0 - - default default] 10.0.0.166 "GET /v2.0/extensions/binding HTTP/1.1" status: 200 len: 387 time: 0.0043039
2026-07-15 06:11:16.327 9 INFO neutron.wsgi [None req-7023caba-f46e-456c-a59d-36da6368d75d 32066a04f64f45fc8995d92185e19a1b 18d54d4ae753454884147cdcd13cd3d0 - - default default] 10.0.0.166 "GET /v2.0/extensions/binding-extended HTTP/1.1" status: 200 len: 406 time: 0.0043087
2026-07-15 06:11:16.335 9 INFO neutron.wsgi [None req-5db895e2-ae93-4f6a-8f68-2fbcc64d6ada 32066a04f64f45fc8995d92185e19a1b 18d54d4ae753454884147cdcd13cd3d0 - - default default] 10.0.0.166 "GET /v2.0/extensions/port-security HTTP/1.1" status: 200 len: 354 time: 0.0039852
2026-07-15 06:11:16.346 9 INFO neutron.wsgi [None req-c7fc7474-cfc9-4f84-807d-c48d325c63fe 32066a04f64f45fc8995d92185e19a1b 18d54d4ae753454884147cdcd13cd3d0 - - default default] 10.0.0.166 "GET /v2.0/extensions/project-id HTTP/1.1" status: 200 len: 398 time: 0.0053627
2026-07-15 06:11:16.357 9 INFO neutron.wsgi [None req-bed186e0-78aa-4b35-8488-0c13fb7f575c 32066a04f64f45fc8995d92185e19a1b 18d54d4ae753454884147cdcd13cd3d0 - - default default] 10.0.0.166 "GET /v2.0/extensions/provider HTTP/1.1" status: 200 len: 385 time: 0.0040410
2026-07-15 06:11:16.367 10 INFO neutron.db.ovn_revision_numbers_db [None req-42e4bd4c-985b-4265-bfad-79be7d5b9915 d0ab281c4de8476c995e75d2f1fcc846 520ef80383f6400e9b9955ff7a851e44 - - - -] Successfully bumped revision number for resource e0dbc33f-bcb0-4b87-a8e8-0bf7a17342a1 (type: networks) to 1
2026-07-15 06:11:16.367 9 INFO neutron.wsgi [None req-c4724525-0509-4bfc-884e-2c31f9f58254 32066a04f64f45fc8995d92185e19a1b 18d54d4ae753454884147cdcd13cd3d0 - - default default] 10.0.0.166 "GET /v2.0/extensions/qos HTTP/1.1" status: 200 len: 360 time: 0.0049345
2026-07-15 06:11:16.376 9 INFO neutron.wsgi [None req-145ff678-9dd7-43b2-af71-ec5127173607 32066a04f64f45fc8995d92185e19a1b 18d54d4ae753454884147cdcd13cd3d0 - - default default] 10.0.0.166 "GET /v2.0/extensions/qos-bw-limit-direction HTTP/1.1" status: 200 len: 452 time: 0.0044658
2026-07-15 06:11:16.385 9 INFO neutron.wsgi [None req-aaee6832-6213-4d1a-a31a-5ca053ffc0fe 32066a04f64f45fc8995d92185e19a1b 18d54d4ae753454884147cdcd13cd3d0 - - default default] 10.0.0.166 "GET /v2.0/extensions/qos-bw-minimum-ingress HTTP/1.1" status: 200 len: 445 time: 0.0043147
2026-07-15 06:11:16.392 9 INFO neutron.wsgi [None req-902c6276-c5be-4638-9e4b-909a86da8f1a 32066a04f64f45fc8995d92185e19a1b 18d54d4ae753454884147cdcd13cd3d0 - - default default] 10.0.0.166 "GET /v2.0/extensions/qos-default HTTP/1.1" status: 200 len: 377 time: 0.0047474
2026-07-15 06:11:16.400 9 INFO neutron.wsgi [None req-b612e468-ac84-4827-8902-75cc8e2eed13 32066a04f64f45fc8995d92185e19a1b 18d54d4ae753454884147cdcd13cd3d0 - - default default] 10.0.0.166 "GET /v2.0/extensions/qos-fip HTTP/1.1" status: 200 len: 372 time: 0.0041003
2026-07-15 06:11:16.408 9 INFO neutron.wsgi [None req-9d070a8b-971b-4614-9e6b-54ad96c27b61 32066a04f64f45fc8995d92185e19a1b 18d54d4ae753454884147cdcd13cd3d0 - - default default] 10.0.0.166 "GET /v2.0/extensions/qos-gateway-ip HTTP/1.1" status: 200 len: 391 time: 0.0041118
2026-07-15 06:11:16.417 9 INFO neutron.wsgi [None req-b5c6a5dd-2dee-4f52-9016-8e9e89c426b5 32066a04f64f45fc8995d92185e19a1b 18d54d4ae753454884147cdcd13cd3d0 - - default default] 10.0.0.166 "GET /v2.0/extensions/qos-port-network-policy HTTP/1.1" status: 200 len: 403 time: 0.0048482
2026-07-15 06:11:16.426 9 INFO neutron.wsgi [None req-b95a2e40-300d-4102-acec-16ad2f22a340 32066a04f64f45fc8995d92185e19a1b 18d54d4ae753454884147cdcd13cd3d0 - - default default] 10.0.0.166 "GET /v2.0/extensions/qos-pps-minimum HTTP/1.1" status: 200 len: 397 time: 0.0047257
2026-07-15 06:11:16.435 9 INFO neutron.wsgi [None req-c9230a9f-7469-4a9c-9633-9d586aa1f8cc 32066a04f64f45fc8995d92185e19a1b 18d54d4ae753454884147cdcd13cd3d0 - - default default] 10.0.0.166 "GET /v2.0/extensions/qos-pps-minimum-rule-alias HTTP/1.1" status: 200 len: 471 time: 0.0060062
2026-07-15 06:11:16.443 9 INFO neutron.wsgi [None req-48034635-f91b-42c0-80f6-914cc7d4446e 32066a04f64f45fc8995d92185e19a1b 18d54d4ae753454884147cdcd13cd3d0 - - default default] 10.0.0.166 "GET /v2.0/extensions/qos-pps HTTP/1.1" status: 200 len: 389 time: 0.0042698
2026-07-15 06:11:16.453 9 INFO neutron.wsgi [None req-75f65ff2-eeca-4f26-a642-db9a8cd8ab9d 32066a04f64f45fc8995d92185e19a1b 18d54d4ae753454884147cdcd13cd3d0 - - default default] 10.0.0.166 "GET /v2.0/extensions/qos-rule-type-details HTTP/1.1" status: 200 len: 423 time: 0.0048351
2026-07-15 06:11:16.462 9 INFO neutron.wsgi [None req-e164fd7b-d213-4251-9613-24b0df001917 32066a04f64f45fc8995d92185e19a1b 18d54d4ae753454884147cdcd13cd3d0 - - default default] 10.0.0.166 "GET /v2.0/extensions/qos-rule-type-filter HTTP/1.1" status: 200 len: 567 time: 0.0046918
2026-07-15 06:11:16.475 10 INFO neutron.wsgi [None req-48d8d152-062d-43fe-adbc-e8e968f46929 32066a04f64f45fc8995d92185e19a1b 18d54d4ae753454884147cdcd13cd3d0 - - default default] 10.0.0.166 "GET /v2.0/extensions/qos-rules-alias HTTP/1.1" status: 200 len: 448 time: 0.0081143
2026-07-15 06:11:16.487 9 INFO neutron.wsgi [None req-ea9d1032-cba4-4339-888a-2d581cd7d292 32066a04f64f45fc8995d92185e19a1b 18d54d4ae753454884147cdcd13cd3d0 - - default default] 10.0.0.166 "GET /v2.0/extensions/quota-check-limit HTTP/1.1" status: 200 len: 420 time: 0.0074005
2026-07-15 06:11:16.495 9 INFO neutron.wsgi [None req-906407b5-b9ab-4e91-af2a-81fa90b6582f 32066a04f64f45fc8995d92185e19a1b 18d54d4ae753454884147cdcd13cd3d0 - - default default] 10.0.0.166 "GET /v2.0/extensions/quotas HTTP/1.1" status: 200 len: 386 time: 0.0041380
2026-07-15 06:11:16.502 9 INFO neutron.wsgi [None req-60294245-74e7-4071-b807-97cb66d0d08f 32066a04f64f45fc8995d92185e19a1b 18d54d4ae753454884147cdcd13cd3d0 - - default default] 10.0.0.166 "GET /v2.0/extensions/quota_details HTTP/1.1" status: 200 len: 407 time: 0.0035262
2026-07-15 06:11:16.510 9 INFO neutron.wsgi [None req-9d02eefe-99db-40b9-8c91-ab22fc5d036f 32066a04f64f45fc8995d92185e19a1b 18d54d4ae753454884147cdcd13cd3d0 - - default default] 10.0.0.166 "GET /v2.0/extensions/rbac-policies HTTP/1.1" status: 200 len: 417 time: 0.0044498
2026-07-15 06:11:16.519 9 INFO neutron.wsgi [None req-44f3d6fa-86b2-4ea8-be05-b8df71df5909 32066a04f64f45fc8995d92185e19a1b 18d54d4ae753454884147cdcd13cd3d0 - - default default] 10.0.0.166 "GET /v2.0/extensions/rbac-address-scope HTTP/1.1" status: 200 len: 384 time: 0.0048277
2026-07-15 06:11:16.527 9 INFO neutron.wsgi [None req-32104053-67e4-4ba3-9963-adba667ad649 32066a04f64f45fc8995d92185e19a1b 18d54d4ae753454884147cdcd13cd3d0 - - default default] 10.0.0.166 "GET /v2.0/extensions/rbac-security-groups HTTP/1.1" status: 200 len: 404 time: 0.0044832
2026-07-15 06:11:16.534 9 INFO neutron.wsgi [None req-50ec7254-a46e-4ec3-af40-a241d1e8667a 32066a04f64f45fc8995d92185e19a1b 18d54d4ae753454884147cdcd13cd3d0 - - default default] 10.0.0.166 "GET /v2.0/extensions/revision-if-match HTTP/1.1" status: 200 len: 441 time: 0.0042384
2026-07-15 06:11:16.545 9 INFO neutron.wsgi [None req-f7123db9-4fde-4fdc-bf60-86fb196fa3a7 32066a04f64f45fc8995d92185e19a1b 18d54d4ae753454884147cdcd13cd3d0 - - default default] 10.0.0.166 "GET /v2.0/extensions/standard-attr-revisions HTTP/1.1" status: 200 len: 423 time: 0.0062752
2026-07-15 06:11:16.556 9 INFO neutron.wsgi [None req-59f6052c-f241-45c8-a23d-349e18ddf85b 32066a04f64f45fc8995d92185e19a1b 18d54d4ae753454884147cdcd13cd3d0 - - default default] 10.0.0.166 "GET /v2.0/extensions/router_availability_zone HTTP/1.1" status: 200 len: 391 time: 0.0069103
2026-07-15 06:11:16.567 9 INFO neutron.wsgi [None req-2b677af1-f2c4-4cd8-a635-7baaba4fa3e8 32066a04f64f45fc8995d92185e19a1b 18d54d4ae753454884147cdcd13cd3d0 - - default default] 10.0.0.166 "GET /v2.0/extensions/security-groups-normalized-cidr HTTP/1.1" status: 200 len: 445 time: 0.0046847
2026-07-15 06:11:16.575 9 INFO neutron.wsgi [None req-2bb680d1-61be-4c9d-9219-bd3d22201870 32066a04f64f45fc8995d92185e19a1b 18d54d4ae753454884147cdcd13cd3d0 - - default default] 10.0.0.166 "GET /v2.0/extensions/security-groups-remote-address-group HTTP/1.1" status: 200 len: 448 time: 0.0044115
2026-07-15 06:11:16.577 10 WARNING neutron.scheduler.dhcp_agent_scheduler [None req-42e4bd4c-985b-4265-bfad-79be7d5b9915 d0ab281c4de8476c995e75d2f1fcc846 520ef80383f6400e9b9955ff7a851e44 - - - -] No more DHCP agents
2026-07-15 06:11:16.580 10 WARNING neutron.api.rpc.agentnotifiers.dhcp_rpc_agent_api [None req-42e4bd4c-985b-4265-bfad-79be7d5b9915 d0ab281c4de8476c995e75d2f1fcc846 520ef80383f6400e9b9955ff7a851e44 - - - -] Unable to schedule network e0dbc33f-bcb0-4b87-a8e8-0bf7a17342a1: no agents available; will retry on subsequent port and subnet creation events.
2026-07-15 06:11:16.588 9 INFO neutron.wsgi [None req-8700264e-0400-4950-8bed-0aa6585a00bc 32066a04f64f45fc8995d92185e19a1b 18d54d4ae753454884147cdcd13cd3d0 - - default default] 10.0.0.166 "GET /v2.0/extensions/security-groups-shared-filtering HTTP/1.1" status: 200 len: 435 time: 0.0080948
2026-07-15 06:11:16.598 9 INFO neutron.wsgi [None req-b787ffa5-e120-4817-bb46-529fcfa94cb0 32066a04f64f45fc8995d92185e19a1b 18d54d4ae753454884147cdcd13cd3d0 - - default default] 10.0.0.166 "GET /v2.0/extensions/security-group HTTP/1.1" status: 200 len: 364 time: 0.0047801
2026-07-15 06:11:16.606 9 INFO neutron.wsgi [None req-c83d2415-428b-4da8-852b-1c35d8f5e771 32066a04f64f45fc8995d92185e19a1b 18d54d4ae753454884147cdcd13cd3d0 - - default default] 10.0.0.166 "GET /v2.0/extensions/segment HTTP/1.1" status: 200 len: 339 time: 0.0042045
2026-07-15 06:11:16.614 9 INFO neutron.wsgi [None req-242915b2-f94f-408a-abb7-29bd19150810 32066a04f64f45fc8995d92185e19a1b 18d54d4ae753454884147cdcd13cd3d0 - - default default] 10.0.0.166 "GET /v2.0/extensions/segments-peer-subnet-host-routes HTTP/1.1" status: 200 len: 427 time: 0.0039291
2026-07-15 06:11:16.621 9 INFO neutron.wsgi [None req-12573fac-7384-4264-ae01-56738c8bc39d 32066a04f64f45fc8995d92185e19a1b 18d54d4ae753454884147cdcd13cd3d0 - - default default] 10.0.0.166 "GET /v2.0/extensions/service-type HTTP/1.1" status: 200 len: 415 time: 0.0031674
2026-07-15 06:11:16.629 9 INFO neutron.wsgi [None req-0df40cdd-3ae3-4117-bce5-038f5e87964d 32066a04f64f45fc8995d92185e19a1b 18d54d4ae753454884147cdcd13cd3d0 - - default default] 10.0.0.166 "GET /v2.0/extensions/sorting HTTP/1.1" status: 200 len: 377 time: 0.0050530
2026-07-15 06:11:16.639 9 INFO neutron.wsgi [None req-bca92c82-fd60-4c27-b6ab-247a3e12f96e 32066a04f64f45fc8995d92185e19a1b 18d54d4ae753454884147cdcd13cd3d0 - - default default] 10.0.0.166 "GET /v2.0/extensions/standard-attr-segment HTTP/1.1" status: 200 len: 406 time: 0.0055070
2026-07-15 06:11:16.657 10 INFO neutron.wsgi [None req-39b8fdd6-d15c-4fc6-be0e-06c4834069b4 32066a04f64f45fc8995d92185e19a1b 18d54d4ae753454884147cdcd13cd3d0 - - default default] 10.0.0.166 "GET /v2.0/extensions/standard-attr-description HTTP/1.1" status: 200 len: 408 time: 0.0118864
2026-07-15 06:11:16.666 9 INFO neutron.wsgi [None req-8bda8c01-27de-4569-9e16-3f6aaa09f07b 32066a04f64f45fc8995d92185e19a1b 18d54d4ae753454884147cdcd13cd3d0 - - default default] 10.0.0.166 "GET /v2.0/extensions/stateful-security-group HTTP/1.1" status: 200 len: 402 time: 0.0047977
2026-07-15 06:11:16.669 10 INFO neutron.db.ovn_revision_numbers_db [None req-42e4bd4c-985b-4265-bfad-79be7d5b9915 d0ab281c4de8476c995e75d2f1fcc846 520ef80383f6400e9b9955ff7a851e44 - - - -] Successfully bumped revision number for resource c8946b13-7033-46e6-a2e3-d5f7694c6d1e (type: ports) to 1
2026-07-15 06:11:16.675 9 INFO neutron.wsgi [None req-08d198f3-021d-4ce1-9090-11156495d0e3 32066a04f64f45fc8995d92185e19a1b 18d54d4ae753454884147cdcd13cd3d0 - - default default] 10.0.0.166 "GET /v2.0/extensions/subnet-dns-publish-fixed-ip HTTP/1.1" status: 200 len: 421 time: 0.0054901
2026-07-15 06:11:16.683 9 INFO neutron.wsgi [None req-badaa7fe-f8dc-4500-bb76-dc463301b967 32066a04f64f45fc8995d92185e19a1b 18d54d4ae753454884147cdcd13cd3d0 - - default default] 10.0.0.166 "GET /v2.0/extensions/subnet-segmentid-writable HTTP/1.1" status: 200 len: 421 time: 0.0041232
2026-07-15 06:11:16.691 9 INFO neutron.wsgi [None req-3581426e-965e-410c-8ff6-ffde60b214d8 32066a04f64f45fc8995d92185e19a1b 18d54d4ae753454884147cdcd13cd3d0 - - default default] 10.0.0.166 "GET /v2.0/extensions/subnet-service-types HTTP/1.1" status: 200 len: 400 time: 0.0040820
2026-07-15 06:11:16.697 10 INFO neutron.wsgi [None req-42e4bd4c-985b-4265-bfad-79be7d5b9915 d0ab281c4de8476c995e75d2f1fcc846 520ef80383f6400e9b9955ff7a851e44 - - - -] 10.0.0.166 "POST /v2.0/networks HTTP/1.1" status: 201 len: 830 time: 0.5608728
2026-07-15 06:11:16.700 9 INFO neutron.wsgi [None req-a8226341-f17d-4bf3-ab1d-2b65dc485de1 32066a04f64f45fc8995d92185e19a1b 18d54d4ae753454884147cdcd13cd3d0 - - default default] 10.0.0.166 "GET /v2.0/extensions/subnet_allocation HTTP/1.1" status: 200 len: 388 time: 0.0046787
2026-07-15 06:11:16.709 9 INFO neutron.wsgi [None req-519c08e7-cbe0-4150-8443-e80ab3b04333 32066a04f64f45fc8995d92185e19a1b 18d54d4ae753454884147cdcd13cd3d0 - - default default] 10.0.0.166 "GET /v2.0/extensions/subnetpool-prefix-ops HTTP/1.1" status: 200 len: 418 time: 0.0051696
2026-07-15 06:11:16.724 10 INFO neutron.wsgi [None req-7ca6df72-16ff-4e7e-8b4d-a4b4e4ca585d 32066a04f64f45fc8995d92185e19a1b 18d54d4ae753454884147cdcd13cd3d0 - - default default] 10.0.0.166 "GET /v2.0/extensions/standard-attr-tag HTTP/1.1" status: 200 len: 537 time: 0.0105181
2026-07-15 06:11:16.736 9 INFO neutron.wsgi [None req-3cee15a3-45ad-49d9-85bb-0e8dfeac5207 32066a04f64f45fc8995d92185e19a1b 18d54d4ae753454884147cdcd13cd3d0 - - default default] 10.0.0.166 "GET /v2.0/extensions/standard-attr-timestamp HTTP/1.1" status: 200 len: 449 time: 0.0072043
2026-07-15 06:11:16.758 9 INFO neutron.wsgi [None req-4aac73f0-0c77-4973-8d1b-d86173846023 32066a04f64f45fc8995d92185e19a1b 18d54d4ae753454884147cdcd13cd3d0 - - default default] 10.0.0.166 "GET /v2.0/extensions/trunk HTTP/1.1" status: 200 len: 358 time: 0.0063801
2026-07-15 06:11:16.767 9 INFO neutron.wsgi [None req-f3ad3608-ef2f-4a2d-a849-5889157ffbcf 32066a04f64f45fc8995d92185e19a1b 18d54d4ae753454884147cdcd13cd3d0 - - default default] 10.0.0.166 "GET /v2.0/extensions/trunk-details HTTP/1.1" status: 200 len: 362 time: 0.0045350
2026-07-15 06:11:16.876 9 INFO neutron.wsgi [None req-2865ffc9-a09a-4590-8b3b-d3a9485ee1e0 bc890da7b1e045df99b7fb40a936d507 524d02558d484f44874de52b6ff81980 - - default default] 10.0.0.8 "GET /v2.0/routers HTTP/1.1" status: 200 len: 189 time: 0.1664047
2026-07-15 06:11:16.890 9 INFO neutron.wsgi [None req-4a2bc363-0c29-45fd-be65-7c2af8528bc8 bc890da7b1e045df99b7fb40a936d507 524d02558d484f44874de52b6ff81980 - - default default] 10.0.0.8 "GET /v2.0/agents?binary=ovn-controller HTTP/1.1" status: 200 len: 591 time: 0.0127964
2026-07-15 06:11:16.907 9 INFO neutron.wsgi [None req-595f4483-a1a0-450f-bb92-bcc171c9eb3f bc890da7b1e045df99b7fb40a936d507 524d02558d484f44874de52b6ff81980 - - default default] 10.0.0.8 "GET /v2.0/agents HTTP/1.1" status: 200 len: 997 time: 0.0161669
2026-07-15 06:11:16.972 9 INFO neutron.wsgi [None req-b5445267-bc5d-4aa8-8073-eb6d2f39c740 bc890da7b1e045df99b7fb40a936d507 524d02558d484f44874de52b6ff81980 - - default default] 10.0.0.8 "GET /v2.0/subnets HTTP/1.1" status: 200 len: 2047 time: 0.0644391
2026-07-15 06:11:16.989 9 INFO neutron.wsgi [None req-e9c3747c-abb4-40e7-8f3f-fa96d6f690c1 bc890da7b1e045df99b7fb40a936d507 524d02558d484f44874de52b6ff81980 - - default default] 10.0.0.8 "GET /v2.0/subnetpools HTTP/1.1" status: 200 len: 193 time: 0.0148327
2026-07-15 06:11:17.020 9 INFO neutron.wsgi [None req-9a75227a-5ad4-4d2e-b3e8-627bcb8b8691 bc890da7b1e045df99b7fb40a936d507 524d02558d484f44874de52b6ff81980 - - default default] 10.0.0.8 "GET /v2.0/subnets HTTP/1.1" status: 200 len: 2047 time: 0.0307119
2026-07-15 06:11:17.057 10 WARNING neutron.scheduler.dhcp_agent_scheduler [None req-7709fc80-4c81-43bc-94d2-b50160a0e2cf d0ab281c4de8476c995e75d2f1fcc846 520ef80383f6400e9b9955ff7a851e44 - - - -] No more DHCP agents
2026-07-15 06:11:17.060 10 WARNING neutron.api.rpc.agentnotifiers.dhcp_rpc_agent_api [None req-7709fc80-4c81-43bc-94d2-b50160a0e2cf d0ab281c4de8476c995e75d2f1fcc846 520ef80383f6400e9b9955ff7a851e44 - - - -] Unable to schedule network e0dbc33f-bcb0-4b87-a8e8-0bf7a17342a1: no agents available; will retry on subsequent port and subnet creation events.
2026-07-15 06:11:17.099 9 INFO neutron.wsgi [None req-5710d4fb-4d2f-418f-898d-aa5fa5dce214 bc890da7b1e045df99b7fb40a936d507 524d02558d484f44874de52b6ff81980 - - default default] 10.0.0.8 "GET /v2.0/security-groups HTTP/1.1" status: 200 len: 19583 time: 0.0777061
2026-07-15 06:11:17.125 9 INFO neutron.wsgi [None req-222cb638-68cc-4f12-8dce-de9fa1f12943 bc890da7b1e045df99b7fb40a936d507 524d02558d484f44874de52b6ff81980 - - default default] 10.0.0.8 "GET /v2.0/network-ip-availabilities HTTP/1.1" status: 200 len: 2109 time: 0.0188515
2026-07-15 06:11:17.225 9 INFO neutron.wsgi [None req-7675cbd4-f06f-417f-a9f5-074d2cd3987e bc890da7b1e045df99b7fb40a936d507 524d02558d484f44874de52b6ff81980 - - default default] 10.0.0.8 "GET /v2.0/networks HTTP/1.1" status: 200 len: 3835 time: 0.0979781
2026-07-15 06:11:17.282 9 INFO neutron.wsgi [None req-182c3946-a815-4787-b9fc-2a8dba785881 bc890da7b1e045df99b7fb40a936d507 524d02558d484f44874de52b6ff81980 - - default default] 10.0.0.8 "GET /v2.0/ports HTTP/1.1" status: 200 len: 7182 time: 0.0525041
2026-07-15 06:11:17.319 9 INFO neutron.wsgi [None req-f86ba62a-7429-48f5-ae26-76046c749aea bc890da7b1e045df99b7fb40a936d507 524d02558d484f44874de52b6ff81980 - - default default] 10.0.0.8 "GET /v2.0/floatingips HTTP/1.1" status: 200 len: 193 time: 0.0327346
2026-07-15 06:11:17.437 10 INFO neutron.wsgi [-] 10.0.0.223 "GET / HTTP/1.1" status: 200 len: 247 time: 0.0014901
2026-07-15 06:11:17.439 9 INFO neutron.wsgi [-] 10.0.0.223 "GET / HTTP/1.1" status: 200 len: 247 time: 0.0034852
2026-07-15 06:11:17.521 10 INFO neutron.db.ovn_revision_numbers_db [None req-7709fc80-4c81-43bc-94d2-b50160a0e2cf d0ab281c4de8476c995e75d2f1fcc846 520ef80383f6400e9b9955ff7a851e44 - - - -] Successfully bumped revision number for resource c8946b13-7033-46e6-a2e3-d5f7694c6d1e (type: ports) to 2
2026-07-15 06:11:17.545 10 INFO neutron.db.ovn_revision_numbers_db [None req-7709fc80-4c81-43bc-94d2-b50160a0e2cf d0ab281c4de8476c995e75d2f1fcc846 520ef80383f6400e9b9955ff7a851e44 - - - -] Successfully bumped revision number for resource 6b708778-5404-40c6-be01-5a78de9a9a84 (type: subnets) to 0
2026-07-15 06:11:17.562 10 INFO neutron.wsgi [None req-7709fc80-4c81-43bc-94d2-b50160a0e2cf d0ab281c4de8476c995e75d2f1fcc846 520ef80383f6400e9b9955ff7a851e44 - - - -] 10.0.0.166 "POST /v2.0/subnets HTTP/1.1" status: 201 len: 804 time: 0.8609619
2026-07-15 06:11:17.585 10 INFO neutron.db.ovn_revision_numbers_db [None req-fb9777cb-8a7a-4964-b45d-a3678cd40d88 bc890da7b1e045df99b7fb40a936d507 524d02558d484f44874de52b6ff81980 - - default default] Successfully bumped revision number for resource 07d84b66-1146-4f4c-9b39-0e815e8d9373 (type: security_groups) to 1
2026-07-15 06:11:17.608 10 INFO neutron.wsgi [None req-fb9777cb-8a7a-4964-b45d-a3678cd40d88 bc890da7b1e045df99b7fb40a936d507 524d02558d484f44874de52b6ff81980 - - default default] 10.0.0.166 "GET /v2.0/security-groups?tenant_id=18d54d4ae753454884147cdcd13cd3d0&name=default HTTP/1.1" status: 200 len: 2996 time: 0.3603835
2026-07-15 06:11:17.663 10 INFO neutron.db.segments_db [None req-74f557ad-3d68-4582-84a9-39d3b487dee6 d0ab281c4de8476c995e75d2f1fcc846 520ef80383f6400e9b9955ff7a851e44 - - - -] Added segment 7681f42f-87be-46a3-9b63-990095ca11fa of type geneve for network 332bfca2-22fd-4d18-b2b4-a936849e567c
2026-07-15 06:11:17.778 10 INFO neutron.db.ovn_revision_numbers_db [None req-74f557ad-3d68-4582-84a9-39d3b487dee6 d0ab281c4de8476c995e75d2f1fcc846 520ef80383f6400e9b9955ff7a851e44 - - - -] Successfully bumped revision number for resource 332bfca2-22fd-4d18-b2b4-a936849e567c (type: networks) to 1
2026-07-15 06:11:17.781 9 INFO neutron.wsgi [None req-199b1bce-078d-469d-be1f-e063942b10bc bc890da7b1e045df99b7fb40a936d507 524d02558d484f44874de52b6ff81980 - - - -] 10.0.0.166 "DELETE /v2.0/security-groups/07d84b66-1146-4f4c-9b39-0e815e8d9373 HTTP/1.1" status: 204 len: 168 time: 0.1656010
2026-07-15 06:11:18.011 10 WARNING neutron.scheduler.dhcp_agent_scheduler [None req-74f557ad-3d68-4582-84a9-39d3b487dee6 d0ab281c4de8476c995e75d2f1fcc846 520ef80383f6400e9b9955ff7a851e44 - - - -] No more DHCP agents
2026-07-15 06:11:18.014 10 WARNING neutron.api.rpc.agentnotifiers.dhcp_rpc_agent_api [None req-74f557ad-3d68-4582-84a9-39d3b487dee6 d0ab281c4de8476c995e75d2f1fcc846 520ef80383f6400e9b9955ff7a851e44 - - - -] Unable to schedule network 332bfca2-22fd-4d18-b2b4-a936849e567c: no agents available; will retry on subsequent port and subnet creation events.
2026-07-15 06:11:18.091 10 INFO neutron.db.ovn_revision_numbers_db [None req-74f557ad-3d68-4582-84a9-39d3b487dee6 d0ab281c4de8476c995e75d2f1fcc846 520ef80383f6400e9b9955ff7a851e44 - - - -] Successfully bumped revision number for resource bb8fe1b8-9e38-4f77-adf8-a5349aa19317 (type: ports) to 1
2026-07-15 06:11:18.112 10 INFO neutron.wsgi [None req-74f557ad-3d68-4582-84a9-39d3b487dee6 d0ab281c4de8476c995e75d2f1fcc846 520ef80383f6400e9b9955ff7a851e44 - - - -] 10.0.0.166 "POST /v2.0/networks HTTP/1.1" status: 201 len: 830 time: 0.5431247
2026-07-15 06:11:18.457 10 WARNING neutron.scheduler.dhcp_agent_scheduler [None req-4ba99788-4d88-4223-98b8-39e94541bd1f d0ab281c4de8476c995e75d2f1fcc846 520ef80383f6400e9b9955ff7a851e44 - - - -] No more DHCP agents
2026-07-15 06:11:18.457 10 INFO neutron.db.ovn_revision_numbers_db [None req-9b4d20fd-3994-45d2-9aa0-306564dff082 89ea2f1718ab4dafaa9e6f824cbe29cd 97c8bcb91c8e4c608c7425d4cfc205a9 - - - -] Successfully bumped revision number for resource 9cd88bd2-333f-4115-b822-63b7c801635c (type: routers) to 1
2026-07-15 06:11:18.460 10 WARNING neutron.api.rpc.agentnotifiers.dhcp_rpc_agent_api [None req-4ba99788-4d88-4223-98b8-39e94541bd1f d0ab281c4de8476c995e75d2f1fcc846 520ef80383f6400e9b9955ff7a851e44 - - - -] Unable to schedule network 332bfca2-22fd-4d18-b2b4-a936849e567c: no agents available; will retry on subsequent port and subnet creation events.
2026-07-15 06:11:18.478 10 INFO neutron.wsgi [None req-9b4d20fd-3994-45d2-9aa0-306564dff082 89ea2f1718ab4dafaa9e6f824cbe29cd 97c8bcb91c8e4c608c7425d4cfc205a9 - - - -] 10.0.0.166 "POST /v2.0/routers HTTP/1.1" status: 201 len: 654 time: 0.4537528
2026-07-15 06:11:18.570 10 INFO neutron.wsgi [None req-c9bdd765-bfb5-4b80-ae40-f4f4c0eb47bf 89ea2f1718ab4dafaa9e6f824cbe29cd 97c8bcb91c8e4c608c7425d4cfc205a9 - - - -] 10.0.0.166 "PUT /v2.0/routers/9cd88bd2-333f-4115-b822-63b7c801635c/tags HTTP/1.1" status: 200 len: 218 time: 0.0872252
2026-07-15 06:11:18.627 9 INFO neutron.wsgi [None req-d6ed19e2-b079-46ec-88ac-3520963c3adb 89ea2f1718ab4dafaa9e6f824cbe29cd 97c8bcb91c8e4c608c7425d4cfc205a9 - - default default] 10.0.0.166 "GET /v2.0/routers/9cd88bd2-333f-4115-b822-63b7c801635c/tags HTTP/1.1" status: 200 len: 218 time: 0.0510011
2026-07-15 06:11:18.695 10 INFO neutron.wsgi [None req-c72533ca-036b-42d4-a431-8b05715cc1fa 89ea2f1718ab4dafaa9e6f824cbe29cd 97c8bcb91c8e4c608c7425d4cfc205a9 - - - -] 10.0.0.166 "PUT /v2.0/routers/9cd88bd2-333f-4115-b822-63b7c801635c/tags/green HTTP/1.1" status: 201 len: 201 time: 0.0616777
2026-07-15 06:11:18.741 9 INFO neutron.wsgi [None req-ef1fc6ec-75f7-458f-a48c-f2610436ce5e 89ea2f1718ab4dafaa9e6f824cbe29cd 97c8bcb91c8e4c608c7425d4cfc205a9 - - default default] 10.0.0.166 "GET /v2.0/routers/9cd88bd2-333f-4115-b822-63b7c801635c/tags HTTP/1.1" status: 200 len: 227 time: 0.0403502
2026-07-15 06:11:18.782 9 INFO neutron.wsgi [None req-7ac893b7-ef7b-4856-9781-0be8f1c1c21a 89ea2f1718ab4dafaa9e6f824cbe29cd 97c8bcb91c8e4c608c7425d4cfc205a9 - - - -] 10.0.0.166 "PUT /v2.0/routers/9cd88bd2-333f-4115-b822-63b7c801635c/tags/red HTTP/1.1" status: 201 len: 201 time: 0.0370541
2026-07-15 06:11:18.827 9 INFO neutron.wsgi [None req-096a204c-2e8e-4456-a413-51f706aaeea6 89ea2f1718ab4dafaa9e6f824cbe29cd 97c8bcb91c8e4c608c7425d4cfc205a9 - - default default] 10.0.0.166 "GET /v2.0/routers/9cd88bd2-333f-4115-b822-63b7c801635c/tags HTTP/1.1" status: 200 len: 227 time: 0.0419044
2026-07-15 06:11:18.895 9 INFO neutron.wsgi [None req-b9134eef-f34b-44fd-94f7-b41f87f314e3 89ea2f1718ab4dafaa9e6f824cbe29cd 97c8bcb91c8e4c608c7425d4cfc205a9 - - - -] 10.0.0.166 "PUT /v2.0/routers/9cd88bd2-333f-4115-b822-63b7c801635c/tags/black.or.white HTTP/1.1" status: 201 len: 201 time: 0.0645874
2026-07-15 06:11:18.957 9 INFO neutron.wsgi [None req-70c35a37-f06f-4be4-bc86-9fb8b3e4ef08 89ea2f1718ab4dafaa9e6f824cbe29cd 97c8bcb91c8e4c608c7425d4cfc205a9 - - default default] 10.0.0.166 "GET /v2.0/routers/9cd88bd2-333f-4115-b822-63b7c801635c/tags HTTP/1.1" status: 200 len: 245 time: 0.0581057
2026-07-15 06:11:18.985 10 INFO neutron.db.ovn_revision_numbers_db [None req-4ba99788-4d88-4223-98b8-39e94541bd1f d0ab281c4de8476c995e75d2f1fcc846 520ef80383f6400e9b9955ff7a851e44 - - - -] Successfully bumped revision number for resource bb8fe1b8-9e38-4f77-adf8-a5349aa19317 (type: ports) to 2
2026-07-15 06:11:18.999 10 INFO neutron.db.ovn_revision_numbers_db [None req-4ba99788-4d88-4223-98b8-39e94541bd1f d0ab281c4de8476c995e75d2f1fcc846 520ef80383f6400e9b9955ff7a851e44 - - - -] Successfully bumped revision number for resource 8395e180-222d-49e5-b574-63289bc78e5e (type: subnets) to 0
2026-07-15 06:11:19.013 10 INFO neutron.wsgi [None req-4ba99788-4d88-4223-98b8-39e94541bd1f d0ab281c4de8476c995e75d2f1fcc846 520ef80383f6400e9b9955ff7a851e44 - - - -] 10.0.0.166 "POST /v2.0/subnets HTTP/1.1" status: 201 len: 804 time: 0.8953702
2026-07-15 06:11:19.045 9 INFO neutron.wsgi [None req-5b9ae377-f58e-448e-a8ef-7f43e3a4009c 89ea2f1718ab4dafaa9e6f824cbe29cd 97c8bcb91c8e4c608c7425d4cfc205a9 - - - -] 10.0.0.166 "PUT /v2.0/routers/9cd88bd2-333f-4115-b822-63b7c801635c/tags HTTP/1.1" status: 200 len: 230 time: 0.0823038
2026-07-15 06:11:19.100 9 INFO neutron.db.segments_db [None req-05fbe816-58bb-4ea3-9cb7-8724cda6f7a8 d0ab281c4de8476c995e75d2f1fcc846 520ef80383f6400e9b9955ff7a851e44 - - - -] Added segment 09012452-b8b6-4d6d-adcd-97b57e48297d of type geneve for network 6ca930bb-1c1e-4561-81af-19b22cd6f926
2026-07-15 06:11:19.105 10 INFO neutron.wsgi [None req-d801a015-1a52-466a-91fc-1dd8a2a0954e 89ea2f1718ab4dafaa9e6f824cbe29cd 97c8bcb91c8e4c608c7425d4cfc205a9 - - default default] 10.0.0.166 "GET /v2.0/routers/9cd88bd2-333f-4115-b822-63b7c801635c/tags HTTP/1.1" status: 200 len: 230 time: 0.0544443
2026-07-15 06:11:19.169 10 INFO neutron.wsgi [None req-64ce8974-5af0-48d6-a92c-68cb7c50398f 89ea2f1718ab4dafaa9e6f824cbe29cd 97c8bcb91c8e4c608c7425d4cfc205a9 - - default default] 10.0.0.166 "GET /v2.0/routers/9cd88bd2-333f-4115-b822-63b7c801635c/tags/red HTTP/1.1" status: 204 len: 168 time: 0.0593576
2026-07-15 06:11:19.202 9 INFO neutron.db.ovn_revision_numbers_db [None req-05fbe816-58bb-4ea3-9cb7-8724cda6f7a8 d0ab281c4de8476c995e75d2f1fcc846 520ef80383f6400e9b9955ff7a851e44 - - - -] Successfully bumped revision number for resource 6ca930bb-1c1e-4561-81af-19b22cd6f926 (type: networks) to 1
2026-07-15 06:11:19.227 10 INFO neutron.api.v2.resource [None req-c9384265-f5d5-4946-b460-4d6bb33cc51e 89ea2f1718ab4dafaa9e6f824cbe29cd 97c8bcb91c8e4c608c7425d4cfc205a9 - - default default] show failed (client error): The resource could not be found.
2026-07-15 06:11:19.229 10 INFO neutron.wsgi [None req-c9384265-f5d5-4946-b460-4d6bb33cc51e 89ea2f1718ab4dafaa9e6f824cbe29cd 97c8bcb91c8e4c608c7425d4cfc205a9 - - default default] 10.0.0.166 "GET /v2.0/routers/9cd88bd2-333f-4115-b822-63b7c801635c/tags/green HTTP/1.1" status: 404 len: 299 time: 0.0530901
2026-07-15 06:11:19.316 10 INFO neutron.wsgi [None req-144bb6e1-0ad3-4ebf-8eb3-2a3d475925cb 89ea2f1718ab4dafaa9e6f824cbe29cd 97c8bcb91c8e4c608c7425d4cfc205a9 - - - -] 10.0.0.166 "DELETE /v2.0/routers/9cd88bd2-333f-4115-b822-63b7c801635c/tags/red HTTP/1.1" status: 204 len: 168 time: 0.0807059
2026-07-15 06:11:19.342 10 INFO neutron.db.ovn_revision_numbers_db [None req-a5483ae6-ad48-4dd6-81e9-526dd62338b7 304465c7cc13477c9c570ecbd0310451 4e0cedaba38542d780dffbf05cff9730 - - - -] Successfully bumped revision number for resource f9aa1c26-0bbf-4307-abd7-01ac04d91f60 (type: security_groups) to 1
