2026-07-15 06:09:11.440 10 INFO neutron.wsgi [req-5442e72a-7a7b-4532-9b6e-96cec97c2436 req-56f67d92-44cd-4c37-8dfc-e097c3dc09d9 ecf185079cda43319eb868f783ee53ce cbab0bc396ce4998b990be672fbe39f9 - - d75b538e44df44d6a7a6107f8abc3b91 d75b538e44df44d6a7a6107f8abc3b91] 199.19.213.21 "GET /v2.0/networks/9049575b-cf77-46ec-b9b9-db8a054df896?fields=provider%3Aphysical_network&fields=provider%3Anetwork_type HTTP/1.1" status: 200 len: 277 time: 0.0872421
2026-07-15 06:09:11.498 9 WARNING neutron.scheduler.dhcp_agent_scheduler [None req-cd72368e-1332-4f2b-b191-6d526a042955 ee99611d2d1548a8ab7d7468530325ab bfc69e352d7940188bc009c9c635b288 - - - -] No more DHCP agents
2026-07-15 06:09:11.501 9 WARNING neutron.api.rpc.agentnotifiers.dhcp_rpc_agent_api [None req-cd72368e-1332-4f2b-b191-6d526a042955 ee99611d2d1548a8ab7d7468530325ab bfc69e352d7940188bc009c9c635b288 - - - -] Unable to schedule network 2ed8b70e-14f1-493a-bbbe-af46d445c45b: no agents available; will retry on subsequent port and subnet creation events.
2026-07-15 06:09:11.586 9 INFO neutron.wsgi [req-cee8b16f-8ff2-4ed9-89ae-c137c83cefca req-de9e3edd-f8dd-4523-8814-5710e5f7a3e9 d7dc3f8a145a4238b5e1c2c4c38d7abc 3470b82d3ab647648fbac5b5d22ec26e - - default default] 10.0.0.123 "GET /v2.0/ports?device_id=aa271e8b-82bf-4109-afde-6e22410284bc HTTP/1.1" status: 200 len: 1348 time: 0.0328076
2026-07-15 06:09:11.587 9 INFO neutron.db.ovn_revision_numbers_db [None req-cd72368e-1332-4f2b-b191-6d526a042955 ee99611d2d1548a8ab7d7468530325ab bfc69e352d7940188bc009c9c635b288 - - - -] Successfully bumped revision number for resource 5ae4f9ff-9f27-4066-a6b6-bc46325f13c6 (type: ports) to 1
2026-07-15 06:09:11.613 10 INFO neutron.wsgi [None req-c000e9b7-519a-48c5-a87f-fe531e290e2a 84d9ea136c2c4b8a9cf046d5c2bfed78 fef27278ff6646a6a2aac8460d672db4 - - - -] 10.0.0.166 "DELETE /v2.0/ports/905b5285-2368-4e9a-9429-35019c7603d0 HTTP/1.1" status: 204 len: 168 time: 0.3811920
2026-07-15 06:09:11.616 9 INFO neutron.wsgi [None req-cd72368e-1332-4f2b-b191-6d526a042955 ee99611d2d1548a8ab7d7468530325ab bfc69e352d7940188bc009c9c635b288 - - - -] 10.0.0.166 "POST /v2.0/networks HTTP/1.1" status: 201 len: 842 time: 0.5398190
2026-07-15 06:09:11.630 9 INFO neutron.wsgi [req-cee8b16f-8ff2-4ed9-89ae-c137c83cefca req-098756fa-effb-4b2a-a562-c08e4539b671 d7dc3f8a145a4238b5e1c2c4c38d7abc 3470b82d3ab647648fbac5b5d22ec26e - - default default] 10.0.0.123 "GET /v2.0/security-groups?id=f8b3a94a-d8a0-485f-8852-216133698156&fields=id&fields=name HTTP/1.1" status: 200 len: 313 time: 0.0355620
2026-07-15 06:09:11.641 10 INFO neutron.pecan_wsgi.hooks.translation [None req-f30f08ce-c5e3-45e4-a273-7ac407fcfa19 84d9ea136c2c4b8a9cf046d5c2bfed78 fef27278ff6646a6a2aac8460d672db4 - - - -] DELETE failed (client error): The resource could not be found.
2026-07-15 06:09:11.644 10 INFO neutron.wsgi [None req-f30f08ce-c5e3-45e4-a273-7ac407fcfa19 84d9ea136c2c4b8a9cf046d5c2bfed78 fef27278ff6646a6a2aac8460d672db4 - - - -] 10.0.0.166 "DELETE /v2.0/ports/905b5285-2368-4e9a-9429-35019c7603d0 HTTP/1.1" status: 404 len: 333 time: 0.0251722
2026-07-15 06:09:11.673 10 INFO neutron.pecan_wsgi.hooks.translation [None req-012e9b18-473f-4a34-9df6-78128af96343 84d9ea136c2c4b8a9cf046d5c2bfed78 fef27278ff6646a6a2aac8460d672db4 - - default default] GET failed (client error): The resource could not be found.
2026-07-15 06:09:11.675 10 INFO neutron.wsgi [None req-012e9b18-473f-4a34-9df6-78128af96343 84d9ea136c2c4b8a9cf046d5c2bfed78 fef27278ff6646a6a2aac8460d672db4 - - default default] 10.0.0.166 "GET /v2.0/ports/905b5285-2368-4e9a-9429-35019c7603d0 HTTP/1.1" status: 404 len: 333 time: 0.0240290
2026-07-15 06:09:11.789 9 INFO neutron.db.ovn_revision_numbers_db [None req-7364bcd9-84d0-46df-871d-6df784a7a13f ee99611d2d1548a8ab7d7468530325ab bfc69e352d7940188bc009c9c635b288 - - - -] Successfully bumped revision number for resource 2ed8b70e-14f1-493a-bbbe-af46d445c45b (type: networks) to 2
2026-07-15 06:09:11.791 10 INFO neutron.wsgi [req-766dc96e-eb86-44f5-a3fd-c11db5811a42 req-5138549b-c0b4-475a-9781-271abcd5ffdd d7dc3f8a145a4238b5e1c2c4c38d7abc 3470b82d3ab647648fbac5b5d22ec26e - - default default] 199.19.213.21 "GET /v2.0/ports?device_id=aa271e8b-82bf-4109-afde-6e22410284bc&device_owner=compute%3Anova&fixed_ips=ip_address%3D10.100.0.3 HTTP/1.1" status: 200 len: 1348 time: 0.0639863
2026-07-15 06:09:11.793 9 INFO neutron.wsgi [None req-7364bcd9-84d0-46df-871d-6df784a7a13f ee99611d2d1548a8ab7d7468530325ab bfc69e352d7940188bc009c9c635b288 - - - -] 10.0.0.166 "PUT /v2.0/networks/2ed8b70e-14f1-493a-bbbe-af46d445c45b HTTP/1.1" status: 200 len: 792 time: 0.1711211
2026-07-15 06:09:11.967 10 INFO neutron.wsgi [None req-f5bd4e98-a30b-47e4-adb2-8d53c7dbe16c 84d9ea136c2c4b8a9cf046d5c2bfed78 fef27278ff6646a6a2aac8460d672db4 - - - -] 10.0.0.166 "DELETE /v2.0/subnets/8fd2487f-9c4a-4f98-8306-0052a0ba3d4e HTTP/1.1" status: 204 len: 168 time: 0.2873435
2026-07-15 06:09:12.097 9 WARNING neutron.scheduler.dhcp_agent_scheduler [None req-5d443e6e-5367-4642-9f8a-3d48eb9caa2b ee99611d2d1548a8ab7d7468530325ab bfc69e352d7940188bc009c9c635b288 - - - -] No more DHCP agents
2026-07-15 06:09:12.099 9 WARNING neutron.api.rpc.agentnotifiers.dhcp_rpc_agent_api [None req-5d443e6e-5367-4642-9f8a-3d48eb9caa2b ee99611d2d1548a8ab7d7468530325ab bfc69e352d7940188bc009c9c635b288 - - - -] Unable to schedule network 2ed8b70e-14f1-493a-bbbe-af46d445c45b: no agents available; will retry on subsequent port and subnet creation events.
2026-07-15 06:09:12.290 10 INFO neutron.db.ovn_revision_numbers_db [None req-b2d58b70-4389-48bf-aa42-58546a8fcd7a d7dc3f8a145a4238b5e1c2c4c38d7abc 3470b82d3ab647648fbac5b5d22ec26e - - - -] Successfully bumped revision number for resource 49bb1538-5fe1-4c7a-b9c2-02284ef1692d (type: ports) to 6
2026-07-15 06:09:12.302 10 INFO neutron.wsgi [None req-b2d58b70-4389-48bf-aa42-58546a8fcd7a d7dc3f8a145a4238b5e1c2c4c38d7abc 3470b82d3ab647648fbac5b5d22ec26e - - - -] 199.19.213.21 "PUT /v2.0/ports/49bb1538-5fe1-4c7a-b9c2-02284ef1692d HTTP/1.1" status: 200 len: 1167 time: 0.4993064 /var/lib/openstack/lib/python3.10/site-packages/pycadf/identifier.py:71: UserWarning: Invalid uuid: neutron. To ensure interoperability, identifiers should be a valid uuid. warnings.warn(('Invalid uuid: %s. To ensure interoperability, '
2026-07-15 06:09:12.352 10 INFO neutron.wsgi [req-766dc96e-eb86-44f5-a3fd-c11db5811a42 req-7b0bfedc-0f6c-4f71-818b-6ae11c33ed15 ecf185079cda43319eb868f783ee53ce cbab0bc396ce4998b990be672fbe39f9 - - d75b538e44df44d6a7a6107f8abc3b91 d75b538e44df44d6a7a6107f8abc3b91] 199.19.213.21 "GET /v2.0/ports?tenant_id=3470b82d3ab647648fbac5b5d22ec26e&device_id=aa271e8b-82bf-4109-afde-6e22410284bc HTTP/1.1" status: 200 len: 1361 time: 0.0323935
2026-07-15 06:09:12.422 10 INFO neutron.wsgi [req-766dc96e-eb86-44f5-a3fd-c11db5811a42 req-da77d52e-d959-4809-8904-9083f82b7cd0 ecf185079cda43319eb868f783ee53ce cbab0bc396ce4998b990be672fbe39f9 - - d75b538e44df44d6a7a6107f8abc3b91 d75b538e44df44d6a7a6107f8abc3b91] 199.19.213.21 "GET /v2.0/networks?id=9049575b-cf77-46ec-b9b9-db8a054df896 HTTP/1.1" status: 200 len: 981 time: 0.0635822
2026-07-15 06:09:12.431 9 INFO neutron.services.segments.plugin [-] Segment 3673a913-bf5b-4a3c-90f5-2300ed4e5757 resource provider aggregate not found
2026-07-15 06:09:12.440 9 INFO neutron.services.segments.plugin [-] Segment 3673a913-bf5b-4a3c-90f5-2300ed4e5757 resource provider aggregate not found
2026-07-15 06:09:12.460 9 INFO neutron.services.segments.plugin [-] Segment 3673a913-bf5b-4a3c-90f5-2300ed4e5757 resource provider not found; error: Placement Client Error (4xx): {"errors": [{"status": 404, "title": "Not Found", "detail": "The resource could not be found.\n\n No resource provider with uuid 3673a913-bf5b-4a3c-90f5-2300ed4e5757 found for delete ", "request_id": "req-798bd338-9165-4334-aca8-c6e7d8fda101"}]}
2026-07-15 06:09:12.461 9 INFO neutron.services.segments.plugin [-] Segment 3673a913-bf5b-4a3c-90f5-2300ed4e5757 resource provider not found; error: Placement Client Error (4xx): {"errors": [{"status": 404, "title": "Not Found", "detail": "The resource could not be found.\n\n No resource provider with uuid 3673a913-bf5b-4a3c-90f5-2300ed4e5757 found for delete ", "request_id": "req-f8535206-aefd-43f8-a8cd-24f74e63b84a"}]}
2026-07-15 06:09:12.484 10 INFO neutron.wsgi [req-766dc96e-eb86-44f5-a3fd-c11db5811a42 req-9a81ab13-c59d-440f-8141-a47e7e1ed2f8 ecf185079cda43319eb868f783ee53ce cbab0bc396ce4998b990be672fbe39f9 - - d75b538e44df44d6a7a6107f8abc3b91 d75b538e44df44d6a7a6107f8abc3b91] 199.19.213.21 "GET /v2.0/floatingips?fixed_ip_address=10.100.0.7&port_id=49bb1538-5fe1-4c7a-b9c2-02284ef1692d HTTP/1.1" status: 200 len: 1059 time: 0.0551662
2026-07-15 06:09:12.504 10 INFO neutron.notifiers.nova [-] Nova event matching ['req-200cfee2-ad76-433f-82dc-fd31c648e42b'] response: {'name': 'network-changed', 'server_uuid': 'aa271e8b-82bf-4109-afde-6e22410284bc', 'tag': '49bb1538-5fe1-4c7a-b9c2-02284ef1692d', 'status': 'completed', 'code': 200}
2026-07-15 06:09:12.528 10 INFO neutron.wsgi [req-766dc96e-eb86-44f5-a3fd-c11db5811a42 req-6d1351f5-7371-4e43-8ec1-ca9e92573c44 ecf185079cda43319eb868f783ee53ce cbab0bc396ce4998b990be672fbe39f9 - - d75b538e44df44d6a7a6107f8abc3b91 d75b538e44df44d6a7a6107f8abc3b91] 199.19.213.21 "GET /v2.0/subnets?id=66e72390-c233-4b81-a88d-87a420f87d1e HTTP/1.1" status: 200 len: 876 time: 0.0359936
2026-07-15 06:09:12.555 10 INFO neutron.wsgi [req-766dc96e-eb86-44f5-a3fd-c11db5811a42 req-fcbc5ed6-1183-40d8-b09a-2b41f8fd2779 ecf185079cda43319eb868f783ee53ce cbab0bc396ce4998b990be672fbe39f9 - - d75b538e44df44d6a7a6107f8abc3b91 d75b538e44df44d6a7a6107f8abc3b91] 199.19.213.21 "GET /v2.0/ports?network_id=9049575b-cf77-46ec-b9b9-db8a054df896&device_owner=network%3Adhcp HTTP/1.1" status: 200 len: 210 time: 0.0208960
2026-07-15 06:09:12.610 10 INFO neutron.wsgi [req-766dc96e-eb86-44f5-a3fd-c11db5811a42 req-22387c8e-3f63-4d28-ae6c-6d315e6c2ffa ecf185079cda43319eb868f783ee53ce cbab0bc396ce4998b990be672fbe39f9 - - d75b538e44df44d6a7a6107f8abc3b91 d75b538e44df44d6a7a6107f8abc3b91] 199.19.213.21 "GET /v2.0/networks/9049575b-cf77-46ec-b9b9-db8a054df896?fields=segments HTTP/1.1" status: 200 len: 212 time: 0.0492244
2026-07-15 06:09:12.681 10 INFO neutron.wsgi [req-766dc96e-eb86-44f5-a3fd-c11db5811a42 req-e4d81529-33c9-4fc4-8033-c54b9112ffe3 ecf185079cda43319eb868f783ee53ce cbab0bc396ce4998b990be672fbe39f9 - - d75b538e44df44d6a7a6107f8abc3b91 d75b538e44df44d6a7a6107f8abc3b91] 199.19.213.21 "GET /v2.0/networks/9049575b-cf77-46ec-b9b9-db8a054df896?fields=provider%3Aphysical_network&fields=provider%3Anetwork_type HTTP/1.1" status: 200 len: 277 time: 0.0659349
2026-07-15 06:09:12.758 9 INFO neutron.wsgi [None req-84b50946-d236-4467-8756-2624e806f2a7 84d9ea136c2c4b8a9cf046d5c2bfed78 fef27278ff6646a6a2aac8460d672db4 - - - -] 10.0.0.166 "DELETE /v2.0/networks/f71751f6-aa94-443d-be95-1d5bacdb8487 HTTP/1.1" status: 204 len: 168 time: 0.7789233
2026-07-15 06:09:12.763 10 INFO neutron.wsgi [req-244bd236-7f45-401b-91b0-c4e2c02da20e req-74466854-e96a-4801-9f86-5d4158ba1077 ecf185079cda43319eb868f783ee53ce cbab0bc396ce4998b990be672fbe39f9 - - d75b538e44df44d6a7a6107f8abc3b91 d75b538e44df44d6a7a6107f8abc3b91] 199.19.213.21 "GET /v2.0/ports?tenant_id=3470b82d3ab647648fbac5b5d22ec26e&device_id=aa271e8b-82bf-4109-afde-6e22410284bc HTTP/1.1" status: 200 len: 1361 time: 0.0362482
2026-07-15 06:09:12.834 10 INFO neutron.wsgi [req-244bd236-7f45-401b-91b0-c4e2c02da20e req-092fddcf-8f39-4420-88c2-3e8df3ca1716 ecf185079cda43319eb868f783ee53ce cbab0bc396ce4998b990be672fbe39f9 - - d75b538e44df44d6a7a6107f8abc3b91 d75b538e44df44d6a7a6107f8abc3b91] 199.19.213.21 "GET /v2.0/networks?id=9049575b-cf77-46ec-b9b9-db8a054df896 HTTP/1.1" status: 200 len: 981 time: 0.0589175
2026-07-15 06:09:12.878 10 INFO neutron.wsgi [req-244bd236-7f45-401b-91b0-c4e2c02da20e req-72b1d612-5319-4a5b-b8e7-a87b650786d3 ecf185079cda43319eb868f783ee53ce cbab0bc396ce4998b990be672fbe39f9 - - d75b538e44df44d6a7a6107f8abc3b91 d75b538e44df44d6a7a6107f8abc3b91] 199.19.213.21 "GET /v2.0/floatingips?fixed_ip_address=10.100.0.7&port_id=49bb1538-5fe1-4c7a-b9c2-02284ef1692d HTTP/1.1" status: 200 len: 1059 time: 0.0369229
2026-07-15 06:09:12.889 9 INFO neutron.db.ovn_revision_numbers_db [None req-5d443e6e-5367-4642-9f8a-3d48eb9caa2b ee99611d2d1548a8ab7d7468530325ab bfc69e352d7940188bc009c9c635b288 - - - -] Successfully bumped revision number for resource 5ae4f9ff-9f27-4066-a6b6-bc46325f13c6 (type: ports) to 2
2026-07-15 06:09:12.893 10 INFO neutron.db.segments_db [None req-7f2f35d7-177e-4402-8f2b-ba2505464575 84d9ea136c2c4b8a9cf046d5c2bfed78 fef27278ff6646a6a2aac8460d672db4 - - - -] Added segment c4716642-872d-4964-b6a9-ea6f28a1a4d2 of type geneve for network 5d2936ae-eaf3-4371-b7f5-af11b4f648a0
2026-07-15 06:09:12.908 9 INFO neutron.db.ovn_revision_numbers_db [None req-5d443e6e-5367-4642-9f8a-3d48eb9caa2b ee99611d2d1548a8ab7d7468530325ab bfc69e352d7940188bc009c9c635b288 - - - -] Successfully bumped revision number for resource a539385a-7468-47d7-832c-92eaa5ff0ae8 (type: subnets) to 0
2026-07-15 06:09:12.934 10 INFO neutron.wsgi [req-244bd236-7f45-401b-91b0-c4e2c02da20e req-318063d2-c22a-43db-a15b-022674087ef3 ecf185079cda43319eb868f783ee53ce cbab0bc396ce4998b990be672fbe39f9 - - d75b538e44df44d6a7a6107f8abc3b91 d75b538e44df44d6a7a6107f8abc3b91] 199.19.213.21 "GET /v2.0/subnets?id=66e72390-c233-4b81-a88d-87a420f87d1e HTTP/1.1" status: 200 len: 876 time: 0.0489011
2026-07-15 06:09:12.941 9 INFO neutron.wsgi [None req-5d443e6e-5367-4642-9f8a-3d48eb9caa2b ee99611d2d1548a8ab7d7468530325ab bfc69e352d7940188bc009c9c635b288 - - - -] 10.0.0.166 "POST /v2.0/subnets HTTP/1.1" status: 201 len: 801 time: 1.1436322
2026-07-15 06:09:12.968 10 INFO neutron.wsgi [req-244bd236-7f45-401b-91b0-c4e2c02da20e req-0fcc90f9-602d-4c9c-a414-db65fa14ac09 ecf185079cda43319eb868f783ee53ce cbab0bc396ce4998b990be672fbe39f9 - - d75b538e44df44d6a7a6107f8abc3b91 d75b538e44df44d6a7a6107f8abc3b91] 199.19.213.21 "GET /v2.0/ports?network_id=9049575b-cf77-46ec-b9b9-db8a054df896&device_owner=network%3Adhcp HTTP/1.1" status: 200 len: 210 time: 0.0260317
2026-07-15 06:09:13.006 9 INFO neutron.wsgi [req-c25135d8-8e57-433e-9986-642655fdd40a req-b2dacd25-3859-4c86-8a07-3d8cf95a5cac d7dc3f8a145a4238b5e1c2c4c38d7abc 3470b82d3ab647648fbac5b5d22ec26e - - default default] 10.0.0.123 "GET /v2.0/ports?device_id=aa271e8b-82bf-4109-afde-6e22410284bc HTTP/1.1" status: 200 len: 1170 time: 0.0589933
2026-07-15 06:09:13.078 9 INFO neutron.wsgi [req-c25135d8-8e57-433e-9986-642655fdd40a req-49e0058f-f30b-423b-b2cc-669672da25ff d7dc3f8a145a4238b5e1c2c4c38d7abc 3470b82d3ab647648fbac5b5d22ec26e - - default default] 10.0.0.123 "GET /v2.0/security-groups?id=f8b3a94a-d8a0-485f-8852-216133698156&fields=id&fields=name HTTP/1.1" status: 200 len: 313 time: 0.0486064
2026-07-15 06:09:13.214 10 INFO neutron.plugins.ml2.drivers.ovn.mech_driver.mech_driver [None req-bceb5e37-e2e9-4c25-b4a6-b028aa7fbee5 - - - - - -] OVN reports status down for port: 49bb1538-5fe1-4c7a-b9c2-02284ef1692d
2026-07-15 06:09:13.226 9 INFO neutron.db.ovn_revision_numbers_db [None req-6dc04910-4b1c-4f8e-b02b-d87ba7f5e5aa bc890da7b1e045df99b7fb40a936d507 524d02558d484f44874de52b6ff81980 - - default default] Successfully bumped revision number for resource 018836f9-b492-49e7-9238-ea3bf4782341 (type: security_groups) to 1
2026-07-15 06:09:13.256 9 INFO neutron.wsgi [None req-6dc04910-4b1c-4f8e-b02b-d87ba7f5e5aa bc890da7b1e045df99b7fb40a936d507 524d02558d484f44874de52b6ff81980 - - default default] 10.0.0.166 "GET /v2.0/security-groups?tenant_id=acd85ba0cdfa43269c9f67cbad80ee89&name=default HTTP/1.1" status: 200 len: 2996 time: 0.3277550
2026-07-15 06:09:13.319 10 INFO neutron.wsgi [req-244bd236-7f45-401b-91b0-c4e2c02da20e req-77d9864a-b10b-4a31-a139-569012227933 ecf185079cda43319eb868f783ee53ce cbab0bc396ce4998b990be672fbe39f9 - - d75b538e44df44d6a7a6107f8abc3b91 d75b538e44df44d6a7a6107f8abc3b91] 199.19.213.21 "GET /v2.0/networks/9049575b-cf77-46ec-b9b9-db8a054df896?fields=segments HTTP/1.1" status: 200 len: 212 time: 0.1104703
2026-07-15 06:09:13.320 9 INFO neutron.wsgi [req-2ca70011-37cc-405d-89f0-80635ef47604 req-3575170f-bdbb-49a5-a4d3-7c96d14391ec d7dc3f8a145a4238b5e1c2c4c38d7abc 3470b82d3ab647648fbac5b5d22ec26e - - default default] 199.19.213.21 "GET /v2.0/ports?device_id=aa271e8b-82bf-4109-afde-6e22410284bc HTTP/1.1" status: 200 len: 1170 time: 0.0542164
2026-07-15 06:09:13.327 10 INFO neutron.db.ovn_revision_numbers_db [None req-7f2f35d7-177e-4402-8f2b-ba2505464575 84d9ea136c2c4b8a9cf046d5c2bfed78 fef27278ff6646a6a2aac8460d672db4 - - - -] Successfully bumped revision number for resource 5d2936ae-eaf3-4371-b7f5-af11b4f648a0 (type: networks) to 1
2026-07-15 06:09:13.361 9 INFO neutron.db.ovn_revision_numbers_db [None req-8b855661-1bd6-429b-93da-724225783484 ee99611d2d1548a8ab7d7468530325ab bfc69e352d7940188bc009c9c635b288 - - - -] Successfully bumped revision number for resource a539385a-7468-47d7-832c-92eaa5ff0ae8 (type: subnets) to 1
2026-07-15 06:09:13.364 9 INFO neutron.wsgi [None req-8b855661-1bd6-429b-93da-724225783484 ee99611d2d1548a8ab7d7468530325ab bfc69e352d7940188bc009c9c635b288 - - - -] 10.0.0.166 "PUT /v2.0/subnets/a539385a-7468-47d7-832c-92eaa5ff0ae8 HTTP/1.1" status: 200 len: 806 time: 0.4145527
2026-07-15 06:09:13.447 10 INFO neutron.wsgi [req-244bd236-7f45-401b-91b0-c4e2c02da20e req-16a12839-876c-4dd4-9711-385bb35a934c ecf185079cda43319eb868f783ee53ce cbab0bc396ce4998b990be672fbe39f9 - - d75b538e44df44d6a7a6107f8abc3b91 d75b538e44df44d6a7a6107f8abc3b91] 199.19.213.21 "GET /v2.0/networks/9049575b-cf77-46ec-b9b9-db8a054df896?fields=provider%3Aphysical_network&fields=provider%3Anetwork_type HTTP/1.1" status: 200 len: 277 time: 0.1166878
2026-07-15 06:09:13.603 10 WARNING neutron.scheduler.dhcp_agent_scheduler [None req-7f2f35d7-177e-4402-8f2b-ba2505464575 84d9ea136c2c4b8a9cf046d5c2bfed78 fef27278ff6646a6a2aac8460d672db4 - - - -] No more DHCP agents
2026-07-15 06:09:13.608 10 WARNING neutron.api.rpc.agentnotifiers.dhcp_rpc_agent_api [None req-7f2f35d7-177e-4402-8f2b-ba2505464575 84d9ea136c2c4b8a9cf046d5c2bfed78 fef27278ff6646a6a2aac8460d672db4 - - - -] Unable to schedule network 5d2936ae-eaf3-4371-b7f5-af11b4f648a0: no agents available; will retry on subsequent port and subnet creation events.
2026-07-15 06:09:13.687 9 INFO neutron.wsgi [None req-06411b2a-03ad-4f31-90c9-15de9c918b82 bc890da7b1e045df99b7fb40a936d507 524d02558d484f44874de52b6ff81980 - - - -] 10.0.0.166 "DELETE /v2.0/security-groups/018836f9-b492-49e7-9238-ea3bf4782341 HTTP/1.1" status: 204 len: 168 time: 0.4196489
2026-07-15 06:09:13.720 10 INFO neutron.db.ovn_revision_numbers_db [None req-7f2f35d7-177e-4402-8f2b-ba2505464575 84d9ea136c2c4b8a9cf046d5c2bfed78 fef27278ff6646a6a2aac8460d672db4 - - - -] Successfully bumped revision number for resource 19f9e11c-2eda-4792-a3bc-e7f467776b6d (type: ports) to 1
2026-07-15 06:09:13.740 10 INFO neutron.db.ovn_revision_numbers_db [None req-bceb5e37-e2e9-4c25-b4a6-b028aa7fbee5 - - - - - -] Successfully bumped revision number for resource 49bb1538-5fe1-4c7a-b9c2-02284ef1692d (type: ports) to 7
2026-07-15 06:09:13.743 10 INFO neutron.wsgi [None req-7f2f35d7-177e-4402-8f2b-ba2505464575 84d9ea136c2c4b8a9cf046d5c2bfed78 fef27278ff6646a6a2aac8460d672db4 - - - -] 10.0.0.166 "POST /v2.0/networks HTTP/1.1" status: 201 len: 830 time: 0.9786129
2026-07-15 06:09:13.869 9 INFO neutron.db.l3_db [None req-c54d09e0-0a0d-4741-b5fc-d7c6c50cba2b d7dc3f8a145a4238b5e1c2c4c38d7abc 3470b82d3ab647648fbac5b5d22ec26e - - - -] Floating IP 2b651f8d-74d3-495e-af40-602b21e3f7e4 disassociated. External IP: 10.96.250.203, port: 49bb1538-5fe1-4c7a-b9c2-02284ef1692d.
2026-07-15 06:09:14.010 10 WARNING neutron.scheduler.dhcp_agent_scheduler [None req-0c610b4e-52ba-4ded-9f62-3dfb0e22eee2 84d9ea136c2c4b8a9cf046d5c2bfed78 fef27278ff6646a6a2aac8460d672db4 - - - -] No more DHCP agents
2026-07-15 06:09:14.011 10 WARNING neutron.api.rpc.agentnotifiers.dhcp_rpc_agent_api [None req-0c610b4e-52ba-4ded-9f62-3dfb0e22eee2 84d9ea136c2c4b8a9cf046d5c2bfed78 fef27278ff6646a6a2aac8460d672db4 - - - -] Unable to schedule network 5d2936ae-eaf3-4371-b7f5-af11b4f648a0: no agents available; will retry on subsequent port and subnet creation events.
2026-07-15 06:09:14.133 9 INFO neutron.wsgi [None req-c54d09e0-0a0d-4741-b5fc-d7c6c50cba2b d7dc3f8a145a4238b5e1c2c4c38d7abc 3470b82d3ab647648fbac5b5d22ec26e - - - -] 199.19.213.21 "DELETE /v2.0/ports/49bb1538-5fe1-4c7a-b9c2-02284ef1692d HTTP/1.1" status: 204 len: 173 time: 0.8020937 /var/lib/openstack/lib/python3.10/site-packages/pycadf/identifier.py:71: UserWarning: Invalid uuid: neutron. To ensure interoperability, identifiers should be a valid uuid. warnings.warn(('Invalid uuid: %s. To ensure interoperability, '
2026-07-15 06:09:14.175 9 INFO neutron.notifiers.nova [-] Nova event matching ['req-da4139d2-af0b-4031-8a83-e6ab73d689c5'] response: {'server_uuid': 'aa271e8b-82bf-4109-afde-6e22410284bc', 'name': 'network-vif-deleted', 'tag': '49bb1538-5fe1-4c7a-b9c2-02284ef1692d', 'status': 'completed', 'code': 200}
2026-07-15 06:09:14.186 10 INFO neutron.wsgi [req-9dcea856-3938-4eec-ad5e-96b704902037 req-ccdc3f7d-ca57-4d73-8f77-bf00fe26d66f d7dc3f8a145a4238b5e1c2c4c38d7abc 3470b82d3ab647648fbac5b5d22ec26e - - default default] 10.0.0.123 "GET /v2.0/ports?device_id=aa271e8b-82bf-4109-afde-6e22410284bc HTTP/1.1" status: 200 len: 210 time: 0.0318899
2026-07-15 06:09:14.305 9 INFO neutron.wsgi [None req-e5fb975b-9e49-48c1-8021-c2e99d06dd8a ee99611d2d1548a8ab7d7468530325ab bfc69e352d7940188bc009c9c635b288 - - - -] 10.0.0.166 "DELETE /v2.0/networks/2ed8b70e-14f1-493a-bbbe-af46d445c45b HTTP/1.1" status: 204 len: 168 time: 0.9345860
2026-07-15 06:09:14.335 10 INFO neutron.pecan_wsgi.hooks.translation [None req-b98077d6-6561-4ebc-bcc9-f8ff031a3268 ee99611d2d1548a8ab7d7468530325ab bfc69e352d7940188bc009c9c635b288 - - - -] DELETE failed (client error): The resource could not be found.
2026-07-15 06:09:14.338 10 INFO neutron.wsgi [None req-b98077d6-6561-4ebc-bcc9-f8ff031a3268 ee99611d2d1548a8ab7d7468530325ab bfc69e352d7940188bc009c9c635b288 - - - -] 10.0.0.166 "DELETE /v2.0/networks/2ed8b70e-14f1-493a-bbbe-af46d445c45b HTTP/1.1" status: 404 len: 339 time: 0.0276661
2026-07-15 06:09:14.495 9 INFO neutron.services.segments.plugin [-] Segment 72de6008-66a6-4f4e-a64d-856b3092dafe resource provider aggregate not found
2026-07-15 06:09:14.507 9 INFO neutron.services.segments.plugin [-] Segment 72de6008-66a6-4f4e-a64d-856b3092dafe resource provider aggregate not found
2026-07-15 06:09:14.525 9 INFO neutron.services.segments.plugin [-] Segment 72de6008-66a6-4f4e-a64d-856b3092dafe resource provider not found; error: Placement Client Error (4xx): {"errors": [{"status": 404, "title": "Not Found", "detail": "The resource could not be found.\n\n No resource provider with uuid 72de6008-66a6-4f4e-a64d-856b3092dafe found for delete ", "request_id": "req-ee7a0442-758c-436a-a229-e34e9408c473"}]}
2026-07-15 06:09:14.531 10 INFO neutron.wsgi [None req-cac71489-e2be-4b12-83d2-41b081398ac2 ee99611d2d1548a8ab7d7468530325ab bfc69e352d7940188bc009c9c635b288 - - default default] 10.0.0.166 "GET /v2.0/networks?router%3Aexternal=True HTTP/1.1" status: 200 len: 845 time: 0.1874969
2026-07-15 06:09:14.544 10 INFO neutron.notifiers.nova [-] Nova event matching ['req-545b6a56-c017-44e0-9207-e940d65f98d7'] response: {'server_uuid': 'aa271e8b-82bf-4109-afde-6e22410284bc', 'name': 'network-vif-unplugged', 'status': 'completed', 'tag': '49bb1538-5fe1-4c7a-b9c2-02284ef1692d', 'code': 200}
2026-07-15 06:09:14.545 10 INFO neutron.notifiers.nova [-] Nova event matching ['req-545b6a56-c017-44e0-9207-e940d65f98d7'] response: {'server_uuid': 'aa271e8b-82bf-4109-afde-6e22410284bc', 'name': 'network-vif-plugged', 'status': 'completed', 'tag': '49bb1538-5fe1-4c7a-b9c2-02284ef1692d', 'code': 200}
2026-07-15 06:09:14.546 9 INFO neutron.services.segments.plugin [-] Segment 72de6008-66a6-4f4e-a64d-856b3092dafe resource provider not found; error: Placement Client Error (4xx): {"errors": [{"status": 404, "title": "Not Found", "detail": "The resource could not be found.\n\n No resource provider with uuid 72de6008-66a6-4f4e-a64d-856b3092dafe found for delete ", "request_id": "req-c736f947-eca5-404c-92be-cf2b7772b965"}]}
2026-07-15 06:09:14.594 10 INFO neutron.wsgi [None req-09b00eb8-4770-4823-a8fc-2e9d0f2bc11c ee99611d2d1548a8ab7d7468530325ab bfc69e352d7940188bc009c9c635b288 - - default default] 10.0.0.166 "GET /v2.0/subnets?network_id=b3058ac8-f6ab-4ab6-923b-56edb0747af6 HTTP/1.1" status: 200 len: 820 time: 0.0581019
2026-07-15 06:09:14.606 10 INFO neutron.wsgi [None req-9865bf65-d66e-4978-8cb5-ccda111c3bb9 ee99611d2d1548a8ab7d7468530325ab bfc69e352d7940188bc009c9c635b288 - - default default] 10.0.0.166 "GET /v2.0/extensions HTTP/1.1" status: 200 len: 16520 time: 0.0078621
2026-07-15 06:09:14.679 10 INFO neutron.db.ovn_revision_numbers_db [None req-0c610b4e-52ba-4ded-9f62-3dfb0e22eee2 84d9ea136c2c4b8a9cf046d5c2bfed78 fef27278ff6646a6a2aac8460d672db4 - - - -] Successfully bumped revision number for resource 19f9e11c-2eda-4792-a3bc-e7f467776b6d (type: ports) to 2
2026-07-15 06:09:14.703 10 INFO neutron.wsgi [None req-16fde3db-7db8-436b-8596-51480b4cd22c ee99611d2d1548a8ab7d7468530325ab bfc69e352d7940188bc009c9c635b288 - - default default] 10.0.0.166 "GET /v2.0/networks HTTP/1.1" status: 200 len: 1503 time: 0.0866647
2026-07-15 06:09:14.707 10 INFO neutron.db.ovn_revision_numbers_db [None req-0c610b4e-52ba-4ded-9f62-3dfb0e22eee2 84d9ea136c2c4b8a9cf046d5c2bfed78 fef27278ff6646a6a2aac8460d672db4 - - - -] Successfully bumped revision number for resource 7406a430-6e1a-4778-b0e4-772fbd43ba4a (type: subnets) to 0
2026-07-15 06:09:14.728 10 INFO neutron.wsgi [None req-0c610b4e-52ba-4ded-9f62-3dfb0e22eee2 84d9ea136c2c4b8a9cf046d5c2bfed78 fef27278ff6646a6a2aac8460d672db4 - - - -] 10.0.0.166 "POST /v2.0/subnets HTTP/1.1" status: 201 len: 801 time: 0.9796002
2026-07-15 06:09:14.749 9 INFO neutron.wsgi [None req-e8048b85-4393-45f4-9d24-3a2db0b34a61 ee99611d2d1548a8ab7d7468530325ab bfc69e352d7940188bc009c9c635b288 - - default default] 10.0.0.166 "GET /v2.0/subnets HTTP/1.1" status: 200 len: 1428 time: 0.0405135
2026-07-15 06:09:14.835 10 INFO neutron.wsgi [None req-be6295fd-32d1-46e3-94ea-8e4e06576962 ee99611d2d1548a8ab7d7468530325ab bfc69e352d7940188bc009c9c635b288 - - default default] 10.0.0.166 "GET /v2.0/networks/6fcc0a31-ed56-4602-b0bc-539fa192290d HTTP/1.1" status: 200 len: 862 time: 0.0753348
2026-07-15 06:09:14.882 9 INFO neutron.wsgi [None req-bee7a817-47bd-4b82-ad39-8f90067ac694 ee99611d2d1548a8ab7d7468530325ab bfc69e352d7940188bc009c9c635b288 - - default default] 10.0.0.166 "GET /v2.0/subnets/9e592d1d-4342-4129-a528-bbab68f1f030 HTTP/1.1" status: 200 len: 811 time: 0.0383310
2026-07-15 06:09:14.906 10 INFO neutron.pecan_wsgi.hooks.translation [None req-cd80556d-79a0-4ff3-afbd-6879ee7dbfb7 ee99611d2d1548a8ab7d7468530325ab bfc69e352d7940188bc009c9c635b288 - - - -] DELETE failed (client error): The resource could not be found.
2026-07-15 06:09:14.909 10 INFO neutron.wsgi [None req-cd80556d-79a0-4ff3-afbd-6879ee7dbfb7 ee99611d2d1548a8ab7d7468530325ab bfc69e352d7940188bc009c9c635b288 - - - -] 10.0.0.166 "DELETE /v2.0/subnets/a539385a-7468-47d7-832c-92eaa5ff0ae8 HTTP/1.1" status: 404 len: 337 time: 0.0216668
2026-07-15 06:09:14.937 10 INFO neutron.pecan_wsgi.hooks.translation [None req-195e6392-350a-4c9d-a86c-a2305decd05f ee99611d2d1548a8ab7d7468530325ab bfc69e352d7940188bc009c9c635b288 - - - -] DELETE failed (client error): The resource could not be found.
2026-07-15 06:09:14.939 10 INFO neutron.wsgi [None req-195e6392-350a-4c9d-a86c-a2305decd05f ee99611d2d1548a8ab7d7468530325ab bfc69e352d7940188bc009c9c635b288 - - - -] 10.0.0.166 "DELETE /v2.0/networks/2ed8b70e-14f1-493a-bbbe-af46d445c45b HTTP/1.1" status: 404 len: 339 time: 0.0249460
2026-07-15 06:09:15.098 10 WARNING neutron.scheduler.dhcp_agent_scheduler [None req-f83b4c42-265c-4029-8d46-6ab7b1a3f20f 84d9ea136c2c4b8a9cf046d5c2bfed78 fef27278ff6646a6a2aac8460d672db4 - - - -] No more DHCP agents
2026-07-15 06:09:15.100 10 WARNING neutron.api.rpc.agentnotifiers.dhcp_rpc_agent_api [None req-f83b4c42-265c-4029-8d46-6ab7b1a3f20f 84d9ea136c2c4b8a9cf046d5c2bfed78 fef27278ff6646a6a2aac8460d672db4 - - - -] Unable to schedule network 5d2936ae-eaf3-4371-b7f5-af11b4f648a0: no agents available; will retry on subsequent port and subnet creation events.
2026-07-15 06:09:15.172 9 INFO neutron.wsgi [None req-dd8c07de-fb10-4015-a3bd-2d7f15f2bf51 ee99611d2d1548a8ab7d7468530325ab bfc69e352d7940188bc009c9c635b288 - - - -] 10.0.0.166 "DELETE /v2.0/subnets/9e592d1d-4342-4129-a528-bbab68f1f030 HTTP/1.1" status: 204 len: 168 time: 0.2178192
2026-07-15 06:09:15.291 10 INFO neutron.db.ovn_revision_numbers_db [None req-f83b4c42-265c-4029-8d46-6ab7b1a3f20f 84d9ea136c2c4b8a9cf046d5c2bfed78 fef27278ff6646a6a2aac8460d672db4 - - - -] Successfully bumped revision number for resource 66bd24e4-edd6-452f-8df2-749cf2efe370 (type: ports) to 1
2026-07-15 06:09:15.318 10 INFO neutron.wsgi [None req-f83b4c42-265c-4029-8d46-6ab7b1a3f20f 84d9ea136c2c4b8a9cf046d5c2bfed78 fef27278ff6646a6a2aac8460d672db4 - - - -] 10.0.0.166 "POST /v2.0/ports HTTP/1.1" status: 201 len: 1115 time: 0.5845964
2026-07-15 06:09:15.444 9 INFO neutron.wsgi [None req-1ff2e36e-9685-4f33-95c8-091e71643007 d7dc3f8a145a4238b5e1c2c4c38d7abc 3470b82d3ab647648fbac5b5d22ec26e - - - -] 10.0.0.166 "DELETE /v2.0/security-groups/f8b3a94a-d8a0-485f-8852-216133698156 HTTP/1.1" status: 204 len: 168 time: 0.1589117
2026-07-15 06:09:15.461 10 INFO neutron.api.v2.resource [None req-25657f63-0d36-4e29-941b-e7148606d28a d7dc3f8a145a4238b5e1c2c4c38d7abc 3470b82d3ab647648fbac5b5d22ec26e - - default default] show failed (client error): The resource could not be found.
2026-07-15 06:09:15.462 10 INFO neutron.wsgi [None req-25657f63-0d36-4e29-941b-e7148606d28a d7dc3f8a145a4238b5e1c2c4c38d7abc 3470b82d3ab647648fbac5b5d22ec26e - - default default] 10.0.0.166 "GET /v2.0/security-groups/f8b3a94a-d8a0-485f-8852-216133698156 HTTP/1.1" status: 404 len: 347 time: 0.0110993
2026-07-15 06:09:15.601 10 INFO neutron.services.segments.plugin [-] Segment fcdda0d0-36d9-44e7-a970-8812b0e884b5 resource provider aggregate not found
2026-07-15 06:09:15.609 10 INFO neutron.services.segments.plugin [-] Segment fcdda0d0-36d9-44e7-a970-8812b0e884b5 resource provider aggregate not found
2026-07-15 06:09:15.617 10 INFO neutron.services.segments.plugin [-] Segment fcdda0d0-36d9-44e7-a970-8812b0e884b5 resource provider not found; error: Placement Client Error (4xx): {"errors": [{"status": 404, "title": "Not Found", "detail": "The resource could not be found.\n\n No resource provider with uuid fcdda0d0-36d9-44e7-a970-8812b0e884b5 found for delete ", "request_id": "req-2834a7e8-57d8-4908-b72d-9149b90217d8"}]}
2026-07-15 06:09:15.630 10 INFO neutron.services.segments.plugin [-] Segment fcdda0d0-36d9-44e7-a970-8812b0e884b5 resource provider not found; error: Placement Client Error (4xx): {"errors": [{"status": 404, "title": "Not Found", "detail": "The resource could not be found.\n\n No resource provider with uuid fcdda0d0-36d9-44e7-a970-8812b0e884b5 found for delete ", "request_id": "req-cc78e434-29cd-4c13-a741-700d1942ba02"}]}
2026-07-15 06:09:15.643 9 INFO neutron.wsgi [None req-e38c19e5-ab1c-44ec-9904-17f2a9d2f06a 84d9ea136c2c4b8a9cf046d5c2bfed78 fef27278ff6646a6a2aac8460d672db4 - - - -] 10.0.0.166 "DELETE /v2.0/ports/66bd24e4-edd6-452f-8df2-749cf2efe370 HTTP/1.1" status: 204 len: 168 time: 0.3186178
2026-07-15 06:09:15.678 10 INFO neutron.pecan_wsgi.hooks.translation [None req-fc527aaf-510f-43cc-8f0e-0afef729699c 84d9ea136c2c4b8a9cf046d5c2bfed78 fef27278ff6646a6a2aac8460d672db4 - - default default] GET failed (client error): The resource could not be found.
2026-07-15 06:09:15.679 10 INFO neutron.wsgi [None req-fc527aaf-510f-43cc-8f0e-0afef729699c 84d9ea136c2c4b8a9cf046d5c2bfed78 fef27278ff6646a6a2aac8460d672db4 - - default default] 10.0.0.166 "GET /v2.0/ports/66bd24e4-edd6-452f-8df2-749cf2efe370 HTTP/1.1" status: 404 len: 333 time: 0.0300565
2026-07-15 06:09:15.684 10 INFO neutron.wsgi [None req-f2d10f82-abf4-4ea5-87ea-cc8595d9fdab ee99611d2d1548a8ab7d7468530325ab bfc69e352d7940188bc009c9c635b288 - - - -] 10.0.0.166 "DELETE /v2.0/networks/6fcc0a31-ed56-4602-b0bc-539fa192290d HTTP/1.1" status: 204 len: 168 time: 0.5071669
2026-07-15 06:09:15.870 9 INFO neutron.wsgi [None req-7ee8c337-190e-4a8f-8537-1ccf50ba5078 84d9ea136c2c4b8a9cf046d5c2bfed78 fef27278ff6646a6a2aac8460d672db4 - - - -] 10.0.0.166 "DELETE /v2.0/subnets/7406a430-6e1a-4778-b0e4-772fbd43ba4a HTTP/1.1" status: 204 len: 168 time: 0.1858175
2026-07-15 06:09:16.163 10 INFO neutron.wsgi [None req-da4f3ce9-a813-492c-9a94-f4a7c0278796 d7dc3f8a145a4238b5e1c2c4c38d7abc 3470b82d3ab647648fbac5b5d22ec26e - - - -] 10.0.0.166 "DELETE /v2.0/floatingips/2b651f8d-74d3-495e-af40-602b21e3f7e4 HTTP/1.1" status: 204 len: 168 time: 0.6930389
2026-07-15 06:09:16.236 9 INFO neutron.wsgi [None req-575475aa-b0fb-4cfe-8b9e-11678702f6b9 84d9ea136c2c4b8a9cf046d5c2bfed78 fef27278ff6646a6a2aac8460d672db4 - - - -] 10.0.0.166 "DELETE /v2.0/networks/5d2936ae-eaf3-4371-b7f5-af11b4f648a0 HTTP/1.1" status: 204 len: 168 time: 0.3592694
2026-07-15 06:09:16.378 10 INFO neutron.wsgi [None req-c4ad86da-0ed0-41f7-8897-4a0348040cd2 bc890da7b1e045df99b7fb40a936d507 524d02558d484f44874de52b6ff81980 - - default default] 10.0.0.166 "GET /v2.0/security-groups?tenant_id=bfc69e352d7940188bc009c9c635b288&name=default HTTP/1.1" status: 200 len: 2996 time: 0.2657428
2026-07-15 06:09:16.542 9 INFO neutron.services.segments.plugin [-] Segment c4716642-872d-4964-b6a9-ea6f28a1a4d2 resource provider aggregate not found
2026-07-15 06:09:16.555 9 INFO neutron.wsgi [None req-bd1c45c6-b142-4805-b2be-4a73f2bf21cb bc890da7b1e045df99b7fb40a936d507 524d02558d484f44874de52b6ff81980 - - - -] 10.0.0.166 "DELETE /v2.0/security-groups/cde5757a-4711-4838-b4a4-1d17f8970b4d HTTP/1.1" status: 204 len: 168 time: 0.1715481
2026-07-15 06:09:16.564 9 INFO neutron.services.segments.plugin [-] Segment c4716642-872d-4964-b6a9-ea6f28a1a4d2 resource provider aggregate not found
2026-07-15 06:09:16.569 9 INFO neutron.services.segments.plugin [-] Segment c4716642-872d-4964-b6a9-ea6f28a1a4d2 resource provider not found; error: Placement Client Error (4xx): {"errors": [{"status": 404, "title": "Not Found", "detail": "The resource could not be found.\n\n No resource provider with uuid c4716642-872d-4964-b6a9-ea6f28a1a4d2 found for delete ", "request_id": "req-0cbaba8e-9f25-44be-bfd3-130b18e2aa86"}]}
2026-07-15 06:09:16.582 9 INFO neutron.services.segments.plugin [-] Segment c4716642-872d-4964-b6a9-ea6f28a1a4d2 resource provider not found; error: Placement Client Error (4xx): {"errors": [{"status": 404, "title": "Not Found", "detail": "The resource could not be found.\n\n No resource provider with uuid c4716642-872d-4964-b6a9-ea6f28a1a4d2 found for delete ", "request_id": "req-7287b8d1-4eeb-4330-ac40-4c237e56c64c"}]}
2026-07-15 06:09:16.598 10 WARNING neutron.scheduler.dhcp_agent_scheduler [None req-f8e4bb2b-12af-4118-80ea-daef5c9bcd77 84d9ea136c2c4b8a9cf046d5c2bfed78 fef27278ff6646a6a2aac8460d672db4 - - - -] No more DHCP agents
2026-07-15 06:09:16.604 10 WARNING neutron.api.rpc.agentnotifiers.dhcp_rpc_agent_api [None req-f8e4bb2b-12af-4118-80ea-daef5c9bcd77 84d9ea136c2c4b8a9cf046d5c2bfed78 fef27278ff6646a6a2aac8460d672db4 - - - -] Unable to schedule network 26bd4238-be17-4fc7-b122-d18aa848f107: no agents available; will retry on subsequent port and subnet creation events. /var/lib/openstack/lib/python3.10/site-packages/pycadf/identifier.py:71: UserWarning: Invalid uuid: neutron. To ensure interoperability, identifiers should be a valid uuid. warnings.warn(('Invalid uuid: %s. To ensure interoperability, '
2026-07-15 06:09:16.731 10 INFO neutron.db.ovn_revision_numbers_db [None req-f8e4bb2b-12af-4118-80ea-daef5c9bcd77 84d9ea136c2c4b8a9cf046d5c2bfed78 fef27278ff6646a6a2aac8460d672db4 - - - -] Successfully bumped revision number for resource e31b0fbf-2631-4954-b0b9-6529e18df88e (type: ports) to 1
2026-07-15 06:09:16.783 10 INFO neutron.wsgi [None req-f8e4bb2b-12af-4118-80ea-daef5c9bcd77 84d9ea136c2c4b8a9cf046d5c2bfed78 fef27278ff6646a6a2aac8460d672db4 - - - -] 10.0.0.166 "POST /v2.0/ports HTTP/1.1" status: 201 len: 973 time: 0.5409482
2026-07-15 06:09:16.838 9 INFO neutron.wsgi [None req-6b65de13-85a2-4032-8411-cc7094642d0d bc890da7b1e045df99b7fb40a936d507 524d02558d484f44874de52b6ff81980 - - default default] 10.0.0.8 "GET /v2.0/subnets HTTP/1.1" status: 200 len: 2101 time: 0.2166128
2026-07-15 06:09:16.863 10 INFO neutron.db.ovn_revision_numbers_db [None req-3f442e6f-52af-480c-98fb-ab112a9308a6 dced2ab65efe4545a9b47d9ff3f526ad 3617ef89ee794eefa1f8dea661d0a45c - - - -] Successfully bumped revision number for resource e66b8dbe-37cf-4a68-ac49-b770af5c8c24 (type: security_groups) to 1
2026-07-15 06:09:16.903 9 INFO neutron.wsgi [None req-ca3d395a-106d-417a-9155-247ed221d75a bc890da7b1e045df99b7fb40a936d507 524d02558d484f44874de52b6ff81980 - - default default] 10.0.0.8 "GET /v2.0/ports HTTP/1.1" status: 200 len: 11082 time: 0.0580323
2026-07-15 06:09:16.927 10 INFO neutron.db.segments_db [None req-3f442e6f-52af-480c-98fb-ab112a9308a6 dced2ab65efe4545a9b47d9ff3f526ad 3617ef89ee794eefa1f8dea661d0a45c - - - -] Added segment 98c5d34f-0f0e-4490-8b79-a5431addcbbd of type geneve for network 5b4ede0d-4140-496b-87e3-e8c26a97b693
2026-07-15 06:09:16.960 9 INFO neutron.wsgi [None req-5d44c99f-c00f-4dc2-b2f2-4d8a37307755 bc890da7b1e045df99b7fb40a936d507 524d02558d484f44874de52b6ff81980 - - default default] 10.0.0.8 "GET /v2.0/subnets HTTP/1.1" status: 200 len: 2101 time: 0.0481174
2026-07-15 06:09:16.980 9 INFO neutron.wsgi [None req-bbcbcb44-b98c-4bc4-aa1e-845b46cf63d8 bc890da7b1e045df99b7fb40a936d507 524d02558d484f44874de52b6ff81980 - - default default] 10.0.0.8 "GET /v2.0/subnetpools HTTP/1.1" status: 200 len: 193 time: 0.0169475
2026-07-15 06:09:17.000 9 INFO neutron.wsgi [None req-7a3d834b-1fd9-482d-a83d-2f37383d7d80 bc890da7b1e045df99b7fb40a936d507 524d02558d484f44874de52b6ff81980 - - default default] 10.0.0.8 "GET /v2.0/floatingips HTTP/1.1" status: 200 len: 193 time: 0.0185606
2026-07-15 06:09:17.092 10 INFO neutron.db.ovn_revision_numbers_db [None req-3f442e6f-52af-480c-98fb-ab112a9308a6 dced2ab65efe4545a9b47d9ff3f526ad 3617ef89ee794eefa1f8dea661d0a45c - - - -] Successfully bumped revision number for resource 5b4ede0d-4140-496b-87e3-e8c26a97b693 (type: networks) to 1
2026-07-15 06:09:17.097 9 INFO neutron.wsgi [None req-8bcfe471-ef69-48cb-95ff-ad2b38083c08 bc890da7b1e045df99b7fb40a936d507 524d02558d484f44874de52b6ff81980 - - default default] 10.0.0.8 "GET /v2.0/networks HTTP/1.1" status: 200 len: 3836 time: 0.0957773 /var/lib/openstack/lib/python3.10/site-packages/pycadf/identifier.py:71: UserWarning: Invalid uuid: neutron. To ensure interoperability, identifiers should be a valid uuid. warnings.warn(('Invalid uuid: %s. To ensure interoperability, '
2026-07-15 06:09:17.119 9 INFO neutron.db.ovn_revision_numbers_db [None req-e16e149d-97ed-4094-89d9-5f3d6eb966e5 84d9ea136c2c4b8a9cf046d5c2bfed78 fef27278ff6646a6a2aac8460d672db4 - - - -] Successfully bumped revision number for resource e31b0fbf-2631-4954-b0b9-6529e18df88e (type: ports) to 2
2026-07-15 06:09:17.133 9 INFO neutron.wsgi [None req-e16e149d-97ed-4094-89d9-5f3d6eb966e5 84d9ea136c2c4b8a9cf046d5c2bfed78 fef27278ff6646a6a2aac8460d672db4 - - - -] 10.0.0.166 "PUT /v2.0/ports/e31b0fbf-2631-4954-b0b9-6529e18df88e HTTP/1.1" status: 200 len: 946 time: 0.3349319
2026-07-15 06:09:17.207 9 INFO neutron.wsgi [None req-330cb4a3-205b-484a-93ac-4e9c75876ba1 bc890da7b1e045df99b7fb40a936d507 524d02558d484f44874de52b6ff81980 - - default default] 10.0.0.8 "GET /v2.0/security-groups HTTP/1.1" status: 200 len: 25143 time: 0.1069250
2026-07-15 06:09:17.367 10 WARNING neutron.scheduler.dhcp_agent_scheduler [None req-3f442e6f-52af-480c-98fb-ab112a9308a6 dced2ab65efe4545a9b47d9ff3f526ad 3617ef89ee794eefa1f8dea661d0a45c - - - -] No more DHCP agents
2026-07-15 06:09:17.370 10 WARNING neutron.api.rpc.agentnotifiers.dhcp_rpc_agent_api [None req-3f442e6f-52af-480c-98fb-ab112a9308a6 dced2ab65efe4545a9b47d9ff3f526ad 3617ef89ee794eefa1f8dea661d0a45c - - - -] Unable to schedule network 5b4ede0d-4140-496b-87e3-e8c26a97b693: no agents available; will retry on subsequent port and subnet creation events.
2026-07-15 06:09:17.450 10 INFO neutron.wsgi [-] 10.0.0.223 "GET / HTTP/1.1" status: 200 len: 247 time: 0.0013666
2026-07-15 06:09:17.452 10 INFO neutron.wsgi [-] 10.0.0.223 "GET / HTTP/1.1" status: 200 len: 247 time: 0.0009255
2026-07-15 06:09:17.467 10 INFO neutron.db.ovn_revision_numbers_db [None req-3f442e6f-52af-480c-98fb-ab112a9308a6 dced2ab65efe4545a9b47d9ff3f526ad 3617ef89ee794eefa1f8dea661d0a45c - - - -] Successfully bumped revision number for resource 7db041b2-abee-44f0-8c30-4ffb69dfbfff (type: ports) to 1
2026-07-15 06:09:17.518 10 INFO neutron.wsgi [None req-a1c8f7f0-62fe-47f7-9ac9-a92326fc3cca bc890da7b1e045df99b7fb40a936d507 524d02558d484f44874de52b6ff81980 - - - -] 10.0.0.166 "PUT /v2.0/routers/a6d6f59f-b7a4-42b5-9545-bd85d5b7fffe/remove_router_interface HTTP/1.1" status: 200 len: 503 time: 1.2768552
2026-07-15 06:09:17.525 10 INFO neutron.wsgi [None req-3f442e6f-52af-480c-98fb-ab112a9308a6 dced2ab65efe4545a9b47d9ff3f526ad 3617ef89ee794eefa1f8dea661d0a45c - - - -] 10.0.0.166 "POST /v2.0/networks HTTP/1.1" status: 201 len: 832 time: 0.9812343 /var/lib/openstack/lib/python3.10/site-packages/pycadf/identifier.py:71: UserWarning: Invalid uuid: neutron. To ensure interoperability, identifiers should be a valid uuid. warnings.warn(('Invalid uuid: %s. To ensure interoperability, '
2026-07-15 06:09:17.554 9 INFO neutron.wsgi [None req-ddcc3058-79b6-435d-aa91-d43dbbec990c bc890da7b1e045df99b7fb40a936d507 524d02558d484f44874de52b6ff81980 - - default default] 10.0.0.8 "GET /v2.0/routers HTTP/1.1" status: 200 len: 869 time: 0.3392935
2026-07-15 06:09:17.585 9 INFO neutron.wsgi [None req-a6318e68-d689-4afa-ada5-148de7fb163d bc890da7b1e045df99b7fb40a936d507 524d02558d484f44874de52b6ff81980 - - default default] 10.0.0.8 "GET /v2.0/agents?binary=ovn-controller HTTP/1.1" status: 200 len: 591 time: 0.0277116
2026-07-15 06:09:17.598 9 INFO neutron.wsgi [None req-c7a903a6-0e3e-45a3-86d6-789025102fdc bc890da7b1e045df99b7fb40a936d507 524d02558d484f44874de52b6ff81980 - - default default] 10.0.0.8 "GET /v2.0/agents HTTP/1.1" status: 200 len: 997 time: 0.0114202
2026-07-15 06:09:17.625 9 INFO neutron.wsgi [None req-24bd546b-8836-44f6-afa3-5c4533532fd7 bc890da7b1e045df99b7fb40a936d507 524d02558d484f44874de52b6ff81980 - - default default] 10.0.0.8 "GET /v2.0/network-ip-availabilities HTTP/1.1" status: 200 len: 2322 time: 0.0231097
2026-07-15 06:09:17.778 9 INFO neutron.wsgi [None req-42646045-46b3-4b23-8535-9924acc4d313 84d9ea136c2c4b8a9cf046d5c2bfed78 fef27278ff6646a6a2aac8460d672db4 - - - -] 10.0.0.166 "DELETE /v2.0/ports/e31b0fbf-2631-4954-b0b9-6529e18df88e HTTP/1.1" status: 204 len: 168 time: 0.6328387
2026-07-15 06:09:17.868 10 INFO neutron.wsgi [None req-d809f978-e3a6-4eb8-8962-d6637573dd02 84d9ea136c2c4b8a9cf046d5c2bfed78 fef27278ff6646a6a2aac8460d672db4 - - default default] 10.0.0.166 "GET /v2.0/ports HTTP/1.1" status: 200 len: 1729 time: 0.0875587
2026-07-15 06:09:17.896 10 INFO neutron.pecan_wsgi.hooks.translation [None req-fc740c0d-40c3-4435-9446-d258623d3f6e 84d9ea136c2c4b8a9cf046d5c2bfed78 fef27278ff6646a6a2aac8460d672db4 - - default default] GET failed (client error): The resource could not be found.
2026-07-15 06:09:17.898 10 INFO neutron.wsgi [None req-fc740c0d-40c3-4435-9446-d258623d3f6e 84d9ea136c2c4b8a9cf046d5c2bfed78 fef27278ff6646a6a2aac8460d672db4 - - default default] 10.0.0.166 "GET /v2.0/ports/e31b0fbf-2631-4954-b0b9-6529e18df88e HTTP/1.1" status: 404 len: 333 time: 0.0246086
2026-07-15 06:09:18.011 9 INFO neutron.wsgi [None req-88e45912-2f4f-4848-8a3c-8a522c7be186 84d9ea136c2c4b8a9cf046d5c2bfed78 fef27278ff6646a6a2aac8460d672db4 - - default default] 10.0.0.166 "GET /v2.0/ports HTTP/1.1" status: 200 len: 1729 time: 0.1065099
2026-07-15 06:09:18.051 9 INFO neutron.wsgi [None req-ecf054df-ca14-4cce-be32-386f4b8f525e 84d9ea136c2c4b8a9cf046d5c2bfed78 fef27278ff6646a6a2aac8460d672db4 - - default default] 10.0.0.166 "GET /v2.0/ports/57190cdb-f2c5-45e8-aa98-016f1dff963b HTTP/1.1" status: 200 len: 969 time: 0.0316489
2026-07-15 06:09:18.081 9 INFO neutron.pecan_wsgi.hooks.translation [None req-1b4bd48d-6a5b-44f0-a6a3-1ab9ec1f96d9 84d9ea136c2c4b8a9cf046d5c2bfed78 fef27278ff6646a6a2aac8460d672db4 - - - -] DELETE failed (client error): The resource could not be found.
2026-07-15 06:09:18.084 9 INFO neutron.wsgi [None req-1b4bd48d-6a5b-44f0-a6a3-1ab9ec1f96d9 84d9ea136c2c4b8a9cf046d5c2bfed78 fef27278ff6646a6a2aac8460d672db4 - - - -] 10.0.0.166 "DELETE /v2.0/ports/66bd24e4-edd6-452f-8df2-749cf2efe370 HTTP/1.1" status: 404 len: 333 time: 0.0264323
2026-07-15 06:09:18.108 10 INFO neutron.pecan_wsgi.hooks.translation [None req-a2f72ae2-2084-44ab-a51a-4e93ddc69f30 84d9ea136c2c4b8a9cf046d5c2bfed78 fef27278ff6646a6a2aac8460d672db4 - - - -] DELETE failed (client error): The resource could not be found.
2026-07-15 06:09:18.110 10 INFO neutron.wsgi [None req-a2f72ae2-2084-44ab-a51a-4e93ddc69f30 84d9ea136c2c4b8a9cf046d5c2bfed78 fef27278ff6646a6a2aac8460d672db4 - - - -] 10.0.0.166 "DELETE /v2.0/subnets/7406a430-6e1a-4778-b0e4-772fbd43ba4a HTTP/1.1" status: 404 len: 337 time: 0.0220535
2026-07-15 06:09:18.132 9 INFO neutron.pecan_wsgi.hooks.translation [None req-dea84027-0992-4217-bab4-dc04bd38f04f 84d9ea136c2c4b8a9cf046d5c2bfed78 fef27278ff6646a6a2aac8460d672db4 - - - -] DELETE failed (client error): The resource could not be found.
2026-07-15 06:09:18.134 9 INFO neutron.wsgi [None req-dea84027-0992-4217-bab4-dc04bd38f04f 84d9ea136c2c4b8a9cf046d5c2bfed78 fef27278ff6646a6a2aac8460d672db4 - - - -] 10.0.0.166 "DELETE /v2.0/subnets/8fd2487f-9c4a-4f98-8306-0052a0ba3d4e HTTP/1.1" status: 404 len: 337 time: 0.0196953
2026-07-15 06:09:18.196 9 WARNING neutron.scheduler.dhcp_agent_scheduler [None req-30220b27-dcc6-4c4f-b17c-e99cebfe0f7b dced2ab65efe4545a9b47d9ff3f526ad 3617ef89ee794eefa1f8dea661d0a45c - - - -] No more DHCP agents
2026-07-15 06:09:18.198 9 WARNING neutron.api.rpc.agentnotifiers.dhcp_rpc_agent_api [None req-30220b27-dcc6-4c4f-b17c-e99cebfe0f7b dced2ab65efe4545a9b47d9ff3f526ad 3617ef89ee794eefa1f8dea661d0a45c - - - -] Unable to schedule network b3058ac8-f6ab-4ab6-923b-56edb0747af6: no agents available; will retry on subsequent port and subnet creation events.
2026-07-15 06:09:18.245 10 INFO neutron.wsgi [None req-4b4dab28-548f-4126-92f2-401d4179a5df bc890da7b1e045df99b7fb40a936d507 524d02558d484f44874de52b6ff81980 - - - -] 10.0.0.166 "DELETE /v2.0/routers/a6d6f59f-b7a4-42b5-9545-bd85d5b7fffe HTTP/1.1" status: 204 len: 168 time: 0.7233119
2026-07-15 06:09:18.359 9 INFO neutron.db.ovn_revision_numbers_db [None req-30220b27-dcc6-4c4f-b17c-e99cebfe0f7b dced2ab65efe4545a9b47d9ff3f526ad 3617ef89ee794eefa1f8dea661d0a45c - - - -] Successfully bumped revision number for resource c4f1aa1b-de4a-4673-bcfc-ae1e30785a9b (type: ports) to 1
2026-07-15 06:09:18.709 10 INFO neutron.wsgi [None req-fa5ee150-95d1-4ee0-8df2-fd429a692c98 84d9ea136c2c4b8a9cf046d5c2bfed78 fef27278ff6646a6a2aac8460d672db4 - - - -] 10.0.0.166 "DELETE /v2.0/ports/57190cdb-f2c5-45e8-aa98-016f1dff963b HTTP/1.1" status: 204 len: 168 time: 0.5654676
2026-07-15 06:09:18.743 10 INFO neutron.wsgi [None req-c3aff19c-5227-4746-9263-85214db91e2b bc890da7b1e045df99b7fb40a936d507 524d02558d484f44874de52b6ff81980 - - - -] 10.0.0.166 "DELETE /v2.0/subnets/66e72390-c233-4b81-a88d-87a420f87d1e HTTP/1.1" status: 204 len: 168 time: 0.4920385
2026-07-15 06:09:18.746 10 INFO neutron.db.ovn_revision_numbers_db [None req-5d33ab71-1676-4f10-bc92-93477a682ca6 1c23800f9ec24648b18f6a8bfd2d3525 d81f4349a37f4cc6a98ef05b3ee4c4b8 - - - -] Successfully bumped revision number for resource 40f81a8b-4da2-4db7-9baa-aa303025842e (type: security_groups) to 1
2026-07-15 06:09:18.806 10 INFO neutron.db.segments_db [None req-5d33ab71-1676-4f10-bc92-93477a682ca6 1c23800f9ec24648b18f6a8bfd2d3525 d81f4349a37f4cc6a98ef05b3ee4c4b8 - - - -] Added segment c98d5ca9-3882-48fb-b67d-e3c1a36fff34 of type geneve for network 41951c32-a719-4425-b52a-04d84226d931
2026-07-15 06:09:18.985 10 INFO neutron.db.ovn_revision_numbers_db [None req-5d33ab71-1676-4f10-bc92-93477a682ca6 1c23800f9ec24648b18f6a8bfd2d3525 d81f4349a37f4cc6a98ef05b3ee4c4b8 - - - -] Successfully bumped revision number for resource 41951c32-a719-4425-b52a-04d84226d931 (type: networks) to 1
2026-07-15 06:09:19.085 10 INFO neutron.plugins.ml2.drivers.ovn.mech_driver.mech_driver [None req-bceb5e37-e2e9-4c25-b4a6-b028aa7fbee5 - - - - - -] OVN reports status up for port: c4f1aa1b-de4a-4673-bcfc-ae1e30785a9b
2026-07-15 06:09:19.096 9 INFO neutron.plugins.ml2.drivers.ovn.mech_driver.ovsdb.ovsdb_monitor [None req-9e1432ae-6d7c-4641-a008-3d856ef1ab31 - - - - - -] Router 9a31e932-3fe1-4a17-8d0e-6c8a825e9047 is bound to host instance
2026-07-15 06:09:19.097 9 INFO neutron.db.ovn_revision_numbers_db [None req-30220b27-dcc6-4c4f-b17c-e99cebfe0f7b dced2ab65efe4545a9b47d9ff3f526ad 3617ef89ee794eefa1f8dea661d0a45c - - - -] Successfully bumped revision number for resource c4f1aa1b-de4a-4673-bcfc-ae1e30785a9b (type: router_ports) to 1
2026-07-15 06:09:19.118 10 INFO neutron.plugins.ml2.plugin [None req-bceb5e37-e2e9-4c25-b4a6-b028aa7fbee5 - - - - - -] Attempt 1 to provision port c4f1aa1b-de4a-4673-bcfc-ae1e30785a9b
2026-07-15 06:09:19.214 9 INFO neutron.db.ovn_revision_numbers_db [None req-30220b27-dcc6-4c4f-b17c-e99cebfe0f7b dced2ab65efe4545a9b47d9ff3f526ad 3617ef89ee794eefa1f8dea661d0a45c - - - -] Successfully bumped revision number for resource 9a31e932-3fe1-4a17-8d0e-6c8a825e9047 (type: routers) to 3
2026-07-15 06:09:19.252 10 WARNING neutron.scheduler.dhcp_agent_scheduler [None req-5d33ab71-1676-4f10-bc92-93477a682ca6 1c23800f9ec24648b18f6a8bfd2d3525 d81f4349a37f4cc6a98ef05b3ee4c4b8 - - - -] No more DHCP agents
