+ COMMAND=start + start + start_ovn + exec neutron-server --config-file /etc/neutron/neutron.conf --config-file /tmp/pod-shared/ovn.ini --config-file /etc/neutron/plugins/ml2/ml2_conf.ini /var/lib/openstack/lib/python3.10/site-packages/munch/__init__.py:24: UserWarning: pkg_resources is deprecated as an API. See https://setuptools.pypa.io/en/latest/pkg_resources.html. The pkg_resources package is slated for removal as early as 2025-11-30. Refrain from using this package or pin to Setuptools<81. import pkg_resources
2026-07-15 05:33:06.524 1 INFO neutron.common.config [-] Logging enabled!
2026-07-15 05:33:06.524 1 INFO neutron.common.config [-] /var/lib/openstack/bin/neutron-server version 21.2.2.dev24
2026-07-15 05:33:06.526 1 INFO neutron.common.config [-] Logging enabled!
2026-07-15 05:33:06.526 1 INFO neutron.common.config [-] /var/lib/openstack/bin/neutron-server version 21.2.2.dev24
2026-07-15 05:33:06.737 1 INFO neutron.manager [-] Loading core plugin: ml2
2026-07-15 05:33:07.420 1 INFO neutron.plugins.ml2.managers [-] Configured type driver names: ['flat', 'vlan', 'geneve']
2026-07-15 05:33:07.422 1 INFO neutron.plugins.ml2.drivers.type_flat [-] Arbitrary flat physical_network names allowed
2026-07-15 05:33:07.425 1 INFO neutron.plugins.ml2.drivers.type_vlan [-] Network VLAN ranges: OrderedDict([('external', [(1, 4094)])])
2026-07-15 05:33:07.425 1 INFO neutron.plugins.ml2.managers [-] Loaded type driver names: ['flat', 'geneve', 'vlan']
2026-07-15 05:33:07.425 1 INFO neutron.plugins.ml2.managers [-] Registered types: dict_keys(['flat', 'geneve', 'vlan'])
2026-07-15 05:33:07.425 1 INFO neutron.plugins.ml2.managers [-] Tenant network_types: ['geneve']
2026-07-15 05:33:07.426 1 INFO neutron.plugins.ml2.managers [-] Configured extension driver names: ['dns_domain_ports', 'port_security', 'qos']
2026-07-15 05:33:07.430 1 INFO neutron.plugins.ml2.managers [-] Loaded extension driver names: ['dns_domain_ports', 'port_security', 'qos']
2026-07-15 05:33:07.431 1 INFO neutron.plugins.ml2.managers [-] Registered extension drivers: ['dns_domain_ports', 'port_security', 'qos']
2026-07-15 05:33:07.431 1 INFO neutron.plugins.ml2.managers [-] Configured mechanism driver names: ['ovn']
2026-07-15 05:33:07.722 1 INFO neutron.plugins.ml2.managers [-] Loaded mechanism driver names: ['ovn']
2026-07-15 05:33:07.723 1 INFO neutron.plugins.ml2.managers [-] Registered mechanism drivers: ['ovn']
2026-07-15 05:33:07.723 1 INFO neutron.plugins.ml2.managers [-] No mechanism drivers provide segment reachability information for agent scheduling.
2026-07-15 05:33:07.741 1 INFO neutron.plugins.ml2.managers [-] Initializing driver for type 'flat'
2026-07-15 05:33:07.741 1 INFO neutron.plugins.ml2.drivers.type_flat [-] ML2 FlatTypeDriver initialization complete
2026-07-15 05:33:07.741 1 INFO neutron.plugins.ml2.managers [-] Initializing driver for type 'geneve'
2026-07-15 05:33:07.741 1 INFO neutron.plugins.ml2.drivers.type_tunnel [-] geneve ID ranges: [(1, 65536)]
2026-07-15 05:33:09.956 1 INFO neutron.plugins.ml2.managers [None req-2d288f47-4b5d-4124-ae7e-2c1c7801775c - - - - - -] Initializing driver for type 'vlan'
2026-07-15 05:33:10.109 1 INFO neutron.plugins.ml2.drivers.type_vlan [None req-2d288f47-4b5d-4124-ae7e-2c1c7801775c - - - - - -] VlanTypeDriver initialization complete
2026-07-15 05:33:10.109 1 INFO neutron.plugins.ml2.managers [None req-2d288f47-4b5d-4124-ae7e-2c1c7801775c - - - - - -] Initializing extension driver 'dns_domain_ports'
2026-07-15 05:33:10.109 1 INFO neutron.plugins.ml2.extensions.dns_integration [None req-2d288f47-4b5d-4124-ae7e-2c1c7801775c - - - - - -] DNSDomainPortsExtensionDriver initialization complete
2026-07-15 05:33:10.109 1 INFO neutron.plugins.ml2.managers [None req-2d288f47-4b5d-4124-ae7e-2c1c7801775c - - - - - -] Initializing extension driver 'port_security'
2026-07-15 05:33:10.110 1 INFO neutron.plugins.ml2.extensions.port_security [None req-2d288f47-4b5d-4124-ae7e-2c1c7801775c - - - - - -] PortSecurityExtensionDriver initialization complete
2026-07-15 05:33:10.110 1 INFO neutron.plugins.ml2.managers [None req-2d288f47-4b5d-4124-ae7e-2c1c7801775c - - - - - -] Initializing extension driver 'qos'
2026-07-15 05:33:10.110 1 INFO neutron.plugins.ml2.managers [None req-2d288f47-4b5d-4124-ae7e-2c1c7801775c - - - - - -] Initializing mechanism driver 'ovn'
2026-07-15 05:33:10.110 1 INFO neutron.plugins.ml2.drivers.ovn.mech_driver.mech_driver [None req-2d288f47-4b5d-4124-ae7e-2c1c7801775c - - - - - -] Starting OVNMechanismDriver
2026-07-15 05:33:10.136 1 INFO neutron.services.logapi.drivers.ovn.driver [None req-2d288f47-4b5d-4124-ae7e-2c1c7801775c - - - - - -] OVN logging driver registered
2026-07-15 05:33:10.141 1 INFO neutron.quota [None req-2d288f47-4b5d-4124-ae7e-2c1c7801775c - - - - - -] Loaded quota_driver: .
2026-07-15 05:33:10.141 1 INFO neutron.plugins.ml2.plugin [None req-2d288f47-4b5d-4124-ae7e-2c1c7801775c - - - - - -] Modular L2 Plugin initialization complete
2026-07-15 05:33:10.142 1 INFO neutron.plugins.ml2.managers [None req-2d288f47-4b5d-4124-ae7e-2c1c7801775c - - - - - -] Got dns-integration extension from driver 'dns_domain_ports'
2026-07-15 05:33:10.142 1 INFO neutron.plugins.ml2.managers [None req-2d288f47-4b5d-4124-ae7e-2c1c7801775c - - - - - -] Got dns-domain-ports extension from driver 'dns_domain_ports'
2026-07-15 05:33:10.142 1 INFO neutron.plugins.ml2.managers [None req-2d288f47-4b5d-4124-ae7e-2c1c7801775c - - - - - -] Got port-security extension from driver 'port_security'
2026-07-15 05:33:10.142 1 INFO neutron.extensions.vlantransparent [None req-2d288f47-4b5d-4124-ae7e-2c1c7801775c - - - - - -] Disabled vlantransparent extension.
2026-07-15 05:33:10.142 1 INFO neutron.manager [None req-2d288f47-4b5d-4124-ae7e-2c1c7801775c - - - - - -] Loading Plugin: qos
2026-07-15 05:33:10.151 1 INFO neutron.manager [None req-2d288f47-4b5d-4124-ae7e-2c1c7801775c - - - - - -] Loading Plugin: ovn-router
2026-07-15 05:33:10.175 1 INFO neutron.services.ovn_l3.plugin [None req-2d288f47-4b5d-4124-ae7e-2c1c7801775c - - - - - -] Starting OVNL3RouterPlugin
2026-07-15 05:33:10.176 1 INFO neutron.manager [None req-2d288f47-4b5d-4124-ae7e-2c1c7801775c - - - - - -] Loading Plugin: segments
2026-07-15 05:33:10.254 1 INFO neutron.manager [None req-2d288f47-4b5d-4124-ae7e-2c1c7801775c - - - - - -] Loading Plugin: trunk
2026-07-15 05:33:10.260 1 INFO neutron.manager [None req-2d288f47-4b5d-4124-ae7e-2c1c7801775c - - - - - -] Loading Plugin: log
2026-07-15 05:33:10.262 1 INFO neutron.manager [None req-2d288f47-4b5d-4124-ae7e-2c1c7801775c - - - - - -] Loading Plugin: auto_allocate
2026-07-15 05:33:10.265 1 INFO neutron.manager [None req-2d288f47-4b5d-4124-ae7e-2c1c7801775c - - - - - -] Loading Plugin: tag
2026-07-15 05:33:10.269 1 INFO neutron.manager [None req-2d288f47-4b5d-4124-ae7e-2c1c7801775c - - - - - -] Loading Plugin: timestamp
2026-07-15 05:33:10.271 1 INFO neutron.manager [None req-2d288f47-4b5d-4124-ae7e-2c1c7801775c - - - - - -] Loading Plugin: network_ip_availability
2026-07-15 05:33:10.274 1 INFO neutron.manager [None req-2d288f47-4b5d-4124-ae7e-2c1c7801775c - - - - - -] Loading Plugin: flavors
2026-07-15 05:33:10.278 1 INFO neutron.manager [None req-2d288f47-4b5d-4124-ae7e-2c1c7801775c - - - - - -] Loading Plugin: revisions
2026-07-15 05:33:10.282 1 INFO neutron.api.extensions [None req-2d288f47-4b5d-4124-ae7e-2c1c7801775c - - - - - -] Initializing extension manager.
2026-07-15 05:33:10.283 1 INFO neutron.api.extensions [None req-2d288f47-4b5d-4124-ae7e-2c1c7801775c - - - - - -] Loaded extension: address-group
2026-07-15 05:33:10.283 1 INFO neutron.api.extensions [None req-2d288f47-4b5d-4124-ae7e-2c1c7801775c - - - - - -] Loaded extension: address-scope
2026-07-15 05:33:10.284 1 INFO neutron.api.extensions [None req-2d288f47-4b5d-4124-ae7e-2c1c7801775c - - - - - -] Extension router-admin-state-down-before-update not supported by any of loaded plugins
2026-07-15 05:33:10.285 1 INFO neutron.api.extensions [None req-2d288f47-4b5d-4124-ae7e-2c1c7801775c - - - - - -] Loaded extension: agent
2026-07-15 05:33:10.285 1 INFO neutron.api.extensions [None req-2d288f47-4b5d-4124-ae7e-2c1c7801775c - - - - - -] Extension agent-resources-synced not supported by any of loaded plugins
2026-07-15 05:33:10.286 1 INFO neutron.api.extensions [None req-2d288f47-4b5d-4124-ae7e-2c1c7801775c - - - - - -] Loaded extension: allowed-address-pairs
2026-07-15 05:33:10.287 1 INFO neutron.api.extensions [None req-2d288f47-4b5d-4124-ae7e-2c1c7801775c - - - - - -] Loaded extension: auto-allocated-topology
2026-07-15 05:33:10.288 1 INFO neutron.api.extensions [None req-2d288f47-4b5d-4124-ae7e-2c1c7801775c - - - - - -] Loaded extension: availability_zone
2026-07-15 05:33:10.288 1 INFO neutron.api.extensions [None req-2d288f47-4b5d-4124-ae7e-2c1c7801775c - - - - - -] Extension availability_zone_filter not supported by any of loaded plugins
2026-07-15 05:33:10.289 1 INFO neutron.api.extensions [None req-2d288f47-4b5d-4124-ae7e-2c1c7801775c - - - - - -] Extension data-plane-status not supported by any of loaded plugins
2026-07-15 05:33:10.289 1 INFO neutron.api.extensions [None req-2d288f47-4b5d-4124-ae7e-2c1c7801775c - - - - - -] Loaded extension: default-subnetpools
2026-07-15 05:33:10.290 1 INFO neutron.api.extensions [None req-2d288f47-4b5d-4124-ae7e-2c1c7801775c - - - - - -] Loaded extension: dhcp_agent_scheduler
2026-07-15 05:33:10.291 1 INFO neutron.api.extensions [None req-2d288f47-4b5d-4124-ae7e-2c1c7801775c - - - - - -] Loaded extension: dns-integration
2026-07-15 05:33:10.291 1 INFO neutron.api.extensions [None req-2d288f47-4b5d-4124-ae7e-2c1c7801775c - - - - - -] Loaded extension: dns-domain-ports
2026-07-15 05:33:10.292 1 INFO neutron.api.extensions [None req-2d288f47-4b5d-4124-ae7e-2c1c7801775c - - - - - -] Loaded extension: dns-integration-domain-keywords
2026-07-15 05:33:10.292 1 INFO neutron.api.extensions [None req-2d288f47-4b5d-4124-ae7e-2c1c7801775c - - - - - -] Extension dvr not supported by any of loaded plugins
2026-07-15 05:33:10.293 1 INFO neutron.api.extensions [None req-2d288f47-4b5d-4124-ae7e-2c1c7801775c - - - - - -] Extension ecmp_routes not supported by any of loaded plugins
2026-07-15 05:33:10.293 1 INFO neutron.api.extensions [None req-2d288f47-4b5d-4124-ae7e-2c1c7801775c - - - - - -] Extension empty-string-filtering not supported by any of loaded plugins
2026-07-15 05:33:10.294 1 INFO neutron.api.extensions [None req-2d288f47-4b5d-4124-ae7e-2c1c7801775c - - - - - -] Extension expose-l3-conntrack-helper not supported by any of loaded plugins
2026-07-15 05:33:10.294 1 INFO neutron.api.extensions [None req-2d288f47-4b5d-4124-ae7e-2c1c7801775c - - - - - -] Extension expose-port-forwarding-in-fip not supported by any of loaded plugins
2026-07-15 05:33:10.295 1 INFO neutron.api.extensions [None req-2d288f47-4b5d-4124-ae7e-2c1c7801775c - - - - - -] Loaded extension: external-net
2026-07-15 05:33:10.295 1 INFO neutron.api.extensions [None req-2d288f47-4b5d-4124-ae7e-2c1c7801775c - - - - - -] Loaded extension: extra_dhcp_opt
2026-07-15 05:33:10.296 1 INFO neutron.api.extensions [None req-2d288f47-4b5d-4124-ae7e-2c1c7801775c - - - - - -] Loaded extension: extraroute
2026-07-15 05:33:10.296 1 INFO neutron.api.extensions [None req-2d288f47-4b5d-4124-ae7e-2c1c7801775c - - - - - -] Extension extraroute-atomic not supported by any of loaded plugins
2026-07-15 05:33:10.297 1 INFO neutron.api.extensions [None req-2d288f47-4b5d-4124-ae7e-2c1c7801775c - - - - - -] Loaded extension: filter-validation
2026-07-15 05:33:10.297 1 INFO neutron.api.extensions [None req-2d288f47-4b5d-4124-ae7e-2c1c7801775c - - - - - -] Extension floating-ip-port-forwarding-description not supported by any of loaded plugins
2026-07-15 05:33:10.298 1 INFO neutron.api.extensions [None req-2d288f47-4b5d-4124-ae7e-2c1c7801775c - - - - - -] Loaded extension: floating-ip-port-forwarding-detail
2026-07-15 05:33:10.298 1 INFO neutron.api.extensions [None req-2d288f47-4b5d-4124-ae7e-2c1c7801775c - - - - - -] Extension floating-ip-port-forwarding-port-ranges not supported by any of loaded plugins
2026-07-15 05:33:10.299 1 INFO neutron.api.extensions [None req-2d288f47-4b5d-4124-ae7e-2c1c7801775c - - - - - -] Loaded extension: fip-port-details
2026-07-15 05:33:10.299 1 INFO neutron.api.extensions [None req-2d288f47-4b5d-4124-ae7e-2c1c7801775c - - - - - -] Loaded extension: flavors
2026-07-15 05:33:10.300 1 INFO neutron.api.extensions [None req-2d288f47-4b5d-4124-ae7e-2c1c7801775c - - - - - -] Extension floating-ip-port-forwarding not supported by any of loaded plugins
2026-07-15 05:33:10.301 1 INFO neutron.api.extensions [None req-2d288f47-4b5d-4124-ae7e-2c1c7801775c - - - - - -] Loaded extension: floatingip-pools
2026-07-15 05:33:10.302 1 INFO neutron.api.extensions [None req-2d288f47-4b5d-4124-ae7e-2c1c7801775c - - - - - -] Loaded extension: ip_allocation
2026-07-15 05:33:10.302 1 INFO neutron.api.extensions [None req-2d288f47-4b5d-4124-ae7e-2c1c7801775c - - - - - -] Extension ip-substring-filtering not supported by any of loaded plugins
2026-07-15 05:33:10.302 1 INFO neutron.api.extensions [None req-2d288f47-4b5d-4124-ae7e-2c1c7801775c - - - - - -] Loaded extension: l2_adjacency
2026-07-15 05:33:10.303 1 INFO neutron.api.extensions [None req-2d288f47-4b5d-4124-ae7e-2c1c7801775c - - - - - -] Loaded extension: router
2026-07-15 05:33:10.305 1 INFO neutron.api.extensions [None req-2d288f47-4b5d-4124-ae7e-2c1c7801775c - - - - - -] Extension l3-conntrack-helper not supported by any of loaded plugins
2026-07-15 05:33:10.305 1 INFO neutron.api.extensions [None req-2d288f47-4b5d-4124-ae7e-2c1c7801775c - - - - - -] Loaded extension: ext-gw-mode
2026-07-15 05:33:10.306 1 INFO neutron.api.extensions [None req-2d288f47-4b5d-4124-ae7e-2c1c7801775c - - - - - -] Extension l3-ha not supported by any of loaded plugins
2026-07-15 05:33:10.306 1 INFO neutron.api.extensions [None req-2d288f47-4b5d-4124-ae7e-2c1c7801775c - - - - - -] Extension l3-ext-ndp-proxy not supported by any of loaded plugins
2026-07-15 05:33:10.307 1 INFO neutron.api.extensions [None req-2d288f47-4b5d-4124-ae7e-2c1c7801775c - - - - - -] Extension l3-flavors not supported by any of loaded plugins
2026-07-15 05:33:10.307 1 INFO neutron.api.extensions [None req-2d288f47-4b5d-4124-ae7e-2c1c7801775c - - - - - -] Extension l3-ndp-proxy not supported by any of loaded plugins
2026-07-15 05:33:10.308 1 INFO neutron.api.extensions [None req-2d288f47-4b5d-4124-ae7e-2c1c7801775c - - - - - -] Extension l3-port-ip-change-not-allowed not supported by any of loaded plugins
2026-07-15 05:33:10.309 1 INFO neutron.api.extensions [None req-2d288f47-4b5d-4124-ae7e-2c1c7801775c - - - - - -] Extension l3_agent_scheduler not supported by any of loaded plugins
2026-07-15 05:33:10.310 1 INFO neutron.api.extensions [None req-2d288f47-4b5d-4124-ae7e-2c1c7801775c - - - - - -] Extension local_ip not supported by any of loaded plugins
2026-07-15 05:33:10.311 1 INFO neutron.api.extensions [None req-2d288f47-4b5d-4124-ae7e-2c1c7801775c - - - - - -] Loaded extension: logging
2026-07-15 05:33:10.312 1 INFO neutron.api.extensions [None req-2d288f47-4b5d-4124-ae7e-2c1c7801775c - - - - - -] Extension metering not supported by any of loaded plugins
2026-07-15 05:33:10.313 1 INFO neutron.api.extensions [None req-2d288f47-4b5d-4124-ae7e-2c1c7801775c - - - - - -] Extension metering_source_and_destination_fields not supported by any of loaded plugins
2026-07-15 05:33:10.313 1 INFO neutron.api.extensions [None req-2d288f47-4b5d-4124-ae7e-2c1c7801775c - - - - - -] Loaded extension: multi-provider
2026-07-15 05:33:10.314 1 INFO neutron.api.extensions [None req-2d288f47-4b5d-4124-ae7e-2c1c7801775c - - - - - -] Loaded extension: net-mtu
2026-07-15 05:33:10.314 1 INFO neutron.api.extensions [None req-2d288f47-4b5d-4124-ae7e-2c1c7801775c - - - - - -] Loaded extension: net-mtu-writable
2026-07-15 05:33:10.315 1 INFO neutron.api.extensions [None req-2d288f47-4b5d-4124-ae7e-2c1c7801775c - - - - - -] Loaded extension: network_availability_zone
2026-07-15 05:33:10.315 1 INFO neutron.api.extensions [None req-2d288f47-4b5d-4124-ae7e-2c1c7801775c - - - - - -] Loaded extension: network-ip-availability
2026-07-15 05:33:10.316 1 INFO neutron.api.extensions [None req-2d288f47-4b5d-4124-ae7e-2c1c7801775c - - - - - -] Extension network-segment-range not supported by any of loaded plugins
2026-07-15 05:33:10.317 1 INFO neutron.api.extensions [None req-2d288f47-4b5d-4124-ae7e-2c1c7801775c - - - - - -] Loaded extension: pagination
2026-07-15 05:33:10.317 1 INFO neutron.api.extensions [None req-2d288f47-4b5d-4124-ae7e-2c1c7801775c - - - - - -] Loaded extension: port-device-profile
2026-07-15 05:33:10.318 1 INFO neutron.api.extensions [None req-2d288f47-4b5d-4124-ae7e-2c1c7801775c - - - - - -] Extension port-mac-override not supported by any of loaded plugins
2026-07-15 05:33:10.318 1 INFO neutron.api.extensions [None req-2d288f47-4b5d-4124-ae7e-2c1c7801775c - - - - - -] Loaded extension: port-mac-address-regenerate
2026-07-15 05:33:10.319 1 INFO neutron.api.extensions [None req-2d288f47-4b5d-4124-ae7e-2c1c7801775c - - - - - -] Loaded extension: port-numa-affinity-policy
2026-07-15 05:33:10.319 1 INFO neutron.api.extensions [None req-2d288f47-4b5d-4124-ae7e-2c1c7801775c - - - - - -] Loaded extension: port-resource-request
2026-07-15 05:33:10.320 1 INFO neutron.api.extensions [None req-2d288f47-4b5d-4124-ae7e-2c1c7801775c - - - - - -] Loaded extension: port-resource-request-groups
2026-07-15 05:33:10.320 1 INFO neutron.api.extensions [None req-2d288f47-4b5d-4124-ae7e-2c1c7801775c - - - - - -] Loaded extension: binding
2026-07-15 05:33:10.321 1 INFO neutron.api.extensions [None req-2d288f47-4b5d-4124-ae7e-2c1c7801775c - - - - - -] Loaded extension: binding-extended
2026-07-15 05:33:10.321 1 INFO neutron.api.extensions [None req-2d288f47-4b5d-4124-ae7e-2c1c7801775c - - - - - -] Loaded extension: port-security
2026-07-15 05:33:10.322 1 INFO neutron.api.extensions [None req-2d288f47-4b5d-4124-ae7e-2c1c7801775c - - - - - -] Loaded extension: project-id
2026-07-15 05:33:10.322 1 INFO neutron.api.extensions [None req-2d288f47-4b5d-4124-ae7e-2c1c7801775c - - - - - -] Loaded extension: provider
2026-07-15 05:33:10.323 1 INFO neutron.api.extensions [None req-2d288f47-4b5d-4124-ae7e-2c1c7801775c - - - - - -] Loaded extension: qos
2026-07-15 05:33:10.324 1 INFO neutron.api.extensions [None req-2d288f47-4b5d-4124-ae7e-2c1c7801775c - - - - - -] Loaded extension: qos-bw-limit-direction
2026-07-15 05:33:10.325 1 INFO neutron.api.extensions [None req-2d288f47-4b5d-4124-ae7e-2c1c7801775c - - - - - -] Loaded extension: qos-bw-minimum-ingress
2026-07-15 05:33:10.325 1 INFO neutron.api.extensions [None req-2d288f47-4b5d-4124-ae7e-2c1c7801775c - - - - - -] Loaded extension: qos-default
2026-07-15 05:33:10.326 1 INFO neutron.api.extensions [None req-2d288f47-4b5d-4124-ae7e-2c1c7801775c - - - - - -] Loaded extension: qos-fip
2026-07-15 05:33:10.326 1 INFO neutron.api.extensions [None req-2d288f47-4b5d-4124-ae7e-2c1c7801775c - - - - - -] Extension qos-fip-network-policy not supported by any of loaded plugins
2026-07-15 05:33:10.327 1 INFO neutron.api.extensions [None req-2d288f47-4b5d-4124-ae7e-2c1c7801775c - - - - - -] Loaded extension: qos-gateway-ip
2026-07-15 05:33:10.327 1 INFO neutron.api.extensions [None req-2d288f47-4b5d-4124-ae7e-2c1c7801775c - - - - - -] Loaded extension: qos-port-network-policy
2026-07-15 05:33:10.328 1 INFO neutron.api.extensions [None req-2d288f47-4b5d-4124-ae7e-2c1c7801775c - - - - - -] Loaded extension: qos-pps-minimum
2026-07-15 05:33:10.328 1 INFO neutron.api.extensions [None req-2d288f47-4b5d-4124-ae7e-2c1c7801775c - - - - - -] Loaded extension: qos-pps-minimum-rule-alias
2026-07-15 05:33:10.329 1 INFO neutron.api.extensions [None req-2d288f47-4b5d-4124-ae7e-2c1c7801775c - - - - - -] Loaded extension: qos-pps
2026-07-15 05:33:10.329 1 INFO neutron.api.extensions [None req-2d288f47-4b5d-4124-ae7e-2c1c7801775c - - - - - -] Loaded extension: qos-rule-type-details
2026-07-15 05:33:10.330 1 INFO neutron.api.extensions [None req-2d288f47-4b5d-4124-ae7e-2c1c7801775c - - - - - -] Loaded extension: qos-rule-type-filter
2026-07-15 05:33:10.330 1 INFO neutron.api.extensions [None req-2d288f47-4b5d-4124-ae7e-2c1c7801775c - - - - - -] Loaded extension: qos-rules-alias
2026-07-15 05:33:10.331 1 INFO neutron.api.extensions [None req-2d288f47-4b5d-4124-ae7e-2c1c7801775c - - - - - -] Loaded extension: quota-check-limit
2026-07-15 05:33:10.332 1 INFO neutron.api.extensions [None req-2d288f47-4b5d-4124-ae7e-2c1c7801775c - - - - - -] Loaded extension: quotas
2026-07-15 05:33:10.333 1 INFO neutron.api.extensions [None req-2d288f47-4b5d-4124-ae7e-2c1c7801775c - - - - - -] Loaded extension: quota_details
2026-07-15 05:33:10.334 1 INFO neutron.api.extensions [None req-2d288f47-4b5d-4124-ae7e-2c1c7801775c - - - - - -] Loaded extension: rbac-policies
2026-07-15 05:33:10.335 1 INFO neutron.api.extensions [None req-2d288f47-4b5d-4124-ae7e-2c1c7801775c - - - - - -] Extension rbac-address-group not supported by any of loaded plugins
2026-07-15 05:33:10.335 1 INFO neutron.api.extensions [None req-2d288f47-4b5d-4124-ae7e-2c1c7801775c - - - - - -] Loaded extension: rbac-address-scope
2026-07-15 05:33:10.336 1 INFO neutron.api.extensions [None req-2d288f47-4b5d-4124-ae7e-2c1c7801775c - - - - - -] Loaded extension: rbac-security-groups
2026-07-15 05:33:10.336 1 INFO neutron.api.extensions [None req-2d288f47-4b5d-4124-ae7e-2c1c7801775c - - - - - -] Extension rbac-subnetpool not supported by any of loaded plugins
2026-07-15 05:33:10.337 1 INFO neutron.api.extensions [None req-2d288f47-4b5d-4124-ae7e-2c1c7801775c - - - - - -] Loaded extension: revision-if-match
2026-07-15 05:33:10.338 1 INFO neutron.api.extensions [None req-2d288f47-4b5d-4124-ae7e-2c1c7801775c - - - - - -] Loaded extension: standard-attr-revisions
2026-07-15 05:33:10.338 1 INFO neutron.api.extensions [None req-2d288f47-4b5d-4124-ae7e-2c1c7801775c - - - - - -] Loaded extension: router_availability_zone
2026-07-15 05:33:10.339 1 INFO neutron.api.extensions [None req-2d288f47-4b5d-4124-ae7e-2c1c7801775c - - - - - -] Extension router-service-type not supported by any of loaded plugins
2026-07-15 05:33:10.339 1 INFO neutron.api.extensions [None req-2d288f47-4b5d-4124-ae7e-2c1c7801775c - - - - - -] Loaded extension: security-groups-normalized-cidr
2026-07-15 05:33:10.340 1 INFO neutron.api.extensions [None req-2d288f47-4b5d-4124-ae7e-2c1c7801775c - - - - - -] Extension port-security-groups-filtering not supported by any of loaded plugins
2026-07-15 05:33:10.340 1 INFO neutron.api.extensions [None req-2d288f47-4b5d-4124-ae7e-2c1c7801775c - - - - - -] Loaded extension: security-groups-remote-address-group
2026-07-15 05:33:10.341 1 INFO neutron.api.extensions [None req-2d288f47-4b5d-4124-ae7e-2c1c7801775c - - - - - -] Loaded extension: security-groups-shared-filtering
2026-07-15 05:33:10.347 1 INFO neutron.api.extensions [None req-2d288f47-4b5d-4124-ae7e-2c1c7801775c - - - - - -] Loaded extension: security-group
2026-07-15 05:33:10.347 1 INFO neutron.api.extensions [None req-2d288f47-4b5d-4124-ae7e-2c1c7801775c - - - - - -] Loaded extension: segment
2026-07-15 05:33:10.348 1 INFO neutron.api.extensions [None req-2d288f47-4b5d-4124-ae7e-2c1c7801775c - - - - - -] Loaded extension: segments-peer-subnet-host-routes
2026-07-15 05:33:10.348 1 INFO neutron.api.extensions [None req-2d288f47-4b5d-4124-ae7e-2c1c7801775c - - - - - -] Loaded extension: service-type
2026-07-15 05:33:10.349 1 INFO neutron.api.extensions [None req-2d288f47-4b5d-4124-ae7e-2c1c7801775c - - - - - -] Loaded extension: sorting
2026-07-15 05:33:10.349 1 INFO neutron.api.extensions [None req-2d288f47-4b5d-4124-ae7e-2c1c7801775c - - - - - -] Loaded extension: standard-attr-segment
2026-07-15 05:33:10.350 1 INFO neutron.api.extensions [None req-2d288f47-4b5d-4124-ae7e-2c1c7801775c - - - - - -] Loaded extension: standard-attr-description
2026-07-15 05:33:10.351 1 INFO neutron.api.extensions [None req-2d288f47-4b5d-4124-ae7e-2c1c7801775c - - - - - -] Loaded extension: stateful-security-group
2026-07-15 05:33:10.351 1 WARNING neutron.api.extensions [None req-2d288f47-4b5d-4124-ae7e-2c1c7801775c - - - - - -] Did not find expected name "Stdattrs_common" in /var/lib/openstack/lib/python3.10/site-packages/neutron/extensions/stdattrs_common.py
2026-07-15 05:33:10.351 1 INFO neutron.api.extensions [None req-2d288f47-4b5d-4124-ae7e-2c1c7801775c - - - - - -] Loaded extension: subnet-dns-publish-fixed-ip
2026-07-15 05:33:10.352 1 INFO neutron.api.extensions [None req-2d288f47-4b5d-4124-ae7e-2c1c7801775c - - - - - -] Extension subnet_onboard not supported by any of loaded plugins
2026-07-15 05:33:10.352 1 INFO neutron.api.extensions [None req-2d288f47-4b5d-4124-ae7e-2c1c7801775c - - - - - -] Loaded extension: subnet-segmentid-writable
2026-07-15 05:33:10.353 1 INFO neutron.api.extensions [None req-2d288f47-4b5d-4124-ae7e-2c1c7801775c - - - - - -] Loaded extension: subnet-service-types
2026-07-15 05:33:10.354 1 INFO neutron.api.extensions [None req-2d288f47-4b5d-4124-ae7e-2c1c7801775c - - - - - -] Loaded extension: subnet_allocation
2026-07-15 05:33:10.354 1 INFO neutron.api.extensions [None req-2d288f47-4b5d-4124-ae7e-2c1c7801775c - - - - - -] Loaded extension: subnetpool-prefix-ops
2026-07-15 05:33:10.355 1 INFO neutron.api.extensions [None req-2d288f47-4b5d-4124-ae7e-2c1c7801775c - - - - - -] Extension tag-ports-during-bulk-creation not supported by any of loaded plugins
2026-07-15 05:33:10.357 1 INFO neutron.api.extensions [None req-2d288f47-4b5d-4124-ae7e-2c1c7801775c - - - - - -] Loaded extension: standard-attr-tag
2026-07-15 05:33:10.357 1 INFO neutron.api.extensions [None req-2d288f47-4b5d-4124-ae7e-2c1c7801775c - - - - - -] Loaded extension: standard-attr-timestamp
2026-07-15 05:33:10.358 1 INFO neutron.api.extensions [None req-2d288f47-4b5d-4124-ae7e-2c1c7801775c - - - - - -] Loaded extension: trunk
2026-07-15 05:33:10.358 1 INFO neutron.api.extensions [None req-2d288f47-4b5d-4124-ae7e-2c1c7801775c - - - - - -] Loaded extension: trunk-details
2026-07-15 05:33:10.359 1 INFO neutron.api.extensions [None req-2d288f47-4b5d-4124-ae7e-2c1c7801775c - - - - - -] Extension uplink-status-propagation not supported by any of loaded plugins
2026-07-15 05:33:10.359 1 INFO neutron.api.extensions [None req-2d288f47-4b5d-4124-ae7e-2c1c7801775c - - - - - -] Extension vlan-transparent not supported by any of loaded plugins
2026-07-15 05:33:10.361 1 INFO neutron.quota.resource_registry [None req-2d288f47-4b5d-4124-ae7e-2c1c7801775c - - - - - -] Creating instance of TrackedResource for resource:network
2026-07-15 05:33:10.361 1 INFO neutron.quota.resource_registry [None req-2d288f47-4b5d-4124-ae7e-2c1c7801775c - - - - - -] Creating instance of TrackedResource for resource:subnet
2026-07-15 05:33:10.361 1 INFO neutron.quota.resource_registry [None req-2d288f47-4b5d-4124-ae7e-2c1c7801775c - - - - - -] Creating instance of TrackedResource for resource:subnetpool
2026-07-15 05:33:10.362 1 INFO neutron.quota.resource_registry [None req-2d288f47-4b5d-4124-ae7e-2c1c7801775c - - - - - -] Creating instance of TrackedResource for resource:port
2026-07-15 05:33:10.362 1 INFO neutron.quota.resource_registry [None req-2d288f47-4b5d-4124-ae7e-2c1c7801775c - - - - - -] Creating instance of TrackedResource for resource:router
2026-07-15 05:33:10.363 1 INFO neutron.quota.resource_registry [None req-2d288f47-4b5d-4124-ae7e-2c1c7801775c - - - - - -] Creating instance of TrackedResource for resource:floatingip
2026-07-15 05:33:10.364 1 INFO neutron.quota.resource_registry [None req-2d288f47-4b5d-4124-ae7e-2c1c7801775c - - - - - -] Creating instance of CountableResource for resource:rbac_policy
2026-07-15 05:33:10.364 1 INFO neutron.quota.resource_registry [None req-2d288f47-4b5d-4124-ae7e-2c1c7801775c - - - - - -] Creating instance of TrackedResource for resource:security_group
2026-07-15 05:33:10.365 1 INFO neutron.quota.resource_registry [None req-2d288f47-4b5d-4124-ae7e-2c1c7801775c - - - - - -] Creating instance of TrackedResource for resource:security_group_rule
2026-07-15 05:33:10.365 1 INFO neutron.quota.resource_registry [None req-2d288f47-4b5d-4124-ae7e-2c1c7801775c - - - - - -] Creating instance of TrackedResource for resource:subnetpool
2026-07-15 05:33:10.365 1 WARNING neutron.quota.resource_registry [None req-2d288f47-4b5d-4124-ae7e-2c1c7801775c - - - - - -] subnetpool is already registered
2026-07-15 05:33:10.365 1 INFO neutron.quota.resource_registry [None req-2d288f47-4b5d-4124-ae7e-2c1c7801775c - - - - - -] Creating instance of CountableResource for resource:trunk
2026-07-15 05:33:10.368 1 INFO neutron.quota.resource_registry [None req-2d288f47-4b5d-4124-ae7e-2c1c7801775c - - - - - -] Creating instance of TrackedResource for resource:router
2026-07-15 05:33:10.368 1 WARNING neutron.quota.resource_registry [None req-2d288f47-4b5d-4124-ae7e-2c1c7801775c - - - - - -] router is already registered
2026-07-15 05:33:10.368 1 INFO neutron.quota.resource_registry [None req-2d288f47-4b5d-4124-ae7e-2c1c7801775c - - - - - -] Creating instance of TrackedResource for resource:floatingip
2026-07-15 05:33:10.368 1 WARNING neutron.quota.resource_registry [None req-2d288f47-4b5d-4124-ae7e-2c1c7801775c - - - - - -] floatingip is already registered
2026-07-15 05:33:10.369 1 INFO neutron.quota.resource_registry [None req-2d288f47-4b5d-4124-ae7e-2c1c7801775c - - - - - -] Creating instance of CountableResource for resource:rbac_policy
2026-07-15 05:33:10.369 1 WARNING neutron.quota.resource_registry [None req-2d288f47-4b5d-4124-ae7e-2c1c7801775c - - - - - -] rbac_policy is already registered
2026-07-15 05:33:10.370 1 INFO neutron.quota.resource_registry [None req-2d288f47-4b5d-4124-ae7e-2c1c7801775c - - - - - -] Creating instance of TrackedResource for resource:security_group
2026-07-15 05:33:10.370 1 WARNING neutron.quota.resource_registry [None req-2d288f47-4b5d-4124-ae7e-2c1c7801775c - - - - - -] security_group is already registered
2026-07-15 05:33:10.370 1 INFO neutron.quota.resource_registry [None req-2d288f47-4b5d-4124-ae7e-2c1c7801775c - - - - - -] Creating instance of TrackedResource for resource:security_group_rule
2026-07-15 05:33:10.370 1 WARNING neutron.quota.resource_registry [None req-2d288f47-4b5d-4124-ae7e-2c1c7801775c - - - - - -] security_group_rule is already registered
2026-07-15 05:33:10.370 1 INFO neutron.quota.resource_registry [None req-2d288f47-4b5d-4124-ae7e-2c1c7801775c - - - - - -] Creating instance of TrackedResource for resource:subnetpool
2026-07-15 05:33:10.370 1 WARNING neutron.quota.resource_registry [None req-2d288f47-4b5d-4124-ae7e-2c1c7801775c - - - - - -] subnetpool is already registered
2026-07-15 05:33:10.370 1 INFO neutron.quota.resource_registry [None req-2d288f47-4b5d-4124-ae7e-2c1c7801775c - - - - - -] Creating instance of CountableResource for resource:trunk
2026-07-15 05:33:10.371 1 WARNING neutron.quota.resource_registry [None req-2d288f47-4b5d-4124-ae7e-2c1c7801775c - - - - - -] trunk is already registered
2026-07-15 05:33:10.396 1 WARNING keystonemiddleware._common.config [None req-2d288f47-4b5d-4124-ae7e-2c1c7801775c - - - - - -] The option "audit_map_file" is not known to keystonemiddleware
2026-07-15 05:33:10.402 1 WARNING oslo_config.cfg [None req-2d288f47-4b5d-4124-ae7e-2c1c7801775c - - - - - -] Deprecated: Option "auth_uri" from group "keystone_authtoken" is deprecated. Use option "www_authenticate_uri" from group "keystone_authtoken".
2026-07-15 05:33:10.405 1 INFO oslo_service.service [None req-2d288f47-4b5d-4124-ae7e-2c1c7801775c - - - - - -] Starting 2 workers
2026-07-15 05:33:10.409 1 INFO neutron.service [None req-2d288f47-4b5d-4124-ae7e-2c1c7801775c - - - - - -] Neutron service started, listening on 0.0.0.0:9696
2026-07-15 05:33:10.424 1 INFO oslo_service.service [None req-2d288f47-4b5d-4124-ae7e-2c1c7801775c - - - - - -] Starting 2 workers
2026-07-15 05:33:10.430 1 INFO oslo_service.service [None req-2d288f47-4b5d-4124-ae7e-2c1c7801775c - - - - - -] Starting 1 workers
2026-07-15 05:33:10.433 12 INFO neutron.plugins.ml2.drivers.ovn.mech_driver.ovsdb.impl_idl_ovn [-] Getting OvsdbNbOvnIdl for RpcWorker with retry
2026-07-15 05:33:10.434 9 INFO neutron.db.ovn_hash_ring_db [None req-199c18f4-c996-48b6-8ceb-d8eefa81412c - - - - - -] Nodes from host "neutron-server-7c4cd8db65-9s9rw" and group "mechanism_driver" removed from the Hash Ring
2026-07-15 05:33:10.436 1 INFO oslo_service.service [None req-2d288f47-4b5d-4124-ae7e-2c1c7801775c - - - - - -] Starting 1 workers
2026-07-15 05:33:10.438 13 INFO neutron.plugins.ml2.drivers.ovn.mech_driver.ovsdb.impl_idl_ovn [-] Getting OvsdbNbOvnIdl for RpcWorker with retry
2026-07-15 05:33:10.441 1 INFO oslo_service.service [None req-2d288f47-4b5d-4124-ae7e-2c1c7801775c - - - - - -] Starting 1 workers
2026-07-15 05:33:10.443 9 INFO neutron.db.ovn_hash_ring_db [None req-199c18f4-c996-48b6-8ceb-d8eefa81412c - - - - - -] Node 257141e6-ccef-4e34-8a1c-b604b04c71cc from host "neutron-server-7c4cd8db65-9s9rw" and group "mechanism_driver" added to the Hash Ring
2026-07-15 05:33:10.444 9 INFO neutron.plugins.ml2.drivers.ovn.mech_driver.mech_driver [None req-199c18f4-c996-48b6-8ceb-d8eefa81412c - - - - - -] Hash Ring probing thread has started
2026-07-15 05:33:10.446 9 INFO neutron.plugins.ml2.drivers.ovn.mech_driver.ovsdb.impl_idl_ovn [None req-199c18f4-c996-48b6-8ceb-d8eefa81412c - - - - - -] Getting OvsdbNbOvnIdl for WorkerService with retry
2026-07-15 05:33:10.448 15 INFO neutron.plugins.ml2.drivers.ovn.mech_driver.ovsdb.impl_idl_ovn [-] Getting OvsdbNbOvnIdl for MaintenanceWorker with retry
2026-07-15 05:33:10.453 1 WARNING oslo_config.cfg [-] Deprecated: Option "auth_uri" from group "keystone_authtoken" is deprecated for removal (The auth_uri option is deprecated in favor of www_authenticate_uri and will be removed in the S release.). Its value may be silently ignored in the future.
2026-07-15 05:33:10.472 10 INFO neutron.db.ovn_hash_ring_db [None req-aa22e71d-0355-4782-9903-cb8dc87ede30 - - - - - -] Node 9565e44e-ab2a-48a5-8dcb-8bb9c5a38f85 from host "neutron-server-7c4cd8db65-9s9rw" and group "mechanism_driver" added to the Hash Ring
2026-07-15 05:33:10.473 13 INFO ovsdbapp.backend.ovs_idl.vlog [None req-c25d2e65-8203-49f3-b724-885641d81365 - - - - - -] tcp:10.107.109.203:6641: connecting...
2026-07-15 05:33:10.474 13 INFO ovsdbapp.backend.ovs_idl.vlog [None req-c25d2e65-8203-49f3-b724-885641d81365 - - - - - -] tcp:10.107.109.203:6641: connected
2026-07-15 05:33:10.474 10 INFO neutron.plugins.ml2.drivers.ovn.mech_driver.ovsdb.impl_idl_ovn [None req-aa22e71d-0355-4782-9903-cb8dc87ede30 - - - - - -] Getting OvsdbNbOvnIdl for WorkerService with retry
2026-07-15 05:33:10.477 12 INFO ovsdbapp.backend.ovs_idl.vlog [None req-c99cbe23-fb34-4fc9-918f-1f2f8e6d46a2 - - - - - -] tcp:10.107.109.203:6641: connecting...
2026-07-15 05:33:10.477 12 INFO ovsdbapp.backend.ovs_idl.vlog [None req-c99cbe23-fb34-4fc9-918f-1f2f8e6d46a2 - - - - - -] tcp:10.107.109.203:6641: connected
2026-07-15 05:33:10.478 9 INFO ovsdbapp.backend.ovs_idl.vlog [None req-199c18f4-c996-48b6-8ceb-d8eefa81412c - - - - - -] tcp:10.107.109.203:6641: connecting...
2026-07-15 05:33:10.478 9 INFO ovsdbapp.backend.ovs_idl.vlog [None req-199c18f4-c996-48b6-8ceb-d8eefa81412c - - - - - -] tcp:10.107.109.203:6641: connected
2026-07-15 05:33:10.481 15 INFO ovsdbapp.backend.ovs_idl.vlog [-] tcp:10.107.109.203:6641: connecting...
2026-07-15 05:33:10.481 15 INFO ovsdbapp.backend.ovs_idl.vlog [-] tcp:10.107.109.203:6641: connected
2026-07-15 05:33:10.510 10 INFO ovsdbapp.backend.ovs_idl.vlog [None req-aa22e71d-0355-4782-9903-cb8dc87ede30 - - - - - -] tcp:10.107.109.203:6641: connecting...
2026-07-15 05:33:10.511 10 INFO ovsdbapp.backend.ovs_idl.vlog [None req-aa22e71d-0355-4782-9903-cb8dc87ede30 - - - - - -] tcp:10.107.109.203:6641: connected
2026-07-15 05:33:10.511 15 INFO neutron.plugins.ml2.drivers.ovn.mech_driver.ovsdb.impl_idl_ovn [-] Getting OvsdbSbOvnIdl for MaintenanceWorker with retry
2026-07-15 05:33:10.517 15 INFO ovsdbapp.backend.ovs_idl.vlog [-] tcp:10.99.33.42:6642: connecting...
2026-07-15 05:33:10.517 15 INFO ovsdbapp.backend.ovs_idl.vlog [-] tcp:10.99.33.42:6642: connected
2026-07-15 05:33:10.529 13 INFO neutron.plugins.ml2.drivers.ovn.mech_driver.ovsdb.impl_idl_ovn [None req-c25d2e65-8203-49f3-b724-885641d81365 - - - - - -] Getting OvsdbSbOvnIdl for RpcWorker with retry
2026-07-15 05:33:10.534 9 INFO neutron.plugins.ml2.drivers.ovn.mech_driver.ovsdb.impl_idl_ovn [None req-199c18f4-c996-48b6-8ceb-d8eefa81412c - - - - - -] Getting OvsdbSbOvnIdl for WorkerService with retry
2026-07-15 05:33:10.535 13 INFO ovsdbapp.backend.ovs_idl.vlog [None req-c25d2e65-8203-49f3-b724-885641d81365 - - - - - -] tcp:10.99.33.42:6642: connecting...
2026-07-15 05:33:10.535 13 INFO ovsdbapp.backend.ovs_idl.vlog [None req-c25d2e65-8203-49f3-b724-885641d81365 - - - - - -] tcp:10.99.33.42:6642: connected
2026-07-15 05:33:10.536 12 INFO neutron.plugins.ml2.drivers.ovn.mech_driver.ovsdb.impl_idl_ovn [None req-c99cbe23-fb34-4fc9-918f-1f2f8e6d46a2 - - - - - -] Getting OvsdbSbOvnIdl for RpcWorker with retry
2026-07-15 05:33:10.543 12 INFO ovsdbapp.backend.ovs_idl.vlog [None req-c99cbe23-fb34-4fc9-918f-1f2f8e6d46a2 - - - - - -] tcp:10.99.33.42:6642: connecting...
2026-07-15 05:33:10.543 12 INFO ovsdbapp.backend.ovs_idl.vlog [None req-c99cbe23-fb34-4fc9-918f-1f2f8e6d46a2 - - - - - -] tcp:10.99.33.42:6642: connected
2026-07-15 05:33:10.544 9 INFO ovsdbapp.backend.ovs_idl.vlog [None req-199c18f4-c996-48b6-8ceb-d8eefa81412c - - - - - -] tcp:10.99.33.42:6642: connecting...
2026-07-15 05:33:10.544 9 INFO ovsdbapp.backend.ovs_idl.vlog [None req-199c18f4-c996-48b6-8ceb-d8eefa81412c - - - - - -] tcp:10.99.33.42:6642: connected
2026-07-15 05:33:10.552 15 INFO neutron.plugins.ml2.drivers.ovn.mech_driver.ovsdb.extensions.qos [-] Starting OVNClientQosExtension
2026-07-15 05:33:10.552 15 INFO neutron.plugins.ml2.drivers.ovn.mech_driver.ovsdb.extensions.placement [-] Starting OVNClientPlacementExtension
2026-07-15 05:33:10.553 15 INFO neutron.plugins.ml2.drivers.ovn.mech_driver.ovsdb.extensions.qos [-] Starting OVNClientQosExtension
2026-07-15 05:33:10.558 15 INFO neutron.plugins.ml2.drivers.ovn.mech_driver.mech_driver [-] Maintenance task thread has started
2026-07-15 05:33:10.565 10 INFO neutron.plugins.ml2.drivers.ovn.mech_driver.ovsdb.impl_idl_ovn [None req-aa22e71d-0355-4782-9903-cb8dc87ede30 - - - - - -] Getting OvsdbSbOvnIdl for WorkerService with retry
2026-07-15 05:33:10.575 10 INFO ovsdbapp.backend.ovs_idl.vlog [None req-aa22e71d-0355-4782-9903-cb8dc87ede30 - - - - - -] tcp:10.99.33.42:6642: connecting...
2026-07-15 05:33:10.575 10 INFO ovsdbapp.backend.ovs_idl.vlog [None req-aa22e71d-0355-4782-9903-cb8dc87ede30 - - - - - -] tcp:10.99.33.42:6642: connected
2026-07-15 05:33:10.597 9 INFO neutron.wsgi [-] (9) wsgi starting up on http://0.0.0.0:9696
2026-07-15 05:33:10.633 10 INFO neutron.wsgi [-] (10) wsgi starting up on http://0.0.0.0:9696
2026-07-15 05:33:10.704 15 INFO neutron.db.ovn_hash_ring_db [None req-31b54ac8-b7cc-4726-8c8c-32ef9ff4d255 - - - - - -] Cleaned up Hash Ring nodes older than 5 days
2026-07-15 05:33:10.736 15 INFO neutron.plugins.ml2.drivers.ovn.mech_driver.ovsdb.extensions.qos [None req-31b54ac8-b7cc-4726-8c8c-32ef9ff4d255 - - - - - -] Starting OVNClientQosExtension
2026-07-15 05:33:12.440 9 INFO neutron.wsgi [-] 10.0.0.223 "GET / HTTP/1.1" status: 200 len: 247 time: 0.0044539 /var/lib/openstack/lib/python3.10/site-packages/memcache.py:1303: SyntaxWarning: "is" with a literal. Did you mean "=="? if key is '': /var/lib/openstack/lib/python3.10/site-packages/memcache.py:1304: SyntaxWarning: "is" with a literal. Did you mean "=="? if key_extra_len is 0: /var/lib/openstack/lib/python3.10/site-packages/pycadf/identifier.py:71: UserWarning: Invalid uuid: unknown. To ensure interoperability, identifiers should be a valid uuid. warnings.warn(('Invalid uuid: %s. To ensure interoperability, '
2026-07-15 05:33:14.658 9 WARNING oslo_policy.policy [None req-f786ccba-2b33-4b24-a9fa-ece5e0118613 bc890da7b1e045df99b7fb40a936d507 524d02558d484f44874de52b6ff81980 - - default default] Policies ['delete_port', 'update_port:allowed_address_pairs', 'update_port:allowed_address_pairs:ip_address', 'update_port:allowed_address_pairs:mac_address', 'update_port:fixed_ips', 'update_port:mac_address'] reference a rule that is not defined.
2026-07-15 05:33:14.900 9 INFO neutron.wsgi [None req-f786ccba-2b33-4b24-a9fa-ece5e0118613 bc890da7b1e045df99b7fb40a936d507 524d02558d484f44874de52b6ff81980 - - default default] 199.19.213.21,10.0.0.223 "GET /v2.0/networks HTTP/1.1" status: 200 len: 189 time: 0.7231631
2026-07-15 05:33:15.012 9 INFO neutron.plugins.ml2.drivers.ovn.mech_driver.ovsdb.extensions.qos [None req-612e5462-e820-4918-8dca-70fb739cfde5 bc890da7b1e045df99b7fb40a936d507 524d02558d484f44874de52b6ff81980 - - - -] Starting OVNClientQosExtension
2026-07-15 05:33:15.013 9 INFO neutron.plugins.ml2.drivers.ovn.mech_driver.ovsdb.extensions.placement [None req-612e5462-e820-4918-8dca-70fb739cfde5 bc890da7b1e045df99b7fb40a936d507 524d02558d484f44874de52b6ff81980 - - - -] Starting OVNClientPlacementExtension
2026-07-15 05:33:15.038 9 INFO neutron.db.ovn_revision_numbers_db [None req-612e5462-e820-4918-8dca-70fb739cfde5 bc890da7b1e045df99b7fb40a936d507 524d02558d484f44874de52b6ff81980 - - - -] Successfully bumped revision number for resource 8754f737-324e-45c3-b168-f5a8c4c8bf8a (type: security_groups) to 1
2026-07-15 05:33:15.056 9 WARNING neutron.services.revisions.revision_plugin [None req-612e5462-e820-4918-8dca-70fb739cfde5 bc890da7b1e045df99b7fb40a936d507 524d02558d484f44874de52b6ff81980 - - - -] Could not find related network for resource to bump revision.
2026-07-15 05:33:15.105 9 INFO neutron.db.segments_db [None req-612e5462-e820-4918-8dca-70fb739cfde5 bc890da7b1e045df99b7fb40a936d507 524d02558d484f44874de52b6ff81980 - - - -] Added segment f6665e32-2bdb-41a9-a8a4-e11f251a18b3 of type flat for network b3058ac8-f6ab-4ab6-923b-56edb0747af6
2026-07-15 05:33:15.286 9 INFO neutron.db.ovn_revision_numbers_db [None req-612e5462-e820-4918-8dca-70fb739cfde5 bc890da7b1e045df99b7fb40a936d507 524d02558d484f44874de52b6ff81980 - - - -] Successfully bumped revision number for resource b3058ac8-f6ab-4ab6-923b-56edb0747af6 (type: networks) to 1
2026-07-15 05:33:15.549 9 WARNING neutron.scheduler.dhcp_agent_scheduler [None req-612e5462-e820-4918-8dca-70fb739cfde5 bc890da7b1e045df99b7fb40a936d507 524d02558d484f44874de52b6ff81980 - - - -] No more DHCP agents
2026-07-15 05:33:15.551 9 WARNING neutron.api.rpc.agentnotifiers.dhcp_rpc_agent_api [None req-612e5462-e820-4918-8dca-70fb739cfde5 bc890da7b1e045df99b7fb40a936d507 524d02558d484f44874de52b6ff81980 - - - -] Unable to schedule network b3058ac8-f6ab-4ab6-923b-56edb0747af6: no agents available; will retry on subsequent port and subnet creation events.
2026-07-15 05:33:15.631 9 INFO neutron.db.ovn_revision_numbers_db [None req-612e5462-e820-4918-8dca-70fb739cfde5 bc890da7b1e045df99b7fb40a936d507 524d02558d484f44874de52b6ff81980 - - - -] Successfully bumped revision number for resource 580b8ab3-7c92-41f2-bfe1-973c7d49229a (type: ports) to 1
2026-07-15 05:33:15.654 9 INFO neutron.wsgi [None req-612e5462-e820-4918-8dca-70fb739cfde5 bc890da7b1e045df99b7fb40a936d507 524d02558d484f44874de52b6ff81980 - - - -] 199.19.213.21,10.0.0.223 "POST /v2.0/networks HTTP/1.1" status: 201 len: 886 time: 0.7507510
2026-07-15 05:33:16.697 9 INFO neutron.wsgi [None req-936f7913-425e-4033-b6fd-08cb8155f0b8 bc890da7b1e045df99b7fb40a936d507 524d02558d484f44874de52b6ff81980 - - default default] 199.19.213.21,10.0.0.223 "GET /v2.0/subnets HTTP/1.1" status: 200 len: 188 time: 0.0582395
2026-07-15 05:33:16.755 9 INFO neutron.wsgi [None req-64e61676-fc84-44f9-ba7d-189fe6d7fd51 bc890da7b1e045df99b7fb40a936d507 524d02558d484f44874de52b6ff81980 - - default default] 199.19.213.21,10.0.0.223 "GET /v2.0/networks HTTP/1.1" status: 200 len: 890 time: 0.0522497
2026-07-15 05:33:17.046 9 WARNING neutron.scheduler.dhcp_agent_scheduler [None req-e074785a-4bae-4428-91e8-c03fabd08195 bc890da7b1e045df99b7fb40a936d507 524d02558d484f44874de52b6ff81980 - - - -] No more DHCP agents
2026-07-15 05:33:17.047 9 WARNING neutron.api.rpc.agentnotifiers.dhcp_rpc_agent_api [None req-e074785a-4bae-4428-91e8-c03fabd08195 bc890da7b1e045df99b7fb40a936d507 524d02558d484f44874de52b6ff81980 - - - -] Unable to schedule network b3058ac8-f6ab-4ab6-923b-56edb0747af6: no agents available; will retry on subsequent port and subnet creation events.
2026-07-15 05:33:17.440 10 INFO neutron.wsgi [-] 10.0.0.223 "GET / HTTP/1.1" status: 200 len: 247 time: 0.0041149
2026-07-15 05:33:17.537 9 INFO neutron.db.ovn_revision_numbers_db [None req-e074785a-4bae-4428-91e8-c03fabd08195 bc890da7b1e045df99b7fb40a936d507 524d02558d484f44874de52b6ff81980 - - - -] Successfully bumped revision number for resource 580b8ab3-7c92-41f2-bfe1-973c7d49229a (type: ports) to 2
2026-07-15 05:33:17.549 9 INFO neutron.db.ovn_revision_numbers_db [None req-e074785a-4bae-4428-91e8-c03fabd08195 bc890da7b1e045df99b7fb40a936d507 524d02558d484f44874de52b6ff81980 - - - -] Successfully bumped revision number for resource 911939ba-1587-419b-ae2e-ac537a1c58ed (type: subnets) to 0
2026-07-15 05:33:17.562 9 INFO neutron.wsgi [None req-e074785a-4bae-4428-91e8-c03fabd08195 bc890da7b1e045df99b7fb40a936d507 524d02558d484f44874de52b6ff81980 - - - -] 199.19.213.21,10.0.0.223 "POST /v2.0/subnets HTTP/1.1" status: 201 len: 821 time: 0.8024409
2026-07-15 05:33:21.093 15 INFO neutron.plugins.ml2.drivers.ovn.mech_driver.ovsdb.extensions.qos [None req-94a5a7e5-d6ce-4561-819a-2619d4b4d236 - - - - - -] Starting OVNClientQosExtension
2026-07-15 05:33:21.113 15 INFO neutron.plugins.ml2.drivers.ovn.mech_driver.ovsdb.extensions.qos [None req-94a5a7e5-d6ce-4561-819a-2619d4b4d236 - - - - - -] Starting OVNClientQosExtension
2026-07-15 05:33:32.437 10 INFO neutron.wsgi [-] 10.0.0.223 "GET / HTTP/1.1" status: 200 len: 247 time: 0.0019052
2026-07-15 05:33:47.437 9 INFO neutron.wsgi [-] 10.0.0.223 "GET / HTTP/1.1" status: 200 len: 247 time: 0.0018914
2026-07-15 05:34:02.438 10 INFO neutron.wsgi [-] 10.0.0.223 "GET / HTTP/1.1" status: 200 len: 247 time: 0.0027053
2026-07-15 05:34:17.437 10 INFO neutron.wsgi [-] 10.0.0.223 "GET / HTTP/1.1" status: 200 len: 247 time: 0.0025814
2026-07-15 05:34:17.438 9 INFO neutron.wsgi [-] 10.0.0.223 "GET / HTTP/1.1" status: 200 len: 247 time: 0.0031288
2026-07-15 05:34:32.437 9 INFO neutron.wsgi [-] 10.0.0.223 "GET / HTTP/1.1" status: 200 len: 247 time: 0.0024052
2026-07-15 05:34:32.440 10 INFO neutron.wsgi [-] 10.0.0.223 "GET / HTTP/1.1" status: 200 len: 247 time: 0.0045278
2026-07-15 05:34:47.436 10 INFO neutron.wsgi [-] 10.0.0.223 "GET / HTTP/1.1" status: 200 len: 247 time: 0.0016496
2026-07-15 05:34:47.439 9 INFO neutron.wsgi [-] 10.0.0.223 "GET / HTTP/1.1" status: 200 len: 247 time: 0.0042584
2026-07-15 05:35:02.437 10 INFO neutron.wsgi [-] 10.0.0.223 "GET / HTTP/1.1" status: 200 len: 247 time: 0.0025671
2026-07-15 05:35:02.438 9 INFO neutron.wsgi [-] 10.0.0.223 "GET / HTTP/1.1" status: 200 len: 247 time: 0.0029755
2026-07-15 05:35:17.437 9 INFO neutron.wsgi [-] 10.0.0.223 "GET / HTTP/1.1" status: 200 len: 247 time: 0.0019479
2026-07-15 05:35:17.437 10 INFO neutron.wsgi [-] 10.0.0.223 "GET / HTTP/1.1" status: 200 len: 247 time: 0.0023432
2026-07-15 05:35:32.438 10 INFO neutron.wsgi [-] 10.0.0.223 "GET / HTTP/1.1" status: 200 len: 247 time: 0.0030465
2026-07-15 05:35:32.439 9 INFO neutron.wsgi [-] 10.0.0.223 "GET / HTTP/1.1" status: 200 len: 247 time: 0.0036850
2026-07-15 05:35:47.436 9 INFO neutron.wsgi [-] 10.0.0.223 "GET / HTTP/1.1" status: 200 len: 247 time: 0.0016618
2026-07-15 05:35:47.438 10 INFO neutron.wsgi [-] 10.0.0.223 "GET / HTTP/1.1" status: 200 len: 247 time: 0.0025392
2026-07-15 05:36:02.435 10 INFO neutron.wsgi [-] 10.0.0.223 "GET / HTTP/1.1" status: 200 len: 247 time: 0.0012367
2026-07-15 05:36:02.435 9 INFO neutron.wsgi [-] 10.0.0.223 "GET / HTTP/1.1" status: 200 len: 247 time: 0.0012364
2026-07-15 05:36:17.440 9 INFO neutron.wsgi [-] 10.0.0.223 "GET / HTTP/1.1" status: 200 len: 247 time: 0.0042477
2026-07-15 05:36:17.442 10 INFO neutron.wsgi [-] 10.0.0.223 "GET / HTTP/1.1" status: 200 len: 247 time: 0.0032530
2026-07-15 05:36:32.438 9 INFO neutron.wsgi [-] 10.0.0.223 "GET / HTTP/1.1" status: 200 len: 247 time: 0.0024612
2026-07-15 05:36:32.439 10 INFO neutron.wsgi [-] 10.0.0.223 "GET / HTTP/1.1" status: 200 len: 247 time: 0.0026867
2026-07-15 05:36:47.438 9 INFO neutron.wsgi [-] 10.0.0.223 "GET / HTTP/1.1" status: 200 len: 247 time: 0.0024314
2026-07-15 05:36:47.438 10 INFO neutron.wsgi [-] 10.0.0.223 "GET / HTTP/1.1" status: 200 len: 247 time: 0.0026665
2026-07-15 05:37:02.436 10 INFO neutron.wsgi [-] 10.0.0.223 "GET / HTTP/1.1" status: 200 len: 247 time: 0.0014868
2026-07-15 05:37:02.438 9 INFO neutron.wsgi [-] 10.0.0.223 "GET / HTTP/1.1" status: 200 len: 247 time: 0.0028944
2026-07-15 05:37:17.437 10 INFO neutron.wsgi [-] 10.0.0.223 "GET / HTTP/1.1" status: 200 len: 247 time: 0.0028114
2026-07-15 05:37:17.438 9 INFO neutron.wsgi [-] 10.0.0.223 "GET / HTTP/1.1" status: 200 len: 247 time: 0.0030873
2026-07-15 05:37:32.438 10 INFO neutron.wsgi [-] 10.0.0.223 "GET / HTTP/1.1" status: 200 len: 247 time: 0.0028055
2026-07-15 05:37:32.439 9 INFO neutron.wsgi [-] 10.0.0.223 "GET / HTTP/1.1" status: 200 len: 247 time: 0.0032818
2026-07-15 05:37:47.437 9 INFO neutron.wsgi [-] 10.0.0.223 "GET / HTTP/1.1" status: 200 len: 247 time: 0.0016558
2026-07-15 05:37:47.438 10 INFO neutron.wsgi [-] 10.0.0.223 "GET / HTTP/1.1" status: 200 len: 247 time: 0.0026133
2026-07-15 05:38:02.437 10 INFO neutron.wsgi [-] 10.0.0.223 "GET / HTTP/1.1" status: 200 len: 247 time: 0.0022213
2026-07-15 05:38:02.440 9 INFO neutron.wsgi [-] 10.0.0.223 "GET / HTTP/1.1" status: 200 len: 247 time: 0.0036340
