2026-07-15 06:11:27.528 10 INFO neutron.db.segments_db [None req-acfad354-de39-4862-a531-9c94b343d2c0 7367ee65c01f4d67aba2880e37fb30ea b82ec64cfa3243939948bd7e0a78f8a0 - - - -] Added segment 1069d236-afb9-4173-851b-13cb93a629d4 of type geneve for network 88cf31e7-97b8-4687-8ca1-12efc009bd3e
2026-07-15 06:11:27.692 10 INFO neutron.db.ovn_revision_numbers_db [None req-acfad354-de39-4862-a531-9c94b343d2c0 7367ee65c01f4d67aba2880e37fb30ea b82ec64cfa3243939948bd7e0a78f8a0 - - - -] Successfully bumped revision number for resource 88cf31e7-97b8-4687-8ca1-12efc009bd3e (type: networks) to 1
2026-07-15 06:11:27.730 9 INFO neutron.wsgi [None req-61367726-41d4-43d2-83da-34c30671fbd1 304465c7cc13477c9c570ecbd0310451 4e0cedaba38542d780dffbf05cff9730 - - - -] 10.0.0.166 "DELETE /v2.0/ports/f5f381ba-0983-4664-9126-6484b0b6d39d HTTP/1.1" status: 204 len: 168 time: 0.3460054
2026-07-15 06:11:27.945 10 WARNING neutron.scheduler.dhcp_agent_scheduler [None req-acfad354-de39-4862-a531-9c94b343d2c0 7367ee65c01f4d67aba2880e37fb30ea b82ec64cfa3243939948bd7e0a78f8a0 - - - -] No more DHCP agents
2026-07-15 06:11:27.951 10 WARNING neutron.api.rpc.agentnotifiers.dhcp_rpc_agent_api [None req-acfad354-de39-4862-a531-9c94b343d2c0 7367ee65c01f4d67aba2880e37fb30ea b82ec64cfa3243939948bd7e0a78f8a0 - - - -] Unable to schedule network 88cf31e7-97b8-4687-8ca1-12efc009bd3e: no agents available; will retry on subsequent port and subnet creation events.
2026-07-15 06:11:28.053 10 INFO neutron.db.ovn_revision_numbers_db [None req-acfad354-de39-4862-a531-9c94b343d2c0 7367ee65c01f4d67aba2880e37fb30ea b82ec64cfa3243939948bd7e0a78f8a0 - - - -] Successfully bumped revision number for resource 67e97848-5810-4810-be42-fbde68aa29dc (type: ports) to 1
2026-07-15 06:11:28.066 10 INFO neutron.services.segments.plugin [-] Segment 09012452-b8b6-4d6d-adcd-97b57e48297d resource provider aggregate not found
2026-07-15 06:11:28.076 10 INFO neutron.services.segments.plugin [-] Segment 09012452-b8b6-4d6d-adcd-97b57e48297d resource provider aggregate not found
2026-07-15 06:11:28.094 10 INFO neutron.services.segments.plugin [-] Segment 09012452-b8b6-4d6d-adcd-97b57e48297d resource provider not found; error: Placement Client Error (4xx): {"errors": [{"status": 404, "title": "Not Found", "detail": "The resource could not be found.\n\n No resource provider with uuid 09012452-b8b6-4d6d-adcd-97b57e48297d found for delete ", "request_id": "req-35f27058-9f1e-41a4-a39a-ff0a4bf83ae6"}]}
2026-07-15 06:11:28.104 10 WARNING neutron.plugins.ml2.drivers.ovn.mech_driver.ovsdb.ovn_client [None req-bceb5e37-e2e9-4c25-b4a6-b028aa7fbee5 - - - - - -] No hosting information found for port 0d1e0cdd-2fe6-49bc-8718-3c34f5e425d3: RuntimeError: No hosting information found for port 0d1e0cdd-2fe6-49bc-8718-3c34f5e425d3
2026-07-15 06:11:28.108 10 INFO neutron.services.segments.plugin [-] Segment 09012452-b8b6-4d6d-adcd-97b57e48297d resource provider not found; error: Placement Client Error (4xx): {"errors": [{"status": 404, "title": "Not Found", "detail": "The resource could not be found.\n\n No resource provider with uuid 09012452-b8b6-4d6d-adcd-97b57e48297d found for delete ", "request_id": "req-4732d35c-1e96-4dc1-8cf8-634890b25eac"}]}
2026-07-15 06:11:28.113 10 INFO neutron.wsgi [None req-acfad354-de39-4862-a531-9c94b343d2c0 7367ee65c01f4d67aba2880e37fb30ea b82ec64cfa3243939948bd7e0a78f8a0 - - - -] 10.0.0.166 "POST /v2.0/networks HTTP/1.1" status: 201 len: 830 time: 0.6600866
2026-07-15 06:11:28.130 10 INFO neutron.wsgi [None req-2fbb5ae7-cc34-4cd1-a2da-e0a86c3e7bb6 d0ab281c4de8476c995e75d2f1fcc846 520ef80383f6400e9b9955ff7a851e44 - - - -] 10.0.0.166 "DELETE /v2.0/networks/6ca930bb-1c1e-4561-81af-19b22cd6f926 HTTP/1.1" status: 204 len: 168 time: 0.5976226
2026-07-15 06:11:28.194 10 INFO neutron.wsgi [None req-1fbaa174-ac31-4d67-92a5-2ade075a7db4 7367ee65c01f4d67aba2880e37fb30ea b82ec64cfa3243939948bd7e0a78f8a0 - - - -] 10.0.0.166 "PUT /v2.0/networks/920c1ba7-abfb-4841-bedc-5715fae1fdd3/tags HTTP/1.1" status: 200 len: 218 time: 0.0756242
2026-07-15 06:11:28.197 9 WARNING neutron.scheduler.dhcp_agent_scheduler [None req-0f53c416-1e2d-46d2-bd2b-1f574309e4a7 3b876ed0f50a4a5083502263e0568722 1e6cee2a595a41a690d3d2ee1d5208ff - - - -] No more DHCP agents
2026-07-15 06:11:28.207 9 WARNING neutron.api.rpc.agentnotifiers.dhcp_rpc_agent_api [None req-0f53c416-1e2d-46d2-bd2b-1f574309e4a7 3b876ed0f50a4a5083502263e0568722 1e6cee2a595a41a690d3d2ee1d5208ff - - - -] Unable to schedule network b3058ac8-f6ab-4ab6-923b-56edb0747af6: no agents available; will retry on subsequent port and subnet creation events.
2026-07-15 06:11:28.281 9 INFO neutron.services.segments.plugin [-] Segment 4e7432fc-29b3-4dcd-a597-e989fb796d28 resource provider aggregate not found
2026-07-15 06:11:28.287 9 INFO neutron.wsgi [None req-58376daa-4c0b-4fee-a209-7cc2cd37ff56 7367ee65c01f4d67aba2880e37fb30ea b82ec64cfa3243939948bd7e0a78f8a0 - - default default] 10.0.0.166 "GET /v2.0/networks/920c1ba7-abfb-4841-bedc-5715fae1fdd3/tags HTTP/1.1" status: 200 len: 218 time: 0.0855772
2026-07-15 06:11:28.304 9 INFO neutron.services.segments.plugin [-] Segment 4e7432fc-29b3-4dcd-a597-e989fb796d28 resource provider aggregate not found
2026-07-15 06:11:28.309 9 INFO neutron.services.segments.plugin [-] Segment 4e7432fc-29b3-4dcd-a597-e989fb796d28 resource provider not found; error: Placement Client Error (4xx): {"errors": [{"status": 404, "title": "Not Found", "detail": "The resource could not be found.\n\n No resource provider with uuid 4e7432fc-29b3-4dcd-a597-e989fb796d28 found for delete ", "request_id": "req-87795df1-7365-4782-8a6a-a8091759cfed"}]}
2026-07-15 06:11:28.322 9 INFO neutron.services.segments.plugin [-] Segment 4e7432fc-29b3-4dcd-a597-e989fb796d28 resource provider not found; error: Placement Client Error (4xx): {"errors": [{"status": 404, "title": "Not Found", "detail": "The resource could not be found.\n\n No resource provider with uuid 4e7432fc-29b3-4dcd-a597-e989fb796d28 found for delete ", "request_id": "req-50920b9c-f995-4a92-b376-15703034c8cd"}]}
2026-07-15 06:11:28.328 9 INFO neutron.services.segments.plugin [-] Segment 7681f42f-87be-46a3-9b63-990095ca11fa resource provider aggregate not found
2026-07-15 06:11:28.349 9 INFO neutron.services.segments.plugin [-] Segment 7681f42f-87be-46a3-9b63-990095ca11fa resource provider not found; error: Placement Client Error (4xx): {"errors": [{"status": 404, "title": "Not Found", "detail": "The resource could not be found.\n\n No resource provider with uuid 7681f42f-87be-46a3-9b63-990095ca11fa found for delete ", "request_id": "req-6a70ee16-3387-497f-bb0a-0d125b689242"}]}
2026-07-15 06:11:28.350 9 INFO neutron.services.segments.plugin [-] Segment 7681f42f-87be-46a3-9b63-990095ca11fa resource provider aggregate not found
2026-07-15 06:11:28.354 10 INFO neutron.wsgi [None req-20da3d5d-c2ec-4ba7-8636-76052faf34be 7367ee65c01f4d67aba2880e37fb30ea b82ec64cfa3243939948bd7e0a78f8a0 - - - -] 10.0.0.166 "PUT /v2.0/networks/88cf31e7-97b8-4687-8ca1-12efc009bd3e/tags HTTP/1.1" status: 200 len: 210 time: 0.0589597
2026-07-15 06:11:28.371 9 INFO neutron.services.segments.plugin [-] Segment 7681f42f-87be-46a3-9b63-990095ca11fa resource provider not found; error: Placement Client Error (4xx): {"errors": [{"status": 404, "title": "Not Found", "detail": "The resource could not be found.\n\n No resource provider with uuid 7681f42f-87be-46a3-9b63-990095ca11fa found for delete ", "request_id": "req-f74d7326-971a-4e44-8885-fd950dc9635a"}]}
2026-07-15 06:11:28.410 10 INFO neutron.wsgi [None req-a7d97660-09f9-4544-ae43-0cd185a46b51 7367ee65c01f4d67aba2880e37fb30ea b82ec64cfa3243939948bd7e0a78f8a0 - - default default] 10.0.0.166 "GET /v2.0/networks/88cf31e7-97b8-4687-8ca1-12efc009bd3e/tags HTTP/1.1" status: 200 len: 210 time: 0.0483632
2026-07-15 06:11:28.430 9 INFO neutron.wsgi [None req-2364b2a9-996c-4282-a7b9-d5c730655140 304465c7cc13477c9c570ecbd0310451 4e0cedaba38542d780dffbf05cff9730 - - - -] 10.0.0.166 "DELETE /v2.0/ports/36a056b8-fe51-416f-a025-9b591039b4d8 HTTP/1.1" status: 204 len: 168 time: 0.6927021
2026-07-15 06:11:28.491 10 INFO neutron.wsgi [None req-d79c882d-f445-47f5-9e8a-438db1a38af6 7367ee65c01f4d67aba2880e37fb30ea b82ec64cfa3243939948bd7e0a78f8a0 - - - -] 10.0.0.166 "PUT /v2.0/networks/88cf31e7-97b8-4687-8ca1-12efc009bd3e/tags HTTP/1.1" status: 200 len: 205 time: 0.0753715
2026-07-15 06:11:28.562 10 INFO neutron.wsgi [None req-00ece2c2-7aac-4ec6-adae-71b14f8dc668 7367ee65c01f4d67aba2880e37fb30ea b82ec64cfa3243939948bd7e0a78f8a0 - - default default] 10.0.0.166 "GET /v2.0/networks/88cf31e7-97b8-4687-8ca1-12efc009bd3e/tags HTTP/1.1" status: 200 len: 205 time: 0.0649178
2026-07-15 06:11:28.625 9 INFO neutron.wsgi [None req-ad9c5fbb-7870-4dbc-872e-1b37e7dcfcbb 7367ee65c01f4d67aba2880e37fb30ea b82ec64cfa3243939948bd7e0a78f8a0 - - default default] 10.0.0.166 "GET /v2.0/networks/920c1ba7-abfb-4841-bedc-5715fae1fdd3/tags HTTP/1.1" status: 200 len: 218 time: 0.0584140
2026-07-15 06:11:28.684 10 INFO neutron.wsgi [None req-9bd422e1-1702-4085-b3d0-5be96b648efa d0ab281c4de8476c995e75d2f1fcc846 520ef80383f6400e9b9955ff7a851e44 - - - -] 10.0.0.166 "DELETE /v2.0/networks/91ab3ad1-fef1-4012-ab5d-748866a4c74f HTTP/1.1" status: 204 len: 168 time: 0.5480506
2026-07-15 06:11:28.768 10 INFO neutron.wsgi [None req-460420d1-acc0-41f6-b189-7a37922e140d 304465c7cc13477c9c570ecbd0310451 4e0cedaba38542d780dffbf05cff9730 - - - -] 10.0.0.166 "DELETE /v2.0/ports/2c1a7929-a4a7-43d6-be54-785cb15fc548 HTTP/1.1" status: 204 len: 168 time: 0.3312569
2026-07-15 06:11:28.852 9 INFO neutron.db.l3_db [None req-0f53c416-1e2d-46d2-bd2b-1f574309e4a7 3b876ed0f50a4a5083502263e0568722 1e6cee2a595a41a690d3d2ee1d5208ff - - - -] Floating IP 8da2310c-2f1d-455e-ac6d-addaaeef308a associated. External IP: 10.96.250.217, port: 5a221be0-8a7a-4584-8b5d-109ffa29310a.
2026-07-15 06:11:29.324 9 INFO neutron.db.ovn_revision_numbers_db [None req-0f53c416-1e2d-46d2-bd2b-1f574309e4a7 3b876ed0f50a4a5083502263e0568722 1e6cee2a595a41a690d3d2ee1d5208ff - - - -] Successfully bumped revision number for resource 8da2310c-2f1d-455e-ac6d-addaaeef308a (type: floatingips) to 0
2026-07-15 06:11:29.410 10 INFO neutron.wsgi [None req-53152802-7c98-4537-876e-008e24e6fdfa 304465c7cc13477c9c570ecbd0310451 4e0cedaba38542d780dffbf05cff9730 - - - -] 10.0.0.166 "DELETE /v2.0/networks/ea3495c5-784f-4a7b-8de7-e3d445c6c310 HTTP/1.1" status: 204 len: 168 time: 0.6382241
2026-07-15 06:11:29.424 9 INFO neutron.db.ovn_revision_numbers_db [None req-0f53c416-1e2d-46d2-bd2b-1f574309e4a7 3b876ed0f50a4a5083502263e0568722 1e6cee2a595a41a690d3d2ee1d5208ff - - - -] Successfully bumped revision number for resource 8da2310c-2f1d-455e-ac6d-addaaeef308a (type: floatingips) to 1
2026-07-15 06:11:29.431 9 INFO neutron.wsgi [None req-464e7311-f7bb-414c-8d4a-64c42f14e1b2 7367ee65c01f4d67aba2880e37fb30ea b82ec64cfa3243939948bd7e0a78f8a0 - - - -] 10.0.0.166 "DELETE /v2.0/networks/920c1ba7-abfb-4841-bedc-5715fae1fdd3 HTTP/1.1" status: 204 len: 168 time: 0.7802634
2026-07-15 06:11:29.482 9 INFO neutron.wsgi [None req-0f53c416-1e2d-46d2-bd2b-1f574309e4a7 3b876ed0f50a4a5083502263e0568722 1e6cee2a595a41a690d3d2ee1d5208ff - - - -] 10.0.0.166 "POST /v2.0/floatingips HTTP/1.1" status: 201 len: 1040 time: 1.9922371
2026-07-15 06:11:29.654 9 INFO neutron.db.l3_db [None req-6189f6e3-2596-4a2d-8d4c-c4598c172615 3b876ed0f50a4a5083502263e0568722 1e6cee2a595a41a690d3d2ee1d5208ff - - - -] Floating IP 8da2310c-2f1d-455e-ac6d-addaaeef308a disassociated. External IP: 10.96.250.217, port: 5a221be0-8a7a-4584-8b5d-109ffa29310a.
2026-07-15 06:11:29.669 9 INFO neutron.db.ovn_revision_numbers_db [None req-6189f6e3-2596-4a2d-8d4c-c4598c172615 3b876ed0f50a4a5083502263e0568722 1e6cee2a595a41a690d3d2ee1d5208ff - - - -] Successfully bumped revision number for resource 8da2310c-2f1d-455e-ac6d-addaaeef308a (type: floatingips) to 2
2026-07-15 06:11:29.753 9 INFO neutron.wsgi [None req-6189f6e3-2596-4a2d-8d4c-c4598c172615 3b876ed0f50a4a5083502263e0568722 1e6cee2a595a41a690d3d2ee1d5208ff - - - -] 10.0.0.166 "PUT /v2.0/floatingips/8da2310c-2f1d-455e-ac6d-addaaeef308a HTTP/1.1" status: 200 len: 748 time: 0.2666459
2026-07-15 06:11:29.850 9 INFO neutron.db.ovn_revision_numbers_db [None req-7df00bce-b293-4d78-bb4d-4f588f32ca1c bc890da7b1e045df99b7fb40a936d507 524d02558d484f44874de52b6ff81980 - - default default] Successfully bumped revision number for resource 864546ba-3c54-4f0f-84b7-4a90b7903fba (type: security_groups) to 1
2026-07-15 06:11:29.876 9 INFO neutron.wsgi [None req-7df00bce-b293-4d78-bb4d-4f588f32ca1c bc890da7b1e045df99b7fb40a936d507 524d02558d484f44874de52b6ff81980 - - default default] 10.0.0.166 "GET /v2.0/security-groups?tenant_id=9b3e05be76fa446a9ca35dc4aa8a1846&name=default HTTP/1.1" status: 200 len: 2996 time: 0.3465459
2026-07-15 06:11:29.900 10 INFO neutron.wsgi [None req-d5f28f06-c2bd-4089-b940-b069cb1e6d1c 7367ee65c01f4d67aba2880e37fb30ea b82ec64cfa3243939948bd7e0a78f8a0 - - - -] 10.0.0.166 "DELETE /v2.0/networks/88cf31e7-97b8-4687-8ca1-12efc009bd3e HTTP/1.1" status: 204 len: 168 time: 0.4652493
2026-07-15 06:11:29.943 9 INFO neutron.wsgi [None req-fffd648f-c166-4034-907c-b92a3101599b 304465c7cc13477c9c570ecbd0310451 4e0cedaba38542d780dffbf05cff9730 - - - -] 10.0.0.166 "DELETE /v2.0/networks/084ac5aa-0cfb-4a9a-9315-7b11d7135db1 HTTP/1.1" status: 204 len: 168 time: 0.5260496
2026-07-15 06:11:30.113 9 INFO neutron.wsgi [None req-9cc526ff-9b87-451b-8a68-87dcf366591a bc890da7b1e045df99b7fb40a936d507 524d02558d484f44874de52b6ff81980 - - - -] 10.0.0.166 "DELETE /v2.0/security-groups/864546ba-3c54-4f0f-84b7-4a90b7903fba HTTP/1.1" status: 204 len: 168 time: 0.2268231
2026-07-15 06:11:30.119 10 INFO neutron.services.segments.plugin [-] Segment 099ce2ef-9e50-4c23-87f4-51cc5ea91b66 resource provider aggregate not found
2026-07-15 06:11:30.151 10 INFO neutron.services.segments.plugin [-] Segment 099ce2ef-9e50-4c23-87f4-51cc5ea91b66 resource provider aggregate not found
2026-07-15 06:11:30.156 10 INFO neutron.services.segments.plugin [-] Segment 099ce2ef-9e50-4c23-87f4-51cc5ea91b66 resource provider not found; error: Placement Client Error (4xx): {"errors": [{"status": 404, "title": "Not Found", "detail": "The resource could not be found.\n\n No resource provider with uuid 099ce2ef-9e50-4c23-87f4-51cc5ea91b66 found for delete ", "request_id": "req-c49fa703-22be-495b-8c2b-5267e8f8900c"}]}
2026-07-15 06:11:30.183 10 INFO neutron.services.segments.plugin [-] Segment 26792ff5-673f-41bb-8e49-68554b1f8e86 resource provider aggregate not found
2026-07-15 06:11:30.188 10 INFO neutron.services.segments.plugin [-] Segment 099ce2ef-9e50-4c23-87f4-51cc5ea91b66 resource provider not found; error: Placement Client Error (4xx): {"errors": [{"status": 404, "title": "Not Found", "detail": "The resource could not be found.\n\n No resource provider with uuid 099ce2ef-9e50-4c23-87f4-51cc5ea91b66 found for delete ", "request_id": "req-b5124e39-e1bd-40ab-99aa-191afa327298"}]}
2026-07-15 06:11:30.218 10 INFO neutron.services.segments.plugin [-] Segment 26792ff5-673f-41bb-8e49-68554b1f8e86 resource provider not found; error: Placement Client Error (4xx): {"errors": [{"status": 404, "title": "Not Found", "detail": "The resource could not be found.\n\n No resource provider with uuid 26792ff5-673f-41bb-8e49-68554b1f8e86 found for delete ", "request_id": "req-68394b91-96f2-4cf7-807c-3d36101fd8a6"}]}
2026-07-15 06:11:30.223 10 INFO neutron.services.segments.plugin [-] Segment 26792ff5-673f-41bb-8e49-68554b1f8e86 resource provider aggregate not found
2026-07-15 06:11:30.264 10 INFO neutron.services.segments.plugin [-] Segment 26792ff5-673f-41bb-8e49-68554b1f8e86 resource provider not found; error: Placement Client Error (4xx): {"errors": [{"status": 404, "title": "Not Found", "detail": "The resource could not be found.\n\n No resource provider with uuid 26792ff5-673f-41bb-8e49-68554b1f8e86 found for delete ", "request_id": "req-43932221-4445-4552-ad12-fe15451d13fd"}]}
2026-07-15 06:11:30.269 10 INFO neutron.services.segments.plugin [-] Segment 1069d236-afb9-4173-851b-13cb93a629d4 resource provider aggregate not found
2026-07-15 06:11:30.286 10 INFO neutron.services.segments.plugin [-] Segment 1069d236-afb9-4173-851b-13cb93a629d4 resource provider aggregate not found
2026-07-15 06:11:30.292 10 INFO neutron.services.segments.plugin [-] Segment 1069d236-afb9-4173-851b-13cb93a629d4 resource provider not found; error: Placement Client Error (4xx): {"errors": [{"status": 404, "title": "Not Found", "detail": "The resource could not be found.\n\n No resource provider with uuid 1069d236-afb9-4173-851b-13cb93a629d4 found for delete ", "request_id": "req-734324d5-f8fa-4460-ad5d-b9050cef20aa"}]}
2026-07-15 06:11:30.300 10 INFO neutron.services.segments.plugin [-] Segment 1069d236-afb9-4173-851b-13cb93a629d4 resource provider not found; error: Placement Client Error (4xx): {"errors": [{"status": 404, "title": "Not Found", "detail": "The resource could not be found.\n\n No resource provider with uuid 1069d236-afb9-4173-851b-13cb93a629d4 found for delete ", "request_id": "req-dc2b6469-443b-43a9-b2c0-f98d86bbd265"}]}
2026-07-15 06:11:30.334 9 INFO neutron.db.ovn_revision_numbers_db [None req-fc093821-852c-4800-b477-196a6580c3bd bc890da7b1e045df99b7fb40a936d507 524d02558d484f44874de52b6ff81980 - - default default] Successfully bumped revision number for resource a3e0a850-0e80-4265-9ae4-ff97bc8db5a3 (type: security_groups) to 1
2026-07-15 06:11:30.354 10 INFO neutron.wsgi [None req-4337329f-0b3b-48e6-8f07-3e49acb89490 3b876ed0f50a4a5083502263e0568722 1e6cee2a595a41a690d3d2ee1d5208ff - - - -] 10.0.0.166 "DELETE /v2.0/floatingips/8da2310c-2f1d-455e-ac6d-addaaeef308a HTTP/1.1" status: 204 len: 168 time: 0.5928774
2026-07-15 06:11:30.359 9 INFO neutron.wsgi [None req-fc093821-852c-4800-b477-196a6580c3bd bc890da7b1e045df99b7fb40a936d507 524d02558d484f44874de52b6ff81980 - - default default] 10.0.0.166 "GET /v2.0/security-groups?tenant_id=44925668e0cb4a5bbf91a26aae8d90c0&name=default HTTP/1.1" status: 200 len: 2996 time: 0.1319849
2026-07-15 06:11:30.367 9 INFO neutron.services.segments.plugin [-] Segment 5e34615d-1a19-4122-806f-87ce8f24a4d3 resource provider aggregate not found
2026-07-15 06:11:30.386 9 INFO neutron.services.segments.plugin [-] Segment 5e34615d-1a19-4122-806f-87ce8f24a4d3 resource provider aggregate not found
2026-07-15 06:11:30.391 9 INFO neutron.services.segments.plugin [-] Segment 5e34615d-1a19-4122-806f-87ce8f24a4d3 resource provider not found; error: Placement Client Error (4xx): {"errors": [{"status": 404, "title": "Not Found", "detail": "The resource could not be found.\n\n No resource provider with uuid 5e34615d-1a19-4122-806f-87ce8f24a4d3 found for delete ", "request_id": "req-d70bfa7d-96cd-40af-931d-ecf47f307d5e"}]}
2026-07-15 06:11:30.403 9 INFO neutron.services.segments.plugin [-] Segment f72ff1df-d7c4-4174-ab98-568f87555345 resource provider aggregate not found
2026-07-15 06:11:30.408 9 INFO neutron.services.segments.plugin [-] Segment 5e34615d-1a19-4122-806f-87ce8f24a4d3 resource provider not found; error: Placement Client Error (4xx): {"errors": [{"status": 404, "title": "Not Found", "detail": "The resource could not be found.\n\n No resource provider with uuid 5e34615d-1a19-4122-806f-87ce8f24a4d3 found for delete ", "request_id": "req-621a0364-bab4-4dfa-8d47-07fb5b0b799d"}]}
2026-07-15 06:11:30.418 9 INFO neutron.services.segments.plugin [-] Segment f72ff1df-d7c4-4174-ab98-568f87555345 resource provider not found; error: Placement Client Error (4xx): {"errors": [{"status": 404, "title": "Not Found", "detail": "The resource could not be found.\n\n No resource provider with uuid f72ff1df-d7c4-4174-ab98-568f87555345 found for delete ", "request_id": "req-756e01d0-a6e6-4997-9012-b0746c0cecf9"}]}
2026-07-15 06:11:30.441 9 INFO neutron.services.segments.plugin [-] Segment f72ff1df-d7c4-4174-ab98-568f87555345 resource provider aggregate not found
2026-07-15 06:11:30.460 9 INFO neutron.services.segments.plugin [-] Segment f72ff1df-d7c4-4174-ab98-568f87555345 resource provider not found; error: Placement Client Error (4xx): {"errors": [{"status": 404, "title": "Not Found", "detail": "The resource could not be found.\n\n No resource provider with uuid f72ff1df-d7c4-4174-ab98-568f87555345 found for delete ", "request_id": "req-1fbfd266-80b8-46ed-a9d3-19962749a5a7"}]}
2026-07-15 06:11:30.521 10 INFO neutron.wsgi [None req-2b50b11a-5c18-41bd-90e1-55b8bd2c590b 304465c7cc13477c9c570ecbd0310451 4e0cedaba38542d780dffbf05cff9730 - - - -] 10.0.0.166 "DELETE /v2.0/networks/4064a77a-10a6-43bc-9901-3bfc747abdda HTTP/1.1" status: 204 len: 168 time: 0.5725899
2026-07-15 06:11:30.607 10 INFO neutron.wsgi [None req-aa0d117a-6251-44af-b506-3ea275d8a53d bc890da7b1e045df99b7fb40a936d507 524d02558d484f44874de52b6ff81980 - - - -] 10.0.0.166 "DELETE /v2.0/security-groups/a3e0a850-0e80-4265-9ae4-ff97bc8db5a3 HTTP/1.1" status: 204 len: 168 time: 0.2423861
2026-07-15 06:11:30.712 9 WARNING neutron.scheduler.dhcp_agent_scheduler [None req-e6bb8ad6-1e97-4a90-a456-cda7a7c2dda1 3b876ed0f50a4a5083502263e0568722 1e6cee2a595a41a690d3d2ee1d5208ff - - - -] No more DHCP agents
2026-07-15 06:11:30.727 9 WARNING neutron.api.rpc.agentnotifiers.dhcp_rpc_agent_api [None req-e6bb8ad6-1e97-4a90-a456-cda7a7c2dda1 3b876ed0f50a4a5083502263e0568722 1e6cee2a595a41a690d3d2ee1d5208ff - - - -] Unable to schedule network b3058ac8-f6ab-4ab6-923b-56edb0747af6: no agents available; will retry on subsequent port and subnet creation events.
2026-07-15 06:11:30.740 10 INFO neutron.wsgi [None req-c619712b-e1ba-4e4d-aa8d-a47dc1126981 bc890da7b1e045df99b7fb40a936d507 524d02558d484f44874de52b6ff81980 - - default default] 10.0.0.166 "GET /v2.0/security-groups?tenant_id=520ef80383f6400e9b9955ff7a851e44&name=default HTTP/1.1" status: 200 len: 2996 time: 0.0396702
2026-07-15 06:11:30.757 10 INFO neutron.wsgi [None req-5d9a0fe3-d058-4e68-9a0a-4a14e5a989e4 bc890da7b1e045df99b7fb40a936d507 524d02558d484f44874de52b6ff81980 - - default default] 10.0.0.166 "GET /v2.0/security-groups?tenant_id=b82ec64cfa3243939948bd7e0a78f8a0&name=default HTTP/1.1" status: 200 len: 2996 time: 0.2141392
2026-07-15 06:11:30.947 10 INFO neutron.wsgi [None req-3d18e814-b97e-4a6f-98fa-ef1edd1d7cc5 bc890da7b1e045df99b7fb40a936d507 524d02558d484f44874de52b6ff81980 - - - -] 10.0.0.166 "DELETE /v2.0/security-groups/d89bedb3-2cb6-45aa-a6c7-4919c47d014d HTTP/1.1" status: 204 len: 168 time: 0.2019773
2026-07-15 06:11:30.978 10 INFO neutron.wsgi [None req-6c9c6911-e6e9-4e8a-a86e-ddaa8c20da39 bc890da7b1e045df99b7fb40a936d507 524d02558d484f44874de52b6ff81980 - - - -] 10.0.0.166 "DELETE /v2.0/security-groups/211aae2b-dc90-438e-b423-48c7af04c284 HTTP/1.1" status: 204 len: 168 time: 0.2154393
2026-07-15 06:11:31.010 9 INFO neutron.wsgi [None req-af556994-6acd-487b-9923-6808e7f5f49e 304465c7cc13477c9c570ecbd0310451 4e0cedaba38542d780dffbf05cff9730 - - - -] 10.0.0.166 "DELETE /v2.0/networks/563e64ac-c004-4916-bf67-1eb995a95fd5 HTTP/1.1" status: 204 len: 168 time: 0.4822910
2026-07-15 06:11:31.174 9 INFO neutron.db.l3_db [None req-e6bb8ad6-1e97-4a90-a456-cda7a7c2dda1 3b876ed0f50a4a5083502263e0568722 1e6cee2a595a41a690d3d2ee1d5208ff - - - -] Floating IP 96ea2183-3db2-428a-a68c-c596c687a7a2 associated. External IP: 10.96.250.214, port: fe9aef5c-e90e-493b-a89c-c9a90c11b5cb.
2026-07-15 06:11:31.312 9 INFO neutron.db.ovn_revision_numbers_db [None req-e199bcca-130c-4c7d-8d8a-b65eb44e83cd bc890da7b1e045df99b7fb40a936d507 524d02558d484f44874de52b6ff81980 - - default default] Successfully bumped revision number for resource 99803268-1433-4eef-acbe-4ceed33d78d7 (type: security_groups) to 1
2026-07-15 06:11:31.325 9 WARNING neutron.plugins.ml2.drivers.ovn.mech_driver.ovsdb.ovn_client [None req-9636f075-5c4a-4bff-ae5a-d3208eaaedf0 - - - - - -] No hosting information found for port 166c9e91-a3ac-4fc9-9839-d61d31b9101b: RuntimeError: No hosting information found for port 166c9e91-a3ac-4fc9-9839-d61d31b9101b
2026-07-15 06:11:31.373 10 INFO neutron.wsgi [None req-8f2cf835-a7ea-4e1b-a902-26bcade2bdae 304465c7cc13477c9c570ecbd0310451 4e0cedaba38542d780dffbf05cff9730 - - - -] 10.0.0.166 "DELETE /v2.0/networks/6255ce37-11ef-4d4f-a6b3-0872f64f540e HTTP/1.1" status: 204 len: 168 time: 0.3577104
2026-07-15 06:11:31.412 9 INFO neutron.wsgi [None req-e199bcca-130c-4c7d-8d8a-b65eb44e83cd bc890da7b1e045df99b7fb40a936d507 524d02558d484f44874de52b6ff81980 - - default default] 10.0.0.166 "GET /v2.0/security-groups?tenant_id=79c79cf7d8c341e88b8c9ef85a7dd6a8&name=default HTTP/1.1" status: 200 len: 2996 time: 0.2576931 /var/lib/openstack/lib/python3.10/site-packages/pycadf/identifier.py:71: UserWarning: Invalid uuid: neutron. To ensure interoperability, identifiers should be a valid uuid. warnings.warn(('Invalid uuid: %s. To ensure interoperability, '
2026-07-15 06:11:31.446 9 INFO neutron.db.ovn_revision_numbers_db [None req-e6bb8ad6-1e97-4a90-a456-cda7a7c2dda1 3b876ed0f50a4a5083502263e0568722 1e6cee2a595a41a690d3d2ee1d5208ff - - - -] Successfully bumped revision number for resource 96ea2183-3db2-428a-a68c-c596c687a7a2 (type: floatingips) to 0
2026-07-15 06:11:31.546 9 INFO neutron.db.ovn_revision_numbers_db [None req-e6bb8ad6-1e97-4a90-a456-cda7a7c2dda1 3b876ed0f50a4a5083502263e0568722 1e6cee2a595a41a690d3d2ee1d5208ff - - - -] Successfully bumped revision number for resource 96ea2183-3db2-428a-a68c-c596c687a7a2 (type: floatingips) to 1
2026-07-15 06:11:31.579 9 INFO neutron.wsgi [None req-e6bb8ad6-1e97-4a90-a456-cda7a7c2dda1 3b876ed0f50a4a5083502263e0568722 1e6cee2a595a41a690d3d2ee1d5208ff - - - -] 10.0.0.166 "POST /v2.0/floatingips HTTP/1.1" status: 201 len: 1041 time: 1.2174561
2026-07-15 06:11:31.868 9 INFO neutron.wsgi [None req-fcfbcf59-d656-4162-91e1-475662e8b432 3b876ed0f50a4a5083502263e0568722 1e6cee2a595a41a690d3d2ee1d5208ff - - default default] 10.0.0.166 "GET /v2.0/floatingips/96ea2183-3db2-428a-a68c-c596c687a7a2 HTTP/1.1" status: 200 len: 1038 time: 0.2809010 /var/lib/openstack/lib/python3.10/site-packages/pycadf/identifier.py:71: UserWarning: Invalid uuid: neutron. To ensure interoperability, identifiers should be a valid uuid. warnings.warn(('Invalid uuid: %s. To ensure interoperability, '
2026-07-15 06:11:31.899 9 INFO neutron.wsgi [None req-18361b99-35fe-4f4d-b0ae-db5d372fdbe5 bc890da7b1e045df99b7fb40a936d507 524d02558d484f44874de52b6ff81980 - - - -] 10.0.0.166 "DELETE /v2.0/security-groups/99803268-1433-4eef-acbe-4ceed33d78d7 HTTP/1.1" status: 204 len: 168 time: 0.4821510
2026-07-15 06:11:32.005 10 INFO neutron.wsgi [None req-ddfffff4-0acf-43c1-93f1-c84db03e938a 3b876ed0f50a4a5083502263e0568722 1e6cee2a595a41a690d3d2ee1d5208ff - - default default] 10.0.0.166 "GET /v2.0/floatingips HTTP/1.1" status: 200 len: 1041 time: 0.1316965
2026-07-15 06:11:32.324 10 INFO neutron.services.segments.plugin [-] Segment 6ada9686-9b9d-43e8-bb5d-8bdedfa06e79 resource provider aggregate not found
2026-07-15 06:11:32.331 10 INFO neutron.services.segments.plugin [-] Segment 6ada9686-9b9d-43e8-bb5d-8bdedfa06e79 resource provider aggregate not found
2026-07-15 06:11:32.341 10 INFO neutron.services.segments.plugin [-] Segment 6ada9686-9b9d-43e8-bb5d-8bdedfa06e79 resource provider not found; error: Placement Client Error (4xx): {"errors": [{"status": 404, "title": "Not Found", "detail": "The resource could not be found.\n\n No resource provider with uuid 6ada9686-9b9d-43e8-bb5d-8bdedfa06e79 found for delete ", "request_id": "req-e8f38c95-8597-4781-bd0f-15516adbd72b"}]}
2026-07-15 06:11:32.350 10 INFO neutron.services.segments.plugin [-] Segment 6ada9686-9b9d-43e8-bb5d-8bdedfa06e79 resource provider not found; error: Placement Client Error (4xx): {"errors": [{"status": 404, "title": "Not Found", "detail": "The resource could not be found.\n\n No resource provider with uuid 6ada9686-9b9d-43e8-bb5d-8bdedfa06e79 found for delete ", "request_id": "req-e7f1ab5e-c03f-49c3-9fb8-10c724649667"}]}
2026-07-15 06:11:32.364 10 INFO neutron.services.segments.plugin [-] Segment 14537f8f-0a8c-4c7a-987d-1be0bfcebd99 resource provider aggregate not found
2026-07-15 06:11:32.378 10 INFO neutron.services.segments.plugin [-] Segment 14537f8f-0a8c-4c7a-987d-1be0bfcebd99 resource provider aggregate not found
2026-07-15 06:11:32.382 10 INFO neutron.services.segments.plugin [-] Segment 14537f8f-0a8c-4c7a-987d-1be0bfcebd99 resource provider not found; error: Placement Client Error (4xx): {"errors": [{"status": 404, "title": "Not Found", "detail": "The resource could not be found.\n\n No resource provider with uuid 14537f8f-0a8c-4c7a-987d-1be0bfcebd99 found for delete ", "request_id": "req-fc4f6d87-cd35-484d-9c58-9c89419e9a3a"}]}
2026-07-15 06:11:32.403 10 INFO neutron.services.segments.plugin [-] Segment 14537f8f-0a8c-4c7a-987d-1be0bfcebd99 resource provider not found; error: Placement Client Error (4xx): {"errors": [{"status": 404, "title": "Not Found", "detail": "The resource could not be found.\n\n No resource provider with uuid 14537f8f-0a8c-4c7a-987d-1be0bfcebd99 found for delete ", "request_id": "req-83b4c859-1f73-4d4b-9694-3894c1802d67"}]}
2026-07-15 06:11:32.438 9 INFO neutron.wsgi [-] 10.0.0.223 "GET / HTTP/1.1" status: 200 len: 247 time: 0.0019023
2026-07-15 06:11:32.440 10 INFO neutron.db.l3_db [None req-e3fb843c-5736-409f-b51b-a61b22791c40 3b876ed0f50a4a5083502263e0568722 1e6cee2a595a41a690d3d2ee1d5208ff - - - -] Floating IP 96ea2183-3db2-428a-a68c-c596c687a7a2 associated. External IP: 10.96.250.214, port: fe9aef5c-e90e-493b-a89c-c9a90c11b5cb.
2026-07-15 06:11:32.440 9 INFO neutron.wsgi [-] 10.0.0.223 "GET / HTTP/1.1" status: 200 len: 247 time: 0.0014169
2026-07-15 06:11:32.452 9 INFO neutron.services.segments.plugin [-] Segment 14e65249-9060-4433-8adb-df0fdb058893 resource provider aggregate not found
2026-07-15 06:11:32.490 9 INFO neutron.services.segments.plugin [-] Segment 14e65249-9060-4433-8adb-df0fdb058893 resource provider not found; error: Placement Client Error (4xx): {"errors": [{"status": 404, "title": "Not Found", "detail": "The resource could not be found.\n\n No resource provider with uuid 14e65249-9060-4433-8adb-df0fdb058893 found for delete ", "request_id": "req-fab05147-3ecc-49f6-86e1-e4ad37ddc0b5"}]}
2026-07-15 06:11:32.493 9 INFO neutron.services.segments.plugin [-] Segment 14e65249-9060-4433-8adb-df0fdb058893 resource provider aggregate not found
2026-07-15 06:11:32.512 9 INFO neutron.services.segments.plugin [-] Segment 14e65249-9060-4433-8adb-df0fdb058893 resource provider not found; error: Placement Client Error (4xx): {"errors": [{"status": 404, "title": "Not Found", "detail": "The resource could not be found.\n\n No resource provider with uuid 14e65249-9060-4433-8adb-df0fdb058893 found for delete ", "request_id": "req-04c857dc-7c4a-4d69-b63c-519a33f8008e"}]}
2026-07-15 06:11:32.572 9 INFO neutron.db.ovn_revision_numbers_db [None req-4cae0012-f8ee-4331-84da-6ec6de103615 bc890da7b1e045df99b7fb40a936d507 524d02558d484f44874de52b6ff81980 - - default default] Successfully bumped revision number for resource 03f484aa-bcea-47d2-ba32-7723e864ae67 (type: security_groups) to 1
2026-07-15 06:11:32.605 9 INFO neutron.wsgi [None req-4cae0012-f8ee-4331-84da-6ec6de103615 bc890da7b1e045df99b7fb40a936d507 524d02558d484f44874de52b6ff81980 - - default default] 10.0.0.166 "GET /v2.0/security-groups?tenant_id=c9286cc20c4348ddb08b58e2e6f8c931&name=default HTTP/1.1" status: 200 len: 2996 time: 0.4460392
2026-07-15 06:11:32.799 9 INFO neutron.wsgi [None req-15ec73ff-7929-476c-b6d2-52758f01f04a bc890da7b1e045df99b7fb40a936d507 524d02558d484f44874de52b6ff81980 - - - -] 10.0.0.166 "DELETE /v2.0/security-groups/03f484aa-bcea-47d2-ba32-7723e864ae67 HTTP/1.1" status: 204 len: 168 time: 0.1744125
2026-07-15 06:11:32.856 10 INFO neutron.db.ovn_revision_numbers_db [None req-e3fb843c-5736-409f-b51b-a61b22791c40 3b876ed0f50a4a5083502263e0568722 1e6cee2a595a41a690d3d2ee1d5208ff - - - -] Successfully bumped revision number for resource 96ea2183-3db2-428a-a68c-c596c687a7a2 (type: floatingips) to 2
2026-07-15 06:11:32.953 10 INFO neutron.db.ovn_revision_numbers_db [None req-e3fb843c-5736-409f-b51b-a61b22791c40 3b876ed0f50a4a5083502263e0568722 1e6cee2a595a41a690d3d2ee1d5208ff - - - -] Successfully bumped revision number for resource 96ea2183-3db2-428a-a68c-c596c687a7a2 (type: floatingips) to 3 /var/lib/openstack/lib/python3.10/site-packages/pycadf/identifier.py:71: UserWarning: Invalid uuid: neutron. To ensure interoperability, identifiers should be a valid uuid. warnings.warn(('Invalid uuid: %s. To ensure interoperability, '
2026-07-15 06:11:33.006 10 INFO neutron.wsgi [None req-e3fb843c-5736-409f-b51b-a61b22791c40 3b876ed0f50a4a5083502263e0568722 1e6cee2a595a41a690d3d2ee1d5208ff - - - -] 10.0.0.166 "PUT /v2.0/floatingips/96ea2183-3db2-428a-a68c-c596c687a7a2 HTTP/1.1" status: 200 len: 1037 time: 0.9970126 /var/lib/openstack/lib/python3.10/site-packages/pycadf/identifier.py:71: UserWarning: Invalid uuid: neutron. To ensure interoperability, identifiers should be a valid uuid. warnings.warn(('Invalid uuid: %s. To ensure interoperability, '
2026-07-15 06:11:33.016 9 INFO neutron.wsgi [None req-dc3e203c-845c-4803-8abb-1c9af9a90f96 bc890da7b1e045df99b7fb40a936d507 524d02558d484f44874de52b6ff81980 - - default default] 10.0.0.166 "GET /v2.0/security-groups?tenant_id=4e0cedaba38542d780dffbf05cff9730&name=default HTTP/1.1" status: 200 len: 2996 time: 0.0327079
2026-07-15 06:11:33.138 10 INFO neutron.db.l3_db [None req-3b253bd2-5e24-4775-8846-6e617aeb03dd 3b876ed0f50a4a5083502263e0568722 1e6cee2a595a41a690d3d2ee1d5208ff - - - -] Floating IP 96ea2183-3db2-428a-a68c-c596c687a7a2 disassociated. External IP: 10.96.250.214, port: 5a221be0-8a7a-4584-8b5d-109ffa29310a.
2026-07-15 06:11:33.154 10 INFO neutron.db.ovn_revision_numbers_db [None req-3b253bd2-5e24-4775-8846-6e617aeb03dd 3b876ed0f50a4a5083502263e0568722 1e6cee2a595a41a690d3d2ee1d5208ff - - - -] Successfully bumped revision number for resource 96ea2183-3db2-428a-a68c-c596c687a7a2 (type: floatingips) to 4
2026-07-15 06:11:33.227 10 INFO neutron.wsgi [None req-3b253bd2-5e24-4775-8846-6e617aeb03dd 3b876ed0f50a4a5083502263e0568722 1e6cee2a595a41a690d3d2ee1d5208ff - - - -] 10.0.0.166 "PUT /v2.0/floatingips/96ea2183-3db2-428a-a68c-c596c687a7a2 HTTP/1.1" status: 200 len: 748 time: 0.2160707
2026-07-15 06:11:33.235 9 INFO neutron.wsgi [None req-918001d2-3e1b-447c-9cf3-bf1e628a53af bc890da7b1e045df99b7fb40a936d507 524d02558d484f44874de52b6ff81980 - - - -] 10.0.0.166 "DELETE /v2.0/security-groups/f9aa1c26-0bbf-4307-abd7-01ac04d91f60 HTTP/1.1" status: 204 len: 168 time: 0.2155240 /var/lib/openstack/lib/python3.10/site-packages/pycadf/identifier.py:71: UserWarning: Invalid uuid: neutron. To ensure interoperability, identifiers should be a valid uuid. warnings.warn(('Invalid uuid: %s. To ensure interoperability, '
2026-07-15 06:11:33.424 9 INFO neutron.db.ovn_revision_numbers_db [None req-33170c3a-61e0-4ebd-ac37-288985ea5c1c bc890da7b1e045df99b7fb40a936d507 524d02558d484f44874de52b6ff81980 - - default default] Successfully bumped revision number for resource e7fb8410-0a87-4b4c-b3d5-aadb84b21a53 (type: security_groups) to 1
2026-07-15 06:11:33.446 9 INFO neutron.wsgi [None req-33170c3a-61e0-4ebd-ac37-288985ea5c1c bc890da7b1e045df99b7fb40a936d507 524d02558d484f44874de52b6ff81980 - - default default] 10.0.0.166 "GET /v2.0/security-groups?tenant_id=d52436e82b3d4f22874e330fdae4df48&name=default HTTP/1.1" status: 200 len: 2996 time: 0.1078045
2026-07-15 06:11:33.559 10 INFO neutron.wsgi [None req-d60fe185-8efe-44fa-856f-976ff007e6e6 3b876ed0f50a4a5083502263e0568722 1e6cee2a595a41a690d3d2ee1d5208ff - - - -] 10.0.0.166 "DELETE /v2.0/floatingips/96ea2183-3db2-428a-a68c-c596c687a7a2 HTTP/1.1" status: 204 len: 168 time: 0.3257463
2026-07-15 06:11:33.589 9 INFO neutron.api.v2.resource [None req-143e0df0-89a3-44e7-933b-7dda23f01c0c 3b876ed0f50a4a5083502263e0568722 1e6cee2a595a41a690d3d2ee1d5208ff - - - -] delete failed (client error): The resource could not be found.
2026-07-15 06:11:33.590 9 INFO neutron.wsgi [None req-143e0df0-89a3-44e7-933b-7dda23f01c0c 3b876ed0f50a4a5083502263e0568722 1e6cee2a595a41a690d3d2ee1d5208ff - - - -] 10.0.0.166 "DELETE /v2.0/floatingips/96ea2183-3db2-428a-a68c-c596c687a7a2 HTTP/1.1" status: 404 len: 345 time: 0.0268567
2026-07-15 06:11:33.669 9 INFO neutron.wsgi [None req-0f2adcd5-83d0-42a5-bbbf-e11641c1f612 bc890da7b1e045df99b7fb40a936d507 524d02558d484f44874de52b6ff81980 - - - -] 10.0.0.166 "DELETE /v2.0/security-groups/e7fb8410-0a87-4b4c-b3d5-aadb84b21a53 HTTP/1.1" status: 204 len: 168 time: 0.2173121
2026-07-15 06:11:33.956 9 INFO neutron.wsgi [None req-13767f81-8d11-4654-9b7f-9f580cad06df 3b876ed0f50a4a5083502263e0568722 1e6cee2a595a41a690d3d2ee1d5208ff - - - -] 10.0.0.166 "DELETE /v2.0/ports/5a221be0-8a7a-4584-8b5d-109ffa29310a HTTP/1.1" status: 204 len: 168 time: 0.3579957
2026-07-15 06:11:34.356 9 INFO neutron.wsgi [None req-dc4264f8-15da-4ab5-b438-05e43faa0eba 3b876ed0f50a4a5083502263e0568722 1e6cee2a595a41a690d3d2ee1d5208ff - - - -] 10.0.0.166 "DELETE /v2.0/ports/fe9aef5c-e90e-493b-a89c-c9a90c11b5cb HTTP/1.1" status: 204 len: 168 time: 0.3943629
2026-07-15 06:11:34.465 9 INFO neutron.wsgi [None req-9fefb3f9-55aa-4f6c-bb22-b96bdd9091f5 3b876ed0f50a4a5083502263e0568722 1e6cee2a595a41a690d3d2ee1d5208ff - - default default] 10.0.0.166 "GET /v2.0/ports?device_id=d2425278-3d0a-4e8e-a5ed-6ce3eef03f5d HTTP/1.1" status: 200 len: 1140 time: 0.1057711
2026-07-15 06:11:35.512 9 INFO neutron.wsgi [None req-881cb07f-ceec-4c29-a553-1ce9b102601f 3b876ed0f50a4a5083502263e0568722 1e6cee2a595a41a690d3d2ee1d5208ff - - - -] 10.0.0.166 "PUT /v2.0/routers/d2425278-3d0a-4e8e-a5ed-6ce3eef03f5d/remove_router_interface HTTP/1.1" status: 200 len: 503 time: 1.0401390 /var/lib/openstack/lib/python3.10/site-packages/pycadf/identifier.py:71: UserWarning: Invalid uuid: neutron. To ensure interoperability, identifiers should be a valid uuid. warnings.warn(('Invalid uuid: %s. To ensure interoperability, '
2026-07-15 06:11:35.797 10 INFO neutron.db.ovn_revision_numbers_db [None req-9960ced1-f824-40c6-89c5-8455007c4aed e7e8fa7d833c4bf9b1c73b5961e2428e dccbf77dd1654d74912633680e7be0e3 - - - -] Successfully bumped revision number for resource 7e25858e-c97d-4387-bad1-9ef7a15ae4ee (type: security_groups) to 1
2026-07-15 06:11:35.852 10 INFO neutron.db.segments_db [None req-9960ced1-f824-40c6-89c5-8455007c4aed e7e8fa7d833c4bf9b1c73b5961e2428e dccbf77dd1654d74912633680e7be0e3 - - - -] Added segment 9bddd0af-4cf4-425f-accf-9c6627f37eb5 of type geneve for network a725ea02-899e-467d-8a6c-85218859544b
2026-07-15 06:11:36.010 10 INFO neutron.db.ovn_revision_numbers_db [None req-9960ced1-f824-40c6-89c5-8455007c4aed e7e8fa7d833c4bf9b1c73b5961e2428e dccbf77dd1654d74912633680e7be0e3 - - - -] Successfully bumped revision number for resource a725ea02-899e-467d-8a6c-85218859544b (type: networks) to 1
2026-07-15 06:11:36.190 10 WARNING neutron.scheduler.dhcp_agent_scheduler [None req-9960ced1-f824-40c6-89c5-8455007c4aed e7e8fa7d833c4bf9b1c73b5961e2428e dccbf77dd1654d74912633680e7be0e3 - - - -] No more DHCP agents
2026-07-15 06:11:36.192 10 WARNING neutron.api.rpc.agentnotifiers.dhcp_rpc_agent_api [None req-9960ced1-f824-40c6-89c5-8455007c4aed e7e8fa7d833c4bf9b1c73b5961e2428e dccbf77dd1654d74912633680e7be0e3 - - - -] Unable to schedule network a725ea02-899e-467d-8a6c-85218859544b: no agents available; will retry on subsequent port and subnet creation events.
2026-07-15 06:11:36.256 10 INFO neutron.db.ovn_revision_numbers_db [None req-9960ced1-f824-40c6-89c5-8455007c4aed e7e8fa7d833c4bf9b1c73b5961e2428e dccbf77dd1654d74912633680e7be0e3 - - - -] Successfully bumped revision number for resource 92846cae-3a8e-4ba6-a5f3-37ae6c21d95e (type: ports) to 1
2026-07-15 06:11:36.282 10 INFO neutron.wsgi [None req-9960ced1-f824-40c6-89c5-8455007c4aed e7e8fa7d833c4bf9b1c73b5961e2428e dccbf77dd1654d74912633680e7be0e3 - - - -] 10.0.0.166 "POST /v2.0/networks HTTP/1.1" status: 201 len: 830 time: 0.8285186
2026-07-15 06:11:36.444 9 INFO neutron.wsgi [None req-848b3325-6d21-44c1-8483-0ad2a4010490 3b876ed0f50a4a5083502263e0568722 1e6cee2a595a41a690d3d2ee1d5208ff - - - -] 10.0.0.166 "DELETE /v2.0/routers/d2425278-3d0a-4e8e-a5ed-6ce3eef03f5d HTTP/1.1" status: 204 len: 168 time: 0.9259424
2026-07-15 06:11:36.582 10 WARNING neutron.scheduler.dhcp_agent_scheduler [None req-0e9938b2-74e6-4725-8ebf-833382227b3e e7e8fa7d833c4bf9b1c73b5961e2428e dccbf77dd1654d74912633680e7be0e3 - - - -] No more DHCP agents
2026-07-15 06:11:36.585 10 WARNING neutron.api.rpc.agentnotifiers.dhcp_rpc_agent_api [None req-0e9938b2-74e6-4725-8ebf-833382227b3e e7e8fa7d833c4bf9b1c73b5961e2428e dccbf77dd1654d74912633680e7be0e3 - - - -] Unable to schedule network a725ea02-899e-467d-8a6c-85218859544b: no agents available; will retry on subsequent port and subnet creation events.
2026-07-15 06:11:36.663 10 INFO neutron.db.ovn_revision_numbers_db [None req-0e9938b2-74e6-4725-8ebf-833382227b3e e7e8fa7d833c4bf9b1c73b5961e2428e dccbf77dd1654d74912633680e7be0e3 - - - -] Successfully bumped revision number for resource 53596833-efca-4f86-8ab6-38f7ba53cd59 (type: ports) to 1
2026-07-15 06:11:36.693 10 INFO neutron.wsgi [None req-f46fa5cf-45e8-41da-a8d5-e4bde3fd9083 3b876ed0f50a4a5083502263e0568722 1e6cee2a595a41a690d3d2ee1d5208ff - - - -] 10.0.0.166 "DELETE /v2.0/subnets/d15437f1-3d0f-4722-b75e-65f37a41b30c HTTP/1.1" status: 204 len: 168 time: 0.2424803
2026-07-15 06:11:36.696 10 INFO neutron.wsgi [None req-0e9938b2-74e6-4725-8ebf-833382227b3e e7e8fa7d833c4bf9b1c73b5961e2428e dccbf77dd1654d74912633680e7be0e3 - - - -] 10.0.0.166 "POST /v2.0/ports HTTP/1.1" status: 201 len: 942 time: 0.4071622 /var/lib/openstack/lib/python3.10/site-packages/pycadf/identifier.py:71: UserWarning: Invalid uuid: neutron. To ensure interoperability, identifiers should be a valid uuid. warnings.warn(('Invalid uuid: %s. To ensure interoperability, '
2026-07-15 06:11:37.014 9 INFO neutron.wsgi [None req-234cf24a-198f-4cf8-a840-fcf150a0d67c 0ba546b1e1a545dbab5d5aec787ff72e 0022edd18bf243c1a37f2e69938970ca - - - -] 10.0.0.166 "POST /v2.0/qos/policies HTTP/1.1" status: 201 len: 558 time: 0.2269328
2026-07-15 06:11:37.027 10 INFO neutron.wsgi [None req-1aa4e385-33a3-4635-a5b5-9e3fd3eeffa7 e7e8fa7d833c4bf9b1c73b5961e2428e dccbf77dd1654d74912633680e7be0e3 - - - -] 10.0.0.166 "POST /v2.0/trunks HTTP/1.1" status: 201 len: 608 time: 0.3255148
2026-07-15 06:11:37.045 9 INFO neutron.wsgi [None req-a7b75252-2539-46fa-9032-d2af3a9acbd7 0ba546b1e1a545dbab5d5aec787ff72e 0022edd18bf243c1a37f2e69938970ca - - - -] 10.0.0.166 "PUT /v2.0/policies/eebba074-7f29-4bf5-a5dd-b197b3c4d58c/tags HTTP/1.1" status: 200 len: 218 time: 0.0251527
2026-07-15 06:11:37.063 9 INFO neutron.wsgi [None req-4a631cac-9dd0-453c-9133-b351ad9a2784 0ba546b1e1a545dbab5d5aec787ff72e 0022edd18bf243c1a37f2e69938970ca - - default default] 10.0.0.166 "GET /v2.0/policies/eebba074-7f29-4bf5-a5dd-b197b3c4d58c/tags HTTP/1.1" status: 200 len: 218 time: 0.0128281
2026-07-15 06:11:37.092 9 INFO neutron.wsgi [None req-1aca0b07-5aae-4588-9fca-79ba35b7333b 0ba546b1e1a545dbab5d5aec787ff72e 0022edd18bf243c1a37f2e69938970ca - - - -] 10.0.0.166 "PUT /v2.0/policies/eebba074-7f29-4bf5-a5dd-b197b3c4d58c/tags/green HTTP/1.1" status: 201 len: 201 time: 0.0244486
2026-07-15 06:11:37.115 9 INFO neutron.wsgi [None req-a3864a33-af3f-40b5-a8a1-9d596d2c662c 0ba546b1e1a545dbab5d5aec787ff72e 0022edd18bf243c1a37f2e69938970ca - - default default] 10.0.0.166 "GET /v2.0/policies/eebba074-7f29-4bf5-a5dd-b197b3c4d58c/tags HTTP/1.1" status: 200 len: 227 time: 0.0189195
2026-07-15 06:11:37.127 10 INFO neutron.db.segments_db [None req-d7504da8-4d1f-47e6-be09-624a389f4b60 e7e8fa7d833c4bf9b1c73b5961e2428e dccbf77dd1654d74912633680e7be0e3 - - - -] Added segment edb2d4fe-8cfe-46dc-8999-f39e3f8be884 of type geneve for network 035060b5-6f9e-4340-a55c-b08e32f71108
2026-07-15 06:11:37.132 9 INFO neutron.wsgi [None req-93ca2a2c-d50a-4b41-8cc6-093fe98ced76 0ba546b1e1a545dbab5d5aec787ff72e 0022edd18bf243c1a37f2e69938970ca - - - -] 10.0.0.166 "PUT /v2.0/policies/eebba074-7f29-4bf5-a5dd-b197b3c4d58c/tags/red HTTP/1.1" status: 201 len: 201 time: 0.0131183
2026-07-15 06:11:37.149 9 INFO neutron.wsgi [None req-55c8c718-ac09-4084-a9e0-d44771be62b6 0ba546b1e1a545dbab5d5aec787ff72e 0022edd18bf243c1a37f2e69938970ca - - default default] 10.0.0.166 "GET /v2.0/policies/eebba074-7f29-4bf5-a5dd-b197b3c4d58c/tags HTTP/1.1" status: 200 len: 227 time: 0.0122836
2026-07-15 06:11:37.174 10 INFO neutron.services.segments.plugin [-] Segment 358df812-0dad-491f-9ccf-39fbec49b2ee resource provider aggregate not found
2026-07-15 06:11:37.178 10 INFO neutron.services.segments.plugin [-] Segment 358df812-0dad-491f-9ccf-39fbec49b2ee resource provider aggregate not found
2026-07-15 06:11:37.179 9 INFO neutron.wsgi [None req-b28976fc-10d1-4e2e-84dc-afc7f2912cec 0ba546b1e1a545dbab5d5aec787ff72e 0022edd18bf243c1a37f2e69938970ca - - - -] 10.0.0.166 "PUT /v2.0/policies/eebba074-7f29-4bf5-a5dd-b197b3c4d58c/tags/black.or.white HTTP/1.1" status: 201 len: 201 time: 0.0246153
2026-07-15 06:11:37.194 9 INFO neutron.wsgi [None req-97ef6f86-56ab-444b-ae18-37ab96382c49 0ba546b1e1a545dbab5d5aec787ff72e 0022edd18bf243c1a37f2e69938970ca - - default default] 10.0.0.166 "GET /v2.0/policies/eebba074-7f29-4bf5-a5dd-b197b3c4d58c/tags HTTP/1.1" status: 200 len: 245 time: 0.0114694
2026-07-15 06:11:37.207 10 INFO neutron.services.segments.plugin [-] Segment 358df812-0dad-491f-9ccf-39fbec49b2ee resource provider not found; error: Placement Client Error (4xx): {"errors": [{"status": 404, "title": "Not Found", "detail": "The resource could not be found.\n\n No resource provider with uuid 358df812-0dad-491f-9ccf-39fbec49b2ee found for delete ", "request_id": "req-75552e33-0346-409b-bd95-9aec7be1a23a"}]}
2026-07-15 06:11:37.208 10 INFO neutron.services.segments.plugin [-] Segment 358df812-0dad-491f-9ccf-39fbec49b2ee resource provider not found; error: Placement Client Error (4xx): {"errors": [{"status": 404, "title": "Not Found", "detail": "The resource could not be found.\n\n No resource provider with uuid 358df812-0dad-491f-9ccf-39fbec49b2ee found for delete ", "request_id": "req-460542e1-30a9-4b71-a3be-e155b29a03d4"}]}
2026-07-15 06:11:37.223 9 INFO neutron.wsgi [None req-aa1e6068-7309-45bd-82a4-601e12f2b5e4 0ba546b1e1a545dbab5d5aec787ff72e 0022edd18bf243c1a37f2e69938970ca - - - -] 10.0.0.166 "PUT /v2.0/policies/eebba074-7f29-4bf5-a5dd-b197b3c4d58c/tags HTTP/1.1" status: 200 len: 230 time: 0.0251207
2026-07-15 06:11:37.241 9 INFO neutron.wsgi [None req-013544ff-d01a-43e9-9b57-4bdedb88c570 0ba546b1e1a545dbab5d5aec787ff72e 0022edd18bf243c1a37f2e69938970ca - - default default] 10.0.0.166 "GET /v2.0/policies/eebba074-7f29-4bf5-a5dd-b197b3c4d58c/tags HTTP/1.1" status: 200 len: 230 time: 0.0123751
2026-07-15 06:11:37.241 10 INFO neutron.wsgi [None req-efdcb2f9-1072-4aa2-ad0c-4be05ba6a086 3b876ed0f50a4a5083502263e0568722 1e6cee2a595a41a690d3d2ee1d5208ff - - - -] 10.0.0.166 "DELETE /v2.0/networks/dfd0243a-b480-47e6-aa62-2eb630870668 HTTP/1.1" status: 204 len: 168 time: 0.5393884
2026-07-15 06:11:37.254 9 INFO neutron.wsgi [None req-ca1e989a-3c69-457a-ba06-16927572529a 0ba546b1e1a545dbab5d5aec787ff72e 0022edd18bf243c1a37f2e69938970ca - - default default] 10.0.0.166 "GET /v2.0/policies/eebba074-7f29-4bf5-a5dd-b197b3c4d58c/tags/red HTTP/1.1" status: 204 len: 168 time: 0.0100358
2026-07-15 06:11:37.270 9 INFO neutron.api.v2.resource [None req-d7bd9c05-ae37-45d6-9d42-48e9ab50669a 0ba546b1e1a545dbab5d5aec787ff72e 0022edd18bf243c1a37f2e69938970ca - - default default] show failed (client error): The resource could not be found.
2026-07-15 06:11:37.271 9 INFO neutron.wsgi [None req-d7bd9c05-ae37-45d6-9d42-48e9ab50669a 0ba546b1e1a545dbab5d5aec787ff72e 0022edd18bf243c1a37f2e69938970ca - - default default] 10.0.0.166 "GET /v2.0/policies/eebba074-7f29-4bf5-a5dd-b197b3c4d58c/tags/green HTTP/1.1" status: 404 len: 299 time: 0.0134573
2026-07-15 06:11:37.287 10 INFO neutron.db.ovn_revision_numbers_db [None req-d7504da8-4d1f-47e6-be09-624a389f4b60 e7e8fa7d833c4bf9b1c73b5961e2428e dccbf77dd1654d74912633680e7be0e3 - - - -] Successfully bumped revision number for resource 035060b5-6f9e-4340-a55c-b08e32f71108 (type: networks) to 1
2026-07-15 06:11:37.297 9 INFO neutron.wsgi [None req-1f6a2e71-f5ea-4489-bb4e-2553bd130376 0ba546b1e1a545dbab5d5aec787ff72e 0022edd18bf243c1a37f2e69938970ca - - - -] 10.0.0.166 "DELETE /v2.0/policies/eebba074-7f29-4bf5-a5dd-b197b3c4d58c/tags/red HTTP/1.1" status: 204 len: 168 time: 0.0225663
2026-07-15 06:11:37.324 10 INFO neutron.wsgi [None req-d2475d9a-fb16-4082-9e26-8d08a0bd5d41 0ba546b1e1a545dbab5d5aec787ff72e 0022edd18bf243c1a37f2e69938970ca - - default default] 10.0.0.166 "GET /v2.0/policies/eebba074-7f29-4bf5-a5dd-b197b3c4d58c/tags HTTP/1.1" status: 200 len: 223 time: 0.0225706
2026-07-15 06:11:37.344 9 INFO neutron.api.v2.resource [None req-b37abb6d-d1ed-457a-a32b-69ad4516f804 0ba546b1e1a545dbab5d5aec787ff72e 0022edd18bf243c1a37f2e69938970ca - - - -] delete failed (client error): The resource could not be found.
2026-07-15 06:11:37.345 9 INFO neutron.wsgi [None req-b37abb6d-d1ed-457a-a32b-69ad4516f804 0ba546b1e1a545dbab5d5aec787ff72e 0022edd18bf243c1a37f2e69938970ca - - - -] 10.0.0.166 "DELETE /v2.0/policies/eebba074-7f29-4bf5-a5dd-b197b3c4d58c/tags/green HTTP/1.1" status: 404 len: 299 time: 0.0162458
2026-07-15 06:11:37.366 9 INFO neutron.wsgi [None req-8258edf5-af0c-403f-b87b-5d145a3e7ef5 0ba546b1e1a545dbab5d5aec787ff72e 0022edd18bf243c1a37f2e69938970ca - - - -] 10.0.0.166 "DELETE /v2.0/policies/eebba074-7f29-4bf5-a5dd-b197b3c4d58c/tags HTTP/1.1" status: 204 len: 168 time: 0.0178196
2026-07-15 06:11:37.380 9 INFO neutron.wsgi [None req-cc1ebec3-0da6-4410-9e68-c1746ce35ae6 0ba546b1e1a545dbab5d5aec787ff72e 0022edd18bf243c1a37f2e69938970ca - - default default] 10.0.0.166 "GET /v2.0/policies/eebba074-7f29-4bf5-a5dd-b197b3c4d58c/tags HTTP/1.1" status: 200 len: 205 time: 0.0106225
