2026-07-15 06:09:49.893 9 INFO neutron.services.segments.plugin [-] Segment 2cb4e928-0391-4ca6-b611-920c534bd882 resource provider not found; error: Placement Client Error (4xx): {"errors": [{"status": 404, "title": "Not Found", "detail": "The resource could not be found.\n\n No resource provider with uuid 2cb4e928-0391-4ca6-b611-920c534bd882 found for delete ", "request_id": "req-f9b422b8-80ec-47c3-b4bb-d6cedfded5d0"}]}
2026-07-15 06:09:49.893 9 INFO neutron.services.segments.plugin [-] Segment 2cb4e928-0391-4ca6-b611-920c534bd882 resource provider not found; error: Placement Client Error (4xx): {"errors": [{"status": 404, "title": "Not Found", "detail": "The resource could not be found.\n\n No resource provider with uuid 2cb4e928-0391-4ca6-b611-920c534bd882 found for delete ", "request_id": "req-578c3fa7-1042-4412-a42d-4a22c800aae3"}]}
2026-07-15 06:09:49.912 9 INFO neutron.wsgi [None req-f1d24608-af69-440a-97f3-79160a716860 0da6c80d60f54d37b08bf2728e147bbf 131dd7ad3488415e91a3a6e17b85182f - - - -] 10.0.0.166 "DELETE /v2.0/networks/e8cf36d0-00a9-4307-a387-3d839bf9aaba HTTP/1.1" status: 204 len: 168 time: 0.3949294
2026-07-15 06:09:50.036 10 INFO neutron.db.segments_db [None req-f3eb5f54-8f44-4567-837d-69bb8f93c571 0da6c80d60f54d37b08bf2728e147bbf 131dd7ad3488415e91a3a6e17b85182f - - - -] Added segment 23f4d7e1-609c-4da7-8b80-ccfd556a8964 of type geneve for network 283e70e8-f9b1-404a-b066-8650a225c851
2026-07-15 06:09:50.066 10 INFO neutron.notifiers.nova [-] Nova event matching ['req-08cd3f17-a605-41a2-a477-34871ba3ace4'] response: {'server_uuid': '99679a09-8ee3-46ce-b682-b192060f78e9', 'name': 'network-vif-unplugged', 'status': 'completed', 'tag': '91708a2e-4056-4368-8da7-52f0c7c36ef8', 'code': 200}
2026-07-15 06:09:50.067 10 INFO neutron.notifiers.nova [-] Nova event matching ['req-08cd3f17-a605-41a2-a477-34871ba3ace4'] response: {'server_uuid': '99679a09-8ee3-46ce-b682-b192060f78e9', 'name': 'network-vif-plugged', 'status': 'completed', 'tag': '91708a2e-4056-4368-8da7-52f0c7c36ef8', 'code': 200}
2026-07-15 06:09:50.067 10 INFO neutron.notifiers.nova [-] Nova event matching ['req-08cd3f17-a605-41a2-a477-34871ba3ace4'] response: {'server_uuid': '99679a09-8ee3-46ce-b682-b192060f78e9', 'name': 'network-vif-deleted', 'tag': '91708a2e-4056-4368-8da7-52f0c7c36ef8', 'status': 'completed', 'code': 200}
2026-07-15 06:09:50.067 10 INFO neutron.notifiers.nova [-] Nova event matching ['req-08cd3f17-a605-41a2-a477-34871ba3ace4'] response: {'name': 'network-changed', 'server_uuid': '3ee504c0-373e-446c-bc3f-8f6bf1c7ff33', 'tag': 'f586982b-dfe5-48dd-9e8f-17a462b44e5b', 'status': 'completed', 'code': 200}
2026-07-15 06:09:50.133 10 INFO neutron.wsgi [req-22d4dd88-66ef-4714-84f9-9e524c5e3993 req-4d81f43b-99ea-4184-940c-41196684c4f1 ecf185079cda43319eb868f783ee53ce cbab0bc396ce4998b990be672fbe39f9 - - d75b538e44df44d6a7a6107f8abc3b91 d75b538e44df44d6a7a6107f8abc3b91] 199.19.213.21 "GET /v2.0/ports?tenant_id=3617ef89ee794eefa1f8dea661d0a45c&device_id=3ee504c0-373e-446c-bc3f-8f6bf1c7ff33 HTTP/1.1" status: 200 len: 1361 time: 0.0452361
2026-07-15 06:09:50.196 10 INFO neutron.db.ovn_revision_numbers_db [None req-f3eb5f54-8f44-4567-837d-69bb8f93c571 0da6c80d60f54d37b08bf2728e147bbf 131dd7ad3488415e91a3a6e17b85182f - - - -] Successfully bumped revision number for resource 283e70e8-f9b1-404a-b066-8650a225c851 (type: networks) to 1
2026-07-15 06:09:50.227 10 INFO neutron.wsgi [req-22d4dd88-66ef-4714-84f9-9e524c5e3993 req-0e0c744b-8813-4ac8-892c-031e0c5936f4 ecf185079cda43319eb868f783ee53ce cbab0bc396ce4998b990be672fbe39f9 - - d75b538e44df44d6a7a6107f8abc3b91 d75b538e44df44d6a7a6107f8abc3b91] 199.19.213.21 "GET /v2.0/networks?id=5b4ede0d-4140-496b-87e3-e8c26a97b693 HTTP/1.1" status: 200 len: 958 time: 0.0830879
2026-07-15 06:09:50.256 10 INFO neutron.wsgi [req-22d4dd88-66ef-4714-84f9-9e524c5e3993 req-5190fa78-95a6-4b81-9c02-6d721b94996b ecf185079cda43319eb868f783ee53ce cbab0bc396ce4998b990be672fbe39f9 - - d75b538e44df44d6a7a6107f8abc3b91 d75b538e44df44d6a7a6107f8abc3b91] 199.19.213.21 "GET /v2.0/floatingips?fixed_ip_address=10.100.0.7&port_id=f586982b-dfe5-48dd-9e8f-17a462b44e5b HTTP/1.1" status: 200 len: 217 time: 0.0225158
2026-07-15 06:09:50.311 10 INFO neutron.wsgi [req-22d4dd88-66ef-4714-84f9-9e524c5e3993 req-b8c9f957-5aa9-4ea9-b6c5-e259b71f5c33 ecf185079cda43319eb868f783ee53ce cbab0bc396ce4998b990be672fbe39f9 - - d75b538e44df44d6a7a6107f8abc3b91 d75b538e44df44d6a7a6107f8abc3b91] 199.19.213.21 "GET /v2.0/subnets?id=5c1e356f-159e-4838-a77c-fb35c97cfcea HTTP/1.1" status: 200 len: 853 time: 0.0450680
2026-07-15 06:09:50.347 10 INFO neutron.wsgi [req-22d4dd88-66ef-4714-84f9-9e524c5e3993 req-ed6ddc66-4c47-4b41-9798-2854f38b5ae6 ecf185079cda43319eb868f783ee53ce cbab0bc396ce4998b990be672fbe39f9 - - d75b538e44df44d6a7a6107f8abc3b91 d75b538e44df44d6a7a6107f8abc3b91] 199.19.213.21 "GET /v2.0/ports?network_id=5b4ede0d-4140-496b-87e3-e8c26a97b693&device_owner=network%3Adhcp HTTP/1.1" status: 200 len: 210 time: 0.0235901
2026-07-15 06:09:50.433 10 WARNING neutron.scheduler.dhcp_agent_scheduler [None req-f3eb5f54-8f44-4567-837d-69bb8f93c571 0da6c80d60f54d37b08bf2728e147bbf 131dd7ad3488415e91a3a6e17b85182f - - - -] No more DHCP agents
2026-07-15 06:09:50.436 10 WARNING neutron.api.rpc.agentnotifiers.dhcp_rpc_agent_api [None req-f3eb5f54-8f44-4567-837d-69bb8f93c571 0da6c80d60f54d37b08bf2728e147bbf 131dd7ad3488415e91a3a6e17b85182f - - - -] Unable to schedule network 283e70e8-f9b1-404a-b066-8650a225c851: no agents available; will retry on subsequent port and subnet creation events.
2026-07-15 06:09:50.448 10 INFO neutron.wsgi [req-22d4dd88-66ef-4714-84f9-9e524c5e3993 req-8fccb67a-57a7-4027-b38d-34aab180e016 ecf185079cda43319eb868f783ee53ce cbab0bc396ce4998b990be672fbe39f9 - - d75b538e44df44d6a7a6107f8abc3b91 d75b538e44df44d6a7a6107f8abc3b91] 199.19.213.21 "GET /v2.0/networks/5b4ede0d-4140-496b-87e3-e8c26a97b693?fields=segments HTTP/1.1" status: 200 len: 212 time: 0.0819433
2026-07-15 06:09:50.505 9 INFO neutron.wsgi [None req-d0e88822-47f6-4c19-b63e-c72aafbee3f5 3ef224e9590a45aeb4af936296e3acf2 ce622f652a5a4801a5544f93153c7d26 - - - -] 10.0.0.166 "DELETE /v2.0/security-groups/0678b4a2-c2d8-4c53-8234-99abd53be0ce HTTP/1.1" status: 204 len: 168 time: 0.1422415
2026-07-15 06:09:50.525 10 INFO neutron.db.ovn_revision_numbers_db [None req-f3eb5f54-8f44-4567-837d-69bb8f93c571 0da6c80d60f54d37b08bf2728e147bbf 131dd7ad3488415e91a3a6e17b85182f - - - -] Successfully bumped revision number for resource 27bd6f7e-0f8b-4f2b-819c-0abf7e83774a (type: ports) to 1
2026-07-15 06:09:50.531 10 INFO neutron.api.v2.resource [None req-d2ee06bf-cc6e-4bba-af2f-7001655abaa6 3ef224e9590a45aeb4af936296e3acf2 ce622f652a5a4801a5544f93153c7d26 - - default default] show failed (client error): The resource could not be found.
2026-07-15 06:09:50.532 10 INFO neutron.wsgi [None req-d2ee06bf-cc6e-4bba-af2f-7001655abaa6 3ef224e9590a45aeb4af936296e3acf2 ce622f652a5a4801a5544f93153c7d26 - - default default] 10.0.0.166 "GET /v2.0/security-groups/0678b4a2-c2d8-4c53-8234-99abd53be0ce HTTP/1.1" status: 404 len: 347 time: 0.0181606
2026-07-15 06:09:50.537 10 INFO neutron.wsgi [req-22d4dd88-66ef-4714-84f9-9e524c5e3993 req-189c5dde-590e-4059-add7-25df7a496380 ecf185079cda43319eb868f783ee53ce cbab0bc396ce4998b990be672fbe39f9 - - d75b538e44df44d6a7a6107f8abc3b91 d75b538e44df44d6a7a6107f8abc3b91] 199.19.213.21 "GET /v2.0/networks/5b4ede0d-4140-496b-87e3-e8c26a97b693?fields=provider%3Aphysical_network&fields=provider%3Anetwork_type HTTP/1.1" status: 200 len: 277 time: 0.0819979
2026-07-15 06:09:50.547 10 INFO neutron.wsgi [None req-f3eb5f54-8f44-4567-837d-69bb8f93c571 0da6c80d60f54d37b08bf2728e147bbf 131dd7ad3488415e91a3a6e17b85182f - - - -] 10.0.0.166 "POST /v2.0/networks HTTP/1.1" status: 201 len: 833 time: 0.6252651
2026-07-15 06:09:50.784 10 WARNING neutron.scheduler.dhcp_agent_scheduler [None req-5af38573-1b69-475e-9011-f10393fe18b4 0da6c80d60f54d37b08bf2728e147bbf 131dd7ad3488415e91a3a6e17b85182f - - - -] No more DHCP agents
2026-07-15 06:09:50.786 10 WARNING neutron.api.rpc.agentnotifiers.dhcp_rpc_agent_api [None req-5af38573-1b69-475e-9011-f10393fe18b4 0da6c80d60f54d37b08bf2728e147bbf 131dd7ad3488415e91a3a6e17b85182f - - - -] Unable to schedule network 283e70e8-f9b1-404a-b066-8650a225c851: no agents available; will retry on subsequent port and subnet creation events.
2026-07-15 06:09:50.798 10 INFO neutron.db.ovn_revision_numbers_db [None req-5af38573-1b69-475e-9011-f10393fe18b4 0da6c80d60f54d37b08bf2728e147bbf 131dd7ad3488415e91a3a6e17b85182f - - - -] Successfully bumped revision number for resource deb1c9df-597e-42c9-a829-60198ca4b038 (type: subnets) to 0
2026-07-15 06:09:50.815 10 INFO neutron.wsgi [None req-5af38573-1b69-475e-9011-f10393fe18b4 0da6c80d60f54d37b08bf2728e147bbf 131dd7ad3488415e91a3a6e17b85182f - - - -] 10.0.0.166 "POST /v2.0/subnets HTTP/1.1" status: 201 len: 821 time: 0.2624454
2026-07-15 06:09:50.924 9 INFO neutron.wsgi [None req-cce1e3c6-f02d-4bd5-bad7-d5b481328d42 3ef224e9590a45aeb4af936296e3acf2 ce622f652a5a4801a5544f93153c7d26 - - - -] 10.0.0.166 "DELETE /v2.0/floatingips/9d4f4364-fba4-4c60-8bc0-c60965258c38 HTTP/1.1" status: 204 len: 168 time: 0.3869381
2026-07-15 06:09:50.999 9 INFO neutron.db.ovn_revision_numbers_db [None req-ba6d3065-fbce-4ca8-a7bb-cf1b645b868e 0da6c80d60f54d37b08bf2728e147bbf 131dd7ad3488415e91a3a6e17b85182f - - - -] Successfully bumped revision number for resource 5a708f08-6e11-4a32-b784-8ed2bf2b654a (type: routers) to 1
2026-07-15 06:09:51.016 9 INFO neutron.wsgi [None req-ba6d3065-fbce-4ca8-a7bb-cf1b645b868e 0da6c80d60f54d37b08bf2728e147bbf 131dd7ad3488415e91a3a6e17b85182f - - - -] 10.0.0.166 "POST /v2.0/routers HTTP/1.1" status: 201 len: 689 time: 0.1962898
2026-07-15 06:09:51.067 10 INFO neutron.db.ovn_revision_numbers_db [None req-0be9d206-528e-491e-8476-c1dda181a025 dced2ab65efe4545a9b47d9ff3f526ad 3617ef89ee794eefa1f8dea661d0a45c - - - -] Successfully bumped revision number for resource 51b9e076-ac36-4a79-853f-b4ea6dc7145c (type: security_groups) to 1
2026-07-15 06:09:51.101 10 INFO neutron.wsgi [None req-0be9d206-528e-491e-8476-c1dda181a025 dced2ab65efe4545a9b47d9ff3f526ad 3617ef89ee794eefa1f8dea661d0a45c - - - -] 10.0.0.166 "POST /v2.0/security-groups HTTP/1.1" status: 201 len: 1811 time: 0.2178209
2026-07-15 06:09:51.232 10 INFO neutron.db.ovn_revision_numbers_db [None req-a55b96ba-6cdd-47e8-84b9-19811f004a77 bc890da7b1e045df99b7fb40a936d507 524d02558d484f44874de52b6ff81980 - - - -] Successfully bumped revision number for resource 5e8d72f7-7212-4d3a-9bcf-ad341dc218cb (type: security_groups) to 1
2026-07-15 06:09:51.296 10 INFO neutron.db.segments_db [None req-a55b96ba-6cdd-47e8-84b9-19811f004a77 bc890da7b1e045df99b7fb40a936d507 524d02558d484f44874de52b6ff81980 - - - -] Added segment 006e7ba7-98b8-47b7-906b-2f3444f6b506 of type geneve for network 4b902099-743e-446d-8db6-7a7d13705fe7
2026-07-15 06:09:51.303 10 INFO neutron.db.ovn_revision_numbers_db [None req-47b7d2db-0b8b-400a-a3d8-32cbc574a918 dced2ab65efe4545a9b47d9ff3f526ad 3617ef89ee794eefa1f8dea661d0a45c - - - -] Successfully bumped revision number for resource 20b2b3b5-2d5f-4e06-8215-01286f7a91bb (type: security_group_rules) to 0
2026-07-15 06:09:51.365 10 INFO neutron.wsgi [None req-47b7d2db-0b8b-400a-a3d8-32cbc574a918 dced2ab65efe4545a9b47d9ff3f526ad 3617ef89ee794eefa1f8dea661d0a45c - - - -] 10.0.0.166 "POST /v2.0/security-group-rules HTTP/1.1" status: 201 len: 764 time: 0.2545524
2026-07-15 06:09:51.428 9 WARNING neutron.scheduler.dhcp_agent_scheduler [None req-ecd9fbf1-027f-40c5-af10-4c1cfbff8705 0da6c80d60f54d37b08bf2728e147bbf 131dd7ad3488415e91a3a6e17b85182f - - default default] No more DHCP agents
2026-07-15 06:09:51.431 9 WARNING neutron.api.rpc.agentnotifiers.dhcp_rpc_agent_api [None req-ecd9fbf1-027f-40c5-af10-4c1cfbff8705 0da6c80d60f54d37b08bf2728e147bbf 131dd7ad3488415e91a3a6e17b85182f - - default default] Unable to schedule network 283e70e8-f9b1-404a-b066-8650a225c851: no agents available; will retry on subsequent port and subnet creation events.
2026-07-15 06:09:51.504 10 INFO neutron.db.ovn_revision_numbers_db [None req-a55b96ba-6cdd-47e8-84b9-19811f004a77 bc890da7b1e045df99b7fb40a936d507 524d02558d484f44874de52b6ff81980 - - - -] Successfully bumped revision number for resource 4b902099-743e-446d-8db6-7a7d13705fe7 (type: networks) to 1
2026-07-15 06:09:51.527 9 INFO neutron.db.ovn_revision_numbers_db [None req-ecd9fbf1-027f-40c5-af10-4c1cfbff8705 0da6c80d60f54d37b08bf2728e147bbf 131dd7ad3488415e91a3a6e17b85182f - - default default] Successfully bumped revision number for resource 93da98fd-2b33-4219-baff-c7e9d6829c68 (type: ports) to 1
2026-07-15 06:09:51.878 10 INFO neutron.db.ovn_revision_numbers_db [None req-dce22910-3973-4f77-a59b-f0433350f098 dced2ab65efe4545a9b47d9ff3f526ad 3617ef89ee794eefa1f8dea661d0a45c - - - -] Successfully bumped revision number for resource a6a1a00d-7a3a-4ea8-a88d-d75efca10f29 (type: security_group_rules) to 0
2026-07-15 06:09:51.941 9 INFO neutron.db.ovn_revision_numbers_db [None req-ecd9fbf1-027f-40c5-af10-4c1cfbff8705 0da6c80d60f54d37b08bf2728e147bbf 131dd7ad3488415e91a3a6e17b85182f - - default default] Successfully bumped revision number for resource 93da98fd-2b33-4219-baff-c7e9d6829c68 (type: router_ports) to 2
2026-07-15 06:09:51.943 10 INFO neutron.wsgi [None req-dce22910-3973-4f77-a59b-f0433350f098 dced2ab65efe4545a9b47d9ff3f526ad 3617ef89ee794eefa1f8dea661d0a45c - - - -] 10.0.0.166 "POST /v2.0/security-group-rules HTTP/1.1" status: 201 len: 763 time: 0.5708609
2026-07-15 06:09:51.945 10 INFO neutron.plugins.ml2.drivers.ovn.mech_driver.mech_driver [None req-bceb5e37-e2e9-4c25-b4a6-b028aa7fbee5 - - - - - -] OVN reports status up for port: 93da98fd-2b33-4219-baff-c7e9d6829c68
2026-07-15 06:09:51.964 10 INFO neutron.plugins.ml2.plugin [None req-bceb5e37-e2e9-4c25-b4a6-b028aa7fbee5 - - - - - -] Attempt 1 to provision port 93da98fd-2b33-4219-baff-c7e9d6829c68
2026-07-15 06:09:52.031 9 INFO neutron.db.ovn_revision_numbers_db [None req-ecd9fbf1-027f-40c5-af10-4c1cfbff8705 0da6c80d60f54d37b08bf2728e147bbf 131dd7ad3488415e91a3a6e17b85182f - - default default] Successfully bumped revision number for resource 93da98fd-2b33-4219-baff-c7e9d6829c68 (type: ports) to 2
2026-07-15 06:09:52.048 10 WARNING neutron.scheduler.dhcp_agent_scheduler [None req-a55b96ba-6cdd-47e8-84b9-19811f004a77 bc890da7b1e045df99b7fb40a936d507 524d02558d484f44874de52b6ff81980 - - - -] No more DHCP agents
2026-07-15 06:09:52.060 10 WARNING neutron.api.rpc.agentnotifiers.dhcp_rpc_agent_api [None req-a55b96ba-6cdd-47e8-84b9-19811f004a77 bc890da7b1e045df99b7fb40a936d507 524d02558d484f44874de52b6ff81980 - - - -] Unable to schedule network 4b902099-743e-446d-8db6-7a7d13705fe7: no agents available; will retry on subsequent port and subnet creation events.
2026-07-15 06:09:52.095 9 WARNING neutron.scheduler.dhcp_agent_scheduler [None req-ecd9fbf1-027f-40c5-af10-4c1cfbff8705 0da6c80d60f54d37b08bf2728e147bbf 131dd7ad3488415e91a3a6e17b85182f - - default default] No more DHCP agents
2026-07-15 06:09:52.098 9 WARNING neutron.api.rpc.agentnotifiers.dhcp_rpc_agent_api [None req-ecd9fbf1-027f-40c5-af10-4c1cfbff8705 0da6c80d60f54d37b08bf2728e147bbf 131dd7ad3488415e91a3a6e17b85182f - - default default] Unable to schedule network 283e70e8-f9b1-404a-b066-8650a225c851: no agents available; will retry on subsequent port and subnet creation events.
2026-07-15 06:09:52.173 10 INFO neutron.db.ovn_revision_numbers_db [None req-a55b96ba-6cdd-47e8-84b9-19811f004a77 bc890da7b1e045df99b7fb40a936d507 524d02558d484f44874de52b6ff81980 - - - -] Successfully bumped revision number for resource c92b47f7-dd55-4541-98a7-1fbca3fbbe28 (type: ports) to 1
2026-07-15 06:09:52.255 10 INFO neutron.wsgi [None req-a55b96ba-6cdd-47e8-84b9-19811f004a77 bc890da7b1e045df99b7fb40a936d507 524d02558d484f44874de52b6ff81980 - - - -] 10.0.0.166 "POST /v2.0/networks HTTP/1.1" status: 201 len: 939 time: 1.4539876
2026-07-15 06:09:52.263 10 INFO neutron.db.ovn_revision_numbers_db [None req-65f06cc2-268f-4bd5-8808-a7db88d1e4f0 dced2ab65efe4545a9b47d9ff3f526ad 3617ef89ee794eefa1f8dea661d0a45c - - - -] Successfully bumped revision number for resource 264e9e6e-c0f3-455f-bfd0-d1a5f274f82d (type: security_group_rules) to 0
2026-07-15 06:09:52.339 10 INFO neutron.wsgi [None req-65f06cc2-268f-4bd5-8808-a7db88d1e4f0 dced2ab65efe4545a9b47d9ff3f526ad 3617ef89ee794eefa1f8dea661d0a45c - - - -] 10.0.0.166 "POST /v2.0/security-group-rules HTTP/1.1" status: 201 len: 769 time: 0.3896537
2026-07-15 06:09:52.476 9 INFO neutron.db.ovn_revision_numbers_db [None req-ecd9fbf1-027f-40c5-af10-4c1cfbff8705 0da6c80d60f54d37b08bf2728e147bbf 131dd7ad3488415e91a3a6e17b85182f - - - -] Successfully bumped revision number for resource 93da98fd-2b33-4219-baff-c7e9d6829c68 (type: router_ports) to 2
2026-07-15 06:09:52.480 9 INFO neutron.wsgi [None req-ecd9fbf1-027f-40c5-af10-4c1cfbff8705 0da6c80d60f54d37b08bf2728e147bbf 131dd7ad3488415e91a3a6e17b85182f - - - -] 10.0.0.166 "PUT /v2.0/routers/5a708f08-6e11-4a32-b784-8ed2bf2b654a/add_router_interface HTTP/1.1" status: 200 len: 503 time: 1.4587686
2026-07-15 06:09:52.487 10 INFO neutron.db.ovn_revision_numbers_db [None req-bceb5e37-e2e9-4c25-b4a6-b028aa7fbee5 - - - - - -] Successfully bumped revision number for resource 93da98fd-2b33-4219-baff-c7e9d6829c68 (type: ports) to 3
2026-07-15 06:09:52.573 9 INFO neutron.wsgi [None req-4ccf9367-0b90-45dd-8b41-3ae2dd939c43 0da6c80d60f54d37b08bf2728e147bbf 131dd7ad3488415e91a3a6e17b85182f - - default default] 10.0.0.166 "GET /v2.0/ports/93da98fd-2b33-4219-baff-c7e9d6829c68 HTTP/1.1" status: 200 len: 1141 time: 0.0869191
2026-07-15 06:09:52.611 9 INFO neutron.wsgi [None req-b4eeba3c-f322-4088-be3c-a2eff6882cb8 0da6c80d60f54d37b08bf2728e147bbf 131dd7ad3488415e91a3a6e17b85182f - - default default] 10.0.0.166 "GET /v2.0/ports/93da98fd-2b33-4219-baff-c7e9d6829c68 HTTP/1.1" status: 200 len: 1141 time: 0.0334256
2026-07-15 06:09:52.643 10 WARNING neutron.scheduler.dhcp_agent_scheduler [None req-c4914569-5f70-4891-a46b-c7254de4cdac bc890da7b1e045df99b7fb40a936d507 524d02558d484f44874de52b6ff81980 - - - -] No more DHCP agents
2026-07-15 06:09:52.651 10 WARNING neutron.api.rpc.agentnotifiers.dhcp_rpc_agent_api [None req-c4914569-5f70-4891-a46b-c7254de4cdac bc890da7b1e045df99b7fb40a936d507 524d02558d484f44874de52b6ff81980 - - - -] Unable to schedule network 4b902099-743e-446d-8db6-7a7d13705fe7: no agents available; will retry on subsequent port and subnet creation events.
2026-07-15 06:09:52.712 9 WARNING neutron.plugins.ml2.drivers.ovn.mech_driver.ovsdb.ovn_client [None req-9636f075-5c4a-4bff-ae5a-d3208eaaedf0 - - - - - -] No port found with ID 5a572d78-8fc1-441d-955e-12d304e8281b: RuntimeError: No port found with ID 5a572d78-8fc1-441d-955e-12d304e8281b
2026-07-15 06:09:52.725 10 INFO neutron.db.ovn_revision_numbers_db [None req-3ec4c4da-7e1a-4c35-9113-72241bda633a dced2ab65efe4545a9b47d9ff3f526ad 3617ef89ee794eefa1f8dea661d0a45c - - - -] Successfully bumped revision number for resource c77cdc35-b7a0-4696-bd2c-fc0e2b87bce8 (type: security_group_rules) to 0
2026-07-15 06:09:52.731 10 INFO neutron.db.ovn_revision_numbers_db [None req-bceb5e37-e2e9-4c25-b4a6-b028aa7fbee5 - - - - - -] Successfully bumped revision number for resource 93da98fd-2b33-4219-baff-c7e9d6829c68 (type: router_ports) to 3
2026-07-15 06:09:52.777 10 INFO neutron.wsgi [None req-3ec4c4da-7e1a-4c35-9113-72241bda633a dced2ab65efe4545a9b47d9ff3f526ad 3617ef89ee794eefa1f8dea661d0a45c - - - -] 10.0.0.166 "POST /v2.0/security-group-rules HTTP/1.1" status: 201 len: 768 time: 0.4288926
2026-07-15 06:09:52.837 10 INFO neutron.db.securitygroups_db [None req-9ea2487b-03c2-4285-93d2-fabae8ba8f15 dced2ab65efe4545a9b47d9ff3f526ad 3617ef89ee794eefa1f8dea661d0a45c - - - -] Project 3617ef89ee794eefa1f8dea661d0a45c added a security group rule with legacy IPv6 ICMP protocol name icmp, ipv6-icmp should be used instead. It was automatically converted.
2026-07-15 06:09:52.929 10 INFO neutron.wsgi [None req-86ce0c11-d78c-4784-9d06-492a284c2eb6 bc890da7b1e045df99b7fb40a936d507 524d02558d484f44874de52b6ff81980 - - - -] 10.0.0.166 "PUT /v2.0/routers/5e26f00d-c04a-4a0e-bfdd-900c49567363/remove_router_interface HTTP/1.1" status: 200 len: 503 time: 2.0009332 /var/lib/openstack/lib/python3.10/site-packages/pycadf/identifier.py:71: UserWarning: Invalid uuid: neutron. To ensure interoperability, identifiers should be a valid uuid. warnings.warn(('Invalid uuid: %s. To ensure interoperability, '
2026-07-15 06:09:53.073 10 INFO neutron.db.ovn_revision_numbers_db [None req-9ea2487b-03c2-4285-93d2-fabae8ba8f15 dced2ab65efe4545a9b47d9ff3f526ad 3617ef89ee794eefa1f8dea661d0a45c - - - -] Successfully bumped revision number for resource 3e3f2426-0c98-4df5-a2ff-dcac6ea0c763 (type: security_group_rules) to 0
2026-07-15 06:09:53.133 10 INFO neutron.wsgi [None req-9ea2487b-03c2-4285-93d2-fabae8ba8f15 dced2ab65efe4545a9b47d9ff3f526ad 3617ef89ee794eefa1f8dea661d0a45c - - - -] 10.0.0.166 "POST /v2.0/security-group-rules HTTP/1.1" status: 201 len: 774 time: 0.3441570
2026-07-15 06:09:53.212 10 INFO neutron.db.securitygroups_db [None req-d9be0ece-532c-4765-a142-2f55e71d45e6 dced2ab65efe4545a9b47d9ff3f526ad 3617ef89ee794eefa1f8dea661d0a45c - - - -] Project 3617ef89ee794eefa1f8dea661d0a45c added a security group rule with legacy IPv6 ICMP protocol name icmp, ipv6-icmp should be used instead. It was automatically converted.
2026-07-15 06:09:53.269 9 INFO neutron.wsgi [None req-00307cd6-92d3-4d47-bd26-c15c303d7679 0da6c80d60f54d37b08bf2728e147bbf 131dd7ad3488415e91a3a6e17b85182f - - - -] 10.0.0.166 "PUT /v2.0/routers/5a708f08-6e11-4a32-b784-8ed2bf2b654a/remove_router_interface HTTP/1.1" status: 200 len: 503 time: 0.6522815
2026-07-15 06:09:53.312 10 INFO neutron.wsgi [None req-a3eddc30-d032-4cf8-ba64-5b4deb6e7c2e 0da6c80d60f54d37b08bf2728e147bbf 131dd7ad3488415e91a3a6e17b85182f - - default default] 10.0.0.166 "GET /v2.0/ports?device_id=5a708f08-6e11-4a32-b784-8ed2bf2b654a HTTP/1.1" status: 200 len: 205 time: 0.0371852 /var/lib/openstack/lib/python3.10/site-packages/pycadf/identifier.py:71: UserWarning: Invalid uuid: neutron. To ensure interoperability, identifiers should be a valid uuid. warnings.warn(('Invalid uuid: %s. To ensure interoperability, '
2026-07-15 06:09:53.363 10 INFO neutron.db.ovn_revision_numbers_db [None req-d9be0ece-532c-4765-a142-2f55e71d45e6 dced2ab65efe4545a9b47d9ff3f526ad 3617ef89ee794eefa1f8dea661d0a45c - - - -] Successfully bumped revision number for resource dac38f9e-f831-457a-88a5-25398cd7769f (type: security_group_rules) to 0
2026-07-15 06:09:53.414 10 INFO neutron.wsgi [None req-d9be0ece-532c-4765-a142-2f55e71d45e6 dced2ab65efe4545a9b47d9ff3f526ad 3617ef89ee794eefa1f8dea661d0a45c - - - -] 10.0.0.166 "POST /v2.0/security-group-rules HTTP/1.1" status: 201 len: 773 time: 0.2745030
2026-07-15 06:09:53.482 10 INFO neutron.db.ovn_revision_numbers_db [None req-c4914569-5f70-4891-a46b-c7254de4cdac bc890da7b1e045df99b7fb40a936d507 524d02558d484f44874de52b6ff81980 - - - -] Successfully bumped revision number for resource c92b47f7-dd55-4541-98a7-1fbca3fbbe28 (type: ports) to 2
2026-07-15 06:09:53.514 10 INFO neutron.db.ovn_revision_numbers_db [None req-c4914569-5f70-4891-a46b-c7254de4cdac bc890da7b1e045df99b7fb40a936d507 524d02558d484f44874de52b6ff81980 - - - -] Successfully bumped revision number for resource f3fce3b9-123d-4c0c-93ea-27f6fbcbcbb0 (type: subnets) to 0
2026-07-15 06:09:53.527 10 INFO neutron.wsgi [None req-c4914569-5f70-4891-a46b-c7254de4cdac bc890da7b1e045df99b7fb40a936d507 524d02558d484f44874de52b6ff81980 - - - -] 10.0.0.166 "POST /v2.0/subnets HTTP/1.1" status: 201 len: 861 time: 1.2648330
2026-07-15 06:09:53.563 9 INFO neutron.wsgi [None req-a65934fc-a377-4e79-8174-325b16741fb0 0da6c80d60f54d37b08bf2728e147bbf 131dd7ad3488415e91a3a6e17b85182f - - - -] 10.0.0.166 "DELETE /v2.0/routers/5a708f08-6e11-4a32-b784-8ed2bf2b654a HTTP/1.1" status: 204 len: 168 time: 0.2444856
2026-07-15 06:09:53.740 9 INFO neutron.wsgi [None req-c5de2d61-8488-4918-9c95-8d1ea953591f 0da6c80d60f54d37b08bf2728e147bbf 131dd7ad3488415e91a3a6e17b85182f - - - -] 10.0.0.166 "DELETE /v2.0/subnets/deb1c9df-597e-42c9-a829-60198ca4b038 HTTP/1.1" status: 204 len: 168 time: 0.1722536
2026-07-15 06:09:53.963 9 INFO neutron.wsgi [None req-5ccbd064-2869-4519-81c8-e0d3ba1eef6b dced2ab65efe4545a9b47d9ff3f526ad 3617ef89ee794eefa1f8dea661d0a45c - - default default] 10.0.0.166 "GET /v2.0/networks HTTP/1.1" status: 200 len: 1493 time: 0.1730165
2026-07-15 06:09:54.078 10 INFO neutron.wsgi [None req-bdcfa06e-fe63-46e8-a057-49e860969acf bc890da7b1e045df99b7fb40a936d507 524d02558d484f44874de52b6ff81980 - - - -] 10.0.0.166 "DELETE /v2.0/routers/5e26f00d-c04a-4a0e-bfdd-900c49567363 HTTP/1.1" status: 204 len: 168 time: 1.1419871
2026-07-15 06:09:54.135 9 INFO neutron.services.segments.plugin [-] Segment 23f4d7e1-609c-4da7-8b80-ccfd556a8964 resource provider aggregate not found
2026-07-15 06:09:54.140 9 INFO neutron.services.segments.plugin [-] Segment 23f4d7e1-609c-4da7-8b80-ccfd556a8964 resource provider aggregate not found
2026-07-15 06:09:54.144 10 INFO neutron.wsgi [req-8c3de040-a189-4c6b-a018-7761ceebdcff req-2707dd1d-61a7-4fc5-97c5-e78a6848cd6a dced2ab65efe4545a9b47d9ff3f526ad 3617ef89ee794eefa1f8dea661d0a45c - - default default] 10.0.0.123 "GET /v2.0/security-groups?name=tempest-secgroup-smoke-1679012023&fields=id&tenant_id=3617ef89ee794eefa1f8dea661d0a45c HTTP/1.1" status: 200 len: 267 time: 0.0787683
2026-07-15 06:09:54.158 9 INFO neutron.services.segments.plugin [-] Segment 23f4d7e1-609c-4da7-8b80-ccfd556a8964 resource provider not found; error: Placement Client Error (4xx): {"errors": [{"status": 404, "title": "Not Found", "detail": "The resource could not be found.\n\n No resource provider with uuid 23f4d7e1-609c-4da7-8b80-ccfd556a8964 found for delete ", "request_id": "req-267bdfc8-b4d6-4495-ac90-e72d0d0163c9"}]}
2026-07-15 06:09:54.161 9 INFO neutron.services.segments.plugin [-] Segment 23f4d7e1-609c-4da7-8b80-ccfd556a8964 resource provider not found; error: Placement Client Error (4xx): {"errors": [{"status": 404, "title": "Not Found", "detail": "The resource could not be found.\n\n No resource provider with uuid 23f4d7e1-609c-4da7-8b80-ccfd556a8964 found for delete ", "request_id": "req-8617c8f9-536b-4bae-9e94-26c6718cffff"}]}
2026-07-15 06:09:54.176 9 INFO neutron.wsgi [None req-74a3399f-6a41-49fe-97f7-9d50f0618150 0da6c80d60f54d37b08bf2728e147bbf 131dd7ad3488415e91a3a6e17b85182f - - - -] 10.0.0.166 "DELETE /v2.0/networks/283e70e8-f9b1-404a-b066-8650a225c851 HTTP/1.1" status: 204 len: 168 time: 0.4268174
2026-07-15 06:09:54.362 10 INFO neutron.wsgi [req-8c3de040-a189-4c6b-a018-7761ceebdcff req-cfe71816-41b7-4415-8ad1-cc94bde2569c dced2ab65efe4545a9b47d9ff3f526ad 3617ef89ee794eefa1f8dea661d0a45c - - default default] 10.0.0.123 "GET /v2.0/networks?id=5b4ede0d-4140-496b-87e3-e8c26a97b693 HTTP/1.1" status: 200 len: 860 time: 0.2085042
2026-07-15 06:09:54.407 10 INFO neutron.wsgi [req-8c3de040-a189-4c6b-a018-7761ceebdcff req-427dbfc5-39a2-4cb9-93e9-0b9b7645a368 dced2ab65efe4545a9b47d9ff3f526ad 3617ef89ee794eefa1f8dea661d0a45c - - default default] 10.0.0.123 "GET /v2.0/quotas/3617ef89ee794eefa1f8dea661d0a45c HTTP/1.1" status: 200 len: 386 time: 0.0322118
2026-07-15 06:09:54.588 10 INFO neutron.wsgi [req-8c3de040-a189-4c6b-a018-7761ceebdcff req-0919d476-463d-4d46-8e95-fa78805c5401 dced2ab65efe4545a9b47d9ff3f526ad 3617ef89ee794eefa1f8dea661d0a45c - - default default] 10.0.0.123 "GET /v2.0/ports?tenant_id=3617ef89ee794eefa1f8dea661d0a45c&fields=id HTTP/1.1" status: 200 len: 348 time: 0.1732914
2026-07-15 06:09:54.604 10 INFO neutron.wsgi [None req-2e330ca1-551a-4ec7-b9c4-4085d371f852 bc890da7b1e045df99b7fb40a936d507 524d02558d484f44874de52b6ff81980 - - - -] 10.0.0.166 "DELETE /v2.0/subnets/b4f28209-3568-4e56-82da-ca7da73cf2f0 HTTP/1.1" status: 204 len: 168 time: 0.5208237
2026-07-15 06:09:54.711 10 INFO neutron.wsgi [req-8c3de040-a189-4c6b-a018-7761ceebdcff req-544f9d5c-4739-4bb3-8234-6f46897854f1 ecf185079cda43319eb868f783ee53ce cbab0bc396ce4998b990be672fbe39f9 - - d75b538e44df44d6a7a6107f8abc3b91 d75b538e44df44d6a7a6107f8abc3b91] 10.0.0.123 "GET /v2.0/networks/5b4ede0d-4140-496b-87e3-e8c26a97b693?fields=segments HTTP/1.1" status: 200 len: 212 time: 0.1057832
2026-07-15 06:09:54.721 10 WARNING neutron.scheduler.dhcp_agent_scheduler [None req-0bb42ccb-4461-46bd-a93b-76c561f86b2d bc890da7b1e045df99b7fb40a936d507 524d02558d484f44874de52b6ff81980 - - - -] No more DHCP agents
2026-07-15 06:09:54.730 10 WARNING neutron.api.rpc.agentnotifiers.dhcp_rpc_agent_api [None req-0bb42ccb-4461-46bd-a93b-76c561f86b2d bc890da7b1e045df99b7fb40a936d507 524d02558d484f44874de52b6ff81980 - - - -] Unable to schedule network b3058ac8-f6ab-4ab6-923b-56edb0747af6: no agents available; will retry on subsequent port and subnet creation events.
2026-07-15 06:09:54.828 10 INFO neutron.wsgi [req-8c3de040-a189-4c6b-a018-7761ceebdcff req-532cbcb7-bcbf-4c58-bc34-30e15708f05c ecf185079cda43319eb868f783ee53ce cbab0bc396ce4998b990be672fbe39f9 - - d75b538e44df44d6a7a6107f8abc3b91 d75b538e44df44d6a7a6107f8abc3b91] 10.0.0.123 "GET /v2.0/networks/5b4ede0d-4140-496b-87e3-e8c26a97b693?fields=provider%3Aphysical_network&fields=provider%3Anetwork_type HTTP/1.1" status: 200 len: 277 time: 0.1063831
2026-07-15 06:09:54.970 10 INFO neutron.db.ovn_revision_numbers_db [None req-0bb42ccb-4461-46bd-a93b-76c561f86b2d bc890da7b1e045df99b7fb40a936d507 524d02558d484f44874de52b6ff81980 - - - -] Successfully bumped revision number for resource c77bd47a-e2cd-49e1-af62-fe857ffabe46 (type: ports) to 1
2026-07-15 06:09:55.004 9 INFO neutron.wsgi [req-b301d091-6fc4-46fe-9164-fc27d08eb51e req-e1881af1-14f4-4f58-98d9-92d192dcfb61 dced2ab65efe4545a9b47d9ff3f526ad 3617ef89ee794eefa1f8dea661d0a45c - - default default] 10.0.0.123 "GET /v2.0/ports?device_id=6f1cf9a8-c067-4269-ae3d-26213864e6db HTTP/1.1" status: 200 len: 210 time: 0.0387237
2026-07-15 06:09:55.037 10 WARNING neutron.scheduler.dhcp_agent_scheduler [None req-de27083c-793f-44c8-8df5-43a061584f05 0da6c80d60f54d37b08bf2728e147bbf 131dd7ad3488415e91a3a6e17b85182f - - - -] No more DHCP agents
2026-07-15 06:09:55.047 10 WARNING neutron.api.rpc.agentnotifiers.dhcp_rpc_agent_api [None req-de27083c-793f-44c8-8df5-43a061584f05 0da6c80d60f54d37b08bf2728e147bbf 131dd7ad3488415e91a3a6e17b85182f - - - -] Unable to schedule network b3058ac8-f6ab-4ab6-923b-56edb0747af6: no agents available; will retry on subsequent port and subnet creation events.
2026-07-15 06:09:55.048 9 INFO neutron.wsgi [None req-f504c72d-7618-4368-9599-992bd105db5f bc890da7b1e045df99b7fb40a936d507 524d02558d484f44874de52b6ff81980 - - - -] 10.0.0.166 "DELETE /v2.0/networks/d930ff10-2752-4052-9791-70ecc2153004 HTTP/1.1" status: 204 len: 168 time: 0.4381297
2026-07-15 06:09:55.472 10 INFO neutron.wsgi [None req-30401564-f0ee-4ddf-a164-a0d8a8ffb333 bc890da7b1e045df99b7fb40a936d507 524d02558d484f44874de52b6ff81980 - - default default] 10.0.0.166 "GET /v2.0/security-groups?tenant_id=ce622f652a5a4801a5544f93153c7d26&name=default HTTP/1.1" status: 200 len: 2996 time: 0.3203051
2026-07-15 06:09:55.510 10 INFO neutron.db.ovn_revision_numbers_db [None req-de27083c-793f-44c8-8df5-43a061584f05 0da6c80d60f54d37b08bf2728e147bbf 131dd7ad3488415e91a3a6e17b85182f - - - -] Successfully bumped revision number for resource 57524f21-88c4-4e3a-b6bc-4eb00c74ea3a (type: ports) to 1
2026-07-15 06:09:55.711 9 INFO neutron.wsgi [None req-038299f2-9a25-4e58-ade8-9f2453a84c06 bc890da7b1e045df99b7fb40a936d507 524d02558d484f44874de52b6ff81980 - - - -] 10.0.0.166 "DELETE /v2.0/security-groups/9c594d51-214f-4b6a-8afa-277dcbe07d30 HTTP/1.1" status: 204 len: 168 time: 0.2346699
2026-07-15 06:09:55.765 10 INFO neutron.wsgi [req-8c3de040-a189-4c6b-a018-7761ceebdcff req-74efd2eb-9af6-494e-aa7e-80e911cd2461 dced2ab65efe4545a9b47d9ff3f526ad 3617ef89ee794eefa1f8dea661d0a45c - - default default] 199.19.213.21 "GET /v2.0/networks?id=5b4ede0d-4140-496b-87e3-e8c26a97b693 HTTP/1.1" status: 200 len: 860 time: 0.1192622
2026-07-15 06:09:55.872 10 INFO neutron.wsgi [req-8c3de040-a189-4c6b-a018-7761ceebdcff req-203f0944-328f-4eda-8d9d-08334e4c7276 dced2ab65efe4545a9b47d9ff3f526ad 3617ef89ee794eefa1f8dea661d0a45c - - default default] 199.19.213.21 "GET /v2.0/security-groups?fields=id&fields=name&tenant_id=3617ef89ee794eefa1f8dea661d0a45c HTTP/1.1" status: 200 len: 471 time: 0.0799456
2026-07-15 06:09:56.100 10 INFO neutron.wsgi [req-11b0a4a0-6aec-4265-9669-78a5358c60f5 req-45714c7e-a139-45de-a80f-2472dda94a57 dced2ab65efe4545a9b47d9ff3f526ad 3617ef89ee794eefa1f8dea661d0a45c - - default default] 10.0.0.123 "GET /v2.0/ports?device_id=6f1cf9a8-c067-4269-ae3d-26213864e6db HTTP/1.1" status: 200 len: 210 time: 0.0308607
2026-07-15 06:09:56.180 9 INFO neutron.services.segments.plugin [-] Segment 33a5bc1a-0de7-4bb0-970c-314b8d0c0198 resource provider aggregate not found
2026-07-15 06:09:56.185 9 INFO neutron.services.segments.plugin [-] Segment 33a5bc1a-0de7-4bb0-970c-314b8d0c0198 resource provider aggregate not found
2026-07-15 06:09:56.197 9 INFO neutron.services.segments.plugin [-] Segment 33a5bc1a-0de7-4bb0-970c-314b8d0c0198 resource provider not found; error: Placement Client Error (4xx): {"errors": [{"status": 404, "title": "Not Found", "detail": "The resource could not be found.\n\n No resource provider with uuid 33a5bc1a-0de7-4bb0-970c-314b8d0c0198 found for delete ", "request_id": "req-ca3cc4d8-d86c-4d1e-b01e-40aa3753980d"}]}
2026-07-15 06:09:56.199 9 INFO neutron.services.segments.plugin [-] Segment 33a5bc1a-0de7-4bb0-970c-314b8d0c0198 resource provider not found; error: Placement Client Error (4xx): {"errors": [{"status": 404, "title": "Not Found", "detail": "The resource could not be found.\n\n No resource provider with uuid 33a5bc1a-0de7-4bb0-970c-314b8d0c0198 found for delete ", "request_id": "req-594b9491-5c20-4a98-bf51-1c971d40351d"}]}
2026-07-15 06:09:56.239 10 INFO neutron.plugins.ml2.drivers.ovn.mech_driver.ovsdb.ovsdb_monitor [None req-99ed6d7e-6f6e-4101-ab9e-d03c2fa9ea10 - - - - - -] Router 02dc985f-7f51-491a-b3a2-5b32a1e39213 is bound to host instance
2026-07-15 06:09:56.280 10 INFO neutron.db.ovn_revision_numbers_db [None req-0bb42ccb-4461-46bd-a93b-76c561f86b2d bc890da7b1e045df99b7fb40a936d507 524d02558d484f44874de52b6ff81980 - - - -] Successfully bumped revision number for resource c77bd47a-e2cd-49e1-af62-fe857ffabe46 (type: router_ports) to 1
2026-07-15 06:09:56.441 10 INFO neutron.db.ovn_revision_numbers_db [None req-0bb42ccb-4461-46bd-a93b-76c561f86b2d bc890da7b1e045df99b7fb40a936d507 524d02558d484f44874de52b6ff81980 - - - -] Successfully bumped revision number for resource 02dc985f-7f51-491a-b3a2-5b32a1e39213 (type: routers) to 3
2026-07-15 06:09:56.485 10 INFO neutron.wsgi [None req-0bb42ccb-4461-46bd-a93b-76c561f86b2d bc890da7b1e045df99b7fb40a936d507 524d02558d484f44874de52b6ff81980 - - - -] 10.0.0.166 "POST /v2.0/routers HTTP/1.1" status: 201 len: 872 time: 2.9505975
2026-07-15 06:09:56.790 10 WARNING neutron.scheduler.dhcp_agent_scheduler [None req-25cbc860-8cae-4209-ab18-cc6a960e4069 dced2ab65efe4545a9b47d9ff3f526ad 3617ef89ee794eefa1f8dea661d0a45c - - - -] No more DHCP agents
2026-07-15 06:09:56.793 10 WARNING neutron.api.rpc.agentnotifiers.dhcp_rpc_agent_api [None req-25cbc860-8cae-4209-ab18-cc6a960e4069 dced2ab65efe4545a9b47d9ff3f526ad 3617ef89ee794eefa1f8dea661d0a45c - - - -] Unable to schedule network 5b4ede0d-4140-496b-87e3-e8c26a97b693: no agents available; will retry on subsequent port and subnet creation events.
2026-07-15 06:09:56.945 10 INFO neutron.db.ovn_revision_numbers_db [None req-de27083c-793f-44c8-8df5-43a061584f05 0da6c80d60f54d37b08bf2728e147bbf 131dd7ad3488415e91a3a6e17b85182f - - - -] Successfully bumped revision number for resource 57524f21-88c4-4e3a-b6bc-4eb00c74ea3a (type: router_ports) to 1
2026-07-15 06:09:57.064 10 INFO neutron.db.ovn_revision_numbers_db [None req-de27083c-793f-44c8-8df5-43a061584f05 0da6c80d60f54d37b08bf2728e147bbf 131dd7ad3488415e91a3a6e17b85182f - - - -] Successfully bumped revision number for resource 7eee832c-60a8-45aa-ba39-f7b409b81071 (type: routers) to 3
2026-07-15 06:09:57.109 10 INFO neutron.wsgi [None req-de27083c-793f-44c8-8df5-43a061584f05 0da6c80d60f54d37b08bf2728e147bbf 131dd7ad3488415e91a3a6e17b85182f - - - -] 10.0.0.166 "POST /v2.0/routers HTTP/1.1" status: 201 len: 872 time: 2.9113855
2026-07-15 06:09:57.110 10 INFO neutron.db.ovn_revision_numbers_db [None req-25cbc860-8cae-4209-ab18-cc6a960e4069 dced2ab65efe4545a9b47d9ff3f526ad 3617ef89ee794eefa1f8dea661d0a45c - - - -] Successfully bumped revision number for resource 656f5caf-55fa-40b9-af7b-d75c55312825 (type: ports) to 1
2026-07-15 06:09:57.138 10 INFO neutron.wsgi [None req-25cbc860-8cae-4209-ab18-cc6a960e4069 dced2ab65efe4545a9b47d9ff3f526ad 3617ef89ee794eefa1f8dea661d0a45c - - - -] 199.19.213.21 "POST /v2.0/ports HTTP/1.1" status: 201 len: 1158 time: 1.2550118 /var/lib/openstack/lib/python3.10/site-packages/pycadf/identifier.py:71: UserWarning: Invalid uuid: neutron. To ensure interoperability, identifiers should be a valid uuid. warnings.warn(('Invalid uuid: %s. To ensure interoperability, '
2026-07-15 06:09:57.251 9 WARNING neutron.scheduler.dhcp_agent_scheduler [None req-36ba492a-87a3-4bba-9c2a-419538565848 bc890da7b1e045df99b7fb40a936d507 524d02558d484f44874de52b6ff81980 - - default default] No more DHCP agents
2026-07-15 06:09:57.259 9 WARNING neutron.api.rpc.agentnotifiers.dhcp_rpc_agent_api [None req-36ba492a-87a3-4bba-9c2a-419538565848 bc890da7b1e045df99b7fb40a936d507 524d02558d484f44874de52b6ff81980 - - default default] Unable to schedule network 4b902099-743e-446d-8db6-7a7d13705fe7: no agents available; will retry on subsequent port and subnet creation events.
2026-07-15 06:09:57.265 9 INFO neutron.wsgi [None req-f8de1105-f0d0-4ff7-bc47-d9d6d21e79ab 0da6c80d60f54d37b08bf2728e147bbf 131dd7ad3488415e91a3a6e17b85182f - - default default] 10.0.0.166 "GET /v2.0/routers/7eee832c-60a8-45aa-ba39-f7b409b81071 HTTP/1.1" status: 200 len: 873 time: 0.1511533
2026-07-15 06:09:57.322 9 INFO neutron.wsgi [req-67d74a80-a7b6-458c-b3b8-cefc8b872de4 req-683dfeb0-5aa4-4728-b9c3-af85267f60d3 dced2ab65efe4545a9b47d9ff3f526ad 3617ef89ee794eefa1f8dea661d0a45c - - default default] 10.0.0.123 "GET /v2.0/ports?device_id=6f1cf9a8-c067-4269-ae3d-26213864e6db HTTP/1.1" status: 200 len: 1156 time: 0.1501451
2026-07-15 06:09:57.372 9 INFO neutron.wsgi [req-67d74a80-a7b6-458c-b3b8-cefc8b872de4 req-a0673ff3-edd8-41d4-901b-100c75719174 dced2ab65efe4545a9b47d9ff3f526ad 3617ef89ee794eefa1f8dea661d0a45c - - default default] 10.0.0.123 "GET /v2.0/security-groups?id=51b9e076-ac36-4a79-853f-b4ea6dc7145c&fields=id&fields=name HTTP/1.1" status: 200 len: 313 time: 0.0380809
2026-07-15 06:09:57.394 10 INFO neutron.db.ovn_revision_numbers_db [None req-99ed6d7e-6f6e-4101-ab9e-d03c2fa9ea10 - - - - - -] Successfully bumped revision number for resource c77bd47a-e2cd-49e1-af62-fe857ffabe46 (type: ports) to 1
2026-07-15 06:09:57.406 10 INFO neutron.wsgi [None req-9564fd1b-f45a-4cfe-9f32-21684cce38b8 0da6c80d60f54d37b08bf2728e147bbf 131dd7ad3488415e91a3a6e17b85182f - - default default] 10.0.0.166 "GET /v2.0/routers HTTP/1.1" status: 200 len: 876 time: 0.1305099
2026-07-15 06:09:57.469 9 INFO neutron.db.ovn_revision_numbers_db [None req-36ba492a-87a3-4bba-9c2a-419538565848 bc890da7b1e045df99b7fb40a936d507 524d02558d484f44874de52b6ff81980 - - default default] Successfully bumped revision number for resource c5c08141-2f11-4a7b-97c3-f1c035b78116 (type: ports) to 1
2026-07-15 06:09:57.756 10 INFO neutron.db.ovn_revision_numbers_db [None req-9c920c2c-cfb0-4181-a886-62fb8d4fb714 ecf185079cda43319eb868f783ee53ce cbab0bc396ce4998b990be672fbe39f9 - - - -] Successfully bumped revision number for resource 656f5caf-55fa-40b9-af7b-d75c55312825 (type: ports) to 2
2026-07-15 06:09:57.834 10 INFO neutron.db.ovn_revision_numbers_db [None req-99ed6d7e-6f6e-4101-ab9e-d03c2fa9ea10 - - - - - -] Successfully bumped revision number for resource c77bd47a-e2cd-49e1-af62-fe857ffabe46 (type: router_ports) to 3
2026-07-15 06:09:57.938 10 WARNING neutron.plugins.ml2.drivers.ovn.mech_driver.ovsdb.ovn_client [None req-bceb5e37-e2e9-4c25-b4a6-b028aa7fbee5 - - - - - -] No port found with ID 93da98fd-2b33-4219-baff-c7e9d6829c68: RuntimeError: No port found with ID 93da98fd-2b33-4219-baff-c7e9d6829c68
2026-07-15 06:09:57.939 10 INFO neutron.plugins.ml2.drivers.ovn.mech_driver.mech_driver [None req-bceb5e37-e2e9-4c25-b4a6-b028aa7fbee5 - - - - - -] OVN reports status up for port: c77bd47a-e2cd-49e1-af62-fe857ffabe46
2026-07-15 06:09:57.974 10 INFO neutron.plugins.ml2.plugin [None req-bceb5e37-e2e9-4c25-b4a6-b028aa7fbee5 - - - - - -] Attempt 1 to provision port c77bd47a-e2cd-49e1-af62-fe857ffabe46
2026-07-15 06:09:58.036 10 INFO neutron.db.ovn_revision_numbers_db [None req-9c920c2c-cfb0-4181-a886-62fb8d4fb714 ecf185079cda43319eb868f783ee53ce cbab0bc396ce4998b990be672fbe39f9 - - - -] Successfully bumped revision number for resource 656f5caf-55fa-40b9-af7b-d75c55312825 (type: ports) to 2
2026-07-15 06:09:58.076 10 INFO neutron.wsgi [None req-9c920c2c-cfb0-4181-a886-62fb8d4fb714 ecf185079cda43319eb868f783ee53ce cbab0bc396ce4998b990be672fbe39f9 - - - -] 199.19.213.21 "PUT /v2.0/ports/656f5caf-55fa-40b9-af7b-d75c55312825 HTTP/1.1" status: 200 len: 1328 time: 0.9317610
2026-07-15 06:09:58.101 10 INFO neutron.db.ovn_revision_numbers_db [None req-99ed6d7e-6f6e-4101-ab9e-d03c2fa9ea10 - - - - - -] Successfully bumped revision number for resource c77bd47a-e2cd-49e1-af62-fe857ffabe46 (type: ports) to 2
2026-07-15 06:09:58.115 9 INFO neutron.db.ovn_revision_numbers_db [None req-21614239-7e8b-444e-940e-81959217f666 bc890da7b1e045df99b7fb40a936d507 524d02558d484f44874de52b6ff81980 - - - -] Successfully bumped revision number for resource aed4e9c2-c441-40ab-afc3-5804a2a0d051 (type: security_groups) to 1
2026-07-15 06:09:58.118 10 INFO neutron.notifiers.nova [-] Nova event matching ['req-694eadcb-1fa0-4b02-9b0c-db6405df4087'] response: {'name': 'network-changed', 'server_uuid': '6f1cf9a8-c067-4269-ae3d-26213864e6db', 'tag': '656f5caf-55fa-40b9-af7b-d75c55312825', 'status': 'completed', 'code': 200} /var/lib/openstack/lib/python3.10/site-packages/pycadf/identifier.py:71: UserWarning: Invalid uuid: neutron. To ensure interoperability, identifiers should be a valid uuid. warnings.warn(('Invalid uuid: %s. To ensure interoperability, '
2026-07-15 06:09:58.189 10 INFO neutron.wsgi [req-8c3de040-a189-4c6b-a018-7761ceebdcff req-9651d0be-28a1-426b-9035-2366a91c2296 ecf185079cda43319eb868f783ee53ce cbab0bc396ce4998b990be672fbe39f9 - - d75b538e44df44d6a7a6107f8abc3b91 d75b538e44df44d6a7a6107f8abc3b91] 199.19.213.21 "GET /v2.0/ports?tenant_id=3617ef89ee794eefa1f8dea661d0a45c&device_id=6f1cf9a8-c067-4269-ae3d-26213864e6db HTTP/1.1" status: 200 len: 1359 time: 0.0636938
2026-07-15 06:09:58.193 9 INFO neutron.db.ovn_revision_numbers_db [None req-442e161a-92ca-4cea-8b40-bbc7551b0371 0da6c80d60f54d37b08bf2728e147bbf 131dd7ad3488415e91a3a6e17b85182f - - - -] Successfully bumped revision number for resource 7eee832c-60a8-45aa-ba39-f7b409b81071 (type: routers) to 4
2026-07-15 06:09:58.195 9 INFO neutron.wsgi [None req-442e161a-92ca-4cea-8b40-bbc7551b0371 0da6c80d60f54d37b08bf2728e147bbf 131dd7ad3488415e91a3a6e17b85182f - - - -] 10.0.0.166 "PUT /v2.0/routers/7eee832c-60a8-45aa-ba39-f7b409b81071 HTTP/1.1" status: 200 len: 880 time: 0.7835767
2026-07-15 06:09:58.196 9 INFO neutron.db.segments_db [None req-21614239-7e8b-444e-940e-81959217f666 bc890da7b1e045df99b7fb40a936d507 524d02558d484f44874de52b6ff81980 - - - -] Added segment 72d7c442-24f7-4b77-b977-f55c11479e7b of type geneve for network a16ac738-5a72-43a9-b022-ba02c83ad37e
2026-07-15 06:09:58.222 10 INFO neutron.wsgi [req-8c3de040-a189-4c6b-a018-7761ceebdcff req-6da0a3a8-f8b9-42d9-96d1-b824d22afeef ecf185079cda43319eb868f783ee53ce cbab0bc396ce4998b990be672fbe39f9 - - d75b538e44df44d6a7a6107f8abc3b91 d75b538e44df44d6a7a6107f8abc3b91] 199.19.213.21 "GET /v2.0/floatingips?fixed_ip_address=10.100.0.9&port_id=656f5caf-55fa-40b9-af7b-d75c55312825 HTTP/1.1" status: 200 len: 217 time: 0.0285766
2026-07-15 06:09:58.271 10 INFO neutron.wsgi [req-8c3de040-a189-4c6b-a018-7761ceebdcff req-54013e6a-b91b-4bb3-84a3-02f725d68e0e ecf185079cda43319eb868f783ee53ce cbab0bc396ce4998b990be672fbe39f9 - - d75b538e44df44d6a7a6107f8abc3b91 d75b538e44df44d6a7a6107f8abc3b91] 199.19.213.21 "GET /v2.0/subnets?id=5c1e356f-159e-4838-a77c-fb35c97cfcea HTTP/1.1" status: 200 len: 853 time: 0.0438182
2026-07-15 06:09:58.306 10 INFO neutron.wsgi [req-8c3de040-a189-4c6b-a018-7761ceebdcff req-519f7016-70a4-46be-a0a6-418a79a221fc ecf185079cda43319eb868f783ee53ce cbab0bc396ce4998b990be672fbe39f9 - - d75b538e44df44d6a7a6107f8abc3b91 d75b538e44df44d6a7a6107f8abc3b91] 199.19.213.21 "GET /v2.0/ports?network_id=5b4ede0d-4140-496b-87e3-e8c26a97b693&device_owner=network%3Adhcp HTTP/1.1" status: 200 len: 210 time: 0.0296175
2026-07-15 06:09:58.331 9 INFO neutron.wsgi [None req-77ba696d-dfe9-4bb7-8ce5-7a2587cea490 0da6c80d60f54d37b08bf2728e147bbf 131dd7ad3488415e91a3a6e17b85182f - - default default] 10.0.0.166 "GET /v2.0/routers/7eee832c-60a8-45aa-ba39-f7b409b81071 HTTP/1.1" status: 200 len: 880 time: 0.1279507
2026-07-15 06:09:58.335 9 INFO neutron.plugins.ml2.drivers.ovn.mech_driver.mech_driver [None req-9636f075-5c4a-4bff-ae5a-d3208eaaedf0 - - - - - -] OVN reports status up for port: c5c08141-2f11-4a7b-97c3-f1c035b78116
2026-07-15 06:09:58.354 9 INFO neutron.db.ovn_revision_numbers_db [None req-36ba492a-87a3-4bba-9c2a-419538565848 bc890da7b1e045df99b7fb40a936d507 524d02558d484f44874de52b6ff81980 - - default default] Successfully bumped revision number for resource c5c08141-2f11-4a7b-97c3-f1c035b78116 (type: router_ports) to 2
2026-07-15 06:09:58.357 9 INFO neutron.plugins.ml2.plugin [None req-9636f075-5c4a-4bff-ae5a-d3208eaaedf0 - - - - - -] Attempt 1 to provision port c5c08141-2f11-4a7b-97c3-f1c035b78116
2026-07-15 06:09:58.378 10 INFO neutron.db.ovn_revision_numbers_db [None req-bceb5e37-e2e9-4c25-b4a6-b028aa7fbee5 - - - - - -] Successfully bumped revision number for resource c77bd47a-e2cd-49e1-af62-fe857ffabe46 (type: ports) to 4
2026-07-15 06:09:58.387 9 INFO neutron.wsgi [None req-86514745-3c01-4538-af91-479acc98386b 0da6c80d60f54d37b08bf2728e147bbf 131dd7ad3488415e91a3a6e17b85182f - - default default] 10.0.0.166 "GET /v2.0/ports?device_id=7eee832c-60a8-45aa-ba39-f7b409b81071 HTTP/1.1" status: 200 len: 205 time: 0.0482426
2026-07-15 06:09:58.389 10 INFO neutron.wsgi [req-8c3de040-a189-4c6b-a018-7761ceebdcff req-6a0fd65e-65c2-441a-b945-9f32b60f979f ecf185079cda43319eb868f783ee53ce cbab0bc396ce4998b990be672fbe39f9 - - d75b538e44df44d6a7a6107f8abc3b91 d75b538e44df44d6a7a6107f8abc3b91] 199.19.213.21 "GET /v2.0/networks/5b4ede0d-4140-496b-87e3-e8c26a97b693?fields=segments HTTP/1.1" status: 200 len: 212 time: 0.0679321
2026-07-15 06:09:58.429 9 INFO neutron.db.ovn_revision_numbers_db [None req-21614239-7e8b-444e-940e-81959217f666 bc890da7b1e045df99b7fb40a936d507 524d02558d484f44874de52b6ff81980 - - - -] Successfully bumped revision number for resource a16ac738-5a72-43a9-b022-ba02c83ad37e (type: networks) to 1
2026-07-15 06:09:58.495 9 INFO neutron.wsgi [req-b7436251-9536-423c-9554-dd4c94c5fdda req-4550c497-3350-4dda-be5f-925cc678d6c3 dced2ab65efe4545a9b47d9ff3f526ad 3617ef89ee794eefa1f8dea661d0a45c - - default default] 10.0.0.123 "GET /v2.0/ports?device_id=6f1cf9a8-c067-4269-ae3d-26213864e6db HTTP/1.1" status: 200 len: 1168 time: 0.0626884
2026-07-15 06:09:58.535 10 INFO neutron.wsgi [req-8c3de040-a189-4c6b-a018-7761ceebdcff req-c0eb7ee6-0899-494a-adb0-b7b30d502d2c ecf185079cda43319eb868f783ee53ce cbab0bc396ce4998b990be672fbe39f9 - - d75b538e44df44d6a7a6107f8abc3b91 d75b538e44df44d6a7a6107f8abc3b91] 199.19.213.21 "GET /v2.0/networks/5b4ede0d-4140-496b-87e3-e8c26a97b693?fields=provider%3Aphysical_network&fields=provider%3Anetwork_type HTTP/1.1" status: 200 len: 277 time: 0.1398187
2026-07-15 06:09:58.574 9 INFO neutron.wsgi [req-b7436251-9536-423c-9554-dd4c94c5fdda req-9ea2485b-5eaf-4d73-92e5-53c2dc544f92 dced2ab65efe4545a9b47d9ff3f526ad 3617ef89ee794eefa1f8dea661d0a45c - - default default] 10.0.0.123 "GET /v2.0/security-groups?id=51b9e076-ac36-4a79-853f-b4ea6dc7145c&fields=id&fields=name HTTP/1.1" status: 200 len: 313 time: 0.0651138
2026-07-15 06:09:58.670 9 INFO neutron.db.ovn_revision_numbers_db [None req-36ba492a-87a3-4bba-9c2a-419538565848 bc890da7b1e045df99b7fb40a936d507 524d02558d484f44874de52b6ff81980 - - default default] Successfully bumped revision number for resource c5c08141-2f11-4a7b-97c3-f1c035b78116 (type: ports) to 2
2026-07-15 06:09:58.732 9 WARNING neutron.scheduler.dhcp_agent_scheduler [None req-21614239-7e8b-444e-940e-81959217f666 bc890da7b1e045df99b7fb40a936d507 524d02558d484f44874de52b6ff81980 - - - -] No more DHCP agents
2026-07-15 06:09:58.748 9 WARNING neutron.api.rpc.agentnotifiers.dhcp_rpc_agent_api [None req-21614239-7e8b-444e-940e-81959217f666 bc890da7b1e045df99b7fb40a936d507 524d02558d484f44874de52b6ff81980 - - - -] Unable to schedule network a16ac738-5a72-43a9-b022-ba02c83ad37e: no agents available; will retry on subsequent port and subnet creation events.
2026-07-15 06:09:58.822 9 WARNING neutron.scheduler.dhcp_agent_scheduler [None req-36ba492a-87a3-4bba-9c2a-419538565848 bc890da7b1e045df99b7fb40a936d507 524d02558d484f44874de52b6ff81980 - - default default] No more DHCP agents
2026-07-15 06:09:58.827 9 WARNING neutron.api.rpc.agentnotifiers.dhcp_rpc_agent_api [None req-36ba492a-87a3-4bba-9c2a-419538565848 bc890da7b1e045df99b7fb40a936d507 524d02558d484f44874de52b6ff81980 - - default default] Unable to schedule network 4b902099-743e-446d-8db6-7a7d13705fe7: no agents available; will retry on subsequent port and subnet creation events.
2026-07-15 06:09:58.831 9 INFO neutron.db.ovn_revision_numbers_db [None req-9636f075-5c4a-4bff-ae5a-d3208eaaedf0 - - - - - -] Successfully bumped revision number for resource c5c08141-2f11-4a7b-97c3-f1c035b78116 (type: ports) to 3
