2026-07-15 06:09:27.194 9 INFO neutron.wsgi [None req-1ea0a3dd-dc4e-4ebd-8e72-ed32bad6f916 dced2ab65efe4545a9b47d9ff3f526ad 3617ef89ee794eefa1f8dea661d0a45c - - default default] 10.0.0.166 "GET /v2.0/networks HTTP/1.1" status: 200 len: 1493 time: 0.3804522
2026-07-15 06:09:27.209 10 INFO neutron.db.ovn_revision_numbers_db [None req-bf26ab93-a72e-4155-8939-012d7d7f9a73 1c23800f9ec24648b18f6a8bfd2d3525 d81f4349a37f4cc6a98ef05b3ee4c4b8 - - - -] Successfully bumped revision number for resource 5ec00a2d-8eaa-47ca-9c84-bc453f11ccfc (type: ports) to 1
2026-07-15 06:09:27.223 10 INFO neutron.db.ovn_revision_numbers_db [None req-ea11c06d-e426-4d2f-a33f-3c1acecb7717 bc890da7b1e045df99b7fb40a936d507 524d02558d484f44874de52b6ff81980 - - default default] Successfully bumped revision number for resource 898755d9-7f4f-4407-92c8-78a34f5e07d9 (type: router_ports) to 2
2026-07-15 06:09:27.260 10 INFO neutron.wsgi [None req-bf26ab93-a72e-4155-8939-012d7d7f9a73 1c23800f9ec24648b18f6a8bfd2d3525 d81f4349a37f4cc6a98ef05b3ee4c4b8 - - - -] 10.0.0.166 "POST /v2.0/ports HTTP/1.1" status: 201 len: 978 time: 0.6245093
2026-07-15 06:09:27.360 9 INFO neutron.wsgi [req-bcf5f751-65a5-4944-9826-e1e9dbde9818 req-fd2e8f08-71ee-4ca9-8873-ffe07a8f0bc4 dced2ab65efe4545a9b47d9ff3f526ad 3617ef89ee794eefa1f8dea661d0a45c - - default default] 10.0.0.123 "GET /v2.0/security-groups?name=tempest-secgroup-smoke-86595569&fields=id&tenant_id=3617ef89ee794eefa1f8dea661d0a45c HTTP/1.1" status: 200 len: 267 time: 0.0874527
2026-07-15 06:09:27.404 10 INFO neutron.db.ovn_revision_numbers_db [None req-ea11c06d-e426-4d2f-a33f-3c1acecb7717 bc890da7b1e045df99b7fb40a936d507 524d02558d484f44874de52b6ff81980 - - default default] Successfully bumped revision number for resource 898755d9-7f4f-4407-92c8-78a34f5e07d9 (type: ports) to 2
2026-07-15 06:09:27.483 10 WARNING neutron.scheduler.dhcp_agent_scheduler [None req-ea11c06d-e426-4d2f-a33f-3c1acecb7717 bc890da7b1e045df99b7fb40a936d507 524d02558d484f44874de52b6ff81980 - - default default] No more DHCP agents
2026-07-15 06:09:27.484 10 WARNING neutron.api.rpc.agentnotifiers.dhcp_rpc_agent_api [None req-ea11c06d-e426-4d2f-a33f-3c1acecb7717 bc890da7b1e045df99b7fb40a936d507 524d02558d484f44874de52b6ff81980 - - default default] Unable to schedule network d930ff10-2752-4052-9791-70ecc2153004: no agents available; will retry on subsequent port and subnet creation events.
2026-07-15 06:09:27.492 9 INFO neutron.wsgi [req-bcf5f751-65a5-4944-9826-e1e9dbde9818 req-f7cc53a2-4713-4097-ae01-3e0394045251 dced2ab65efe4545a9b47d9ff3f526ad 3617ef89ee794eefa1f8dea661d0a45c - - default default] 10.0.0.123 "GET /v2.0/networks?id=5b4ede0d-4140-496b-87e3-e8c26a97b693 HTTP/1.1" status: 200 len: 860 time: 0.1213024
2026-07-15 06:09:27.527 9 INFO neutron.wsgi [req-bcf5f751-65a5-4944-9826-e1e9dbde9818 req-02f31bbe-7d24-42f1-804d-3e8af507ea7a dced2ab65efe4545a9b47d9ff3f526ad 3617ef89ee794eefa1f8dea661d0a45c - - default default] 10.0.0.123 "GET /v2.0/quotas/3617ef89ee794eefa1f8dea661d0a45c HTTP/1.1" status: 200 len: 386 time: 0.0184884
2026-07-15 06:09:27.528 9 INFO neutron.db.ovn_revision_numbers_db [None req-9e1432ae-6d7c-4641-a008-3d856ef1ab31 - - - - - -] Successfully bumped revision number for resource eae49d0d-a109-41b1-8e15-7dd326f1a2da (type: router_ports) to 4
2026-07-15 06:09:27.593 10 WARNING neutron.scheduler.dhcp_agent_scheduler [None req-d3e4c711-b22e-4aef-8385-c55849d46aed 0da6c80d60f54d37b08bf2728e147bbf 131dd7ad3488415e91a3a6e17b85182f - - default default] No more DHCP agents
2026-07-15 06:09:27.612 10 WARNING neutron.api.rpc.agentnotifiers.dhcp_rpc_agent_api [None req-d3e4c711-b22e-4aef-8385-c55849d46aed 0da6c80d60f54d37b08bf2728e147bbf 131dd7ad3488415e91a3a6e17b85182f - - default default] Unable to schedule network 74353255-8dd1-4eab-ba0e-c7905f50e40a: no agents available; will retry on subsequent port and subnet creation events.
2026-07-15 06:09:27.692 9 INFO neutron.wsgi [req-bcf5f751-65a5-4944-9826-e1e9dbde9818 req-09240b39-bbf4-4dc4-ae1e-703f042e6b45 dced2ab65efe4545a9b47d9ff3f526ad 3617ef89ee794eefa1f8dea661d0a45c - - default default] 10.0.0.123 "GET /v2.0/ports?tenant_id=3617ef89ee794eefa1f8dea661d0a45c&fields=id HTTP/1.1" status: 200 len: 302 time: 0.1572833
2026-07-15 06:09:27.693 9 INFO neutron.db.ovn_revision_numbers_db [None req-95d47bd1-a103-497e-b447-7f26088017fd 1c23800f9ec24648b18f6a8bfd2d3525 d81f4349a37f4cc6a98ef05b3ee4c4b8 - - - -] Successfully bumped revision number for resource 5ec00a2d-8eaa-47ca-9c84-bc453f11ccfc (type: ports) to 2
2026-07-15 06:09:27.701 9 INFO neutron.wsgi [None req-95d47bd1-a103-497e-b447-7f26088017fd 1c23800f9ec24648b18f6a8bfd2d3525 d81f4349a37f4cc6a98ef05b3ee4c4b8 - - - -] 10.0.0.166 "PUT /v2.0/ports/5ec00a2d-8eaa-47ca-9c84-bc453f11ccfc HTTP/1.1" status: 200 len: 946 time: 0.4278722 /var/lib/openstack/lib/python3.10/site-packages/pycadf/identifier.py:71: UserWarning: Invalid uuid: neutron. To ensure interoperability, identifiers should be a valid uuid. warnings.warn(('Invalid uuid: %s. To ensure interoperability, '
2026-07-15 06:09:27.787 9 INFO neutron.wsgi [req-bcf5f751-65a5-4944-9826-e1e9dbde9818 req-d1120ab4-195b-4520-a964-d8db24d37890 ecf185079cda43319eb868f783ee53ce cbab0bc396ce4998b990be672fbe39f9 - - d75b538e44df44d6a7a6107f8abc3b91 d75b538e44df44d6a7a6107f8abc3b91] 10.0.0.123 "GET /v2.0/networks/5b4ede0d-4140-496b-87e3-e8c26a97b693?fields=segments HTTP/1.1" status: 200 len: 212 time: 0.0806520
2026-07-15 06:09:27.868 9 INFO neutron.wsgi [req-bcf5f751-65a5-4944-9826-e1e9dbde9818 req-b5e89ce1-5ba2-44ed-8849-5cdad22c03c5 ecf185079cda43319eb868f783ee53ce cbab0bc396ce4998b990be672fbe39f9 - - d75b538e44df44d6a7a6107f8abc3b91 d75b538e44df44d6a7a6107f8abc3b91] 10.0.0.123 "GET /v2.0/networks/5b4ede0d-4140-496b-87e3-e8c26a97b693?fields=provider%3Aphysical_network&fields=provider%3Anetwork_type HTTP/1.1" status: 200 len: 277 time: 0.0744820
2026-07-15 06:09:27.975 10 INFO neutron.db.ovn_revision_numbers_db [None req-d3e4c711-b22e-4aef-8385-c55849d46aed 0da6c80d60f54d37b08bf2728e147bbf 131dd7ad3488415e91a3a6e17b85182f - - default default] Successfully bumped revision number for resource 6ba8b2d9-e82a-409b-89a4-f7d97f43bf4c (type: ports) to 1
2026-07-15 06:09:27.982 9 INFO neutron.wsgi [None req-470be9df-2290-4fde-9fed-fb7836f1429b 1c23800f9ec24648b18f6a8bfd2d3525 d81f4349a37f4cc6a98ef05b3ee4c4b8 - - - -] 10.0.0.166 "DELETE /v2.0/ports/5ec00a2d-8eaa-47ca-9c84-bc453f11ccfc HTTP/1.1" status: 204 len: 168 time: 0.2678297 /var/lib/openstack/lib/python3.10/site-packages/pycadf/identifier.py:71: UserWarning: Invalid uuid: neutron. To ensure interoperability, identifiers should be a valid uuid. warnings.warn(('Invalid uuid: %s. To ensure interoperability, '
2026-07-15 06:09:28.052 9 INFO neutron.wsgi [None req-cfc0b3e5-d2d7-4c41-b73d-8c0151be5959 1c23800f9ec24648b18f6a8bfd2d3525 d81f4349a37f4cc6a98ef05b3ee4c4b8 - - default default] 10.0.0.166 "GET /v2.0/ports HTTP/1.1" status: 200 len: 1732 time: 0.0636508
2026-07-15 06:09:28.056 10 INFO neutron.wsgi [req-08923a35-5ce9-441c-8bb1-25db3f715043 req-459f5c86-b79d-47c6-a4a6-eb0fa40dc570 dced2ab65efe4545a9b47d9ff3f526ad 3617ef89ee794eefa1f8dea661d0a45c - - default default] 10.0.0.123 "GET /v2.0/ports?device_id=3ee504c0-373e-446c-bc3f-8f6bf1c7ff33 HTTP/1.1" status: 200 len: 210 time: 0.0346577
2026-07-15 06:09:28.074 9 INFO neutron.pecan_wsgi.hooks.translation [None req-39407b05-c211-4d6a-8ea0-3d483ac7944c 1c23800f9ec24648b18f6a8bfd2d3525 d81f4349a37f4cc6a98ef05b3ee4c4b8 - - default default] GET failed (client error): The resource could not be found.
2026-07-15 06:09:28.076 9 INFO neutron.wsgi [None req-39407b05-c211-4d6a-8ea0-3d483ac7944c 1c23800f9ec24648b18f6a8bfd2d3525 d81f4349a37f4cc6a98ef05b3ee4c4b8 - - default default] 10.0.0.166 "GET /v2.0/ports/5ec00a2d-8eaa-47ca-9c84-bc453f11ccfc HTTP/1.1" status: 404 len: 333 time: 0.0198908
2026-07-15 06:09:28.123 9 INFO neutron.wsgi [None req-b6aa735a-1ac7-490f-8dfd-81a0bdfd6614 1c23800f9ec24648b18f6a8bfd2d3525 d81f4349a37f4cc6a98ef05b3ee4c4b8 - - default default] 10.0.0.166 "GET /v2.0/ports HTTP/1.1" status: 200 len: 1732 time: 0.0379090
2026-07-15 06:09:28.159 9 INFO neutron.wsgi [None req-235a2698-62dc-4f01-9885-25dcce0fa3e0 1c23800f9ec24648b18f6a8bfd2d3525 d81f4349a37f4cc6a98ef05b3ee4c4b8 - - default default] 10.0.0.166 "GET /v2.0/ports/6db9cf42-23b4-4b95-b1a3-c399949e9f78 HTTP/1.1" status: 200 len: 972 time: 0.0304487
2026-07-15 06:09:28.196 10 INFO neutron.pecan_wsgi.hooks.translation [None req-fd3f8488-0220-43b7-bbd2-da61023489af 1c23800f9ec24648b18f6a8bfd2d3525 d81f4349a37f4cc6a98ef05b3ee4c4b8 - - - -] DELETE failed (client error): The resource could not be found.
2026-07-15 06:09:28.198 10 INFO neutron.wsgi [None req-fd3f8488-0220-43b7-bbd2-da61023489af 1c23800f9ec24648b18f6a8bfd2d3525 d81f4349a37f4cc6a98ef05b3ee4c4b8 - - - -] 10.0.0.166 "DELETE /v2.0/ports/305e8515-e05e-4e3d-aca2-c2f7e4e261fc HTTP/1.1" status: 404 len: 333 time: 0.0346313
2026-07-15 06:09:28.221 9 INFO neutron.pecan_wsgi.hooks.translation [None req-2a4b5abe-753a-47c2-9760-00079726bb87 1c23800f9ec24648b18f6a8bfd2d3525 d81f4349a37f4cc6a98ef05b3ee4c4b8 - - - -] DELETE failed (client error): The resource could not be found.
2026-07-15 06:09:28.223 9 INFO neutron.wsgi [None req-2a4b5abe-753a-47c2-9760-00079726bb87 1c23800f9ec24648b18f6a8bfd2d3525 d81f4349a37f4cc6a98ef05b3ee4c4b8 - - - -] 10.0.0.166 "DELETE /v2.0/subnets/80d384b1-f822-435c-a8c2-7bb49e279543 HTTP/1.1" status: 404 len: 337 time: 0.0184298
2026-07-15 06:09:28.251 9 INFO neutron.pecan_wsgi.hooks.translation [None req-5e9838e9-a661-4a59-ad8e-a01ed9b0911b 1c23800f9ec24648b18f6a8bfd2d3525 d81f4349a37f4cc6a98ef05b3ee4c4b8 - - - -] DELETE failed (client error): The resource could not be found.
2026-07-15 06:09:28.254 9 INFO neutron.wsgi [None req-5e9838e9-a661-4a59-ad8e-a01ed9b0911b 1c23800f9ec24648b18f6a8bfd2d3525 d81f4349a37f4cc6a98ef05b3ee4c4b8 - - - -] 10.0.0.166 "DELETE /v2.0/subnets/b2396431-d35b-42a1-ab8d-6f6fe5dab08c HTTP/1.1" status: 404 len: 337 time: 0.0258937
2026-07-15 06:09:28.299 10 WARNING neutron.plugins.ml2.drivers.ovn.mech_driver.ovsdb.ovn_client [None req-bceb5e37-e2e9-4c25-b4a6-b028aa7fbee5 - - - - - -] No hosting information found for port 6ba074a5-d8d1-483d-a41e-23d93da0cadb: RuntimeError: No hosting information found for port 6ba074a5-d8d1-483d-a41e-23d93da0cadb
2026-07-15 06:09:28.299 10 INFO neutron.plugins.ml2.drivers.ovn.mech_driver.mech_driver [None req-bceb5e37-e2e9-4c25-b4a6-b028aa7fbee5 - - - - - -] OVN reports status up for port: eae49d0d-a109-41b1-8e15-7dd326f1a2da
2026-07-15 06:09:28.338 10 INFO neutron.plugins.ml2.plugin [None req-bceb5e37-e2e9-4c25-b4a6-b028aa7fbee5 - - - - - -] Attempt 1 to provision port eae49d0d-a109-41b1-8e15-7dd326f1a2da
2026-07-15 06:09:28.489 10 INFO neutron.plugins.ml2.drivers.ovn.mech_driver.mech_driver [None req-bceb5e37-e2e9-4c25-b4a6-b028aa7fbee5 - - - - - -] OVN reports status up for port: 83702997-6a17-405a-9d9b-ee429f2f559e
2026-07-15 06:09:28.491 10 INFO neutron.db.ovn_revision_numbers_db [None req-ea11c06d-e426-4d2f-a33f-3c1acecb7717 bc890da7b1e045df99b7fb40a936d507 524d02558d484f44874de52b6ff81980 - - - -] Successfully bumped revision number for resource 898755d9-7f4f-4407-92c8-78a34f5e07d9 (type: router_ports) to 2
2026-07-15 06:09:28.493 10 INFO neutron.wsgi [None req-ea11c06d-e426-4d2f-a33f-3c1acecb7717 bc890da7b1e045df99b7fb40a936d507 524d02558d484f44874de52b6ff81980 - - - -] 10.0.0.166 "PUT /v2.0/routers/5e26f00d-c04a-4a0e-bfdd-900c49567363/add_router_interface HTTP/1.1" status: 200 len: 503 time: 3.2182450
2026-07-15 06:09:28.501 9 INFO neutron.wsgi [None req-c812d979-0450-4fe4-8a42-d65d44bbb44b 1c23800f9ec24648b18f6a8bfd2d3525 d81f4349a37f4cc6a98ef05b3ee4c4b8 - - - -] 10.0.0.166 "DELETE /v2.0/ports/6db9cf42-23b4-4b95-b1a3-c399949e9f78 HTTP/1.1" status: 204 len: 168 time: 0.2424004
2026-07-15 06:09:28.502 10 INFO neutron.plugins.ml2.plugin [None req-bceb5e37-e2e9-4c25-b4a6-b028aa7fbee5 - - - - - -] Attempt 1 to provision port 83702997-6a17-405a-9d9b-ee429f2f559e
2026-07-15 06:09:28.693 10 INFO neutron.db.ovn_revision_numbers_db [None req-d3e4c711-b22e-4aef-8385-c55849d46aed 0da6c80d60f54d37b08bf2728e147bbf 131dd7ad3488415e91a3a6e17b85182f - - default default] Successfully bumped revision number for resource 6ba8b2d9-e82a-409b-89a4-f7d97f43bf4c (type: router_ports) to 2
2026-07-15 06:09:28.846 9 INFO neutron.wsgi [req-bcf5f751-65a5-4944-9826-e1e9dbde9818 req-90fa071e-a104-4fc0-a17c-4025883474a1 dced2ab65efe4545a9b47d9ff3f526ad 3617ef89ee794eefa1f8dea661d0a45c - - default default] 199.19.213.21 "GET /v2.0/networks?id=5b4ede0d-4140-496b-87e3-e8c26a97b693 HTTP/1.1" status: 200 len: 860 time: 0.0717683
2026-07-15 06:09:28.855 10 INFO neutron.db.ovn_revision_numbers_db [None req-d3e4c711-b22e-4aef-8385-c55849d46aed 0da6c80d60f54d37b08bf2728e147bbf 131dd7ad3488415e91a3a6e17b85182f - - default default] Successfully bumped revision number for resource 6ba8b2d9-e82a-409b-89a4-f7d97f43bf4c (type: ports) to 2
2026-07-15 06:09:28.900 9 INFO neutron.wsgi [req-bcf5f751-65a5-4944-9826-e1e9dbde9818 req-021d6bc6-f30f-405f-8e87-f8f00e3df2fb dced2ab65efe4545a9b47d9ff3f526ad 3617ef89ee794eefa1f8dea661d0a45c - - default default] 199.19.213.21 "GET /v2.0/security-groups?fields=id&fields=name&tenant_id=3617ef89ee794eefa1f8dea661d0a45c HTTP/1.1" status: 200 len: 378 time: 0.0468776
2026-07-15 06:09:28.969 10 INFO neutron.db.ovn_revision_numbers_db [None req-bceb5e37-e2e9-4c25-b4a6-b028aa7fbee5 - - - - - -] Successfully bumped revision number for resource 83702997-6a17-405a-9d9b-ee429f2f559e (type: ports) to 3
2026-07-15 06:09:28.995 10 WARNING neutron.scheduler.dhcp_agent_scheduler [None req-d3e4c711-b22e-4aef-8385-c55849d46aed 0da6c80d60f54d37b08bf2728e147bbf 131dd7ad3488415e91a3a6e17b85182f - - default default] No more DHCP agents
2026-07-15 06:09:29.024 10 WARNING neutron.api.rpc.agentnotifiers.dhcp_rpc_agent_api [None req-d3e4c711-b22e-4aef-8385-c55849d46aed 0da6c80d60f54d37b08bf2728e147bbf 131dd7ad3488415e91a3a6e17b85182f - - default default] Unable to schedule network 74353255-8dd1-4eab-ba0e-c7905f50e40a: no agents available; will retry on subsequent port and subnet creation events.
2026-07-15 06:09:29.147 10 INFO neutron.services.segments.plugin [-] Segment c98d5ca9-3882-48fb-b67d-e3c1a36fff34 resource provider aggregate not found
2026-07-15 06:09:29.182 10 INFO neutron.services.segments.plugin [-] Segment c98d5ca9-3882-48fb-b67d-e3c1a36fff34 resource provider not found; error: Placement Client Error (4xx): {"errors": [{"status": 404, "title": "Not Found", "detail": "The resource could not be found.\n\n No resource provider with uuid c98d5ca9-3882-48fb-b67d-e3c1a36fff34 found for delete ", "request_id": "req-93bf1ff5-d2ed-4817-8b3a-de33604b28c2"}]}
2026-07-15 06:09:29.202 10 INFO neutron.wsgi [req-59e2e67b-5f5b-42f8-9a38-6db1afba3b6c req-18a9241d-86b8-41cb-a6af-dfb6e59fac05 dced2ab65efe4545a9b47d9ff3f526ad 3617ef89ee794eefa1f8dea661d0a45c - - default default] 10.0.0.123 "GET /v2.0/ports?device_id=3ee504c0-373e-446c-bc3f-8f6bf1c7ff33 HTTP/1.1" status: 200 len: 210 time: 0.0638607
2026-07-15 06:09:29.206 10 INFO neutron.services.segments.plugin [-] Segment c98d5ca9-3882-48fb-b67d-e3c1a36fff34 resource provider aggregate not found
2026-07-15 06:09:29.212 9 INFO neutron.db.ovn_revision_numbers_db [None req-57f7e0d4-7630-469f-8f7d-1b347e0801c7 3ef224e9590a45aeb4af936296e3acf2 ce622f652a5a4801a5544f93153c7d26 - - - -] Successfully bumped revision number for resource 0678b4a2-c2d8-4c53-8234-99abd53be0ce (type: security_groups) to 1
2026-07-15 06:09:29.231 10 INFO neutron.services.segments.plugin [-] Segment c98d5ca9-3882-48fb-b67d-e3c1a36fff34 resource provider not found; error: Placement Client Error (4xx): {"errors": [{"status": 404, "title": "Not Found", "detail": "The resource could not be found.\n\n No resource provider with uuid c98d5ca9-3882-48fb-b67d-e3c1a36fff34 found for delete ", "request_id": "req-e67fbee7-f2c1-41fb-b75e-eab0182043b6"}]}
2026-07-15 06:09:29.242 10 INFO neutron.db.ovn_revision_numbers_db [None req-bceb5e37-e2e9-4c25-b4a6-b028aa7fbee5 - - - - - -] Successfully bumped revision number for resource 83702997-6a17-405a-9d9b-ee429f2f559e (type: router_ports) to 3
2026-07-15 06:09:29.251 9 INFO neutron.wsgi [None req-57f7e0d4-7630-469f-8f7d-1b347e0801c7 3ef224e9590a45aeb4af936296e3acf2 ce622f652a5a4801a5544f93153c7d26 - - - -] 10.0.0.166 "POST /v2.0/security-groups HTTP/1.1" status: 201 len: 1795 time: 0.1916475 /var/lib/openstack/lib/python3.10/site-packages/pycadf/identifier.py:71: UserWarning: Invalid uuid: neutron. To ensure interoperability, identifiers should be a valid uuid. warnings.warn(('Invalid uuid: %s. To ensure interoperability, '
2026-07-15 06:09:29.264 10 INFO neutron.wsgi [None req-ea8f08e3-5961-4dae-84d6-52f397b09f5b 1c23800f9ec24648b18f6a8bfd2d3525 d81f4349a37f4cc6a98ef05b3ee4c4b8 - - - -] 10.0.0.166 "DELETE /v2.0/networks/41951c32-a719-4425-b52a-04d84226d931 HTTP/1.1" status: 204 len: 168 time: 0.7597692
2026-07-15 06:09:29.291 9 WARNING neutron.scheduler.dhcp_agent_scheduler [None req-b893f614-645c-4797-a9ba-8bc67535798b dced2ab65efe4545a9b47d9ff3f526ad 3617ef89ee794eefa1f8dea661d0a45c - - - -] No more DHCP agents
2026-07-15 06:09:29.294 9 WARNING neutron.api.rpc.agentnotifiers.dhcp_rpc_agent_api [None req-b893f614-645c-4797-a9ba-8bc67535798b dced2ab65efe4545a9b47d9ff3f526ad 3617ef89ee794eefa1f8dea661d0a45c - - - -] Unable to schedule network 5b4ede0d-4140-496b-87e3-e8c26a97b693: no agents available; will retry on subsequent port and subnet creation events.
2026-07-15 06:09:29.327 10 INFO neutron.db.ovn_revision_numbers_db [None req-d3e4c711-b22e-4aef-8385-c55849d46aed 0da6c80d60f54d37b08bf2728e147bbf 131dd7ad3488415e91a3a6e17b85182f - - - -] Successfully bumped revision number for resource 6ba8b2d9-e82a-409b-89a4-f7d97f43bf4c (type: router_ports) to 2
2026-07-15 06:09:29.330 10 INFO neutron.wsgi [None req-d3e4c711-b22e-4aef-8385-c55849d46aed 0da6c80d60f54d37b08bf2728e147bbf 131dd7ad3488415e91a3a6e17b85182f - - - -] 10.0.0.166 "PUT /v2.0/routers/9a46bff3-d3a1-4ef9-8081-0fbbe9c78bad/add_router_interface HTTP/1.1" status: 200 len: 503 time: 2.5266805
2026-07-15 06:09:29.419 10 INFO neutron.wsgi [None req-3ca4e6b5-0ae6-48ab-ba02-bddc9406d264 0da6c80d60f54d37b08bf2728e147bbf 131dd7ad3488415e91a3a6e17b85182f - - default default] 10.0.0.166 "GET /v2.0/ports/6ba8b2d9-e82a-409b-89a4-f7d97f43bf4c HTTP/1.1" status: 200 len: 1147 time: 0.0842931
2026-07-15 06:09:29.430 9 INFO neutron.db.ovn_revision_numbers_db [None req-bd72d869-c905-4a0e-a12d-a2294a1fb275 3ef224e9590a45aeb4af936296e3acf2 ce622f652a5a4801a5544f93153c7d26 - - - -] Successfully bumped revision number for resource 8f8fa392-9a27-459a-966c-3720ca47c90f (type: security_group_rules) to 0
2026-07-15 06:09:29.462 9 INFO neutron.wsgi [None req-bd72d869-c905-4a0e-a12d-a2294a1fb275 3ef224e9590a45aeb4af936296e3acf2 ce622f652a5a4801a5544f93153c7d26 - - - -] 10.0.0.166 "POST /v2.0/security-group-rules HTTP/1.1" status: 201 len: 764 time: 0.2062974
2026-07-15 06:09:29.463 9 INFO neutron.db.ovn_revision_numbers_db [None req-b893f614-645c-4797-a9ba-8bc67535798b dced2ab65efe4545a9b47d9ff3f526ad 3617ef89ee794eefa1f8dea661d0a45c - - - -] Successfully bumped revision number for resource f586982b-dfe5-48dd-9e8f-17a462b44e5b (type: ports) to 1
2026-07-15 06:09:29.464 10 INFO neutron.wsgi [None req-395ef445-6440-430b-892b-2853c8b650b4 0da6c80d60f54d37b08bf2728e147bbf 131dd7ad3488415e91a3a6e17b85182f - - default default] 10.0.0.166 "GET /v2.0/ports/6ba8b2d9-e82a-409b-89a4-f7d97f43bf4c HTTP/1.1" status: 200 len: 1147 time: 0.0387247
2026-07-15 06:09:29.481 9 INFO neutron.wsgi [None req-b893f614-645c-4797-a9ba-8bc67535798b dced2ab65efe4545a9b47d9ff3f526ad 3617ef89ee794eefa1f8dea661d0a45c - - - -] 199.19.213.21 "POST /v2.0/ports HTTP/1.1" status: 201 len: 1158 time: 0.5759177 /var/lib/openstack/lib/python3.10/site-packages/pycadf/identifier.py:71: UserWarning: Invalid uuid: neutron. To ensure interoperability, identifiers should be a valid uuid. warnings.warn(('Invalid uuid: %s. To ensure interoperability, '
2026-07-15 06:09:29.571 10 INFO neutron.db.ovn_revision_numbers_db [None req-90c367f5-4dbc-49f7-8286-0f09418b7c34 3ef224e9590a45aeb4af936296e3acf2 ce622f652a5a4801a5544f93153c7d26 - - - -] Successfully bumped revision number for resource cf7156e9-a006-4493-87d8-d5895eab64c7 (type: security_group_rules) to 0
2026-07-15 06:09:29.604 10 INFO neutron.wsgi [None req-90c367f5-4dbc-49f7-8286-0f09418b7c34 3ef224e9590a45aeb4af936296e3acf2 ce622f652a5a4801a5544f93153c7d26 - - - -] 10.0.0.166 "POST /v2.0/security-group-rules HTTP/1.1" status: 201 len: 769 time: 0.1368899
2026-07-15 06:09:29.840 9 INFO neutron.db.ovn_revision_numbers_db [None req-946d229e-0242-4416-b329-26a9255fcf43 ecf185079cda43319eb868f783ee53ce cbab0bc396ce4998b990be672fbe39f9 - - - -] Successfully bumped revision number for resource f586982b-dfe5-48dd-9e8f-17a462b44e5b (type: ports) to 2
2026-07-15 06:09:30.022 9 INFO neutron.db.ovn_revision_numbers_db [None req-946d229e-0242-4416-b329-26a9255fcf43 ecf185079cda43319eb868f783ee53ce cbab0bc396ce4998b990be672fbe39f9 - - - -] Successfully bumped revision number for resource f586982b-dfe5-48dd-9e8f-17a462b44e5b (type: ports) to 2
2026-07-15 06:09:30.037 9 INFO neutron.wsgi [None req-946d229e-0242-4416-b329-26a9255fcf43 ecf185079cda43319eb868f783ee53ce cbab0bc396ce4998b990be672fbe39f9 - - - -] 199.19.213.21 "PUT /v2.0/ports/f586982b-dfe5-48dd-9e8f-17a462b44e5b HTTP/1.1" status: 200 len: 1328 time: 0.5492606
2026-07-15 06:09:30.073 9 INFO neutron.notifiers.nova [-] Nova event matching ['req-ba4c2fc7-5d82-45bf-89b3-6961e5fff536'] response: {'name': 'network-changed', 'server_uuid': '3ee504c0-373e-446c-bc3f-8f6bf1c7ff33', 'tag': 'f586982b-dfe5-48dd-9e8f-17a462b44e5b', 'status': 'completed', 'code': 200} /var/lib/openstack/lib/python3.10/site-packages/pycadf/identifier.py:71: UserWarning: Invalid uuid: neutron. To ensure interoperability, identifiers should be a valid uuid. warnings.warn(('Invalid uuid: %s. To ensure interoperability, '
2026-07-15 06:09:30.106 9 INFO neutron.wsgi [req-bcf5f751-65a5-4944-9826-e1e9dbde9818 req-dc8f4930-995d-47a1-87f6-1008ad273f9f ecf185079cda43319eb868f783ee53ce cbab0bc396ce4998b990be672fbe39f9 - - d75b538e44df44d6a7a6107f8abc3b91 d75b538e44df44d6a7a6107f8abc3b91] 199.19.213.21 "GET /v2.0/ports?tenant_id=3617ef89ee794eefa1f8dea661d0a45c&device_id=3ee504c0-373e-446c-bc3f-8f6bf1c7ff33 HTTP/1.1" status: 200 len: 1359 time: 0.0352497
2026-07-15 06:09:30.138 9 INFO neutron.wsgi [req-bcf5f751-65a5-4944-9826-e1e9dbde9818 req-da8f85b6-8bae-46c9-9899-fca790d078d0 ecf185079cda43319eb868f783ee53ce cbab0bc396ce4998b990be672fbe39f9 - - d75b538e44df44d6a7a6107f8abc3b91 d75b538e44df44d6a7a6107f8abc3b91] 199.19.213.21 "GET /v2.0/floatingips?fixed_ip_address=10.100.0.7&port_id=f586982b-dfe5-48dd-9e8f-17a462b44e5b HTTP/1.1" status: 200 len: 217 time: 0.0257952
2026-07-15 06:09:30.147 10 INFO neutron.wsgi [None req-f3c7174e-3af3-4e21-b321-3c8806b2aa5b bc890da7b1e045df99b7fb40a936d507 524d02558d484f44874de52b6ff81980 - - default default] 10.0.0.166 "GET /v2.0/security-groups?tenant_id=d81f4349a37f4cc6a98ef05b3ee4c4b8&name=default HTTP/1.1" status: 200 len: 2996 time: 0.4128573
2026-07-15 06:09:30.162 10 WARNING neutron.scheduler.dhcp_agent_scheduler [None req-8d07714e-934a-41e9-a697-778d4973b91d 3ef224e9590a45aeb4af936296e3acf2 ce622f652a5a4801a5544f93153c7d26 - - - -] No more DHCP agents
2026-07-15 06:09:30.166 10 WARNING neutron.api.rpc.agentnotifiers.dhcp_rpc_agent_api [None req-8d07714e-934a-41e9-a697-778d4973b91d 3ef224e9590a45aeb4af936296e3acf2 ce622f652a5a4801a5544f93153c7d26 - - - -] Unable to schedule network b3058ac8-f6ab-4ab6-923b-56edb0747af6: no agents available; will retry on subsequent port and subnet creation events.
2026-07-15 06:09:30.173 9 INFO neutron.wsgi [req-bcf5f751-65a5-4944-9826-e1e9dbde9818 req-bdde32d7-8695-4ec1-a1bc-1c6040535465 ecf185079cda43319eb868f783ee53ce cbab0bc396ce4998b990be672fbe39f9 - - d75b538e44df44d6a7a6107f8abc3b91 d75b538e44df44d6a7a6107f8abc3b91] 199.19.213.21 "GET /v2.0/subnets?id=5c1e356f-159e-4838-a77c-fb35c97cfcea HTTP/1.1" status: 200 len: 853 time: 0.0270576
2026-07-15 06:09:30.199 9 INFO neutron.wsgi [req-bcf5f751-65a5-4944-9826-e1e9dbde9818 req-2d5ff905-83cb-40e6-9173-62aa8d799dc6 ecf185079cda43319eb868f783ee53ce cbab0bc396ce4998b990be672fbe39f9 - - d75b538e44df44d6a7a6107f8abc3b91 d75b538e44df44d6a7a6107f8abc3b91] 199.19.213.21 "GET /v2.0/ports?network_id=5b4ede0d-4140-496b-87e3-e8c26a97b693&device_owner=network%3Adhcp HTTP/1.1" status: 200 len: 210 time: 0.0183675
2026-07-15 06:09:30.265 9 INFO neutron.wsgi [req-bcf5f751-65a5-4944-9826-e1e9dbde9818 req-821f55ab-b832-47d7-886d-fad55875325c ecf185079cda43319eb868f783ee53ce cbab0bc396ce4998b990be672fbe39f9 - - d75b538e44df44d6a7a6107f8abc3b91 d75b538e44df44d6a7a6107f8abc3b91] 199.19.213.21 "GET /v2.0/networks/5b4ede0d-4140-496b-87e3-e8c26a97b693?fields=segments HTTP/1.1" status: 200 len: 212 time: 0.0602651
2026-07-15 06:09:30.332 9 INFO neutron.wsgi [req-bcf5f751-65a5-4944-9826-e1e9dbde9818 req-8e1c4047-9d50-48fa-b117-b7e5edd8cd17 ecf185079cda43319eb868f783ee53ce cbab0bc396ce4998b990be672fbe39f9 - - d75b538e44df44d6a7a6107f8abc3b91 d75b538e44df44d6a7a6107f8abc3b91] 199.19.213.21 "GET /v2.0/networks/5b4ede0d-4140-496b-87e3-e8c26a97b693?fields=provider%3Aphysical_network&fields=provider%3Anetwork_type HTTP/1.1" status: 200 len: 277 time: 0.0585890
2026-07-15 06:09:30.399 10 INFO neutron.wsgi [req-54cc7784-6c97-420e-ae88-8277076f14b1 req-e1d9c201-81c7-40be-a14f-6863627f1887 dced2ab65efe4545a9b47d9ff3f526ad 3617ef89ee794eefa1f8dea661d0a45c - - default default] 10.0.0.123 "GET /v2.0/ports?device_id=3ee504c0-373e-446c-bc3f-8f6bf1c7ff33 HTTP/1.1" status: 200 len: 1168 time: 0.1326704
2026-07-15 06:09:30.408 9 INFO neutron.wsgi [req-a6924402-fb0d-4245-987d-797238f1793d req-78775cfb-c758-4d7c-8287-76ebba3b4bff ecf185079cda43319eb868f783ee53ce cbab0bc396ce4998b990be672fbe39f9 - - d75b538e44df44d6a7a6107f8abc3b91 d75b538e44df44d6a7a6107f8abc3b91] 199.19.213.21 "GET /v2.0/ports?tenant_id=3617ef89ee794eefa1f8dea661d0a45c&device_id=3ee504c0-373e-446c-bc3f-8f6bf1c7ff33 HTTP/1.1" status: 200 len: 1359 time: 0.0339708
2026-07-15 06:09:30.456 10 INFO neutron.wsgi [req-54cc7784-6c97-420e-ae88-8277076f14b1 req-4b4a205b-9660-4194-bc77-1ca2661c6923 dced2ab65efe4545a9b47d9ff3f526ad 3617ef89ee794eefa1f8dea661d0a45c - - default default] 10.0.0.123 "GET /v2.0/security-groups?id=5023bf1e-652d-4921-b187-5a7bc263a1b1&fields=id&fields=name HTTP/1.1" status: 200 len: 311 time: 0.0497642
2026-07-15 06:09:30.471 9 INFO neutron.wsgi [req-a6924402-fb0d-4245-987d-797238f1793d req-0a18aba6-85cb-4b23-a76f-7595a986291c ecf185079cda43319eb868f783ee53ce cbab0bc396ce4998b990be672fbe39f9 - - d75b538e44df44d6a7a6107f8abc3b91 d75b538e44df44d6a7a6107f8abc3b91] 199.19.213.21 "GET /v2.0/networks?id=5b4ede0d-4140-496b-87e3-e8c26a97b693 HTTP/1.1" status: 200 len: 958 time: 0.0561752
2026-07-15 06:09:30.503 10 INFO neutron.wsgi [None req-9e0f364e-cbb8-488f-b304-5dc3ab835796 bc890da7b1e045df99b7fb40a936d507 524d02558d484f44874de52b6ff81980 - - - -] 10.0.0.166 "DELETE /v2.0/security-groups/40f81a8b-4da2-4db7-9baa-aa303025842e HTTP/1.1" status: 204 len: 168 time: 0.3501797
2026-07-15 06:09:30.528 9 INFO neutron.plugins.ml2.drivers.ovn.mech_driver.mech_driver [None req-9636f075-5c4a-4bff-ae5a-d3208eaaedf0 - - - - - -] OVN reports status up for port: f586982b-dfe5-48dd-9e8f-17a462b44e5b
2026-07-15 06:09:30.547 9 INFO neutron.plugins.ml2.plugin [None req-9636f075-5c4a-4bff-ae5a-d3208eaaedf0 - - - - - -] Attempt 1 to provision port f586982b-dfe5-48dd-9e8f-17a462b44e5b
2026-07-15 06:09:30.551 9 INFO neutron.wsgi [req-a6924402-fb0d-4245-987d-797238f1793d req-cf57f710-d75e-49f8-8a0d-f90daa7878d9 ecf185079cda43319eb868f783ee53ce cbab0bc396ce4998b990be672fbe39f9 - - d75b538e44df44d6a7a6107f8abc3b91 d75b538e44df44d6a7a6107f8abc3b91] 199.19.213.21 "GET /v2.0/floatingips?fixed_ip_address=10.100.0.7&port_id=f586982b-dfe5-48dd-9e8f-17a462b44e5b HTTP/1.1" status: 200 len: 217 time: 0.0681202
2026-07-15 06:09:30.586 10 INFO neutron.db.ovn_revision_numbers_db [None req-8d07714e-934a-41e9-a697-778d4973b91d 3ef224e9590a45aeb4af936296e3acf2 ce622f652a5a4801a5544f93153c7d26 - - - -] Successfully bumped revision number for resource 9d4f4364-fba4-4c60-8bc0-c60965258c38 (type: floatingips) to 0
2026-07-15 06:09:30.607 9 INFO neutron.wsgi [req-a6924402-fb0d-4245-987d-797238f1793d req-2d16f796-e626-4280-9c67-9e9763445cc0 ecf185079cda43319eb868f783ee53ce cbab0bc396ce4998b990be672fbe39f9 - - d75b538e44df44d6a7a6107f8abc3b91 d75b538e44df44d6a7a6107f8abc3b91] 199.19.213.21 "GET /v2.0/subnets?id=5c1e356f-159e-4838-a77c-fb35c97cfcea HTTP/1.1" status: 200 len: 853 time: 0.0477087
2026-07-15 06:09:30.612 10 INFO neutron.wsgi [None req-8d07714e-934a-41e9-a697-778d4973b91d 3ef224e9590a45aeb4af936296e3acf2 ce622f652a5a4801a5544f93153c7d26 - - - -] 10.0.0.166 "POST /v2.0/floatingips HTTP/1.1" status: 201 len: 751 time: 1.0040002
2026-07-15 06:09:30.627 9 INFO neutron.wsgi [None req-ea480215-5de2-4aa9-83aa-a33a9d102c80 0da6c80d60f54d37b08bf2728e147bbf 131dd7ad3488415e91a3a6e17b85182f - - default default] 10.0.0.166 "GET /v2.0/ports/6ba8b2d9-e82a-409b-89a4-f7d97f43bf4c HTTP/1.1" status: 200 len: 1147 time: 0.1560574
2026-07-15 06:09:30.639 9 INFO neutron.wsgi [req-a6924402-fb0d-4245-987d-797238f1793d req-da7c5f0b-8701-4fa6-9f35-445d5e6eb094 ecf185079cda43319eb868f783ee53ce cbab0bc396ce4998b990be672fbe39f9 - - d75b538e44df44d6a7a6107f8abc3b91 d75b538e44df44d6a7a6107f8abc3b91] 199.19.213.21 "GET /v2.0/ports?network_id=5b4ede0d-4140-496b-87e3-e8c26a97b693&device_owner=network%3Adhcp HTTP/1.1" status: 200 len: 210 time: 0.0257547
2026-07-15 06:09:30.701 9 INFO neutron.wsgi [req-a6924402-fb0d-4245-987d-797238f1793d req-85517256-910f-4a19-9e96-84d10ae14853 ecf185079cda43319eb868f783ee53ce cbab0bc396ce4998b990be672fbe39f9 - - d75b538e44df44d6a7a6107f8abc3b91 d75b538e44df44d6a7a6107f8abc3b91] 199.19.213.21 "GET /v2.0/networks/5b4ede0d-4140-496b-87e3-e8c26a97b693?fields=segments HTTP/1.1" status: 200 len: 212 time: 0.0551565
2026-07-15 06:09:30.775 9 INFO neutron.wsgi [req-a6924402-fb0d-4245-987d-797238f1793d req-b54e03b8-e986-466e-8a8d-980628f23c53 ecf185079cda43319eb868f783ee53ce cbab0bc396ce4998b990be672fbe39f9 - - d75b538e44df44d6a7a6107f8abc3b91 d75b538e44df44d6a7a6107f8abc3b91] 199.19.213.21 "GET /v2.0/networks/5b4ede0d-4140-496b-87e3-e8c26a97b693?fields=provider%3Aphysical_network&fields=provider%3Anetwork_type HTTP/1.1" status: 200 len: 277 time: 0.0642390
2026-07-15 06:09:30.856 9 INFO neutron.db.ovn_revision_numbers_db [None req-9636f075-5c4a-4bff-ae5a-d3208eaaedf0 - - - - - -] Successfully bumped revision number for resource f586982b-dfe5-48dd-9e8f-17a462b44e5b (type: ports) to 4 /var/lib/openstack/lib/python3.10/site-packages/pycadf/identifier.py:71: UserWarning: Invalid uuid: neutron. To ensure interoperability, identifiers should be a valid uuid. warnings.warn(('Invalid uuid: %s. To ensure interoperability, '
2026-07-15 06:09:31.555 9 INFO neutron.wsgi [req-b720c150-6b99-4a44-97f7-ed7d3005c9b7 req-cc634de3-7e77-46a5-81e5-59052a08cf65 dced2ab65efe4545a9b47d9ff3f526ad 3617ef89ee794eefa1f8dea661d0a45c - - default default] 10.0.0.123 "GET /v2.0/ports?device_id=3ee504c0-373e-446c-bc3f-8f6bf1c7ff33 HTTP/1.1" status: 200 len: 1170 time: 0.0270026
2026-07-15 06:09:31.584 9 INFO neutron.wsgi [req-b720c150-6b99-4a44-97f7-ed7d3005c9b7 req-d641b4a2-6825-4da4-8a0c-83a76399cd82 dced2ab65efe4545a9b47d9ff3f526ad 3617ef89ee794eefa1f8dea661d0a45c - - default default] 10.0.0.123 "GET /v2.0/security-groups?id=5023bf1e-652d-4921-b187-5a7bc263a1b1&fields=id&fields=name HTTP/1.1" status: 200 len: 311 time: 0.0245335
2026-07-15 06:09:31.663 9 INFO neutron.wsgi [None req-de4a080f-1729-4122-9891-79d8ba81d051 0da6c80d60f54d37b08bf2728e147bbf 131dd7ad3488415e91a3a6e17b85182f - - default default] 10.0.0.166 "GET /v2.0/ports/6ba8b2d9-e82a-409b-89a4-f7d97f43bf4c HTTP/1.1" status: 200 len: 1147 time: 0.0304716
2026-07-15 06:09:32.121 9 INFO neutron.notifiers.nova [-] Nova event matching ['req-5f433de2-a70e-43b6-8239-14fed3a226af'] response: {'server_uuid': '3ee504c0-373e-446c-bc3f-8f6bf1c7ff33', 'name': 'network-vif-plugged', 'status': 'completed', 'tag': 'f586982b-dfe5-48dd-9e8f-17a462b44e5b', 'code': 200}
2026-07-15 06:09:32.121 9 INFO neutron.notifiers.nova [-] Nova event matching ['req-5f433de2-a70e-43b6-8239-14fed3a226af'] response: {'server_uuid': '3ee504c0-373e-446c-bc3f-8f6bf1c7ff33', 'name': 'network-vif-plugged', 'status': 'completed', 'tag': 'f586982b-dfe5-48dd-9e8f-17a462b44e5b', 'code': 200}
2026-07-15 06:09:32.177 9 INFO neutron.wsgi [-] 10.0.0.166 "GET / HTTP/1.1" status: 200 len: 279 time: 0.0029342
2026-07-15 06:09:32.363 9 INFO neutron.wsgi [None req-d3d18305-9767-4d21-9e00-6ed9f8e43c98 adbf0d9135c04852afec88777093f3ff a73b8c0abbdb47ef8f0b4dabe160eeca - - default default] 10.0.0.166 "GET /v2.0/ HTTP/1.1" status: 200 len: 826 time: 0.1788921
2026-07-15 06:09:32.440 9 INFO neutron.wsgi [-] 10.0.0.223 "GET / HTTP/1.1" status: 200 len: 247 time: 0.0024652
2026-07-15 06:09:32.440 10 INFO neutron.wsgi [-] 10.0.0.223 "GET / HTTP/1.1" status: 200 len: 247 time: 0.0027685
2026-07-15 06:09:32.712 10 INFO neutron.wsgi [None req-5a9c983d-2c7d-4c8c-b180-98594b3fedd9 0da6c80d60f54d37b08bf2728e147bbf 131dd7ad3488415e91a3a6e17b85182f - - default default] 10.0.0.166 "GET /v2.0/ports/6ba8b2d9-e82a-409b-89a4-f7d97f43bf4c HTTP/1.1" status: 200 len: 1147 time: 0.0419636
2026-07-15 06:09:33.054 9 INFO neutron.wsgi [req-e5fd1314-51b8-41ea-ae4d-a45d185b4d11 req-97baf7c5-f579-4e3f-a4f8-602b9613d4de dced2ab65efe4545a9b47d9ff3f526ad 3617ef89ee794eefa1f8dea661d0a45c - - default default] 10.0.0.123 "GET /v2.0/ports?device_id=3ee504c0-373e-446c-bc3f-8f6bf1c7ff33 HTTP/1.1" status: 200 len: 1170 time: 0.4057920
2026-07-15 06:09:33.090 9 INFO neutron.wsgi [req-e5fd1314-51b8-41ea-ae4d-a45d185b4d11 req-b05f6ee5-52e0-4788-9adf-ef8c6866fd54 dced2ab65efe4545a9b47d9ff3f526ad 3617ef89ee794eefa1f8dea661d0a45c - - default default] 10.0.0.123 "GET /v2.0/security-groups?id=5023bf1e-652d-4921-b187-5a7bc263a1b1&fields=id&fields=name HTTP/1.1" status: 200 len: 311 time: 0.0296288
2026-07-15 06:09:33.145 10 INFO neutron.db.ovn_revision_numbers_db [None req-7d16e1f5-1df8-4a3b-8491-0db588b6e13f bc890da7b1e045df99b7fb40a936d507 524d02558d484f44874de52b6ff81980 - - default default] Successfully bumped revision number for resource ec5f2774-d108-4c9e-90eb-b3b4315d1863 (type: security_groups) to 1
2026-07-15 06:09:33.184 10 INFO neutron.wsgi [None req-7d16e1f5-1df8-4a3b-8491-0db588b6e13f bc890da7b1e045df99b7fb40a936d507 524d02558d484f44874de52b6ff81980 - - default default] 10.0.0.166 "GET /v2.0/security-groups?tenant_id=a73b8c0abbdb47ef8f0b4dabe160eeca&name=default HTTP/1.1" status: 200 len: 2996 time: 0.2785926
2026-07-15 06:09:33.192 10 INFO neutron.wsgi [req-ca05369b-351a-4875-b8a9-5a376aee47c3 req-3270395f-c151-4e85-9544-77290b7870a1 dced2ab65efe4545a9b47d9ff3f526ad 3617ef89ee794eefa1f8dea661d0a45c - - default default] 10.0.0.123 "GET /v2.0/ports?device_id=3ee504c0-373e-446c-bc3f-8f6bf1c7ff33 HTTP/1.1" status: 200 len: 1170 time: 0.0439968
2026-07-15 06:09:33.245 10 INFO neutron.wsgi [req-ca05369b-351a-4875-b8a9-5a376aee47c3 req-37e60146-c504-4876-9c58-4bdebcb49023 dced2ab65efe4545a9b47d9ff3f526ad 3617ef89ee794eefa1f8dea661d0a45c - - default default] 10.0.0.123 "GET /v2.0/security-groups?id=5023bf1e-652d-4921-b187-5a7bc263a1b1&fields=id&fields=name HTTP/1.1" status: 200 len: 311 time: 0.0478842
2026-07-15 06:09:33.278 9 INFO neutron.wsgi [req-9bad6d04-da5b-42f9-a5d6-c738411b16a2 req-531b8e75-b28d-41b1-af23-502ec86c6363 3ef224e9590a45aeb4af936296e3acf2 ce622f652a5a4801a5544f93153c7d26 - - default default] 10.0.0.123 "GET /v2.0/security-groups?name=tempest-securitygroup--67673730&fields=id&tenant_id=ce622f652a5a4801a5544f93153c7d26 HTTP/1.1" status: 200 len: 267 time: 0.0446870
2026-07-15 06:09:33.307 10 INFO neutron.wsgi [None req-0035d4a8-6bcf-4edb-b8dd-9d41ce21e76f c3c072ac6db547d6b9d5436ec6192268 3d45c86cf526407a8d8e353634839600 - - default default] 10.0.0.166 "GET /v2.0/ports?device_id=3ee504c0-373e-446c-bc3f-8f6bf1c7ff33 HTTP/1.1" status: 200 len: 1356 time: 0.0314910
2026-07-15 06:09:33.347 9 INFO neutron.wsgi [req-9bad6d04-da5b-42f9-a5d6-c738411b16a2 req-400a7402-1796-448c-8029-c67b7b0d69f0 3ef224e9590a45aeb4af936296e3acf2 ce622f652a5a4801a5544f93153c7d26 - - default default] 10.0.0.123 "GET /v2.0/networks?id=d930ff10-2752-4052-9791-70ecc2153004 HTTP/1.1" status: 200 len: 878 time: 0.0638816
2026-07-15 06:09:33.373 9 INFO neutron.wsgi [req-9bad6d04-da5b-42f9-a5d6-c738411b16a2 req-d1a2c020-9df8-4e9a-963b-d00a823ad233 3ef224e9590a45aeb4af936296e3acf2 ce622f652a5a4801a5544f93153c7d26 - - default default] 10.0.0.123 "GET /v2.0/quotas/ce622f652a5a4801a5544f93153c7d26 HTTP/1.1" status: 200 len: 386 time: 0.0210140
2026-07-15 06:09:33.463 9 INFO neutron.wsgi [None req-3f2c6a04-a6e2-430f-a5b1-ac33783d3ba0 bc890da7b1e045df99b7fb40a936d507 524d02558d484f44874de52b6ff81980 - - - -] 10.0.0.166 "DELETE /v2.0/security-groups/ec5f2774-d108-4c9e-90eb-b3b4315d1863 HTTP/1.1" status: 204 len: 168 time: 0.2731626
2026-07-15 06:09:33.478 9 INFO neutron.wsgi [req-9bad6d04-da5b-42f9-a5d6-c738411b16a2 req-d90a5767-4e1c-4c25-ab8c-93ccba0b0df1 3ef224e9590a45aeb4af936296e3acf2 ce622f652a5a4801a5544f93153c7d26 - - default default] 10.0.0.123 "GET /v2.0/ports?tenant_id=ce622f652a5a4801a5544f93153c7d26&fields=id HTTP/1.1" status: 200 len: 302 time: 0.1001267
2026-07-15 06:09:33.567 9 INFO neutron.wsgi [req-9bad6d04-da5b-42f9-a5d6-c738411b16a2 req-f366fc22-195e-48c1-bb37-85b67de7fc74 ecf185079cda43319eb868f783ee53ce cbab0bc396ce4998b990be672fbe39f9 - - d75b538e44df44d6a7a6107f8abc3b91 d75b538e44df44d6a7a6107f8abc3b91] 10.0.0.123 "GET /v2.0/networks/d930ff10-2752-4052-9791-70ecc2153004?fields=segments HTTP/1.1" status: 200 len: 212 time: 0.0497134
2026-07-15 06:09:33.627 9 INFO neutron.wsgi [req-9bad6d04-da5b-42f9-a5d6-c738411b16a2 req-9595d410-c6f4-4715-97c0-17dcda8075a9 ecf185079cda43319eb868f783ee53ce cbab0bc396ce4998b990be672fbe39f9 - - d75b538e44df44d6a7a6107f8abc3b91 d75b538e44df44d6a7a6107f8abc3b91] 10.0.0.123 "GET /v2.0/networks/d930ff10-2752-4052-9791-70ecc2153004?fields=provider%3Aphysical_network&fields=provider%3Anetwork_type HTTP/1.1" status: 200 len: 277 time: 0.0514324
2026-07-15 06:09:33.652 10 WARNING neutron.scheduler.dhcp_agent_scheduler [None req-9befbc21-6e92-443c-9069-b429985c5df8 dced2ab65efe4545a9b47d9ff3f526ad 3617ef89ee794eefa1f8dea661d0a45c - - - -] No more DHCP agents
2026-07-15 06:09:33.653 10 WARNING neutron.api.rpc.agentnotifiers.dhcp_rpc_agent_api [None req-9befbc21-6e92-443c-9069-b429985c5df8 dced2ab65efe4545a9b47d9ff3f526ad 3617ef89ee794eefa1f8dea661d0a45c - - - -] Unable to schedule network b3058ac8-f6ab-4ab6-923b-56edb0747af6: no agents available; will retry on subsequent port and subnet creation events.
2026-07-15 06:09:33.758 9 INFO neutron.wsgi [None req-1abf6223-5c7e-414c-8dab-416018c409fc 0da6c80d60f54d37b08bf2728e147bbf 131dd7ad3488415e91a3a6e17b85182f - - default default] 10.0.0.166 "GET /v2.0/ports/6ba8b2d9-e82a-409b-89a4-f7d97f43bf4c HTTP/1.1" status: 200 len: 1147 time: 0.0399001
2026-07-15 06:09:33.954 10 INFO neutron.wsgi [req-cf3982bd-3c11-4106-ab98-e03b4a2754c7 req-2ea45770-0945-4d9e-8a95-1060f55a081f 3ef224e9590a45aeb4af936296e3acf2 ce622f652a5a4801a5544f93153c7d26 - - default default] 10.0.0.123 "GET /v2.0/ports?device_id=99679a09-8ee3-46ce-b682-b192060f78e9 HTTP/1.1" status: 200 len: 210 time: 0.0284526
2026-07-15 06:09:34.193 10 INFO neutron.db.l3_db [None req-9befbc21-6e92-443c-9069-b429985c5df8 dced2ab65efe4545a9b47d9ff3f526ad 3617ef89ee794eefa1f8dea661d0a45c - - - -] Floating IP 3580bc2f-5269-4d35-a77c-a224222882c1 associated. External IP: 10.96.250.202, port: f586982b-dfe5-48dd-9e8f-17a462b44e5b.
2026-07-15 06:09:34.341 10 WARNING neutron.plugins.ml2.drivers.ovn.mech_driver.ovsdb.ovn_client [None req-bceb5e37-e2e9-4c25-b4a6-b028aa7fbee5 - - - - - -] No hosting information found for port 83702997-6a17-405a-9d9b-ee429f2f559e: RuntimeError: No hosting information found for port 83702997-6a17-405a-9d9b-ee429f2f559e
2026-07-15 06:09:34.341 10 INFO neutron.plugins.ml2.drivers.ovn.mech_driver.mech_driver [None req-bceb5e37-e2e9-4c25-b4a6-b028aa7fbee5 - - - - - -] OVN reports status up for port: 898755d9-7f4f-4407-92c8-78a34f5e07d9
2026-07-15 06:09:34.353 10 INFO neutron.plugins.ml2.plugin [None req-bceb5e37-e2e9-4c25-b4a6-b028aa7fbee5 - - - - - -] Attempt 1 to provision port 898755d9-7f4f-4407-92c8-78a34f5e07d9
2026-07-15 06:09:34.433 10 INFO neutron.db.ovn_revision_numbers_db [None req-9befbc21-6e92-443c-9069-b429985c5df8 dced2ab65efe4545a9b47d9ff3f526ad 3617ef89ee794eefa1f8dea661d0a45c - - - -] Successfully bumped revision number for resource 3580bc2f-5269-4d35-a77c-a224222882c1 (type: floatingips) to 0
2026-07-15 06:09:34.540 10 INFO neutron.db.ovn_revision_numbers_db [None req-9befbc21-6e92-443c-9069-b429985c5df8 dced2ab65efe4545a9b47d9ff3f526ad 3617ef89ee794eefa1f8dea661d0a45c - - - -] Successfully bumped revision number for resource 3580bc2f-5269-4d35-a77c-a224222882c1 (type: floatingips) to 1
2026-07-15 06:09:34.589 10 INFO neutron.wsgi [None req-9befbc21-6e92-443c-9069-b429985c5df8 dced2ab65efe4545a9b47d9ff3f526ad 3617ef89ee794eefa1f8dea661d0a45c - - - -] 10.0.0.166 "POST /v2.0/floatingips HTTP/1.1" status: 201 len: 1054 time: 1.2775614
2026-07-15 06:09:34.641 10 INFO neutron.notifiers.nova [-] Nova event matching ['req-a8540ab8-1a0d-4d36-bf36-d7f5a9ca6c51'] response: {'name': 'network-changed', 'server_uuid': '3ee504c0-373e-446c-bc3f-8f6bf1c7ff33', 'tag': 'f586982b-dfe5-48dd-9e8f-17a462b44e5b', 'status': 'completed', 'code': 200}
2026-07-15 06:09:34.650 9 INFO neutron.wsgi [None req-24cd7004-b63e-4bee-80d0-e6df712025a9 dced2ab65efe4545a9b47d9ff3f526ad 3617ef89ee794eefa1f8dea661d0a45c - - default default] 10.0.0.166 "GET /v2.0/floatingips/3580bc2f-5269-4d35-a77c-a224222882c1 HTTP/1.1" status: 200 len: 1051 time: 0.0539424
2026-07-15 06:09:34.680 10 INFO neutron.db.ovn_revision_numbers_db [None req-bceb5e37-e2e9-4c25-b4a6-b028aa7fbee5 - - - - - -] Successfully bumped revision number for resource 898755d9-7f4f-4407-92c8-78a34f5e07d9 (type: ports) to 3
2026-07-15 06:09:34.695 9 INFO neutron.wsgi [req-05d39e54-7b1c-405a-a017-d4baab6e1c89 req-1d364448-856d-4bb9-95b4-b460fd7af72c ecf185079cda43319eb868f783ee53ce cbab0bc396ce4998b990be672fbe39f9 - - d75b538e44df44d6a7a6107f8abc3b91 d75b538e44df44d6a7a6107f8abc3b91] 199.19.213.21 "GET /v2.0/ports?tenant_id=3617ef89ee794eefa1f8dea661d0a45c&device_id=3ee504c0-373e-446c-bc3f-8f6bf1c7ff33 HTTP/1.1" status: 200 len: 1361 time: 0.0338776
2026-07-15 06:09:34.770 10 INFO neutron.wsgi [req-9bad6d04-da5b-42f9-a5d6-c738411b16a2 req-f1625292-d03a-44ec-a54f-0fe62c7499f2 3ef224e9590a45aeb4af936296e3acf2 ce622f652a5a4801a5544f93153c7d26 - - default default] 199.19.213.21 "GET /v2.0/networks?id=d930ff10-2752-4052-9791-70ecc2153004 HTTP/1.1" status: 200 len: 878 time: 0.0831165
2026-07-15 06:09:34.771 9 INFO neutron.wsgi [req-05d39e54-7b1c-405a-a017-d4baab6e1c89 req-eea94aa8-5438-47ee-9115-9d5f2ef4f360 ecf185079cda43319eb868f783ee53ce cbab0bc396ce4998b990be672fbe39f9 - - d75b538e44df44d6a7a6107f8abc3b91 d75b538e44df44d6a7a6107f8abc3b91] 199.19.213.21 "GET /v2.0/networks?id=5b4ede0d-4140-496b-87e3-e8c26a97b693 HTTP/1.1" status: 200 len: 958 time: 0.0721974
2026-07-15 06:09:34.809 9 INFO neutron.wsgi [None req-5cc64c75-0309-4f56-a063-d41251636c8e 0da6c80d60f54d37b08bf2728e147bbf 131dd7ad3488415e91a3a6e17b85182f - - default default] 10.0.0.166 "GET /v2.0/ports/6ba8b2d9-e82a-409b-89a4-f7d97f43bf4c HTTP/1.1" status: 200 len: 1147 time: 0.0398207
2026-07-15 06:09:34.823 10 INFO neutron.db.ovn_revision_numbers_db [None req-bceb5e37-e2e9-4c25-b4a6-b028aa7fbee5 - - - - - -] Successfully bumped revision number for resource 898755d9-7f4f-4407-92c8-78a34f5e07d9 (type: router_ports) to 3
2026-07-15 06:09:34.858 10 INFO neutron.wsgi [req-9bad6d04-da5b-42f9-a5d6-c738411b16a2 req-3fd21a28-022e-45dc-aab4-3740119b6168 3ef224e9590a45aeb4af936296e3acf2 ce622f652a5a4801a5544f93153c7d26 - - default default] 199.19.213.21 "GET /v2.0/security-groups?fields=id&fields=name&tenant_id=ce622f652a5a4801a5544f93153c7d26 HTTP/1.1" status: 200 len: 378 time: 0.0498855
2026-07-15 06:09:34.880 9 INFO neutron.wsgi [req-05d39e54-7b1c-405a-a017-d4baab6e1c89 req-2ba89b81-67ee-4442-ba5e-2f6ef1ff5e0d ecf185079cda43319eb868f783ee53ce cbab0bc396ce4998b990be672fbe39f9 - - d75b538e44df44d6a7a6107f8abc3b91 d75b538e44df44d6a7a6107f8abc3b91] 199.19.213.21 "GET /v2.0/floatingips?fixed_ip_address=10.100.0.7&port_id=f586982b-dfe5-48dd-9e8f-17a462b44e5b HTTP/1.1" status: 200 len: 1059 time: 0.0707898
2026-07-15 06:09:34.926 9 INFO neutron.wsgi [req-05d39e54-7b1c-405a-a017-d4baab6e1c89 req-22cfdaf7-effb-49d5-9498-a99da1ff73b4 ecf185079cda43319eb868f783ee53ce cbab0bc396ce4998b990be672fbe39f9 - - d75b538e44df44d6a7a6107f8abc3b91 d75b538e44df44d6a7a6107f8abc3b91] 199.19.213.21 "GET /v2.0/subnets?id=5c1e356f-159e-4838-a77c-fb35c97cfcea HTTP/1.1" status: 200 len: 853 time: 0.0381486
2026-07-15 06:09:34.965 9 INFO neutron.wsgi [req-05d39e54-7b1c-405a-a017-d4baab6e1c89 req-700140de-f675-4a0f-997f-452d65958cf7 ecf185079cda43319eb868f783ee53ce cbab0bc396ce4998b990be672fbe39f9 - - d75b538e44df44d6a7a6107f8abc3b91 d75b538e44df44d6a7a6107f8abc3b91] 199.19.213.21 "GET /v2.0/ports?network_id=5b4ede0d-4140-496b-87e3-e8c26a97b693&device_owner=network%3Adhcp HTTP/1.1" status: 200 len: 210 time: 0.0317111
2026-07-15 06:09:35.020 9 INFO neutron.wsgi [req-05d39e54-7b1c-405a-a017-d4baab6e1c89 req-6bd62f28-25e1-48e2-8336-5da2b9eba53a ecf185079cda43319eb868f783ee53ce cbab0bc396ce4998b990be672fbe39f9 - - d75b538e44df44d6a7a6107f8abc3b91 d75b538e44df44d6a7a6107f8abc3b91] 199.19.213.21 "GET /v2.0/networks/5b4ede0d-4140-496b-87e3-e8c26a97b693?fields=segments HTTP/1.1" status: 200 len: 212 time: 0.0472159
2026-07-15 06:09:35.064 10 INFO neutron.wsgi [req-4e50a6c1-413d-4f3d-a42c-292543998d1e req-332c9319-9c86-4fa5-824b-d4b42b4d40e2 3ef224e9590a45aeb4af936296e3acf2 ce622f652a5a4801a5544f93153c7d26 - - default default] 10.0.0.123 "GET /v2.0/ports?device_id=99679a09-8ee3-46ce-b682-b192060f78e9 HTTP/1.1" status: 200 len: 210 time: 0.0213206
2026-07-15 06:09:35.076 9 INFO neutron.wsgi [req-05d39e54-7b1c-405a-a017-d4baab6e1c89 req-549a12cd-a268-43cb-ba88-61d5afbf1ec4 ecf185079cda43319eb868f783ee53ce cbab0bc396ce4998b990be672fbe39f9 - - d75b538e44df44d6a7a6107f8abc3b91 d75b538e44df44d6a7a6107f8abc3b91] 199.19.213.21 "GET /v2.0/networks/5b4ede0d-4140-496b-87e3-e8c26a97b693?fields=provider%3Aphysical_network&fields=provider%3Anetwork_type HTTP/1.1" status: 200 len: 277 time: 0.0509012
2026-07-15 06:09:35.222 10 WARNING neutron.scheduler.dhcp_agent_scheduler [None req-f3ef1965-bffb-4f4f-9f3f-da0a4bee9c5a 3ef224e9590a45aeb4af936296e3acf2 ce622f652a5a4801a5544f93153c7d26 - - - -] No more DHCP agents
2026-07-15 06:09:35.224 10 WARNING neutron.api.rpc.agentnotifiers.dhcp_rpc_agent_api [None req-f3ef1965-bffb-4f4f-9f3f-da0a4bee9c5a 3ef224e9590a45aeb4af936296e3acf2 ce622f652a5a4801a5544f93153c7d26 - - - -] Unable to schedule network d930ff10-2752-4052-9791-70ecc2153004: no agents available; will retry on subsequent port and subnet creation events.
2026-07-15 06:09:35.387 10 INFO neutron.db.ovn_revision_numbers_db [None req-f3ef1965-bffb-4f4f-9f3f-da0a4bee9c5a 3ef224e9590a45aeb4af936296e3acf2 ce622f652a5a4801a5544f93153c7d26 - - - -] Successfully bumped revision number for resource 91708a2e-4056-4368-8da7-52f0c7c36ef8 (type: ports) to 1
2026-07-15 06:09:35.409 10 INFO neutron.wsgi [None req-f3ef1965-bffb-4f4f-9f3f-da0a4bee9c5a 3ef224e9590a45aeb4af936296e3acf2 ce622f652a5a4801a5544f93153c7d26 - - - -] 199.19.213.21 "POST /v2.0/ports HTTP/1.1" status: 201 len: 1162 time: 0.5482428 /var/lib/openstack/lib/python3.10/site-packages/pycadf/identifier.py:71: UserWarning: Invalid uuid: neutron. To ensure interoperability, identifiers should be a valid uuid. warnings.warn(('Invalid uuid: %s. To ensure interoperability, '
2026-07-15 06:09:35.796 10 INFO neutron.db.ovn_revision_numbers_db [None req-db65c38c-fd17-41e8-87d5-6e0ccebb083f ecf185079cda43319eb868f783ee53ce cbab0bc396ce4998b990be672fbe39f9 - - - -] Successfully bumped revision number for resource 91708a2e-4056-4368-8da7-52f0c7c36ef8 (type: ports) to 2
2026-07-15 06:09:35.933 9 INFO neutron.wsgi [None req-cebbbcba-4da6-405a-817d-acedd332a9e7 0da6c80d60f54d37b08bf2728e147bbf 131dd7ad3488415e91a3a6e17b85182f - - default default] 10.0.0.166 "GET /v2.0/ports/6ba8b2d9-e82a-409b-89a4-f7d97f43bf4c HTTP/1.1" status: 200 len: 1147 time: 0.1133919
2026-07-15 06:09:36.021 10 INFO neutron.db.ovn_revision_numbers_db [None req-db65c38c-fd17-41e8-87d5-6e0ccebb083f ecf185079cda43319eb868f783ee53ce cbab0bc396ce4998b990be672fbe39f9 - - - -] Successfully bumped revision number for resource 91708a2e-4056-4368-8da7-52f0c7c36ef8 (type: ports) to 2
2026-07-15 06:09:36.036 10 INFO neutron.wsgi [None req-db65c38c-fd17-41e8-87d5-6e0ccebb083f ecf185079cda43319eb868f783ee53ce cbab0bc396ce4998b990be672fbe39f9 - - - -] 199.19.213.21 "PUT /v2.0/ports/91708a2e-4056-4368-8da7-52f0c7c36ef8 HTTP/1.1" status: 200 len: 1332 time: 0.6199787 /var/lib/openstack/lib/python3.10/site-packages/pycadf/identifier.py:71: UserWarning: Invalid uuid: neutron. To ensure interoperability, identifiers should be a valid uuid. warnings.warn(('Invalid uuid: %s. To ensure interoperability, '
2026-07-15 06:09:36.132 10 INFO neutron.wsgi [req-9bad6d04-da5b-42f9-a5d6-c738411b16a2 req-afd70a05-3915-4674-bca5-338f9304478a ecf185079cda43319eb868f783ee53ce cbab0bc396ce4998b990be672fbe39f9 - - d75b538e44df44d6a7a6107f8abc3b91 d75b538e44df44d6a7a6107f8abc3b91] 199.19.213.21 "GET /v2.0/ports?tenant_id=ce622f652a5a4801a5544f93153c7d26&device_id=99679a09-8ee3-46ce-b682-b192060f78e9 HTTP/1.1" status: 200 len: 1363 time: 0.0473695
