2026-07-15 06:10:09.052 9 INFO neutron.db.ovn_revision_numbers_db [None req-b0813ac0-29b1-4824-ba2f-4ca6d99dbc71 4c4855f1a45f49b6b821cf67e976c39f 6ef1db2977f84414b89bed71d659cc22 - - default default] Successfully bumped revision number for resource 73c8a865-3f2d-4e64-a54a-df5bfd8f5983 (type: router_ports) to 2
2026-07-15 06:10:09.101 10 INFO neutron.wsgi [req-a0e3ae0a-5abb-4ec9-9989-f96e6f402651 req-e71c45a0-1a7c-49e5-b7ce-47ff1b8ee312 ecf185079cda43319eb868f783ee53ce cbab0bc396ce4998b990be672fbe39f9 - - d75b538e44df44d6a7a6107f8abc3b91 d75b538e44df44d6a7a6107f8abc3b91] 199.19.213.21 "GET /v2.0/networks/5b4ede0d-4140-496b-87e3-e8c26a97b693?fields=segments HTTP/1.1" status: 200 len: 212 time: 0.0707471
2026-07-15 06:10:09.174 10 INFO neutron.wsgi [req-a0e3ae0a-5abb-4ec9-9989-f96e6f402651 req-6a4d6e27-9900-442c-a7a2-cbbbbdd0ef7e ecf185079cda43319eb868f783ee53ce cbab0bc396ce4998b990be672fbe39f9 - - d75b538e44df44d6a7a6107f8abc3b91 d75b538e44df44d6a7a6107f8abc3b91] 199.19.213.21 "GET /v2.0/networks/5b4ede0d-4140-496b-87e3-e8c26a97b693?fields=provider%3Aphysical_network&fields=provider%3Anetwork_type HTTP/1.1" status: 200 len: 277 time: 0.0669479
2026-07-15 06:10:09.424 9 INFO neutron.db.ovn_revision_numbers_db [None req-b0813ac0-29b1-4824-ba2f-4ca6d99dbc71 4c4855f1a45f49b6b821cf67e976c39f 6ef1db2977f84414b89bed71d659cc22 - - default default] Successfully bumped revision number for resource 73c8a865-3f2d-4e64-a54a-df5bfd8f5983 (type: ports) to 2
2026-07-15 06:10:09.557 9 INFO neutron.db.ovn_revision_numbers_db [None req-687364b0-3209-4ff4-996a-ac3e3be22ea9 bc890da7b1e045df99b7fb40a936d507 524d02558d484f44874de52b6ff81980 - - - -] Successfully bumped revision number for resource 2f85e664-cf88-4ae2-8715-d56ba095365b (type: router_ports) to 2
2026-07-15 06:10:09.560 9 INFO neutron.wsgi [None req-687364b0-3209-4ff4-996a-ac3e3be22ea9 bc890da7b1e045df99b7fb40a936d507 524d02558d484f44874de52b6ff81980 - - - -] 10.0.0.166 "PUT /v2.0/routers/289b8e9b-927f-4106-aef6-109d5a46e095/add_router_interface HTTP/1.1" status: 200 len: 503 time: 4.1938155
2026-07-15 06:10:09.564 9 INFO neutron.db.ovn_revision_numbers_db [None req-8e9680e2-660b-418b-bec8-b239fbed5f7f 73b92846d102414aa624111ba337b43f 18acbef1ed324e389be1aa5bb90f8f1b - - - -] Successfully bumped revision number for resource 8a5adbdc-a739-4eb4-af8e-d930856825f7 (type: floatingips) to 0
2026-07-15 06:10:09.590 9 INFO neutron.wsgi [None req-8e9680e2-660b-418b-bec8-b239fbed5f7f 73b92846d102414aa624111ba337b43f 18acbef1ed324e389be1aa5bb90f8f1b - - - -] 10.0.0.166 "POST /v2.0/floatingips HTTP/1.1" status: 201 len: 751 time: 1.5389678
2026-07-15 06:10:09.596 9 WARNING neutron.scheduler.dhcp_agent_scheduler [None req-b0813ac0-29b1-4824-ba2f-4ca6d99dbc71 4c4855f1a45f49b6b821cf67e976c39f 6ef1db2977f84414b89bed71d659cc22 - - default default] No more DHCP agents
2026-07-15 06:10:09.598 9 WARNING neutron.api.rpc.agentnotifiers.dhcp_rpc_agent_api [None req-b0813ac0-29b1-4824-ba2f-4ca6d99dbc71 4c4855f1a45f49b6b821cf67e976c39f 6ef1db2977f84414b89bed71d659cc22 - - default default] Unable to schedule network e3ec7c99-70f5-431c-8cb9-b70ebe08c670: no agents available; will retry on subsequent port and subnet creation events.
2026-07-15 06:10:09.657 9 INFO neutron.db.ovn_revision_numbers_db [None req-9636f075-5c4a-4bff-ae5a-d3208eaaedf0 - - - - - -] Successfully bumped revision number for resource 73c8a865-3f2d-4e64-a54a-df5bfd8f5983 (type: ports) to 3
2026-07-15 06:10:09.802 9 INFO neutron.db.ovn_revision_numbers_db [None req-9636f075-5c4a-4bff-ae5a-d3208eaaedf0 - - - - - -] Successfully bumped revision number for resource 73c8a865-3f2d-4e64-a54a-df5bfd8f5983 (type: router_ports) to 3
2026-07-15 06:10:09.813 9 INFO neutron.db.ovn_revision_numbers_db [None req-b0813ac0-29b1-4824-ba2f-4ca6d99dbc71 4c4855f1a45f49b6b821cf67e976c39f 6ef1db2977f84414b89bed71d659cc22 - - - -] Successfully bumped revision number for resource 73c8a865-3f2d-4e64-a54a-df5bfd8f5983 (type: router_ports) to 3
2026-07-15 06:10:09.815 9 INFO neutron.wsgi [None req-b0813ac0-29b1-4824-ba2f-4ca6d99dbc71 4c4855f1a45f49b6b821cf67e976c39f 6ef1db2977f84414b89bed71d659cc22 - - - -] 10.0.0.166 "PUT /v2.0/routers/e0d7199e-98fa-4b6a-8cb1-85ac633b3869/add_router_interface HTTP/1.1" status: 200 len: 503 time: 2.6578121
2026-07-15 06:10:09.948 9 INFO neutron.wsgi [None req-8c6c194c-3461-4286-b8c2-bfd38725b238 4c4855f1a45f49b6b821cf67e976c39f 6ef1db2977f84414b89bed71d659cc22 - - default default] 10.0.0.166 "GET /v2.0/ports/73c8a865-3f2d-4e64-a54a-df5bfd8f5983 HTTP/1.1" status: 200 len: 1137 time: 0.1275547
2026-07-15 06:10:10.233 10 INFO neutron.db.ovn_revision_numbers_db [None req-59e25455-3eea-42a0-9502-d6debc2f1ae9 bd91ff63cc394f448ba6454035a4cde0 33b1d09920644c478d2b0797132e02e4 - - - -] Successfully bumped revision number for resource 756a3766-5517-4572-a0c3-3bc18daeca99 (type: security_groups) to 1
2026-07-15 06:10:10.258 10 INFO neutron.wsgi [None req-59e25455-3eea-42a0-9502-d6debc2f1ae9 bd91ff63cc394f448ba6454035a4cde0 33b1d09920644c478d2b0797132e02e4 - - - -] 10.0.0.166 "POST /v2.0/security-groups HTTP/1.1" status: 201 len: 1809 time: 0.1410911
2026-07-15 06:10:10.269 9 INFO neutron.wsgi [req-1350fed6-1d5d-4f62-9cf5-d25d3d4fc1a3 req-740f4b94-a3e9-4454-afea-75d4bd606181 73b92846d102414aa624111ba337b43f 18acbef1ed324e389be1aa5bb90f8f1b - - default default] 10.0.0.123 "GET /v2.0/security-groups?name=tempest-securitygroup--1251199745&fields=id&tenant_id=18acbef1ed324e389be1aa5bb90f8f1b HTTP/1.1" status: 200 len: 267 time: 0.2723138
2026-07-15 06:10:10.358 9 INFO neutron.wsgi [req-1350fed6-1d5d-4f62-9cf5-d25d3d4fc1a3 req-fb79d7f1-fa9f-4f3a-b08c-71b513d43483 73b92846d102414aa624111ba337b43f 18acbef1ed324e389be1aa5bb90f8f1b - - default default] 10.0.0.123 "GET /v2.0/networks?id=a16ac738-5a72-43a9-b022-ba02c83ad37e HTTP/1.1" status: 200 len: 874 time: 0.0751269
2026-07-15 06:10:10.373 10 INFO neutron.db.ovn_revision_numbers_db [None req-3ad8bf9f-c85a-4e9f-9a91-7f68de082744 bd91ff63cc394f448ba6454035a4cde0 33b1d09920644c478d2b0797132e02e4 - - - -] Successfully bumped revision number for resource 8e7f573e-01a8-4b2e-bef9-5397d0285b26 (type: security_group_rules) to 0
2026-07-15 06:10:10.385 9 INFO neutron.wsgi [req-1350fed6-1d5d-4f62-9cf5-d25d3d4fc1a3 req-83eb9570-c4a6-4c9d-8d16-8b54c426e559 73b92846d102414aa624111ba337b43f 18acbef1ed324e389be1aa5bb90f8f1b - - default default] 10.0.0.123 "GET /v2.0/quotas/18acbef1ed324e389be1aa5bb90f8f1b HTTP/1.1" status: 200 len: 386 time: 0.0169439
2026-07-15 06:10:10.399 10 INFO neutron.wsgi [None req-3ad8bf9f-c85a-4e9f-9a91-7f68de082744 bd91ff63cc394f448ba6454035a4cde0 33b1d09920644c478d2b0797132e02e4 - - - -] 10.0.0.166 "POST /v2.0/security-group-rules HTTP/1.1" status: 201 len: 764 time: 0.1364539
2026-07-15 06:10:10.502 10 INFO neutron.db.ovn_revision_numbers_db [None req-910a6657-6539-4111-8889-be576752ba6a bd91ff63cc394f448ba6454035a4cde0 33b1d09920644c478d2b0797132e02e4 - - - -] Successfully bumped revision number for resource 1ed4115c-abaf-418f-8c8d-9f433194062c (type: security_group_rules) to 0
2026-07-15 06:10:10.515 9 INFO neutron.wsgi [req-1350fed6-1d5d-4f62-9cf5-d25d3d4fc1a3 req-7722c171-74f3-4164-af3f-8fb9bbd54de7 73b92846d102414aa624111ba337b43f 18acbef1ed324e389be1aa5bb90f8f1b - - default default] 10.0.0.123 "GET /v2.0/ports?tenant_id=18acbef1ed324e389be1aa5bb90f8f1b&fields=id HTTP/1.1" status: 200 len: 302 time: 0.1072145
2026-07-15 06:10:10.524 10 INFO neutron.wsgi [None req-910a6657-6539-4111-8889-be576752ba6a bd91ff63cc394f448ba6454035a4cde0 33b1d09920644c478d2b0797132e02e4 - - - -] 10.0.0.166 "POST /v2.0/security-group-rules HTTP/1.1" status: 201 len: 763 time: 0.1213357
2026-07-15 06:10:10.602 9 INFO neutron.wsgi [req-1350fed6-1d5d-4f62-9cf5-d25d3d4fc1a3 req-48813de4-0e35-4519-b9e5-5db6e30d9493 ecf185079cda43319eb868f783ee53ce cbab0bc396ce4998b990be672fbe39f9 - - d75b538e44df44d6a7a6107f8abc3b91 d75b538e44df44d6a7a6107f8abc3b91] 10.0.0.123 "GET /v2.0/networks/a16ac738-5a72-43a9-b022-ba02c83ad37e?fields=segments HTTP/1.1" status: 200 len: 212 time: 0.0634089
2026-07-15 06:10:10.639 10 INFO neutron.db.ovn_revision_numbers_db [None req-7f02aced-8603-457b-87d5-026859d33c5f bd91ff63cc394f448ba6454035a4cde0 33b1d09920644c478d2b0797132e02e4 - - - -] Successfully bumped revision number for resource 393a5d2f-0d73-46f0-9f4f-5edc1f3a4f75 (type: security_group_rules) to 0
2026-07-15 06:10:10.664 10 INFO neutron.wsgi [None req-7f02aced-8603-457b-87d5-026859d33c5f bd91ff63cc394f448ba6454035a4cde0 33b1d09920644c478d2b0797132e02e4 - - - -] 10.0.0.166 "POST /v2.0/security-group-rules HTTP/1.1" status: 201 len: 769 time: 0.1346741
2026-07-15 06:10:10.703 9 INFO neutron.wsgi [req-1350fed6-1d5d-4f62-9cf5-d25d3d4fc1a3 req-a0c7f7e7-cbb9-4305-8eca-d0700029e7ba ecf185079cda43319eb868f783ee53ce cbab0bc396ce4998b990be672fbe39f9 - - d75b538e44df44d6a7a6107f8abc3b91 d75b538e44df44d6a7a6107f8abc3b91] 10.0.0.123 "GET /v2.0/networks/a16ac738-5a72-43a9-b022-ba02c83ad37e?fields=provider%3Aphysical_network&fields=provider%3Anetwork_type HTTP/1.1" status: 200 len: 277 time: 0.0841062
2026-07-15 06:10:10.725 9 WARNING neutron.scheduler.dhcp_agent_scheduler [None req-dac973f9-bf7a-444a-8bd3-8bc74487db30 4c4855f1a45f49b6b821cf67e976c39f 6ef1db2977f84414b89bed71d659cc22 - - default default] No more DHCP agents
2026-07-15 06:10:10.728 9 WARNING neutron.api.rpc.agentnotifiers.dhcp_rpc_agent_api [None req-dac973f9-bf7a-444a-8bd3-8bc74487db30 4c4855f1a45f49b6b821cf67e976c39f 6ef1db2977f84414b89bed71d659cc22 - - default default] Unable to schedule network aecc217c-d5ef-420d-9592-53947606dbaa: no agents available; will retry on subsequent port and subnet creation events.
2026-07-15 06:10:10.782 10 INFO neutron.db.ovn_revision_numbers_db [None req-cfad32b8-ee18-4672-838d-bda8e760bbf7 bd91ff63cc394f448ba6454035a4cde0 33b1d09920644c478d2b0797132e02e4 - - - -] Successfully bumped revision number for resource de1911de-ce55-480e-8150-e006f7032f4e (type: security_group_rules) to 0
2026-07-15 06:10:10.809 10 INFO neutron.wsgi [None req-cfad32b8-ee18-4672-838d-bda8e760bbf7 bd91ff63cc394f448ba6454035a4cde0 33b1d09920644c478d2b0797132e02e4 - - - -] 10.0.0.166 "POST /v2.0/security-group-rules HTTP/1.1" status: 201 len: 768 time: 0.1401768
2026-07-15 06:10:10.845 10 INFO neutron.db.securitygroups_db [None req-b7819085-585b-45c3-a1f5-987b6aacd15a bd91ff63cc394f448ba6454035a4cde0 33b1d09920644c478d2b0797132e02e4 - - - -] Project 33b1d09920644c478d2b0797132e02e4 added a security group rule with legacy IPv6 ICMP protocol name icmp, ipv6-icmp should be used instead. It was automatically converted.
2026-07-15 06:10:10.858 10 INFO neutron.wsgi [req-b02c8bc1-649f-41db-ba34-aa2599aa5fbc req-682afe0b-7688-414f-a014-9c7511acbeb3 73b92846d102414aa624111ba337b43f 18acbef1ed324e389be1aa5bb90f8f1b - - default default] 10.0.0.123 "GET /v2.0/ports?device_id=54f6188d-d265-4210-a314-25a3a2d27d54 HTTP/1.1" status: 200 len: 210 time: 0.0258725
2026-07-15 06:10:10.870 9 INFO neutron.db.ovn_revision_numbers_db [None req-dac973f9-bf7a-444a-8bd3-8bc74487db30 4c4855f1a45f49b6b821cf67e976c39f 6ef1db2977f84414b89bed71d659cc22 - - default default] Successfully bumped revision number for resource f7ef7c4c-6f7c-40cb-9e26-adf85c772e36 (type: ports) to 1
2026-07-15 06:10:10.958 10 INFO neutron.db.ovn_revision_numbers_db [None req-b7819085-585b-45c3-a1f5-987b6aacd15a bd91ff63cc394f448ba6454035a4cde0 33b1d09920644c478d2b0797132e02e4 - - - -] Successfully bumped revision number for resource 6af4e215-4911-4607-8f3c-15c24c79b43e (type: security_group_rules) to 0
2026-07-15 06:10:11.002 10 INFO neutron.wsgi [None req-b7819085-585b-45c3-a1f5-987b6aacd15a bd91ff63cc394f448ba6454035a4cde0 33b1d09920644c478d2b0797132e02e4 - - - -] 10.0.0.166 "POST /v2.0/security-group-rules HTTP/1.1" status: 201 len: 774 time: 0.1883805
2026-07-15 06:10:11.016 10 WARNING neutron.plugins.ml2.drivers.ovn.mech_driver.ovsdb.ovn_client [None req-bceb5e37-e2e9-4c25-b4a6-b028aa7fbee5 - - - - - -] No hosting information found for port 55ad825f-475a-49c6-a1b1-08528fc0c277: RuntimeError: No hosting information found for port 55ad825f-475a-49c6-a1b1-08528fc0c277
2026-07-15 06:10:11.016 10 INFO neutron.plugins.ml2.drivers.ovn.mech_driver.mech_driver [None req-bceb5e37-e2e9-4c25-b4a6-b028aa7fbee5 - - - - - -] OVN reports status up for port: 9bdd70a2-41ef-4bad-98ba-9038b275a4e4
2026-07-15 06:10:11.031 10 INFO neutron.plugins.ml2.plugin [None req-bceb5e37-e2e9-4c25-b4a6-b028aa7fbee5 - - - - - -] Attempt 1 to provision port 9bdd70a2-41ef-4bad-98ba-9038b275a4e4
2026-07-15 06:10:11.032 10 INFO neutron.db.securitygroups_db [None req-e8589f9e-f8bb-4eaf-950f-7ae335f70c8a bd91ff63cc394f448ba6454035a4cde0 33b1d09920644c478d2b0797132e02e4 - - - -] Project 33b1d09920644c478d2b0797132e02e4 added a security group rule with legacy IPv6 ICMP protocol name icmp, ipv6-icmp should be used instead. It was automatically converted.
2026-07-15 06:10:11.130 10 INFO neutron.plugins.ml2.drivers.ovn.mech_driver.mech_driver [None req-bceb5e37-e2e9-4c25-b4a6-b028aa7fbee5 - - - - - -] OVN reports status up for port: 2f85e664-cf88-4ae2-8715-d56ba095365b
2026-07-15 06:10:11.141 10 INFO neutron.plugins.ml2.plugin [None req-bceb5e37-e2e9-4c25-b4a6-b028aa7fbee5 - - - - - -] Attempt 1 to provision port 2f85e664-cf88-4ae2-8715-d56ba095365b
2026-07-15 06:10:11.175 10 INFO neutron.db.ovn_revision_numbers_db [None req-e8589f9e-f8bb-4eaf-950f-7ae335f70c8a bd91ff63cc394f448ba6454035a4cde0 33b1d09920644c478d2b0797132e02e4 - - - -] Successfully bumped revision number for resource 01a8c676-971f-4104-b0d6-748a47510859 (type: security_group_rules) to 0
2026-07-15 06:10:11.213 10 INFO neutron.wsgi [None req-e8589f9e-f8bb-4eaf-950f-7ae335f70c8a bd91ff63cc394f448ba6454035a4cde0 33b1d09920644c478d2b0797132e02e4 - - - -] 10.0.0.166 "POST /v2.0/security-group-rules HTTP/1.1" status: 201 len: 773 time: 0.2057536
2026-07-15 06:10:11.409 10 INFO neutron.db.ovn_revision_numbers_db [None req-bceb5e37-e2e9-4c25-b4a6-b028aa7fbee5 - - - - - -] Successfully bumped revision number for resource 2f85e664-cf88-4ae2-8715-d56ba095365b (type: ports) to 3
2026-07-15 06:10:11.410 9 INFO neutron.db.ovn_revision_numbers_db [None req-dac973f9-bf7a-444a-8bd3-8bc74487db30 4c4855f1a45f49b6b821cf67e976c39f 6ef1db2977f84414b89bed71d659cc22 - - default default] Successfully bumped revision number for resource f7ef7c4c-6f7c-40cb-9e26-adf85c772e36 (type: router_ports) to 2
2026-07-15 06:10:11.535 10 INFO neutron.db.ovn_revision_numbers_db [None req-bceb5e37-e2e9-4c25-b4a6-b028aa7fbee5 - - - - - -] Successfully bumped revision number for resource 2f85e664-cf88-4ae2-8715-d56ba095365b (type: router_ports) to 3
2026-07-15 06:10:11.560 9 INFO neutron.db.ovn_revision_numbers_db [None req-dac973f9-bf7a-444a-8bd3-8bc74487db30 4c4855f1a45f49b6b821cf67e976c39f 6ef1db2977f84414b89bed71d659cc22 - - default default] Successfully bumped revision number for resource f7ef7c4c-6f7c-40cb-9e26-adf85c772e36 (type: ports) to 2
2026-07-15 06:10:11.642 10 INFO neutron.wsgi [req-1350fed6-1d5d-4f62-9cf5-d25d3d4fc1a3 req-4b74f6d4-3edf-402f-a76e-52e6dc328acc 73b92846d102414aa624111ba337b43f 18acbef1ed324e389be1aa5bb90f8f1b - - default default] 199.19.213.21 "GET /v2.0/networks?id=a16ac738-5a72-43a9-b022-ba02c83ad37e HTTP/1.1" status: 200 len: 874 time: 0.1031265
2026-07-15 06:10:11.646 9 WARNING neutron.scheduler.dhcp_agent_scheduler [None req-dac973f9-bf7a-444a-8bd3-8bc74487db30 4c4855f1a45f49b6b821cf67e976c39f 6ef1db2977f84414b89bed71d659cc22 - - default default] No more DHCP agents
2026-07-15 06:10:11.648 9 WARNING neutron.api.rpc.agentnotifiers.dhcp_rpc_agent_api [None req-dac973f9-bf7a-444a-8bd3-8bc74487db30 4c4855f1a45f49b6b821cf67e976c39f 6ef1db2977f84414b89bed71d659cc22 - - default default] Unable to schedule network aecc217c-d5ef-420d-9592-53947606dbaa: no agents available; will retry on subsequent port and subnet creation events.
2026-07-15 06:10:11.687 10 INFO neutron.wsgi [req-1350fed6-1d5d-4f62-9cf5-d25d3d4fc1a3 req-0d13971d-0dfb-438a-a4db-e5b599416327 73b92846d102414aa624111ba337b43f 18acbef1ed324e389be1aa5bb90f8f1b - - default default] 199.19.213.21 "GET /v2.0/security-groups?fields=id&fields=name&tenant_id=18acbef1ed324e389be1aa5bb90f8f1b HTTP/1.1" status: 200 len: 380 time: 0.0367184
2026-07-15 06:10:11.762 9 INFO neutron.db.ovn_revision_numbers_db [None req-5ceaa156-01c9-4ad8-8a2a-767218ebb84e bd91ff63cc394f448ba6454035a4cde0 33b1d09920644c478d2b0797132e02e4 - - - -] Successfully bumped revision number for resource ad186863-dc30-4ec9-93f3-b88ee0b2b0bb (type: security_groups) to 1
2026-07-15 06:10:11.788 9 INFO neutron.wsgi [None req-5ceaa156-01c9-4ad8-8a2a-767218ebb84e bd91ff63cc394f448ba6454035a4cde0 33b1d09920644c478d2b0797132e02e4 - - - -] 10.0.0.166 "POST /v2.0/security-groups HTTP/1.1" status: 201 len: 1796 time: 0.1980622
2026-07-15 06:10:11.849 9 INFO neutron.db.ovn_revision_numbers_db [None req-dac973f9-bf7a-444a-8bd3-8bc74487db30 4c4855f1a45f49b6b821cf67e976c39f 6ef1db2977f84414b89bed71d659cc22 - - - -] Successfully bumped revision number for resource f7ef7c4c-6f7c-40cb-9e26-adf85c772e36 (type: router_ports) to 2
2026-07-15 06:10:11.852 9 INFO neutron.wsgi [None req-dac973f9-bf7a-444a-8bd3-8bc74487db30 4c4855f1a45f49b6b821cf67e976c39f 6ef1db2977f84414b89bed71d659cc22 - - - -] 10.0.0.166 "PUT /v2.0/routers/e0d7199e-98fa-4b6a-8cb1-85ac633b3869/add_router_interface HTTP/1.1" status: 200 len: 503 time: 1.9000638
2026-07-15 06:10:11.966 10 INFO neutron.wsgi [req-01c466ce-62b4-4454-8211-d5716fa85859 req-76879778-84a4-42d5-9a71-2784c07aa060 73b92846d102414aa624111ba337b43f 18acbef1ed324e389be1aa5bb90f8f1b - - default default] 10.0.0.123 "GET /v2.0/ports?device_id=54f6188d-d265-4210-a314-25a3a2d27d54 HTTP/1.1" status: 200 len: 210 time: 0.0330467
2026-07-15 06:10:11.968 9 INFO neutron.wsgi [None req-2c2d2a4e-ca8d-4bb8-be8c-ec65ab5ad55e 4c4855f1a45f49b6b821cf67e976c39f 6ef1db2977f84414b89bed71d659cc22 - - default default] 10.0.0.166 "GET /v2.0/ports/f7ef7c4c-6f7c-40cb-9e26-adf85c772e36 HTTP/1.1" status: 200 len: 1135 time: 0.1100214
2026-07-15 06:10:11.999 10 INFO neutron.db.ovn_revision_numbers_db [None req-7b5da3e9-652c-4324-a7cb-8fca1c3a1684 bd91ff63cc394f448ba6454035a4cde0 33b1d09920644c478d2b0797132e02e4 - - - -] Successfully bumped revision number for resource 68b7a21d-47ad-44ef-863e-432b407cca40 (type: security_group_rules) to 0
2026-07-15 06:10:12.282 10 INFO neutron.wsgi [None req-7b5da3e9-652c-4324-a7cb-8fca1c3a1684 bd91ff63cc394f448ba6454035a4cde0 33b1d09920644c478d2b0797132e02e4 - - - -] 10.0.0.166 "POST /v2.0/security-group-rules HTTP/1.1" status: 201 len: 764 time: 0.4885149
2026-07-15 06:10:12.349 10 INFO neutron.wsgi [None req-a91b21ca-1f78-41aa-8845-a9bdc29b33c3 4c4855f1a45f49b6b821cf67e976c39f 6ef1db2977f84414b89bed71d659cc22 - - default default] 10.0.0.166 "GET /v2.0/ports/f7ef7c4c-6f7c-40cb-9e26-adf85c772e36 HTTP/1.1" status: 200 len: 1135 time: 0.3751624
2026-07-15 06:10:12.390 10 WARNING neutron.scheduler.dhcp_agent_scheduler [None req-fb62d6ef-6933-4ef4-8a9f-cd788b417a83 73b92846d102414aa624111ba337b43f 18acbef1ed324e389be1aa5bb90f8f1b - - - -] No more DHCP agents
2026-07-15 06:10:12.392 10 WARNING neutron.api.rpc.agentnotifiers.dhcp_rpc_agent_api [None req-fb62d6ef-6933-4ef4-8a9f-cd788b417a83 73b92846d102414aa624111ba337b43f 18acbef1ed324e389be1aa5bb90f8f1b - - - -] Unable to schedule network a16ac738-5a72-43a9-b022-ba02c83ad37e: no agents available; will retry on subsequent port and subnet creation events.
2026-07-15 06:10:12.405 9 INFO neutron.db.ovn_revision_numbers_db [None req-db12b5a6-61f1-4c35-aa64-63f136ac422a bd91ff63cc394f448ba6454035a4cde0 33b1d09920644c478d2b0797132e02e4 - - - -] Successfully bumped revision number for resource e2ed893e-d797-4e5d-8f62-35d6c7ce1f42 (type: security_group_rules) to 0
2026-07-15 06:10:12.429 9 INFO neutron.wsgi [None req-db12b5a6-61f1-4c35-aa64-63f136ac422a bd91ff63cc394f448ba6454035a4cde0 33b1d09920644c478d2b0797132e02e4 - - - -] 10.0.0.166 "POST /v2.0/security-group-rules HTTP/1.1" status: 201 len: 769 time: 0.1411653
2026-07-15 06:10:12.536 10 INFO neutron.db.ovn_revision_numbers_db [None req-fb62d6ef-6933-4ef4-8a9f-cd788b417a83 73b92846d102414aa624111ba337b43f 18acbef1ed324e389be1aa5bb90f8f1b - - - -] Successfully bumped revision number for resource a7b9fad2-c00f-4c7d-bbad-7eb057f5bef1 (type: ports) to 1
2026-07-15 06:10:12.557 10 INFO neutron.wsgi [None req-fb62d6ef-6933-4ef4-8a9f-cd788b417a83 73b92846d102414aa624111ba337b43f 18acbef1ed324e389be1aa5bb90f8f1b - - - -] 199.19.213.21 "POST /v2.0/ports HTTP/1.1" status: 201 len: 1162 time: 0.8636272 /var/lib/openstack/lib/python3.10/site-packages/pycadf/identifier.py:71: UserWarning: Invalid uuid: neutron. To ensure interoperability, identifiers should be a valid uuid. warnings.warn(('Invalid uuid: %s. To ensure interoperability, '
2026-07-15 06:10:12.698 9 WARNING neutron.scheduler.dhcp_agent_scheduler [None req-0f438f98-bcfa-4e89-ac63-25308a154933 bd91ff63cc394f448ba6454035a4cde0 33b1d09920644c478d2b0797132e02e4 - - - -] No more DHCP agents
2026-07-15 06:10:12.700 9 WARNING neutron.api.rpc.agentnotifiers.dhcp_rpc_agent_api [None req-0f438f98-bcfa-4e89-ac63-25308a154933 bd91ff63cc394f448ba6454035a4cde0 33b1d09920644c478d2b0797132e02e4 - - - -] Unable to schedule network b3058ac8-f6ab-4ab6-923b-56edb0747af6: no agents available; will retry on subsequent port and subnet creation events.
2026-07-15 06:10:12.948 10 INFO neutron.db.ovn_revision_numbers_db [None req-ad237dbe-2642-48c9-85fb-30e2e431da8d ecf185079cda43319eb868f783ee53ce cbab0bc396ce4998b990be672fbe39f9 - - - -] Successfully bumped revision number for resource a7b9fad2-c00f-4c7d-bbad-7eb057f5bef1 (type: ports) to 2
2026-07-15 06:10:12.993 9 INFO neutron.db.ovn_revision_numbers_db [None req-0f438f98-bcfa-4e89-ac63-25308a154933 bd91ff63cc394f448ba6454035a4cde0 33b1d09920644c478d2b0797132e02e4 - - - -] Successfully bumped revision number for resource 238d541a-4dbc-4b68-843d-7b4b1703fbaf (type: floatingips) to 0
2026-07-15 06:10:13.007 9 INFO neutron.wsgi [None req-0f438f98-bcfa-4e89-ac63-25308a154933 bd91ff63cc394f448ba6454035a4cde0 33b1d09920644c478d2b0797132e02e4 - - - -] 10.0.0.166 "POST /v2.0/floatingips HTTP/1.1" status: 201 len: 751 time: 0.5729816
2026-07-15 06:10:13.079 9 INFO neutron.wsgi [req-592ec3c1-4943-4766-8920-40cef07ad62d req-1153838a-a7e3-4d91-8f0e-fe92992b3447 73b92846d102414aa624111ba337b43f 18acbef1ed324e389be1aa5bb90f8f1b - - default default] 10.0.0.123 "GET /v2.0/ports?device_id=54f6188d-d265-4210-a314-25a3a2d27d54 HTTP/1.1" status: 200 len: 1172 time: 0.0401022 /var/lib/openstack/lib/python3.10/site-packages/pycadf/identifier.py:71: UserWarning: Invalid uuid: neutron. To ensure interoperability, identifiers should be a valid uuid. warnings.warn(('Invalid uuid: %s. To ensure interoperability, '
2026-07-15 06:10:13.118 10 INFO neutron.wsgi [req-a56731a2-d795-4df2-bc6e-eb5a69da2325 req-259b195d-0935-40ef-9397-291e808aeabd bd91ff63cc394f448ba6454035a4cde0 33b1d09920644c478d2b0797132e02e4 - - default default] 10.0.0.123 "GET /v2.0/security-groups?name=tempest-securitygroup--1445530332&fields=id&tenant_id=33b1d09920644c478d2b0797132e02e4 HTTP/1.1" status: 200 len: 267 time: 0.0473824
2026-07-15 06:10:13.120 9 INFO neutron.wsgi [req-592ec3c1-4943-4766-8920-40cef07ad62d req-05587903-f78a-4930-8a29-2fd754fa341e 73b92846d102414aa624111ba337b43f 18acbef1ed324e389be1aa5bb90f8f1b - - default default] 10.0.0.123 "GET /v2.0/security-groups?id=568ebaca-deb3-45a1-b143-7bd165684ac9&fields=id&fields=name HTTP/1.1" status: 200 len: 313 time: 0.0333591
2026-07-15 06:10:13.142 10 INFO neutron.db.ovn_revision_numbers_db [None req-ad237dbe-2642-48c9-85fb-30e2e431da8d ecf185079cda43319eb868f783ee53ce cbab0bc396ce4998b990be672fbe39f9 - - - -] Successfully bumped revision number for resource a7b9fad2-c00f-4c7d-bbad-7eb057f5bef1 (type: ports) to 2
2026-07-15 06:10:13.157 10 INFO neutron.wsgi [req-a56731a2-d795-4df2-bc6e-eb5a69da2325 req-58a48c70-2ca6-4446-b708-e123bf0f28eb bd91ff63cc394f448ba6454035a4cde0 33b1d09920644c478d2b0797132e02e4 - - default default] 10.0.0.123 "GET /v2.0/security-groups?name=tempest-secgroup-smoke-821832157&fields=id&tenant_id=33b1d09920644c478d2b0797132e02e4 HTTP/1.1" status: 200 len: 267 time: 0.0291905
2026-07-15 06:10:13.161 10 INFO neutron.wsgi [None req-ad237dbe-2642-48c9-85fb-30e2e431da8d ecf185079cda43319eb868f783ee53ce cbab0bc396ce4998b990be672fbe39f9 - - - -] 199.19.213.21 "PUT /v2.0/ports/a7b9fad2-c00f-4c7d-bbad-7eb057f5bef1 HTTP/1.1" status: 200 len: 1332 time: 0.5951400
2026-07-15 06:10:13.207 10 INFO neutron.notifiers.nova [-] Nova event matching ['req-473779cb-61cc-4cd2-88f9-2791b54199b7'] response: {'name': 'network-changed', 'server_uuid': '54f6188d-d265-4210-a314-25a3a2d27d54', 'tag': 'a7b9fad2-c00f-4c7d-bbad-7eb057f5bef1', 'status': 'completed', 'code': 200}
2026-07-15 06:10:13.242 10 INFO neutron.wsgi [req-1350fed6-1d5d-4f62-9cf5-d25d3d4fc1a3 req-fdd2c76d-c49e-4917-98bf-5de67329feb7 ecf185079cda43319eb868f783ee53ce cbab0bc396ce4998b990be672fbe39f9 - - d75b538e44df44d6a7a6107f8abc3b91 d75b538e44df44d6a7a6107f8abc3b91] 199.19.213.21 "GET /v2.0/ports?tenant_id=18acbef1ed324e389be1aa5bb90f8f1b&device_id=54f6188d-d265-4210-a314-25a3a2d27d54 HTTP/1.1" status: 200 len: 1363 time: 0.0368509
2026-07-15 06:10:13.246 10 INFO neutron.wsgi [req-a56731a2-d795-4df2-bc6e-eb5a69da2325 req-9d0b92cd-8708-4d46-8648-fa57757b2091 bd91ff63cc394f448ba6454035a4cde0 33b1d09920644c478d2b0797132e02e4 - - default default] 10.0.0.123 "GET /v2.0/networks?id=4b902099-743e-446d-8db6-7a7d13705fe7 HTTP/1.1" status: 200 len: 870 time: 0.0801439
2026-07-15 06:10:13.270 10 INFO neutron.wsgi [req-1350fed6-1d5d-4f62-9cf5-d25d3d4fc1a3 req-03ca82b0-c89c-44f0-b90b-35a4fe110e9a ecf185079cda43319eb868f783ee53ce cbab0bc396ce4998b990be672fbe39f9 - - d75b538e44df44d6a7a6107f8abc3b91 d75b538e44df44d6a7a6107f8abc3b91] 199.19.213.21 "GET /v2.0/floatingips?fixed_ip_address=10.100.0.14&port_id=a7b9fad2-c00f-4c7d-bbad-7eb057f5bef1 HTTP/1.1" status: 200 len: 217 time: 0.0233097
2026-07-15 06:10:13.272 10 INFO neutron.wsgi [req-a56731a2-d795-4df2-bc6e-eb5a69da2325 req-b860c2e5-b03f-4979-a40e-25f152909a6d bd91ff63cc394f448ba6454035a4cde0 33b1d09920644c478d2b0797132e02e4 - - default default] 10.0.0.123 "GET /v2.0/quotas/33b1d09920644c478d2b0797132e02e4 HTTP/1.1" status: 200 len: 386 time: 0.0207508
2026-07-15 06:10:13.335 10 INFO neutron.wsgi [req-1350fed6-1d5d-4f62-9cf5-d25d3d4fc1a3 req-b24dbcf9-76da-4fc7-bc2e-698a596efc76 ecf185079cda43319eb868f783ee53ce cbab0bc396ce4998b990be672fbe39f9 - - d75b538e44df44d6a7a6107f8abc3b91 d75b538e44df44d6a7a6107f8abc3b91] 199.19.213.21 "GET /v2.0/subnets?id=8056c85c-452f-4ee2-b8d7-2268baa70a0f HTTP/1.1" status: 200 len: 868 time: 0.0573771
2026-07-15 06:10:13.376 10 INFO neutron.wsgi [req-1350fed6-1d5d-4f62-9cf5-d25d3d4fc1a3 req-854f34e2-5734-4b1c-b083-57c2dd192d93 ecf185079cda43319eb868f783ee53ce cbab0bc396ce4998b990be672fbe39f9 - - d75b538e44df44d6a7a6107f8abc3b91 d75b538e44df44d6a7a6107f8abc3b91] 199.19.213.21 "GET /v2.0/ports?network_id=a16ac738-5a72-43a9-b022-ba02c83ad37e&device_owner=network%3Adhcp HTTP/1.1" status: 200 len: 210 time: 0.0345774
2026-07-15 06:10:13.383 9 INFO neutron.wsgi [None req-bb33cbb4-08fb-4128-b7dc-d083dc1eaee3 4c4855f1a45f49b6b821cf67e976c39f 6ef1db2977f84414b89bed71d659cc22 - - default default] 10.0.0.166 "GET /v2.0/ports/f7ef7c4c-6f7c-40cb-9e26-adf85c772e36 HTTP/1.1" status: 200 len: 1135 time: 0.0287051
2026-07-15 06:10:13.396 10 INFO neutron.wsgi [req-a56731a2-d795-4df2-bc6e-eb5a69da2325 req-e93794fc-171f-44b6-a699-45f7d6d97e5e bd91ff63cc394f448ba6454035a4cde0 33b1d09920644c478d2b0797132e02e4 - - default default] 10.0.0.123 "GET /v2.0/ports?tenant_id=33b1d09920644c478d2b0797132e02e4&fields=id HTTP/1.1" status: 200 len: 302 time: 0.1193514
2026-07-15 06:10:13.462 10 INFO neutron.wsgi [req-1350fed6-1d5d-4f62-9cf5-d25d3d4fc1a3 req-6e2ff7e5-70d7-4704-8597-56ede948aadc ecf185079cda43319eb868f783ee53ce cbab0bc396ce4998b990be672fbe39f9 - - d75b538e44df44d6a7a6107f8abc3b91 d75b538e44df44d6a7a6107f8abc3b91] 199.19.213.21 "GET /v2.0/networks/a16ac738-5a72-43a9-b022-ba02c83ad37e?fields=segments HTTP/1.1" status: 200 len: 212 time: 0.0784774
2026-07-15 06:10:13.481 10 INFO neutron.wsgi [req-a56731a2-d795-4df2-bc6e-eb5a69da2325 req-c06c2070-891f-4016-9eed-5074467c5272 ecf185079cda43319eb868f783ee53ce cbab0bc396ce4998b990be672fbe39f9 - - d75b538e44df44d6a7a6107f8abc3b91 d75b538e44df44d6a7a6107f8abc3b91] 10.0.0.123 "GET /v2.0/networks/4b902099-743e-446d-8db6-7a7d13705fe7?fields=segments HTTP/1.1" status: 200 len: 212 time: 0.0704172
2026-07-15 06:10:13.546 10 INFO neutron.wsgi [req-1350fed6-1d5d-4f62-9cf5-d25d3d4fc1a3 req-e5b4d44c-d695-4cc1-b426-0ff1693c77ea ecf185079cda43319eb868f783ee53ce cbab0bc396ce4998b990be672fbe39f9 - - d75b538e44df44d6a7a6107f8abc3b91 d75b538e44df44d6a7a6107f8abc3b91] 199.19.213.21 "GET /v2.0/networks/a16ac738-5a72-43a9-b022-ba02c83ad37e?fields=provider%3Aphysical_network&fields=provider%3Anetwork_type HTTP/1.1" status: 200 len: 277 time: 0.0754941
2026-07-15 06:10:13.563 10 INFO neutron.wsgi [req-a56731a2-d795-4df2-bc6e-eb5a69da2325 req-59b47a7f-9dc9-4ef3-8bd2-6a0a54cf8dbd ecf185079cda43319eb868f783ee53ce cbab0bc396ce4998b990be672fbe39f9 - - d75b538e44df44d6a7a6107f8abc3b91 d75b538e44df44d6a7a6107f8abc3b91] 10.0.0.123 "GET /v2.0/networks/4b902099-743e-446d-8db6-7a7d13705fe7?fields=provider%3Aphysical_network&fields=provider%3Anetwork_type HTTP/1.1" status: 200 len: 277 time: 0.0714869
2026-07-15 06:10:13.644 10 INFO neutron.wsgi [req-ff8877de-337f-41d0-83c4-4685cb6b93db req-dda0d9e3-d6ad-42f6-941f-b3ebf0f6767f ecf185079cda43319eb868f783ee53ce cbab0bc396ce4998b990be672fbe39f9 - - d75b538e44df44d6a7a6107f8abc3b91 d75b538e44df44d6a7a6107f8abc3b91] 199.19.213.21 "GET /v2.0/ports?tenant_id=18acbef1ed324e389be1aa5bb90f8f1b&device_id=54f6188d-d265-4210-a314-25a3a2d27d54 HTTP/1.1" status: 200 len: 1363 time: 0.0348940
2026-07-15 06:10:13.740 10 INFO neutron.wsgi [req-ff8877de-337f-41d0-83c4-4685cb6b93db req-2eb782ad-bda4-49b7-9c03-a40bf2231835 ecf185079cda43319eb868f783ee53ce cbab0bc396ce4998b990be672fbe39f9 - - d75b538e44df44d6a7a6107f8abc3b91 d75b538e44df44d6a7a6107f8abc3b91] 199.19.213.21 "GET /v2.0/networks?id=a16ac738-5a72-43a9-b022-ba02c83ad37e HTTP/1.1" status: 200 len: 973 time: 0.0836582
2026-07-15 06:10:13.770 9 INFO neutron.wsgi [req-5a3fe00c-e3c7-48e5-af1b-0f9d1ee8952c req-fd2dd9d3-95b6-44a9-9229-79c10044977d bd91ff63cc394f448ba6454035a4cde0 33b1d09920644c478d2b0797132e02e4 - - default default] 10.0.0.123 "GET /v2.0/ports?device_id=b3bde64e-a243-44f9-8522-c72cc0a09287 HTTP/1.1" status: 200 len: 210 time: 0.0236914
2026-07-15 06:10:13.779 10 INFO neutron.wsgi [req-ff8877de-337f-41d0-83c4-4685cb6b93db req-4a6aca4a-332b-42c1-bf46-e61074564224 ecf185079cda43319eb868f783ee53ce cbab0bc396ce4998b990be672fbe39f9 - - d75b538e44df44d6a7a6107f8abc3b91 d75b538e44df44d6a7a6107f8abc3b91] 199.19.213.21 "GET /v2.0/floatingips?fixed_ip_address=10.100.0.14&port_id=a7b9fad2-c00f-4c7d-bbad-7eb057f5bef1 HTTP/1.1" status: 200 len: 217 time: 0.0292299
2026-07-15 06:10:13.819 10 INFO neutron.wsgi [req-ff8877de-337f-41d0-83c4-4685cb6b93db req-5130f786-3f2b-4146-a980-942253486525 ecf185079cda43319eb868f783ee53ce cbab0bc396ce4998b990be672fbe39f9 - - d75b538e44df44d6a7a6107f8abc3b91 d75b538e44df44d6a7a6107f8abc3b91] 199.19.213.21 "GET /v2.0/subnets?id=8056c85c-452f-4ee2-b8d7-2268baa70a0f HTTP/1.1" status: 200 len: 868 time: 0.0357785
2026-07-15 06:10:13.853 10 INFO neutron.wsgi [req-ff8877de-337f-41d0-83c4-4685cb6b93db req-d987c98a-acc5-40bc-a323-c4df2a262489 ecf185079cda43319eb868f783ee53ce cbab0bc396ce4998b990be672fbe39f9 - - d75b538e44df44d6a7a6107f8abc3b91 d75b538e44df44d6a7a6107f8abc3b91] 199.19.213.21 "GET /v2.0/ports?network_id=a16ac738-5a72-43a9-b022-ba02c83ad37e&device_owner=network%3Adhcp HTTP/1.1" status: 200 len: 210 time: 0.0252805
2026-07-15 06:10:13.923 10 INFO neutron.wsgi [req-ff8877de-337f-41d0-83c4-4685cb6b93db req-e80510b8-29f3-41d2-994b-0e35c6f08273 ecf185079cda43319eb868f783ee53ce cbab0bc396ce4998b990be672fbe39f9 - - d75b538e44df44d6a7a6107f8abc3b91 d75b538e44df44d6a7a6107f8abc3b91] 199.19.213.21 "GET /v2.0/networks/a16ac738-5a72-43a9-b022-ba02c83ad37e?fields=segments HTTP/1.1" status: 200 len: 212 time: 0.0655475
2026-07-15 06:10:14.012 10 INFO neutron.wsgi [req-ff8877de-337f-41d0-83c4-4685cb6b93db req-ca4a34b4-a6aa-4f5c-a11e-700d9828eb2b ecf185079cda43319eb868f783ee53ce cbab0bc396ce4998b990be672fbe39f9 - - d75b538e44df44d6a7a6107f8abc3b91 d75b538e44df44d6a7a6107f8abc3b91] 199.19.213.21 "GET /v2.0/networks/a16ac738-5a72-43a9-b022-ba02c83ad37e?fields=provider%3Aphysical_network&fields=provider%3Anetwork_type HTTP/1.1" status: 200 len: 277 time: 0.0809374
2026-07-15 06:10:14.279 9 WARNING neutron.plugins.ml2.drivers.ovn.mech_driver.ovsdb.ovn_client [None req-9636f075-5c4a-4bff-ae5a-d3208eaaedf0 - - - - - -] No hosting information found for port 73c8a865-3f2d-4e64-a54a-df5bfd8f5983: RuntimeError: No hosting information found for port 73c8a865-3f2d-4e64-a54a-df5bfd8f5983
2026-07-15 06:10:14.279 9 INFO neutron.plugins.ml2.drivers.ovn.mech_driver.mech_driver [None req-9636f075-5c4a-4bff-ae5a-d3208eaaedf0 - - - - - -] OVN reports status up for port: a7b9fad2-c00f-4c7d-bbad-7eb057f5bef1
2026-07-15 06:10:14.290 9 INFO neutron.plugins.ml2.plugin [None req-9636f075-5c4a-4bff-ae5a-d3208eaaedf0 - - - - - -] Attempt 1 to provision port a7b9fad2-c00f-4c7d-bbad-7eb057f5bef1
2026-07-15 06:10:14.300 10 INFO neutron.wsgi [req-ba14f4eb-df5b-4d77-b172-ccfcfade6346 req-b29493b0-de9a-4274-997d-fb282ac14d2b 73b92846d102414aa624111ba337b43f 18acbef1ed324e389be1aa5bb90f8f1b - - default default] 10.0.0.123 "GET /v2.0/ports?device_id=54f6188d-d265-4210-a314-25a3a2d27d54 HTTP/1.1" status: 200 len: 1172 time: 0.1128507
2026-07-15 06:10:14.348 10 INFO neutron.wsgi [req-ba14f4eb-df5b-4d77-b172-ccfcfade6346 req-7582c18a-fb43-481f-aeac-6b738d87f1bd 73b92846d102414aa624111ba337b43f 18acbef1ed324e389be1aa5bb90f8f1b - - default default] 10.0.0.123 "GET /v2.0/security-groups?id=568ebaca-deb3-45a1-b143-7bd165684ac9&fields=id&fields=name HTTP/1.1" status: 200 len: 313 time: 0.0394888
2026-07-15 06:10:14.419 10 INFO neutron.wsgi [None req-ffab13fc-9bd4-4e0e-ad75-1c5ae8a28add 4c4855f1a45f49b6b821cf67e976c39f 6ef1db2977f84414b89bed71d659cc22 - - default default] 10.0.0.166 "GET /v2.0/ports/f7ef7c4c-6f7c-40cb-9e26-adf85c772e36 HTTP/1.1" status: 200 len: 1135 time: 0.0301697
2026-07-15 06:10:14.421 9 INFO neutron.notifiers.nova [-] Nova event matching ['req-05c59eb8-21af-4429-bb5d-d414587601de'] response: {'server_uuid': '54f6188d-d265-4210-a314-25a3a2d27d54', 'name': 'network-vif-plugged', 'status': 'completed', 'tag': 'a7b9fad2-c00f-4c7d-bbad-7eb057f5bef1', 'code': 200}
2026-07-15 06:10:14.539 9 INFO neutron.db.ovn_revision_numbers_db [None req-9636f075-5c4a-4bff-ae5a-d3208eaaedf0 - - - - - -] Successfully bumped revision number for resource a7b9fad2-c00f-4c7d-bbad-7eb057f5bef1 (type: ports) to 4
2026-07-15 06:10:14.656 10 INFO neutron.wsgi [req-a56731a2-d795-4df2-bc6e-eb5a69da2325 req-f9f010f3-aea1-4cc2-8ee0-cf7b02e3af49 bd91ff63cc394f448ba6454035a4cde0 33b1d09920644c478d2b0797132e02e4 - - default default] 199.19.213.21 "GET /v2.0/networks?id=4b902099-743e-446d-8db6-7a7d13705fe7 HTTP/1.1" status: 200 len: 870 time: 0.1199479
2026-07-15 06:10:14.754 10 INFO neutron.wsgi [req-a56731a2-d795-4df2-bc6e-eb5a69da2325 req-61725503-0966-4993-9302-ba58a8fa2eb6 bd91ff63cc394f448ba6454035a4cde0 33b1d09920644c478d2b0797132e02e4 - - default default] 199.19.213.21 "GET /v2.0/security-groups?fields=id&fields=name&tenant_id=33b1d09920644c478d2b0797132e02e4 HTTP/1.1" status: 200 len: 472 time: 0.0917430
2026-07-15 06:10:14.876 10 INFO neutron.wsgi [req-4c51afdc-ad43-4180-acc7-b3da888f49b1 req-53bc7dc9-0816-4148-9d55-8a540b5bd4df bd91ff63cc394f448ba6454035a4cde0 33b1d09920644c478d2b0797132e02e4 - - default default] 10.0.0.123 "GET /v2.0/ports?device_id=b3bde64e-a243-44f9-8522-c72cc0a09287 HTTP/1.1" status: 200 len: 210 time: 0.0227487
2026-07-15 06:10:15.166 10 WARNING neutron.scheduler.dhcp_agent_scheduler [None req-d96494af-9a19-4e28-b100-ccfcf17a1aaf bd91ff63cc394f448ba6454035a4cde0 33b1d09920644c478d2b0797132e02e4 - - - -] No more DHCP agents
2026-07-15 06:10:15.168 10 WARNING neutron.api.rpc.agentnotifiers.dhcp_rpc_agent_api [None req-d96494af-9a19-4e28-b100-ccfcf17a1aaf bd91ff63cc394f448ba6454035a4cde0 33b1d09920644c478d2b0797132e02e4 - - - -] Unable to schedule network 4b902099-743e-446d-8db6-7a7d13705fe7: no agents available; will retry on subsequent port and subnet creation events.
2026-07-15 06:10:15.325 10 INFO neutron.db.ovn_revision_numbers_db [None req-d96494af-9a19-4e28-b100-ccfcf17a1aaf bd91ff63cc394f448ba6454035a4cde0 33b1d09920644c478d2b0797132e02e4 - - - -] Successfully bumped revision number for resource ed8b55c3-e933-4763-8401-0540f2a6172b (type: ports) to 1
2026-07-15 06:10:15.352 10 INFO neutron.wsgi [None req-d96494af-9a19-4e28-b100-ccfcf17a1aaf bd91ff63cc394f448ba6454035a4cde0 33b1d09920644c478d2b0797132e02e4 - - - -] 199.19.213.21 "POST /v2.0/ports HTTP/1.1" status: 201 len: 1197 time: 0.5888560 /var/lib/openstack/lib/python3.10/site-packages/pycadf/identifier.py:71: UserWarning: Invalid uuid: neutron. To ensure interoperability, identifiers should be a valid uuid. warnings.warn(('Invalid uuid: %s. To ensure interoperability, ' /var/lib/openstack/lib/python3.10/site-packages/pycadf/identifier.py:71: UserWarning: Invalid uuid: neutron. To ensure interoperability, identifiers should be a valid uuid. warnings.warn(('Invalid uuid: %s. To ensure interoperability, '
2026-07-15 06:10:15.467 9 INFO neutron.wsgi [req-87f4588a-98f0-4fce-9be5-e10985519a5f req-a598c412-1ba7-4513-95a0-5a9b85dc5185 73b92846d102414aa624111ba337b43f 18acbef1ed324e389be1aa5bb90f8f1b - - default default] 10.0.0.123 "GET /v2.0/ports?device_id=54f6188d-d265-4210-a314-25a3a2d27d54 HTTP/1.1" status: 200 len: 1174 time: 0.0427196
2026-07-15 06:10:15.468 10 INFO neutron.wsgi [None req-f7c1adfe-2afb-4805-8c74-0a337b2ae87a 4c4855f1a45f49b6b821cf67e976c39f 6ef1db2977f84414b89bed71d659cc22 - - default default] 10.0.0.166 "GET /v2.0/ports/f7ef7c4c-6f7c-40cb-9e26-adf85c772e36 HTTP/1.1" status: 200 len: 1135 time: 0.0405059
2026-07-15 06:10:15.520 9 INFO neutron.wsgi [req-87f4588a-98f0-4fce-9be5-e10985519a5f req-89c8cc1d-9a17-429f-a6f5-ee293be8e168 73b92846d102414aa624111ba337b43f 18acbef1ed324e389be1aa5bb90f8f1b - - default default] 10.0.0.123 "GET /v2.0/security-groups?id=568ebaca-deb3-45a1-b143-7bd165684ac9&fields=id&fields=name HTTP/1.1" status: 200 len: 313 time: 0.0461268
2026-07-15 06:10:15.625 10 INFO neutron.wsgi [req-6eee3216-d61a-46ce-a60b-987262f6ed52 req-e34be085-4c54-4090-b095-f14741517ca2 73b92846d102414aa624111ba337b43f 18acbef1ed324e389be1aa5bb90f8f1b - - default default] 10.0.0.123 "GET /v2.0/ports?device_id=54f6188d-d265-4210-a314-25a3a2d27d54 HTTP/1.1" status: 200 len: 1174 time: 0.0440104
2026-07-15 06:10:15.827 10 INFO neutron.db.ovn_revision_numbers_db [None req-2deba4d7-1c26-4ae7-8cf2-f054049f2cdb ecf185079cda43319eb868f783ee53ce cbab0bc396ce4998b990be672fbe39f9 - - - -] Successfully bumped revision number for resource ed8b55c3-e933-4763-8401-0540f2a6172b (type: ports) to 2 /var/lib/openstack/lib/python3.10/site-packages/pycadf/identifier.py:71: UserWarning: Invalid uuid: neutron. To ensure interoperability, identifiers should be a valid uuid. warnings.warn(('Invalid uuid: %s. To ensure interoperability, '
2026-07-15 06:10:15.995 10 INFO neutron.wsgi [req-bd4d406d-bbe6-4d4f-933b-82cc79bec164 req-81e59718-eeda-47d2-9f05-2c9ff5af8ec9 bd91ff63cc394f448ba6454035a4cde0 33b1d09920644c478d2b0797132e02e4 - - default default] 10.0.0.123 "GET /v2.0/ports?device_id=b3bde64e-a243-44f9-8522-c72cc0a09287 HTTP/1.1" status: 200 len: 1208 time: 0.0542483 /var/lib/openstack/lib/python3.10/site-packages/pycadf/identifier.py:71: UserWarning: Invalid uuid: neutron. To ensure interoperability, identifiers should be a valid uuid. warnings.warn(('Invalid uuid: %s. To ensure interoperability, '
2026-07-15 06:10:16.023 10 INFO neutron.db.ovn_revision_numbers_db [None req-2deba4d7-1c26-4ae7-8cf2-f054049f2cdb ecf185079cda43319eb868f783ee53ce cbab0bc396ce4998b990be672fbe39f9 - - - -] Successfully bumped revision number for resource ed8b55c3-e933-4763-8401-0540f2a6172b (type: ports) to 2
2026-07-15 06:10:16.030 9 INFO neutron.db.l3_db [None req-502a9f19-748d-4553-ad31-4455231a2a5e 73b92846d102414aa624111ba337b43f 18acbef1ed324e389be1aa5bb90f8f1b - - - -] Floating IP 8a5adbdc-a739-4eb4-af8e-d930856825f7 associated. External IP: 10.96.250.217, port: a7b9fad2-c00f-4c7d-bbad-7eb057f5bef1.
2026-07-15 06:10:16.044 10 INFO neutron.wsgi [None req-2deba4d7-1c26-4ae7-8cf2-f054049f2cdb ecf185079cda43319eb868f783ee53ce cbab0bc396ce4998b990be672fbe39f9 - - - -] 199.19.213.21 "PUT /v2.0/ports/ed8b55c3-e933-4763-8401-0540f2a6172b HTTP/1.1" status: 200 len: 1367 time: 0.6838496
2026-07-15 06:10:16.054 10 INFO neutron.wsgi [req-bd4d406d-bbe6-4d4f-933b-82cc79bec164 req-a6733921-1c53-4346-a793-d9c5c561f69e bd91ff63cc394f448ba6454035a4cde0 33b1d09920644c478d2b0797132e02e4 - - default default] 10.0.0.123 "GET /v2.0/security-groups?id=ad186863-dc30-4ec9-93f3-b88ee0b2b0bb&id=756a3766-5517-4572-a0c3-3bc18daeca99&fields=id&fields=name HTTP/1.1" status: 200 len: 405 time: 0.0521398
2026-07-15 06:10:16.086 10 INFO neutron.notifiers.nova [-] Nova event matching ['req-971a7192-c863-486a-b672-a84eeb53e852'] response: {'name': 'network-changed', 'server_uuid': 'b3bde64e-a243-44f9-8522-c72cc0a09287', 'tag': 'ed8b55c3-e933-4763-8401-0540f2a6172b', 'status': 'completed', 'code': 200}
2026-07-15 06:10:16.134 10 INFO neutron.wsgi [req-a56731a2-d795-4df2-bc6e-eb5a69da2325 req-f1d40fe4-1720-48a9-8a02-00656a35a840 ecf185079cda43319eb868f783ee53ce cbab0bc396ce4998b990be672fbe39f9 - - d75b538e44df44d6a7a6107f8abc3b91 d75b538e44df44d6a7a6107f8abc3b91] 199.19.213.21 "GET /v2.0/ports?tenant_id=33b1d09920644c478d2b0797132e02e4&device_id=b3bde64e-a243-44f9-8522-c72cc0a09287 HTTP/1.1" status: 200 len: 1398 time: 0.0341945
2026-07-15 06:10:16.174 10 INFO neutron.wsgi [req-a56731a2-d795-4df2-bc6e-eb5a69da2325 req-ae1cfaaf-b007-455b-85c1-46631d8daa26 ecf185079cda43319eb868f783ee53ce cbab0bc396ce4998b990be672fbe39f9 - - d75b538e44df44d6a7a6107f8abc3b91 d75b538e44df44d6a7a6107f8abc3b91] 199.19.213.21 "GET /v2.0/floatingips?fixed_ip_address=10.100.0.7&port_id=ed8b55c3-e933-4763-8401-0540f2a6172b HTTP/1.1" status: 200 len: 217 time: 0.0333865
2026-07-15 06:10:16.229 9 INFO neutron.db.ovn_revision_numbers_db [None req-502a9f19-748d-4553-ad31-4455231a2a5e 73b92846d102414aa624111ba337b43f 18acbef1ed324e389be1aa5bb90f8f1b - - - -] Successfully bumped revision number for resource 8a5adbdc-a739-4eb4-af8e-d930856825f7 (type: floatingips) to 1
2026-07-15 06:10:16.233 10 INFO neutron.wsgi [req-a56731a2-d795-4df2-bc6e-eb5a69da2325 req-39ed6ea4-e153-4c6e-8b50-30632dfa6fd3 ecf185079cda43319eb868f783ee53ce cbab0bc396ce4998b990be672fbe39f9 - - d75b538e44df44d6a7a6107f8abc3b91 d75b538e44df44d6a7a6107f8abc3b91] 199.19.213.21 "GET /v2.0/subnets?id=f3fce3b9-123d-4c0c-93ea-27f6fbcbcbb0 HTTP/1.1" status: 200 len: 864 time: 0.0503440
2026-07-15 06:10:16.266 10 INFO neutron.wsgi [req-a56731a2-d795-4df2-bc6e-eb5a69da2325 req-a7b7c0bb-a87d-4152-86da-b04d30cf2a12 ecf185079cda43319eb868f783ee53ce cbab0bc396ce4998b990be672fbe39f9 - - d75b538e44df44d6a7a6107f8abc3b91 d75b538e44df44d6a7a6107f8abc3b91] 199.19.213.21 "GET /v2.0/ports?network_id=4b902099-743e-446d-8db6-7a7d13705fe7&device_owner=network%3Adhcp HTTP/1.1" status: 200 len: 210 time: 0.0263486
2026-07-15 06:10:16.320 9 INFO neutron.db.ovn_revision_numbers_db [None req-502a9f19-748d-4553-ad31-4455231a2a5e 73b92846d102414aa624111ba337b43f 18acbef1ed324e389be1aa5bb90f8f1b - - - -] Successfully bumped revision number for resource 8a5adbdc-a739-4eb4-af8e-d930856825f7 (type: floatingips) to 2
2026-07-15 06:10:16.342 10 INFO neutron.wsgi [req-a56731a2-d795-4df2-bc6e-eb5a69da2325 req-1b64536d-05b9-4bce-ae08-9ca7dff50daa ecf185079cda43319eb868f783ee53ce cbab0bc396ce4998b990be672fbe39f9 - - d75b538e44df44d6a7a6107f8abc3b91 d75b538e44df44d6a7a6107f8abc3b91] 199.19.213.21 "GET /v2.0/networks/4b902099-743e-446d-8db6-7a7d13705fe7?fields=segments HTTP/1.1" status: 200 len: 212 time: 0.0684645
2026-07-15 06:10:16.344 9 INFO neutron.wsgi [None req-502a9f19-748d-4553-ad31-4455231a2a5e 73b92846d102414aa624111ba337b43f 18acbef1ed324e389be1aa5bb90f8f1b - - - -] 10.0.0.166 "PUT /v2.0/floatingips/8a5adbdc-a739-4eb4-af8e-d930856825f7 HTTP/1.1" status: 200 len: 1050 time: 0.6808882
2026-07-15 06:10:16.428 10 INFO neutron.wsgi [req-a56731a2-d795-4df2-bc6e-eb5a69da2325 req-a30b6b4e-9f8b-41fc-a244-4f1dce3c164b ecf185079cda43319eb868f783ee53ce cbab0bc396ce4998b990be672fbe39f9 - - d75b538e44df44d6a7a6107f8abc3b91 d75b538e44df44d6a7a6107f8abc3b91] 199.19.213.21 "GET /v2.0/networks/4b902099-743e-446d-8db6-7a7d13705fe7?fields=provider%3Aphysical_network&fields=provider%3Anetwork_type HTTP/1.1" status: 200 len: 277 time: 0.0791695
2026-07-15 06:10:16.472 9 INFO neutron.notifiers.nova [-] Nova event matching ['req-ea31e56d-e6b7-4b2c-b76e-0b85f4c5d6f0'] response: {'server_uuid': '54f6188d-d265-4210-a314-25a3a2d27d54', 'name': 'network-vif-plugged', 'status': 'completed', 'tag': 'a7b9fad2-c00f-4c7d-bbad-7eb057f5bef1', 'code': 200}
2026-07-15 06:10:16.472 9 INFO neutron.notifiers.nova [-] Nova event matching ['req-ea31e56d-e6b7-4b2c-b76e-0b85f4c5d6f0'] response: {'name': 'network-changed', 'server_uuid': '54f6188d-d265-4210-a314-25a3a2d27d54', 'tag': 'a7b9fad2-c00f-4c7d-bbad-7eb057f5bef1', 'status': 'completed', 'code': 200}
2026-07-15 06:10:16.516 10 INFO neutron.wsgi [req-1c517a1d-5635-47e6-885f-d69eeb56210d req-38e3721a-5b64-42f8-8a67-806b460494a1 ecf185079cda43319eb868f783ee53ce cbab0bc396ce4998b990be672fbe39f9 - - d75b538e44df44d6a7a6107f8abc3b91 d75b538e44df44d6a7a6107f8abc3b91] 199.19.213.21 "GET /v2.0/ports?tenant_id=33b1d09920644c478d2b0797132e02e4&device_id=b3bde64e-a243-44f9-8522-c72cc0a09287 HTTP/1.1" status: 200 len: 1398 time: 0.0405912
2026-07-15 06:10:16.523 9 INFO neutron.wsgi [None req-c4a1bdab-8400-4de6-bceb-5cd0a83b422b 4c4855f1a45f49b6b821cf67e976c39f 6ef1db2977f84414b89bed71d659cc22 - - default default] 10.0.0.166 "GET /v2.0/ports/f7ef7c4c-6f7c-40cb-9e26-adf85c772e36 HTTP/1.1" status: 200 len: 1135 time: 0.0486639
2026-07-15 06:10:16.539 9 INFO neutron.wsgi [req-b44573e6-afa9-4f9b-90ed-8844063fd5c9 req-ef64c0f5-6634-483a-9155-c4ac36887436 ecf185079cda43319eb868f783ee53ce cbab0bc396ce4998b990be672fbe39f9 - - d75b538e44df44d6a7a6107f8abc3b91 d75b538e44df44d6a7a6107f8abc3b91] 199.19.213.21 "GET /v2.0/ports?tenant_id=18acbef1ed324e389be1aa5bb90f8f1b&device_id=54f6188d-d265-4210-a314-25a3a2d27d54 HTTP/1.1" status: 200 len: 1365 time: 0.0409138
2026-07-15 06:10:16.589 10 INFO neutron.wsgi [req-1c517a1d-5635-47e6-885f-d69eeb56210d req-e4c18329-163a-4af5-ac99-47d68b7e11f9 ecf185079cda43319eb868f783ee53ce cbab0bc396ce4998b990be672fbe39f9 - - d75b538e44df44d6a7a6107f8abc3b91 d75b538e44df44d6a7a6107f8abc3b91] 199.19.213.21 "GET /v2.0/networks?id=4b902099-743e-446d-8db6-7a7d13705fe7 HTTP/1.1" status: 200 len: 967 time: 0.0675600
2026-07-15 06:10:16.628 9 INFO neutron.wsgi [req-b44573e6-afa9-4f9b-90ed-8844063fd5c9 req-f066a30e-f858-444c-bf3b-cf5a8afb874c ecf185079cda43319eb868f783ee53ce cbab0bc396ce4998b990be672fbe39f9 - - d75b538e44df44d6a7a6107f8abc3b91 d75b538e44df44d6a7a6107f8abc3b91] 199.19.213.21 "GET /v2.0/networks?id=a16ac738-5a72-43a9-b022-ba02c83ad37e HTTP/1.1" status: 200 len: 973 time: 0.0836012
2026-07-15 06:10:16.638 10 INFO neutron.wsgi [req-1c517a1d-5635-47e6-885f-d69eeb56210d req-18106631-6271-4699-b729-f305db23b88a ecf185079cda43319eb868f783ee53ce cbab0bc396ce4998b990be672fbe39f9 - - d75b538e44df44d6a7a6107f8abc3b91 d75b538e44df44d6a7a6107f8abc3b91] 199.19.213.21 "GET /v2.0/floatingips?fixed_ip_address=10.100.0.7&port_id=ed8b55c3-e933-4763-8401-0540f2a6172b HTTP/1.1" status: 200 len: 217 time: 0.0413263
2026-07-15 06:10:16.660 10 INFO neutron.wsgi [req-9b6cd594-c329-4dae-aa83-e3f2e58de065 req-d2de608f-9bcc-4f69-b0bf-efef212e9bb8 ecf185079cda43319eb868f783ee53ce cbab0bc396ce4998b990be672fbe39f9 - - d75b538e44df44d6a7a6107f8abc3b91 d75b538e44df44d6a7a6107f8abc3b91] 199.19.213.21 "GET /v2.0/ports?device_id=b3bde64e-a243-44f9-8522-c72cc0a09287 HTTP/1.1" status: 200 len: 1398 time: 0.0640888
2026-07-15 06:10:16.706 9 INFO neutron.wsgi [req-b44573e6-afa9-4f9b-90ed-8844063fd5c9 req-70e5824d-3ed5-4465-a6f2-c51639851baf ecf185079cda43319eb868f783ee53ce cbab0bc396ce4998b990be672fbe39f9 - - d75b538e44df44d6a7a6107f8abc3b91 d75b538e44df44d6a7a6107f8abc3b91] 199.19.213.21 "GET /v2.0/floatingips?fixed_ip_address=10.100.0.14&port_id=a7b9fad2-c00f-4c7d-bbad-7eb057f5bef1 HTTP/1.1" status: 200 len: 1060 time: 0.0736194
2026-07-15 06:10:16.715 10 INFO neutron.wsgi [req-1c517a1d-5635-47e6-885f-d69eeb56210d req-2e6e956c-0046-423b-be85-4b094fa01b56 ecf185079cda43319eb868f783ee53ce cbab0bc396ce4998b990be672fbe39f9 - - d75b538e44df44d6a7a6107f8abc3b91 d75b538e44df44d6a7a6107f8abc3b91] 199.19.213.21 "GET /v2.0/subnets?id=f3fce3b9-123d-4c0c-93ea-27f6fbcbcbb0 HTTP/1.1" status: 200 len: 864 time: 0.0710459
2026-07-15 06:10:16.732 10 INFO neutron.wsgi [req-9b6cd594-c329-4dae-aa83-e3f2e58de065 req-4c6742c6-1ea4-49ab-9adc-57a1cf9cd9a6 ecf185079cda43319eb868f783ee53ce cbab0bc396ce4998b990be672fbe39f9 - - d75b538e44df44d6a7a6107f8abc3b91 d75b538e44df44d6a7a6107f8abc3b91] 199.19.213.21 "GET /v2.0/security-groups?id=756a3766-5517-4572-a0c3-3bc18daeca99&id=ad186863-dc30-4ec9-93f3-b88ee0b2b0bb&fields=id&fields=name HTTP/1.1" status: 200 len: 405 time: 0.0615499
2026-07-15 06:10:16.741 10 INFO neutron.wsgi [req-1c517a1d-5635-47e6-885f-d69eeb56210d req-47dd0e88-534d-4ba3-9175-d5f67aae9b69 ecf185079cda43319eb868f783ee53ce cbab0bc396ce4998b990be672fbe39f9 - - d75b538e44df44d6a7a6107f8abc3b91 d75b538e44df44d6a7a6107f8abc3b91] 199.19.213.21 "GET /v2.0/ports?network_id=4b902099-743e-446d-8db6-7a7d13705fe7&device_owner=network%3Adhcp HTTP/1.1" status: 200 len: 210 time: 0.0197763
