2026-07-15 06:09:19.264 10 WARNING neutron.api.rpc.agentnotifiers.dhcp_rpc_agent_api [None req-5d33ab71-1676-4f10-bc92-93477a682ca6 1c23800f9ec24648b18f6a8bfd2d3525 d81f4349a37f4cc6a98ef05b3ee4c4b8 - - - -] Unable to schedule network 41951c32-a719-4425-b52a-04d84226d931: no agents available; will retry on subsequent port and subnet creation events.
2026-07-15 06:09:19.279 10 INFO neutron.services.segments.plugin [-] Segment 83b79a47-9b9d-4627-bb9e-425f01b9bd7f resource provider aggregate not found
2026-07-15 06:09:19.286 10 INFO neutron.services.segments.plugin [-] Segment 83b79a47-9b9d-4627-bb9e-425f01b9bd7f resource provider aggregate not found
2026-07-15 06:09:19.307 10 INFO neutron.services.segments.plugin [-] Segment 83b79a47-9b9d-4627-bb9e-425f01b9bd7f resource provider not found; error: Placement Client Error (4xx): {"errors": [{"status": 404, "title": "Not Found", "detail": "The resource could not be found.\n\n No resource provider with uuid 83b79a47-9b9d-4627-bb9e-425f01b9bd7f found for delete ", "request_id": "req-f0f18bad-e783-42a6-9276-cadb38364f04"}]}
2026-07-15 06:09:19.307 10 INFO neutron.services.segments.plugin [-] Segment 83b79a47-9b9d-4627-bb9e-425f01b9bd7f resource provider not found; error: Placement Client Error (4xx): {"errors": [{"status": 404, "title": "Not Found", "detail": "The resource could not be found.\n\n No resource provider with uuid 83b79a47-9b9d-4627-bb9e-425f01b9bd7f found for delete ", "request_id": "req-17e752e3-7d86-4b32-89b3-4a102d702431"}]}
2026-07-15 06:09:19.351 10 INFO neutron.wsgi [None req-e35d74dd-3646-4c66-99a3-6ab65f1cee2e 84d9ea136c2c4b8a9cf046d5c2bfed78 fef27278ff6646a6a2aac8460d672db4 - - - -] 10.0.0.166 "DELETE /v2.0/networks/26bd4238-be17-4fc7-b122-d18aa848f107 HTTP/1.1" status: 204 len: 168 time: 0.6325524
2026-07-15 06:09:19.367 10 INFO neutron.db.ovn_revision_numbers_db [None req-5d33ab71-1676-4f10-bc92-93477a682ca6 1c23800f9ec24648b18f6a8bfd2d3525 d81f4349a37f4cc6a98ef05b3ee4c4b8 - - - -] Successfully bumped revision number for resource 7bbe2dcd-8d46-4b2e-9574-1fb2ab7ec7ac (type: ports) to 1
2026-07-15 06:09:19.386 10 INFO neutron.wsgi [None req-5d33ab71-1676-4f10-bc92-93477a682ca6 1c23800f9ec24648b18f6a8bfd2d3525 d81f4349a37f4cc6a98ef05b3ee4c4b8 - - - -] 10.0.0.166 "POST /v2.0/networks HTTP/1.1" status: 201 len: 847 time: 1.1807084
2026-07-15 06:09:19.477 9 INFO neutron.services.segments.plugin [-] Segment b507dc4a-a8ff-4073-a598-2305bb154afc resource provider aggregate not found
2026-07-15 06:09:19.483 9 INFO neutron.services.segments.plugin [-] Segment b507dc4a-a8ff-4073-a598-2305bb154afc resource provider aggregate not found
2026-07-15 06:09:19.494 9 INFO neutron.wsgi [None req-30220b27-dcc6-4c4f-b17c-e99cebfe0f7b dced2ab65efe4545a9b47d9ff3f526ad 3617ef89ee794eefa1f8dea661d0a45c - - - -] 10.0.0.166 "POST /v2.0/routers HTTP/1.1" status: 201 len: 875 time: 1.9627137
2026-07-15 06:09:19.505 9 INFO neutron.services.segments.plugin [-] Segment b507dc4a-a8ff-4073-a598-2305bb154afc resource provider not found; error: Placement Client Error (4xx): {"errors": [{"status": 404, "title": "Not Found", "detail": "The resource could not be found.\n\n No resource provider with uuid b507dc4a-a8ff-4073-a598-2305bb154afc found for delete ", "request_id": "req-77307555-94a2-4138-9e5d-c711da15733c"}]}
2026-07-15 06:09:19.507 9 INFO neutron.services.segments.plugin [-] Segment b507dc4a-a8ff-4073-a598-2305bb154afc resource provider not found; error: Placement Client Error (4xx): {"errors": [{"status": 404, "title": "Not Found", "detail": "The resource could not be found.\n\n No resource provider with uuid b507dc4a-a8ff-4073-a598-2305bb154afc found for delete ", "request_id": "req-432ef7ea-fb95-434c-8547-0a3ce590d399"}]}
2026-07-15 06:09:19.543 9 INFO neutron.wsgi [None req-1c7e9849-d853-4762-9062-2d9ed69e6897 bc890da7b1e045df99b7fb40a936d507 524d02558d484f44874de52b6ff81980 - - - -] 10.0.0.166 "DELETE /v2.0/networks/9049575b-cf77-46ec-b9b9-db8a054df896 HTTP/1.1" status: 204 len: 168 time: 0.7947686
2026-07-15 06:09:19.612 10 WARNING neutron.scheduler.dhcp_agent_scheduler [None req-c6eba91c-d747-4a2c-9671-c90c689d4718 1c23800f9ec24648b18f6a8bfd2d3525 d81f4349a37f4cc6a98ef05b3ee4c4b8 - - - -] No more DHCP agents
2026-07-15 06:09:19.614 10 WARNING neutron.api.rpc.agentnotifiers.dhcp_rpc_agent_api [None req-c6eba91c-d747-4a2c-9671-c90c689d4718 1c23800f9ec24648b18f6a8bfd2d3525 d81f4349a37f4cc6a98ef05b3ee4c4b8 - - - -] Unable to schedule network 41951c32-a719-4425-b52a-04d84226d931: no agents available; will retry on subsequent port and subnet creation events.
2026-07-15 06:09:19.674 10 INFO neutron.db.ovn_revision_numbers_db [None req-c6eba91c-d747-4a2c-9671-c90c689d4718 1c23800f9ec24648b18f6a8bfd2d3525 d81f4349a37f4cc6a98ef05b3ee4c4b8 - - - -] Successfully bumped revision number for resource 6db9cf42-23b4-4b95-b1a3-c399949e9f78 (type: ports) to 1 /var/lib/openstack/lib/python3.10/site-packages/pycadf/identifier.py:71: UserWarning: Invalid uuid: neutron. To ensure interoperability, identifiers should be a valid uuid. warnings.warn(('Invalid uuid: %s. To ensure interoperability, '
2026-07-15 06:09:19.706 10 INFO neutron.wsgi [None req-79205a75-40e4-4457-b324-18c198ac8784 c3c072ac6db547d6b9d5436ec6192268 3d45c86cf526407a8d8e353634839600 - - default default] 10.0.0.166 "GET /v2.0/subnets?project_id=3617ef89ee794eefa1f8dea661d0a45c&cidr=10.100.0.0%2F28 HTTP/1.1" status: 200 len: 207 time: 0.2059128
2026-07-15 06:09:19.719 10 INFO neutron.wsgi [None req-c6eba91c-d747-4a2c-9671-c90c689d4718 1c23800f9ec24648b18f6a8bfd2d3525 d81f4349a37f4cc6a98ef05b3ee4c4b8 - - - -] 10.0.0.166 "POST /v2.0/ports HTTP/1.1" status: 201 len: 977 time: 0.3274274
2026-07-15 06:09:19.741 9 INFO neutron.wsgi [None req-d4fdc227-9ae6-418c-b3f0-9387d1305041 bc890da7b1e045df99b7fb40a936d507 524d02558d484f44874de52b6ff81980 - - default default] 10.0.0.166 "GET /v2.0/security-groups?tenant_id=3470b82d3ab647648fbac5b5d22ec26e&name=default HTTP/1.1" status: 200 len: 2996 time: 0.0327916
2026-07-15 06:09:19.803 10 INFO neutron.wsgi [None req-9ca7f646-054d-419d-85d5-bcd298df368a c3c072ac6db547d6b9d5436ec6192268 3d45c86cf526407a8d8e353634839600 - - default default] 10.0.0.166 "GET /v2.0/networks?router%3Aexternal=True HTTP/1.1" status: 200 len: 947 time: 0.0914946
2026-07-15 06:09:19.829 9 INFO neutron.wsgi [None req-966f59cb-755d-4c10-9fa0-ed570bb4dc5e c3c072ac6db547d6b9d5436ec6192268 3d45c86cf526407a8d8e353634839600 - - default default] 10.0.0.166 "GET /v2.0/subnets?network_id=b3058ac8-f6ab-4ab6-923b-56edb0747af6&cidr=10.100.0.0%2F28 HTTP/1.1" status: 200 len: 207 time: 0.0222585
2026-07-15 06:09:19.832 9 INFO neutron.db.segments_db [None req-0198092a-fba2-475f-a8b1-e7b1023b5fc0 1c23800f9ec24648b18f6a8bfd2d3525 d81f4349a37f4cc6a98ef05b3ee4c4b8 - - - -] Added segment 82fdaa99-c9a1-42ec-99b1-ebb2dbf71884 of type geneve for network 381bed7e-eb7e-4fb0-9d22-380e47a44883
2026-07-15 06:09:19.950 10 INFO neutron.wsgi [None req-8eff5fb0-b547-46ef-ba5b-d77fb0ca2f9d bc890da7b1e045df99b7fb40a936d507 524d02558d484f44874de52b6ff81980 - - - -] 10.0.0.166 "DELETE /v2.0/security-groups/32c7bea6-8c5b-4f51-a4ee-2f2bf6172a3e HTTP/1.1" status: 204 len: 168 time: 0.2033358
2026-07-15 06:09:19.962 9 INFO neutron.db.ovn_revision_numbers_db [None req-9e1432ae-6d7c-4641-a008-3d856ef1ab31 - - - - - -] Successfully bumped revision number for resource c4f1aa1b-de4a-4673-bcfc-ae1e30785a9b (type: ports) to 1
2026-07-15 06:09:19.981 10 INFO neutron.wsgi [None req-8d9346ed-7605-4867-ab37-2ec2928d2d26 bc890da7b1e045df99b7fb40a936d507 524d02558d484f44874de52b6ff81980 - - default default] 10.0.0.166 "GET /v2.0/security-groups?tenant_id=fef27278ff6646a6a2aac8460d672db4&name=default HTTP/1.1" status: 200 len: 2996 time: 0.1384270
2026-07-15 06:09:20.035 9 INFO neutron.db.ovn_revision_numbers_db [None req-0198092a-fba2-475f-a8b1-e7b1023b5fc0 1c23800f9ec24648b18f6a8bfd2d3525 d81f4349a37f4cc6a98ef05b3ee4c4b8 - - - -] Successfully bumped revision number for resource 381bed7e-eb7e-4fb0-9d22-380e47a44883 (type: networks) to 1
2026-07-15 06:09:20.166 10 INFO neutron.wsgi [None req-c16cdb95-a08a-4635-90ad-edb8faf99c3d bc890da7b1e045df99b7fb40a936d507 524d02558d484f44874de52b6ff81980 - - - -] 10.0.0.166 "DELETE /v2.0/security-groups/65659b7a-bd63-4d78-becf-d0aa4bed1afc HTTP/1.1" status: 204 len: 168 time: 0.1786547
2026-07-15 06:09:20.303 9 WARNING neutron.scheduler.dhcp_agent_scheduler [None req-941e8d97-6abc-40a0-8072-b4398b2717ed dced2ab65efe4545a9b47d9ff3f526ad 3617ef89ee794eefa1f8dea661d0a45c - - - -] No more DHCP agents
2026-07-15 06:09:20.313 9 WARNING neutron.api.rpc.agentnotifiers.dhcp_rpc_agent_api [None req-941e8d97-6abc-40a0-8072-b4398b2717ed dced2ab65efe4545a9b47d9ff3f526ad 3617ef89ee794eefa1f8dea661d0a45c - - - -] Unable to schedule network 5b4ede0d-4140-496b-87e3-e8c26a97b693: no agents available; will retry on subsequent port and subnet creation events.
2026-07-15 06:09:20.349 9 WARNING neutron.scheduler.dhcp_agent_scheduler [None req-0198092a-fba2-475f-a8b1-e7b1023b5fc0 1c23800f9ec24648b18f6a8bfd2d3525 d81f4349a37f4cc6a98ef05b3ee4c4b8 - - - -] No more DHCP agents
2026-07-15 06:09:20.354 9 WARNING neutron.api.rpc.agentnotifiers.dhcp_rpc_agent_api [None req-0198092a-fba2-475f-a8b1-e7b1023b5fc0 1c23800f9ec24648b18f6a8bfd2d3525 d81f4349a37f4cc6a98ef05b3ee4c4b8 - - - -] Unable to schedule network 381bed7e-eb7e-4fb0-9d22-380e47a44883: no agents available; will retry on subsequent port and subnet creation events.
2026-07-15 06:09:20.416 9 INFO neutron.db.ovn_revision_numbers_db [None req-9e1432ae-6d7c-4641-a008-3d856ef1ab31 - - - - - -] Successfully bumped revision number for resource c4f1aa1b-de4a-4673-bcfc-ae1e30785a9b (type: router_ports) to 3
2026-07-15 06:09:20.446 9 INFO neutron.db.ovn_revision_numbers_db [None req-0198092a-fba2-475f-a8b1-e7b1023b5fc0 1c23800f9ec24648b18f6a8bfd2d3525 d81f4349a37f4cc6a98ef05b3ee4c4b8 - - - -] Successfully bumped revision number for resource 9c1f5a58-f63c-4e3f-86e0-5efd2416dfa1 (type: ports) to 1
2026-07-15 06:09:20.490 9 INFO neutron.wsgi [None req-0198092a-fba2-475f-a8b1-e7b1023b5fc0 1c23800f9ec24648b18f6a8bfd2d3525 d81f4349a37f4cc6a98ef05b3ee4c4b8 - - - -] 10.0.0.166 "POST /v2.0/networks HTTP/1.1" status: 201 len: 834 time: 0.7647042
2026-07-15 06:09:20.590 9 INFO neutron.db.ovn_revision_numbers_db [None req-9e1432ae-6d7c-4641-a008-3d856ef1ab31 - - - - - -] Successfully bumped revision number for resource c4f1aa1b-de4a-4673-bcfc-ae1e30785a9b (type: ports) to 2
2026-07-15 06:09:20.740 10 WARNING neutron.scheduler.dhcp_agent_scheduler [None req-63305a6b-c21d-451f-adc8-499495821e0a 1c23800f9ec24648b18f6a8bfd2d3525 d81f4349a37f4cc6a98ef05b3ee4c4b8 - - - -] No more DHCP agents
2026-07-15 06:09:20.742 10 WARNING neutron.api.rpc.agentnotifiers.dhcp_rpc_agent_api [None req-63305a6b-c21d-451f-adc8-499495821e0a 1c23800f9ec24648b18f6a8bfd2d3525 d81f4349a37f4cc6a98ef05b3ee4c4b8 - - - -] Unable to schedule network 381bed7e-eb7e-4fb0-9d22-380e47a44883: no agents available; will retry on subsequent port and subnet creation events.
2026-07-15 06:09:20.758 10 INFO neutron.db.ovn_revision_numbers_db [None req-63305a6b-c21d-451f-adc8-499495821e0a 1c23800f9ec24648b18f6a8bfd2d3525 d81f4349a37f4cc6a98ef05b3ee4c4b8 - - - -] Successfully bumped revision number for resource b2396431-d35b-42a1-ab8d-6f6fe5dab08c (type: subnets) to 0
2026-07-15 06:09:20.774 10 INFO neutron.wsgi [None req-63305a6b-c21d-451f-adc8-499495821e0a 1c23800f9ec24648b18f6a8bfd2d3525 d81f4349a37f4cc6a98ef05b3ee4c4b8 - - - -] 10.0.0.166 "POST /v2.0/subnets HTTP/1.1" status: 201 len: 821 time: 0.2764566
2026-07-15 06:09:20.844 9 INFO neutron.db.ovn_revision_numbers_db [None req-9e1432ae-6d7c-4641-a008-3d856ef1ab31 - - - - - -] Successfully bumped revision number for resource c4f1aa1b-de4a-4673-bcfc-ae1e30785a9b (type: ports) to 4
2026-07-15 06:09:20.898 9 INFO neutron.db.ovn_revision_numbers_db [None req-941e8d97-6abc-40a0-8072-b4398b2717ed dced2ab65efe4545a9b47d9ff3f526ad 3617ef89ee794eefa1f8dea661d0a45c - - - -] Successfully bumped revision number for resource 7db041b2-abee-44f0-8c30-4ffb69dfbfff (type: ports) to 2
2026-07-15 06:09:20.929 9 INFO neutron.db.ovn_revision_numbers_db [None req-941e8d97-6abc-40a0-8072-b4398b2717ed dced2ab65efe4545a9b47d9ff3f526ad 3617ef89ee794eefa1f8dea661d0a45c - - - -] Successfully bumped revision number for resource 5c1e356f-159e-4838-a77c-fb35c97cfcea (type: subnets) to 0
2026-07-15 06:09:20.954 9 INFO neutron.wsgi [None req-941e8d97-6abc-40a0-8072-b4398b2717ed dced2ab65efe4545a9b47d9ff3f526ad 3617ef89ee794eefa1f8dea661d0a45c - - - -] 10.0.0.166 "POST /v2.0/subnets HTTP/1.1" status: 201 len: 832 time: 1.1166317
2026-07-15 06:09:21.062 9 INFO neutron.db.ovn_revision_numbers_db [None req-9e1432ae-6d7c-4641-a008-3d856ef1ab31 - - - - - -] Successfully bumped revision number for resource c4f1aa1b-de4a-4673-bcfc-ae1e30785a9b (type: router_ports) to 4
2026-07-15 06:09:21.222 10 WARNING neutron.scheduler.dhcp_agent_scheduler [None req-ea794291-5fe9-4a7a-9ad4-e1163ef8df6d 1c23800f9ec24648b18f6a8bfd2d3525 d81f4349a37f4cc6a98ef05b3ee4c4b8 - - - -] No more DHCP agents
2026-07-15 06:09:21.227 10 WARNING neutron.api.rpc.agentnotifiers.dhcp_rpc_agent_api [None req-ea794291-5fe9-4a7a-9ad4-e1163ef8df6d 1c23800f9ec24648b18f6a8bfd2d3525 d81f4349a37f4cc6a98ef05b3ee4c4b8 - - - -] Unable to schedule network 381bed7e-eb7e-4fb0-9d22-380e47a44883: no agents available; will retry on subsequent port and subnet creation events.
2026-07-15 06:09:21.347 10 INFO neutron.db.ovn_revision_numbers_db [None req-ea794291-5fe9-4a7a-9ad4-e1163ef8df6d 1c23800f9ec24648b18f6a8bfd2d3525 d81f4349a37f4cc6a98ef05b3ee4c4b8 - - - -] Successfully bumped revision number for resource 38bfac87-4686-4bb2-8591-ec76f26cbec4 (type: ports) to 1
2026-07-15 06:09:21.389 10 INFO neutron.wsgi [None req-ea794291-5fe9-4a7a-9ad4-e1163ef8df6d 1c23800f9ec24648b18f6a8bfd2d3525 d81f4349a37f4cc6a98ef05b3ee4c4b8 - - - -] 10.0.0.166 "POST /v2.0/ports HTTP/1.1" status: 201 len: 1160 time: 0.6101775
2026-07-15 06:09:21.741 9 INFO neutron.wsgi [None req-8fbf88ac-e33b-4511-af77-18fa7c9fad4e 1c23800f9ec24648b18f6a8bfd2d3525 d81f4349a37f4cc6a98ef05b3ee4c4b8 - - - -] 10.0.0.166 "DELETE /v2.0/ports/38bfac87-4686-4bb2-8591-ec76f26cbec4 HTTP/1.1" status: 204 len: 168 time: 0.3459938
2026-07-15 06:09:21.763 9 INFO neutron.pecan_wsgi.hooks.translation [None req-d018491c-048a-4e55-9e2c-32512ad79c6e 1c23800f9ec24648b18f6a8bfd2d3525 d81f4349a37f4cc6a98ef05b3ee4c4b8 - - - -] DELETE failed (client error): The resource could not be found.
2026-07-15 06:09:21.765 9 INFO neutron.wsgi [None req-d018491c-048a-4e55-9e2c-32512ad79c6e 1c23800f9ec24648b18f6a8bfd2d3525 d81f4349a37f4cc6a98ef05b3ee4c4b8 - - - -] 10.0.0.166 "DELETE /v2.0/ports/38bfac87-4686-4bb2-8591-ec76f26cbec4 HTTP/1.1" status: 404 len: 333 time: 0.0193071
2026-07-15 06:09:21.789 10 WARNING neutron.scheduler.dhcp_agent_scheduler [None req-024b8c61-97d7-44d0-ab6b-40ced86d9fea dced2ab65efe4545a9b47d9ff3f526ad 3617ef89ee794eefa1f8dea661d0a45c - - default default] No more DHCP agents
2026-07-15 06:09:21.791 10 WARNING neutron.api.rpc.agentnotifiers.dhcp_rpc_agent_api [None req-024b8c61-97d7-44d0-ab6b-40ced86d9fea dced2ab65efe4545a9b47d9ff3f526ad 3617ef89ee794eefa1f8dea661d0a45c - - default default] Unable to schedule network 5b4ede0d-4140-496b-87e3-e8c26a97b693: no agents available; will retry on subsequent port and subnet creation events.
2026-07-15 06:09:21.795 9 INFO neutron.pecan_wsgi.hooks.translation [None req-6b2c874c-e2b3-4b1d-a740-d64a10c58084 1c23800f9ec24648b18f6a8bfd2d3525 d81f4349a37f4cc6a98ef05b3ee4c4b8 - - default default] GET failed (client error): The resource could not be found.
2026-07-15 06:09:21.797 9 INFO neutron.wsgi [None req-6b2c874c-e2b3-4b1d-a740-d64a10c58084 1c23800f9ec24648b18f6a8bfd2d3525 d81f4349a37f4cc6a98ef05b3ee4c4b8 - - default default] 10.0.0.166 "GET /v2.0/ports/38bfac87-4686-4bb2-8591-ec76f26cbec4 HTTP/1.1" status: 404 len: 333 time: 0.0274329
2026-07-15 06:09:21.918 10 INFO neutron.db.ovn_revision_numbers_db [None req-024b8c61-97d7-44d0-ab6b-40ced86d9fea dced2ab65efe4545a9b47d9ff3f526ad 3617ef89ee794eefa1f8dea661d0a45c - - default default] Successfully bumped revision number for resource 6ba074a5-d8d1-483d-a41e-23d93da0cadb (type: ports) to 1
2026-07-15 06:09:21.986 9 INFO neutron.db.ovn_revision_numbers_db [None req-a1682b38-b484-4a6f-939f-cc982a3aa9c6 bc890da7b1e045df99b7fb40a936d507 524d02558d484f44874de52b6ff81980 - - - -] Successfully bumped revision number for resource 9c594d51-214f-4b6a-8afa-277dcbe07d30 (type: security_groups) to 1
2026-07-15 06:09:22.020 9 INFO neutron.wsgi [None req-c5368ae5-9d97-4ed3-8411-c2b11a242cb2 1c23800f9ec24648b18f6a8bfd2d3525 d81f4349a37f4cc6a98ef05b3ee4c4b8 - - - -] 10.0.0.166 "DELETE /v2.0/subnets/b2396431-d35b-42a1-ab8d-6f6fe5dab08c HTTP/1.1" status: 204 len: 168 time: 0.2166779
2026-07-15 06:09:22.028 9 INFO neutron.db.segments_db [None req-a1682b38-b484-4a6f-939f-cc982a3aa9c6 bc890da7b1e045df99b7fb40a936d507 524d02558d484f44874de52b6ff81980 - - - -] Added segment 33a5bc1a-0de7-4bb0-970c-314b8d0c0198 of type geneve for network d930ff10-2752-4052-9791-70ecc2153004 /var/lib/openstack/lib/python3.10/site-packages/pycadf/identifier.py:71: UserWarning: Invalid uuid: neutron. To ensure interoperability, identifiers should be a valid uuid. warnings.warn(('Invalid uuid: %s. To ensure interoperability, '
2026-07-15 06:09:22.324 10 INFO neutron.db.ovn_revision_numbers_db [None req-b7072dcc-7be2-4cba-ab2b-a41909c2e48e 0da6c80d60f54d37b08bf2728e147bbf 131dd7ad3488415e91a3a6e17b85182f - - - -] Successfully bumped revision number for resource 06ccf5a0-9a4a-4b17-b642-ef33cebf0c0e (type: security_groups) to 1
2026-07-15 06:09:22.368 9 INFO neutron.db.ovn_revision_numbers_db [None req-a1682b38-b484-4a6f-939f-cc982a3aa9c6 bc890da7b1e045df99b7fb40a936d507 524d02558d484f44874de52b6ff81980 - - - -] Successfully bumped revision number for resource d930ff10-2752-4052-9791-70ecc2153004 (type: networks) to 1
2026-07-15 06:09:22.387 10 INFO neutron.db.segments_db [None req-b7072dcc-7be2-4cba-ab2b-a41909c2e48e 0da6c80d60f54d37b08bf2728e147bbf 131dd7ad3488415e91a3a6e17b85182f - - - -] Added segment 7e814ab7-5982-40d1-8ba4-d9070be3143f of type geneve for network 2af0f43c-1675-42d3-a781-7353304ff585
2026-07-15 06:09:22.549 9 WARNING neutron.scheduler.dhcp_agent_scheduler [None req-a1682b38-b484-4a6f-939f-cc982a3aa9c6 bc890da7b1e045df99b7fb40a936d507 524d02558d484f44874de52b6ff81980 - - - -] No more DHCP agents
2026-07-15 06:09:22.552 9 WARNING neutron.api.rpc.agentnotifiers.dhcp_rpc_agent_api [None req-a1682b38-b484-4a6f-939f-cc982a3aa9c6 bc890da7b1e045df99b7fb40a936d507 524d02558d484f44874de52b6ff81980 - - - -] Unable to schedule network d930ff10-2752-4052-9791-70ecc2153004: no agents available; will retry on subsequent port and subnet creation events.
2026-07-15 06:09:22.589 10 INFO neutron.db.ovn_revision_numbers_db [None req-b7072dcc-7be2-4cba-ab2b-a41909c2e48e 0da6c80d60f54d37b08bf2728e147bbf 131dd7ad3488415e91a3a6e17b85182f - - - -] Successfully bumped revision number for resource 2af0f43c-1675-42d3-a781-7353304ff585 (type: networks) to 1
2026-07-15 06:09:22.596 10 INFO neutron.plugins.ml2.drivers.ovn.mech_driver.mech_driver [None req-bceb5e37-e2e9-4c25-b4a6-b028aa7fbee5 - - - - - -] OVN reports status up for port: 6ba074a5-d8d1-483d-a41e-23d93da0cadb
2026-07-15 06:09:22.617 9 INFO neutron.db.ovn_revision_numbers_db [None req-a1682b38-b484-4a6f-939f-cc982a3aa9c6 bc890da7b1e045df99b7fb40a936d507 524d02558d484f44874de52b6ff81980 - - - -] Successfully bumped revision number for resource 836315aa-f246-49e2-b45d-983c22ee2f15 (type: ports) to 1
2026-07-15 06:09:22.621 10 INFO neutron.plugins.ml2.plugin [None req-bceb5e37-e2e9-4c25-b4a6-b028aa7fbee5 - - - - - -] Attempt 1 to provision port 6ba074a5-d8d1-483d-a41e-23d93da0cadb
2026-07-15 06:09:22.623 10 INFO neutron.db.ovn_revision_numbers_db [None req-024b8c61-97d7-44d0-ab6b-40ced86d9fea dced2ab65efe4545a9b47d9ff3f526ad 3617ef89ee794eefa1f8dea661d0a45c - - default default] Successfully bumped revision number for resource 6ba074a5-d8d1-483d-a41e-23d93da0cadb (type: router_ports) to 2
2026-07-15 06:09:22.636 9 INFO neutron.wsgi [None req-a1682b38-b484-4a6f-939f-cc982a3aa9c6 bc890da7b1e045df99b7fb40a936d507 524d02558d484f44874de52b6ff81980 - - - -] 10.0.0.166 "POST /v2.0/networks HTTP/1.1" status: 201 len: 949 time: 1.0953350
2026-07-15 06:09:22.692 10 INFO neutron.services.segments.plugin [-] Segment 82fdaa99-c9a1-42ec-99b1-ebb2dbf71884 resource provider aggregate not found
2026-07-15 06:09:22.699 10 INFO neutron.services.segments.plugin [-] Segment 82fdaa99-c9a1-42ec-99b1-ebb2dbf71884 resource provider aggregate not found
2026-07-15 06:09:22.731 10 INFO neutron.services.segments.plugin [-] Segment 82fdaa99-c9a1-42ec-99b1-ebb2dbf71884 resource provider not found; error: Placement Client Error (4xx): {"errors": [{"status": 404, "title": "Not Found", "detail": "The resource could not be found.\n\n No resource provider with uuid 82fdaa99-c9a1-42ec-99b1-ebb2dbf71884 found for delete ", "request_id": "req-b7ab20db-794a-4153-a39d-274f907e6d9e"}]}
2026-07-15 06:09:22.733 10 INFO neutron.services.segments.plugin [-] Segment 82fdaa99-c9a1-42ec-99b1-ebb2dbf71884 resource provider not found; error: Placement Client Error (4xx): {"errors": [{"status": 404, "title": "Not Found", "detail": "The resource could not be found.\n\n No resource provider with uuid 82fdaa99-c9a1-42ec-99b1-ebb2dbf71884 found for delete ", "request_id": "req-f7ca2632-afaa-4113-8641-13f7f7cdbaec"}]}
2026-07-15 06:09:22.789 10 INFO neutron.wsgi [None req-9747c65a-32f6-4402-84af-1542f2129dee 1c23800f9ec24648b18f6a8bfd2d3525 d81f4349a37f4cc6a98ef05b3ee4c4b8 - - - -] 10.0.0.166 "DELETE /v2.0/networks/381bed7e-eb7e-4fb0-9d22-380e47a44883 HTTP/1.1" status: 204 len: 168 time: 0.7613146
2026-07-15 06:09:22.796 9 WARNING neutron.scheduler.dhcp_agent_scheduler [None req-8f27a744-2bd4-47af-a149-888ca201d635 bc890da7b1e045df99b7fb40a936d507 524d02558d484f44874de52b6ff81980 - - - -] No more DHCP agents
2026-07-15 06:09:22.804 9 WARNING neutron.api.rpc.agentnotifiers.dhcp_rpc_agent_api [None req-8f27a744-2bd4-47af-a149-888ca201d635 bc890da7b1e045df99b7fb40a936d507 524d02558d484f44874de52b6ff81980 - - - -] Unable to schedule network d930ff10-2752-4052-9791-70ecc2153004: no agents available; will retry on subsequent port and subnet creation events.
2026-07-15 06:09:22.902 9 INFO neutron.db.segments_db [None req-7120fb28-c200-42a5-947a-ad63df61ed6e 1c23800f9ec24648b18f6a8bfd2d3525 d81f4349a37f4cc6a98ef05b3ee4c4b8 - - - -] Added segment e5abb083-ee21-45e1-b611-5dd99b08d7a2 of type geneve for network 938d1511-0791-41a7-9d23-97b7323e49ce
2026-07-15 06:09:22.940 10 INFO neutron.db.ovn_revision_numbers_db [None req-024b8c61-97d7-44d0-ab6b-40ced86d9fea dced2ab65efe4545a9b47d9ff3f526ad 3617ef89ee794eefa1f8dea661d0a45c - - default default] Successfully bumped revision number for resource 6ba074a5-d8d1-483d-a41e-23d93da0cadb (type: ports) to 2
2026-07-15 06:09:22.945 10 WARNING neutron.scheduler.dhcp_agent_scheduler [None req-b7072dcc-7be2-4cba-ab2b-a41909c2e48e 0da6c80d60f54d37b08bf2728e147bbf 131dd7ad3488415e91a3a6e17b85182f - - - -] No more DHCP agents
2026-07-15 06:09:22.949 10 WARNING neutron.api.rpc.agentnotifiers.dhcp_rpc_agent_api [None req-b7072dcc-7be2-4cba-ab2b-a41909c2e48e 0da6c80d60f54d37b08bf2728e147bbf 131dd7ad3488415e91a3a6e17b85182f - - - -] Unable to schedule network 2af0f43c-1675-42d3-a781-7353304ff585: no agents available; will retry on subsequent port and subnet creation events.
2026-07-15 06:09:23.055 10 INFO neutron.db.ovn_revision_numbers_db [None req-b7072dcc-7be2-4cba-ab2b-a41909c2e48e 0da6c80d60f54d37b08bf2728e147bbf 131dd7ad3488415e91a3a6e17b85182f - - - -] Successfully bumped revision number for resource c503bce2-ffa9-41f9-9801-3a01d72aff43 (type: ports) to 1
2026-07-15 06:09:23.071 9 INFO neutron.db.ovn_revision_numbers_db [None req-7120fb28-c200-42a5-947a-ad63df61ed6e 1c23800f9ec24648b18f6a8bfd2d3525 d81f4349a37f4cc6a98ef05b3ee4c4b8 - - - -] Successfully bumped revision number for resource 938d1511-0791-41a7-9d23-97b7323e49ce (type: networks) to 1
2026-07-15 06:09:23.079 10 WARNING neutron.scheduler.dhcp_agent_scheduler [None req-024b8c61-97d7-44d0-ab6b-40ced86d9fea dced2ab65efe4545a9b47d9ff3f526ad 3617ef89ee794eefa1f8dea661d0a45c - - default default] No more DHCP agents
2026-07-15 06:09:23.082 10 WARNING neutron.api.rpc.agentnotifiers.dhcp_rpc_agent_api [None req-024b8c61-97d7-44d0-ab6b-40ced86d9fea dced2ab65efe4545a9b47d9ff3f526ad 3617ef89ee794eefa1f8dea661d0a45c - - default default] Unable to schedule network 5b4ede0d-4140-496b-87e3-e8c26a97b693: no agents available; will retry on subsequent port and subnet creation events.
2026-07-15 06:09:23.105 10 INFO neutron.wsgi [None req-b7072dcc-7be2-4cba-ab2b-a41909c2e48e 0da6c80d60f54d37b08bf2728e147bbf 131dd7ad3488415e91a3a6e17b85182f - - - -] 10.0.0.166 "POST /v2.0/networks HTTP/1.1" status: 201 len: 833 time: 1.1598668
2026-07-15 06:09:23.134 10 INFO neutron.db.ovn_revision_numbers_db [None req-bceb5e37-e2e9-4c25-b4a6-b028aa7fbee5 - - - - - -] Successfully bumped revision number for resource 6ba074a5-d8d1-483d-a41e-23d93da0cadb (type: ports) to 3
2026-07-15 06:09:23.267 9 INFO neutron.db.segments_db [None req-8153fa17-7b0b-4248-8a77-df4b3f671100 0da6c80d60f54d37b08bf2728e147bbf 131dd7ad3488415e91a3a6e17b85182f - - - -] Added segment ec73ebaa-be98-4ead-b39f-0ec12cd82490 of type geneve for network 74353255-8dd1-4eab-ba0e-c7905f50e40a
2026-07-15 06:09:23.338 9 WARNING neutron.scheduler.dhcp_agent_scheduler [None req-7120fb28-c200-42a5-947a-ad63df61ed6e 1c23800f9ec24648b18f6a8bfd2d3525 d81f4349a37f4cc6a98ef05b3ee4c4b8 - - - -] No more DHCP agents
2026-07-15 06:09:23.344 9 WARNING neutron.api.rpc.agentnotifiers.dhcp_rpc_agent_api [None req-7120fb28-c200-42a5-947a-ad63df61ed6e 1c23800f9ec24648b18f6a8bfd2d3525 d81f4349a37f4cc6a98ef05b3ee4c4b8 - - - -] Unable to schedule network 938d1511-0791-41a7-9d23-97b7323e49ce: no agents available; will retry on subsequent port and subnet creation events.
2026-07-15 06:09:23.478 9 INFO neutron.db.ovn_revision_numbers_db [None req-8153fa17-7b0b-4248-8a77-df4b3f671100 0da6c80d60f54d37b08bf2728e147bbf 131dd7ad3488415e91a3a6e17b85182f - - - -] Successfully bumped revision number for resource 74353255-8dd1-4eab-ba0e-c7905f50e40a (type: networks) to 1
2026-07-15 06:09:23.502 10 INFO neutron.db.ovn_revision_numbers_db [None req-bceb5e37-e2e9-4c25-b4a6-b028aa7fbee5 - - - - - -] Successfully bumped revision number for resource 6ba074a5-d8d1-483d-a41e-23d93da0cadb (type: router_ports) to 3
2026-07-15 06:09:23.518 9 INFO neutron.db.ovn_revision_numbers_db [None req-7120fb28-c200-42a5-947a-ad63df61ed6e 1c23800f9ec24648b18f6a8bfd2d3525 d81f4349a37f4cc6a98ef05b3ee4c4b8 - - - -] Successfully bumped revision number for resource e6efffc2-7d30-4eed-ba4a-8e414f8c2878 (type: ports) to 1
2026-07-15 06:09:23.573 9 INFO neutron.wsgi [None req-7120fb28-c200-42a5-947a-ad63df61ed6e 1c23800f9ec24648b18f6a8bfd2d3525 d81f4349a37f4cc6a98ef05b3ee4c4b8 - - - -] 10.0.0.166 "POST /v2.0/networks HTTP/1.1" status: 201 len: 835 time: 0.7750227
2026-07-15 06:09:23.575 9 INFO neutron.db.ovn_revision_numbers_db [None req-8f27a744-2bd4-47af-a149-888ca201d635 bc890da7b1e045df99b7fb40a936d507 524d02558d484f44874de52b6ff81980 - - - -] Successfully bumped revision number for resource 836315aa-f246-49e2-b45d-983c22ee2f15 (type: ports) to 2
2026-07-15 06:09:23.622 9 INFO neutron.db.ovn_revision_numbers_db [None req-8f27a744-2bd4-47af-a149-888ca201d635 bc890da7b1e045df99b7fb40a936d507 524d02558d484f44874de52b6ff81980 - - - -] Successfully bumped revision number for resource b4f28209-3568-4e56-82da-ca7da73cf2f0 (type: subnets) to 0
2026-07-15 06:09:23.650 10 INFO neutron.db.ovn_revision_numbers_db [None req-024b8c61-97d7-44d0-ab6b-40ced86d9fea dced2ab65efe4545a9b47d9ff3f526ad 3617ef89ee794eefa1f8dea661d0a45c - - - -] Successfully bumped revision number for resource 6ba074a5-d8d1-483d-a41e-23d93da0cadb (type: router_ports) to 3
2026-07-15 06:09:23.652 10 INFO neutron.wsgi [None req-024b8c61-97d7-44d0-ab6b-40ced86d9fea dced2ab65efe4545a9b47d9ff3f526ad 3617ef89ee794eefa1f8dea661d0a45c - - - -] 10.0.0.166 "PUT /v2.0/routers/9a31e932-3fe1-4a17-8d0e-6c8a825e9047/add_router_interface HTTP/1.1" status: 200 len: 503 time: 2.6942072
2026-07-15 06:09:23.655 9 INFO neutron.wsgi [None req-8f27a744-2bd4-47af-a149-888ca201d635 bc890da7b1e045df99b7fb40a936d507 524d02558d484f44874de52b6ff81980 - - - -] 10.0.0.166 "POST /v2.0/subnets HTTP/1.1" status: 201 len: 869 time: 1.0130877
2026-07-15 06:09:23.743 9 WARNING neutron.scheduler.dhcp_agent_scheduler [None req-8153fa17-7b0b-4248-8a77-df4b3f671100 0da6c80d60f54d37b08bf2728e147bbf 131dd7ad3488415e91a3a6e17b85182f - - - -] No more DHCP agents
2026-07-15 06:09:23.746 9 WARNING neutron.api.rpc.agentnotifiers.dhcp_rpc_agent_api [None req-8153fa17-7b0b-4248-8a77-df4b3f671100 0da6c80d60f54d37b08bf2728e147bbf 131dd7ad3488415e91a3a6e17b85182f - - - -] Unable to schedule network 74353255-8dd1-4eab-ba0e-c7905f50e40a: no agents available; will retry on subsequent port and subnet creation events.
2026-07-15 06:09:23.763 10 INFO neutron.wsgi [None req-421c7595-fd0b-42f0-a931-56a237615928 c3c072ac6db547d6b9d5436ec6192268 3d45c86cf526407a8d8e353634839600 - - default default] 10.0.0.166 "GET /v2.0/networks HTTP/1.1" status: 200 len: 6726 time: 0.1059248
2026-07-15 06:09:23.826 9 INFO neutron.wsgi [None req-ee07b7c0-735a-48f1-a506-4ddf1acc1ec7 c3c072ac6db547d6b9d5436ec6192268 3d45c86cf526407a8d8e353634839600 - - default default] 10.0.0.166 "GET /v2.0/subnets HTTP/1.1" status: 200 len: 2757 time: 0.0571420
2026-07-15 06:09:23.848 9 INFO neutron.db.ovn_revision_numbers_db [None req-8153fa17-7b0b-4248-8a77-df4b3f671100 0da6c80d60f54d37b08bf2728e147bbf 131dd7ad3488415e91a3a6e17b85182f - - - -] Successfully bumped revision number for resource 229ba48d-8b45-4014-bdb6-25e50a7d9d96 (type: ports) to 1
2026-07-15 06:09:23.912 9 INFO neutron.wsgi [None req-8153fa17-7b0b-4248-8a77-df4b3f671100 0da6c80d60f54d37b08bf2728e147bbf 131dd7ad3488415e91a3a6e17b85182f - - - -] 10.0.0.166 "POST /v2.0/networks HTTP/1.1" status: 201 len: 833 time: 0.7963820
2026-07-15 06:09:23.961 9 INFO neutron.wsgi [None req-a6dcc843-308f-4c1d-8bbd-6d4cb610fc2e c3c072ac6db547d6b9d5436ec6192268 3d45c86cf526407a8d8e353634839600 - - default default] 10.0.0.166 "GET /v2.0/routers HTTP/1.1" status: 200 len: 1370 time: 0.1271839
2026-07-15 06:09:23.991 9 WARNING neutron.scheduler.dhcp_agent_scheduler [None req-5a3428d1-0957-4025-a450-25ae0da3c1bf 1c23800f9ec24648b18f6a8bfd2d3525 d81f4349a37f4cc6a98ef05b3ee4c4b8 - - - -] No more DHCP agents
2026-07-15 06:09:23.996 9 WARNING neutron.api.rpc.agentnotifiers.dhcp_rpc_agent_api [None req-5a3428d1-0957-4025-a450-25ae0da3c1bf 1c23800f9ec24648b18f6a8bfd2d3525 d81f4349a37f4cc6a98ef05b3ee4c4b8 - - - -] Unable to schedule network 938d1511-0791-41a7-9d23-97b7323e49ce: no agents available; will retry on subsequent port and subnet creation events.
2026-07-15 06:09:24.012 9 INFO neutron.db.ovn_revision_numbers_db [None req-5a3428d1-0957-4025-a450-25ae0da3c1bf 1c23800f9ec24648b18f6a8bfd2d3525 d81f4349a37f4cc6a98ef05b3ee4c4b8 - - - -] Successfully bumped revision number for resource 80d384b1-f822-435c-a8c2-7bb49e279543 (type: subnets) to 0
2026-07-15 06:09:24.051 9 INFO neutron.wsgi [None req-5a3428d1-0957-4025-a450-25ae0da3c1bf 1c23800f9ec24648b18f6a8bfd2d3525 d81f4349a37f4cc6a98ef05b3ee4c4b8 - - - -] 10.0.0.166 "POST /v2.0/subnets HTTP/1.1" status: 201 len: 821 time: 0.4730549
2026-07-15 06:09:24.164 9 INFO neutron.db.ovn_revision_numbers_db [None req-db8a719a-765b-4969-96ff-9f316ca09d9c dced2ab65efe4545a9b47d9ff3f526ad 3617ef89ee794eefa1f8dea661d0a45c - - - -] Successfully bumped revision number for resource 5023bf1e-652d-4921-b187-5a7bc263a1b1 (type: security_groups) to 1
2026-07-15 06:09:24.184 9 INFO neutron.wsgi [None req-db8a719a-765b-4969-96ff-9f316ca09d9c dced2ab65efe4545a9b47d9ff3f526ad 3617ef89ee794eefa1f8dea661d0a45c - - - -] 10.0.0.166 "POST /v2.0/security-groups HTTP/1.1" status: 201 len: 1807 time: 0.1528018
2026-07-15 06:09:24.202 9 WARNING neutron.scheduler.dhcp_agent_scheduler [None req-b639c632-c3a5-41c7-b290-6db458aba091 0da6c80d60f54d37b08bf2728e147bbf 131dd7ad3488415e91a3a6e17b85182f - - - -] No more DHCP agents
2026-07-15 06:09:24.204 9 WARNING neutron.api.rpc.agentnotifiers.dhcp_rpc_agent_api [None req-b639c632-c3a5-41c7-b290-6db458aba091 0da6c80d60f54d37b08bf2728e147bbf 131dd7ad3488415e91a3a6e17b85182f - - - -] Unable to schedule network 2af0f43c-1675-42d3-a781-7353304ff585: no agents available; will retry on subsequent port and subnet creation events.
2026-07-15 06:09:24.212 10 WARNING neutron.scheduler.dhcp_agent_scheduler [None req-96d77ea8-4182-4095-8822-8bffaa7c35ea bc890da7b1e045df99b7fb40a936d507 524d02558d484f44874de52b6ff81980 - - - -] No more DHCP agents
2026-07-15 06:09:24.214 9 INFO neutron.db.ovn_revision_numbers_db [None req-b639c632-c3a5-41c7-b290-6db458aba091 0da6c80d60f54d37b08bf2728e147bbf 131dd7ad3488415e91a3a6e17b85182f - - - -] Successfully bumped revision number for resource d821cb3b-0558-47a3-99d9-72740559d59e (type: subnets) to 0
2026-07-15 06:09:24.216 10 WARNING neutron.api.rpc.agentnotifiers.dhcp_rpc_agent_api [None req-96d77ea8-4182-4095-8822-8bffaa7c35ea bc890da7b1e045df99b7fb40a936d507 524d02558d484f44874de52b6ff81980 - - - -] Unable to schedule network b3058ac8-f6ab-4ab6-923b-56edb0747af6: no agents available; will retry on subsequent port and subnet creation events.
2026-07-15 06:09:24.229 9 INFO neutron.wsgi [None req-b639c632-c3a5-41c7-b290-6db458aba091 0da6c80d60f54d37b08bf2728e147bbf 131dd7ad3488415e91a3a6e17b85182f - - - -] 10.0.0.166 "POST /v2.0/subnets HTTP/1.1" status: 201 len: 821 time: 0.3116088
2026-07-15 06:09:24.434 10 INFO neutron.db.ovn_revision_numbers_db [None req-49f095c2-3cf4-431f-ae7a-f73e17bb4b79 dced2ab65efe4545a9b47d9ff3f526ad 3617ef89ee794eefa1f8dea661d0a45c - - - -] Successfully bumped revision number for resource 252ad6e5-5130-414f-90aa-0864bdba81cf (type: security_group_rules) to 0
2026-07-15 06:09:24.474 10 WARNING neutron.scheduler.dhcp_agent_scheduler [None req-5000220b-27c1-4306-93e7-657411ebbb25 1c23800f9ec24648b18f6a8bfd2d3525 d81f4349a37f4cc6a98ef05b3ee4c4b8 - - - -] No more DHCP agents
2026-07-15 06:09:24.477 10 WARNING neutron.api.rpc.agentnotifiers.dhcp_rpc_agent_api [None req-5000220b-27c1-4306-93e7-657411ebbb25 1c23800f9ec24648b18f6a8bfd2d3525 d81f4349a37f4cc6a98ef05b3ee4c4b8 - - - -] Unable to schedule network 938d1511-0791-41a7-9d23-97b7323e49ce: no agents available; will retry on subsequent port and subnet creation events.
2026-07-15 06:09:24.480 9 WARNING neutron.scheduler.dhcp_agent_scheduler [None req-089ec69d-ee53-42e9-9ff8-94b1006cad55 0da6c80d60f54d37b08bf2728e147bbf 131dd7ad3488415e91a3a6e17b85182f - - - -] No more DHCP agents
2026-07-15 06:09:24.481 10 INFO neutron.db.ovn_revision_numbers_db [None req-96d77ea8-4182-4095-8822-8bffaa7c35ea bc890da7b1e045df99b7fb40a936d507 524d02558d484f44874de52b6ff81980 - - - -] Successfully bumped revision number for resource eae49d0d-a109-41b1-8e15-7dd326f1a2da (type: ports) to 1
2026-07-15 06:09:24.483 9 WARNING neutron.api.rpc.agentnotifiers.dhcp_rpc_agent_api [None req-089ec69d-ee53-42e9-9ff8-94b1006cad55 0da6c80d60f54d37b08bf2728e147bbf 131dd7ad3488415e91a3a6e17b85182f - - - -] Unable to schedule network 74353255-8dd1-4eab-ba0e-c7905f50e40a: no agents available; will retry on subsequent port and subnet creation events.
2026-07-15 06:09:24.496 10 INFO neutron.wsgi [None req-49f095c2-3cf4-431f-ae7a-f73e17bb4b79 dced2ab65efe4545a9b47d9ff3f526ad 3617ef89ee794eefa1f8dea661d0a45c - - - -] 10.0.0.166 "POST /v2.0/security-group-rules HTTP/1.1" status: 201 len: 764 time: 0.3052704
2026-07-15 06:09:24.500 9 INFO neutron.db.ovn_revision_numbers_db [None req-089ec69d-ee53-42e9-9ff8-94b1006cad55 0da6c80d60f54d37b08bf2728e147bbf 131dd7ad3488415e91a3a6e17b85182f - - - -] Successfully bumped revision number for resource 7b403104-a669-48c7-bdc0-ecda455b3265 (type: subnets) to 0
2026-07-15 06:09:24.517 9 INFO neutron.wsgi [None req-089ec69d-ee53-42e9-9ff8-94b1006cad55 0da6c80d60f54d37b08bf2728e147bbf 131dd7ad3488415e91a3a6e17b85182f - - - -] 10.0.0.166 "POST /v2.0/subnets HTTP/1.1" status: 201 len: 830 time: 0.2806253
2026-07-15 06:09:24.669 10 INFO neutron.db.ovn_revision_numbers_db [None req-5000220b-27c1-4306-93e7-657411ebbb25 1c23800f9ec24648b18f6a8bfd2d3525 d81f4349a37f4cc6a98ef05b3ee4c4b8 - - - -] Successfully bumped revision number for resource 305e8515-e05e-4e3d-aca2-c2f7e4e261fc (type: ports) to 1
2026-07-15 06:09:24.674 9 INFO neutron.db.ovn_revision_numbers_db [None req-bdcee451-ccfc-4391-bcf3-e7f27d453c2c 0da6c80d60f54d37b08bf2728e147bbf 131dd7ad3488415e91a3a6e17b85182f - - - -] Successfully bumped revision number for resource 9a46bff3-d3a1-4ef9-8081-0fbbe9c78bad (type: routers) to 1
2026-07-15 06:09:24.687 9 INFO neutron.wsgi [None req-bdcee451-ccfc-4391-bcf3-e7f27d453c2c 0da6c80d60f54d37b08bf2728e147bbf 131dd7ad3488415e91a3a6e17b85182f - - - -] 10.0.0.166 "POST /v2.0/routers HTTP/1.1" status: 201 len: 691 time: 0.1665323
2026-07-15 06:09:24.727 10 INFO neutron.wsgi [None req-5000220b-27c1-4306-93e7-657411ebbb25 1c23800f9ec24648b18f6a8bfd2d3525 d81f4349a37f4cc6a98ef05b3ee4c4b8 - - - -] 10.0.0.166 "POST /v2.0/ports HTTP/1.1" status: 201 len: 1122 time: 0.6701250
2026-07-15 06:09:24.733 10 INFO neutron.db.ovn_revision_numbers_db [None req-ee837046-3607-451d-908e-1b518c97d99d dced2ab65efe4545a9b47d9ff3f526ad 3617ef89ee794eefa1f8dea661d0a45c - - - -] Successfully bumped revision number for resource a7982a45-d711-41d3-9cb2-7da5d4cdfebc (type: security_group_rules) to 0
2026-07-15 06:09:24.768 10 INFO neutron.wsgi [None req-ee837046-3607-451d-908e-1b518c97d99d dced2ab65efe4545a9b47d9ff3f526ad 3617ef89ee794eefa1f8dea661d0a45c - - - -] 10.0.0.166 "POST /v2.0/security-group-rules HTTP/1.1" status: 201 len: 763 time: 0.2646432
2026-07-15 06:09:25.162 10 INFO neutron.db.ovn_revision_numbers_db [None req-96d77ea8-4182-4095-8822-8bffaa7c35ea bc890da7b1e045df99b7fb40a936d507 524d02558d484f44874de52b6ff81980 - - - -] Successfully bumped revision number for resource eae49d0d-a109-41b1-8e15-7dd326f1a2da (type: router_ports) to 1
2026-07-15 06:09:25.197 9 INFO neutron.plugins.ml2.drivers.ovn.mech_driver.ovsdb.ovsdb_monitor [None req-9e1432ae-6d7c-4641-a008-3d856ef1ab31 - - - - - -] Router 5e26f00d-c04a-4a0e-bfdd-900c49567363 is bound to host instance
2026-07-15 06:09:25.248 10 INFO neutron.db.ovn_revision_numbers_db [None req-96d77ea8-4182-4095-8822-8bffaa7c35ea bc890da7b1e045df99b7fb40a936d507 524d02558d484f44874de52b6ff81980 - - - -] Successfully bumped revision number for resource 5e26f00d-c04a-4a0e-bfdd-900c49567363 (type: routers) to 3
2026-07-15 06:09:25.262 10 INFO neutron.wsgi [None req-96d77ea8-4182-4095-8822-8bffaa7c35ea bc890da7b1e045df99b7fb40a936d507 524d02558d484f44874de52b6ff81980 - - - -] 10.0.0.166 "POST /v2.0/routers HTTP/1.1" status: 201 len: 880 time: 1.5984926
2026-07-15 06:09:25.386 9 INFO neutron.db.ovn_revision_numbers_db [None req-ceea9f45-1e55-4600-8554-843a133ef164 dced2ab65efe4545a9b47d9ff3f526ad 3617ef89ee794eefa1f8dea661d0a45c - - - -] Successfully bumped revision number for resource bf804369-d98e-415b-acff-8ce429db3911 (type: security_group_rules) to 0
2026-07-15 06:09:25.460 9 INFO neutron.wsgi [None req-ceea9f45-1e55-4600-8554-843a133ef164 dced2ab65efe4545a9b47d9ff3f526ad 3617ef89ee794eefa1f8dea661d0a45c - - - -] 10.0.0.166 "POST /v2.0/security-group-rules HTTP/1.1" status: 201 len: 769 time: 0.6857965
2026-07-15 06:09:25.668 9 INFO neutron.wsgi [None req-cca27c97-c8cc-4671-8155-89856a94f823 1c23800f9ec24648b18f6a8bfd2d3525 d81f4349a37f4cc6a98ef05b3ee4c4b8 - - - -] 10.0.0.166 "DELETE /v2.0/ports/305e8515-e05e-4e3d-aca2-c2f7e4e261fc HTTP/1.1" status: 204 len: 168 time: 0.9366255
2026-07-15 06:09:25.694 10 INFO neutron.pecan_wsgi.hooks.translation [None req-d08a3940-2634-4226-87ab-b0ab00ab9d74 1c23800f9ec24648b18f6a8bfd2d3525 d81f4349a37f4cc6a98ef05b3ee4c4b8 - - default default] GET failed (client error): The resource could not be found.
2026-07-15 06:09:25.695 10 INFO neutron.wsgi [None req-d08a3940-2634-4226-87ab-b0ab00ab9d74 1c23800f9ec24648b18f6a8bfd2d3525 d81f4349a37f4cc6a98ef05b3ee4c4b8 - - default default] 10.0.0.166 "GET /v2.0/ports/305e8515-e05e-4e3d-aca2-c2f7e4e261fc HTTP/1.1" status: 404 len: 333 time: 0.0209510
2026-07-15 06:09:25.724 9 WARNING neutron.scheduler.dhcp_agent_scheduler [None req-344c70b3-0569-4af6-b243-ca992791e59b 0da6c80d60f54d37b08bf2728e147bbf 131dd7ad3488415e91a3a6e17b85182f - - default default] No more DHCP agents
2026-07-15 06:09:25.731 9 WARNING neutron.api.rpc.agentnotifiers.dhcp_rpc_agent_api [None req-344c70b3-0569-4af6-b243-ca992791e59b 0da6c80d60f54d37b08bf2728e147bbf 131dd7ad3488415e91a3a6e17b85182f - - default default] Unable to schedule network 2af0f43c-1675-42d3-a781-7353304ff585: no agents available; will retry on subsequent port and subnet creation events.
2026-07-15 06:09:25.771 9 INFO neutron.db.ovn_revision_numbers_db [None req-43ec1c80-6c69-4aab-b9b4-e1d923f7133f dced2ab65efe4545a9b47d9ff3f526ad 3617ef89ee794eefa1f8dea661d0a45c - - - -] Successfully bumped revision number for resource 82d682f1-7509-4baf-a095-323b90ae4ad9 (type: security_group_rules) to 0
2026-07-15 06:09:25.831 9 INFO neutron.wsgi [None req-43ec1c80-6c69-4aab-b9b4-e1d923f7133f dced2ab65efe4545a9b47d9ff3f526ad 3617ef89ee794eefa1f8dea661d0a45c - - - -] 10.0.0.166 "POST /v2.0/security-group-rules HTTP/1.1" status: 201 len: 768 time: 0.3595839
2026-07-15 06:09:25.891 9 INFO neutron.db.ovn_revision_numbers_db [None req-344c70b3-0569-4af6-b243-ca992791e59b 0da6c80d60f54d37b08bf2728e147bbf 131dd7ad3488415e91a3a6e17b85182f - - default default] Successfully bumped revision number for resource 83702997-6a17-405a-9d9b-ee429f2f559e (type: ports) to 1
2026-07-15 06:09:25.905 10 INFO neutron.db.securitygroups_db [None req-3782415e-ab6e-4127-bd2c-e1c8d5ae2f36 dced2ab65efe4545a9b47d9ff3f526ad 3617ef89ee794eefa1f8dea661d0a45c - - - -] Project 3617ef89ee794eefa1f8dea661d0a45c added a security group rule with legacy IPv6 ICMP protocol name icmp, ipv6-icmp should be used instead. It was automatically converted.
2026-07-15 06:09:25.984 10 INFO neutron.wsgi [None req-a66a60df-f129-432e-88f1-454df2144cf9 1c23800f9ec24648b18f6a8bfd2d3525 d81f4349a37f4cc6a98ef05b3ee4c4b8 - - - -] 10.0.0.166 "DELETE /v2.0/subnets/80d384b1-f822-435c-a8c2-7bb49e279543 HTTP/1.1" status: 204 len: 168 time: 0.2798264
2026-07-15 06:09:26.094 10 INFO neutron.db.ovn_revision_numbers_db [None req-3782415e-ab6e-4127-bd2c-e1c8d5ae2f36 dced2ab65efe4545a9b47d9ff3f526ad 3617ef89ee794eefa1f8dea661d0a45c - - - -] Successfully bumped revision number for resource 8437ee33-4d44-403b-9854-619c774852ee (type: security_group_rules) to 0
2026-07-15 06:09:26.106 9 INFO neutron.db.ovn_revision_numbers_db [None req-9e1432ae-6d7c-4641-a008-3d856ef1ab31 - - - - - -] Successfully bumped revision number for resource eae49d0d-a109-41b1-8e15-7dd326f1a2da (type: ports) to 1
2026-07-15 06:09:26.135 10 INFO neutron.wsgi [None req-3782415e-ab6e-4127-bd2c-e1c8d5ae2f36 dced2ab65efe4545a9b47d9ff3f526ad 3617ef89ee794eefa1f8dea661d0a45c - - - -] 10.0.0.166 "POST /v2.0/security-group-rules HTTP/1.1" status: 201 len: 774 time: 0.2981408
2026-07-15 06:09:26.202 10 WARNING neutron.scheduler.dhcp_agent_scheduler [None req-ea11c06d-e426-4d2f-a33f-3c1acecb7717 bc890da7b1e045df99b7fb40a936d507 524d02558d484f44874de52b6ff81980 - - default default] No more DHCP agents
2026-07-15 06:09:26.216 10 WARNING neutron.api.rpc.agentnotifiers.dhcp_rpc_agent_api [None req-ea11c06d-e426-4d2f-a33f-3c1acecb7717 bc890da7b1e045df99b7fb40a936d507 524d02558d484f44874de52b6ff81980 - - default default] Unable to schedule network d930ff10-2752-4052-9791-70ecc2153004: no agents available; will retry on subsequent port and subnet creation events.
2026-07-15 06:09:26.217 10 INFO neutron.db.securitygroups_db [None req-f2a634f6-6746-4dc6-b5a2-1d44affda6e9 dced2ab65efe4545a9b47d9ff3f526ad 3617ef89ee794eefa1f8dea661d0a45c - - - -] Project 3617ef89ee794eefa1f8dea661d0a45c added a security group rule with legacy IPv6 ICMP protocol name icmp, ipv6-icmp should be used instead. It was automatically converted.
2026-07-15 06:09:26.356 9 INFO neutron.db.ovn_revision_numbers_db [None req-344c70b3-0569-4af6-b243-ca992791e59b 0da6c80d60f54d37b08bf2728e147bbf 131dd7ad3488415e91a3a6e17b85182f - - default default] Successfully bumped revision number for resource 83702997-6a17-405a-9d9b-ee429f2f559e (type: router_ports) to 2
2026-07-15 06:09:26.407 10 INFO neutron.db.ovn_revision_numbers_db [None req-f2a634f6-6746-4dc6-b5a2-1d44affda6e9 dced2ab65efe4545a9b47d9ff3f526ad 3617ef89ee794eefa1f8dea661d0a45c - - - -] Successfully bumped revision number for resource 6f81dbf4-022b-4804-a298-78412d3ca7d7 (type: security_group_rules) to 0
2026-07-15 06:09:26.440 10 INFO neutron.db.ovn_revision_numbers_db [None req-ea11c06d-e426-4d2f-a33f-3c1acecb7717 bc890da7b1e045df99b7fb40a936d507 524d02558d484f44874de52b6ff81980 - - default default] Successfully bumped revision number for resource 898755d9-7f4f-4407-92c8-78a34f5e07d9 (type: ports) to 1
2026-07-15 06:09:26.444 9 INFO neutron.db.ovn_revision_numbers_db [None req-9e1432ae-6d7c-4641-a008-3d856ef1ab31 - - - - - -] Successfully bumped revision number for resource eae49d0d-a109-41b1-8e15-7dd326f1a2da (type: router_ports) to 3
2026-07-15 06:09:26.458 10 INFO neutron.wsgi [None req-f2a634f6-6746-4dc6-b5a2-1d44affda6e9 dced2ab65efe4545a9b47d9ff3f526ad 3617ef89ee794eefa1f8dea661d0a45c - - - -] 10.0.0.166 "POST /v2.0/security-group-rules HTTP/1.1" status: 201 len: 773 time: 0.3127937
2026-07-15 06:09:26.471 9 INFO neutron.db.ovn_revision_numbers_db [None req-344c70b3-0569-4af6-b243-ca992791e59b 0da6c80d60f54d37b08bf2728e147bbf 131dd7ad3488415e91a3a6e17b85182f - - default default] Successfully bumped revision number for resource 83702997-6a17-405a-9d9b-ee429f2f559e (type: ports) to 2
2026-07-15 06:09:26.535 10 INFO neutron.services.segments.plugin [-] Segment e5abb083-ee21-45e1-b611-5dd99b08d7a2 resource provider aggregate not found
2026-07-15 06:09:26.540 10 INFO neutron.services.segments.plugin [-] Segment e5abb083-ee21-45e1-b611-5dd99b08d7a2 resource provider aggregate not found
2026-07-15 06:09:26.563 9 WARNING neutron.scheduler.dhcp_agent_scheduler [None req-344c70b3-0569-4af6-b243-ca992791e59b 0da6c80d60f54d37b08bf2728e147bbf 131dd7ad3488415e91a3a6e17b85182f - - default default] No more DHCP agents
2026-07-15 06:09:26.565 9 WARNING neutron.api.rpc.agentnotifiers.dhcp_rpc_agent_api [None req-344c70b3-0569-4af6-b243-ca992791e59b 0da6c80d60f54d37b08bf2728e147bbf 131dd7ad3488415e91a3a6e17b85182f - - default default] Unable to schedule network 2af0f43c-1675-42d3-a781-7353304ff585: no agents available; will retry on subsequent port and subnet creation events.
2026-07-15 06:09:26.573 10 INFO neutron.services.segments.plugin [-] Segment e5abb083-ee21-45e1-b611-5dd99b08d7a2 resource provider not found; error: Placement Client Error (4xx): {"errors": [{"status": 404, "title": "Not Found", "detail": "The resource could not be found.\n\n No resource provider with uuid e5abb083-ee21-45e1-b611-5dd99b08d7a2 found for delete ", "request_id": "req-7611bee8-cb56-41c6-b448-540fb2c73ef0"}]}
2026-07-15 06:09:26.574 10 INFO neutron.services.segments.plugin [-] Segment e5abb083-ee21-45e1-b611-5dd99b08d7a2 resource provider not found; error: Placement Client Error (4xx): {"errors": [{"status": 404, "title": "Not Found", "detail": "The resource could not be found.\n\n No resource provider with uuid e5abb083-ee21-45e1-b611-5dd99b08d7a2 found for delete ", "request_id": "req-881775e3-3eba-45ec-8055-3e4b46a1541f"}]}
2026-07-15 06:09:26.614 9 INFO neutron.db.ovn_revision_numbers_db [None req-9e1432ae-6d7c-4641-a008-3d856ef1ab31 - - - - - -] Successfully bumped revision number for resource eae49d0d-a109-41b1-8e15-7dd326f1a2da (type: ports) to 2
2026-07-15 06:09:26.627 10 INFO neutron.wsgi [None req-263949c4-5ad4-4023-9ca8-7f8b6610f95d 1c23800f9ec24648b18f6a8bfd2d3525 d81f4349a37f4cc6a98ef05b3ee4c4b8 - - - -] 10.0.0.166 "DELETE /v2.0/networks/938d1511-0791-41a7-9d23-97b7323e49ce HTTP/1.1" status: 204 len: 168 time: 0.6383281
2026-07-15 06:09:26.749 9 INFO neutron.db.ovn_revision_numbers_db [None req-344c70b3-0569-4af6-b243-ca992791e59b 0da6c80d60f54d37b08bf2728e147bbf 131dd7ad3488415e91a3a6e17b85182f - - - -] Successfully bumped revision number for resource 83702997-6a17-405a-9d9b-ee429f2f559e (type: router_ports) to 2
2026-07-15 06:09:26.751 9 INFO neutron.wsgi [None req-344c70b3-0569-4af6-b243-ca992791e59b 0da6c80d60f54d37b08bf2728e147bbf 131dd7ad3488415e91a3a6e17b85182f - - - -] 10.0.0.166 "PUT /v2.0/routers/9a46bff3-d3a1-4ef9-8081-0fbbe9c78bad/add_router_interface HTTP/1.1" status: 200 len: 503 time: 2.0596259
2026-07-15 06:09:26.790 9 INFO neutron.wsgi [None req-1acf6735-676d-43e5-9ba1-5aeb706ff328 0da6c80d60f54d37b08bf2728e147bbf 131dd7ad3488415e91a3a6e17b85182f - - default default] 10.0.0.166 "GET /v2.0/ports/83702997-6a17-405a-9d9b-ee429f2f559e HTTP/1.1" status: 200 len: 1139 time: 0.0330462
2026-07-15 06:09:26.867 9 INFO neutron.db.ovn_revision_numbers_db [None req-9e1432ae-6d7c-4641-a008-3d856ef1ab31 - - - - - -] Successfully bumped revision number for resource eae49d0d-a109-41b1-8e15-7dd326f1a2da (type: ports) to 4
2026-07-15 06:09:27.049 10 WARNING neutron.scheduler.dhcp_agent_scheduler [None req-bf26ab93-a72e-4155-8939-012d7d7f9a73 1c23800f9ec24648b18f6a8bfd2d3525 d81f4349a37f4cc6a98ef05b3ee4c4b8 - - - -] No more DHCP agents
2026-07-15 06:09:27.059 10 WARNING neutron.api.rpc.agentnotifiers.dhcp_rpc_agent_api [None req-bf26ab93-a72e-4155-8939-012d7d7f9a73 1c23800f9ec24648b18f6a8bfd2d3525 d81f4349a37f4cc6a98ef05b3ee4c4b8 - - - -] Unable to schedule network 41951c32-a719-4425-b52a-04d84226d931: no agents available; will retry on subsequent port and subnet creation events.
