2026-07-15 06:10:56.164 9 INFO neutron.wsgi [None req-8f1d6349-fefe-4b5f-b3cc-8d1ad9eb6318 bc890da7b1e045df99b7fb40a936d507 524d02558d484f44874de52b6ff81980 - - default default] 10.0.0.166 "GET /v2.0/security-groups?tenant_id=46572a3edd4342319fa3983e9b3d755a&name=default HTTP/1.1" status: 200 len: 2996 time: 0.2201226
2026-07-15 06:10:56.172 10 INFO neutron.services.segments.plugin [-] Segment 3d166483-e4ef-4af6-8f34-39d5ff35edfb resource provider not found; error: Placement Client Error (4xx): {"errors": [{"status": 404, "title": "Not Found", "detail": "The resource could not be found.\n\n No resource provider with uuid 3d166483-e4ef-4af6-8f34-39d5ff35edfb found for delete ", "request_id": "req-13e7a8b8-1496-497b-8551-d30485ab1ebe"}]}
2026-07-15 06:10:56.173 10 INFO neutron.services.segments.plugin [-] Segment 3d166483-e4ef-4af6-8f34-39d5ff35edfb resource provider not found; error: Placement Client Error (4xx): {"errors": [{"status": 404, "title": "Not Found", "detail": "The resource could not be found.\n\n No resource provider with uuid 3d166483-e4ef-4af6-8f34-39d5ff35edfb found for delete ", "request_id": "req-4969b562-3fe5-45ee-89a1-755f13a1b790"}]}
2026-07-15 06:10:56.216 10 INFO neutron.wsgi [None req-b0fbf4cf-1975-4bd3-950b-06505b3d485f 2781288ff8844f819e7cc2bc7b52abaa 64b1374992ca46aea8a24ba940ce0b00 - - - -] 10.0.0.166 "DELETE /v2.0/networks/df2a7a4f-6219-40b5-b532-f68d12e713be HTTP/1.1" status: 204 len: 168 time: 0.9070344
2026-07-15 06:10:56.242 9 INFO neutron.wsgi [None req-4d4b8110-d328-4697-9ec7-cce6e78584b6 182a2fca21354d369438fa741cea948a 7d853036443e472e906745ca967fe919 - - - -] 10.0.0.166 "DELETE /v2.0/security-groups/27ddccbf-a179-4318-a886-37b6572fa080 HTTP/1.1" status: 204 len: 168 time: 0.1115699
2026-07-15 06:10:56.323 9 INFO neutron.db.segments_db [None req-aed6938b-3cc3-459d-bf8b-e2540464f71b 2781288ff8844f819e7cc2bc7b52abaa 64b1374992ca46aea8a24ba940ce0b00 - - - -] Added segment 11416489-f5a5-4634-8dd8-3e4ffeb613a9 of type geneve for network ad729e5b-de0f-4ec2-a11f-e92a93e1d9f5
2026-07-15 06:10:56.387 10 INFO neutron.wsgi [None req-e0467baa-81d0-428d-bdd2-394d43a7c275 bc890da7b1e045df99b7fb40a936d507 524d02558d484f44874de52b6ff81980 - - - -] 10.0.0.166 "DELETE /v2.0/routers/baed6638-18ae-4c49-aa52-81389d696752 HTTP/1.1" status: 204 len: 168 time: 0.8511224
2026-07-15 06:10:56.390 9 INFO neutron.wsgi [None req-96f1817b-411c-46f7-9c29-2e5b723e798c 182a2fca21354d369438fa741cea948a 7d853036443e472e906745ca967fe919 - - - -] 10.0.0.166 "DELETE /v2.0/security-groups/49342995-c57d-4a25-8728-9f0861036f5b HTTP/1.1" status: 204 len: 168 time: 0.1383545
2026-07-15 06:10:56.453 9 INFO neutron.db.ovn_revision_numbers_db [None req-aed6938b-3cc3-459d-bf8b-e2540464f71b 2781288ff8844f819e7cc2bc7b52abaa 64b1374992ca46aea8a24ba940ce0b00 - - - -] Successfully bumped revision number for resource ad729e5b-de0f-4ec2-a11f-e92a93e1d9f5 (type: networks) to 1
2026-07-15 06:10:56.539 9 INFO neutron.wsgi [None req-3f77b8aa-9d1d-4e4c-91d2-69655d5ce141 182a2fca21354d369438fa741cea948a 7d853036443e472e906745ca967fe919 - - - -] 10.0.0.166 "DELETE /v2.0/security-groups/5ad725f5-14f4-451a-906f-eb039cc0b556 HTTP/1.1" status: 204 len: 168 time: 0.1420448
2026-07-15 06:10:56.748 10 INFO neutron.wsgi [None req-6c794fd6-0168-4143-b9e3-384ba0e120c7 bc890da7b1e045df99b7fb40a936d507 524d02558d484f44874de52b6ff81980 - - - -] 10.0.0.166 "DELETE /v2.0/security-groups/12e2b7a5-50fa-4360-8ee8-89eb2b52d1e7 HTTP/1.1" status: 204 len: 168 time: 0.5777986
2026-07-15 06:10:56.840 10 INFO neutron.wsgi [None req-5111ef5a-1ae6-4aed-bb56-6f4482367356 bc890da7b1e045df99b7fb40a936d507 524d02558d484f44874de52b6ff81980 - - - -] 10.0.0.166 "DELETE /v2.0/subnets/8056c85c-452f-4ee2-b8d7-2268baa70a0f HTTP/1.1" status: 204 len: 168 time: 0.4424431
2026-07-15 06:10:56.841 9 WARNING neutron.scheduler.dhcp_agent_scheduler [None req-aed6938b-3cc3-459d-bf8b-e2540464f71b 2781288ff8844f819e7cc2bc7b52abaa 64b1374992ca46aea8a24ba940ce0b00 - - - -] No more DHCP agents
2026-07-15 06:10:56.845 9 WARNING neutron.api.rpc.agentnotifiers.dhcp_rpc_agent_api [None req-aed6938b-3cc3-459d-bf8b-e2540464f71b 2781288ff8844f819e7cc2bc7b52abaa 64b1374992ca46aea8a24ba940ce0b00 - - - -] Unable to schedule network ad729e5b-de0f-4ec2-a11f-e92a93e1d9f5: no agents available; will retry on subsequent port and subnet creation events.
2026-07-15 06:10:56.927 9 INFO neutron.db.ovn_revision_numbers_db [None req-aed6938b-3cc3-459d-bf8b-e2540464f71b 2781288ff8844f819e7cc2bc7b52abaa 64b1374992ca46aea8a24ba940ce0b00 - - - -] Successfully bumped revision number for resource bc6e1f20-9b04-4cbe-acbb-d9ce48366516 (type: ports) to 1
2026-07-15 06:10:56.956 9 INFO neutron.wsgi [None req-aed6938b-3cc3-459d-bf8b-e2540464f71b 2781288ff8844f819e7cc2bc7b52abaa 64b1374992ca46aea8a24ba940ce0b00 - - - -] 10.0.0.166 "POST /v2.0/networks HTTP/1.1" status: 201 len: 929 time: 0.7333224
2026-07-15 06:10:57.193 10 WARNING neutron.scheduler.dhcp_agent_scheduler [None req-1151eb37-631a-43e4-a9bf-28f1e03115d0 2781288ff8844f819e7cc2bc7b52abaa 64b1374992ca46aea8a24ba940ce0b00 - - - -] No more DHCP agents
2026-07-15 06:10:57.198 10 WARNING neutron.api.rpc.agentnotifiers.dhcp_rpc_agent_api [None req-1151eb37-631a-43e4-a9bf-28f1e03115d0 2781288ff8844f819e7cc2bc7b52abaa 64b1374992ca46aea8a24ba940ce0b00 - - - -] Unable to schedule network ad729e5b-de0f-4ec2-a11f-e92a93e1d9f5: no agents available; will retry on subsequent port and subnet creation events.
2026-07-15 06:10:57.378 10 INFO neutron.wsgi [None req-3c1ce46e-0451-4c73-bbbb-9aaa1ebb8123 bc890da7b1e045df99b7fb40a936d507 524d02558d484f44874de52b6ff81980 - - - -] 10.0.0.166 "DELETE /v2.0/networks/a16ac738-5a72-43a9-b022-ba02c83ad37e HTTP/1.1" status: 204 len: 168 time: 0.5333602
2026-07-15 06:10:57.439 9 INFO neutron.db.ovn_revision_numbers_db [None req-b12b150b-4397-4867-83cc-80b8a1445611 bc890da7b1e045df99b7fb40a936d507 524d02558d484f44874de52b6ff81980 - - default default] Successfully bumped revision number for resource 04c36166-8d1c-4495-8b5c-ee7c9b07b72c (type: security_groups) to 1
2026-07-15 06:10:57.461 9 INFO neutron.wsgi [None req-b12b150b-4397-4867-83cc-80b8a1445611 bc890da7b1e045df99b7fb40a936d507 524d02558d484f44874de52b6ff81980 - - default default] 10.0.0.166 "GET /v2.0/security-groups?tenant_id=3ea3b7025d0d458eadb47b9feaf1222a&name=default HTTP/1.1" status: 200 len: 2996 time: 0.2049189
2026-07-15 06:10:57.506 9 INFO neutron.wsgi [None req-edd81328-d85f-4326-9bb9-02c52955cfeb bc890da7b1e045df99b7fb40a936d507 524d02558d484f44874de52b6ff81980 - - default default] 10.0.0.166 "GET /v2.0/security-groups?tenant_id=18acbef1ed324e389be1aa5bb90f8f1b&name=default HTTP/1.1" status: 200 len: 2996 time: 0.0249655
2026-07-15 06:10:57.692 9 INFO neutron.wsgi [None req-14dd191c-40cb-467f-b13e-67f2af4b8114 bc890da7b1e045df99b7fb40a936d507 524d02558d484f44874de52b6ff81980 - - - -] 10.0.0.166 "DELETE /v2.0/security-groups/aed4e9c2-c441-40ab-afc3-5804a2a0d051 HTTP/1.1" status: 204 len: 168 time: 0.1813941
2026-07-15 06:10:57.709 10 INFO neutron.db.ovn_revision_numbers_db [None req-1151eb37-631a-43e4-a9bf-28f1e03115d0 2781288ff8844f819e7cc2bc7b52abaa 64b1374992ca46aea8a24ba940ce0b00 - - - -] Successfully bumped revision number for resource bc6e1f20-9b04-4cbe-acbb-d9ce48366516 (type: ports) to 2
2026-07-15 06:10:57.727 10 INFO neutron.db.ovn_revision_numbers_db [None req-1151eb37-631a-43e4-a9bf-28f1e03115d0 2781288ff8844f819e7cc2bc7b52abaa 64b1374992ca46aea8a24ba940ce0b00 - - - -] Successfully bumped revision number for resource 94cfbbf5-aa8f-466a-bc52-01215eee2627 (type: subnets) to 0
2026-07-15 06:10:57.744 10 INFO neutron.wsgi [None req-1151eb37-631a-43e4-a9bf-28f1e03115d0 2781288ff8844f819e7cc2bc7b52abaa 64b1374992ca46aea8a24ba940ce0b00 - - - -] 10.0.0.166 "POST /v2.0/subnets HTTP/1.1" status: 201 len: 822 time: 0.7822096
2026-07-15 06:10:57.747 10 INFO neutron.wsgi [None req-9842a94c-138c-4d8c-9689-ae28b4e9d65e bc890da7b1e045df99b7fb40a936d507 524d02558d484f44874de52b6ff81980 - - - -] 10.0.0.166 "DELETE /v2.0/security-groups/04c36166-8d1c-4495-8b5c-ee7c9b07b72c HTTP/1.1" status: 204 len: 168 time: 0.2822495
2026-07-15 06:10:58.019 10 INFO neutron.db.ovn_revision_numbers_db [None req-dd2ef596-f1d6-4b97-89ce-3c553b3f24b1 bc890da7b1e045df99b7fb40a936d507 524d02558d484f44874de52b6ff81980 - - default default] Successfully bumped revision number for resource bf49488d-6731-43f5-8585-112d5cafd231 (type: security_groups) to 1
2026-07-15 06:10:58.065 10 INFO neutron.wsgi [None req-dd2ef596-f1d6-4b97-89ce-3c553b3f24b1 bc890da7b1e045df99b7fb40a936d507 524d02558d484f44874de52b6ff81980 - - default default] 10.0.0.166 "GET /v2.0/security-groups?tenant_id=03dec23214fe40a0962dbea3f9c31389&name=default HTTP/1.1" status: 200 len: 2996 time: 0.2276869
2026-07-15 06:10:58.088 10 INFO neutron.wsgi [None req-73b7415c-74f9-49aa-99df-998840f027bb 2781288ff8844f819e7cc2bc7b52abaa 64b1374992ca46aea8a24ba940ce0b00 - - - -] 10.0.0.166 "POST /v2.0/rbac-policies HTTP/1.1" status: 201 len: 523 time: 0.3396802
2026-07-15 06:10:58.194 10 INFO neutron.services.segments.plugin [-] Segment 72d7c442-24f7-4b77-b977-f55c11479e7b resource provider aggregate not found
2026-07-15 06:10:58.203 10 INFO neutron.services.segments.plugin [-] Segment 72d7c442-24f7-4b77-b977-f55c11479e7b resource provider aggregate not found
2026-07-15 06:10:58.223 10 INFO neutron.services.segments.plugin [-] Segment 72d7c442-24f7-4b77-b977-f55c11479e7b resource provider not found; error: Placement Client Error (4xx): {"errors": [{"status": 404, "title": "Not Found", "detail": "The resource could not be found.\n\n No resource provider with uuid 72d7c442-24f7-4b77-b977-f55c11479e7b found for delete ", "request_id": "req-89bfa0de-19ba-47f9-94d7-9dd3cd97eead"}]}
2026-07-15 06:10:58.224 10 INFO neutron.services.segments.plugin [-] Segment 72d7c442-24f7-4b77-b977-f55c11479e7b resource provider not found; error: Placement Client Error (4xx): {"errors": [{"status": 404, "title": "Not Found", "detail": "The resource could not be found.\n\n No resource provider with uuid 72d7c442-24f7-4b77-b977-f55c11479e7b found for delete ", "request_id": "req-969650c4-b79f-4aec-a82e-636a530ce6bc"}]}
2026-07-15 06:10:58.447 9 INFO neutron.wsgi [None req-fa25ad32-42c0-4578-ba1c-08578a9c1f92 bc890da7b1e045df99b7fb40a936d507 524d02558d484f44874de52b6ff81980 - - - -] 10.0.0.166 "DELETE /v2.0/security-groups/bf49488d-6731-43f5-8585-112d5cafd231 HTTP/1.1" status: 204 len: 168 time: 0.3775721
2026-07-15 06:10:58.613 10 INFO neutron.wsgi [None req-d9d38d82-52db-4855-96c9-313a433618d3 bfee777989dc4201b016ccc08d040927 84ca89f383764dbfaa8b3c9c86e8c14f - - default default] 10.0.0.166 "GET /v2.0/networks/ad729e5b-de0f-4ec2-a11f-e92a93e1d9f5 HTTP/1.1" status: 200 len: 849 time: 0.1652436
2026-07-15 06:10:58.638 9 INFO neutron.wsgi [None req-e9f066fd-d5c7-47a9-9400-8c7d4d8f3685 bc890da7b1e045df99b7fb40a936d507 524d02558d484f44874de52b6ff81980 - - default default] 10.0.0.166 "GET /v2.0/security-groups?tenant_id=7d853036443e472e906745ca967fe919&name=default HTTP/1.1" status: 200 len: 2996 time: 0.0333607
2026-07-15 06:10:58.837 10 INFO neutron.wsgi [None req-a5d660c2-430e-4f24-8baf-b173bb50cab9 bc890da7b1e045df99b7fb40a936d507 524d02558d484f44874de52b6ff81980 - - - -] 10.0.0.166 "DELETE /v2.0/security-groups/11978535-3490-446c-b6f1-27bd04d4a3ac HTTP/1.1" status: 204 len: 168 time: 0.1948423
2026-07-15 06:10:59.242 10 INFO neutron.pecan_wsgi.hooks.translation [None req-07d6686e-6d99-411a-ae83-43ee42467d02 3b34dbb9f75c4aaebf777d12ea5f2ea3 e3386d20c9b54a8daa980186de07ea70 - - default default] GET failed (client error): The resource could not be found.
2026-07-15 06:10:59.243 10 INFO neutron.wsgi [None req-07d6686e-6d99-411a-ae83-43ee42467d02 3b34dbb9f75c4aaebf777d12ea5f2ea3 e3386d20c9b54a8daa980186de07ea70 - - default default] 10.0.0.166 "GET /v2.0/networks/ad729e5b-de0f-4ec2-a11f-e92a93e1d9f5 HTTP/1.1" status: 404 len: 339 time: 0.2574484
2026-07-15 06:10:59.772 10 INFO neutron.wsgi [None req-c5282aef-4af1-4c06-93b1-9fd1ccb9baa4 2781288ff8844f819e7cc2bc7b52abaa 64b1374992ca46aea8a24ba940ce0b00 - - - -] 10.0.0.166 "DELETE /v2.0/networks/ad729e5b-de0f-4ec2-a11f-e92a93e1d9f5 HTTP/1.1" status: 204 len: 168 time: 0.5177588
2026-07-15 06:10:59.800 9 INFO neutron.pecan_wsgi.hooks.translation [None req-debb8876-c79f-4cf1-a951-c45cf90e7d49 2781288ff8844f819e7cc2bc7b52abaa 64b1374992ca46aea8a24ba940ce0b00 - - - -] DELETE failed (client error): The resource could not be found.
2026-07-15 06:10:59.802 9 INFO neutron.wsgi [None req-debb8876-c79f-4cf1-a951-c45cf90e7d49 2781288ff8844f819e7cc2bc7b52abaa 64b1374992ca46aea8a24ba940ce0b00 - - - -] 10.0.0.166 "DELETE /v2.0/subnets/fa7d15ff-785e-43e4-a076-0be333487380 HTTP/1.1" status: 404 len: 337 time: 0.0220704
2026-07-15 06:10:59.836 10 INFO neutron.pecan_wsgi.hooks.translation [None req-c87e329b-41cd-438c-8c3d-3c24d823f74d 2781288ff8844f819e7cc2bc7b52abaa 64b1374992ca46aea8a24ba940ce0b00 - - - -] DELETE failed (client error): The resource could not be found.
2026-07-15 06:10:59.838 10 INFO neutron.wsgi [None req-c87e329b-41cd-438c-8c3d-3c24d823f74d 2781288ff8844f819e7cc2bc7b52abaa 64b1374992ca46aea8a24ba940ce0b00 - - - -] 10.0.0.166 "DELETE /v2.0/subnets/c18191cf-f6ad-4f7b-b961-055edc06d1b6 HTTP/1.1" status: 404 len: 337 time: 0.0269513
2026-07-15 06:10:59.860 10 INFO neutron.pecan_wsgi.hooks.translation [None req-758d3978-6149-4386-9e98-7d7f2cba84ce 2781288ff8844f819e7cc2bc7b52abaa 64b1374992ca46aea8a24ba940ce0b00 - - - -] DELETE failed (client error): The resource could not be found.
2026-07-15 06:10:59.862 10 INFO neutron.wsgi [None req-758d3978-6149-4386-9e98-7d7f2cba84ce 2781288ff8844f819e7cc2bc7b52abaa 64b1374992ca46aea8a24ba940ce0b00 - - - -] 10.0.0.166 "DELETE /v2.0/subnets/94cfbbf5-aa8f-466a-bc52-01215eee2627 HTTP/1.1" status: 404 len: 337 time: 0.0193336
2026-07-15 06:11:00.217 10 INFO neutron.db.ovn_revision_numbers_db [None req-779ce4d3-d054-4d59-aa3d-7deee80d3892 bc890da7b1e045df99b7fb40a936d507 524d02558d484f44874de52b6ff81980 - - default default] Successfully bumped revision number for resource 6bbf953d-47f4-473c-9107-109fc3973064 (type: security_groups) to 1
2026-07-15 06:11:00.241 10 INFO neutron.services.segments.plugin [-] Segment 11416489-f5a5-4634-8dd8-3e4ffeb613a9 resource provider aggregate not found
2026-07-15 06:11:00.249 10 INFO neutron.services.segments.plugin [-] Segment 11416489-f5a5-4634-8dd8-3e4ffeb613a9 resource provider aggregate not found
2026-07-15 06:11:00.258 10 INFO neutron.wsgi [None req-779ce4d3-d054-4d59-aa3d-7deee80d3892 bc890da7b1e045df99b7fb40a936d507 524d02558d484f44874de52b6ff81980 - - default default] 10.0.0.166 "GET /v2.0/security-groups?tenant_id=feb127b81ee147139e7316ef5e03228e&name=default HTTP/1.1" status: 200 len: 2996 time: 0.2852614
2026-07-15 06:11:00.269 10 INFO neutron.services.segments.plugin [-] Segment 11416489-f5a5-4634-8dd8-3e4ffeb613a9 resource provider not found; error: Placement Client Error (4xx): {"errors": [{"status": 404, "title": "Not Found", "detail": "The resource could not be found.\n\n No resource provider with uuid 11416489-f5a5-4634-8dd8-3e4ffeb613a9 found for delete ", "request_id": "req-727ebcf0-8298-4966-bfab-f40a719c0b0f"}]}
2026-07-15 06:11:00.269 10 INFO neutron.services.segments.plugin [-] Segment 11416489-f5a5-4634-8dd8-3e4ffeb613a9 resource provider not found; error: Placement Client Error (4xx): {"errors": [{"status": 404, "title": "Not Found", "detail": "The resource could not be found.\n\n No resource provider with uuid 11416489-f5a5-4634-8dd8-3e4ffeb613a9 found for delete ", "request_id": "req-be12645b-7c55-4a37-8f84-4174b8be792a"}]}
2026-07-15 06:11:00.443 10 INFO neutron.wsgi [None req-84614480-8ba7-42ab-bb40-6115235fd82d bc890da7b1e045df99b7fb40a936d507 524d02558d484f44874de52b6ff81980 - - - -] 10.0.0.166 "DELETE /v2.0/security-groups/6bbf953d-47f4-473c-9107-109fc3973064 HTTP/1.1" status: 204 len: 168 time: 0.1800010
2026-07-15 06:11:00.891 10 INFO neutron.wsgi [None req-8c49299b-e235-4adf-8beb-9aa288758c80 bc890da7b1e045df99b7fb40a936d507 524d02558d484f44874de52b6ff81980 - - default default] 10.0.0.166 "GET /v2.0/security-groups?tenant_id=64b1374992ca46aea8a24ba940ce0b00&name=default HTTP/1.1" status: 200 len: 2996 time: 0.1762335
2026-07-15 06:11:01.129 10 INFO neutron.wsgi [None req-33ce72b3-1e21-4f6b-beb2-72dbf1742da0 bc890da7b1e045df99b7fb40a936d507 524d02558d484f44874de52b6ff81980 - - - -] 10.0.0.166 "DELETE /v2.0/security-groups/4edb1a43-ac15-4874-9557-ccfaf110300a HTTP/1.1" status: 204 len: 168 time: 0.2343044
2026-07-15 06:11:01.336 10 INFO neutron.db.ovn_revision_numbers_db [None req-38986639-3923-4fa0-9e1d-ef6af0eac8bd bc890da7b1e045df99b7fb40a936d507 524d02558d484f44874de52b6ff81980 - - default default] Successfully bumped revision number for resource 88ff7b48-9d46-4d80-a3b5-e5a39e68a8ea (type: security_groups) to 1
2026-07-15 06:11:01.357 10 INFO neutron.wsgi [None req-38986639-3923-4fa0-9e1d-ef6af0eac8bd bc890da7b1e045df99b7fb40a936d507 524d02558d484f44874de52b6ff81980 - - default default] 10.0.0.166 "GET /v2.0/security-groups?tenant_id=e3386d20c9b54a8daa980186de07ea70&name=default HTTP/1.1" status: 200 len: 2996 time: 0.1309121
2026-07-15 06:11:01.529 9 INFO neutron.wsgi [None req-e0f50781-6b90-4e27-b20b-d92b9fdd880b bc890da7b1e045df99b7fb40a936d507 524d02558d484f44874de52b6ff81980 - - - -] 10.0.0.166 "DELETE /v2.0/security-groups/88ff7b48-9d46-4d80-a3b5-e5a39e68a8ea HTTP/1.1" status: 204 len: 168 time: 0.1666930
2026-07-15 06:11:01.843 9 INFO neutron.db.ovn_revision_numbers_db [None req-7d80815e-cf72-40b2-b203-bc86d7dbdad9 bc890da7b1e045df99b7fb40a936d507 524d02558d484f44874de52b6ff81980 - - default default] Successfully bumped revision number for resource 8f5e54b6-8d99-49db-9210-fd34822b577b (type: security_groups) to 1
2026-07-15 06:11:01.869 9 INFO neutron.wsgi [None req-7d80815e-cf72-40b2-b203-bc86d7dbdad9 bc890da7b1e045df99b7fb40a936d507 524d02558d484f44874de52b6ff81980 - - default default] 10.0.0.166 "GET /v2.0/security-groups?tenant_id=84ca89f383764dbfaa8b3c9c86e8c14f&name=default HTTP/1.1" status: 200 len: 2996 time: 0.1315925
2026-07-15 06:11:02.077 9 INFO neutron.wsgi [None req-daf8c294-d92e-471e-ba3e-fb2926f66623 bc890da7b1e045df99b7fb40a936d507 524d02558d484f44874de52b6ff81980 - - - -] 10.0.0.166 "DELETE /v2.0/security-groups/8f5e54b6-8d99-49db-9210-fd34822b577b HTTP/1.1" status: 204 len: 168 time: 0.1845200
2026-07-15 06:11:02.438 10 INFO neutron.wsgi [-] 10.0.0.223 "GET / HTTP/1.1" status: 200 len: 247 time: 0.0029700
2026-07-15 06:11:02.438 9 INFO neutron.wsgi [-] 10.0.0.223 "GET / HTTP/1.1" status: 200 len: 247 time: 0.0029299
2026-07-15 06:11:03.530 9 INFO neutron.wsgi [None req-cb57deba-5577-459e-a537-3d3c9064027f 72b5a30b45274e99b1e0ed2455155fee 1e5c24c31b754246b081550940e1631a - - - -] 10.0.0.166 "POST /v2.0/subnetpools HTTP/1.1" status: 201 len: 715 time: 0.3365986
2026-07-15 06:11:03.610 9 INFO neutron.wsgi [None req-27afaa1f-ef16-4118-ab3c-26c85531b143 72b5a30b45274e99b1e0ed2455155fee 1e5c24c31b754246b081550940e1631a - - - -] 10.0.0.166 "POST /v2.0/subnetpools HTTP/1.1" status: 201 len: 715 time: 0.0761166
2026-07-15 06:11:03.691 9 INFO neutron.wsgi [None req-354201d4-2136-4b56-84cf-8334cde9320e 72b5a30b45274e99b1e0ed2455155fee 1e5c24c31b754246b081550940e1631a - - - -] 10.0.0.166 "POST /v2.0/subnetpools HTTP/1.1" status: 201 len: 715 time: 0.0731864
2026-07-15 06:11:03.749 9 INFO neutron.wsgi [None req-abee4710-177c-4725-8470-e16160e6a377 72b5a30b45274e99b1e0ed2455155fee 1e5c24c31b754246b081550940e1631a - - - -] 10.0.0.166 "POST /v2.0/subnetpools HTTP/1.1" status: 201 len: 715 time: 0.0544415
2026-07-15 06:11:03.822 9 INFO neutron.wsgi [None req-b8322d5a-752c-48a5-984c-923d5a3fb088 72b5a30b45274e99b1e0ed2455155fee 1e5c24c31b754246b081550940e1631a - - - -] 10.0.0.166 "POST /v2.0/subnetpools HTTP/1.1" status: 201 len: 715 time: 0.0657678
2026-07-15 06:11:03.860 9 INFO neutron.wsgi [None req-a5d9dab1-1d83-4a95-a021-765b9fabdd9d 72b5a30b45274e99b1e0ed2455155fee 1e5c24c31b754246b081550940e1631a - - - -] 10.0.0.166 "PUT /v2.0/subnetpools/6d53c988-92f4-49eb-bf47-5f34529c07ea/tags HTTP/1.1" status: 200 len: 210 time: 0.0309291
2026-07-15 06:11:03.909 10 INFO neutron.wsgi [None req-ae542041-37b5-4312-99e2-260bcb97704f 72b5a30b45274e99b1e0ed2455155fee 1e5c24c31b754246b081550940e1631a - - - -] 10.0.0.166 "PUT /v2.0/subnetpools/601f8c32-530e-41c4-94e5-3886c3f78161/tags HTTP/1.1" status: 200 len: 218 time: 0.0443387
2026-07-15 06:11:03.945 10 INFO neutron.wsgi [None req-97eb5722-f561-4970-ab8a-10d503cbc936 72b5a30b45274e99b1e0ed2455155fee 1e5c24c31b754246b081550940e1631a - - - -] 10.0.0.166 "PUT /v2.0/subnetpools/70cf5023-da5a-4bcb-bace-96344a5eb4c7/tags HTTP/1.1" status: 200 len: 227 time: 0.0325644
2026-07-15 06:11:04.015 9 INFO neutron.wsgi [None req-4fb38c39-6c21-431a-a977-e2a09ecfa4e3 72b5a30b45274e99b1e0ed2455155fee 1e5c24c31b754246b081550940e1631a - - - -] 10.0.0.166 "PUT /v2.0/subnetpools/e3f8fe9d-6e22-4a88-aa76-0b3aefbf4942/tags HTTP/1.1" status: 200 len: 212 time: 0.0644765
2026-07-15 06:11:04.066 9 INFO neutron.wsgi [None req-3ac767ac-b644-499c-9ced-d76802bea9e3 72b5a30b45274e99b1e0ed2455155fee 1e5c24c31b754246b081550940e1631a - - default default] 10.0.0.166 "GET /v2.0/subnetpools?tags=red HTTP/1.1" status: 200 len: 1758 time: 0.0416987
2026-07-15 06:11:04.114 9 INFO neutron.wsgi [None req-b9a7dcfe-61f3-4e11-a702-88cf5a1b0f23 72b5a30b45274e99b1e0ed2455155fee 1e5c24c31b754246b081550940e1631a - - default default] 10.0.0.166 "GET /v2.0/subnetpools?tags=red%2Cblue HTTP/1.1" status: 200 len: 1251 time: 0.0437148
2026-07-15 06:11:04.163 9 INFO neutron.wsgi [None req-0d519eb3-160b-4ec2-87be-fafee10637e3 72b5a30b45274e99b1e0ed2455155fee 1e5c24c31b754246b081550940e1631a - - default default] 10.0.0.166 "GET /v2.0/subnetpools?tags-any=blue HTTP/1.1" status: 200 len: 1251 time: 0.0432711
2026-07-15 06:11:04.206 9 INFO neutron.wsgi [None req-0bf509c9-23f9-4344-9d1b-6f5f699f23e0 72b5a30b45274e99b1e0ed2455155fee 1e5c24c31b754246b081550940e1631a - - default default] 10.0.0.166 "GET /v2.0/subnetpools?tags-any=red%2Cblue HTTP/1.1" status: 200 len: 1758 time: 0.0345757
2026-07-15 06:11:04.252 9 INFO neutron.wsgi [None req-6ae5914a-4741-4a6e-a5e9-22bc0bd6ba81 72b5a30b45274e99b1e0ed2455155fee 1e5c24c31b754246b081550940e1631a - - default default] 10.0.0.166 "GET /v2.0/subnetpools?not-tags=red HTTP/1.1" status: 200 len: 1223 time: 0.0417929
2026-07-15 06:11:04.303 9 INFO neutron.wsgi [None req-2e718949-2c17-430d-87a9-3bf5d459e8cc 72b5a30b45274e99b1e0ed2455155fee 1e5c24c31b754246b081550940e1631a - - default default] 10.0.0.166 "GET /v2.0/subnetpools?not-tags=red%2Cblue HTTP/1.1" status: 200 len: 1730 time: 0.0413065
2026-07-15 06:11:04.346 9 INFO neutron.wsgi [None req-2345cc43-1eee-4fa4-b6d9-abc9e6a58da3 72b5a30b45274e99b1e0ed2455155fee 1e5c24c31b754246b081550940e1631a - - default default] 10.0.0.166 "GET /v2.0/subnetpools?not-tags-any=blue HTTP/1.1" status: 200 len: 1730 time: 0.0327034
2026-07-15 06:11:04.371 9 INFO neutron.wsgi [None req-8f5c1b0f-3c44-4844-9841-10b263288526 72b5a30b45274e99b1e0ed2455155fee 1e5c24c31b754246b081550940e1631a - - default default] 10.0.0.166 "GET /v2.0/subnetpools?not-tags-any=red%2Cblue HTTP/1.1" status: 200 len: 1223 time: 0.0209045
2026-07-15 06:11:04.406 10 INFO neutron.wsgi [None req-831c85fa-14c6-487b-9d9e-52399572e1b2 3b0540f450c64c13a6ff7a504ff168a0 977e77d064134fc888ef57fa2a75c339 - - default default] 10.0.0.62 "GET /v2.0/extensions HTTP/1.1" status: 200 len: 16525 time: 0.3238838
2026-07-15 06:11:04.469 9 INFO neutron.wsgi [None req-0ad195b0-ea6c-4f15-970b-1d9f7d5797d2 72b5a30b45274e99b1e0ed2455155fee 1e5c24c31b754246b081550940e1631a - - - -] 10.0.0.166 "DELETE /v2.0/subnetpools/6d53c988-92f4-49eb-bf47-5f34529c07ea HTTP/1.1" status: 204 len: 168 time: 0.0894489
2026-07-15 06:11:04.556 9 INFO neutron.wsgi [None req-0d77de63-f2dc-4377-a979-b1b42c2444f1 72b5a30b45274e99b1e0ed2455155fee 1e5c24c31b754246b081550940e1631a - - - -] 10.0.0.166 "DELETE /v2.0/subnetpools/601f8c32-530e-41c4-94e5-3886c3f78161 HTTP/1.1" status: 204 len: 168 time: 0.0769904
2026-07-15 06:11:04.572 10 INFO neutron.wsgi [None req-09b687a6-d62e-45dc-93f1-95013ea2e68c 3b0540f450c64c13a6ff7a504ff168a0 977e77d064134fc888ef57fa2a75c339 - - default default] 10.0.0.62 "GET /v2.0/quotas/977e77d064134fc888ef57fa2a75c339/details HTTP/1.1" status: 200 len: 756 time: 0.1474168
2026-07-15 06:11:04.628 9 INFO neutron.wsgi [None req-f22b68ac-14e3-43b3-be35-98ea17c8ac76 72b5a30b45274e99b1e0ed2455155fee 1e5c24c31b754246b081550940e1631a - - - -] 10.0.0.166 "DELETE /v2.0/subnetpools/70cf5023-da5a-4bcb-bace-96344a5eb4c7 HTTP/1.1" status: 204 len: 168 time: 0.0570755
2026-07-15 06:11:04.695 9 INFO neutron.wsgi [None req-c0b2fbd3-b69e-430e-a819-83a51bdc3b34 72b5a30b45274e99b1e0ed2455155fee 1e5c24c31b754246b081550940e1631a - - - -] 10.0.0.166 "DELETE /v2.0/subnetpools/e3f8fe9d-6e22-4a88-aa76-0b3aefbf4942 HTTP/1.1" status: 204 len: 168 time: 0.0603104
2026-07-15 06:11:04.770 9 INFO neutron.wsgi [None req-3a7eed4d-a04e-47e1-bbe6-53d503a52749 72b5a30b45274e99b1e0ed2455155fee 1e5c24c31b754246b081550940e1631a - - - -] 10.0.0.166 "DELETE /v2.0/subnetpools/bbe5b9a0-6a8b-4920-8e1a-b1be84d64c68 HTTP/1.1" status: 204 len: 168 time: 0.0661466
2026-07-15 06:11:05.349 9 INFO neutron.db.ovn_revision_numbers_db [None req-4084ea16-02a6-4007-bc5a-bd2496f628ce bc890da7b1e045df99b7fb40a936d507 524d02558d484f44874de52b6ff81980 - - default default] Successfully bumped revision number for resource 68516bef-bb54-4ca2-a07b-6c6c5740b089 (type: security_groups) to 1
2026-07-15 06:11:05.368 9 INFO neutron.wsgi [None req-4084ea16-02a6-4007-bc5a-bd2496f628ce bc890da7b1e045df99b7fb40a936d507 524d02558d484f44874de52b6ff81980 - - default default] 10.0.0.166 "GET /v2.0/security-groups?tenant_id=16d60b4d4a024b05ad2b5997f1810873&name=default HTTP/1.1" status: 200 len: 2996 time: 0.2951450
2026-07-15 06:11:05.583 9 INFO neutron.wsgi [None req-d0e4ddfe-1e10-486d-8a78-742f2ac59257 bc890da7b1e045df99b7fb40a936d507 524d02558d484f44874de52b6ff81980 - - - -] 10.0.0.166 "DELETE /v2.0/security-groups/68516bef-bb54-4ca2-a07b-6c6c5740b089 HTTP/1.1" status: 204 len: 168 time: 0.2104368
2026-07-15 06:11:05.795 10 INFO neutron.db.ovn_revision_numbers_db [None req-1ef0b055-3220-4c3b-a337-a376d4ace0e0 bc890da7b1e045df99b7fb40a936d507 524d02558d484f44874de52b6ff81980 - - default default] Successfully bumped revision number for resource fafc4b1e-8f41-4660-93f3-fa3d8487672f (type: security_groups) to 1
2026-07-15 06:11:05.815 10 INFO neutron.wsgi [None req-1ef0b055-3220-4c3b-a337-a376d4ace0e0 bc890da7b1e045df99b7fb40a936d507 524d02558d484f44874de52b6ff81980 - - default default] 10.0.0.166 "GET /v2.0/security-groups?tenant_id=31c1fe4dde1a46b0b162bd54c927bb0f&name=default HTTP/1.1" status: 200 len: 2996 time: 0.1293054
2026-07-15 06:11:05.967 9 INFO neutron.db.ovn_revision_numbers_db [None req-828e690f-fb56-4d82-8ad2-1c3c9e08af54 bc890da7b1e045df99b7fb40a936d507 524d02558d484f44874de52b6ff81980 - - default default] Successfully bumped revision number for resource 67914100-f00e-4895-8f83-48655952d951 (type: security_groups) to 1
2026-07-15 06:11:05.998 9 INFO neutron.wsgi [None req-828e690f-fb56-4d82-8ad2-1c3c9e08af54 bc890da7b1e045df99b7fb40a936d507 524d02558d484f44874de52b6ff81980 - - default default] 10.0.0.166 "GET /v2.0/security-groups?tenant_id=1e5c24c31b754246b081550940e1631a&name=default HTTP/1.1" status: 200 len: 2996 time: 0.3628728
2026-07-15 06:11:06.093 9 INFO neutron.wsgi [None req-b0f77a1c-b272-4b65-aa24-1f364cf9f4a9 bc890da7b1e045df99b7fb40a936d507 524d02558d484f44874de52b6ff81980 - - - -] 10.0.0.166 "DELETE /v2.0/security-groups/fafc4b1e-8f41-4660-93f3-fa3d8487672f HTTP/1.1" status: 204 len: 168 time: 0.2719901
2026-07-15 06:11:06.214 9 INFO neutron.wsgi [None req-db4a9473-8ede-462e-81ea-9e0093e7abf4 bc890da7b1e045df99b7fb40a936d507 524d02558d484f44874de52b6ff81980 - - - -] 10.0.0.166 "DELETE /v2.0/security-groups/67914100-f00e-4895-8f83-48655952d951 HTTP/1.1" status: 204 len: 168 time: 0.2110744
2026-07-15 06:11:06.450 10 INFO neutron.db.ovn_revision_numbers_db [None req-91f4a8a7-6699-4193-92a4-0c742385c5e6 bc890da7b1e045df99b7fb40a936d507 524d02558d484f44874de52b6ff81980 - - default default] Successfully bumped revision number for resource b97e70a3-0de4-4c70-88a4-dfd216198aa4 (type: security_groups) to 1
2026-07-15 06:11:06.476 10 INFO neutron.wsgi [None req-91f4a8a7-6699-4193-92a4-0c742385c5e6 bc890da7b1e045df99b7fb40a936d507 524d02558d484f44874de52b6ff81980 - - default default] 10.0.0.166 "GET /v2.0/security-groups?tenant_id=2b783173cbd74b68a69052c8fb57920f&name=default HTTP/1.1" status: 200 len: 2996 time: 0.1152785
2026-07-15 06:11:06.683 10 INFO neutron.wsgi [None req-4eb5781d-dc22-4064-bbb7-d797ea64ca8a bc890da7b1e045df99b7fb40a936d507 524d02558d484f44874de52b6ff81980 - - - -] 10.0.0.166 "DELETE /v2.0/security-groups/b97e70a3-0de4-4c70-88a4-dfd216198aa4 HTTP/1.1" status: 204 len: 168 time: 0.2014892
2026-07-15 06:11:06.894 9 INFO neutron.db.ovn_revision_numbers_db [None req-303baf81-8040-4d7a-a7d0-88d07e2415a7 bc890da7b1e045df99b7fb40a936d507 524d02558d484f44874de52b6ff81980 - - default default] Successfully bumped revision number for resource 2c8f09b0-dbce-4baa-b6e2-20cb6bdc890f (type: security_groups) to 1
2026-07-15 06:11:06.897 10 WARNING neutron.scheduler.dhcp_agent_scheduler [None req-40b7d027-657e-4ad7-8b51-518673e909e5 c6aaf7d0732e464fa8f1480721a6da08 d240458948ee45faaaccf11a83541b57 - - - -] No more DHCP agents
2026-07-15 06:11:06.899 10 WARNING neutron.api.rpc.agentnotifiers.dhcp_rpc_agent_api [None req-40b7d027-657e-4ad7-8b51-518673e909e5 c6aaf7d0732e464fa8f1480721a6da08 d240458948ee45faaaccf11a83541b57 - - - -] Unable to schedule network b3058ac8-f6ab-4ab6-923b-56edb0747af6: no agents available; will retry on subsequent port and subnet creation events.
2026-07-15 06:11:06.918 9 INFO neutron.wsgi [None req-303baf81-8040-4d7a-a7d0-88d07e2415a7 bc890da7b1e045df99b7fb40a936d507 524d02558d484f44874de52b6ff81980 - - default default] 10.0.0.166 "GET /v2.0/security-groups?tenant_id=c972adc632464de6a2e60c9214cd70b7&name=default HTTP/1.1" status: 200 len: 2996 time: 0.1291907
2026-07-15 06:11:07.053 9 INFO neutron.wsgi [None req-c9cd6c04-e521-42df-acbc-b4aec2a253ea 3b0540f450c64c13a6ff7a504ff168a0 977e77d064134fc888ef57fa2a75c339 - - default default] 10.0.0.62 "GET /v2.0/extensions HTTP/1.1" status: 200 len: 16525 time: 0.0110519
2026-07-15 06:11:07.191 9 INFO neutron.wsgi [None req-b73f8570-cefa-4908-a389-e91603bf4248 3b0540f450c64c13a6ff7a504ff168a0 977e77d064134fc888ef57fa2a75c339 - - default default] 10.0.0.62 "GET /v2.0/quotas/977e77d064134fc888ef57fa2a75c339/details HTTP/1.1" status: 200 len: 756 time: 0.1194267
2026-07-15 06:11:07.193 10 INFO neutron.wsgi [None req-73157ca5-ee25-4ec0-9ab3-e2ba1d22b9d3 bc890da7b1e045df99b7fb40a936d507 524d02558d484f44874de52b6ff81980 - - - -] 10.0.0.166 "DELETE /v2.0/security-groups/2c8f09b0-dbce-4baa-b6e2-20cb6bdc890f HTTP/1.1" status: 204 len: 168 time: 0.2702162
2026-07-15 06:11:07.224 10 INFO neutron.db.ovn_revision_numbers_db [None req-40b7d027-657e-4ad7-8b51-518673e909e5 c6aaf7d0732e464fa8f1480721a6da08 d240458948ee45faaaccf11a83541b57 - - - -] Successfully bumped revision number for resource 2dada598-e024-4d96-93a4-970a0a7cc784 (type: floatingips) to 0
2026-07-15 06:11:07.245 10 INFO neutron.wsgi [None req-40b7d027-657e-4ad7-8b51-518673e909e5 c6aaf7d0732e464fa8f1480721a6da08 d240458948ee45faaaccf11a83541b57 - - - -] 10.0.0.166 "POST /v2.0/floatingips HTTP/1.1" status: 201 len: 751 time: 0.6861160
2026-07-15 06:11:07.466 10 WARNING neutron.scheduler.dhcp_agent_scheduler [None req-3f1cbb3f-e172-49cf-9e6c-ba304034f575 c6aaf7d0732e464fa8f1480721a6da08 d240458948ee45faaaccf11a83541b57 - - - -] No more DHCP agents
2026-07-15 06:11:07.468 10 WARNING neutron.api.rpc.agentnotifiers.dhcp_rpc_agent_api [None req-3f1cbb3f-e172-49cf-9e6c-ba304034f575 c6aaf7d0732e464fa8f1480721a6da08 d240458948ee45faaaccf11a83541b57 - - - -] Unable to schedule network b3058ac8-f6ab-4ab6-923b-56edb0747af6: no agents available; will retry on subsequent port and subnet creation events.
2026-07-15 06:11:08.026 10 INFO neutron.db.ovn_revision_numbers_db [None req-3f1cbb3f-e172-49cf-9e6c-ba304034f575 c6aaf7d0732e464fa8f1480721a6da08 d240458948ee45faaaccf11a83541b57 - - - -] Successfully bumped revision number for resource ce121d52-4c60-4e7b-9f50-2bc7e0948be4 (type: floatingips) to 0
2026-07-15 06:11:08.043 10 INFO neutron.wsgi [None req-3f1cbb3f-e172-49cf-9e6c-ba304034f575 c6aaf7d0732e464fa8f1480721a6da08 d240458948ee45faaaccf11a83541b57 - - - -] 10.0.0.166 "POST /v2.0/floatingips HTTP/1.1" status: 201 len: 751 time: 0.7883918
2026-07-15 06:11:08.340 10 WARNING neutron.scheduler.dhcp_agent_scheduler [None req-7d4a5d9b-7237-4300-b774-ca4af3ba328e c6aaf7d0732e464fa8f1480721a6da08 d240458948ee45faaaccf11a83541b57 - - - -] No more DHCP agents
2026-07-15 06:11:08.342 10 WARNING neutron.api.rpc.agentnotifiers.dhcp_rpc_agent_api [None req-7d4a5d9b-7237-4300-b774-ca4af3ba328e c6aaf7d0732e464fa8f1480721a6da08 d240458948ee45faaaccf11a83541b57 - - - -] Unable to schedule network b3058ac8-f6ab-4ab6-923b-56edb0747af6: no agents available; will retry on subsequent port and subnet creation events.
2026-07-15 06:11:08.775 10 INFO neutron.db.ovn_revision_numbers_db [None req-7d4a5d9b-7237-4300-b774-ca4af3ba328e c6aaf7d0732e464fa8f1480721a6da08 d240458948ee45faaaccf11a83541b57 - - - -] Successfully bumped revision number for resource 9ce4d5b6-11e1-4833-bd8e-387e508c257f (type: floatingips) to 0
2026-07-15 06:11:08.791 10 INFO neutron.wsgi [None req-7d4a5d9b-7237-4300-b774-ca4af3ba328e c6aaf7d0732e464fa8f1480721a6da08 d240458948ee45faaaccf11a83541b57 - - - -] 10.0.0.166 "POST /v2.0/floatingips HTTP/1.1" status: 201 len: 751 time: 0.7426050
2026-07-15 06:11:09.075 10 WARNING neutron.scheduler.dhcp_agent_scheduler [None req-b7e43c55-a25d-4e37-b399-9bcb877fdf2f c6aaf7d0732e464fa8f1480721a6da08 d240458948ee45faaaccf11a83541b57 - - - -] No more DHCP agents
2026-07-15 06:11:09.077 10 WARNING neutron.api.rpc.agentnotifiers.dhcp_rpc_agent_api [None req-b7e43c55-a25d-4e37-b399-9bcb877fdf2f c6aaf7d0732e464fa8f1480721a6da08 d240458948ee45faaaccf11a83541b57 - - - -] Unable to schedule network b3058ac8-f6ab-4ab6-923b-56edb0747af6: no agents available; will retry on subsequent port and subnet creation events.
2026-07-15 06:11:09.373 10 INFO neutron.db.ovn_revision_numbers_db [None req-b7e43c55-a25d-4e37-b399-9bcb877fdf2f c6aaf7d0732e464fa8f1480721a6da08 d240458948ee45faaaccf11a83541b57 - - - -] Successfully bumped revision number for resource d1fe4408-ed99-4c07-9f67-d3231ac120aa (type: floatingips) to 0
2026-07-15 06:11:09.392 10 INFO neutron.wsgi [None req-b7e43c55-a25d-4e37-b399-9bcb877fdf2f c6aaf7d0732e464fa8f1480721a6da08 d240458948ee45faaaccf11a83541b57 - - - -] 10.0.0.166 "POST /v2.0/floatingips HTTP/1.1" status: 201 len: 751 time: 0.5884345
2026-07-15 06:11:09.655 10 WARNING neutron.scheduler.dhcp_agent_scheduler [None req-a38111b3-77d8-4392-8e25-80ce3386bb28 c6aaf7d0732e464fa8f1480721a6da08 d240458948ee45faaaccf11a83541b57 - - - -] No more DHCP agents
2026-07-15 06:11:09.657 10 WARNING neutron.api.rpc.agentnotifiers.dhcp_rpc_agent_api [None req-a38111b3-77d8-4392-8e25-80ce3386bb28 c6aaf7d0732e464fa8f1480721a6da08 d240458948ee45faaaccf11a83541b57 - - - -] Unable to schedule network b3058ac8-f6ab-4ab6-923b-56edb0747af6: no agents available; will retry on subsequent port and subnet creation events.
2026-07-15 06:11:09.867 10 INFO neutron.db.ovn_revision_numbers_db [None req-119d65dc-b440-43e7-a7e9-a28219d79f9e bc890da7b1e045df99b7fb40a936d507 524d02558d484f44874de52b6ff81980 - - default default] Successfully bumped revision number for resource bd824acc-9aa4-48bc-ad2d-b1351115c30a (type: security_groups) to 1
2026-07-15 06:11:09.937 10 INFO neutron.wsgi [None req-119d65dc-b440-43e7-a7e9-a28219d79f9e bc890da7b1e045df99b7fb40a936d507 524d02558d484f44874de52b6ff81980 - - default default] 10.0.0.166 "GET /v2.0/security-groups?tenant_id=977e77d064134fc888ef57fa2a75c339&name=default HTTP/1.1" status: 200 len: 2996 time: 0.3900211
2026-07-15 06:11:09.985 10 INFO neutron.db.ovn_revision_numbers_db [None req-a38111b3-77d8-4392-8e25-80ce3386bb28 c6aaf7d0732e464fa8f1480721a6da08 d240458948ee45faaaccf11a83541b57 - - - -] Successfully bumped revision number for resource bf63dccd-e508-48d0-82a7-fec8d276d1c3 (type: floatingips) to 0
2026-07-15 06:11:09.999 10 INFO neutron.wsgi [None req-a38111b3-77d8-4392-8e25-80ce3386bb28 c6aaf7d0732e464fa8f1480721a6da08 d240458948ee45faaaccf11a83541b57 - - - -] 10.0.0.166 "POST /v2.0/floatingips HTTP/1.1" status: 201 len: 751 time: 0.6017101
2026-07-15 06:11:10.051 10 INFO neutron.wsgi [None req-eb53fcd3-1724-4c8e-b57b-739b6dc61ef1 c6aaf7d0732e464fa8f1480721a6da08 d240458948ee45faaaccf11a83541b57 - - - -] 10.0.0.166 "PUT /v2.0/floatingips/2dada598-e024-4d96-93a4-970a0a7cc784/tags HTTP/1.1" status: 200 len: 210 time: 0.0472844
2026-07-15 06:11:10.094 10 INFO neutron.wsgi [None req-af5618db-700c-4ecb-a325-110a209d787e c6aaf7d0732e464fa8f1480721a6da08 d240458948ee45faaaccf11a83541b57 - - - -] 10.0.0.166 "PUT /v2.0/floatingips/ce121d52-4c60-4e7b-9f50-2bc7e0948be4/tags HTTP/1.1" status: 200 len: 218 time: 0.0371690
2026-07-15 06:11:10.108 9 INFO neutron.wsgi [None req-924808ea-631a-4e3d-bdd0-8b6e97cee0d4 bc890da7b1e045df99b7fb40a936d507 524d02558d484f44874de52b6ff81980 - - - -] 10.0.0.166 "DELETE /v2.0/security-groups/bd824acc-9aa4-48bc-ad2d-b1351115c30a HTTP/1.1" status: 204 len: 168 time: 0.1639791
2026-07-15 06:11:10.140 10 INFO neutron.wsgi [None req-1123d61b-33e1-46a1-a33b-4eb2212a7466 c6aaf7d0732e464fa8f1480721a6da08 d240458948ee45faaaccf11a83541b57 - - - -] 10.0.0.166 "PUT /v2.0/floatingips/9ce4d5b6-11e1-4833-bd8e-387e508c257f/tags HTTP/1.1" status: 200 len: 227 time: 0.0390038
2026-07-15 06:11:10.181 10 INFO neutron.wsgi [None req-8c531c12-b46b-4564-9953-9be811ee43f1 c6aaf7d0732e464fa8f1480721a6da08 d240458948ee45faaaccf11a83541b57 - - - -] 10.0.0.166 "PUT /v2.0/floatingips/d1fe4408-ed99-4c07-9f67-d3231ac120aa/tags HTTP/1.1" status: 200 len: 212 time: 0.0356688
2026-07-15 06:11:10.240 10 INFO neutron.wsgi [None req-3004d271-0957-4a95-b26a-1cf7cdd51e0d c6aaf7d0732e464fa8f1480721a6da08 d240458948ee45faaaccf11a83541b57 - - default default] 10.0.0.166 "GET /v2.0/floatingips?tags=red HTTP/1.1" status: 200 len: 1866 time: 0.0545537
2026-07-15 06:11:10.311 10 INFO neutron.wsgi [None req-d0b75d7f-31c1-46a9-bfee-0335ec18368b c6aaf7d0732e464fa8f1480721a6da08 d240458948ee45faaaccf11a83541b57 - - default default] 10.0.0.166 "GET /v2.0/floatingips?tags=red%2Cblue HTTP/1.1" status: 200 len: 1323 time: 0.0638738
2026-07-15 06:11:10.374 10 INFO neutron.wsgi [None req-69ae0be9-c7bc-4c7c-9ad8-ca8b20de9c79 c6aaf7d0732e464fa8f1480721a6da08 d240458948ee45faaaccf11a83541b57 - - default default] 10.0.0.166 "GET /v2.0/floatingips?tags-any=blue HTTP/1.1" status: 200 len: 1323 time: 0.0503860
2026-07-15 06:11:10.415 10 INFO neutron.wsgi [None req-13ba2b94-e458-4e57-91a4-ffd6ec71225b c6aaf7d0732e464fa8f1480721a6da08 d240458948ee45faaaccf11a83541b57 - - default default] 10.0.0.166 "GET /v2.0/floatingips?tags-any=red%2Cblue HTTP/1.1" status: 200 len: 1866 time: 0.0354481
2026-07-15 06:11:10.437 9 INFO neutron.db.ovn_revision_numbers_db [None req-1a36fe8b-3632-4e3e-acb5-23d6c945724f bc890da7b1e045df99b7fb40a936d507 524d02558d484f44874de52b6ff81980 - - default default] Successfully bumped revision number for resource e219a6e6-ed68-4a06-a6a6-084d3198db8c (type: security_groups) to 1
2026-07-15 06:11:10.470 10 INFO neutron.wsgi [None req-2f0d4ca9-3f7d-4bcd-9861-2428b6782971 c6aaf7d0732e464fa8f1480721a6da08 d240458948ee45faaaccf11a83541b57 - - default default] 10.0.0.166 "GET /v2.0/floatingips?not-tags=red HTTP/1.1" status: 200 len: 1295 time: 0.0473616
2026-07-15 06:11:10.472 9 INFO neutron.wsgi [None req-1a36fe8b-3632-4e3e-acb5-23d6c945724f bc890da7b1e045df99b7fb40a936d507 524d02558d484f44874de52b6ff81980 - - default default] 10.0.0.166 "GET /v2.0/security-groups?tenant_id=dff0904321f44989adcf2f1417ab4a82&name=default HTTP/1.1" status: 200 len: 2996 time: 0.3507068
2026-07-15 06:11:10.527 10 INFO neutron.wsgi [None req-ec167e4e-be28-49da-9a72-dfe754e912ab c6aaf7d0732e464fa8f1480721a6da08 d240458948ee45faaaccf11a83541b57 - - default default] 10.0.0.166 "GET /v2.0/floatingips?not-tags=red%2Cblue HTTP/1.1" status: 200 len: 1838 time: 0.0466444
2026-07-15 06:11:10.592 10 INFO neutron.wsgi [None req-4574a4e9-971d-4010-b3fa-59d790ac4351 c6aaf7d0732e464fa8f1480721a6da08 d240458948ee45faaaccf11a83541b57 - - default default] 10.0.0.166 "GET /v2.0/floatingips?not-tags-any=blue HTTP/1.1" status: 200 len: 1838 time: 0.0596001
2026-07-15 06:11:10.626 9 INFO neutron.db.ovn_revision_numbers_db [None req-97299640-d3d0-45f3-86e3-ec7b74bea52a 1460cd96c08c4fceb6f63a4969e36cac 5f3223c5f92c46679f5a1f84254cf605 - - - -] Successfully bumped revision number for resource 10937965-b15c-46fc-82f3-883667da66ef (type: security_groups) to 1
2026-07-15 06:11:10.630 10 INFO neutron.wsgi [None req-d9785768-ef01-4ebd-99b1-c362d2d13a3a c6aaf7d0732e464fa8f1480721a6da08 d240458948ee45faaaccf11a83541b57 - - default default] 10.0.0.166 "GET /v2.0/floatingips?not-tags-any=red%2Cblue HTTP/1.1" status: 200 len: 1295 time: 0.0325658
2026-07-15 06:11:10.684 9 INFO neutron.db.segments_db [None req-97299640-d3d0-45f3-86e3-ec7b74bea52a 1460cd96c08c4fceb6f63a4969e36cac 5f3223c5f92c46679f5a1f84254cf605 - - - -] Added segment f93e7ee3-056c-47a5-90dc-5206ea5ca7bf of type geneve for network a49849ec-9d21-4a0b-b3c0-8d35e830fa00
2026-07-15 06:11:10.699 9 INFO neutron.wsgi [None req-f7f705a6-10f6-4294-9c47-391313160d6c bc890da7b1e045df99b7fb40a936d507 524d02558d484f44874de52b6ff81980 - - - -] 10.0.0.166 "DELETE /v2.0/security-groups/e219a6e6-ed68-4a06-a6a6-084d3198db8c HTTP/1.1" status: 204 len: 168 time: 0.2228942
2026-07-15 06:11:10.827 9 INFO neutron.db.ovn_revision_numbers_db [None req-97299640-d3d0-45f3-86e3-ec7b74bea52a 1460cd96c08c4fceb6f63a4969e36cac 5f3223c5f92c46679f5a1f84254cf605 - - - -] Successfully bumped revision number for resource a49849ec-9d21-4a0b-b3c0-8d35e830fa00 (type: networks) to 1
2026-07-15 06:11:10.930 9 INFO neutron.db.ovn_revision_numbers_db [None req-352d17ea-ae15-4d9c-84b7-14d5e052e163 bc890da7b1e045df99b7fb40a936d507 524d02558d484f44874de52b6ff81980 - - default default] Successfully bumped revision number for resource 46e7f64d-6637-4956-9b2b-ef5d946b30d1 (type: security_groups) to 1
2026-07-15 06:11:10.991 9 INFO neutron.wsgi [None req-352d17ea-ae15-4d9c-84b7-14d5e052e163 bc890da7b1e045df99b7fb40a936d507 524d02558d484f44874de52b6ff81980 - - default default] 10.0.0.166 "GET /v2.0/security-groups?tenant_id=6478b6b6ae4941b68603afc9169214b6&name=default HTTP/1.1" status: 200 len: 2996 time: 0.2008092
2026-07-15 06:11:10.992 10 INFO neutron.wsgi [None req-85099541-6576-4d95-bdf9-5b51b94b41a4 c6aaf7d0732e464fa8f1480721a6da08 d240458948ee45faaaccf11a83541b57 - - - -] 10.0.0.166 "DELETE /v2.0/floatingips/2dada598-e024-4d96-93a4-970a0a7cc784 HTTP/1.1" status: 204 len: 168 time: 0.3551087
2026-07-15 06:11:11.073 9 WARNING neutron.scheduler.dhcp_agent_scheduler [None req-97299640-d3d0-45f3-86e3-ec7b74bea52a 1460cd96c08c4fceb6f63a4969e36cac 5f3223c5f92c46679f5a1f84254cf605 - - - -] No more DHCP agents
2026-07-15 06:11:11.076 9 WARNING neutron.api.rpc.agentnotifiers.dhcp_rpc_agent_api [None req-97299640-d3d0-45f3-86e3-ec7b74bea52a 1460cd96c08c4fceb6f63a4969e36cac 5f3223c5f92c46679f5a1f84254cf605 - - - -] Unable to schedule network a49849ec-9d21-4a0b-b3c0-8d35e830fa00: no agents available; will retry on subsequent port and subnet creation events.
2026-07-15 06:11:11.149 9 INFO neutron.db.ovn_revision_numbers_db [None req-97299640-d3d0-45f3-86e3-ec7b74bea52a 1460cd96c08c4fceb6f63a4969e36cac 5f3223c5f92c46679f5a1f84254cf605 - - - -] Successfully bumped revision number for resource 31872286-74d5-447d-b229-24b5ac039ba2 (type: ports) to 1
2026-07-15 06:11:11.179 10 INFO neutron.wsgi [None req-d2dcc52c-8367-4196-89e6-e02b2753cdb9 bc890da7b1e045df99b7fb40a936d507 524d02558d484f44874de52b6ff81980 - - - -] 10.0.0.166 "DELETE /v2.0/security-groups/46e7f64d-6637-4956-9b2b-ef5d946b30d1 HTTP/1.1" status: 204 len: 168 time: 0.1820970
2026-07-15 06:11:11.199 9 INFO neutron.wsgi [None req-97299640-d3d0-45f3-86e3-ec7b74bea52a 1460cd96c08c4fceb6f63a4969e36cac 5f3223c5f92c46679f5a1f84254cf605 - - - -] 10.0.0.166 "POST /v2.0/networks HTTP/1.1" status: 201 len: 831 time: 0.7436826
2026-07-15 06:11:11.258 10 INFO neutron.wsgi [None req-eb9d9dcb-ff3e-4347-bb26-0ca4ee795a9b 1460cd96c08c4fceb6f63a4969e36cac 5f3223c5f92c46679f5a1f84254cf605 - - - -] 10.0.0.166 "PUT /v2.0/networks/a49849ec-9d21-4a0b-b3c0-8d35e830fa00/tags HTTP/1.1" status: 200 len: 218 time: 0.0526178
2026-07-15 06:11:11.296 10 INFO neutron.wsgi [None req-4d5587ff-80bb-4098-9b98-2a3d3dcc39ca 1460cd96c08c4fceb6f63a4969e36cac 5f3223c5f92c46679f5a1f84254cf605 - - default default] 10.0.0.166 "GET /v2.0/networks/a49849ec-9d21-4a0b-b3c0-8d35e830fa00/tags HTTP/1.1" status: 200 len: 218 time: 0.0341110
2026-07-15 06:11:11.346 9 INFO neutron.wsgi [None req-1ed804db-2f44-4215-838a-270efc016190 c6aaf7d0732e464fa8f1480721a6da08 d240458948ee45faaaccf11a83541b57 - - - -] 10.0.0.166 "DELETE /v2.0/floatingips/ce121d52-4c60-4e7b-9f50-2bc7e0948be4 HTTP/1.1" status: 204 len: 168 time: 0.3489437
2026-07-15 06:11:11.347 10 INFO neutron.wsgi [None req-902cef3d-9823-45c1-88e2-a36def275762 1460cd96c08c4fceb6f63a4969e36cac 5f3223c5f92c46679f5a1f84254cf605 - - - -] 10.0.0.166 "PUT /v2.0/networks/a49849ec-9d21-4a0b-b3c0-8d35e830fa00/tags/green HTTP/1.1" status: 201 len: 201 time: 0.0454764
2026-07-15 06:11:11.390 10 INFO neutron.wsgi [None req-6d3506d0-0faf-432e-aff2-874abf99e4f2 1460cd96c08c4fceb6f63a4969e36cac 5f3223c5f92c46679f5a1f84254cf605 - - default default] 10.0.0.166 "GET /v2.0/networks/a49849ec-9d21-4a0b-b3c0-8d35e830fa00/tags HTTP/1.1" status: 200 len: 227 time: 0.0376961
2026-07-15 06:11:11.429 10 INFO neutron.wsgi [None req-ec0ab478-8bc3-4795-8279-9e25190f5a54 1460cd96c08c4fceb6f63a4969e36cac 5f3223c5f92c46679f5a1f84254cf605 - - - -] 10.0.0.166 "PUT /v2.0/networks/a49849ec-9d21-4a0b-b3c0-8d35e830fa00/tags/red HTTP/1.1" status: 201 len: 201 time: 0.0348737
2026-07-15 06:11:11.468 10 INFO neutron.wsgi [None req-67e33e26-f3b2-43eb-a198-0efdd28f29e0 1460cd96c08c4fceb6f63a4969e36cac 5f3223c5f92c46679f5a1f84254cf605 - - default default] 10.0.0.166 "GET /v2.0/networks/a49849ec-9d21-4a0b-b3c0-8d35e830fa00/tags HTTP/1.1" status: 200 len: 227 time: 0.0345523
2026-07-15 06:11:11.530 10 INFO neutron.wsgi [None req-6e9dce60-3ef0-4a5f-a84b-2adbc55b2a9c 1460cd96c08c4fceb6f63a4969e36cac 5f3223c5f92c46679f5a1f84254cf605 - - - -] 10.0.0.166 "PUT /v2.0/networks/a49849ec-9d21-4a0b-b3c0-8d35e830fa00/tags/black.or.white HTTP/1.1" status: 201 len: 201 time: 0.0571263
2026-07-15 06:11:11.691 9 INFO neutron.wsgi [None req-26fb87ba-d595-4177-b65e-0f8ae246aa03 c6aaf7d0732e464fa8f1480721a6da08 d240458948ee45faaaccf11a83541b57 - - - -] 10.0.0.166 "DELETE /v2.0/floatingips/9ce4d5b6-11e1-4833-bd8e-387e508c257f HTTP/1.1" status: 204 len: 168 time: 0.3385212
2026-07-15 06:11:11.857 10 INFO neutron.wsgi [None req-6a478e54-cba6-4481-ba4f-c3057cc81eba 1460cd96c08c4fceb6f63a4969e36cac 5f3223c5f92c46679f5a1f84254cf605 - - default default] 10.0.0.166 "GET /v2.0/networks/a49849ec-9d21-4a0b-b3c0-8d35e830fa00/tags HTTP/1.1" status: 200 len: 245 time: 0.3200750
2026-07-15 06:11:11.927 10 INFO neutron.wsgi [None req-5c18fca9-c711-438f-956d-a2d6c71dbb39 1460cd96c08c4fceb6f63a4969e36cac 5f3223c5f92c46679f5a1f84254cf605 - - - -] 10.0.0.166 "PUT /v2.0/networks/a49849ec-9d21-4a0b-b3c0-8d35e830fa00/tags HTTP/1.1" status: 200 len: 230 time: 0.0609848
2026-07-15 06:11:11.989 10 INFO neutron.wsgi [None req-96518a73-30b9-43e4-bde9-83a0a39c20b0 1460cd96c08c4fceb6f63a4969e36cac 5f3223c5f92c46679f5a1f84254cf605 - - default default] 10.0.0.166 "GET /v2.0/networks/a49849ec-9d21-4a0b-b3c0-8d35e830fa00/tags HTTP/1.1" status: 200 len: 230 time: 0.0561314
2026-07-15 06:11:12.033 9 INFO neutron.wsgi [None req-b8012880-4282-4e54-abc3-d8657b80ad44 c6aaf7d0732e464fa8f1480721a6da08 d240458948ee45faaaccf11a83541b57 - - - -] 10.0.0.166 "DELETE /v2.0/floatingips/d1fe4408-ed99-4c07-9f67-d3231ac120aa HTTP/1.1" status: 204 len: 168 time: 0.3373702
2026-07-15 06:11:12.035 10 INFO neutron.wsgi [None req-e27e6880-d768-4b84-b214-98fa113dc3d5 1460cd96c08c4fceb6f63a4969e36cac 5f3223c5f92c46679f5a1f84254cf605 - - default default] 10.0.0.166 "GET /v2.0/networks/a49849ec-9d21-4a0b-b3c0-8d35e830fa00/tags/red HTTP/1.1" status: 204 len: 168 time: 0.0405746
2026-07-15 06:11:12.085 9 INFO neutron.api.v2.resource [None req-cd1bd27f-dbe2-4e2b-865b-35a829d7ed4d 1460cd96c08c4fceb6f63a4969e36cac 5f3223c5f92c46679f5a1f84254cf605 - - default default] show failed (client error): The resource could not be found.
2026-07-15 06:11:12.087 9 INFO neutron.wsgi [None req-cd1bd27f-dbe2-4e2b-865b-35a829d7ed4d 1460cd96c08c4fceb6f63a4969e36cac 5f3223c5f92c46679f5a1f84254cf605 - - default default] 10.0.0.166 "GET /v2.0/networks/a49849ec-9d21-4a0b-b3c0-8d35e830fa00/tags/green HTTP/1.1" status: 404 len: 299 time: 0.0470028
2026-07-15 06:11:12.166 9 INFO neutron.wsgi [None req-dad678b8-db98-413c-8601-ef28917d53e5 1460cd96c08c4fceb6f63a4969e36cac 5f3223c5f92c46679f5a1f84254cf605 - - - -] 10.0.0.166 "DELETE /v2.0/networks/a49849ec-9d21-4a0b-b3c0-8d35e830fa00/tags/red HTTP/1.1" status: 204 len: 168 time: 0.0741210
2026-07-15 06:11:12.227 9 INFO neutron.wsgi [None req-16bfb70a-df71-4acb-b22d-239703ab9cce 1460cd96c08c4fceb6f63a4969e36cac 5f3223c5f92c46679f5a1f84254cf605 - - default default] 10.0.0.166 "GET /v2.0/networks/a49849ec-9d21-4a0b-b3c0-8d35e830fa00/tags HTTP/1.1" status: 200 len: 223 time: 0.0565472
2026-07-15 06:11:12.274 9 INFO neutron.api.v2.resource [None req-022e198a-887f-4f99-b83d-c0cb9f11a862 1460cd96c08c4fceb6f63a4969e36cac 5f3223c5f92c46679f5a1f84254cf605 - - - -] delete failed (client error): The resource could not be found.
