2026-07-15 06:12:19.563 10 WARNING neutron.api.rpc.agentnotifiers.dhcp_rpc_agent_api [None req-15728b7b-e1c4-4052-aa60-ebd48717d2d0 203b91e85c984ab5bf28487493de1693 8b721fdff0394e1181eeb93150c0d8f2 - - - -] Unable to schedule network b3058ac8-f6ab-4ab6-923b-56edb0747af6: no agents available; will retry on subsequent port and subnet creation events.
2026-07-15 06:12:19.695 10 INFO neutron.db.ovn_revision_numbers_db [None req-15728b7b-e1c4-4052-aa60-ebd48717d2d0 203b91e85c984ab5bf28487493de1693 8b721fdff0394e1181eeb93150c0d8f2 - - - -] Successfully bumped revision number for resource 94fcaf58-ce2a-42fd-a14c-d87bb5ad12fb (type: ports) to 1
2026-07-15 06:12:19.754 9 INFO neutron.wsgi [None req-98e9fa5b-3f1e-40d4-a930-853edba8d39a bc890da7b1e045df99b7fb40a936d507 524d02558d484f44874de52b6ff81980 - - - -] 10.0.0.166 "DELETE /v2.0/security-groups/2cfae777-d9a3-4fe6-b87f-ea2fb4f0811e HTTP/1.1" status: 204 len: 168 time: 0.1933689
2026-07-15 06:12:20.026 9 INFO neutron.db.ovn_revision_numbers_db [None req-209ab3f8-c3a4-4386-b3d5-e4dbe3b476f7 bc890da7b1e045df99b7fb40a936d507 524d02558d484f44874de52b6ff81980 - - default default] Successfully bumped revision number for resource 8cfa0f2f-ea29-45ba-8f86-024fa789cc97 (type: security_groups) to 1
2026-07-15 06:12:20.051 9 INFO neutron.wsgi [None req-209ab3f8-c3a4-4386-b3d5-e4dbe3b476f7 bc890da7b1e045df99b7fb40a936d507 524d02558d484f44874de52b6ff81980 - - default default] 10.0.0.166 "GET /v2.0/security-groups?tenant_id=86161a65777d47a7a5abd0a47e1763b7&name=default HTTP/1.1" status: 200 len: 3000 time: 0.1445873
2026-07-15 06:12:20.285 9 INFO neutron.plugins.ml2.drivers.ovn.mech_driver.mech_driver [None req-9636f075-5c4a-4bff-ae5a-d3208eaaedf0 - - - - - -] OVN reports status up for port: 94fcaf58-ce2a-42fd-a14c-d87bb5ad12fb
2026-07-15 06:12:20.295 10 INFO neutron.db.ovn_revision_numbers_db [None req-15728b7b-e1c4-4052-aa60-ebd48717d2d0 203b91e85c984ab5bf28487493de1693 8b721fdff0394e1181eeb93150c0d8f2 - - - -] Successfully bumped revision number for resource 94fcaf58-ce2a-42fd-a14c-d87bb5ad12fb (type: router_ports) to 1
2026-07-15 06:12:20.301 9 INFO neutron.plugins.ml2.plugin [None req-9636f075-5c4a-4bff-ae5a-d3208eaaedf0 - - - - - -] Attempt 1 to provision port 94fcaf58-ce2a-42fd-a14c-d87bb5ad12fb
2026-07-15 06:12:20.304 9 INFO neutron.plugins.ml2.drivers.ovn.mech_driver.ovsdb.ovsdb_monitor [None req-9e1432ae-6d7c-4641-a008-3d856ef1ab31 - - - - - -] Router 37e46fb9-ce7f-407b-a1ea-2b8d68c0d8f5 is bound to host instance
2026-07-15 06:12:20.357 10 INFO neutron.db.ovn_revision_numbers_db [None req-15728b7b-e1c4-4052-aa60-ebd48717d2d0 203b91e85c984ab5bf28487493de1693 8b721fdff0394e1181eeb93150c0d8f2 - - - -] Successfully bumped revision number for resource 37e46fb9-ce7f-407b-a1ea-2b8d68c0d8f5 (type: routers) to 3
2026-07-15 06:12:20.372 10 INFO neutron.wsgi [None req-15728b7b-e1c4-4052-aa60-ebd48717d2d0 203b91e85c984ab5bf28487493de1693 8b721fdff0394e1181eeb93150c0d8f2 - - - -] 10.0.0.166 "POST /v2.0/routers HTTP/1.1" status: 201 len: 865 time: 1.3601296
2026-07-15 06:12:20.424 9 INFO neutron.wsgi [None req-04a83cb2-c30f-4af9-89c7-9f4d1ac1ee85 bc890da7b1e045df99b7fb40a936d507 524d02558d484f44874de52b6ff81980 - - - -] 10.0.0.166 "DELETE /v2.0/security-groups/8cfa0f2f-ea29-45ba-8f86-024fa789cc97 HTTP/1.1" status: 204 len: 168 time: 0.2551522
2026-07-15 06:12:20.737 9 INFO neutron.db.ovn_revision_numbers_db [None req-9e1432ae-6d7c-4641-a008-3d856ef1ab31 - - - - - -] Successfully bumped revision number for resource 94fcaf58-ce2a-42fd-a14c-d87bb5ad12fb (type: ports) to 1
2026-07-15 06:12:20.903 10 WARNING neutron.scheduler.dhcp_agent_scheduler [None req-1a611ab4-3472-419b-868d-e8302a3c0d59 203b91e85c984ab5bf28487493de1693 8b721fdff0394e1181eeb93150c0d8f2 - - default default] No more DHCP agents
2026-07-15 06:12:20.905 10 WARNING neutron.api.rpc.agentnotifiers.dhcp_rpc_agent_api [None req-1a611ab4-3472-419b-868d-e8302a3c0d59 203b91e85c984ab5bf28487493de1693 8b721fdff0394e1181eeb93150c0d8f2 - - default default] Unable to schedule network 20f6e27d-a8ef-40ee-be70-f2cf5a0baa05: no agents available; will retry on subsequent port and subnet creation events.
2026-07-15 06:12:21.071 10 INFO neutron.db.ovn_revision_numbers_db [None req-1a611ab4-3472-419b-868d-e8302a3c0d59 203b91e85c984ab5bf28487493de1693 8b721fdff0394e1181eeb93150c0d8f2 - - default default] Successfully bumped revision number for resource 61177679-e14a-4946-9bc2-8be85c43b441 (type: ports) to 1
2026-07-15 06:12:21.274 9 INFO neutron.db.ovn_revision_numbers_db [None req-9e1432ae-6d7c-4641-a008-3d856ef1ab31 - - - - - -] Successfully bumped revision number for resource 94fcaf58-ce2a-42fd-a14c-d87bb5ad12fb (type: router_ports) to 3
2026-07-15 06:12:21.408 9 INFO neutron.db.ovn_revision_numbers_db [None req-9e1432ae-6d7c-4641-a008-3d856ef1ab31 - - - - - -] Successfully bumped revision number for resource 94fcaf58-ce2a-42fd-a14c-d87bb5ad12fb (type: ports) to 2
2026-07-15 06:12:21.551 10 INFO neutron.plugins.ml2.drivers.ovn.mech_driver.mech_driver [None req-bceb5e37-e2e9-4c25-b4a6-b028aa7fbee5 - - - - - -] OVN reports status up for port: 61177679-e14a-4946-9bc2-8be85c43b441
2026-07-15 06:12:21.558 10 INFO neutron.db.ovn_revision_numbers_db [None req-1a611ab4-3472-419b-868d-e8302a3c0d59 203b91e85c984ab5bf28487493de1693 8b721fdff0394e1181eeb93150c0d8f2 - - default default] Successfully bumped revision number for resource 61177679-e14a-4946-9bc2-8be85c43b441 (type: router_ports) to 2
2026-07-15 06:12:21.561 10 INFO neutron.plugins.ml2.plugin [None req-bceb5e37-e2e9-4c25-b4a6-b028aa7fbee5 - - - - - -] Attempt 1 to provision port 61177679-e14a-4946-9bc2-8be85c43b441
2026-07-15 06:12:21.618 9 INFO neutron.db.ovn_revision_numbers_db [None req-9e1432ae-6d7c-4641-a008-3d856ef1ab31 - - - - - -] Successfully bumped revision number for resource 94fcaf58-ce2a-42fd-a14c-d87bb5ad12fb (type: ports) to 4
2026-07-15 06:12:21.753 10 INFO neutron.db.ovn_revision_numbers_db [None req-1a611ab4-3472-419b-868d-e8302a3c0d59 203b91e85c984ab5bf28487493de1693 8b721fdff0394e1181eeb93150c0d8f2 - - default default] Successfully bumped revision number for resource 61177679-e14a-4946-9bc2-8be85c43b441 (type: ports) to 2
2026-07-15 06:12:21.836 10 WARNING neutron.scheduler.dhcp_agent_scheduler [None req-1a611ab4-3472-419b-868d-e8302a3c0d59 203b91e85c984ab5bf28487493de1693 8b721fdff0394e1181eeb93150c0d8f2 - - default default] No more DHCP agents
2026-07-15 06:12:21.846 9 INFO neutron.db.ovn_revision_numbers_db [None req-9e1432ae-6d7c-4641-a008-3d856ef1ab31 - - - - - -] Successfully bumped revision number for resource 94fcaf58-ce2a-42fd-a14c-d87bb5ad12fb (type: router_ports) to 4
2026-07-15 06:12:21.849 10 WARNING neutron.api.rpc.agentnotifiers.dhcp_rpc_agent_api [None req-1a611ab4-3472-419b-868d-e8302a3c0d59 203b91e85c984ab5bf28487493de1693 8b721fdff0394e1181eeb93150c0d8f2 - - default default] Unable to schedule network 20f6e27d-a8ef-40ee-be70-f2cf5a0baa05: no agents available; will retry on subsequent port and subnet creation events.
2026-07-15 06:12:21.931 10 INFO neutron.db.ovn_revision_numbers_db [None req-bceb5e37-e2e9-4c25-b4a6-b028aa7fbee5 - - - - - -] Successfully bumped revision number for resource 61177679-e14a-4946-9bc2-8be85c43b441 (type: ports) to 3
2026-07-15 06:12:22.372 10 INFO neutron.db.ovn_revision_numbers_db [None req-bceb5e37-e2e9-4c25-b4a6-b028aa7fbee5 - - - - - -] Successfully bumped revision number for resource 61177679-e14a-4946-9bc2-8be85c43b441 (type: router_ports) to 3
2026-07-15 06:12:22.525 10 INFO neutron.db.ovn_revision_numbers_db [None req-1a611ab4-3472-419b-868d-e8302a3c0d59 203b91e85c984ab5bf28487493de1693 8b721fdff0394e1181eeb93150c0d8f2 - - - -] Successfully bumped revision number for resource 61177679-e14a-4946-9bc2-8be85c43b441 (type: router_ports) to 3
2026-07-15 06:12:22.529 10 INFO neutron.wsgi [None req-1a611ab4-3472-419b-868d-e8302a3c0d59 203b91e85c984ab5bf28487493de1693 8b721fdff0394e1181eeb93150c0d8f2 - - - -] 10.0.0.166 "PUT /v2.0/routers/37e46fb9-ce7f-407b-a1ea-2b8d68c0d8f5/add_router_interface HTTP/1.1" status: 200 len: 503 time: 2.1534684
2026-07-15 06:12:23.067 9 WARNING neutron.scheduler.dhcp_agent_scheduler [None req-0e9091a0-8a7d-488a-a51f-79b654e8877c 203b91e85c984ab5bf28487493de1693 8b721fdff0394e1181eeb93150c0d8f2 - - default default] No more DHCP agents
2026-07-15 06:12:23.069 9 WARNING neutron.api.rpc.agentnotifiers.dhcp_rpc_agent_api [None req-0e9091a0-8a7d-488a-a51f-79b654e8877c 203b91e85c984ab5bf28487493de1693 8b721fdff0394e1181eeb93150c0d8f2 - - default default] Unable to schedule network b6f573f3-1f94-4dec-a6fd-95ac16d9e5f1: no agents available; will retry on subsequent port and subnet creation events.
2026-07-15 06:12:23.204 9 INFO neutron.db.ovn_revision_numbers_db [None req-0e9091a0-8a7d-488a-a51f-79b654e8877c 203b91e85c984ab5bf28487493de1693 8b721fdff0394e1181eeb93150c0d8f2 - - default default] Successfully bumped revision number for resource 1dc00f0c-dadd-4f36-8a94-0ec77abab595 (type: ports) to 1
2026-07-15 06:12:23.687 9 INFO neutron.plugins.ml2.drivers.ovn.mech_driver.mech_driver [None req-9636f075-5c4a-4bff-ae5a-d3208eaaedf0 - - - - - -] OVN reports status up for port: 1dc00f0c-dadd-4f36-8a94-0ec77abab595
2026-07-15 06:12:23.694 9 INFO neutron.plugins.ml2.plugin [None req-9636f075-5c4a-4bff-ae5a-d3208eaaedf0 - - - - - -] Attempt 1 to provision port 1dc00f0c-dadd-4f36-8a94-0ec77abab595
2026-07-15 06:12:23.695 9 INFO neutron.db.ovn_revision_numbers_db [None req-0e9091a0-8a7d-488a-a51f-79b654e8877c 203b91e85c984ab5bf28487493de1693 8b721fdff0394e1181eeb93150c0d8f2 - - default default] Successfully bumped revision number for resource 1dc00f0c-dadd-4f36-8a94-0ec77abab595 (type: router_ports) to 2
2026-07-15 06:12:23.889 9 INFO neutron.db.ovn_revision_numbers_db [None req-0e9091a0-8a7d-488a-a51f-79b654e8877c 203b91e85c984ab5bf28487493de1693 8b721fdff0394e1181eeb93150c0d8f2 - - default default] Successfully bumped revision number for resource 1dc00f0c-dadd-4f36-8a94-0ec77abab595 (type: ports) to 2
2026-07-15 06:12:23.981 10 WARNING neutron.scheduler.dhcp_agent_scheduler [None req-026f0a3a-5be2-4003-aae3-8cc0d611c4d1 e31bcbf9aab24bb094aca4e1813bf8f0 a87b6e57e82b4c9ab5e39927e174037b - - - -] No more DHCP agents
2026-07-15 06:12:23.982 10 WARNING neutron.api.rpc.agentnotifiers.dhcp_rpc_agent_api [None req-026f0a3a-5be2-4003-aae3-8cc0d611c4d1 e31bcbf9aab24bb094aca4e1813bf8f0 a87b6e57e82b4c9ab5e39927e174037b - - - -] Unable to schedule network b3058ac8-f6ab-4ab6-923b-56edb0747af6: no agents available; will retry on subsequent port and subnet creation events.
2026-07-15 06:12:23.990 9 WARNING neutron.scheduler.dhcp_agent_scheduler [None req-0e9091a0-8a7d-488a-a51f-79b654e8877c 203b91e85c984ab5bf28487493de1693 8b721fdff0394e1181eeb93150c0d8f2 - - default default] No more DHCP agents
2026-07-15 06:12:23.994 9 WARNING neutron.api.rpc.agentnotifiers.dhcp_rpc_agent_api [None req-0e9091a0-8a7d-488a-a51f-79b654e8877c 203b91e85c984ab5bf28487493de1693 8b721fdff0394e1181eeb93150c0d8f2 - - default default] Unable to schedule network b6f573f3-1f94-4dec-a6fd-95ac16d9e5f1: no agents available; will retry on subsequent port and subnet creation events.
2026-07-15 06:12:24.036 9 INFO neutron.db.ovn_revision_numbers_db [None req-9636f075-5c4a-4bff-ae5a-d3208eaaedf0 - - - - - -] Successfully bumped revision number for resource 1dc00f0c-dadd-4f36-8a94-0ec77abab595 (type: ports) to 3
2026-07-15 06:12:24.310 10 INFO neutron.db.ovn_revision_numbers_db [None req-026f0a3a-5be2-4003-aae3-8cc0d611c4d1 e31bcbf9aab24bb094aca4e1813bf8f0 a87b6e57e82b4c9ab5e39927e174037b - - - -] Successfully bumped revision number for resource 59adfb2c-5f3d-41b7-b93f-6de67397ce5d (type: floatingips) to 0
2026-07-15 06:12:24.325 10 INFO neutron.wsgi [None req-026f0a3a-5be2-4003-aae3-8cc0d611c4d1 e31bcbf9aab24bb094aca4e1813bf8f0 a87b6e57e82b4c9ab5e39927e174037b - - - -] 10.0.0.166 "POST /v2.0/floatingips HTTP/1.1" status: 201 len: 751 time: 0.8252544
2026-07-15 06:12:24.378 10 INFO neutron.wsgi [None req-a638a19b-891f-41a7-a1f3-5036fcc41ef4 e31bcbf9aab24bb094aca4e1813bf8f0 a87b6e57e82b4c9ab5e39927e174037b - - - -] 10.0.0.166 "PUT /v2.0/floatingips/59adfb2c-5f3d-41b7-b93f-6de67397ce5d/tags HTTP/1.1" status: 200 len: 218 time: 0.0448947
2026-07-15 06:12:24.415 10 INFO neutron.wsgi [None req-af5487b5-85d3-4419-b606-78942416b73e e31bcbf9aab24bb094aca4e1813bf8f0 a87b6e57e82b4c9ab5e39927e174037b - - default default] 10.0.0.166 "GET /v2.0/floatingips/59adfb2c-5f3d-41b7-b93f-6de67397ce5d/tags HTTP/1.1" status: 200 len: 218 time: 0.0313995
2026-07-15 06:12:24.437 9 INFO neutron.db.ovn_revision_numbers_db [None req-9636f075-5c4a-4bff-ae5a-d3208eaaedf0 - - - - - -] Successfully bumped revision number for resource 1dc00f0c-dadd-4f36-8a94-0ec77abab595 (type: router_ports) to 3
2026-07-15 06:12:24.463 10 INFO neutron.wsgi [None req-fcbbff78-50f9-4ef2-8097-6196d4a5a65d e31bcbf9aab24bb094aca4e1813bf8f0 a87b6e57e82b4c9ab5e39927e174037b - - - -] 10.0.0.166 "PUT /v2.0/floatingips/59adfb2c-5f3d-41b7-b93f-6de67397ce5d/tags/green HTTP/1.1" status: 201 len: 201 time: 0.0432141
2026-07-15 06:12:24.511 10 INFO neutron.wsgi [None req-6c54f48b-aaae-4a48-813b-efe5558ecd21 e31bcbf9aab24bb094aca4e1813bf8f0 a87b6e57e82b4c9ab5e39927e174037b - - default default] 10.0.0.166 "GET /v2.0/floatingips/59adfb2c-5f3d-41b7-b93f-6de67397ce5d/tags HTTP/1.1" status: 200 len: 227 time: 0.0444238
2026-07-15 06:12:24.543 10 INFO neutron.wsgi [None req-1da37807-2751-45a0-aeb5-d506892a2edf e31bcbf9aab24bb094aca4e1813bf8f0 a87b6e57e82b4c9ab5e39927e174037b - - - -] 10.0.0.166 "PUT /v2.0/floatingips/59adfb2c-5f3d-41b7-b93f-6de67397ce5d/tags/red HTTP/1.1" status: 201 len: 201 time: 0.0278945
2026-07-15 06:12:24.573 9 INFO neutron.db.ovn_revision_numbers_db [None req-0e9091a0-8a7d-488a-a51f-79b654e8877c 203b91e85c984ab5bf28487493de1693 8b721fdff0394e1181eeb93150c0d8f2 - - - -] Successfully bumped revision number for resource 1dc00f0c-dadd-4f36-8a94-0ec77abab595 (type: router_ports) to 3
2026-07-15 06:12:24.574 9 INFO neutron.wsgi [None req-0e9091a0-8a7d-488a-a51f-79b654e8877c 203b91e85c984ab5bf28487493de1693 8b721fdff0394e1181eeb93150c0d8f2 - - - -] 10.0.0.166 "PUT /v2.0/routers/37e46fb9-ce7f-407b-a1ea-2b8d68c0d8f5/add_router_interface HTTP/1.1" status: 200 len: 503 time: 2.0383751
2026-07-15 06:12:24.578 10 INFO neutron.wsgi [None req-267f2a00-607d-485f-9252-c328f1f5e50b e31bcbf9aab24bb094aca4e1813bf8f0 a87b6e57e82b4c9ab5e39927e174037b - - default default] 10.0.0.166 "GET /v2.0/floatingips/59adfb2c-5f3d-41b7-b93f-6de67397ce5d/tags HTTP/1.1" status: 200 len: 227 time: 0.0311799
2026-07-15 06:12:24.627 9 INFO neutron.wsgi [None req-db640d68-5b37-4617-9065-19c30dab3860 e31bcbf9aab24bb094aca4e1813bf8f0 a87b6e57e82b4c9ab5e39927e174037b - - - -] 10.0.0.166 "PUT /v2.0/floatingips/59adfb2c-5f3d-41b7-b93f-6de67397ce5d/tags/black.or.white HTTP/1.1" status: 201 len: 201 time: 0.0430286
2026-07-15 06:12:24.657 9 INFO neutron.wsgi [None req-5737f47a-b731-424b-ba76-dba864513011 e31bcbf9aab24bb094aca4e1813bf8f0 a87b6e57e82b4c9ab5e39927e174037b - - default default] 10.0.0.166 "GET /v2.0/floatingips/59adfb2c-5f3d-41b7-b93f-6de67397ce5d/tags HTTP/1.1" status: 200 len: 245 time: 0.0249162
2026-07-15 06:12:24.697 9 INFO neutron.wsgi [None req-6d329f31-4c8e-425d-8c29-a14726b533cd e31bcbf9aab24bb094aca4e1813bf8f0 a87b6e57e82b4c9ab5e39927e174037b - - - -] 10.0.0.166 "PUT /v2.0/floatingips/59adfb2c-5f3d-41b7-b93f-6de67397ce5d/tags HTTP/1.1" status: 200 len: 230 time: 0.0337842
2026-07-15 06:12:24.729 9 INFO neutron.wsgi [None req-6b863835-c41d-4a75-8231-fe4c10d8e38a e31bcbf9aab24bb094aca4e1813bf8f0 a87b6e57e82b4c9ab5e39927e174037b - - default default] 10.0.0.166 "GET /v2.0/floatingips/59adfb2c-5f3d-41b7-b93f-6de67397ce5d/tags HTTP/1.1" status: 200 len: 230 time: 0.0269315
2026-07-15 06:12:24.758 9 INFO neutron.wsgi [None req-f503c317-66aa-431d-9350-bc9c1ff90e2d e31bcbf9aab24bb094aca4e1813bf8f0 a87b6e57e82b4c9ab5e39927e174037b - - default default] 10.0.0.166 "GET /v2.0/floatingips/59adfb2c-5f3d-41b7-b93f-6de67397ce5d/tags/red HTTP/1.1" status: 204 len: 168 time: 0.0257194
2026-07-15 06:12:24.788 9 INFO neutron.api.v2.resource [None req-301e7711-4c87-45f4-9b5c-58e4ac466652 e31bcbf9aab24bb094aca4e1813bf8f0 a87b6e57e82b4c9ab5e39927e174037b - - default default] show failed (client error): The resource could not be found.
2026-07-15 06:12:24.789 9 INFO neutron.wsgi [None req-301e7711-4c87-45f4-9b5c-58e4ac466652 e31bcbf9aab24bb094aca4e1813bf8f0 a87b6e57e82b4c9ab5e39927e174037b - - default default] 10.0.0.166 "GET /v2.0/floatingips/59adfb2c-5f3d-41b7-b93f-6de67397ce5d/tags/green HTTP/1.1" status: 404 len: 299 time: 0.0262647
2026-07-15 06:12:24.836 9 INFO neutron.wsgi [None req-bdab222a-26aa-4192-a45f-37ba024ca3da e31bcbf9aab24bb094aca4e1813bf8f0 a87b6e57e82b4c9ab5e39927e174037b - - - -] 10.0.0.166 "DELETE /v2.0/floatingips/59adfb2c-5f3d-41b7-b93f-6de67397ce5d/tags/red HTTP/1.1" status: 204 len: 168 time: 0.0434666
2026-07-15 06:12:24.870 9 INFO neutron.wsgi [None req-6088224e-80da-4a4e-9723-b134d841c465 e31bcbf9aab24bb094aca4e1813bf8f0 a87b6e57e82b4c9ab5e39927e174037b - - default default] 10.0.0.166 "GET /v2.0/floatingips/59adfb2c-5f3d-41b7-b93f-6de67397ce5d/tags HTTP/1.1" status: 200 len: 223 time: 0.0299098
2026-07-15 06:12:24.905 9 INFO neutron.api.v2.resource [None req-e00da02d-1d7b-49b5-be38-91f0fa3e2458 e31bcbf9aab24bb094aca4e1813bf8f0 a87b6e57e82b4c9ab5e39927e174037b - - - -] delete failed (client error): The resource could not be found.
2026-07-15 06:12:24.906 9 INFO neutron.wsgi [None req-e00da02d-1d7b-49b5-be38-91f0fa3e2458 e31bcbf9aab24bb094aca4e1813bf8f0 a87b6e57e82b4c9ab5e39927e174037b - - - -] 10.0.0.166 "DELETE /v2.0/floatingips/59adfb2c-5f3d-41b7-b93f-6de67397ce5d/tags/green HTTP/1.1" status: 404 len: 299 time: 0.0320923
2026-07-15 06:12:24.980 10 INFO neutron.wsgi [None req-06ea2597-402c-447c-9ac9-2ce2a2ffbddb e31bcbf9aab24bb094aca4e1813bf8f0 a87b6e57e82b4c9ab5e39927e174037b - - - -] 10.0.0.166 "DELETE /v2.0/floatingips/59adfb2c-5f3d-41b7-b93f-6de67397ce5d/tags HTTP/1.1" status: 204 len: 168 time: 0.0686316
2026-07-15 06:12:25.012 9 INFO neutron.wsgi [None req-b53382d3-0e45-4f69-ba38-bc4634743146 e31bcbf9aab24bb094aca4e1813bf8f0 a87b6e57e82b4c9ab5e39927e174037b - - default default] 10.0.0.166 "GET /v2.0/floatingips/59adfb2c-5f3d-41b7-b93f-6de67397ce5d/tags HTTP/1.1" status: 200 len: 205 time: 0.0265141
2026-07-15 06:12:25.171 10 WARNING neutron.scheduler.dhcp_agent_scheduler [None req-e9306c0d-ca2d-4da9-945d-febfcd8a8928 203b91e85c984ab5bf28487493de1693 8b721fdff0394e1181eeb93150c0d8f2 - - default default] No more DHCP agents
2026-07-15 06:12:25.174 10 WARNING neutron.api.rpc.agentnotifiers.dhcp_rpc_agent_api [None req-e9306c0d-ca2d-4da9-945d-febfcd8a8928 203b91e85c984ab5bf28487493de1693 8b721fdff0394e1181eeb93150c0d8f2 - - default default] Unable to schedule network b2fce7c4-312a-48e6-ba4d-4ddb17c57cde: no agents available; will retry on subsequent port and subnet creation events.
2026-07-15 06:12:25.337 10 INFO neutron.db.ovn_revision_numbers_db [None req-e9306c0d-ca2d-4da9-945d-febfcd8a8928 203b91e85c984ab5bf28487493de1693 8b721fdff0394e1181eeb93150c0d8f2 - - default default] Successfully bumped revision number for resource 01910b65-8748-4058-b965-4d56d1752425 (type: ports) to 1
2026-07-15 06:12:25.356 9 INFO neutron.wsgi [None req-2a0b02fc-0121-4150-98f3-b6a46d46f7dd e31bcbf9aab24bb094aca4e1813bf8f0 a87b6e57e82b4c9ab5e39927e174037b - - - -] 10.0.0.166 "DELETE /v2.0/floatingips/59adfb2c-5f3d-41b7-b93f-6de67397ce5d HTTP/1.1" status: 204 len: 168 time: 0.3379250
2026-07-15 06:12:25.860 10 INFO neutron.db.ovn_revision_numbers_db [None req-e9306c0d-ca2d-4da9-945d-febfcd8a8928 203b91e85c984ab5bf28487493de1693 8b721fdff0394e1181eeb93150c0d8f2 - - default default] Successfully bumped revision number for resource 01910b65-8748-4058-b965-4d56d1752425 (type: router_ports) to 2
2026-07-15 06:12:26.024 10 INFO neutron.db.ovn_revision_numbers_db [None req-e9306c0d-ca2d-4da9-945d-febfcd8a8928 203b91e85c984ab5bf28487493de1693 8b721fdff0394e1181eeb93150c0d8f2 - - default default] Successfully bumped revision number for resource 01910b65-8748-4058-b965-4d56d1752425 (type: ports) to 2
2026-07-15 06:12:26.085 10 WARNING neutron.scheduler.dhcp_agent_scheduler [None req-e9306c0d-ca2d-4da9-945d-febfcd8a8928 203b91e85c984ab5bf28487493de1693 8b721fdff0394e1181eeb93150c0d8f2 - - default default] No more DHCP agents
2026-07-15 06:12:26.087 10 WARNING neutron.api.rpc.agentnotifiers.dhcp_rpc_agent_api [None req-e9306c0d-ca2d-4da9-945d-febfcd8a8928 203b91e85c984ab5bf28487493de1693 8b721fdff0394e1181eeb93150c0d8f2 - - default default] Unable to schedule network b2fce7c4-312a-48e6-ba4d-4ddb17c57cde: no agents available; will retry on subsequent port and subnet creation events.
2026-07-15 06:12:26.221 9 INFO neutron.db.ovn_revision_numbers_db [None req-cc018f85-5a70-4d6f-9935-a9e47089dba1 bc890da7b1e045df99b7fb40a936d507 524d02558d484f44874de52b6ff81980 - - default default] Successfully bumped revision number for resource 7b4a15fd-55e4-4d9c-9062-be20460304ec (type: security_groups) to 1
2026-07-15 06:12:26.242 9 INFO neutron.wsgi [None req-cc018f85-5a70-4d6f-9935-a9e47089dba1 bc890da7b1e045df99b7fb40a936d507 524d02558d484f44874de52b6ff81980 - - default default] 10.0.0.166 "GET /v2.0/security-groups?tenant_id=a87b6e57e82b4c9ab5e39927e174037b&name=default HTTP/1.1" status: 200 len: 3000 time: 0.2242253
2026-07-15 06:12:26.384 10 INFO neutron.db.ovn_revision_numbers_db [None req-e9306c0d-ca2d-4da9-945d-febfcd8a8928 203b91e85c984ab5bf28487493de1693 8b721fdff0394e1181eeb93150c0d8f2 - - - -] Successfully bumped revision number for resource 01910b65-8748-4058-b965-4d56d1752425 (type: router_ports) to 2
2026-07-15 06:12:26.387 10 INFO neutron.wsgi [None req-e9306c0d-ca2d-4da9-945d-febfcd8a8928 203b91e85c984ab5bf28487493de1693 8b721fdff0394e1181eeb93150c0d8f2 - - - -] 10.0.0.166 "PUT /v2.0/routers/37e46fb9-ce7f-407b-a1ea-2b8d68c0d8f5/add_router_interface HTTP/1.1" status: 200 len: 503 time: 1.8077605
2026-07-15 06:12:26.406 9 INFO neutron.wsgi [None req-1d6817ee-f07f-4ccb-9327-58bfbd6f98c7 bc890da7b1e045df99b7fb40a936d507 524d02558d484f44874de52b6ff81980 - - - -] 10.0.0.166 "DELETE /v2.0/security-groups/7b4a15fd-55e4-4d9c-9062-be20460304ec HTTP/1.1" status: 204 len: 168 time: 0.1593683
2026-07-15 06:12:26.543 9 INFO neutron.db.ovn_revision_numbers_db [None req-b8c32585-5dcf-43b0-b593-c1fae1d3c53c 203b91e85c984ab5bf28487493de1693 8b721fdff0394e1181eeb93150c0d8f2 - - - -] Successfully bumped revision number for resource 9bba4c85-be47-4756-ab34-5e61f07af561 (type: security_groups) to 1
2026-07-15 06:12:26.562 9 INFO neutron.wsgi [None req-b8c32585-5dcf-43b0-b593-c1fae1d3c53c 203b91e85c984ab5bf28487493de1693 8b721fdff0394e1181eeb93150c0d8f2 - - - -] 10.0.0.166 "POST /v2.0/security-groups HTTP/1.1" status: 201 len: 1766 time: 0.1167505
2026-07-15 06:12:26.614 10 INFO neutron.db.ovn_revision_numbers_db [None req-84afe15b-6172-4e5d-a1ac-b782ba1c16b2 bc890da7b1e045df99b7fb40a936d507 524d02558d484f44874de52b6ff81980 - - default default] Successfully bumped revision number for resource 712c3912-c3d2-45a7-a244-aabd65b04385 (type: security_groups) to 1
2026-07-15 06:12:26.643 10 INFO neutron.wsgi [None req-84afe15b-6172-4e5d-a1ac-b782ba1c16b2 bc890da7b1e045df99b7fb40a936d507 524d02558d484f44874de52b6ff81980 - - default default] 10.0.0.166 "GET /v2.0/security-groups?tenant_id=133b5d13f0624455a105dcf9be5783fb&name=default HTTP/1.1" status: 200 len: 3000 time: 0.1357481
2026-07-15 06:12:26.712 10 INFO neutron.db.ovn_revision_numbers_db [None req-e7859928-290d-4ae7-85e9-075651596360 203b91e85c984ab5bf28487493de1693 8b721fdff0394e1181eeb93150c0d8f2 - - - -] Successfully bumped revision number for resource 95ce610e-fe8c-44b6-84f0-d8180e364dc0 (type: security_group_rules) to 0
2026-07-15 06:12:26.741 10 INFO neutron.wsgi [None req-e7859928-290d-4ae7-85e9-075651596360 203b91e85c984ab5bf28487493de1693 8b721fdff0394e1181eeb93150c0d8f2 - - - -] 10.0.0.166 "POST /v2.0/security-group-rules HTTP/1.1" status: 201 len: 764 time: 0.1720760
2026-07-15 06:12:26.836 10 INFO neutron.wsgi [None req-0f1f3c49-48fd-4414-a584-7654ee4afa3f bc890da7b1e045df99b7fb40a936d507 524d02558d484f44874de52b6ff81980 - - - -] 10.0.0.166 "DELETE /v2.0/security-groups/712c3912-c3d2-45a7-a244-aabd65b04385 HTTP/1.1" status: 204 len: 168 time: 0.1857016
2026-07-15 06:12:26.870 9 INFO neutron.db.ovn_revision_numbers_db [None req-804a52ef-5464-4076-a94c-24d538618424 203b91e85c984ab5bf28487493de1693 8b721fdff0394e1181eeb93150c0d8f2 - - - -] Successfully bumped revision number for resource b517ac81-1fea-4ac3-bc21-be233dc5939c (type: security_group_rules) to 0
2026-07-15 06:12:26.897 9 INFO neutron.wsgi [None req-804a52ef-5464-4076-a94c-24d538618424 203b91e85c984ab5bf28487493de1693 8b721fdff0394e1181eeb93150c0d8f2 - - - -] 10.0.0.166 "POST /v2.0/security-group-rules HTTP/1.1" status: 201 len: 764 time: 0.1501729
2026-07-15 06:12:27.017 9 INFO neutron.db.ovn_revision_numbers_db [None req-99c33fa2-d064-4215-bc24-c4898d8e8fe7 203b91e85c984ab5bf28487493de1693 8b721fdff0394e1181eeb93150c0d8f2 - - - -] Successfully bumped revision number for resource b8ec4930-4bdb-4b38-bca0-be048118f89d (type: security_group_rules) to 0
2026-07-15 06:12:27.042 9 INFO neutron.wsgi [None req-99c33fa2-d064-4215-bc24-c4898d8e8fe7 203b91e85c984ab5bf28487493de1693 8b721fdff0394e1181eeb93150c0d8f2 - - - -] 10.0.0.166 "POST /v2.0/security-group-rules HTTP/1.1" status: 201 len: 766 time: 0.1407349
2026-07-15 06:12:27.155 9 INFO neutron.db.ovn_revision_numbers_db [None req-810fa727-0919-406f-84f6-fcbc98bed9d5 203b91e85c984ab5bf28487493de1693 8b721fdff0394e1181eeb93150c0d8f2 - - - -] Successfully bumped revision number for resource d670af12-38de-4a42-b928-aeeecee94ad2 (type: security_group_rules) to 0
2026-07-15 06:12:27.179 9 INFO neutron.wsgi [None req-810fa727-0919-406f-84f6-fcbc98bed9d5 203b91e85c984ab5bf28487493de1693 8b721fdff0394e1181eeb93150c0d8f2 - - - -] 10.0.0.166 "POST /v2.0/security-group-rules HTTP/1.1" status: 201 len: 768 time: 0.1333015
2026-07-15 06:12:27.311 9 INFO neutron.db.ovn_revision_numbers_db [None req-dee914e6-0dec-4c66-a69b-aa414417a137 203b91e85c984ab5bf28487493de1693 8b721fdff0394e1181eeb93150c0d8f2 - - - -] Successfully bumped revision number for resource e4f5ba49-c3a2-41f2-91c2-111e10853ef2 (type: security_group_rules) to 0
2026-07-15 06:12:27.333 9 INFO neutron.wsgi [None req-dee914e6-0dec-4c66-a69b-aa414417a137 203b91e85c984ab5bf28487493de1693 8b721fdff0394e1181eeb93150c0d8f2 - - - -] 10.0.0.166 "POST /v2.0/security-group-rules HTTP/1.1" status: 201 len: 768 time: 0.1492183
2026-07-15 06:12:27.451 9 INFO neutron.db.ovn_revision_numbers_db [None req-a1a08f10-ab73-452b-a62b-bd2448f27281 203b91e85c984ab5bf28487493de1693 8b721fdff0394e1181eeb93150c0d8f2 - - - -] Successfully bumped revision number for resource a2e35ebc-1133-4fb0-880e-e0fc89af905a (type: security_group_rules) to 0
2026-07-15 06:12:27.476 9 INFO neutron.wsgi [None req-a1a08f10-ab73-452b-a62b-bd2448f27281 203b91e85c984ab5bf28487493de1693 8b721fdff0394e1181eeb93150c0d8f2 - - - -] 10.0.0.166 "POST /v2.0/security-group-rules HTTP/1.1" status: 201 len: 764 time: 0.1375535
2026-07-15 06:12:27.564 10 WARNING neutron.plugins.ml2.drivers.ovn.mech_driver.ovsdb.ovn_client [None req-bceb5e37-e2e9-4c25-b4a6-b028aa7fbee5 - - - - - -] No hosting information found for port 61177679-e14a-4946-9bc2-8be85c43b441: RuntimeError: No hosting information found for port 61177679-e14a-4946-9bc2-8be85c43b441
2026-07-15 06:12:27.565 10 INFO neutron.plugins.ml2.drivers.ovn.mech_driver.mech_driver [None req-bceb5e37-e2e9-4c25-b4a6-b028aa7fbee5 - - - - - -] OVN reports status up for port: 01910b65-8748-4058-b965-4d56d1752425
2026-07-15 06:12:27.577 10 INFO neutron.plugins.ml2.plugin [None req-bceb5e37-e2e9-4c25-b4a6-b028aa7fbee5 - - - - - -] Attempt 1 to provision port 01910b65-8748-4058-b965-4d56d1752425
2026-07-15 06:12:27.619 9 INFO neutron.db.ovn_revision_numbers_db [None req-da7edc50-a697-4ce5-b3c2-a3eadfcdb244 203b91e85c984ab5bf28487493de1693 8b721fdff0394e1181eeb93150c0d8f2 - - - -] Successfully bumped revision number for resource 5b345bda-8a78-4713-ae21-c3fd07f99a93 (type: security_group_rules) to 0
2026-07-15 06:12:27.645 9 INFO neutron.wsgi [None req-da7edc50-a697-4ce5-b3c2-a3eadfcdb244 203b91e85c984ab5bf28487493de1693 8b721fdff0394e1181eeb93150c0d8f2 - - - -] 10.0.0.166 "POST /v2.0/security-group-rules HTTP/1.1" status: 201 len: 764 time: 0.1634264
2026-07-15 06:12:27.763 9 INFO neutron.db.ovn_revision_numbers_db [None req-447a901e-61f0-49f3-82d9-f57ff3e46132 203b91e85c984ab5bf28487493de1693 8b721fdff0394e1181eeb93150c0d8f2 - - - -] Successfully bumped revision number for resource 81579546-6139-4149-bf44-4dcf93319acb (type: security_group_rules) to 0
2026-07-15 06:12:27.794 9 INFO neutron.wsgi [None req-447a901e-61f0-49f3-82d9-f57ff3e46132 203b91e85c984ab5bf28487493de1693 8b721fdff0394e1181eeb93150c0d8f2 - - - -] 10.0.0.166 "POST /v2.0/security-group-rules HTTP/1.1" status: 201 len: 764 time: 0.1440547
2026-07-15 06:12:27.844 10 INFO neutron.db.ovn_revision_numbers_db [None req-bceb5e37-e2e9-4c25-b4a6-b028aa7fbee5 - - - - - -] Successfully bumped revision number for resource 01910b65-8748-4058-b965-4d56d1752425 (type: ports) to 3
2026-07-15 06:12:27.912 9 INFO neutron.db.ovn_revision_numbers_db [None req-0f05f947-64e7-405e-84cf-ba8800e7c1a4 203b91e85c984ab5bf28487493de1693 8b721fdff0394e1181eeb93150c0d8f2 - - - -] Successfully bumped revision number for resource bf1bf63e-17ee-4a64-8944-e4f6c501d4f5 (type: security_group_rules) to 0
2026-07-15 06:12:27.940 9 INFO neutron.wsgi [None req-0f05f947-64e7-405e-84cf-ba8800e7c1a4 203b91e85c984ab5bf28487493de1693 8b721fdff0394e1181eeb93150c0d8f2 - - - -] 10.0.0.166 "POST /v2.0/security-group-rules HTTP/1.1" status: 201 len: 766 time: 0.1420696
2026-07-15 06:12:27.975 10 INFO neutron.db.ovn_revision_numbers_db [None req-bceb5e37-e2e9-4c25-b4a6-b028aa7fbee5 - - - - - -] Successfully bumped revision number for resource 01910b65-8748-4058-b965-4d56d1752425 (type: router_ports) to 3
2026-07-15 06:12:28.054 9 INFO neutron.db.ovn_revision_numbers_db [None req-f8f4f57e-4c71-41c5-ab92-d63887662a14 203b91e85c984ab5bf28487493de1693 8b721fdff0394e1181eeb93150c0d8f2 - - - -] Successfully bumped revision number for resource e9229309-d1c2-48c9-8025-c36c3d0cecc6 (type: security_group_rules) to 0
2026-07-15 06:12:28.079 9 INFO neutron.wsgi [None req-f8f4f57e-4c71-41c5-ab92-d63887662a14 203b91e85c984ab5bf28487493de1693 8b721fdff0394e1181eeb93150c0d8f2 - - - -] 10.0.0.166 "POST /v2.0/security-group-rules HTTP/1.1" status: 201 len: 768 time: 0.1332285
2026-07-15 06:12:28.205 9 INFO neutron.db.ovn_revision_numbers_db [None req-3b0a0796-49de-4e51-91e7-778343912636 203b91e85c984ab5bf28487493de1693 8b721fdff0394e1181eeb93150c0d8f2 - - - -] Successfully bumped revision number for resource 3c9b0e61-80f0-421a-94c0-f175047952e7 (type: security_group_rules) to 0
2026-07-15 06:12:28.228 9 INFO neutron.wsgi [None req-3b0a0796-49de-4e51-91e7-778343912636 203b91e85c984ab5bf28487493de1693 8b721fdff0394e1181eeb93150c0d8f2 - - - -] 10.0.0.166 "POST /v2.0/security-group-rules HTTP/1.1" status: 201 len: 764 time: 0.1437356
2026-07-15 06:12:28.565 10 INFO neutron.wsgi [req-5f1e0f2f-510b-44a6-8947-8db55bb45c9a req-b75eab24-7211-4baa-8e50-ff081c55e1f5 203b91e85c984ab5bf28487493de1693 8b721fdff0394e1181eeb93150c0d8f2 - - default default] 10.0.0.123 "GET /v2.0/security-groups?name=tempest-lb_member_SG-2037328460&fields=id&tenant_id=8b721fdff0394e1181eeb93150c0d8f2 HTTP/1.1" status: 200 len: 267 time: 0.0392704
2026-07-15 06:12:28.691 10 INFO neutron.wsgi [req-5f1e0f2f-510b-44a6-8947-8db55bb45c9a req-944702e0-3b24-458d-82aa-650b40fd83b0 203b91e85c984ab5bf28487493de1693 8b721fdff0394e1181eeb93150c0d8f2 - - default default] 10.0.0.123 "GET /v2.0/networks?id=b6f573f3-1f94-4dec-a6fd-95ac16d9e5f1 HTTP/1.1" status: 200 len: 902 time: 0.1179783
2026-07-15 06:12:28.712 10 INFO neutron.wsgi [req-5f1e0f2f-510b-44a6-8947-8db55bb45c9a req-6599b9b9-ffde-4a5b-bac5-5b1d6cbf792c 203b91e85c984ab5bf28487493de1693 8b721fdff0394e1181eeb93150c0d8f2 - - default default] 10.0.0.123 "GET /v2.0/quotas/8b721fdff0394e1181eeb93150c0d8f2 HTTP/1.1" status: 200 len: 386 time: 0.0116580
2026-07-15 06:12:29.274 10 INFO neutron.wsgi [req-5f1e0f2f-510b-44a6-8947-8db55bb45c9a req-b78f4a30-9c39-4a4d-9613-ff8ef744d831 203b91e85c984ab5bf28487493de1693 8b721fdff0394e1181eeb93150c0d8f2 - - default default] 10.0.0.123 "GET /v2.0/ports?tenant_id=8b721fdff0394e1181eeb93150c0d8f2&fields=id HTTP/1.1" status: 200 len: 486 time: 0.5563536
2026-07-15 06:12:29.333 10 INFO neutron.wsgi [req-5f1e0f2f-510b-44a6-8947-8db55bb45c9a req-6d95d013-dc1c-4cd8-bc02-508e22a36687 ecf185079cda43319eb868f783ee53ce cbab0bc396ce4998b990be672fbe39f9 - - d75b538e44df44d6a7a6107f8abc3b91 d75b538e44df44d6a7a6107f8abc3b91] 10.0.0.123 "GET /v2.0/networks/b6f573f3-1f94-4dec-a6fd-95ac16d9e5f1?fields=segments HTTP/1.1" status: 200 len: 212 time: 0.0505328
2026-07-15 06:12:29.390 10 INFO neutron.wsgi [req-5f1e0f2f-510b-44a6-8947-8db55bb45c9a req-6c89cd02-f74f-414b-8f7e-284bd247cdac ecf185079cda43319eb868f783ee53ce cbab0bc396ce4998b990be672fbe39f9 - - d75b538e44df44d6a7a6107f8abc3b91 d75b538e44df44d6a7a6107f8abc3b91] 10.0.0.123 "GET /v2.0/networks/b6f573f3-1f94-4dec-a6fd-95ac16d9e5f1?fields=provider%3Aphysical_network&fields=provider%3Anetwork_type HTTP/1.1" status: 200 len: 277 time: 0.0502000
2026-07-15 06:12:29.547 9 INFO neutron.wsgi [req-41719de9-a80c-46c2-b3d8-32f0f99038df req-4a13a94d-4c75-4b09-9a5e-842468806d9a 203b91e85c984ab5bf28487493de1693 8b721fdff0394e1181eeb93150c0d8f2 - - default default] 10.0.0.123 "GET /v2.0/ports?device_id=dd489ce2-e796-4587-a341-bb0623bfbcfe HTTP/1.1" status: 200 len: 210 time: 0.0268767
2026-07-15 06:12:30.145 9 WARNING neutron.plugins.ml2.drivers.ovn.mech_driver.ovsdb.ovn_client [None req-9636f075-5c4a-4bff-ae5a-d3208eaaedf0 - - - - - -] No hosting information found for port 1dc00f0c-dadd-4f36-8a94-0ec77abab595: RuntimeError: No hosting information found for port 1dc00f0c-dadd-4f36-8a94-0ec77abab595
2026-07-15 06:12:30.234 10 INFO neutron.db.ovn_revision_numbers_db [None req-83fc9b8a-eb95-4ef7-8040-1b3fc9fb8807 78fc79c924ea44a3b9017b154006e5ec beaa3f07fe824f68bc51912f79493a4d - - - -] Successfully bumped revision number for resource 738bd437-f7b8-451c-b643-5d2493714336 (type: security_groups) to 1
2026-07-15 06:12:30.238 9 INFO neutron.wsgi [req-5f1e0f2f-510b-44a6-8947-8db55bb45c9a req-1f46117a-fe6b-4099-9d1a-60fec8615c3c 203b91e85c984ab5bf28487493de1693 8b721fdff0394e1181eeb93150c0d8f2 - - default default] 199.19.213.21 "GET /v2.0/networks?id=b6f573f3-1f94-4dec-a6fd-95ac16d9e5f1 HTTP/1.1" status: 200 len: 902 time: 0.0767519
2026-07-15 06:12:30.290 9 INFO neutron.wsgi [req-5f1e0f2f-510b-44a6-8947-8db55bb45c9a req-8bf6e4b4-f326-47f4-843d-4f6fc9399454 203b91e85c984ab5bf28487493de1693 8b721fdff0394e1181eeb93150c0d8f2 - - default default] 199.19.213.21 "GET /v2.0/security-groups?fields=id&fields=name&tenant_id=8b721fdff0394e1181eeb93150c0d8f2 HTTP/1.1" status: 200 len: 378 time: 0.0445602
2026-07-15 06:12:30.294 10 INFO neutron.db.segments_db [None req-83fc9b8a-eb95-4ef7-8040-1b3fc9fb8807 78fc79c924ea44a3b9017b154006e5ec beaa3f07fe824f68bc51912f79493a4d - - - -] Added segment 8d46542b-427c-4bc6-a4d1-b96b73804465 of type geneve for network 67065236-f7fa-44d3-94cb-c8bf9a1ff948
2026-07-15 06:12:30.411 10 INFO neutron.db.ovn_revision_numbers_db [None req-83fc9b8a-eb95-4ef7-8040-1b3fc9fb8807 78fc79c924ea44a3b9017b154006e5ec beaa3f07fe824f68bc51912f79493a4d - - - -] Successfully bumped revision number for resource 67065236-f7fa-44d3-94cb-c8bf9a1ff948 (type: networks) to 1
2026-07-15 06:12:30.584 10 WARNING neutron.scheduler.dhcp_agent_scheduler [None req-83fc9b8a-eb95-4ef7-8040-1b3fc9fb8807 78fc79c924ea44a3b9017b154006e5ec beaa3f07fe824f68bc51912f79493a4d - - - -] No more DHCP agents
2026-07-15 06:12:30.586 10 WARNING neutron.api.rpc.agentnotifiers.dhcp_rpc_agent_api [None req-83fc9b8a-eb95-4ef7-8040-1b3fc9fb8807 78fc79c924ea44a3b9017b154006e5ec beaa3f07fe824f68bc51912f79493a4d - - - -] Unable to schedule network 67065236-f7fa-44d3-94cb-c8bf9a1ff948: no agents available; will retry on subsequent port and subnet creation events.
2026-07-15 06:12:30.645 10 INFO neutron.db.ovn_revision_numbers_db [None req-83fc9b8a-eb95-4ef7-8040-1b3fc9fb8807 78fc79c924ea44a3b9017b154006e5ec beaa3f07fe824f68bc51912f79493a4d - - - -] Successfully bumped revision number for resource 267cfc69-6ef1-4319-964f-03228e9fb849 (type: ports) to 1
2026-07-15 06:12:30.663 10 INFO neutron.wsgi [None req-83fc9b8a-eb95-4ef7-8040-1b3fc9fb8807 78fc79c924ea44a3b9017b154006e5ec beaa3f07fe824f68bc51912f79493a4d - - - -] 10.0.0.166 "POST /v2.0/networks HTTP/1.1" status: 201 len: 831 time: 0.7023678
2026-07-15 06:12:30.692 9 WARNING neutron.scheduler.dhcp_agent_scheduler [None req-34275c85-2d6b-40fa-a896-155ebe177339 203b91e85c984ab5bf28487493de1693 8b721fdff0394e1181eeb93150c0d8f2 - - - -] No more DHCP agents
2026-07-15 06:12:30.695 9 WARNING neutron.api.rpc.agentnotifiers.dhcp_rpc_agent_api [None req-34275c85-2d6b-40fa-a896-155ebe177339 203b91e85c984ab5bf28487493de1693 8b721fdff0394e1181eeb93150c0d8f2 - - - -] Unable to schedule network b6f573f3-1f94-4dec-a6fd-95ac16d9e5f1: no agents available; will retry on subsequent port and subnet creation events.
2026-07-15 06:12:30.842 9 INFO neutron.db.ovn_revision_numbers_db [None req-34275c85-2d6b-40fa-a896-155ebe177339 203b91e85c984ab5bf28487493de1693 8b721fdff0394e1181eeb93150c0d8f2 - - - -] Successfully bumped revision number for resource e375831a-f105-4563-8bd3-a3ebcb26530d (type: ports) to 1
2026-07-15 06:12:30.865 9 INFO neutron.wsgi [None req-34275c85-2d6b-40fa-a896-155ebe177339 203b91e85c984ab5bf28487493de1693 8b721fdff0394e1181eeb93150c0d8f2 - - - -] 199.19.213.21 "POST /v2.0/ports HTTP/1.1" status: 201 len: 1384 time: 0.5526333 /var/lib/openstack/lib/python3.10/site-packages/pycadf/identifier.py:71: UserWarning: Invalid uuid: neutron. To ensure interoperability, identifiers should be a valid uuid. warnings.warn(('Invalid uuid: %s. To ensure interoperability, '
2026-07-15 06:12:30.931 10 WARNING neutron.scheduler.dhcp_agent_scheduler [None req-41375d7f-dd86-44d4-bdc6-83ed512b7506 78fc79c924ea44a3b9017b154006e5ec beaa3f07fe824f68bc51912f79493a4d - - - -] No more DHCP agents
2026-07-15 06:12:30.933 10 WARNING neutron.api.rpc.agentnotifiers.dhcp_rpc_agent_api [None req-41375d7f-dd86-44d4-bdc6-83ed512b7506 78fc79c924ea44a3b9017b154006e5ec beaa3f07fe824f68bc51912f79493a4d - - - -] Unable to schedule network 67065236-f7fa-44d3-94cb-c8bf9a1ff948: no agents available; will retry on subsequent port and subnet creation events.
2026-07-15 06:12:31.018 10 INFO neutron.db.ovn_revision_numbers_db [None req-41375d7f-dd86-44d4-bdc6-83ed512b7506 78fc79c924ea44a3b9017b154006e5ec beaa3f07fe824f68bc51912f79493a4d - - - -] Successfully bumped revision number for resource fd8559f7-5d05-4f48-983c-f03e318859c4 (type: ports) to 1
2026-07-15 06:12:31.042 10 INFO neutron.wsgi [None req-41375d7f-dd86-44d4-bdc6-83ed512b7506 78fc79c924ea44a3b9017b154006e5ec beaa3f07fe824f68bc51912f79493a4d - - - -] 10.0.0.166 "POST /v2.0/ports HTTP/1.1" status: 201 len: 942 time: 0.3724585 /var/lib/openstack/lib/python3.10/site-packages/pycadf/identifier.py:71: UserWarning: Invalid uuid: neutron. To ensure interoperability, identifiers should be a valid uuid. warnings.warn(('Invalid uuid: %s. To ensure interoperability, '
2026-07-15 06:12:31.277 9 INFO neutron.db.ovn_revision_numbers_db [None req-3f5a2b36-d85f-4f2b-9da5-31ca8cc4f25e ecf185079cda43319eb868f783ee53ce cbab0bc396ce4998b990be672fbe39f9 - - - -] Successfully bumped revision number for resource e375831a-f105-4563-8bd3-a3ebcb26530d (type: ports) to 2
2026-07-15 06:12:31.309 10 INFO neutron.wsgi [None req-1166d7e6-04ab-411a-911f-e8f3f09f5082 78fc79c924ea44a3b9017b154006e5ec beaa3f07fe824f68bc51912f79493a4d - - - -] 10.0.0.166 "POST /v2.0/trunks HTTP/1.1" status: 201 len: 608 time: 0.2625759
2026-07-15 06:12:31.341 10 INFO neutron.wsgi [None req-4146185e-b553-4e96-ac14-85330c1d4498 78fc79c924ea44a3b9017b154006e5ec beaa3f07fe824f68bc51912f79493a4d - - - -] 10.0.0.166 "PUT /v2.0/trunks/b1ea7156-0c2e-428a-8a11-e8c227964ca5/tags HTTP/1.1" status: 200 len: 218 time: 0.0264869
2026-07-15 06:12:31.358 10 INFO neutron.wsgi [None req-b0ba8200-1df9-46c3-abb7-f9c88f0f1c67 78fc79c924ea44a3b9017b154006e5ec beaa3f07fe824f68bc51912f79493a4d - - default default] 10.0.0.166 "GET /v2.0/trunks/b1ea7156-0c2e-428a-8a11-e8c227964ca5/tags HTTP/1.1" status: 200 len: 218 time: 0.0124645
2026-07-15 06:12:31.384 10 INFO neutron.wsgi [None req-e0b6fc92-3213-4898-928f-12cdb4fac137 78fc79c924ea44a3b9017b154006e5ec beaa3f07fe824f68bc51912f79493a4d - - - -] 10.0.0.166 "PUT /v2.0/trunks/b1ea7156-0c2e-428a-8a11-e8c227964ca5/tags/green HTTP/1.1" status: 201 len: 201 time: 0.0226250
2026-07-15 06:12:31.402 10 INFO neutron.wsgi [None req-e28c487e-02ec-4e3e-b6c3-84af72a5bc6e 78fc79c924ea44a3b9017b154006e5ec beaa3f07fe824f68bc51912f79493a4d - - default default] 10.0.0.166 "GET /v2.0/trunks/b1ea7156-0c2e-428a-8a11-e8c227964ca5/tags HTTP/1.1" status: 200 len: 227 time: 0.0130336
2026-07-15 06:12:31.423 10 INFO neutron.wsgi [None req-ff40e702-416f-48bf-be4f-79450cb6413d 78fc79c924ea44a3b9017b154006e5ec beaa3f07fe824f68bc51912f79493a4d - - - -] 10.0.0.166 "PUT /v2.0/trunks/b1ea7156-0c2e-428a-8a11-e8c227964ca5/tags/red HTTP/1.1" status: 201 len: 201 time: 0.0149479
2026-07-15 06:12:31.434 9 INFO neutron.db.ovn_revision_numbers_db [None req-3f5a2b36-d85f-4f2b-9da5-31ca8cc4f25e ecf185079cda43319eb868f783ee53ce cbab0bc396ce4998b990be672fbe39f9 - - - -] Successfully bumped revision number for resource e375831a-f105-4563-8bd3-a3ebcb26530d (type: ports) to 2
2026-07-15 06:12:31.440 10 INFO neutron.wsgi [None req-25611969-8165-4527-9adc-e63e58ec53e9 78fc79c924ea44a3b9017b154006e5ec beaa3f07fe824f68bc51912f79493a4d - - default default] 10.0.0.166 "GET /v2.0/trunks/b1ea7156-0c2e-428a-8a11-e8c227964ca5/tags HTTP/1.1" status: 200 len: 227 time: 0.0133615
2026-07-15 06:12:31.451 9 INFO neutron.wsgi [None req-3f5a2b36-d85f-4f2b-9da5-31ca8cc4f25e ecf185079cda43319eb868f783ee53ce cbab0bc396ce4998b990be672fbe39f9 - - - -] 199.19.213.21 "PUT /v2.0/ports/e375831a-f105-4563-8bd3-a3ebcb26530d HTTP/1.1" status: 200 len: 1553 time: 0.5778818
2026-07-15 06:12:31.470 10 INFO neutron.wsgi [None req-36fed2de-36cd-4a6b-b3c6-9ef6aae3a00f 78fc79c924ea44a3b9017b154006e5ec beaa3f07fe824f68bc51912f79493a4d - - - -] 10.0.0.166 "PUT /v2.0/trunks/b1ea7156-0c2e-428a-8a11-e8c227964ca5/tags/black.or.white HTTP/1.1" status: 201 len: 201 time: 0.0229557
2026-07-15 06:12:31.485 10 INFO neutron.wsgi [None req-0c457d32-4dd6-44fd-9bd6-7fb1e70d2d92 78fc79c924ea44a3b9017b154006e5ec beaa3f07fe824f68bc51912f79493a4d - - default default] 10.0.0.166 "GET /v2.0/trunks/b1ea7156-0c2e-428a-8a11-e8c227964ca5/tags HTTP/1.1" status: 200 len: 245 time: 0.0116270 /var/lib/openstack/lib/python3.10/site-packages/pycadf/identifier.py:71: UserWarning: Invalid uuid: neutron. To ensure interoperability, identifiers should be a valid uuid. warnings.warn(('Invalid uuid: %s. To ensure interoperability, '
2026-07-15 06:12:31.499 9 INFO neutron.notifiers.nova [-] Nova event matching ['req-b34e62e7-e368-4169-b023-7b6feae94c44'] response: {'name': 'network-changed', 'server_uuid': 'dd489ce2-e796-4587-a341-bb0623bfbcfe', 'tag': 'e375831a-f105-4563-8bd3-a3ebcb26530d', 'status': 'completed', 'code': 200}
2026-07-15 06:12:31.511 10 INFO neutron.wsgi [None req-5e068d57-d9b2-44a4-8fc6-b86923a77f68 78fc79c924ea44a3b9017b154006e5ec beaa3f07fe824f68bc51912f79493a4d - - - -] 10.0.0.166 "PUT /v2.0/trunks/b1ea7156-0c2e-428a-8a11-e8c227964ca5/tags HTTP/1.1" status: 200 len: 230 time: 0.0216117
2026-07-15 06:12:31.526 10 INFO neutron.wsgi [None req-c3a46d4d-6cb0-4769-a8b8-aa24adcc2949 78fc79c924ea44a3b9017b154006e5ec beaa3f07fe824f68bc51912f79493a4d - - default default] 10.0.0.166 "GET /v2.0/trunks/b1ea7156-0c2e-428a-8a11-e8c227964ca5/tags HTTP/1.1" status: 200 len: 230 time: 0.0107319
2026-07-15 06:12:31.527 9 INFO neutron.wsgi [req-5f1e0f2f-510b-44a6-8947-8db55bb45c9a req-bba9b425-f0bb-4e0b-bf6e-58a028d29b96 ecf185079cda43319eb868f783ee53ce cbab0bc396ce4998b990be672fbe39f9 - - d75b538e44df44d6a7a6107f8abc3b91 d75b538e44df44d6a7a6107f8abc3b91] 199.19.213.21 "GET /v2.0/ports?tenant_id=8b721fdff0394e1181eeb93150c0d8f2&device_id=dd489ce2-e796-4587-a341-bb0623bfbcfe HTTP/1.1" status: 200 len: 1584 time: 0.0382891
2026-07-15 06:12:31.540 10 INFO neutron.wsgi [None req-c0254510-f4ef-4d1a-a962-21cd910311f3 78fc79c924ea44a3b9017b154006e5ec beaa3f07fe824f68bc51912f79493a4d - - default default] 10.0.0.166 "GET /v2.0/trunks/b1ea7156-0c2e-428a-8a11-e8c227964ca5/tags/red HTTP/1.1" status: 204 len: 168 time: 0.0105693
2026-07-15 06:12:31.553 10 INFO neutron.api.v2.resource [None req-6aa91a9c-1bae-4719-a53c-840a13ecd507 78fc79c924ea44a3b9017b154006e5ec beaa3f07fe824f68bc51912f79493a4d - - default default] show failed (client error): The resource could not be found.
2026-07-15 06:12:31.554 10 INFO neutron.wsgi [None req-6aa91a9c-1bae-4719-a53c-840a13ecd507 78fc79c924ea44a3b9017b154006e5ec beaa3f07fe824f68bc51912f79493a4d - - default default] 10.0.0.166 "GET /v2.0/trunks/b1ea7156-0c2e-428a-8a11-e8c227964ca5/tags/green HTTP/1.1" status: 404 len: 299 time: 0.0098255
2026-07-15 06:12:31.562 9 INFO neutron.wsgi [req-5f1e0f2f-510b-44a6-8947-8db55bb45c9a req-78838b62-6a30-4b42-9896-65c660220655 ecf185079cda43319eb868f783ee53ce cbab0bc396ce4998b990be672fbe39f9 - - d75b538e44df44d6a7a6107f8abc3b91 d75b538e44df44d6a7a6107f8abc3b91] 199.19.213.21 "GET /v2.0/floatingips?fixed_ip_address=10.2.1.53&port_id=e375831a-f105-4563-8bd3-a3ebcb26530d HTTP/1.1" status: 200 len: 217 time: 0.0257137
2026-07-15 06:12:31.579 10 INFO neutron.wsgi [None req-bc347d2e-e129-4254-9df8-b924360f581c 78fc79c924ea44a3b9017b154006e5ec beaa3f07fe824f68bc51912f79493a4d - - - -] 10.0.0.166 "DELETE /v2.0/trunks/b1ea7156-0c2e-428a-8a11-e8c227964ca5/tags/red HTTP/1.1" status: 204 len: 168 time: 0.0202041
2026-07-15 06:12:31.593 9 INFO neutron.wsgi [req-5f1e0f2f-510b-44a6-8947-8db55bb45c9a req-61b5d46d-7f4b-49aa-8dc6-14619d47e7d0 ecf185079cda43319eb868f783ee53ce cbab0bc396ce4998b990be672fbe39f9 - - d75b538e44df44d6a7a6107f8abc3b91 d75b538e44df44d6a7a6107f8abc3b91] 199.19.213.21 "GET /v2.0/floatingips?fixed_ip_address=fd7b%3Af9f7%3Afff%3A4eca%3A%3A25a&port_id=e375831a-f105-4563-8bd3-a3ebcb26530d HTTP/1.1" status: 200 len: 217 time: 0.0266173
2026-07-15 06:12:31.599 10 INFO neutron.wsgi [None req-11f733e7-bb1f-46f3-9ccc-7f62bfb9fb2f 78fc79c924ea44a3b9017b154006e5ec beaa3f07fe824f68bc51912f79493a4d - - default default] 10.0.0.166 "GET /v2.0/trunks/b1ea7156-0c2e-428a-8a11-e8c227964ca5/tags HTTP/1.1" status: 200 len: 223 time: 0.0158386
2026-07-15 06:12:31.617 10 INFO neutron.api.v2.resource [None req-4598a96b-f92a-4272-997c-65f75727437a 78fc79c924ea44a3b9017b154006e5ec beaa3f07fe824f68bc51912f79493a4d - - - -] delete failed (client error): The resource could not be found.
2026-07-15 06:12:31.618 10 INFO neutron.wsgi [None req-4598a96b-f92a-4272-997c-65f75727437a 78fc79c924ea44a3b9017b154006e5ec beaa3f07fe824f68bc51912f79493a4d - - - -] 10.0.0.166 "DELETE /v2.0/trunks/b1ea7156-0c2e-428a-8a11-e8c227964ca5/tags/green HTTP/1.1" status: 404 len: 299 time: 0.0144017
2026-07-15 06:12:31.635 9 INFO neutron.wsgi [req-5f1e0f2f-510b-44a6-8947-8db55bb45c9a req-1e915209-53a8-45a5-820f-d8ac94d1ce8b ecf185079cda43319eb868f783ee53ce cbab0bc396ce4998b990be672fbe39f9 - - d75b538e44df44d6a7a6107f8abc3b91 d75b538e44df44d6a7a6107f8abc3b91] 199.19.213.21 "GET /v2.0/subnets?id=784af757-9f99-466f-a00b-bf14bc79dd22&id=95c6409c-0513-45bf-bb80-c6b4ead4390f HTTP/1.1" status: 200 len: 1562 time: 0.0344417
2026-07-15 06:12:31.645 10 INFO neutron.wsgi [None req-045ee93a-623e-4b84-95aa-d4cfa86700dd 78fc79c924ea44a3b9017b154006e5ec beaa3f07fe824f68bc51912f79493a4d - - - -] 10.0.0.166 "DELETE /v2.0/trunks/b1ea7156-0c2e-428a-8a11-e8c227964ca5/tags HTTP/1.1" status: 204 len: 168 time: 0.0216141
2026-07-15 06:12:31.660 9 INFO neutron.wsgi [req-5f1e0f2f-510b-44a6-8947-8db55bb45c9a req-376a5a99-576c-4cd7-b8cd-6355990f8586 ecf185079cda43319eb868f783ee53ce cbab0bc396ce4998b990be672fbe39f9 - - d75b538e44df44d6a7a6107f8abc3b91 d75b538e44df44d6a7a6107f8abc3b91] 199.19.213.21 "GET /v2.0/ports?network_id=b6f573f3-1f94-4dec-a6fd-95ac16d9e5f1&device_owner=network%3Adhcp HTTP/1.1" status: 200 len: 210 time: 0.0204580
2026-07-15 06:12:31.662 10 INFO neutron.wsgi [None req-d23fc11f-3aa1-42f7-b9f1-2308f5c69972 78fc79c924ea44a3b9017b154006e5ec beaa3f07fe824f68bc51912f79493a4d - - default default] 10.0.0.166 "GET /v2.0/trunks/b1ea7156-0c2e-428a-8a11-e8c227964ca5/tags HTTP/1.1" status: 200 len: 205 time: 0.0123858
2026-07-15 06:12:31.686 9 INFO neutron.wsgi [req-5f1e0f2f-510b-44a6-8947-8db55bb45c9a req-c72a35f2-1d21-4731-91f5-9095a70cd5e6 ecf185079cda43319eb868f783ee53ce cbab0bc396ce4998b990be672fbe39f9 - - d75b538e44df44d6a7a6107f8abc3b91 d75b538e44df44d6a7a6107f8abc3b91] 199.19.213.21 "GET /v2.0/ports?network_id=b6f573f3-1f94-4dec-a6fd-95ac16d9e5f1&device_owner=network%3Adhcp HTTP/1.1" status: 200 len: 210 time: 0.0220876
2026-07-15 06:12:31.689 10 INFO neutron.wsgi [None req-9ac07860-d256-4767-82d1-d36690659442 78fc79c924ea44a3b9017b154006e5ec beaa3f07fe824f68bc51912f79493a4d - - default default] 10.0.0.166 "GET /v2.0/trunks/b1ea7156-0c2e-428a-8a11-e8c227964ca5 HTTP/1.1" status: 200 len: 603 time: 0.0170717
2026-07-15 06:12:31.748 9 INFO neutron.wsgi [req-5f1e0f2f-510b-44a6-8947-8db55bb45c9a req-659771c1-1cba-4c33-ab03-2d4e2f84f821 ecf185079cda43319eb868f783ee53ce cbab0bc396ce4998b990be672fbe39f9 - - d75b538e44df44d6a7a6107f8abc3b91 d75b538e44df44d6a7a6107f8abc3b91] 199.19.213.21 "GET /v2.0/networks/b6f573f3-1f94-4dec-a6fd-95ac16d9e5f1?fields=segments HTTP/1.1" status: 200 len: 212 time: 0.0580039
