2026-07-15 06:09:58.850 9 INFO neutron.db.ovn_revision_numbers_db [None req-21614239-7e8b-444e-940e-81959217f666 bc890da7b1e045df99b7fb40a936d507 524d02558d484f44874de52b6ff81980 - - - -] Successfully bumped revision number for resource e0303727-6436-47e7-b465-29d6ee796251 (type: ports) to 1
2026-07-15 06:09:58.869 10 INFO neutron.wsgi [req-16439200-bfc3-4a9a-b23b-13fde3403147 req-6416e4a4-f2d3-4c4d-97b4-1baeca573ef8 ecf185079cda43319eb868f783ee53ce cbab0bc396ce4998b990be672fbe39f9 - - d75b538e44df44d6a7a6107f8abc3b91 d75b538e44df44d6a7a6107f8abc3b91] 199.19.213.21 "GET /v2.0/ports?tenant_id=3617ef89ee794eefa1f8dea661d0a45c&device_id=6f1cf9a8-c067-4269-ae3d-26213864e6db HTTP/1.1" status: 200 len: 1359 time: 0.0571017
2026-07-15 06:09:58.928 9 INFO neutron.wsgi [None req-21614239-7e8b-444e-940e-81959217f666 bc890da7b1e045df99b7fb40a936d507 524d02558d484f44874de52b6ff81980 - - - -] 10.0.0.166 "POST /v2.0/networks HTTP/1.1" status: 201 len: 945 time: 1.4360471
2026-07-15 06:09:59.021 10 INFO neutron.wsgi [req-16439200-bfc3-4a9a-b23b-13fde3403147 req-5b0c980d-3877-4b7e-8374-3664a2e25b73 ecf185079cda43319eb868f783ee53ce cbab0bc396ce4998b990be672fbe39f9 - - d75b538e44df44d6a7a6107f8abc3b91 d75b538e44df44d6a7a6107f8abc3b91] 199.19.213.21 "GET /v2.0/networks?id=5b4ede0d-4140-496b-87e3-e8c26a97b693 HTTP/1.1" status: 200 len: 958 time: 0.1437261
2026-07-15 06:09:59.059 10 INFO neutron.wsgi [req-16439200-bfc3-4a9a-b23b-13fde3403147 req-e896337a-fee0-4a4c-8232-3fa58a332937 ecf185079cda43319eb868f783ee53ce cbab0bc396ce4998b990be672fbe39f9 - - d75b538e44df44d6a7a6107f8abc3b91 d75b538e44df44d6a7a6107f8abc3b91] 199.19.213.21 "GET /v2.0/floatingips?fixed_ip_address=10.100.0.9&port_id=656f5caf-55fa-40b9-af7b-d75c55312825 HTTP/1.1" status: 200 len: 217 time: 0.0330405
2026-07-15 06:09:59.108 10 INFO neutron.wsgi [req-16439200-bfc3-4a9a-b23b-13fde3403147 req-11bb3a30-69d5-478c-a222-f7e1df5aa0a5 ecf185079cda43319eb868f783ee53ce cbab0bc396ce4998b990be672fbe39f9 - - d75b538e44df44d6a7a6107f8abc3b91 d75b538e44df44d6a7a6107f8abc3b91] 199.19.213.21 "GET /v2.0/subnets?id=5c1e356f-159e-4838-a77c-fb35c97cfcea HTTP/1.1" status: 200 len: 853 time: 0.0409031
2026-07-15 06:09:59.116 10 INFO neutron.db.ovn_revision_numbers_db [None req-bceb5e37-e2e9-4c25-b4a6-b028aa7fbee5 - - - - - -] Successfully bumped revision number for resource c77bd47a-e2cd-49e1-af62-fe857ffabe46 (type: router_ports) to 4
2026-07-15 06:09:59.142 10 INFO neutron.wsgi [req-16439200-bfc3-4a9a-b23b-13fde3403147 req-e2fb3d84-15c7-4835-b6f0-b61bf75163f6 ecf185079cda43319eb868f783ee53ce cbab0bc396ce4998b990be672fbe39f9 - - d75b538e44df44d6a7a6107f8abc3b91 d75b538e44df44d6a7a6107f8abc3b91] 199.19.213.21 "GET /v2.0/ports?network_id=5b4ede0d-4140-496b-87e3-e8c26a97b693&device_owner=network%3Adhcp HTTP/1.1" status: 200 len: 210 time: 0.0257568
2026-07-15 06:09:59.244 10 INFO neutron.wsgi [req-16439200-bfc3-4a9a-b23b-13fde3403147 req-e84c46bd-db6d-44ff-954f-0e3e89b23551 ecf185079cda43319eb868f783ee53ce cbab0bc396ce4998b990be672fbe39f9 - - d75b538e44df44d6a7a6107f8abc3b91 d75b538e44df44d6a7a6107f8abc3b91] 199.19.213.21 "GET /v2.0/networks/5b4ede0d-4140-496b-87e3-e8c26a97b693?fields=segments HTTP/1.1" status: 200 len: 212 time: 0.0939274
2026-07-15 06:09:59.251 10 INFO neutron.plugins.ml2.drivers.ovn.mech_driver.mech_driver [None req-bceb5e37-e2e9-4c25-b4a6-b028aa7fbee5 - - - - - -] OVN reports status up for port: 57524f21-88c4-4e3a-b6bc-4eb00c74ea3a
2026-07-15 06:09:59.261 9 INFO neutron.db.ovn_revision_numbers_db [None req-9636f075-5c4a-4bff-ae5a-d3208eaaedf0 - - - - - -] Successfully bumped revision number for resource c5c08141-2f11-4a7b-97c3-f1c035b78116 (type: router_ports) to 3
2026-07-15 06:09:59.271 10 INFO neutron.plugins.ml2.plugin [None req-bceb5e37-e2e9-4c25-b4a6-b028aa7fbee5 - - - - - -] Attempt 1 to provision port 57524f21-88c4-4e3a-b6bc-4eb00c74ea3a
2026-07-15 06:09:59.350 10 INFO neutron.wsgi [req-16439200-bfc3-4a9a-b23b-13fde3403147 req-a2e6e104-5d4d-4742-b877-c89efe283e36 ecf185079cda43319eb868f783ee53ce cbab0bc396ce4998b990be672fbe39f9 - - d75b538e44df44d6a7a6107f8abc3b91 d75b538e44df44d6a7a6107f8abc3b91] 199.19.213.21 "GET /v2.0/networks/5b4ede0d-4140-496b-87e3-e8c26a97b693?fields=provider%3Aphysical_network&fields=provider%3Anetwork_type HTTP/1.1" status: 200 len: 277 time: 0.0923791
2026-07-15 06:09:59.381 9 WARNING neutron.scheduler.dhcp_agent_scheduler [None req-ffd035ed-0d40-45f2-99bf-a3c290fcb387 bc890da7b1e045df99b7fb40a936d507 524d02558d484f44874de52b6ff81980 - - - -] No more DHCP agents
2026-07-15 06:09:59.385 9 WARNING neutron.api.rpc.agentnotifiers.dhcp_rpc_agent_api [None req-ffd035ed-0d40-45f2-99bf-a3c290fcb387 bc890da7b1e045df99b7fb40a936d507 524d02558d484f44874de52b6ff81980 - - - -] Unable to schedule network a16ac738-5a72-43a9-b022-ba02c83ad37e: no agents available; will retry on subsequent port and subnet creation events.
2026-07-15 06:09:59.594 10 INFO neutron.wsgi [None req-b0e461fb-d212-4d28-99bd-e5fc91c8a09e 0da6c80d60f54d37b08bf2728e147bbf 131dd7ad3488415e91a3a6e17b85182f - - - -] 10.0.0.166 "DELETE /v2.0/routers/7eee832c-60a8-45aa-ba39-f7b409b81071 HTTP/1.1" status: 204 len: 168 time: 1.2004287
2026-07-15 06:09:59.625 10 INFO neutron.wsgi [None req-c7e9b0dc-cbcd-42de-9b69-4094068a30fb 0da6c80d60f54d37b08bf2728e147bbf 131dd7ad3488415e91a3a6e17b85182f - - default default] 10.0.0.166 "GET /v2.0/ports?device_id=7eee832c-60a8-45aa-ba39-f7b409b81071 HTTP/1.1" status: 200 len: 205 time: 0.0236392
2026-07-15 06:09:59.658 10 INFO neutron.api.v2.resource [None req-15e7cde4-e3d3-4791-ac91-89486efeece7 0da6c80d60f54d37b08bf2728e147bbf 131dd7ad3488415e91a3a6e17b85182f - - - -] delete failed (client error): The resource could not be found.
2026-07-15 06:09:59.659 10 INFO neutron.wsgi [None req-15e7cde4-e3d3-4791-ac91-89486efeece7 0da6c80d60f54d37b08bf2728e147bbf 131dd7ad3488415e91a3a6e17b85182f - - - -] 10.0.0.166 "DELETE /v2.0/routers/7eee832c-60a8-45aa-ba39-f7b409b81071 HTTP/1.1" status: 404 len: 336 time: 0.0263650
2026-07-15 06:09:59.689 10 INFO neutron.wsgi [None req-35529b73-70ae-491f-aefd-acf35835da93 0da6c80d60f54d37b08bf2728e147bbf 131dd7ad3488415e91a3a6e17b85182f - - default default] 10.0.0.166 "GET /v2.0/ports?device_id=5a708f08-6e11-4a32-b784-8ed2bf2b654a HTTP/1.1" status: 200 len: 205 time: 0.0231452
2026-07-15 06:09:59.717 10 INFO neutron.api.v2.resource [None req-4f32d2b6-1e34-4502-8c21-235ef60154ba 0da6c80d60f54d37b08bf2728e147bbf 131dd7ad3488415e91a3a6e17b85182f - - - -] delete failed (client error): The resource could not be found.
2026-07-15 06:09:59.719 10 INFO neutron.wsgi [None req-4f32d2b6-1e34-4502-8c21-235ef60154ba 0da6c80d60f54d37b08bf2728e147bbf 131dd7ad3488415e91a3a6e17b85182f - - - -] 10.0.0.166 "DELETE /v2.0/routers/5a708f08-6e11-4a32-b784-8ed2bf2b654a HTTP/1.1" status: 404 len: 336 time: 0.0243881
2026-07-15 06:09:59.749 10 INFO neutron.wsgi [req-d5554947-5112-4e63-9615-98f678ad0cbf req-7d9fd5df-1f0e-4951-8916-e89088ab7d21 dced2ab65efe4545a9b47d9ff3f526ad 3617ef89ee794eefa1f8dea661d0a45c - - default default] 10.0.0.123 "GET /v2.0/ports?device_id=6f1cf9a8-c067-4269-ae3d-26213864e6db HTTP/1.1" status: 200 len: 1168 time: 0.0918186
2026-07-15 06:09:59.755 9 INFO neutron.pecan_wsgi.hooks.translation [None req-aa800dfa-5a9b-4f1f-9362-9dbff832fdd4 0da6c80d60f54d37b08bf2728e147bbf 131dd7ad3488415e91a3a6e17b85182f - - - -] DELETE failed (client error): The resource could not be found.
2026-07-15 06:09:59.757 9 INFO neutron.wsgi [None req-aa800dfa-5a9b-4f1f-9362-9dbff832fdd4 0da6c80d60f54d37b08bf2728e147bbf 131dd7ad3488415e91a3a6e17b85182f - - - -] 10.0.0.166 "DELETE /v2.0/subnets/deb1c9df-597e-42c9-a829-60198ca4b038 HTTP/1.1" status: 404 len: 337 time: 0.0281591
2026-07-15 06:09:59.787 9 INFO neutron.wsgi [None req-7133bcfb-6497-4265-bfae-69e22de81434 0da6c80d60f54d37b08bf2728e147bbf 131dd7ad3488415e91a3a6e17b85182f - - default default] 10.0.0.166 "GET /v2.0/ports?device_id=2204eed5-c49f-42d0-8c49-94fd659f1aad HTTP/1.1" status: 200 len: 205 time: 0.0223200
2026-07-15 06:09:59.789 9 INFO neutron.db.ovn_revision_numbers_db [None req-36ba492a-87a3-4bba-9c2a-419538565848 bc890da7b1e045df99b7fb40a936d507 524d02558d484f44874de52b6ff81980 - - - -] Successfully bumped revision number for resource c5c08141-2f11-4a7b-97c3-f1c035b78116 (type: router_ports) to 3
2026-07-15 06:09:59.791 9 INFO neutron.wsgi [None req-36ba492a-87a3-4bba-9c2a-419538565848 bc890da7b1e045df99b7fb40a936d507 524d02558d484f44874de52b6ff81980 - - - -] 10.0.0.166 "PUT /v2.0/routers/02dc985f-7f51-491a-b3a2-5b32a1e39213/add_router_interface HTTP/1.1" status: 200 len: 503 time: 3.2990403
2026-07-15 06:09:59.823 10 INFO neutron.api.v2.resource [None req-4dbe9d75-58f5-4659-8c27-28d9f9ab9825 0da6c80d60f54d37b08bf2728e147bbf 131dd7ad3488415e91a3a6e17b85182f - - - -] delete failed (client error): The resource could not be found.
2026-07-15 06:09:59.824 10 INFO neutron.wsgi [None req-4dbe9d75-58f5-4659-8c27-28d9f9ab9825 0da6c80d60f54d37b08bf2728e147bbf 131dd7ad3488415e91a3a6e17b85182f - - - -] 10.0.0.166 "DELETE /v2.0/routers/2204eed5-c49f-42d0-8c49-94fd659f1aad HTTP/1.1" status: 404 len: 336 time: 0.0334001
2026-07-15 06:09:59.827 10 INFO neutron.wsgi [req-d5554947-5112-4e63-9615-98f678ad0cbf req-26f3755d-c538-48e2-bc1b-44af4858de9f dced2ab65efe4545a9b47d9ff3f526ad 3617ef89ee794eefa1f8dea661d0a45c - - default default] 10.0.0.123 "GET /v2.0/security-groups?id=51b9e076-ac36-4a79-853f-b4ea6dc7145c&fields=id&fields=name HTTP/1.1" status: 200 len: 313 time: 0.0696275
2026-07-15 06:09:59.843 10 INFO neutron.pecan_wsgi.hooks.translation [None req-2c21c97f-f45a-4803-868b-6bff92b0c80a 0da6c80d60f54d37b08bf2728e147bbf 131dd7ad3488415e91a3a6e17b85182f - - - -] DELETE failed (client error): The resource could not be found.
2026-07-15 06:09:59.845 10 INFO neutron.wsgi [None req-2c21c97f-f45a-4803-868b-6bff92b0c80a 0da6c80d60f54d37b08bf2728e147bbf 131dd7ad3488415e91a3a6e17b85182f - - - -] 10.0.0.166 "DELETE /v2.0/subnets/4e0389f6-2572-47f7-a55d-7411f017103d HTTP/1.1" status: 404 len: 337 time: 0.0169232
2026-07-15 06:09:59.873 10 INFO neutron.wsgi [None req-52ce695b-949b-4e2a-90fc-44c8074d7703 0da6c80d60f54d37b08bf2728e147bbf 131dd7ad3488415e91a3a6e17b85182f - - default default] 10.0.0.166 "GET /v2.0/ports?device_id=9a46bff3-d3a1-4ef9-8081-0fbbe9c78bad HTTP/1.1" status: 200 len: 205 time: 0.0214708
2026-07-15 06:09:59.918 10 INFO neutron.api.v2.resource [None req-0aa2c40a-0fe6-42a5-a0d3-22fe8a35615f 0da6c80d60f54d37b08bf2728e147bbf 131dd7ad3488415e91a3a6e17b85182f - - - -] delete failed (client error): The resource could not be found.
2026-07-15 06:09:59.921 10 INFO neutron.wsgi [None req-0aa2c40a-0fe6-42a5-a0d3-22fe8a35615f 0da6c80d60f54d37b08bf2728e147bbf 131dd7ad3488415e91a3a6e17b85182f - - - -] 10.0.0.166 "DELETE /v2.0/routers/9a46bff3-d3a1-4ef9-8081-0fbbe9c78bad HTTP/1.1" status: 404 len: 336 time: 0.0425088
2026-07-15 06:09:59.949 10 INFO neutron.pecan_wsgi.hooks.translation [None req-ea8a414b-a853-4153-a2ca-aaa8c38f25e7 0da6c80d60f54d37b08bf2728e147bbf 131dd7ad3488415e91a3a6e17b85182f - - - -] DELETE failed (client error): The resource could not be found.
2026-07-15 06:09:59.949 9 INFO neutron.db.ovn_revision_numbers_db [None req-ffd035ed-0d40-45f2-99bf-a3c290fcb387 bc890da7b1e045df99b7fb40a936d507 524d02558d484f44874de52b6ff81980 - - - -] Successfully bumped revision number for resource e0303727-6436-47e7-b465-29d6ee796251 (type: ports) to 2
2026-07-15 06:09:59.951 10 INFO neutron.wsgi [None req-ea8a414b-a853-4153-a2ca-aaa8c38f25e7 0da6c80d60f54d37b08bf2728e147bbf 131dd7ad3488415e91a3a6e17b85182f - - - -] 10.0.0.166 "DELETE /v2.0/subnets/7b403104-a669-48c7-bdc0-ecda455b3265 HTTP/1.1" status: 404 len: 337 time: 0.0247493
2026-07-15 06:09:59.966 9 INFO neutron.db.ovn_revision_numbers_db [None req-ffd035ed-0d40-45f2-99bf-a3c290fcb387 bc890da7b1e045df99b7fb40a936d507 524d02558d484f44874de52b6ff81980 - - - -] Successfully bumped revision number for resource 8056c85c-452f-4ee2-b8d7-2268baa70a0f (type: subnets) to 0
2026-07-15 06:09:59.978 10 INFO neutron.pecan_wsgi.hooks.translation [None req-b02cb779-adee-47c4-8c10-7abb35d00102 0da6c80d60f54d37b08bf2728e147bbf 131dd7ad3488415e91a3a6e17b85182f - - - -] DELETE failed (client error): The resource could not be found.
2026-07-15 06:09:59.980 10 INFO neutron.wsgi [None req-b02cb779-adee-47c4-8c10-7abb35d00102 0da6c80d60f54d37b08bf2728e147bbf 131dd7ad3488415e91a3a6e17b85182f - - - -] 10.0.0.166 "DELETE /v2.0/subnets/d821cb3b-0558-47a3-99d9-72740559d59e HTTP/1.1" status: 404 len: 337 time: 0.0213580
2026-07-15 06:09:59.982 9 INFO neutron.wsgi [None req-ffd035ed-0d40-45f2-99bf-a3c290fcb387 bc890da7b1e045df99b7fb40a936d507 524d02558d484f44874de52b6ff81980 - - - -] 10.0.0.166 "POST /v2.0/subnets HTTP/1.1" status: 201 len: 865 time: 1.0498347
2026-07-15 06:10:00.501 10 WARNING neutron.scheduler.dhcp_agent_scheduler [None req-854f4ab5-8b7e-4ba2-956f-3ceb7c60c9d6 bc890da7b1e045df99b7fb40a936d507 524d02558d484f44874de52b6ff81980 - - - -] No more DHCP agents
2026-07-15 06:10:00.503 10 WARNING neutron.api.rpc.agentnotifiers.dhcp_rpc_agent_api [None req-854f4ab5-8b7e-4ba2-956f-3ceb7c60c9d6 bc890da7b1e045df99b7fb40a936d507 524d02558d484f44874de52b6ff81980 - - - -] Unable to schedule network b3058ac8-f6ab-4ab6-923b-56edb0747af6: no agents available; will retry on subsequent port and subnet creation events.
2026-07-15 06:10:00.603 9 INFO neutron.wsgi [None req-32b4d26e-7cef-448c-9217-e3fa3ec7687d bc890da7b1e045df99b7fb40a936d507 524d02558d484f44874de52b6ff81980 - - default default] 10.0.0.166 "GET /v2.0/security-groups?tenant_id=131dd7ad3488415e91a3a6e17b85182f&name=default HTTP/1.1" status: 200 len: 2996 time: 0.1724451
2026-07-15 06:10:00.671 10 INFO neutron.db.ovn_revision_numbers_db [None req-854f4ab5-8b7e-4ba2-956f-3ceb7c60c9d6 bc890da7b1e045df99b7fb40a936d507 524d02558d484f44874de52b6ff81980 - - - -] Successfully bumped revision number for resource df701509-292e-43e8-88be-d65ca309d279 (type: ports) to 1
2026-07-15 06:10:00.942 9 INFO neutron.wsgi [req-3f1d6f18-705c-4fbf-93c4-6df6a6ffb4a8 req-8af0cd5a-f68d-4de7-8175-0c3730c71f9f dced2ab65efe4545a9b47d9ff3f526ad 3617ef89ee794eefa1f8dea661d0a45c - - default default] 10.0.0.123 "GET /v2.0/ports?device_id=6f1cf9a8-c067-4269-ae3d-26213864e6db HTTP/1.1" status: 200 len: 1168 time: 0.0566111
2026-07-15 06:10:00.967 10 INFO neutron.wsgi [None req-d355cde9-7f99-4baa-a110-1fa06e64c6b9 bc890da7b1e045df99b7fb40a936d507 524d02558d484f44874de52b6ff81980 - - - -] 10.0.0.166 "DELETE /v2.0/security-groups/06ccf5a0-9a4a-4b17-b642-ef33cebf0c0e HTTP/1.1" status: 204 len: 168 time: 0.3590345
2026-07-15 06:10:00.979 9 INFO neutron.wsgi [req-3f1d6f18-705c-4fbf-93c4-6df6a6ffb4a8 req-b1a69f9b-a4be-4542-b43f-19d5b75e385b dced2ab65efe4545a9b47d9ff3f526ad 3617ef89ee794eefa1f8dea661d0a45c - - default default] 10.0.0.123 "GET /v2.0/security-groups?id=51b9e076-ac36-4a79-853f-b4ea6dc7145c&fields=id&fields=name HTTP/1.1" status: 200 len: 313 time: 0.0306003
2026-07-15 06:10:01.125 10 INFO neutron.db.ovn_revision_numbers_db [None req-bf06abb0-73e4-4765-a1d2-2e2b15ebee38 bc890da7b1e045df99b7fb40a936d507 524d02558d484f44874de52b6ff81980 - - - -] Successfully bumped revision number for resource 3b93a014-35a2-421b-bf33-da05827e559c (type: security_groups) to 1
2026-07-15 06:10:01.435 10 INFO neutron.db.segments_db [None req-bf06abb0-73e4-4765-a1d2-2e2b15ebee38 bc890da7b1e045df99b7fb40a936d507 524d02558d484f44874de52b6ff81980 - - - -] Added segment 30b1c5a3-50f0-4da7-b88a-8ab390dcfe6d of type geneve for network fe776142-d8a6-43dc-8d71-62a1ae4d35a5
2026-07-15 06:10:01.622 10 INFO neutron.db.ovn_revision_numbers_db [None req-bf06abb0-73e4-4765-a1d2-2e2b15ebee38 bc890da7b1e045df99b7fb40a936d507 524d02558d484f44874de52b6ff81980 - - - -] Successfully bumped revision number for resource fe776142-d8a6-43dc-8d71-62a1ae4d35a5 (type: networks) to 1
2026-07-15 06:10:01.669 9 INFO neutron.plugins.ml2.drivers.ovn.mech_driver.ovsdb.ovsdb_monitor [None req-9e1432ae-6d7c-4641-a008-3d856ef1ab31 - - - - - -] Router baed6638-18ae-4c49-aa52-81389d696752 is bound to host instance
2026-07-15 06:10:01.715 10 INFO neutron.db.ovn_revision_numbers_db [None req-854f4ab5-8b7e-4ba2-956f-3ceb7c60c9d6 bc890da7b1e045df99b7fb40a936d507 524d02558d484f44874de52b6ff81980 - - - -] Successfully bumped revision number for resource df701509-292e-43e8-88be-d65ca309d279 (type: router_ports) to 1
2026-07-15 06:10:01.834 10 INFO neutron.db.ovn_revision_numbers_db [None req-854f4ab5-8b7e-4ba2-956f-3ceb7c60c9d6 bc890da7b1e045df99b7fb40a936d507 524d02558d484f44874de52b6ff81980 - - - -] Successfully bumped revision number for resource baed6638-18ae-4c49-aa52-81389d696752 (type: routers) to 3
2026-07-15 06:10:01.866 10 INFO neutron.wsgi [None req-854f4ab5-8b7e-4ba2-956f-3ceb7c60c9d6 bc890da7b1e045df99b7fb40a936d507 524d02558d484f44874de52b6ff81980 - - - -] 10.0.0.166 "POST /v2.0/routers HTTP/1.1" status: 201 len: 876 time: 1.8742075
2026-07-15 06:10:01.873 10 WARNING neutron.scheduler.dhcp_agent_scheduler [None req-bf06abb0-73e4-4765-a1d2-2e2b15ebee38 bc890da7b1e045df99b7fb40a936d507 524d02558d484f44874de52b6ff81980 - - - -] No more DHCP agents
2026-07-15 06:10:01.876 10 WARNING neutron.api.rpc.agentnotifiers.dhcp_rpc_agent_api [None req-bf06abb0-73e4-4765-a1d2-2e2b15ebee38 bc890da7b1e045df99b7fb40a936d507 524d02558d484f44874de52b6ff81980 - - - -] Unable to schedule network fe776142-d8a6-43dc-8d71-62a1ae4d35a5: no agents available; will retry on subsequent port and subnet creation events.
2026-07-15 06:10:01.981 10 INFO neutron.db.ovn_revision_numbers_db [None req-bf06abb0-73e4-4765-a1d2-2e2b15ebee38 bc890da7b1e045df99b7fb40a936d507 524d02558d484f44874de52b6ff81980 - - - -] Successfully bumped revision number for resource cac59089-cf0a-4446-b61d-489f31c3a897 (type: ports) to 1
2026-07-15 06:10:02.013 10 INFO neutron.wsgi [None req-bf06abb0-73e4-4765-a1d2-2e2b15ebee38 bc890da7b1e045df99b7fb40a936d507 524d02558d484f44874de52b6ff81980 - - - -] 10.0.0.166 "POST /v2.0/networks HTTP/1.1" status: 201 len: 943 time: 1.1237166
2026-07-15 06:10:02.115 10 INFO neutron.wsgi [req-40850311-f947-42b1-9d05-58c1c8e2617a req-c31663ea-d57a-443e-a4be-b019ecf48e37 dced2ab65efe4545a9b47d9ff3f526ad 3617ef89ee794eefa1f8dea661d0a45c - - default default] 10.0.0.123 "GET /v2.0/ports?device_id=6f1cf9a8-c067-4269-ae3d-26213864e6db HTTP/1.1" status: 200 len: 1168 time: 0.0706511
2026-07-15 06:10:02.183 10 INFO neutron.wsgi [req-40850311-f947-42b1-9d05-58c1c8e2617a req-af6f4e7e-149b-419e-ba1a-de26f83a7d13 dced2ab65efe4545a9b47d9ff3f526ad 3617ef89ee794eefa1f8dea661d0a45c - - default default] 10.0.0.123 "GET /v2.0/security-groups?id=51b9e076-ac36-4a79-853f-b4ea6dc7145c&fields=id&fields=name HTTP/1.1" status: 200 len: 313 time: 0.0633302
2026-07-15 06:10:02.249 10 WARNING neutron.scheduler.dhcp_agent_scheduler [None req-97a223ce-42c2-4a70-be79-a46e85e43721 bc890da7b1e045df99b7fb40a936d507 524d02558d484f44874de52b6ff81980 - - - -] No more DHCP agents
2026-07-15 06:10:02.250 10 WARNING neutron.api.rpc.agentnotifiers.dhcp_rpc_agent_api [None req-97a223ce-42c2-4a70-be79-a46e85e43721 bc890da7b1e045df99b7fb40a936d507 524d02558d484f44874de52b6ff81980 - - - -] Unable to schedule network fe776142-d8a6-43dc-8d71-62a1ae4d35a5: no agents available; will retry on subsequent port and subnet creation events.
2026-07-15 06:10:02.436 10 INFO neutron.wsgi [-] 10.0.0.223 "GET / HTTP/1.1" status: 200 len: 247 time: 0.0011940
2026-07-15 06:10:02.438 10 INFO neutron.wsgi [-] 10.0.0.223 "GET / HTTP/1.1" status: 200 len: 247 time: 0.0014033
2026-07-15 06:10:02.562 9 INFO neutron.db.ovn_revision_numbers_db [None req-9e1432ae-6d7c-4641-a008-3d856ef1ab31 - - - - - -] Successfully bumped revision number for resource df701509-292e-43e8-88be-d65ca309d279 (type: ports) to 1
2026-07-15 06:10:02.646 9 WARNING neutron.scheduler.dhcp_agent_scheduler [None req-a2952afa-0bb8-4891-ac50-bf201cbeb0c3 bc890da7b1e045df99b7fb40a936d507 524d02558d484f44874de52b6ff81980 - - default default] No more DHCP agents
2026-07-15 06:10:02.648 9 WARNING neutron.api.rpc.agentnotifiers.dhcp_rpc_agent_api [None req-a2952afa-0bb8-4891-ac50-bf201cbeb0c3 bc890da7b1e045df99b7fb40a936d507 524d02558d484f44874de52b6ff81980 - - default default] Unable to schedule network a16ac738-5a72-43a9-b022-ba02c83ad37e: no agents available; will retry on subsequent port and subnet creation events.
2026-07-15 06:10:02.653 10 INFO neutron.db.ovn_revision_numbers_db [None req-97a223ce-42c2-4a70-be79-a46e85e43721 bc890da7b1e045df99b7fb40a936d507 524d02558d484f44874de52b6ff81980 - - - -] Successfully bumped revision number for resource cac59089-cf0a-4446-b61d-489f31c3a897 (type: ports) to 2
2026-07-15 06:10:02.667 10 INFO neutron.db.ovn_revision_numbers_db [None req-97a223ce-42c2-4a70-be79-a46e85e43721 bc890da7b1e045df99b7fb40a936d507 524d02558d484f44874de52b6ff81980 - - - -] Successfully bumped revision number for resource c3734c14-0a6a-4212-8ab5-b847db03f863 (type: subnets) to 0
2026-07-15 06:10:02.684 10 INFO neutron.wsgi [None req-97a223ce-42c2-4a70-be79-a46e85e43721 bc890da7b1e045df99b7fb40a936d507 524d02558d484f44874de52b6ff81980 - - - -] 10.0.0.166 "POST /v2.0/subnets HTTP/1.1" status: 201 len: 863 time: 0.6636548
2026-07-15 06:10:02.919 9 INFO neutron.db.ovn_revision_numbers_db [None req-a2952afa-0bb8-4891-ac50-bf201cbeb0c3 bc890da7b1e045df99b7fb40a936d507 524d02558d484f44874de52b6ff81980 - - default default] Successfully bumped revision number for resource 55ad825f-475a-49c6-a1b1-08528fc0c277 (type: ports) to 1
2026-07-15 06:10:02.976 9 INFO neutron.db.ovn_revision_numbers_db [None req-9e1432ae-6d7c-4641-a008-3d856ef1ab31 - - - - - -] Successfully bumped revision number for resource df701509-292e-43e8-88be-d65ca309d279 (type: router_ports) to 3
2026-07-15 06:10:03.114 10 INFO neutron.db.ovn_revision_numbers_db [None req-7f88dd46-a952-40ae-a14a-7009c16fec8c 4c4855f1a45f49b6b821cf67e976c39f 6ef1db2977f84414b89bed71d659cc22 - - - -] Successfully bumped revision number for resource a1b1961a-4da0-41c3-9623-c47d82dcb5c6 (type: security_groups) to 1
2026-07-15 06:10:03.165 10 INFO neutron.db.segments_db [None req-7f88dd46-a952-40ae-a14a-7009c16fec8c 4c4855f1a45f49b6b821cf67e976c39f 6ef1db2977f84414b89bed71d659cc22 - - - -] Added segment 503ec4af-79cc-474c-948b-c8fa5d070051 of type geneve for network e3ec7c99-70f5-431c-8cb9-b70ebe08c670
2026-07-15 06:10:03.293 9 INFO neutron.db.ovn_revision_numbers_db [None req-9e1432ae-6d7c-4641-a008-3d856ef1ab31 - - - - - -] Successfully bumped revision number for resource df701509-292e-43e8-88be-d65ca309d279 (type: ports) to 2
2026-07-15 06:10:03.326 10 INFO neutron.db.ovn_revision_numbers_db [None req-7f88dd46-a952-40ae-a14a-7009c16fec8c 4c4855f1a45f49b6b821cf67e976c39f 6ef1db2977f84414b89bed71d659cc22 - - - -] Successfully bumped revision number for resource e3ec7c99-70f5-431c-8cb9-b70ebe08c670 (type: networks) to 1
2026-07-15 06:10:03.413 9 INFO neutron.wsgi [req-db1a8944-76ee-4ba0-ab11-35691657f92e req-cd8d6bfe-2e29-4063-a07a-9ba1a6c4ee06 dced2ab65efe4545a9b47d9ff3f526ad 3617ef89ee794eefa1f8dea661d0a45c - - default default] 10.0.0.123 "GET /v2.0/ports?device_id=6f1cf9a8-c067-4269-ae3d-26213864e6db HTTP/1.1" status: 200 len: 1168 time: 0.1654797
2026-07-15 06:10:03.506 10 WARNING neutron.scheduler.dhcp_agent_scheduler [None req-7f88dd46-a952-40ae-a14a-7009c16fec8c 4c4855f1a45f49b6b821cf67e976c39f 6ef1db2977f84414b89bed71d659cc22 - - - -] No more DHCP agents
2026-07-15 06:10:03.508 10 WARNING neutron.api.rpc.agentnotifiers.dhcp_rpc_agent_api [None req-7f88dd46-a952-40ae-a14a-7009c16fec8c 4c4855f1a45f49b6b821cf67e976c39f 6ef1db2977f84414b89bed71d659cc22 - - - -] Unable to schedule network e3ec7c99-70f5-431c-8cb9-b70ebe08c670: no agents available; will retry on subsequent port and subnet creation events.
2026-07-15 06:10:03.577 10 INFO neutron.db.ovn_revision_numbers_db [None req-7f88dd46-a952-40ae-a14a-7009c16fec8c 4c4855f1a45f49b6b821cf67e976c39f 6ef1db2977f84414b89bed71d659cc22 - - - -] Successfully bumped revision number for resource 7e076691-573c-46d2-9698-0510ec69b4b5 (type: ports) to 1
2026-07-15 06:10:03.598 10 INFO neutron.wsgi [None req-7f88dd46-a952-40ae-a14a-7009c16fec8c 4c4855f1a45f49b6b821cf67e976c39f 6ef1db2977f84414b89bed71d659cc22 - - - -] 10.0.0.166 "POST /v2.0/networks HTTP/1.1" status: 201 len: 828 time: 0.7778823
2026-07-15 06:10:03.683 10 INFO neutron.db.segments_db [None req-c0d453b1-b396-494d-8ca5-656acd71bf91 4c4855f1a45f49b6b821cf67e976c39f 6ef1db2977f84414b89bed71d659cc22 - - - -] Added segment 7cc7eade-64be-4e59-80c7-9f4b1c90a434 of type geneve for network aecc217c-d5ef-420d-9592-53947606dbaa
2026-07-15 06:10:03.710 9 INFO neutron.wsgi [req-db1a8944-76ee-4ba0-ab11-35691657f92e req-cdff5965-aec0-440d-9576-8ca337c267f1 dced2ab65efe4545a9b47d9ff3f526ad 3617ef89ee794eefa1f8dea661d0a45c - - default default] 10.0.0.123 "GET /v2.0/security-groups?id=51b9e076-ac36-4a79-853f-b4ea6dc7145c&fields=id&fields=name HTTP/1.1" status: 200 len: 313 time: 0.2873774
2026-07-15 06:10:03.735 9 WARNING neutron.scheduler.dhcp_agent_scheduler [None req-306f875a-0d3e-48d3-bf4d-6a55fbeb4645 bc890da7b1e045df99b7fb40a936d507 524d02558d484f44874de52b6ff81980 - - - -] No more DHCP agents
2026-07-15 06:10:03.742 9 WARNING neutron.api.rpc.agentnotifiers.dhcp_rpc_agent_api [None req-306f875a-0d3e-48d3-bf4d-6a55fbeb4645 bc890da7b1e045df99b7fb40a936d507 524d02558d484f44874de52b6ff81980 - - - -] Unable to schedule network b3058ac8-f6ab-4ab6-923b-56edb0747af6: no agents available; will retry on subsequent port and subnet creation events.
2026-07-15 06:10:03.837 10 INFO neutron.db.ovn_revision_numbers_db [None req-c0d453b1-b396-494d-8ca5-656acd71bf91 4c4855f1a45f49b6b821cf67e976c39f 6ef1db2977f84414b89bed71d659cc22 - - - -] Successfully bumped revision number for resource aecc217c-d5ef-420d-9592-53947606dbaa (type: networks) to 1
2026-07-15 06:10:03.930 9 INFO neutron.db.ovn_revision_numbers_db [None req-a2952afa-0bb8-4891-ac50-bf201cbeb0c3 bc890da7b1e045df99b7fb40a936d507 524d02558d484f44874de52b6ff81980 - - default default] Successfully bumped revision number for resource 55ad825f-475a-49c6-a1b1-08528fc0c277 (type: router_ports) to 2
2026-07-15 06:10:04.000 9 INFO neutron.db.ovn_revision_numbers_db [None req-9e1432ae-6d7c-4641-a008-3d856ef1ab31 - - - - - -] Successfully bumped revision number for resource df701509-292e-43e8-88be-d65ca309d279 (type: ports) to 4
2026-07-15 06:10:04.019 9 INFO neutron.db.ovn_revision_numbers_db [None req-306f875a-0d3e-48d3-bf4d-6a55fbeb4645 bc890da7b1e045df99b7fb40a936d507 524d02558d484f44874de52b6ff81980 - - - -] Successfully bumped revision number for resource 9bdd70a2-41ef-4bad-98ba-9038b275a4e4 (type: ports) to 1
2026-07-15 06:10:04.055 10 WARNING neutron.scheduler.dhcp_agent_scheduler [None req-c0d453b1-b396-494d-8ca5-656acd71bf91 4c4855f1a45f49b6b821cf67e976c39f 6ef1db2977f84414b89bed71d659cc22 - - - -] No more DHCP agents
2026-07-15 06:10:04.057 10 WARNING neutron.api.rpc.agentnotifiers.dhcp_rpc_agent_api [None req-c0d453b1-b396-494d-8ca5-656acd71bf91 4c4855f1a45f49b6b821cf67e976c39f 6ef1db2977f84414b89bed71d659cc22 - - - -] Unable to schedule network aecc217c-d5ef-420d-9592-53947606dbaa: no agents available; will retry on subsequent port and subnet creation events.
2026-07-15 06:10:04.120 10 INFO neutron.db.ovn_revision_numbers_db [None req-c0d453b1-b396-494d-8ca5-656acd71bf91 4c4855f1a45f49b6b821cf67e976c39f 6ef1db2977f84414b89bed71d659cc22 - - - -] Successfully bumped revision number for resource 2ed41a4a-9c30-40be-b4ce-76483aa7bc9d (type: ports) to 1
2026-07-15 06:10:04.147 10 INFO neutron.wsgi [None req-c0d453b1-b396-494d-8ca5-656acd71bf91 4c4855f1a45f49b6b821cf67e976c39f 6ef1db2977f84414b89bed71d659cc22 - - - -] 10.0.0.166 "POST /v2.0/networks HTTP/1.1" status: 201 len: 829 time: 0.5441103
2026-07-15 06:10:04.177 9 INFO neutron.db.ovn_revision_numbers_db [None req-a2952afa-0bb8-4891-ac50-bf201cbeb0c3 bc890da7b1e045df99b7fb40a936d507 524d02558d484f44874de52b6ff81980 - - default default] Successfully bumped revision number for resource 55ad825f-475a-49c6-a1b1-08528fc0c277 (type: ports) to 2
2026-07-15 06:10:04.350 9 WARNING neutron.scheduler.dhcp_agent_scheduler [None req-a2952afa-0bb8-4891-ac50-bf201cbeb0c3 bc890da7b1e045df99b7fb40a936d507 524d02558d484f44874de52b6ff81980 - - default default] No more DHCP agents
2026-07-15 06:10:04.352 9 WARNING neutron.api.rpc.agentnotifiers.dhcp_rpc_agent_api [None req-a2952afa-0bb8-4891-ac50-bf201cbeb0c3 bc890da7b1e045df99b7fb40a936d507 524d02558d484f44874de52b6ff81980 - - default default] Unable to schedule network a16ac738-5a72-43a9-b022-ba02c83ad37e: no agents available; will retry on subsequent port and subnet creation events.
2026-07-15 06:10:04.393 10 WARNING neutron.plugins.ml2.drivers.ovn.mech_driver.ovsdb.ovn_client [None req-bceb5e37-e2e9-4c25-b4a6-b028aa7fbee5 - - - - - -] No port found with ID 57524f21-88c4-4e3a-b6bc-4eb00c74ea3a: RuntimeError: No port found with ID 57524f21-88c4-4e3a-b6bc-4eb00c74ea3a
2026-07-15 06:10:04.394 10 INFO neutron.plugins.ml2.drivers.ovn.mech_driver.mech_driver [None req-bceb5e37-e2e9-4c25-b4a6-b028aa7fbee5 - - - - - -] OVN reports status up for port: 656f5caf-55fa-40b9-af7b-d75c55312825
2026-07-15 06:10:04.412 10 INFO neutron.plugins.ml2.plugin [None req-bceb5e37-e2e9-4c25-b4a6-b028aa7fbee5 - - - - - -] Attempt 1 to provision port 656f5caf-55fa-40b9-af7b-d75c55312825
2026-07-15 06:10:04.443 9 WARNING neutron.plugins.ml2.drivers.ovn.mech_driver.ovsdb.ovn_client [None req-9636f075-5c4a-4bff-ae5a-d3208eaaedf0 - - - - - -] No hosting information found for port c5c08141-2f11-4a7b-97c3-f1c035b78116: RuntimeError: No hosting information found for port c5c08141-2f11-4a7b-97c3-f1c035b78116
2026-07-15 06:10:04.456 9 INFO neutron.db.ovn_revision_numbers_db [None req-9e1432ae-6d7c-4641-a008-3d856ef1ab31 - - - - - -] Successfully bumped revision number for resource df701509-292e-43e8-88be-d65ca309d279 (type: router_ports) to 4
2026-07-15 06:10:04.522 10 WARNING neutron.scheduler.dhcp_agent_scheduler [None req-587e12a3-8674-444e-9f97-39287755fd31 4c4855f1a45f49b6b821cf67e976c39f 6ef1db2977f84414b89bed71d659cc22 - - - -] No more DHCP agents
2026-07-15 06:10:04.531 10 WARNING neutron.api.rpc.agentnotifiers.dhcp_rpc_agent_api [None req-587e12a3-8674-444e-9f97-39287755fd31 4c4855f1a45f49b6b821cf67e976c39f 6ef1db2977f84414b89bed71d659cc22 - - - -] Unable to schedule network e3ec7c99-70f5-431c-8cb9-b70ebe08c670: no agents available; will retry on subsequent port and subnet creation events.
2026-07-15 06:10:04.621 10 INFO neutron.notifiers.nova [-] Nova event matching ['req-68c25844-53de-4b71-aad8-57140590fa29'] response: {'server_uuid': '6f1cf9a8-c067-4269-ae3d-26213864e6db', 'name': 'network-vif-plugged', 'status': 'completed', 'tag': '656f5caf-55fa-40b9-af7b-d75c55312825', 'code': 200}
2026-07-15 06:10:04.860 9 INFO neutron.wsgi [req-bc9e1123-c096-417f-9cb5-072da55984c4 req-c87059a5-bc29-4732-8c42-b0517aba5fa2 dced2ab65efe4545a9b47d9ff3f526ad 3617ef89ee794eefa1f8dea661d0a45c - - default default] 10.0.0.123 "GET /v2.0/ports?device_id=6f1cf9a8-c067-4269-ae3d-26213864e6db HTTP/1.1" status: 200 len: 1170 time: 0.0749123
2026-07-15 06:10:04.884 10 INFO neutron.db.ovn_revision_numbers_db [None req-bceb5e37-e2e9-4c25-b4a6-b028aa7fbee5 - - - - - -] Successfully bumped revision number for resource 656f5caf-55fa-40b9-af7b-d75c55312825 (type: ports) to 4
2026-07-15 06:10:04.942 9 INFO neutron.wsgi [req-bc9e1123-c096-417f-9cb5-072da55984c4 req-79fa2d2d-d73d-42f8-9293-7e9736393942 dced2ab65efe4545a9b47d9ff3f526ad 3617ef89ee794eefa1f8dea661d0a45c - - default default] 10.0.0.123 "GET /v2.0/security-groups?id=51b9e076-ac36-4a79-853f-b4ea6dc7145c&fields=id&fields=name HTTP/1.1" status: 200 len: 313 time: 0.0625246
2026-07-15 06:10:04.982 10 INFO neutron.plugins.ml2.drivers.ovn.mech_driver.mech_driver [None req-bceb5e37-e2e9-4c25-b4a6-b028aa7fbee5 - - - - - -] OVN reports status up for port: df701509-292e-43e8-88be-d65ca309d279
2026-07-15 06:10:05.008 10 INFO neutron.plugins.ml2.plugin [None req-bceb5e37-e2e9-4c25-b4a6-b028aa7fbee5 - - - - - -] Attempt 1 to provision port df701509-292e-43e8-88be-d65ca309d279
2026-07-15 06:10:05.163 10 INFO neutron.plugins.ml2.drivers.ovn.mech_driver.mech_driver [None req-bceb5e37-e2e9-4c25-b4a6-b028aa7fbee5 - - - - - -] OVN reports status up for port: 55ad825f-475a-49c6-a1b1-08528fc0c277
2026-07-15 06:10:05.173 10 INFO neutron.plugins.ml2.plugin [None req-bceb5e37-e2e9-4c25-b4a6-b028aa7fbee5 - - - - - -] Attempt 1 to provision port 55ad825f-475a-49c6-a1b1-08528fc0c277
2026-07-15 06:10:05.209 10 INFO neutron.plugins.ml2.drivers.ovn.mech_driver.ovsdb.ovsdb_monitor [None req-99ed6d7e-6f6e-4101-ab9e-d03c2fa9ea10 - - - - - -] Router 289b8e9b-927f-4106-aef6-109d5a46e095 is bound to host instance
2026-07-15 06:10:05.237 9 INFO neutron.db.ovn_revision_numbers_db [None req-306f875a-0d3e-48d3-bf4d-6a55fbeb4645 bc890da7b1e045df99b7fb40a936d507 524d02558d484f44874de52b6ff81980 - - - -] Successfully bumped revision number for resource 9bdd70a2-41ef-4bad-98ba-9038b275a4e4 (type: router_ports) to 1
2026-07-15 06:10:05.308 10 INFO neutron.db.ovn_revision_numbers_db [None req-587e12a3-8674-444e-9f97-39287755fd31 4c4855f1a45f49b6b821cf67e976c39f 6ef1db2977f84414b89bed71d659cc22 - - - -] Successfully bumped revision number for resource 7e076691-573c-46d2-9698-0510ec69b4b5 (type: ports) to 2
2026-07-15 06:10:05.335 9 INFO neutron.db.ovn_revision_numbers_db [None req-306f875a-0d3e-48d3-bf4d-6a55fbeb4645 bc890da7b1e045df99b7fb40a936d507 524d02558d484f44874de52b6ff81980 - - - -] Successfully bumped revision number for resource 289b8e9b-927f-4106-aef6-109d5a46e095 (type: routers) to 3
2026-07-15 06:10:05.346 10 INFO neutron.db.ovn_revision_numbers_db [None req-587e12a3-8674-444e-9f97-39287755fd31 4c4855f1a45f49b6b821cf67e976c39f 6ef1db2977f84414b89bed71d659cc22 - - - -] Successfully bumped revision number for resource cc5ca0f5-f1da-4cc7-9475-dae5a95e51d6 (type: subnets) to 0
2026-07-15 06:10:05.360 9 INFO neutron.wsgi [None req-306f875a-0d3e-48d3-bf4d-6a55fbeb4645 bc890da7b1e045df99b7fb40a936d507 524d02558d484f44874de52b6ff81980 - - - -] 10.0.0.166 "POST /v2.0/routers HTTP/1.1" status: 201 len: 874 time: 2.6733720
2026-07-15 06:10:05.376 10 INFO neutron.wsgi [None req-587e12a3-8674-444e-9f97-39287755fd31 4c4855f1a45f49b6b821cf67e976c39f 6ef1db2977f84414b89bed71d659cc22 - - - -] 10.0.0.166 "POST /v2.0/subnets HTTP/1.1" status: 201 len: 801 time: 1.2247009
2026-07-15 06:10:05.870 10 INFO neutron.db.ovn_revision_numbers_db [None req-bceb5e37-e2e9-4c25-b4a6-b028aa7fbee5 - - - - - -] Successfully bumped revision number for resource 55ad825f-475a-49c6-a1b1-08528fc0c277 (type: ports) to 3 /var/lib/openstack/lib/python3.10/site-packages/pycadf/identifier.py:71: UserWarning: Invalid uuid: neutron. To ensure interoperability, identifiers should be a valid uuid. warnings.warn(('Invalid uuid: %s. To ensure interoperability, '
2026-07-15 06:10:06.025 10 INFO neutron.db.ovn_revision_numbers_db [None req-bceb5e37-e2e9-4c25-b4a6-b028aa7fbee5 - - - - - -] Successfully bumped revision number for resource 55ad825f-475a-49c6-a1b1-08528fc0c277 (type: router_ports) to 3
2026-07-15 06:10:06.035 9 INFO neutron.wsgi [None req-a2952afa-0bb8-4891-ac50-bf201cbeb0c3 bc890da7b1e045df99b7fb40a936d507 524d02558d484f44874de52b6ff81980 - - - -] 10.0.0.166 "PUT /v2.0/routers/baed6638-18ae-4c49-aa52-81389d696752/add_router_interface HTTP/1.1" status: 200 len: 503 time: 4.1640837
2026-07-15 06:10:06.132 9 WARNING neutron.scheduler.dhcp_agent_scheduler [None req-2e9cd460-e146-49fb-96f8-053aa250b9c6 4c4855f1a45f49b6b821cf67e976c39f 6ef1db2977f84414b89bed71d659cc22 - - - -] No more DHCP agents
2026-07-15 06:10:06.137 9 WARNING neutron.api.rpc.agentnotifiers.dhcp_rpc_agent_api [None req-2e9cd460-e146-49fb-96f8-053aa250b9c6 4c4855f1a45f49b6b821cf67e976c39f 6ef1db2977f84414b89bed71d659cc22 - - - -] Unable to schedule network aecc217c-d5ef-420d-9592-53947606dbaa: no agents available; will retry on subsequent port and subnet creation events.
2026-07-15 06:10:06.157 10 INFO neutron.wsgi [req-a433fe4c-465c-444b-9091-17f247f7a1be req-a11fca19-2017-46e3-8a24-be9e720960f5 dced2ab65efe4545a9b47d9ff3f526ad 3617ef89ee794eefa1f8dea661d0a45c - - default default] 10.0.0.123 "GET /v2.0/ports?device_id=6f1cf9a8-c067-4269-ae3d-26213864e6db HTTP/1.1" status: 200 len: 1170 time: 0.1458547
2026-07-15 06:10:06.212 10 INFO neutron.wsgi [req-a433fe4c-465c-444b-9091-17f247f7a1be req-f33de722-5c93-4cc0-9c72-663cab3d21db dced2ab65efe4545a9b47d9ff3f526ad 3617ef89ee794eefa1f8dea661d0a45c - - default default] 10.0.0.123 "GET /v2.0/security-groups?id=51b9e076-ac36-4a79-853f-b4ea6dc7145c&fields=id&fields=name HTTP/1.1" status: 200 len: 313 time: 0.0472665
2026-07-15 06:10:06.249 10 INFO neutron.db.ovn_revision_numbers_db [None req-99ed6d7e-6f6e-4101-ab9e-d03c2fa9ea10 - - - - - -] Successfully bumped revision number for resource 9bdd70a2-41ef-4bad-98ba-9038b275a4e4 (type: ports) to 1
2026-07-15 06:10:06.354 9 INFO neutron.wsgi [req-7d8e6eaf-0c6f-4914-a915-26cf9a347b31 req-a8a4bc58-0c09-4cdf-b668-eb9c1abe0625 dced2ab65efe4545a9b47d9ff3f526ad 3617ef89ee794eefa1f8dea661d0a45c - - default default] 10.0.0.123 "GET /v2.0/ports?device_id=6f1cf9a8-c067-4269-ae3d-26213864e6db HTTP/1.1" status: 200 len: 1170 time: 0.0695910
2026-07-15 06:10:06.431 9 INFO neutron.wsgi [req-7d8e6eaf-0c6f-4914-a915-26cf9a347b31 req-e6572984-d51f-4d2d-bb54-2fb3e3058588 dced2ab65efe4545a9b47d9ff3f526ad 3617ef89ee794eefa1f8dea661d0a45c - - default default] 10.0.0.123 "GET /v2.0/security-groups?id=51b9e076-ac36-4a79-853f-b4ea6dc7145c&fields=id&fields=name HTTP/1.1" status: 200 len: 313 time: 0.0685792
2026-07-15 06:10:06.438 9 WARNING neutron.scheduler.dhcp_agent_scheduler [None req-687364b0-3209-4ff4-996a-ac3e3be22ea9 bc890da7b1e045df99b7fb40a936d507 524d02558d484f44874de52b6ff81980 - - default default] No more DHCP agents
2026-07-15 06:10:06.443 9 WARNING neutron.api.rpc.agentnotifiers.dhcp_rpc_agent_api [None req-687364b0-3209-4ff4-996a-ac3e3be22ea9 bc890da7b1e045df99b7fb40a936d507 524d02558d484f44874de52b6ff81980 - - default default] Unable to schedule network fe776142-d8a6-43dc-8d71-62a1ae4d35a5: no agents available; will retry on subsequent port and subnet creation events.
2026-07-15 06:10:06.515 10 INFO neutron.wsgi [None req-18a44c7c-f3ca-4da4-8a5e-c6a1c962989b c3c072ac6db547d6b9d5436ec6192268 3d45c86cf526407a8d8e353634839600 - - default default] 10.0.0.166 "GET /v2.0/ports?device_id=6f1cf9a8-c067-4269-ae3d-26213864e6db HTTP/1.1" status: 200 len: 1356 time: 0.0594621
2026-07-15 06:10:06.628 10 INFO neutron.db.ovn_revision_numbers_db [None req-99ed6d7e-6f6e-4101-ab9e-d03c2fa9ea10 - - - - - -] Successfully bumped revision number for resource 9bdd70a2-41ef-4bad-98ba-9038b275a4e4 (type: router_ports) to 3
2026-07-15 06:10:06.654 9 INFO neutron.db.ovn_revision_numbers_db [None req-687364b0-3209-4ff4-996a-ac3e3be22ea9 bc890da7b1e045df99b7fb40a936d507 524d02558d484f44874de52b6ff81980 - - default default] Successfully bumped revision number for resource 2f85e664-cf88-4ae2-8715-d56ba095365b (type: ports) to 1
2026-07-15 06:10:06.661 10 INFO neutron.notifiers.nova [-] Nova event matching ['req-03af54d3-e2b1-40bb-b133-74378d8c6fd3'] response: {'server_uuid': '6f1cf9a8-c067-4269-ae3d-26213864e6db', 'name': 'network-vif-plugged', 'status': 'completed', 'tag': '656f5caf-55fa-40b9-af7b-d75c55312825', 'code': 200}
2026-07-15 06:10:06.813 9 INFO neutron.db.ovn_revision_numbers_db [None req-2e9cd460-e146-49fb-96f8-053aa250b9c6 4c4855f1a45f49b6b821cf67e976c39f 6ef1db2977f84414b89bed71d659cc22 - - - -] Successfully bumped revision number for resource 2ed41a4a-9c30-40be-b4ce-76483aa7bc9d (type: ports) to 2
2026-07-15 06:10:06.847 9 INFO neutron.db.ovn_revision_numbers_db [None req-2e9cd460-e146-49fb-96f8-053aa250b9c6 4c4855f1a45f49b6b821cf67e976c39f 6ef1db2977f84414b89bed71d659cc22 - - - -] Successfully bumped revision number for resource 59185f76-8f22-4775-96c8-70f7df3f7012 (type: subnets) to 0
2026-07-15 06:10:06.879 9 INFO neutron.wsgi [None req-2e9cd460-e146-49fb-96f8-053aa250b9c6 4c4855f1a45f49b6b821cf67e976c39f 6ef1db2977f84414b89bed71d659cc22 - - - -] 10.0.0.166 "POST /v2.0/subnets HTTP/1.1" status: 201 len: 801 time: 1.4839745
2026-07-15 06:10:07.110 9 INFO neutron.db.ovn_revision_numbers_db [None req-61fb514f-638d-4318-8745-e116b775f1a1 4c4855f1a45f49b6b821cf67e976c39f 6ef1db2977f84414b89bed71d659cc22 - - - -] Successfully bumped revision number for resource e0d7199e-98fa-4b6a-8cb1-85ac633b3869 (type: routers) to 1
2026-07-15 06:10:07.146 9 INFO neutron.wsgi [None req-61fb514f-638d-4318-8745-e116b775f1a1 4c4855f1a45f49b6b821cf67e976c39f 6ef1db2977f84414b89bed71d659cc22 - - - -] 10.0.0.166 "POST /v2.0/routers HTTP/1.1" status: 201 len: 687 time: 0.2618117
2026-07-15 06:10:07.147 10 INFO neutron.db.ovn_revision_numbers_db [None req-34ee8353-84e5-41cc-a19a-e0647a577698 73b92846d102414aa624111ba337b43f 18acbef1ed324e389be1aa5bb90f8f1b - - - -] Successfully bumped revision number for resource 568ebaca-deb3-45a1-b143-7bd165684ac9 (type: security_groups) to 1
2026-07-15 06:10:07.179 10 INFO neutron.db.l3_db [None req-9b499073-56d2-4fc6-bc44-a05bf69dd38a dced2ab65efe4545a9b47d9ff3f526ad 3617ef89ee794eefa1f8dea661d0a45c - - - -] Floating IP 3580bc2f-5269-4d35-a77c-a224222882c1 associated. External IP: 10.96.250.202, port: 656f5caf-55fa-40b9-af7b-d75c55312825.
2026-07-15 06:10:07.206 10 INFO neutron.wsgi [None req-34ee8353-84e5-41cc-a19a-e0647a577698 73b92846d102414aa624111ba337b43f 18acbef1ed324e389be1aa5bb90f8f1b - - - -] 10.0.0.166 "POST /v2.0/security-groups HTTP/1.1" status: 201 len: 1796 time: 0.6189399
2026-07-15 06:10:07.264 10 INFO neutron.db.ovn_revision_numbers_db [None req-99ed6d7e-6f6e-4101-ab9e-d03c2fa9ea10 - - - - - -] Successfully bumped revision number for resource 9bdd70a2-41ef-4bad-98ba-9038b275a4e4 (type: ports) to 2
2026-07-15 06:10:07.297 9 INFO neutron.db.ovn_revision_numbers_db [None req-687364b0-3209-4ff4-996a-ac3e3be22ea9 bc890da7b1e045df99b7fb40a936d507 524d02558d484f44874de52b6ff81980 - - default default] Successfully bumped revision number for resource 2f85e664-cf88-4ae2-8715-d56ba095365b (type: router_ports) to 2
2026-07-15 06:10:07.453 10 INFO neutron.db.ovn_revision_numbers_db [None req-aebc2950-8207-4e8d-9385-12bb78e237cb 73b92846d102414aa624111ba337b43f 18acbef1ed324e389be1aa5bb90f8f1b - - - -] Successfully bumped revision number for resource cee0fce7-caeb-4103-bee2-ac50c65f33b9 (type: security_group_rules) to 0
2026-07-15 06:10:07.481 10 INFO neutron.db.ovn_revision_numbers_db [None req-9b499073-56d2-4fc6-bc44-a05bf69dd38a dced2ab65efe4545a9b47d9ff3f526ad 3617ef89ee794eefa1f8dea661d0a45c - - - -] Successfully bumped revision number for resource 3580bc2f-5269-4d35-a77c-a224222882c1 (type: floatingips) to 4
2026-07-15 06:10:07.490 9 INFO neutron.db.ovn_revision_numbers_db [None req-687364b0-3209-4ff4-996a-ac3e3be22ea9 bc890da7b1e045df99b7fb40a936d507 524d02558d484f44874de52b6ff81980 - - default default] Successfully bumped revision number for resource 2f85e664-cf88-4ae2-8715-d56ba095365b (type: ports) to 2
2026-07-15 06:10:07.513 10 INFO neutron.wsgi [None req-aebc2950-8207-4e8d-9385-12bb78e237cb 73b92846d102414aa624111ba337b43f 18acbef1ed324e389be1aa5bb90f8f1b - - - -] 10.0.0.166 "POST /v2.0/security-group-rules HTTP/1.1" status: 201 len: 764 time: 0.3015497
2026-07-15 06:10:07.606 10 INFO neutron.db.ovn_revision_numbers_db [None req-9b499073-56d2-4fc6-bc44-a05bf69dd38a dced2ab65efe4545a9b47d9ff3f526ad 3617ef89ee794eefa1f8dea661d0a45c - - - -] Successfully bumped revision number for resource 3580bc2f-5269-4d35-a77c-a224222882c1 (type: floatingips) to 5
2026-07-15 06:10:07.634 10 INFO neutron.wsgi [None req-9b499073-56d2-4fc6-bc44-a05bf69dd38a dced2ab65efe4545a9b47d9ff3f526ad 3617ef89ee794eefa1f8dea661d0a45c - - - -] 10.0.0.166 "PUT /v2.0/floatingips/3580bc2f-5269-4d35-a77c-a224222882c1 HTTP/1.1" status: 200 len: 1049 time: 1.1132820
2026-07-15 06:10:07.636 10 INFO neutron.db.ovn_revision_numbers_db [None req-99ed6d7e-6f6e-4101-ab9e-d03c2fa9ea10 - - - - - -] Successfully bumped revision number for resource 9bdd70a2-41ef-4bad-98ba-9038b275a4e4 (type: ports) to 4
2026-07-15 06:10:07.690 10 INFO neutron.wsgi [None req-fc1f8f35-b229-44ac-9885-047da1c0a3f6 dced2ab65efe4545a9b47d9ff3f526ad 3617ef89ee794eefa1f8dea661d0a45c - - default default] 10.0.0.166 "GET /v2.0/floatingips/3580bc2f-5269-4d35-a77c-a224222882c1 HTTP/1.1" status: 200 len: 1051 time: 0.0499222
2026-07-15 06:10:07.836 9 WARNING neutron.scheduler.dhcp_agent_scheduler [None req-687364b0-3209-4ff4-996a-ac3e3be22ea9 bc890da7b1e045df99b7fb40a936d507 524d02558d484f44874de52b6ff81980 - - default default] No more DHCP agents
2026-07-15 06:10:07.842 9 WARNING neutron.api.rpc.agentnotifiers.dhcp_rpc_agent_api [None req-687364b0-3209-4ff4-996a-ac3e3be22ea9 bc890da7b1e045df99b7fb40a936d507 524d02558d484f44874de52b6ff81980 - - default default] Unable to schedule network fe776142-d8a6-43dc-8d71-62a1ae4d35a5: no agents available; will retry on subsequent port and subnet creation events.
2026-07-15 06:10:07.860 9 WARNING neutron.scheduler.dhcp_agent_scheduler [None req-b0813ac0-29b1-4824-ba2f-4ca6d99dbc71 4c4855f1a45f49b6b821cf67e976c39f 6ef1db2977f84414b89bed71d659cc22 - - default default] No more DHCP agents
2026-07-15 06:10:07.865 9 WARNING neutron.api.rpc.agentnotifiers.dhcp_rpc_agent_api [None req-b0813ac0-29b1-4824-ba2f-4ca6d99dbc71 4c4855f1a45f49b6b821cf67e976c39f 6ef1db2977f84414b89bed71d659cc22 - - default default] Unable to schedule network e3ec7c99-70f5-431c-8cb9-b70ebe08c670: no agents available; will retry on subsequent port and subnet creation events.
2026-07-15 06:10:07.889 10 INFO neutron.db.ovn_revision_numbers_db [None req-99ed6d7e-6f6e-4101-ab9e-d03c2fa9ea10 - - - - - -] Successfully bumped revision number for resource 9bdd70a2-41ef-4bad-98ba-9038b275a4e4 (type: router_ports) to 4
2026-07-15 06:10:07.992 9 INFO neutron.db.ovn_revision_numbers_db [None req-36f05063-e8ad-415e-856d-9b05afaafead 73b92846d102414aa624111ba337b43f 18acbef1ed324e389be1aa5bb90f8f1b - - - -] Successfully bumped revision number for resource a208cbfa-d539-43e9-8e80-c608fdb1cdaf (type: security_group_rules) to 0
2026-07-15 06:10:08.046 9 INFO neutron.wsgi [None req-36f05063-e8ad-415e-856d-9b05afaafead 73b92846d102414aa624111ba337b43f 18acbef1ed324e389be1aa5bb90f8f1b - - - -] 10.0.0.166 "POST /v2.0/security-group-rules HTTP/1.1" status: 201 len: 769 time: 0.5209415
2026-07-15 06:10:08.131 9 INFO neutron.db.ovn_revision_numbers_db [None req-b0813ac0-29b1-4824-ba2f-4ca6d99dbc71 4c4855f1a45f49b6b821cf67e976c39f 6ef1db2977f84414b89bed71d659cc22 - - default default] Successfully bumped revision number for resource 73c8a865-3f2d-4e64-a54a-df5bfd8f5983 (type: ports) to 1
2026-07-15 06:10:08.581 9 WARNING neutron.scheduler.dhcp_agent_scheduler [None req-8e9680e2-660b-418b-bec8-b239fbed5f7f 73b92846d102414aa624111ba337b43f 18acbef1ed324e389be1aa5bb90f8f1b - - - -] No more DHCP agents
2026-07-15 06:10:08.586 9 WARNING neutron.api.rpc.agentnotifiers.dhcp_rpc_agent_api [None req-8e9680e2-660b-418b-bec8-b239fbed5f7f 73b92846d102414aa624111ba337b43f 18acbef1ed324e389be1aa5bb90f8f1b - - - -] Unable to schedule network b3058ac8-f6ab-4ab6-923b-56edb0747af6: no agents available; will retry on subsequent port and subnet creation events.
2026-07-15 06:10:08.726 10 INFO neutron.notifiers.nova [-] Nova event matching ['req-7045dfee-1bb9-408d-9c8e-14169393bf0e'] response: {'name': 'network-changed', 'server_uuid': '6f1cf9a8-c067-4269-ae3d-26213864e6db', 'tag': '656f5caf-55fa-40b9-af7b-d75c55312825', 'status': 'completed', 'code': 200}
2026-07-15 06:10:08.792 10 INFO neutron.wsgi [req-a0e3ae0a-5abb-4ec9-9989-f96e6f402651 req-0bfbc844-c29f-4761-81a2-abcc113cbb44 ecf185079cda43319eb868f783ee53ce cbab0bc396ce4998b990be672fbe39f9 - - d75b538e44df44d6a7a6107f8abc3b91 d75b538e44df44d6a7a6107f8abc3b91] 199.19.213.21 "GET /v2.0/ports?tenant_id=3617ef89ee794eefa1f8dea661d0a45c&device_id=6f1cf9a8-c067-4269-ae3d-26213864e6db HTTP/1.1" status: 200 len: 1361 time: 0.0448833
2026-07-15 06:10:08.861 10 INFO neutron.wsgi [req-a0e3ae0a-5abb-4ec9-9989-f96e6f402651 req-39b4f2e4-efbc-442e-a42f-94459852fb18 ecf185079cda43319eb868f783ee53ce cbab0bc396ce4998b990be672fbe39f9 - - d75b538e44df44d6a7a6107f8abc3b91 d75b538e44df44d6a7a6107f8abc3b91] 199.19.213.21 "GET /v2.0/networks?id=5b4ede0d-4140-496b-87e3-e8c26a97b693 HTTP/1.1" status: 200 len: 958 time: 0.0624759
2026-07-15 06:10:08.936 10 INFO neutron.wsgi [req-a0e3ae0a-5abb-4ec9-9989-f96e6f402651 req-641d6a6c-4936-4054-af31-ff25eacb5cd3 ecf185079cda43319eb868f783ee53ce cbab0bc396ce4998b990be672fbe39f9 - - d75b538e44df44d6a7a6107f8abc3b91 d75b538e44df44d6a7a6107f8abc3b91] 199.19.213.21 "GET /v2.0/floatingips?fixed_ip_address=10.100.0.9&port_id=656f5caf-55fa-40b9-af7b-d75c55312825 HTTP/1.1" status: 200 len: 1059 time: 0.0676193
2026-07-15 06:10:08.994 10 INFO neutron.wsgi [req-a0e3ae0a-5abb-4ec9-9989-f96e6f402651 req-6ee5e5a6-17a6-4bc7-9d17-3a4e372cfb8c ecf185079cda43319eb868f783ee53ce cbab0bc396ce4998b990be672fbe39f9 - - d75b538e44df44d6a7a6107f8abc3b91 d75b538e44df44d6a7a6107f8abc3b91] 199.19.213.21 "GET /v2.0/subnets?id=5c1e356f-159e-4838-a77c-fb35c97cfcea HTTP/1.1" status: 200 len: 853 time: 0.0447583
2026-07-15 06:10:09.019 9 INFO neutron.plugins.ml2.drivers.ovn.mech_driver.mech_driver [None req-9636f075-5c4a-4bff-ae5a-d3208eaaedf0 - - - - - -] OVN reports status up for port: 73c8a865-3f2d-4e64-a54a-df5bfd8f5983
2026-07-15 06:10:09.026 10 INFO neutron.wsgi [req-a0e3ae0a-5abb-4ec9-9989-f96e6f402651 req-a1b352e8-054d-4ef8-8884-907ccccb1267 ecf185079cda43319eb868f783ee53ce cbab0bc396ce4998b990be672fbe39f9 - - d75b538e44df44d6a7a6107f8abc3b91 d75b538e44df44d6a7a6107f8abc3b91] 199.19.213.21 "GET /v2.0/ports?network_id=5b4ede0d-4140-496b-87e3-e8c26a97b693&device_owner=network%3Adhcp HTTP/1.1" status: 200 len: 210 time: 0.0265532
2026-07-15 06:10:09.040 9 INFO neutron.plugins.ml2.plugin [None req-9636f075-5c4a-4bff-ae5a-d3208eaaedf0 - - - - - -] Attempt 1 to provision port 73c8a865-3f2d-4e64-a54a-df5bfd8f5983
