2026-07-15 06:10:40.519 9 INFO neutron.wsgi [None req-5def62a7-952f-430c-8d3a-6f7dfeb36692 bc890da7b1e045df99b7fb40a936d507 524d02558d484f44874de52b6ff81980 - - default default] 10.0.0.166 "GET /v2.0/security-groups?tenant_id=1e41eff79792461d972915a0107846d2&name=default HTTP/1.1" status: 200 len: 2996 time: 0.1244938
2026-07-15 06:10:40.527 10 INFO neutron.wsgi [None req-1bae4268-704a-40ae-ad08-4111ad9b4f6e bc890da7b1e045df99b7fb40a936d507 524d02558d484f44874de52b6ff81980 - - default default] 10.0.0.166 "GET /v2.0/security-groups?tenant_id=6ef1db2977f84414b89bed71d659cc22&name=default HTTP/1.1" status: 200 len: 2996 time: 0.1974154
2026-07-15 06:10:40.687 9 INFO neutron.wsgi [None req-f22faefb-beb3-44c7-ac09-0067edd34a06 bc890da7b1e045df99b7fb40a936d507 524d02558d484f44874de52b6ff81980 - - - -] 10.0.0.166 "DELETE /v2.0/security-groups/7b4abcce-88ed-4574-909c-ca371590fb50 HTTP/1.1" status: 204 len: 168 time: 0.1644530
2026-07-15 06:10:40.707 10 INFO neutron.wsgi [None req-1bf9d016-c14a-48af-8c2d-41cffd88ecbd bc890da7b1e045df99b7fb40a936d507 524d02558d484f44874de52b6ff81980 - - - -] 10.0.0.166 "DELETE /v2.0/security-groups/a1b1961a-4da0-41c3-9623-c47d82dcb5c6 HTTP/1.1" status: 204 len: 168 time: 0.1751361
2026-07-15 06:10:40.826 10 INFO neutron.wsgi [None req-d700103e-ad9c-41bc-ad04-7f5a86dec7d1 bd91ff63cc394f448ba6454035a4cde0 33b1d09920644c478d2b0797132e02e4 - - - -] 10.0.0.166 "DELETE /v2.0/security-groups/ad186863-dc30-4ec9-93f3-b88ee0b2b0bb HTTP/1.1" status: 204 len: 168 time: 0.1011698
2026-07-15 06:10:40.839 10 INFO neutron.api.v2.resource [None req-db1f3781-c494-4ac8-8945-d2e0a786ee59 bd91ff63cc394f448ba6454035a4cde0 33b1d09920644c478d2b0797132e02e4 - - default default] show failed (client error): The resource could not be found.
2026-07-15 06:10:40.841 10 INFO neutron.wsgi [None req-db1f3781-c494-4ac8-8945-d2e0a786ee59 bd91ff63cc394f448ba6454035a4cde0 33b1d09920644c478d2b0797132e02e4 - - default default] 10.0.0.166 "GET /v2.0/security-groups/ad186863-dc30-4ec9-93f3-b88ee0b2b0bb HTTP/1.1" status: 404 len: 347 time: 0.0104275
2026-07-15 06:10:40.869 9 INFO neutron.db.ovn_revision_numbers_db [None req-a5013c3c-d963-41ab-b720-7ab3120f9d8e bc890da7b1e045df99b7fb40a936d507 524d02558d484f44874de52b6ff81980 - - default default] Successfully bumped revision number for resource 3d59262f-7712-49ab-9393-7c26a31b0ef7 (type: security_groups) to 1
2026-07-15 06:10:40.891 9 INFO neutron.wsgi [None req-a5013c3c-d963-41ab-b720-7ab3120f9d8e bc890da7b1e045df99b7fb40a936d507 524d02558d484f44874de52b6ff81980 - - default default] 10.0.0.166 "GET /v2.0/security-groups?tenant_id=bf81572a245147b79437212a5634c9fb&name=default HTTP/1.1" status: 200 len: 2996 time: 0.1114411
2026-07-15 06:10:41.082 9 INFO neutron.wsgi [None req-5e155ac0-d678-42c5-8d3a-1c24479a68c3 bc890da7b1e045df99b7fb40a936d507 524d02558d484f44874de52b6ff81980 - - - -] 10.0.0.166 "DELETE /v2.0/security-groups/3d59262f-7712-49ab-9393-7c26a31b0ef7 HTTP/1.1" status: 204 len: 168 time: 0.1864250
2026-07-15 06:10:41.201 10 INFO neutron.wsgi [None req-ddb6cccc-893c-467b-9dd8-67327c736c7d bd91ff63cc394f448ba6454035a4cde0 33b1d09920644c478d2b0797132e02e4 - - - -] 10.0.0.166 "DELETE /v2.0/floatingips/238d541a-4dbc-4b68-843d-7b4b1703fbaf HTTP/1.1" status: 204 len: 168 time: 0.3563566
2026-07-15 06:10:41.355 9 INFO neutron.db.ovn_revision_numbers_db [None req-836572a0-9cfc-485c-b348-f49a96130e51 bc890da7b1e045df99b7fb40a936d507 524d02558d484f44874de52b6ff81980 - - default default] Successfully bumped revision number for resource be844a05-e985-4994-8846-a493e3633f11 (type: security_groups) to 1
2026-07-15 06:10:41.362 10 INFO neutron.wsgi [None req-367d1648-0299-4362-a586-73273c1cc657 bd91ff63cc394f448ba6454035a4cde0 33b1d09920644c478d2b0797132e02e4 - - - -] 10.0.0.166 "DELETE /v2.0/security-groups/756a3766-5517-4572-a0c3-3bc18daeca99 HTTP/1.1" status: 204 len: 168 time: 0.1560147
2026-07-15 06:10:41.389 9 INFO neutron.wsgi [None req-836572a0-9cfc-485c-b348-f49a96130e51 bc890da7b1e045df99b7fb40a936d507 524d02558d484f44874de52b6ff81980 - - default default] 10.0.0.166 "GET /v2.0/security-groups?tenant_id=26b86bf4718b4fd797dc13f158ed39f8&name=default HTTP/1.1" status: 200 len: 2996 time: 0.1296899
2026-07-15 06:10:41.572 9 INFO neutron.wsgi [None req-3d1a182d-682e-4d79-bd58-daa24a304b7e bc890da7b1e045df99b7fb40a936d507 524d02558d484f44874de52b6ff81980 - - - -] 10.0.0.166 "DELETE /v2.0/security-groups/be844a05-e985-4994-8846-a493e3633f11 HTTP/1.1" status: 204 len: 168 time: 0.1773798
2026-07-15 06:10:42.180 9 WARNING neutron.plugins.ml2.drivers.ovn.mech_driver.ovsdb.ovn_client [None req-9636f075-5c4a-4bff-ae5a-d3208eaaedf0 - - - - - -] No port found with ID 611d4727-de88-4584-b648-2f8f29f58d06: RuntimeError: No port found with ID 611d4727-de88-4584-b648-2f8f29f58d06
2026-07-15 06:10:42.181 9 INFO neutron.plugins.ml2.drivers.ovn.mech_driver.mech_driver [None req-9636f075-5c4a-4bff-ae5a-d3208eaaedf0 - - - - - -] OVN reports status down for port: ed8b55c3-e933-4763-8401-0540f2a6172b
2026-07-15 06:10:42.524 10 INFO neutron.wsgi [None req-3da06813-bdb9-443a-a2f9-d5a3b4a8b7f4 bc890da7b1e045df99b7fb40a936d507 524d02558d484f44874de52b6ff81980 - - - -] 10.0.0.166 "PUT /v2.0/routers/02dc985f-7f51-491a-b3a2-5b32a1e39213/remove_router_interface HTTP/1.1" status: 200 len: 503 time: 1.1182570 /var/lib/openstack/lib/python3.10/site-packages/pycadf/identifier.py:71: UserWarning: Invalid uuid: neutron. To ensure interoperability, identifiers should be a valid uuid. warnings.warn(('Invalid uuid: %s. To ensure interoperability, '
2026-07-15 06:10:43.426 10 INFO neutron.wsgi [None req-18d57355-edfd-4075-9d48-0998321f0db9 bc890da7b1e045df99b7fb40a936d507 524d02558d484f44874de52b6ff81980 - - - -] 10.0.0.166 "DELETE /v2.0/routers/02dc985f-7f51-491a-b3a2-5b32a1e39213 HTTP/1.1" status: 204 len: 168 time: 0.8972330
2026-07-15 06:10:43.651 10 INFO neutron.wsgi [None req-45de31c1-0650-460a-978a-627974c6ebd0 bc890da7b1e045df99b7fb40a936d507 524d02558d484f44874de52b6ff81980 - - - -] 10.0.0.166 "DELETE /v2.0/subnets/f3fce3b9-123d-4c0c-93ea-27f6fbcbcbb0 HTTP/1.1" status: 204 len: 168 time: 0.2199893
2026-07-15 06:10:44.063 9 INFO neutron.services.segments.plugin [-] Segment 006e7ba7-98b8-47b7-906b-2f3444f6b506 resource provider aggregate not found
2026-07-15 06:10:44.069 9 INFO neutron.services.segments.plugin [-] Segment 006e7ba7-98b8-47b7-906b-2f3444f6b506 resource provider aggregate not found
2026-07-15 06:10:44.083 9 INFO neutron.services.segments.plugin [-] Segment 006e7ba7-98b8-47b7-906b-2f3444f6b506 resource provider not found; error: Placement Client Error (4xx): {"errors": [{"status": 404, "title": "Not Found", "detail": "The resource could not be found.\n\n No resource provider with uuid 006e7ba7-98b8-47b7-906b-2f3444f6b506 found for delete ", "request_id": "req-ef267bd2-b92c-4bb6-b086-c60aaa7a7175"}]}
2026-07-15 06:10:44.084 9 INFO neutron.services.segments.plugin [-] Segment 006e7ba7-98b8-47b7-906b-2f3444f6b506 resource provider not found; error: Placement Client Error (4xx): {"errors": [{"status": 404, "title": "Not Found", "detail": "The resource could not be found.\n\n No resource provider with uuid 006e7ba7-98b8-47b7-906b-2f3444f6b506 found for delete ", "request_id": "req-822610a7-ceb2-4e91-b1d1-d6707a4db633"}]}
2026-07-15 06:10:44.100 9 INFO neutron.wsgi [None req-4cf4f4b6-2595-4197-9cd1-5c7983512cac bc890da7b1e045df99b7fb40a936d507 524d02558d484f44874de52b6ff81980 - - - -] 10.0.0.166 "DELETE /v2.0/networks/4b902099-743e-446d-8db6-7a7d13705fe7 HTTP/1.1" status: 204 len: 168 time: 0.4415870
2026-07-15 06:10:45.163 10 INFO neutron.wsgi [None req-324541a2-10df-4a03-98b6-08eb1fbf0a09 bc890da7b1e045df99b7fb40a936d507 524d02558d484f44874de52b6ff81980 - - - -] 10.0.0.166 "PUT /v2.0/routers/289b8e9b-927f-4106-aef6-109d5a46e095/remove_router_interface HTTP/1.1" status: 200 len: 503 time: 1.0577509
2026-07-15 06:10:45.568 9 INFO neutron.db.ovn_revision_numbers_db [None req-69591cb8-e480-43a5-8e04-c271875f65d7 bc890da7b1e045df99b7fb40a936d507 524d02558d484f44874de52b6ff81980 - - default default] Successfully bumped revision number for resource a08368f0-9c60-431b-bce2-1fa56f153a9c (type: security_groups) to 1
2026-07-15 06:10:45.610 9 INFO neutron.wsgi [None req-69591cb8-e480-43a5-8e04-c271875f65d7 bc890da7b1e045df99b7fb40a936d507 524d02558d484f44874de52b6ff81980 - - default default] 10.0.0.166 "GET /v2.0/security-groups?tenant_id=dae04415ed344f23830ee767181c5212&name=default HTTP/1.1" status: 200 len: 2996 time: 0.4093335 /var/lib/openstack/lib/python3.10/site-packages/pycadf/identifier.py:71: UserWarning: Invalid uuid: neutron. To ensure interoperability, identifiers should be a valid uuid. warnings.warn(('Invalid uuid: %s. To ensure interoperability, '
2026-07-15 06:10:45.780 10 INFO neutron.wsgi [None req-c77e7957-0566-4391-a74b-8262485c351e bc890da7b1e045df99b7fb40a936d507 524d02558d484f44874de52b6ff81980 - - - -] 10.0.0.166 "DELETE /v2.0/security-groups/a08368f0-9c60-431b-bce2-1fa56f153a9c HTTP/1.1" status: 204 len: 168 time: 0.1607332
2026-07-15 06:10:45.874 9 INFO neutron.wsgi [None req-d47d967b-96c8-46e6-9fb7-b73f2b3982ae 897ea29f5f8546908516599aaa1ee15b a4a577320b7b4f749d1a88ea0f687e6d - - - -] 10.0.0.166 "POST /v2.0/qos/policies HTTP/1.1" status: 201 len: 558 time: 0.1418774
2026-07-15 06:10:45.928 9 INFO neutron.wsgi [None req-87ac2374-04f0-4c69-ae3f-dab6bf150c88 bc890da7b1e045df99b7fb40a936d507 524d02558d484f44874de52b6ff81980 - - - -] 10.0.0.166 "DELETE /v2.0/routers/289b8e9b-927f-4106-aef6-109d5a46e095 HTTP/1.1" status: 204 len: 168 time: 0.7593443
2026-07-15 06:10:45.951 10 INFO neutron.wsgi [None req-c250c24e-db55-4a17-81f7-add3b42fc389 897ea29f5f8546908516599aaa1ee15b a4a577320b7b4f749d1a88ea0f687e6d - - - -] 10.0.0.166 "POST /v2.0/qos/policies HTTP/1.1" status: 201 len: 558 time: 0.0702598
2026-07-15 06:10:46.009 10 INFO neutron.db.ovn_revision_numbers_db [None req-9a5c44ea-0856-4710-963e-cf558af7f6ce bc890da7b1e045df99b7fb40a936d507 524d02558d484f44874de52b6ff81980 - - default default] Successfully bumped revision number for resource 0dfebe00-546d-4b64-8ec4-64cc973dd01a (type: security_groups) to 1
2026-07-15 06:10:46.026 9 INFO neutron.wsgi [None req-7b6b9b0a-9170-4703-b4ce-6a09ef21a035 897ea29f5f8546908516599aaa1ee15b a4a577320b7b4f749d1a88ea0f687e6d - - - -] 10.0.0.166 "POST /v2.0/qos/policies HTTP/1.1" status: 201 len: 558 time: 0.0679319
2026-07-15 06:10:46.034 10 INFO neutron.wsgi [None req-9a5c44ea-0856-4710-963e-cf558af7f6ce bc890da7b1e045df99b7fb40a936d507 524d02558d484f44874de52b6ff81980 - - default default] 10.0.0.166 "GET /v2.0/security-groups?tenant_id=e2c75c89a0a84b77891e57b750a1c643&name=default HTTP/1.1" status: 200 len: 2996 time: 0.1613452
2026-07-15 06:10:46.074 10 INFO neutron.wsgi [None req-4a259f1c-d4a2-4b06-aa8c-8601830803c4 897ea29f5f8546908516599aaa1ee15b a4a577320b7b4f749d1a88ea0f687e6d - - - -] 10.0.0.166 "POST /v2.0/qos/policies HTTP/1.1" status: 201 len: 558 time: 0.0426078
2026-07-15 06:10:46.116 10 INFO neutron.wsgi [None req-75f8d571-9fbd-478e-bbce-67be3a2a86d6 897ea29f5f8546908516599aaa1ee15b a4a577320b7b4f749d1a88ea0f687e6d - - - -] 10.0.0.166 "POST /v2.0/qos/policies HTTP/1.1" status: 201 len: 558 time: 0.0382392
2026-07-15 06:10:46.149 10 INFO neutron.wsgi [None req-84a6aa53-e917-4867-89c3-40ab5521b8cb 897ea29f5f8546908516599aaa1ee15b a4a577320b7b4f749d1a88ea0f687e6d - - - -] 10.0.0.166 "PUT /v2.0/policies/66452b18-1068-499f-9d3a-6845be044b1e/tags HTTP/1.1" status: 200 len: 210 time: 0.0283301
2026-07-15 06:10:46.160 9 INFO neutron.wsgi [None req-85650522-5521-42e6-ba4e-e84f4b4bff17 bc890da7b1e045df99b7fb40a936d507 524d02558d484f44874de52b6ff81980 - - - -] 10.0.0.166 "DELETE /v2.0/subnets/c3734c14-0a6a-4212-8ab5-b847db03f863 HTTP/1.1" status: 204 len: 168 time: 0.2258584
2026-07-15 06:10:46.182 10 INFO neutron.wsgi [None req-9a1f50a0-c804-4257-8949-56bbdea75d6c 897ea29f5f8546908516599aaa1ee15b a4a577320b7b4f749d1a88ea0f687e6d - - - -] 10.0.0.166 "PUT /v2.0/policies/56a2fa10-4cc5-4bc2-be5d-269f7be2a650/tags HTTP/1.1" status: 200 len: 218 time: 0.0279005
2026-07-15 06:10:46.211 10 INFO neutron.wsgi [None req-dbe24f69-883a-44ec-bf33-ae10b68c1183 897ea29f5f8546908516599aaa1ee15b a4a577320b7b4f749d1a88ea0f687e6d - - - -] 10.0.0.166 "PUT /v2.0/policies/d8a99f8f-5877-4786-8975-8e67e53fba47/tags HTTP/1.1" status: 200 len: 227 time: 0.0259347
2026-07-15 06:10:46.221 10 INFO neutron.wsgi [None req-f47c0a0b-2886-4d25-8ddf-c367c3707961 bc890da7b1e045df99b7fb40a936d507 524d02558d484f44874de52b6ff81980 - - - -] 10.0.0.166 "DELETE /v2.0/security-groups/0dfebe00-546d-4b64-8ec4-64cc973dd01a HTTP/1.1" status: 204 len: 168 time: 0.1809924
2026-07-15 06:10:46.248 9 INFO neutron.wsgi [None req-1e39abe4-7795-4212-b7b3-99b57380021a 897ea29f5f8546908516599aaa1ee15b a4a577320b7b4f749d1a88ea0f687e6d - - - -] 10.0.0.166 "PUT /v2.0/policies/929fa5dc-e9ba-461a-a3d0-3de82bf18107/tags HTTP/1.1" status: 200 len: 212 time: 0.0294416
2026-07-15 06:10:46.497 9 INFO neutron.services.segments.plugin [-] Segment 30b1c5a3-50f0-4da7-b88a-8ab390dcfe6d resource provider aggregate not found
2026-07-15 06:10:46.503 9 INFO neutron.services.segments.plugin [-] Segment 30b1c5a3-50f0-4da7-b88a-8ab390dcfe6d resource provider aggregate not found
2026-07-15 06:10:46.519 9 INFO neutron.services.segments.plugin [-] Segment 30b1c5a3-50f0-4da7-b88a-8ab390dcfe6d resource provider not found; error: Placement Client Error (4xx): {"errors": [{"status": 404, "title": "Not Found", "detail": "The resource could not be found.\n\n No resource provider with uuid 30b1c5a3-50f0-4da7-b88a-8ab390dcfe6d found for delete ", "request_id": "req-5d3867c5-10bd-46d8-870a-f319ad8ca993"}]}
2026-07-15 06:10:46.524 9 INFO neutron.services.segments.plugin [-] Segment 30b1c5a3-50f0-4da7-b88a-8ab390dcfe6d resource provider not found; error: Placement Client Error (4xx): {"errors": [{"status": 404, "title": "Not Found", "detail": "The resource could not be found.\n\n No resource provider with uuid 30b1c5a3-50f0-4da7-b88a-8ab390dcfe6d found for delete ", "request_id": "req-3efd1d9a-1482-420f-81ba-e8ca44d00b4e"}]}
2026-07-15 06:10:46.534 9 INFO neutron.wsgi [None req-3a884540-b242-4c8d-aaaa-057817f5876d bc890da7b1e045df99b7fb40a936d507 524d02558d484f44874de52b6ff81980 - - - -] 10.0.0.166 "DELETE /v2.0/networks/fe776142-d8a6-43dc-8d71-62a1ae4d35a5 HTTP/1.1" status: 204 len: 168 time: 0.3704762
2026-07-15 06:10:46.863 10 INFO neutron.wsgi [None req-e8d60321-b0ee-41fd-ac6a-9cdcd51a73ea bc890da7b1e045df99b7fb40a936d507 524d02558d484f44874de52b6ff81980 - - default default] 10.0.0.166 "GET /v2.0/security-groups?tenant_id=c63f4648b6ae490383fe4e22f1dcbc7a&name=default HTTP/1.1" status: 200 len: 2996 time: 0.0325518
2026-07-15 06:10:46.916 9 INFO neutron.wsgi [None req-d04bd4b8-b18e-4c52-9346-4c95b81d37b3 8dea05a4ab444e8d986481a89ba4f313 03e44e5457de46fd99638427b80d587a - - default default] 10.0.0.166 "GET /v2.0/qos/policies?tags=red HTTP/1.1" status: 200 len: 1296 time: 0.3078678
2026-07-15 06:10:46.983 9 INFO neutron.wsgi [None req-401134fb-c97e-45e0-90e0-63c2fac77400 8dea05a4ab444e8d986481a89ba4f313 03e44e5457de46fd99638427b80d587a - - default default] 10.0.0.166 "GET /v2.0/qos/policies?tags=red%2Cblue HTTP/1.1" status: 200 len: 941 time: 0.0628746
2026-07-15 06:10:47.053 9 INFO neutron.wsgi [None req-3d4368ab-46a9-4786-98eb-b4111f8e035c 8dea05a4ab444e8d986481a89ba4f313 03e44e5457de46fd99638427b80d587a - - default default] 10.0.0.166 "GET /v2.0/qos/policies?tags-any=blue HTTP/1.1" status: 200 len: 941 time: 0.0592680
2026-07-15 06:10:47.069 10 INFO neutron.wsgi [None req-1638ec18-daaa-403d-9026-262161c637ff bc890da7b1e045df99b7fb40a936d507 524d02558d484f44874de52b6ff81980 - - - -] 10.0.0.166 "DELETE /v2.0/security-groups/3b93a014-35a2-421b-bf33-da05827e559c HTTP/1.1" status: 204 len: 168 time: 0.1969721
2026-07-15 06:10:47.127 9 INFO neutron.wsgi [None req-6e92cd39-6f71-45d1-9db9-d69eb4d8c5c3 8dea05a4ab444e8d986481a89ba4f313 03e44e5457de46fd99638427b80d587a - - default default] 10.0.0.166 "GET /v2.0/qos/policies?tags-any=red%2Cblue HTTP/1.1" status: 200 len: 1296 time: 0.0698774
2026-07-15 06:10:47.199 9 INFO neutron.wsgi [None req-560a475d-7dd7-4e02-91b1-d457397a7686 bc890da7b1e045df99b7fb40a936d507 524d02558d484f44874de52b6ff81980 - - default default] 10.0.0.166 "GET /v2.0/security-groups?tenant_id=33b1d09920644c478d2b0797132e02e4&name=default HTTP/1.1" status: 200 len: 2996 time: 0.0381434
2026-07-15 06:10:47.203 9 INFO neutron.wsgi [req-654edcd6-6a3c-46cd-870b-d6b50071011c req-3b0f1bc4-8386-4c4d-81d9-c797801b55b5 ecf185079cda43319eb868f783ee53ce cbab0bc396ce4998b990be672fbe39f9 - - d75b538e44df44d6a7a6107f8abc3b91 d75b538e44df44d6a7a6107f8abc3b91] 10.0.0.252 "GET /v2.0/ports?device_id=54f6188d-d265-4210-a314-25a3a2d27d54 HTTP/1.1" status: 200 len: 1365 time: 0.0324700
2026-07-15 06:10:47.217 9 INFO neutron.wsgi [None req-114edda3-53ad-40a6-9e21-323a4da68293 8dea05a4ab444e8d986481a89ba4f313 03e44e5457de46fd99638427b80d587a - - default default] 10.0.0.166 "GET /v2.0/qos/policies?not-tags=red HTTP/1.1" status: 200 len: 913 time: 0.0850885
2026-07-15 06:10:47.246 9 INFO neutron.wsgi [req-654edcd6-6a3c-46cd-870b-d6b50071011c req-9987704f-5409-4542-b3e7-f99dc6131b24 ecf185079cda43319eb868f783ee53ce cbab0bc396ce4998b990be672fbe39f9 - - d75b538e44df44d6a7a6107f8abc3b91 d75b538e44df44d6a7a6107f8abc3b91] 10.0.0.252 "GET /v2.0/security-groups?id=568ebaca-deb3-45a1-b143-7bd165684ac9&fields=id&fields=name HTTP/1.1" status: 200 len: 313 time: 0.0372176
2026-07-15 06:10:47.291 9 INFO neutron.wsgi [None req-15124a0e-94fe-4e22-be0a-50ef564c8148 8dea05a4ab444e8d986481a89ba4f313 03e44e5457de46fd99638427b80d587a - - default default] 10.0.0.166 "GET /v2.0/qos/policies?not-tags=red%2Cblue HTTP/1.1" status: 200 len: 1268 time: 0.0693471
2026-07-15 06:10:47.402 10 INFO neutron.wsgi [None req-6bf8760a-e6e6-478a-91ab-8b017356b347 8dea05a4ab444e8d986481a89ba4f313 03e44e5457de46fd99638427b80d587a - - default default] 10.0.0.166 "GET /v2.0/qos/policies?not-tags-any=blue HTTP/1.1" status: 200 len: 1268 time: 0.1004484
2026-07-15 06:10:47.405 10 INFO neutron.wsgi [None req-c12cc8c1-b7e0-466d-90e7-7615226b68e2 bc890da7b1e045df99b7fb40a936d507 524d02558d484f44874de52b6ff81980 - - - -] 10.0.0.166 "DELETE /v2.0/security-groups/5e8d72f7-7212-4d3a-9bcf-ad341dc218cb HTTP/1.1" status: 204 len: 168 time: 0.2006230
2026-07-15 06:10:47.436 10 INFO neutron.wsgi [-] 10.0.0.223 "GET / HTTP/1.1" status: 200 len: 247 time: 0.0019732
2026-07-15 06:10:47.438 10 INFO neutron.wsgi [-] 10.0.0.223 "GET / HTTP/1.1" status: 200 len: 247 time: 0.0013020
2026-07-15 06:10:47.458 9 INFO neutron.wsgi [None req-e0da298f-086b-430c-b871-56378913248e 8dea05a4ab444e8d986481a89ba4f313 03e44e5457de46fd99638427b80d587a - - default default] 10.0.0.166 "GET /v2.0/qos/policies?not-tags-any=red%2Cblue HTTP/1.1" status: 200 len: 913 time: 0.0525217
2026-07-15 06:10:47.528 9 INFO neutron.wsgi [None req-4a3732ac-c480-4493-bb76-ce4eb8c56fb9 897ea29f5f8546908516599aaa1ee15b a4a577320b7b4f749d1a88ea0f687e6d - - - -] 10.0.0.166 "DELETE /v2.0/qos/policies/66452b18-1068-499f-9d3a-6845be044b1e HTTP/1.1" status: 204 len: 168 time: 0.0636845
2026-07-15 06:10:47.577 9 INFO neutron.wsgi [None req-bcb32a1a-7001-4efb-8218-044d664657cb 897ea29f5f8546908516599aaa1ee15b a4a577320b7b4f749d1a88ea0f687e6d - - - -] 10.0.0.166 "DELETE /v2.0/qos/policies/56a2fa10-4cc5-4bc2-be5d-269f7be2a650 HTTP/1.1" status: 204 len: 168 time: 0.0455346
2026-07-15 06:10:47.630 9 INFO neutron.wsgi [None req-b6708286-ca34-401d-866b-8ae81ed41c2b 897ea29f5f8546908516599aaa1ee15b a4a577320b7b4f749d1a88ea0f687e6d - - - -] 10.0.0.166 "DELETE /v2.0/qos/policies/d8a99f8f-5877-4786-8975-8e67e53fba47 HTTP/1.1" status: 204 len: 168 time: 0.0474863
2026-07-15 06:10:47.682 9 INFO neutron.wsgi [None req-a442c090-108c-4d48-b760-5fb0fad33716 897ea29f5f8546908516599aaa1ee15b a4a577320b7b4f749d1a88ea0f687e6d - - - -] 10.0.0.166 "DELETE /v2.0/qos/policies/929fa5dc-e9ba-461a-a3d0-3de82bf18107 HTTP/1.1" status: 204 len: 168 time: 0.0466216
2026-07-15 06:10:47.753 9 INFO neutron.wsgi [None req-10c7b8be-e346-46fa-9c70-9b501cda32d7 897ea29f5f8546908516599aaa1ee15b a4a577320b7b4f749d1a88ea0f687e6d - - - -] 10.0.0.166 "DELETE /v2.0/qos/policies/ee934c0d-480b-41f2-ad2f-9ff0d316f410 HTTP/1.1" status: 204 len: 168 time: 0.0665574
2026-07-15 06:10:48.686 10 INFO neutron.db.ovn_revision_numbers_db [None req-cd444f21-1272-430d-937e-e77871bb822d bc890da7b1e045df99b7fb40a936d507 524d02558d484f44874de52b6ff81980 - - default default] Successfully bumped revision number for resource ade7761b-4e38-4d39-879b-154a2b66697d (type: security_groups) to 1
2026-07-15 06:10:48.707 10 INFO neutron.wsgi [None req-cd444f21-1272-430d-937e-e77871bb822d bc890da7b1e045df99b7fb40a936d507 524d02558d484f44874de52b6ff81980 - - default default] 10.0.0.166 "GET /v2.0/security-groups?tenant_id=03e44e5457de46fd99638427b80d587a&name=default HTTP/1.1" status: 200 len: 2996 time: 0.2269499
2026-07-15 06:10:48.930 10 INFO neutron.wsgi [None req-7715072b-bf48-48ed-be8a-d965347c7bd1 bc890da7b1e045df99b7fb40a936d507 524d02558d484f44874de52b6ff81980 - - - -] 10.0.0.166 "DELETE /v2.0/security-groups/ade7761b-4e38-4d39-879b-154a2b66697d HTTP/1.1" status: 204 len: 168 time: 0.2180243
2026-07-15 06:10:49.190 10 INFO neutron.db.ovn_revision_numbers_db [None req-849d625f-8a70-4a5d-938a-2b6e81ba9604 bc890da7b1e045df99b7fb40a936d507 524d02558d484f44874de52b6ff81980 - - default default] Successfully bumped revision number for resource 6507855f-180d-4459-8f93-cdea9c47b954 (type: security_groups) to 1
2026-07-15 06:10:49.212 10 INFO neutron.wsgi [None req-849d625f-8a70-4a5d-938a-2b6e81ba9604 bc890da7b1e045df99b7fb40a936d507 524d02558d484f44874de52b6ff81980 - - default default] 10.0.0.166 "GET /v2.0/security-groups?tenant_id=a4a577320b7b4f749d1a88ea0f687e6d&name=default HTTP/1.1" status: 200 len: 2996 time: 0.1181002
2026-07-15 06:10:49.417 10 INFO neutron.wsgi [None req-9524c8ab-e817-48df-b921-f7aa3528673a bc890da7b1e045df99b7fb40a936d507 524d02558d484f44874de52b6ff81980 - - - -] 10.0.0.166 "DELETE /v2.0/security-groups/6507855f-180d-4459-8f93-cdea9c47b954 HTTP/1.1" status: 204 len: 168 time: 0.2001796
2026-07-15 06:10:49.615 10 INFO neutron.db.ovn_revision_numbers_db [None req-195f0add-2454-417b-a3d1-fd34d2825170 bc890da7b1e045df99b7fb40a936d507 524d02558d484f44874de52b6ff81980 - - default default] Successfully bumped revision number for resource 69373348-5734-4ef7-9482-de28d4bf3d2c (type: security_groups) to 1
2026-07-15 06:10:49.638 10 INFO neutron.wsgi [None req-195f0add-2454-417b-a3d1-fd34d2825170 bc890da7b1e045df99b7fb40a936d507 524d02558d484f44874de52b6ff81980 - - default default] 10.0.0.166 "GET /v2.0/security-groups?tenant_id=309747a1611c44fbbc4a9b2f694dbbf8&name=default HTTP/1.1" status: 200 len: 2996 time: 0.1290631
2026-07-15 06:10:49.849 10 INFO neutron.wsgi [None req-d7aaf37e-d817-4303-945f-d06447de45dc bc890da7b1e045df99b7fb40a936d507 524d02558d484f44874de52b6ff81980 - - - -] 10.0.0.166 "DELETE /v2.0/security-groups/69373348-5734-4ef7-9482-de28d4bf3d2c HTTP/1.1" status: 204 len: 168 time: 0.2072728
2026-07-15 06:10:51.322 10 INFO neutron.wsgi [req-4149250b-12bc-46a9-b61f-329357160da3 req-9ab2bae9-3838-41e4-9087-7c5f56b1b31e 73b92846d102414aa624111ba337b43f 18acbef1ed324e389be1aa5bb90f8f1b - - default default] 10.0.0.123 "GET /v2.0/ports?device_id=54f6188d-d265-4210-a314-25a3a2d27d54 HTTP/1.1" status: 200 len: 1174 time: 0.1325514
2026-07-15 06:10:51.337 9 INFO neutron.db.ovn_revision_numbers_db [None req-11d83a73-6330-43d5-be9e-55db7d38f634 bc890da7b1e045df99b7fb40a936d507 524d02558d484f44874de52b6ff81980 - - default default] Successfully bumped revision number for resource d0cd2162-8dbc-4f5e-9675-f163b342ed45 (type: security_groups) to 1
2026-07-15 06:10:51.364 9 INFO neutron.wsgi [None req-11d83a73-6330-43d5-be9e-55db7d38f634 bc890da7b1e045df99b7fb40a936d507 524d02558d484f44874de52b6ff81980 - - default default] 10.0.0.166 "GET /v2.0/security-groups?tenant_id=ff66b33b136447579caee862b8196918&name=default HTTP/1.1" status: 200 len: 2996 time: 0.3175807
2026-07-15 06:10:51.364 10 INFO neutron.wsgi [req-4149250b-12bc-46a9-b61f-329357160da3 req-3c18e081-4399-4507-b7d9-c8ecb78f80ab 73b92846d102414aa624111ba337b43f 18acbef1ed324e389be1aa5bb90f8f1b - - default default] 10.0.0.123 "GET /v2.0/security-groups?id=568ebaca-deb3-45a1-b143-7bd165684ac9&fields=id&fields=name HTTP/1.1" status: 200 len: 313 time: 0.0325553
2026-07-15 06:10:51.588 10 INFO neutron.wsgi [None req-7a55ce15-4e66-4c5e-8c47-12f3a074424d bc890da7b1e045df99b7fb40a936d507 524d02558d484f44874de52b6ff81980 - - - -] 10.0.0.166 "DELETE /v2.0/security-groups/d0cd2162-8dbc-4f5e-9675-f163b342ed45 HTTP/1.1" status: 204 len: 168 time: 0.2133834
2026-07-15 06:10:51.597 10 INFO neutron.wsgi [req-26cc8f0a-6d0e-44f3-852e-ce451a50ed24 req-9941ed2d-720d-4f46-ac8f-32d46e0d4b64 73b92846d102414aa624111ba337b43f 18acbef1ed324e389be1aa5bb90f8f1b - - default default] 10.0.0.123 "GET /v2.0/ports?device_id=54f6188d-d265-4210-a314-25a3a2d27d54 HTTP/1.1" status: 200 len: 1174 time: 0.0471413
2026-07-15 06:10:51.613 9 INFO neutron.plugins.ml2.drivers.ovn.mech_driver.mech_driver [None req-9636f075-5c4a-4bff-ae5a-d3208eaaedf0 - - - - - -] OVN reports status down for port: a7b9fad2-c00f-4c7d-bbad-7eb057f5bef1
2026-07-15 06:10:51.641 10 INFO neutron.wsgi [req-26cc8f0a-6d0e-44f3-852e-ce451a50ed24 req-80c4decf-0690-44af-b779-4f78d8ca87ce 73b92846d102414aa624111ba337b43f 18acbef1ed324e389be1aa5bb90f8f1b - - default default] 10.0.0.123 "GET /v2.0/security-groups?id=568ebaca-deb3-45a1-b143-7bd165684ac9&fields=id&fields=name HTTP/1.1" status: 200 len: 313 time: 0.0386004
2026-07-15 06:10:51.735 9 INFO neutron.notifiers.nova [-] Nova event matching ['req-9da1c3d0-5a83-47bc-b779-afa59186c14d'] response: {'server_uuid': '54f6188d-d265-4210-a314-25a3a2d27d54', 'name': 'network-vif-unplugged', 'status': 'completed', 'tag': 'a7b9fad2-c00f-4c7d-bbad-7eb057f5bef1', 'code': 200}
2026-07-15 06:10:52.064 10 INFO neutron.db.ovn_revision_numbers_db [None req-7319deaf-b45b-4d59-bd52-430f4c77d51a 2781288ff8844f819e7cc2bc7b52abaa 64b1374992ca46aea8a24ba940ce0b00 - - - -] Successfully bumped revision number for resource 4edb1a43-ac15-4874-9557-ccfaf110300a (type: security_groups) to 1
2026-07-15 06:10:52.114 10 INFO neutron.db.segments_db [None req-7319deaf-b45b-4d59-bd52-430f4c77d51a 2781288ff8844f819e7cc2bc7b52abaa 64b1374992ca46aea8a24ba940ce0b00 - - - -] Added segment bd7fd281-7cb5-4dbb-ad2e-5ac2e464620f of type geneve for network b8d7f969-4963-473d-a46b-62a96512da53
2026-07-15 06:10:52.174 9 INFO neutron.wsgi [req-a666861f-4b3c-4bc2-8b7b-b2731088a0f2 req-872d20d6-0ee7-4ecc-a8a7-3003a19f68d3 73b92846d102414aa624111ba337b43f 18acbef1ed324e389be1aa5bb90f8f1b - - default default] 199.19.213.21 "GET /v2.0/ports?device_id=54f6188d-d265-4210-a314-25a3a2d27d54 HTTP/1.1" status: 200 len: 1172 time: 0.1195602
2026-07-15 06:10:52.176 9 INFO neutron.db.ovn_revision_numbers_db [None req-9636f075-5c4a-4bff-ae5a-d3208eaaedf0 - - - - - -] Successfully bumped revision number for resource a7b9fad2-c00f-4c7d-bbad-7eb057f5bef1 (type: ports) to 7
2026-07-15 06:10:52.187 9 INFO neutron.db.ovn_revision_numbers_db [None req-e9140c1c-a65c-46a3-92da-0bfb5bb3aade bc890da7b1e045df99b7fb40a936d507 524d02558d484f44874de52b6ff81980 - - default default] Successfully bumped revision number for resource 75d242d5-af50-4555-9629-d8e3a2cc7ead (type: security_groups) to 1
2026-07-15 06:10:52.228 9 INFO neutron.wsgi [None req-e9140c1c-a65c-46a3-92da-0bfb5bb3aade bc890da7b1e045df99b7fb40a936d507 524d02558d484f44874de52b6ff81980 - - default default] 10.0.0.166 "GET /v2.0/security-groups?tenant_id=20456f33b22741b295165042b0bfc57a&name=default HTTP/1.1" status: 200 len: 2996 time: 0.4489293
2026-07-15 06:10:52.255 10 INFO neutron.db.ovn_revision_numbers_db [None req-7319deaf-b45b-4d59-bd52-430f4c77d51a 2781288ff8844f819e7cc2bc7b52abaa 64b1374992ca46aea8a24ba940ce0b00 - - - -] Successfully bumped revision number for resource b8d7f969-4963-473d-a46b-62a96512da53 (type: networks) to 1
2026-07-15 06:10:52.446 10 WARNING neutron.scheduler.dhcp_agent_scheduler [None req-7319deaf-b45b-4d59-bd52-430f4c77d51a 2781288ff8844f819e7cc2bc7b52abaa 64b1374992ca46aea8a24ba940ce0b00 - - - -] No more DHCP agents
2026-07-15 06:10:52.450 10 WARNING neutron.api.rpc.agentnotifiers.dhcp_rpc_agent_api [None req-7319deaf-b45b-4d59-bd52-430f4c77d51a 2781288ff8844f819e7cc2bc7b52abaa 64b1374992ca46aea8a24ba940ce0b00 - - - -] Unable to schedule network b8d7f969-4963-473d-a46b-62a96512da53: no agents available; will retry on subsequent port and subnet creation events.
2026-07-15 06:10:52.494 9 INFO neutron.db.l3_db [None req-4038c9fa-7282-4ec4-97ef-64a48b9f0a50 73b92846d102414aa624111ba337b43f 18acbef1ed324e389be1aa5bb90f8f1b - - - -] Floating IP 8a5adbdc-a739-4eb4-af8e-d930856825f7 disassociated. External IP: 10.96.250.217, port: a7b9fad2-c00f-4c7d-bbad-7eb057f5bef1.
2026-07-15 06:10:52.553 10 INFO neutron.db.ovn_revision_numbers_db [None req-7319deaf-b45b-4d59-bd52-430f4c77d51a 2781288ff8844f819e7cc2bc7b52abaa 64b1374992ca46aea8a24ba940ce0b00 - - - -] Successfully bumped revision number for resource 90b28b07-cf3b-4cb1-954f-9f2a1576bb6e (type: ports) to 1
2026-07-15 06:10:52.575 10 INFO neutron.wsgi [None req-5c40b7ba-f632-478f-8230-af093eab6e71 bc890da7b1e045df99b7fb40a936d507 524d02558d484f44874de52b6ff81980 - - - -] 10.0.0.166 "DELETE /v2.0/security-groups/75d242d5-af50-4555-9629-d8e3a2cc7ead HTTP/1.1" status: 204 len: 168 time: 0.3440452
2026-07-15 06:10:52.580 10 INFO neutron.wsgi [None req-7319deaf-b45b-4d59-bd52-430f4c77d51a 2781288ff8844f819e7cc2bc7b52abaa 64b1374992ca46aea8a24ba940ce0b00 - - - -] 10.0.0.166 "POST /v2.0/networks HTTP/1.1" status: 201 len: 929 time: 0.8123465 /var/lib/openstack/lib/python3.10/site-packages/pycadf/identifier.py:71: UserWarning: Invalid uuid: neutron. To ensure interoperability, identifiers should be a valid uuid. warnings.warn(('Invalid uuid: %s. To ensure interoperability, '
2026-07-15 06:10:52.674 9 INFO neutron.wsgi [None req-4038c9fa-7282-4ec4-97ef-64a48b9f0a50 73b92846d102414aa624111ba337b43f 18acbef1ed324e389be1aa5bb90f8f1b - - - -] 199.19.213.21 "DELETE /v2.0/ports/a7b9fad2-c00f-4c7d-bbad-7eb057f5bef1 HTTP/1.1" status: 204 len: 173 time: 0.4953179
2026-07-15 06:10:52.751 10 INFO neutron.wsgi [req-fe8dd8b6-ceff-4df0-83ad-c7a9a66575a3 req-911ed411-7019-40d4-8837-b6ec0e4c169f 73b92846d102414aa624111ba337b43f 18acbef1ed324e389be1aa5bb90f8f1b - - default default] 10.0.0.123 "GET /v2.0/ports?device_id=54f6188d-d265-4210-a314-25a3a2d27d54 HTTP/1.1" status: 200 len: 210 time: 0.0318007
2026-07-15 06:10:52.758 10 WARNING neutron.scheduler.dhcp_agent_scheduler [None req-7228e7a8-7654-4a8a-a4b8-8bf70959a138 2781288ff8844f819e7cc2bc7b52abaa 64b1374992ca46aea8a24ba940ce0b00 - - - -] No more DHCP agents
2026-07-15 06:10:52.763 10 WARNING neutron.api.rpc.agentnotifiers.dhcp_rpc_agent_api [None req-7228e7a8-7654-4a8a-a4b8-8bf70959a138 2781288ff8844f819e7cc2bc7b52abaa 64b1374992ca46aea8a24ba940ce0b00 - - - -] Unable to schedule network b8d7f969-4963-473d-a46b-62a96512da53: no agents available; will retry on subsequent port and subnet creation events.
2026-07-15 06:10:53.439 10 INFO neutron.db.ovn_revision_numbers_db [None req-7228e7a8-7654-4a8a-a4b8-8bf70959a138 2781288ff8844f819e7cc2bc7b52abaa 64b1374992ca46aea8a24ba940ce0b00 - - - -] Successfully bumped revision number for resource 90b28b07-cf3b-4cb1-954f-9f2a1576bb6e (type: ports) to 2
2026-07-15 06:10:53.453 10 INFO neutron.db.ovn_revision_numbers_db [None req-7228e7a8-7654-4a8a-a4b8-8bf70959a138 2781288ff8844f819e7cc2bc7b52abaa 64b1374992ca46aea8a24ba940ce0b00 - - - -] Successfully bumped revision number for resource fa7d15ff-785e-43e4-a076-0be333487380 (type: subnets) to 0
2026-07-15 06:10:53.468 10 INFO neutron.wsgi [None req-7228e7a8-7654-4a8a-a4b8-8bf70959a138 2781288ff8844f819e7cc2bc7b52abaa 64b1374992ca46aea8a24ba940ce0b00 - - - -] 10.0.0.166 "POST /v2.0/subnets HTTP/1.1" status: 201 len: 819 time: 0.8820310
2026-07-15 06:10:53.481 10 WARNING neutron.api.v2.base [None req-8e35eb47-60d4-43a0-96df-ea68bed46f28 2781288ff8844f819e7cc2bc7b52abaa 64b1374992ca46aea8a24ba940ce0b00 - - - -] An exception happened while processing the request body. The exception message is [Invalid input for target_tenant. Reason: 'None' is not a valid string.].: webob.exc.HTTPBadRequest: Invalid input for target_tenant. Reason: 'None' is not a valid string.
2026-07-15 06:10:53.482 10 INFO neutron.api.v2.resource [None req-8e35eb47-60d4-43a0-96df-ea68bed46f28 2781288ff8844f819e7cc2bc7b52abaa 64b1374992ca46aea8a24ba940ce0b00 - - - -] create failed (client error): Invalid input for target_tenant. Reason: 'None' is not a valid string.
2026-07-15 06:10:53.483 10 INFO neutron.wsgi [None req-8e35eb47-60d4-43a0-96df-ea68bed46f28 2781288ff8844f819e7cc2bc7b52abaa 64b1374992ca46aea8a24ba940ce0b00 - - - -] 10.0.0.166 "POST /v2.0/rbac-policies HTTP/1.1" status: 400 len: 346 time: 0.0075409
2026-07-15 06:10:53.773 9 INFO neutron.notifiers.nova [-] Nova event matching ['req-1e164b62-e7ac-46d4-9786-6ddc67beefb3'] response: {'server_uuid': '54f6188d-d265-4210-a314-25a3a2d27d54', 'name': 'network-vif-plugged', 'status': 'completed', 'tag': 'a7b9fad2-c00f-4c7d-bbad-7eb057f5bef1', 'code': 200}
2026-07-15 06:10:53.773 9 INFO neutron.notifiers.nova [-] Nova event matching ['req-1e164b62-e7ac-46d4-9786-6ddc67beefb3'] response: {'server_uuid': '54f6188d-d265-4210-a314-25a3a2d27d54', 'name': 'network-vif-deleted', 'tag': 'a7b9fad2-c00f-4c7d-bbad-7eb057f5bef1', 'status': 'completed', 'code': 200} /var/lib/openstack/lib/python3.10/site-packages/pycadf/identifier.py:71: UserWarning: Invalid uuid: neutron. To ensure interoperability, identifiers should be a valid uuid. warnings.warn(('Invalid uuid: %s. To ensure interoperability, '
2026-07-15 06:10:53.975 9 INFO neutron.wsgi [None req-e099547e-5d97-4d7c-9965-cf324f0a0212 73b92846d102414aa624111ba337b43f 18acbef1ed324e389be1aa5bb90f8f1b - - - -] 10.0.0.166 "DELETE /v2.0/security-groups/568ebaca-deb3-45a1-b143-7bd165684ac9 HTTP/1.1" status: 204 len: 168 time: 0.1277561
2026-07-15 06:10:54.005 10 INFO neutron.api.v2.resource [None req-d7b14006-14a5-4179-b324-5deb707ff25d 73b92846d102414aa624111ba337b43f 18acbef1ed324e389be1aa5bb90f8f1b - - default default] show failed (client error): The resource could not be found.
2026-07-15 06:10:54.006 10 INFO neutron.wsgi [None req-d7b14006-14a5-4179-b324-5deb707ff25d 73b92846d102414aa624111ba337b43f 18acbef1ed324e389be1aa5bb90f8f1b - - default default] 10.0.0.166 "GET /v2.0/security-groups/568ebaca-deb3-45a1-b143-7bd165684ac9 HTTP/1.1" status: 404 len: 347 time: 0.0263371
2026-07-15 06:10:54.013 10 INFO neutron.services.segments.plugin [-] Segment bd7fd281-7cb5-4dbb-ad2e-5ac2e464620f resource provider aggregate not found
2026-07-15 06:10:54.033 10 INFO neutron.services.segments.plugin [-] Segment bd7fd281-7cb5-4dbb-ad2e-5ac2e464620f resource provider aggregate not found
2026-07-15 06:10:54.044 10 INFO neutron.services.segments.plugin [-] Segment bd7fd281-7cb5-4dbb-ad2e-5ac2e464620f resource provider not found; error: Placement Client Error (4xx): {"errors": [{"status": 404, "title": "Not Found", "detail": "The resource could not be found.\n\n No resource provider with uuid bd7fd281-7cb5-4dbb-ad2e-5ac2e464620f found for delete ", "request_id": "req-20c7ab6a-425f-4cd8-a846-ddad53fecdda"}]}
2026-07-15 06:10:54.065 10 INFO neutron.wsgi [None req-7ad98743-e473-4edc-ba97-a05f0e58dcd9 2781288ff8844f819e7cc2bc7b52abaa 64b1374992ca46aea8a24ba940ce0b00 - - - -] 10.0.0.166 "DELETE /v2.0/networks/b8d7f969-4963-473d-a46b-62a96512da53 HTTP/1.1" status: 204 len: 168 time: 0.5763006
2026-07-15 06:10:54.074 10 INFO neutron.services.segments.plugin [-] Segment bd7fd281-7cb5-4dbb-ad2e-5ac2e464620f resource provider not found; error: Placement Client Error (4xx): {"errors": [{"status": 404, "title": "Not Found", "detail": "The resource could not be found.\n\n No resource provider with uuid bd7fd281-7cb5-4dbb-ad2e-5ac2e464620f found for delete ", "request_id": "req-8a2446ac-cf8b-4969-a0fc-8ad8b6f99cf4"}]}
2026-07-15 06:10:54.184 9 INFO neutron.db.segments_db [None req-30f224da-b58c-4bc7-ad31-2905e63be1a2 2781288ff8844f819e7cc2bc7b52abaa 64b1374992ca46aea8a24ba940ce0b00 - - - -] Added segment 3d166483-e4ef-4af6-8f34-39d5ff35edfb of type geneve for network df2a7a4f-6219-40b5-b532-f68d12e713be
2026-07-15 06:10:54.350 9 INFO neutron.db.ovn_revision_numbers_db [None req-30f224da-b58c-4bc7-ad31-2905e63be1a2 2781288ff8844f819e7cc2bc7b52abaa 64b1374992ca46aea8a24ba940ce0b00 - - - -] Successfully bumped revision number for resource df2a7a4f-6219-40b5-b532-f68d12e713be (type: networks) to 1
2026-07-15 06:10:54.436 10 INFO neutron.db.ovn_revision_numbers_db [None req-65d44acf-f103-4093-84c2-d802e923c48d 182a2fca21354d369438fa741cea948a 7d853036443e472e906745ca967fe919 - - - -] Successfully bumped revision number for resource 11978535-3490-446c-b6f1-27bd04d4a3ac (type: security_groups) to 1
2026-07-15 06:10:54.460 9 INFO neutron.wsgi [None req-0bbfb579-6130-48fa-9e68-ce9e1ad6ef08 73b92846d102414aa624111ba337b43f 18acbef1ed324e389be1aa5bb90f8f1b - - - -] 10.0.0.166 "DELETE /v2.0/floatingips/8a5adbdc-a739-4eb4-af8e-d930856825f7 HTTP/1.1" status: 204 len: 168 time: 0.4484386
2026-07-15 06:10:54.517 9 WARNING neutron.scheduler.dhcp_agent_scheduler [None req-30f224da-b58c-4bc7-ad31-2905e63be1a2 2781288ff8844f819e7cc2bc7b52abaa 64b1374992ca46aea8a24ba940ce0b00 - - - -] No more DHCP agents
2026-07-15 06:10:54.520 9 WARNING neutron.api.rpc.agentnotifiers.dhcp_rpc_agent_api [None req-30f224da-b58c-4bc7-ad31-2905e63be1a2 2781288ff8844f819e7cc2bc7b52abaa 64b1374992ca46aea8a24ba940ce0b00 - - - -] Unable to schedule network df2a7a4f-6219-40b5-b532-f68d12e713be: no agents available; will retry on subsequent port and subnet creation events.
2026-07-15 06:10:54.548 10 INFO neutron.db.ovn_revision_numbers_db [None req-65d44acf-f103-4093-84c2-d802e923c48d 182a2fca21354d369438fa741cea948a 7d853036443e472e906745ca967fe919 - - - -] Successfully bumped revision number for resource 5689f9a9-b5fb-447d-9f85-1494bc49ecd8 (type: security_groups) to 1
2026-07-15 06:10:54.581 10 INFO neutron.wsgi [None req-65d44acf-f103-4093-84c2-d802e923c48d 182a2fca21354d369438fa741cea948a 7d853036443e472e906745ca967fe919 - - - -] 10.0.0.166 "POST /v2.0/security-groups HTTP/1.1" status: 201 len: 1737 time: 0.4211233
2026-07-15 06:10:54.585 9 INFO neutron.db.ovn_revision_numbers_db [None req-30f224da-b58c-4bc7-ad31-2905e63be1a2 2781288ff8844f819e7cc2bc7b52abaa 64b1374992ca46aea8a24ba940ce0b00 - - - -] Successfully bumped revision number for resource baed5b4d-c67b-4932-b543-7d31972527bf (type: ports) to 1
2026-07-15 06:10:54.605 9 INFO neutron.wsgi [None req-30f224da-b58c-4bc7-ad31-2905e63be1a2 2781288ff8844f819e7cc2bc7b52abaa 64b1374992ca46aea8a24ba940ce0b00 - - - -] 10.0.0.166 "POST /v2.0/networks HTTP/1.1" status: 201 len: 929 time: 0.5326104
2026-07-15 06:10:54.740 10 INFO neutron.db.ovn_revision_numbers_db [None req-cec16f6b-bea4-4ae4-b686-b1d29164b857 182a2fca21354d369438fa741cea948a 7d853036443e472e906745ca967fe919 - - - -] Successfully bumped revision number for resource d3f2d8c9-2789-449e-8dd7-359249464b55 (type: security_groups) to 1
2026-07-15 06:10:54.763 10 INFO neutron.wsgi [None req-cec16f6b-bea4-4ae4-b686-b1d29164b857 182a2fca21354d369438fa741cea948a 7d853036443e472e906745ca967fe919 - - - -] 10.0.0.166 "POST /v2.0/security-groups HTTP/1.1" status: 201 len: 1737 time: 0.1771019
2026-07-15 06:10:54.774 9 WARNING neutron.scheduler.dhcp_agent_scheduler [None req-f9bb8c86-fb94-4142-a695-5a6f0d7a8fbc 2781288ff8844f819e7cc2bc7b52abaa 64b1374992ca46aea8a24ba940ce0b00 - - - -] No more DHCP agents
2026-07-15 06:10:54.776 9 WARNING neutron.api.rpc.agentnotifiers.dhcp_rpc_agent_api [None req-f9bb8c86-fb94-4142-a695-5a6f0d7a8fbc 2781288ff8844f819e7cc2bc7b52abaa 64b1374992ca46aea8a24ba940ce0b00 - - - -] Unable to schedule network df2a7a4f-6219-40b5-b532-f68d12e713be: no agents available; will retry on subsequent port and subnet creation events.
2026-07-15 06:10:54.924 10 INFO neutron.db.ovn_revision_numbers_db [None req-3801d2cb-51e0-4f3d-a0dd-669d84a1b573 182a2fca21354d369438fa741cea948a 7d853036443e472e906745ca967fe919 - - - -] Successfully bumped revision number for resource 27ddccbf-a179-4318-a886-37b6572fa080 (type: security_groups) to 1
2026-07-15 06:10:54.946 10 INFO neutron.wsgi [None req-3801d2cb-51e0-4f3d-a0dd-669d84a1b573 182a2fca21354d369438fa741cea948a 7d853036443e472e906745ca967fe919 - - - -] 10.0.0.166 "POST /v2.0/security-groups HTTP/1.1" status: 201 len: 1737 time: 0.1776817
2026-07-15 06:10:55.110 9 INFO neutron.db.ovn_revision_numbers_db [None req-76c23998-4428-4a03-b81d-ac569b31bb3e 182a2fca21354d369438fa741cea948a 7d853036443e472e906745ca967fe919 - - - -] Successfully bumped revision number for resource 49342995-c57d-4a25-8728-9f0861036f5b (type: security_groups) to 1
2026-07-15 06:10:55.134 9 INFO neutron.wsgi [None req-76c23998-4428-4a03-b81d-ac569b31bb3e 182a2fca21354d369438fa741cea948a 7d853036443e472e906745ca967fe919 - - - -] 10.0.0.166 "POST /v2.0/security-groups HTTP/1.1" status: 201 len: 1737 time: 0.1807375
2026-07-15 06:10:55.251 9 INFO neutron.db.ovn_revision_numbers_db [None req-f9bb8c86-fb94-4142-a695-5a6f0d7a8fbc 2781288ff8844f819e7cc2bc7b52abaa 64b1374992ca46aea8a24ba940ce0b00 - - - -] Successfully bumped revision number for resource baed5b4d-c67b-4932-b543-7d31972527bf (type: ports) to 2
2026-07-15 06:10:55.258 9 INFO neutron.db.ovn_revision_numbers_db [None req-89b75d22-0088-46a8-8851-b6ce1661b46c 182a2fca21354d369438fa741cea948a 7d853036443e472e906745ca967fe919 - - - -] Successfully bumped revision number for resource 5ad725f5-14f4-451a-906f-eb039cc0b556 (type: security_groups) to 1
2026-07-15 06:10:55.261 9 INFO neutron.db.ovn_revision_numbers_db [None req-f9bb8c86-fb94-4142-a695-5a6f0d7a8fbc 2781288ff8844f819e7cc2bc7b52abaa 64b1374992ca46aea8a24ba940ce0b00 - - - -] Successfully bumped revision number for resource c18191cf-f6ad-4f7b-b961-055edc06d1b6 (type: subnets) to 0
2026-07-15 06:10:55.289 9 INFO neutron.wsgi [None req-89b75d22-0088-46a8-8851-b6ce1661b46c 182a2fca21354d369438fa741cea948a 7d853036443e472e906745ca967fe919 - - - -] 10.0.0.166 "POST /v2.0/security-groups HTTP/1.1" status: 201 len: 1737 time: 0.1503997
2026-07-15 06:10:55.291 9 INFO neutron.wsgi [None req-f9bb8c86-fb94-4142-a695-5a6f0d7a8fbc 2781288ff8844f819e7cc2bc7b52abaa 64b1374992ca46aea8a24ba940ce0b00 - - - -] 10.0.0.166 "POST /v2.0/subnets HTTP/1.1" status: 201 len: 822 time: 0.6828723
2026-07-15 06:10:55.303 10 WARNING neutron.api.v2.base [None req-3a0bef9e-6b70-44d2-aef0-91496e121cbc 2781288ff8844f819e7cc2bc7b52abaa 64b1374992ca46aea8a24ba940ce0b00 - - - -] An exception happened while processing the request body. The exception message is [Invalid input for target_tenant. Reason: '1234123412341234123412341234123412341234123412341234123412341234123412341234123412341234123412341234123412341234123412341234123412341234123412341234123412341234123412341234123412341234123412341234123412341234123412341234123412341234123412341234123412341234123412341234123412341234123412341234123412341234123412341234123412341234123412341234123412341234123412341234123412341234123412341234123412341234' exceeds maximum length of 255.].: webob.exc.HTTPBadRequest: Invalid input for target_tenant. Reason: '1234123412341234123412341234123412341234123412341234123412341234123412341234123412341234123412341234123412341234123412341234123412341234123412341234123412341234123412341234123412341234123412341234123412341234123412341234123412341234123412341234123412341234123412341234123412341234123412341234123412341234123412341234123412341234123412341234123412341234123412341234123412341234123412341234123412341234' exceeds maximum length of 255.
2026-07-15 06:10:55.304 10 INFO neutron.api.v2.resource [None req-3a0bef9e-6b70-44d2-aef0-91496e121cbc 2781288ff8844f819e7cc2bc7b52abaa 64b1374992ca46aea8a24ba940ce0b00 - - - -] create failed (client error): Invalid input for target_tenant. Reason: '1234123412341234123412341234123412341234123412341234123412341234123412341234123412341234123412341234123412341234123412341234123412341234123412341234123412341234123412341234123412341234123412341234123412341234123412341234123412341234123412341234123412341234123412341234123412341234123412341234123412341234123412341234123412341234123412341234123412341234123412341234123412341234123412341234123412341234' exceeds maximum length of 255.
2026-07-15 06:10:55.305 10 INFO neutron.wsgi [None req-3a0bef9e-6b70-44d2-aef0-91496e121cbc 2781288ff8844f819e7cc2bc7b52abaa 64b1374992ca46aea8a24ba940ce0b00 - - - -] 10.0.0.166 "POST /v2.0/rbac-policies HTTP/1.1" status: 400 len: 750 time: 0.0087183
2026-07-15 06:10:55.324 9 INFO neutron.wsgi [None req-0051bd4f-9ed8-46dc-b616-e3fc68e0a34e 182a2fca21354d369438fa741cea948a 7d853036443e472e906745ca967fe919 - - - -] 10.0.0.166 "PUT /v2.0/security-groups/5689f9a9-b5fb-447d-9f85-1494bc49ecd8/tags HTTP/1.1" status: 200 len: 210 time: 0.0309405
2026-07-15 06:10:55.366 9 INFO neutron.wsgi [None req-6b4e01df-fac2-43b9-8e3a-5ab98203be48 182a2fca21354d369438fa741cea948a 7d853036443e472e906745ca967fe919 - - - -] 10.0.0.166 "PUT /v2.0/security-groups/d3f2d8c9-2789-449e-8dd7-359249464b55/tags HTTP/1.1" status: 200 len: 218 time: 0.0364103
2026-07-15 06:10:55.393 9 INFO neutron.wsgi [None req-44bf7c9a-6ee0-4ad6-8d32-cdc8bbe93eab 182a2fca21354d369438fa741cea948a 7d853036443e472e906745ca967fe919 - - - -] 10.0.0.166 "PUT /v2.0/security-groups/27ddccbf-a179-4318-a886-37b6572fa080/tags HTTP/1.1" status: 200 len: 227 time: 0.0226645
2026-07-15 06:10:55.439 10 INFO neutron.wsgi [None req-e23cbd7a-8663-4317-b746-c2f835ddcfbf 182a2fca21354d369438fa741cea948a 7d853036443e472e906745ca967fe919 - - - -] 10.0.0.166 "PUT /v2.0/security-groups/49342995-c57d-4a25-8728-9f0861036f5b/tags HTTP/1.1" status: 200 len: 212 time: 0.0425348
2026-07-15 06:10:55.497 9 INFO neutron.wsgi [None req-72034269-0983-4025-ad87-66401f6d154b 182a2fca21354d369438fa741cea948a 7d853036443e472e906745ca967fe919 - - default default] 10.0.0.166 "GET /v2.0/security-groups?tags=red HTTP/1.1" status: 200 len: 4813 time: 0.0515904
2026-07-15 06:10:55.532 10 INFO neutron.wsgi [None req-0b56a52b-9f12-4c26-8798-77b04d2ec319 bc890da7b1e045df99b7fb40a936d507 524d02558d484f44874de52b6ff81980 - - - -] 10.0.0.166 "PUT /v2.0/routers/baed6638-18ae-4c49-aa52-81389d696752/remove_router_interface HTTP/1.1" status: 200 len: 503 time: 1.0628188
2026-07-15 06:10:55.541 9 INFO neutron.wsgi [None req-5037dc55-66c4-4374-b752-74d6c7bb0d1c 182a2fca21354d369438fa741cea948a 7d853036443e472e906745ca967fe919 - - default default] 10.0.0.166 "GET /v2.0/security-groups?tags=red%2Cblue HTTP/1.1" status: 200 len: 3289 time: 0.0357575 /var/lib/openstack/lib/python3.10/site-packages/pycadf/identifier.py:71: UserWarning: Invalid uuid: neutron. To ensure interoperability, identifiers should be a valid uuid. warnings.warn(('Invalid uuid: %s. To ensure interoperability, '
2026-07-15 06:10:55.585 9 INFO neutron.wsgi [None req-45eacc57-05e9-4672-ae49-804dab842a08 182a2fca21354d369438fa741cea948a 7d853036443e472e906745ca967fe919 - - default default] 10.0.0.166 "GET /v2.0/security-groups?tags-any=blue HTTP/1.1" status: 200 len: 3289 time: 0.0393572
2026-07-15 06:10:55.633 9 INFO neutron.wsgi [None req-26933115-f11a-4961-9ad9-3d2c5c5b1a9a 182a2fca21354d369438fa741cea948a 7d853036443e472e906745ca967fe919 - - default default] 10.0.0.166 "GET /v2.0/security-groups?tags-any=red%2Cblue HTTP/1.1" status: 200 len: 4813 time: 0.0442405
2026-07-15 06:10:55.678 9 INFO neutron.wsgi [None req-efe88c4a-7f82-48f8-90ec-757b8d36c836 182a2fca21354d369438fa741cea948a 7d853036443e472e906745ca967fe919 - - default default] 10.0.0.166 "GET /v2.0/security-groups?not-tags=red HTTP/1.1" status: 200 len: 6041 time: 0.0403571
2026-07-15 06:10:55.736 9 INFO neutron.wsgi [None req-a1ae730b-1a40-4e7f-9a80-354d1e711f87 182a2fca21354d369438fa741cea948a 7d853036443e472e906745ca967fe919 - - default default] 10.0.0.166 "GET /v2.0/security-groups?not-tags=red%2Cblue HTTP/1.1" status: 200 len: 7565 time: 0.0520496
2026-07-15 06:10:55.791 9 INFO neutron.wsgi [None req-952cc898-f2c4-4dc2-a81b-00e6a749d5a7 182a2fca21354d369438fa741cea948a 7d853036443e472e906745ca967fe919 - - default default] 10.0.0.166 "GET /v2.0/security-groups?not-tags-any=blue HTTP/1.1" status: 200 len: 7565 time: 0.0477734
2026-07-15 06:10:55.888 10 INFO neutron.wsgi [None req-4cf67754-4ead-4b99-ad43-e367d807f453 182a2fca21354d369438fa741cea948a 7d853036443e472e906745ca967fe919 - - default default] 10.0.0.166 "GET /v2.0/security-groups?not-tags-any=red%2Cblue HTTP/1.1" status: 200 len: 6041 time: 0.0872159
2026-07-15 06:10:56.006 9 INFO neutron.wsgi [None req-69b98e55-42b6-4295-b59f-3182420e4851 182a2fca21354d369438fa741cea948a 7d853036443e472e906745ca967fe919 - - - -] 10.0.0.166 "DELETE /v2.0/security-groups/5689f9a9-b5fb-447d-9f85-1494bc49ecd8 HTTP/1.1" status: 204 len: 168 time: 0.1105142
2026-07-15 06:10:56.127 9 INFO neutron.wsgi [None req-fd5e22ce-e93e-4a99-a861-05c97d9d3958 182a2fca21354d369438fa741cea948a 7d853036443e472e906745ca967fe919 - - - -] 10.0.0.166 "DELETE /v2.0/security-groups/d3f2d8c9-2789-449e-8dd7-359249464b55 HTTP/1.1" status: 204 len: 168 time: 0.1157420
2026-07-15 06:10:56.140 9 INFO neutron.db.ovn_revision_numbers_db [None req-8f1d6349-fefe-4b5f-b3cc-8d1ad9eb6318 bc890da7b1e045df99b7fb40a936d507 524d02558d484f44874de52b6ff81980 - - default default] Successfully bumped revision number for resource 12e2b7a5-50fa-4360-8ee8-89eb2b52d1e7 (type: security_groups) to 1
2026-07-15 06:10:56.153 10 INFO neutron.services.segments.plugin [-] Segment 3d166483-e4ef-4af6-8f34-39d5ff35edfb resource provider aggregate not found
2026-07-15 06:10:56.157 10 INFO neutron.services.segments.plugin [-] Segment 3d166483-e4ef-4af6-8f34-39d5ff35edfb resource provider aggregate not found
