2026-07-15 06:08:28.747 9 INFO neutron.wsgi [None req-ee7ef354-3ca4-4bb0-a390-e30429f5cbd0 bc890da7b1e045df99b7fb40a936d507 524d02558d484f44874de52b6ff81980 - - - -] 10.0.0.166 "PUT /v2.0/routers/975c88f7-9b11-40b1-abb1-bc81336dd798/remove_router_interface HTTP/1.1" status: 200 len: 503 time: 1.6138904
2026-07-15 06:08:28.888 9 INFO neutron.db.ovn_revision_numbers_db [None req-252c02f8-0280-4c6a-9b4f-d3ff69ee51da 1f26b84c90d94bfd81cb2cb1e9b2d3ac b302cd3ab5f541b9a62035da739fd3b3 - - - -] Successfully bumped revision number for resource a12fad41-7627-40c4-9292-6e6a7fba009d (type: security_groups) to 1
2026-07-15 06:08:28.961 9 INFO neutron.services.segments.plugin [-] Segment 42bbd095-40e1-4364-b051-cc13629c9ef4 resource provider aggregate not found
2026-07-15 06:08:28.971 9 INFO neutron.services.segments.plugin [-] Segment 42bbd095-40e1-4364-b051-cc13629c9ef4 resource provider aggregate not found
2026-07-15 06:08:28.980 9 INFO neutron.wsgi [None req-252c02f8-0280-4c6a-9b4f-d3ff69ee51da 1f26b84c90d94bfd81cb2cb1e9b2d3ac b302cd3ab5f541b9a62035da739fd3b3 - - - -] 10.0.0.123 "POST /v2.0/security-groups HTTP/1.1" status: 201 len: 1822 time: 0.3371952
2026-07-15 06:08:29.006 9 INFO neutron.services.segments.plugin [-] Segment 42bbd095-40e1-4364-b051-cc13629c9ef4 resource provider not found; error: Placement Client Error (4xx): {"errors": [{"status": 404, "title": "Not Found", "detail": "The resource could not be found.\n\n No resource provider with uuid 42bbd095-40e1-4364-b051-cc13629c9ef4 found for delete ", "request_id": "req-32371684-c105-421f-890e-dec4ba727335"}]}
2026-07-15 06:08:29.007 9 INFO neutron.services.segments.plugin [-] Segment 42bbd095-40e1-4364-b051-cc13629c9ef4 resource provider not found; error: Placement Client Error (4xx): {"errors": [{"status": 404, "title": "Not Found", "detail": "The resource could not be found.\n\n No resource provider with uuid 42bbd095-40e1-4364-b051-cc13629c9ef4 found for delete ", "request_id": "req-4a061fe7-7e1a-461b-83e7-485a65c88169"}]}
2026-07-15 06:08:29.069 9 INFO neutron.wsgi [None req-d189750e-3198-49bb-ae46-8622b663f769 2e2b79c7817f4c2dadad216bec757d49 1e1ca4812f1f49b49d1c6048dac3063e - - - -] 10.0.0.166 "DELETE /v2.0/networks/42a4ca0f-64f5-424a-8997-27deeba89ff0 HTTP/1.1" status: 204 len: 168 time: 0.8274424
2026-07-15 06:08:29.076 10 INFO neutron.wsgi [req-54360403-4e6b-4ad0-8308-e0b42a433daf req-f8cf155e-24b4-4b1f-acd9-8d12cbba0c90 1f26b84c90d94bfd81cb2cb1e9b2d3ac b302cd3ab5f541b9a62035da739fd3b3 - - default default] 10.0.0.123 "GET /v2.0/security-groups?tenant_id=b302cd3ab5f541b9a62035da739fd3b3 HTTP/1.1" status: 200 len: 7799 time: 0.0715394 /var/lib/openstack/lib/python3.10/site-packages/pycadf/identifier.py:71: UserWarning: Invalid uuid: neutron. To ensure interoperability, identifiers should be a valid uuid. warnings.warn(('Invalid uuid: %s. To ensure interoperability, '
2026-07-15 06:08:29.133 10 INFO neutron.wsgi [req-54360403-4e6b-4ad0-8308-e0b42a433daf req-07b65359-77f7-4143-8f71-15c94e37b6b8 1f26b84c90d94bfd81cb2cb1e9b2d3ac b302cd3ab5f541b9a62035da739fd3b3 - - default default] 10.0.0.123 "GET /v2.0/security-groups/17483bbb-3cf3-4504-aacc-6249271f2d55 HTTP/1.1" status: 200 len: 2998 time: 0.0384250
2026-07-15 06:08:29.179 10 INFO neutron.wsgi [req-54360403-4e6b-4ad0-8308-e0b42a433daf req-b54969b5-d78b-48b5-9dbf-eecc949de483 1f26b84c90d94bfd81cb2cb1e9b2d3ac b302cd3ab5f541b9a62035da739fd3b3 - - default default] 10.0.0.123 "GET /v2.0/security-groups/17483bbb-3cf3-4504-aacc-6249271f2d55 HTTP/1.1" status: 200 len: 2998 time: 0.0404632
2026-07-15 06:08:29.422 9 INFO neutron.wsgi [None req-25bd45d4-baa6-45f4-a076-62621db40d62 2e2b79c7817f4c2dadad216bec757d49 1e1ca4812f1f49b49d1c6048dac3063e - - default default] 10.0.0.166 "GET /v2.0/networks HTTP/1.1" status: 200 len: 845 time: 0.3455474
2026-07-15 06:08:29.437 9 INFO neutron.wsgi [req-4df484f0-ee7a-4d52-8576-b4475fbebe02 req-1d693ad0-978f-49c1-8fee-a50b42d81ffd 1f26b84c90d94bfd81cb2cb1e9b2d3ac b302cd3ab5f541b9a62035da739fd3b3 - - default default] 10.0.0.123 "GET /v2.0/security-groups/0947db50-abe5-4d74-af3c-1707d19f7e66 HTTP/1.1" status: 200 len: 1818 time: 0.0771227
2026-07-15 06:08:29.572 9 INFO neutron.db.segments_db [None req-736f67b7-42c0-4dea-b218-75cbfd7ec184 2e2b79c7817f4c2dadad216bec757d49 1e1ca4812f1f49b49d1c6048dac3063e - - - -] Added segment dd1f4ea7-c771-4fa2-bb43-1e48af1a6ba7 of type geneve for network 2a86654a-9822-4844-93dd-151250cba629
2026-07-15 06:08:29.596 10 INFO neutron.wsgi [None req-3a66b3a6-3fa2-42df-924b-3e6aee7b0b9d bc890da7b1e045df99b7fb40a936d507 524d02558d484f44874de52b6ff81980 - - - -] 10.0.0.166 "DELETE /v2.0/routers/975c88f7-9b11-40b1-abb1-bc81336dd798 HTTP/1.1" status: 204 len: 168 time: 0.8403494
2026-07-15 06:08:29.711 9 INFO neutron.wsgi [None req-a0f132f1-869a-429c-9e96-e1b969bcdf55 1f26b84c90d94bfd81cb2cb1e9b2d3ac b302cd3ab5f541b9a62035da739fd3b3 - - - -] 10.0.0.123 "DELETE /v2.0/security-groups/0947db50-abe5-4d74-af3c-1707d19f7e66 HTTP/1.1" status: 204 len: 173 time: 0.2503929
2026-07-15 06:08:29.757 10 INFO neutron.api.v2.resource [req-72cba311-f6af-4f00-9bd1-47d087e59cb4 req-21eaf232-99f1-48dd-8efb-657c8976f3a3 1f26b84c90d94bfd81cb2cb1e9b2d3ac b302cd3ab5f541b9a62035da739fd3b3 - - default default] show failed (client error): The resource could not be found.
2026-07-15 06:08:29.758 10 INFO neutron.wsgi [req-72cba311-f6af-4f00-9bd1-47d087e59cb4 req-21eaf232-99f1-48dd-8efb-657c8976f3a3 1f26b84c90d94bfd81cb2cb1e9b2d3ac b302cd3ab5f541b9a62035da739fd3b3 - - default default] 10.0.0.123 "GET /v2.0/security-groups/0947db50-abe5-4d74-af3c-1707d19f7e66 HTTP/1.1" status: 404 len: 352 time: 0.0245056
2026-07-15 06:08:29.789 9 INFO neutron.db.ovn_revision_numbers_db [None req-736f67b7-42c0-4dea-b218-75cbfd7ec184 2e2b79c7817f4c2dadad216bec757d49 1e1ca4812f1f49b49d1c6048dac3063e - - - -] Successfully bumped revision number for resource 2a86654a-9822-4844-93dd-151250cba629 (type: networks) to 1
2026-07-15 06:08:29.812 10 INFO neutron.wsgi [None req-2e7ca085-7f95-4618-8886-c0d70a2df3a5 bc890da7b1e045df99b7fb40a936d507 524d02558d484f44874de52b6ff81980 - - - -] 10.0.0.166 "DELETE /v2.0/subnets/45761d19-6ed1-444e-b102-d4df6b7cc994 HTTP/1.1" status: 204 len: 168 time: 0.2093379
2026-07-15 06:08:29.858 9 INFO neutron.wsgi [req-07d8a727-b617-403d-939b-cd367d97fa88 req-534c5305-adf2-48f2-9ba1-a6559d0ca091 1f26b84c90d94bfd81cb2cb1e9b2d3ac b302cd3ab5f541b9a62035da739fd3b3 - - default default] 10.0.0.123 "GET /v2.0/security-groups/bc61efa1-bbd7-4469-b80e-5526a0af2316 HTTP/1.1" status: 200 len: 1817 time: 0.0711408
2026-07-15 06:08:30.077 9 WARNING neutron.scheduler.dhcp_agent_scheduler [None req-736f67b7-42c0-4dea-b218-75cbfd7ec184 2e2b79c7817f4c2dadad216bec757d49 1e1ca4812f1f49b49d1c6048dac3063e - - - -] No more DHCP agents
2026-07-15 06:08:30.103 9 WARNING neutron.api.rpc.agentnotifiers.dhcp_rpc_agent_api [None req-736f67b7-42c0-4dea-b218-75cbfd7ec184 2e2b79c7817f4c2dadad216bec757d49 1e1ca4812f1f49b49d1c6048dac3063e - - - -] Unable to schedule network 2a86654a-9822-4844-93dd-151250cba629: no agents available; will retry on subsequent port and subnet creation events.
2026-07-15 06:08:30.122 9 INFO neutron.wsgi [None req-ad71af3e-8858-41dc-82ed-92af196082fe bc890da7b1e045df99b7fb40a936d507 524d02558d484f44874de52b6ff81980 - - - -] 10.0.0.166 "PUT /v2.0/routers/4b2a307d-3e1d-4062-a06b-4a36ade1c759/remove_router_interface HTTP/1.1" status: 200 len: 503 time: 2.3071020
2026-07-15 06:08:30.165 9 INFO neutron.wsgi [None req-b20a39e1-4ce8-4121-916d-1bd2e5f557f9 1f26b84c90d94bfd81cb2cb1e9b2d3ac b302cd3ab5f541b9a62035da739fd3b3 - - - -] 10.0.0.123 "DELETE /v2.0/security-groups/bc61efa1-bbd7-4469-b80e-5526a0af2316 HTTP/1.1" status: 204 len: 173 time: 0.2918260
2026-07-15 06:08:30.185 9 INFO neutron.db.ovn_revision_numbers_db [None req-736f67b7-42c0-4dea-b218-75cbfd7ec184 2e2b79c7817f4c2dadad216bec757d49 1e1ca4812f1f49b49d1c6048dac3063e - - - -] Successfully bumped revision number for resource fa5f13dd-0aba-4ef4-a7bb-70afdebb0223 (type: ports) to 1
2026-07-15 06:08:30.207 9 INFO neutron.wsgi [None req-736f67b7-42c0-4dea-b218-75cbfd7ec184 2e2b79c7817f4c2dadad216bec757d49 1e1ca4812f1f49b49d1c6048dac3063e - - - -] 10.0.0.166 "POST /v2.0/networks HTTP/1.1" status: 201 len: 848 time: 0.7743802
2026-07-15 06:08:30.216 10 INFO neutron.api.v2.resource [req-97f28534-15b7-4c6a-94fe-f1f726bac771 req-d8c401c4-21ae-44b5-8da5-9d79a62fe470 1f26b84c90d94bfd81cb2cb1e9b2d3ac b302cd3ab5f541b9a62035da739fd3b3 - - default default] show failed (client error): The resource could not be found. /var/lib/openstack/lib/python3.10/site-packages/pycadf/identifier.py:71: UserWarning: Invalid uuid: neutron. To ensure interoperability, identifiers should be a valid uuid. warnings.warn(('Invalid uuid: %s. To ensure interoperability, '
2026-07-15 06:08:30.217 10 INFO neutron.wsgi [req-97f28534-15b7-4c6a-94fe-f1f726bac771 req-d8c401c4-21ae-44b5-8da5-9d79a62fe470 1f26b84c90d94bfd81cb2cb1e9b2d3ac b302cd3ab5f541b9a62035da739fd3b3 - - default default] 10.0.0.123 "GET /v2.0/security-groups/bc61efa1-bbd7-4469-b80e-5526a0af2316 HTTP/1.1" status: 404 len: 352 time: 0.0244524
2026-07-15 06:08:30.260 10 INFO neutron.wsgi [None req-ea86daad-2948-45e8-bb0b-c0103e5404f6 bc890da7b1e045df99b7fb40a936d507 524d02558d484f44874de52b6ff81980 - - - -] 10.0.0.166 "DELETE /v2.0/networks/1142f456-9d7a-4951-a9c6-bffb75ea4d0f HTTP/1.1" status: 204 len: 168 time: 0.4419446
2026-07-15 06:08:30.275 9 INFO neutron.wsgi [req-3997ea06-467d-421c-bec5-1e480cbd434a req-6c3f564e-1006-43fd-8773-2c0adf0372c9 1f26b84c90d94bfd81cb2cb1e9b2d3ac b302cd3ab5f541b9a62035da739fd3b3 - - default default] 10.0.0.123 "GET /v2.0/security-groups/a12fad41-7627-40c4-9292-6e6a7fba009d HTTP/1.1" status: 200 len: 1817 time: 0.0311451
2026-07-15 06:08:30.314 9 INFO neutron.db.segments_db [None req-4f10f213-c675-4cb1-bfbf-b629b60fc40e 2e2b79c7817f4c2dadad216bec757d49 1e1ca4812f1f49b49d1c6048dac3063e - - - -] Added segment 227aa37c-5811-494b-b97b-c711789e187e of type geneve for network db33ea47-8722-484f-a6b2-6bdcdb4361c0
2026-07-15 06:08:30.444 9 INFO neutron.wsgi [None req-c0c06425-671b-4c8a-a21f-5ec24c6834ed 1f26b84c90d94bfd81cb2cb1e9b2d3ac b302cd3ab5f541b9a62035da739fd3b3 - - - -] 10.0.0.123 "DELETE /v2.0/security-groups/a12fad41-7627-40c4-9292-6e6a7fba009d HTTP/1.1" status: 204 len: 173 time: 0.1625478
2026-07-15 06:08:30.445 9 INFO neutron.db.ovn_revision_numbers_db [None req-4f10f213-c675-4cb1-bfbf-b629b60fc40e 2e2b79c7817f4c2dadad216bec757d49 1e1ca4812f1f49b49d1c6048dac3063e - - - -] Successfully bumped revision number for resource db33ea47-8722-484f-a6b2-6bdcdb4361c0 (type: networks) to 1
2026-07-15 06:08:30.476 10 INFO neutron.wsgi [None req-e089b63d-6403-4dce-8aff-9f60a0e2e363 bc890da7b1e045df99b7fb40a936d507 524d02558d484f44874de52b6ff81980 - - default default] 10.0.0.166 "GET /v2.0/security-groups?tenant_id=2b7a62116f7f4e428b8d7c3559589f2a&name=default HTTP/1.1" status: 200 len: 2992 time: 0.0512350
2026-07-15 06:08:30.482 10 INFO neutron.api.v2.resource [req-7baeab23-8ab0-4a3c-8b3f-747a5a7a91b3 req-df2fb30b-a8d1-44d4-b708-48c43dea0c49 1f26b84c90d94bfd81cb2cb1e9b2d3ac b302cd3ab5f541b9a62035da739fd3b3 - - default default] show failed (client error): The resource could not be found.
2026-07-15 06:08:30.483 10 INFO neutron.wsgi [req-7baeab23-8ab0-4a3c-8b3f-747a5a7a91b3 req-df2fb30b-a8d1-44d4-b708-48c43dea0c49 1f26b84c90d94bfd81cb2cb1e9b2d3ac b302cd3ab5f541b9a62035da739fd3b3 - - default default] 10.0.0.123 "GET /v2.0/security-groups/a12fad41-7627-40c4-9292-6e6a7fba009d HTTP/1.1" status: 404 len: 352 time: 0.0171406
2026-07-15 06:08:30.545 9 INFO neutron.wsgi [req-0dbd7b2e-b78f-45c4-80fd-a4b5117444f7 req-5ebfc16a-9cb2-4da1-9d6e-90e50d82a440 1f26b84c90d94bfd81cb2cb1e9b2d3ac b302cd3ab5f541b9a62035da739fd3b3 - - default default] 10.0.0.123 "GET /v2.0/security-groups?tenant_id=b302cd3ab5f541b9a62035da739fd3b3 HTTP/1.1" status: 200 len: 3001 time: 0.0346904
2026-07-15 06:08:30.594 9 INFO neutron.wsgi [req-0dbd7b2e-b78f-45c4-80fd-a4b5117444f7 req-028b333f-1b98-4dd1-991b-c59003f099c3 1f26b84c90d94bfd81cb2cb1e9b2d3ac b302cd3ab5f541b9a62035da739fd3b3 - - default default] 10.0.0.123 "GET /v2.0/security-groups/17483bbb-3cf3-4504-aacc-6249271f2d55 HTTP/1.1" status: 200 len: 2998 time: 0.0392716
2026-07-15 06:08:30.652 9 WARNING neutron.scheduler.dhcp_agent_scheduler [None req-4f10f213-c675-4cb1-bfbf-b629b60fc40e 2e2b79c7817f4c2dadad216bec757d49 1e1ca4812f1f49b49d1c6048dac3063e - - - -] No more DHCP agents
2026-07-15 06:08:30.655 9 INFO neutron.wsgi [req-0dbd7b2e-b78f-45c4-80fd-a4b5117444f7 req-1e7c912e-3220-4b11-bb5f-6338c3634ff8 1f26b84c90d94bfd81cb2cb1e9b2d3ac b302cd3ab5f541b9a62035da739fd3b3 - - default default] 10.0.0.123 "GET /v2.0/security-groups/17483bbb-3cf3-4504-aacc-6249271f2d55 HTTP/1.1" status: 200 len: 2998 time: 0.0461314
2026-07-15 06:08:30.656 9 WARNING neutron.api.rpc.agentnotifiers.dhcp_rpc_agent_api [None req-4f10f213-c675-4cb1-bfbf-b629b60fc40e 2e2b79c7817f4c2dadad216bec757d49 1e1ca4812f1f49b49d1c6048dac3063e - - - -] Unable to schedule network db33ea47-8722-484f-a6b2-6bdcdb4361c0: no agents available; will retry on subsequent port and subnet creation events.
2026-07-15 06:08:30.699 10 INFO neutron.services.segments.plugin [-] Segment abe0b0e9-e4f5-4612-8bec-a1641346f462 resource provider aggregate not found
2026-07-15 06:08:30.707 10 INFO neutron.api.v2.resource [req-e446c684-595f-4da9-94d6-3fb786e7049c req-8df0adf6-5935-46be-a9a0-7d5c4a08426e 1f26b84c90d94bfd81cb2cb1e9b2d3ac b302cd3ab5f541b9a62035da739fd3b3 - - default default] show failed (client error): The resource could not be found.
2026-07-15 06:08:30.708 10 INFO neutron.wsgi [req-e446c684-595f-4da9-94d6-3fb786e7049c req-8df0adf6-5935-46be-a9a0-7d5c4a08426e 1f26b84c90d94bfd81cb2cb1e9b2d3ac b302cd3ab5f541b9a62035da739fd3b3 - - default default] 10.0.0.123 "GET /v2.0/security-groups/a12fad41-7627-40c4-9292-6e6a7fba009d HTTP/1.1" status: 404 len: 352 time: 0.0249262
2026-07-15 06:08:30.714 9 INFO neutron.db.ovn_revision_numbers_db [None req-4f10f213-c675-4cb1-bfbf-b629b60fc40e 2e2b79c7817f4c2dadad216bec757d49 1e1ca4812f1f49b49d1c6048dac3063e - - - -] Successfully bumped revision number for resource 54743487-a4e5-4816-babf-8b4c6842921d (type: ports) to 1
2026-07-15 06:08:30.714 10 INFO neutron.services.segments.plugin [-] Segment abe0b0e9-e4f5-4612-8bec-a1641346f462 resource provider aggregate not found
2026-07-15 06:08:30.723 10 INFO neutron.services.segments.plugin [-] Segment abe0b0e9-e4f5-4612-8bec-a1641346f462 resource provider not found; error: Placement Client Error (4xx): {"errors": [{"status": 404, "title": "Not Found", "detail": "The resource could not be found.\n\n No resource provider with uuid abe0b0e9-e4f5-4612-8bec-a1641346f462 found for delete ", "request_id": "req-8127264c-e53e-4501-a058-7b4999e68a59"}]}
2026-07-15 06:08:30.730 10 INFO neutron.services.segments.plugin [-] Segment abe0b0e9-e4f5-4612-8bec-a1641346f462 resource provider not found; error: Placement Client Error (4xx): {"errors": [{"status": 404, "title": "Not Found", "detail": "The resource could not be found.\n\n No resource provider with uuid abe0b0e9-e4f5-4612-8bec-a1641346f462 found for delete ", "request_id": "req-ed2546fd-2b71-4071-a770-f344f6146b59"}]}
2026-07-15 06:08:30.744 9 INFO neutron.api.v2.resource [req-b90bd63e-c424-4737-a894-0d7dc2d6def3 req-118da734-bd71-42b0-8171-e5610e882918 1f26b84c90d94bfd81cb2cb1e9b2d3ac b302cd3ab5f541b9a62035da739fd3b3 - - default default] show failed (client error): The resource could not be found.
2026-07-15 06:08:30.745 9 INFO neutron.wsgi [req-b90bd63e-c424-4737-a894-0d7dc2d6def3 req-118da734-bd71-42b0-8171-e5610e882918 1f26b84c90d94bfd81cb2cb1e9b2d3ac b302cd3ab5f541b9a62035da739fd3b3 - - default default] 10.0.0.123 "GET /v2.0/security-groups/bc61efa1-bbd7-4469-b80e-5526a0af2316 HTTP/1.1" status: 404 len: 352 time: 0.0160050
2026-07-15 06:08:30.748 9 INFO neutron.wsgi [None req-4f10f213-c675-4cb1-bfbf-b629b60fc40e 2e2b79c7817f4c2dadad216bec757d49 1e1ca4812f1f49b49d1c6048dac3063e - - - -] 10.0.0.166 "POST /v2.0/networks HTTP/1.1" status: 201 len: 848 time: 0.5344751
2026-07-15 06:08:30.760 10 INFO neutron.wsgi [None req-26c2f409-8fcb-4594-ba7f-687e4571c5be bc890da7b1e045df99b7fb40a936d507 524d02558d484f44874de52b6ff81980 - - - -] 10.0.0.166 "DELETE /v2.0/security-groups/18a80f9c-cdc1-43dc-a7f5-2c14680b21a0 HTTP/1.1" status: 204 len: 168 time: 0.2786751
2026-07-15 06:08:30.801 10 INFO neutron.api.v2.resource [req-42626d8e-fa33-4166-9584-3783eda451a8 req-19518750-c43b-4332-9d72-eb397c7d5bb7 1f26b84c90d94bfd81cb2cb1e9b2d3ac b302cd3ab5f541b9a62035da739fd3b3 - - default default] show failed (client error): The resource could not be found.
2026-07-15 06:08:30.802 10 INFO neutron.wsgi [req-42626d8e-fa33-4166-9584-3783eda451a8 req-19518750-c43b-4332-9d72-eb397c7d5bb7 1f26b84c90d94bfd81cb2cb1e9b2d3ac b302cd3ab5f541b9a62035da739fd3b3 - - default default] 10.0.0.123 "GET /v2.0/security-groups/0947db50-abe5-4d74-af3c-1707d19f7e66 HTTP/1.1" status: 404 len: 352 time: 0.0376370
2026-07-15 06:08:30.841 10 INFO neutron.wsgi [None req-091d4a14-88fc-43aa-aaf4-c3ad4e8bf56c bc890da7b1e045df99b7fb40a936d507 524d02558d484f44874de52b6ff81980 - - - -] 10.0.0.166 "DELETE /v2.0/routers/4b2a307d-3e1d-4062-a06b-4a36ade1c759 HTTP/1.1" status: 204 len: 168 time: 0.7124918
2026-07-15 06:08:31.144 9 INFO neutron.wsgi [None req-a0859133-9149-4763-928e-513cbcd106f4 bc890da7b1e045df99b7fb40a936d507 524d02558d484f44874de52b6ff81980 - - - -] 10.0.0.166 "DELETE /v2.0/subnets/70a581e0-93ce-4123-b56c-19f0244ea605 HTTP/1.1" status: 204 len: 168 time: 0.2992997
2026-07-15 06:08:31.286 9 WARNING neutron.scheduler.dhcp_agent_scheduler [None req-5aff0833-3fd9-48b0-88c2-a3434e7a3d6c 2e2b79c7817f4c2dadad216bec757d49 1e1ca4812f1f49b49d1c6048dac3063e - - - -] No more DHCP agents
2026-07-15 06:08:31.288 9 WARNING neutron.api.rpc.agentnotifiers.dhcp_rpc_agent_api [None req-5aff0833-3fd9-48b0-88c2-a3434e7a3d6c 2e2b79c7817f4c2dadad216bec757d49 1e1ca4812f1f49b49d1c6048dac3063e - - - -] Unable to schedule network 2a86654a-9822-4844-93dd-151250cba629: no agents available; will retry on subsequent port and subnet creation events.
2026-07-15 06:08:31.354 9 INFO neutron.db.ovn_revision_numbers_db [None req-5aff0833-3fd9-48b0-88c2-a3434e7a3d6c 2e2b79c7817f4c2dadad216bec757d49 1e1ca4812f1f49b49d1c6048dac3063e - - - -] Successfully bumped revision number for resource cbb97231-e930-4f87-9dc9-24ac2f95e04e (type: ports) to 1
2026-07-15 06:08:31.390 9 WARNING neutron.scheduler.dhcp_agent_scheduler [None req-5aff0833-3fd9-48b0-88c2-a3434e7a3d6c 2e2b79c7817f4c2dadad216bec757d49 1e1ca4812f1f49b49d1c6048dac3063e - - - -] No more DHCP agents
2026-07-15 06:08:31.391 9 WARNING neutron.plugins.ml2.drivers.ovn.mech_driver.ovsdb.ovn_client [None req-9636f075-5c4a-4bff-ae5a-d3208eaaedf0 - - - - - -] No port found with ID 9eff0d9a-419d-460c-861c-6474f0f4bb1b: RuntimeError: No port found with ID 9eff0d9a-419d-460c-861c-6474f0f4bb1b
2026-07-15 06:08:31.394 9 WARNING neutron.api.rpc.agentnotifiers.dhcp_rpc_agent_api [None req-5aff0833-3fd9-48b0-88c2-a3434e7a3d6c 2e2b79c7817f4c2dadad216bec757d49 1e1ca4812f1f49b49d1c6048dac3063e - - - -] Unable to schedule network db33ea47-8722-484f-a6b2-6bdcdb4361c0: no agents available; will retry on subsequent port and subnet creation events.
2026-07-15 06:08:31.668 9 INFO neutron.db.ovn_revision_numbers_db [None req-5aff0833-3fd9-48b0-88c2-a3434e7a3d6c 2e2b79c7817f4c2dadad216bec757d49 1e1ca4812f1f49b49d1c6048dac3063e - - - -] Successfully bumped revision number for resource a30b5e78-56f0-41d9-a04c-2969f1093bf3 (type: ports) to 1
2026-07-15 06:08:31.693 9 INFO neutron.wsgi [None req-5aff0833-3fd9-48b0-88c2-a3434e7a3d6c 2e2b79c7817f4c2dadad216bec757d49 1e1ca4812f1f49b49d1c6048dac3063e - - - -] 10.0.0.166 "POST /v2.0/ports HTTP/1.1" status: 201 len: 1705 time: 0.9403088 /var/lib/openstack/lib/python3.10/site-packages/pycadf/identifier.py:71: UserWarning: Invalid uuid: neutron. To ensure interoperability, identifiers should be a valid uuid. warnings.warn(('Invalid uuid: %s. To ensure interoperability, '
2026-07-15 06:08:31.813 10 INFO neutron.wsgi [None req-7043fdc0-a7b0-433f-adae-08ab224cb2d8 bc890da7b1e045df99b7fb40a936d507 524d02558d484f44874de52b6ff81980 - - - -] 10.0.0.166 "DELETE /v2.0/networks/608e9923-4283-4e48-9fdb-ff79e8620c93 HTTP/1.1" status: 204 len: 168 time: 0.6620553
2026-07-15 06:08:31.837 9 INFO neutron.wsgi [None req-a7bf5d4d-656d-4d21-819c-c05ebbac9432 2e2b79c7817f4c2dadad216bec757d49 1e1ca4812f1f49b49d1c6048dac3063e - - default default] 10.0.0.166 "GET /v2.0/ports HTTP/1.1" status: 200 len: 3212 time: 0.1389427
2026-07-15 06:08:31.954 9 INFO neutron.wsgi [None req-1c46db15-cbfd-4367-b6cf-b9264a4bb171 bc890da7b1e045df99b7fb40a936d507 524d02558d484f44874de52b6ff81980 - - default default] 10.0.0.166 "GET /v2.0/security-groups?tenant_id=696bc4cf04fa44008ba22945d46827e1&name=default HTTP/1.1" status: 200 len: 2992 time: 0.0385106
2026-07-15 06:08:32.075 10 INFO neutron.wsgi [None req-8359d4a7-4df7-4fd7-bd19-8897729a4a59 bc890da7b1e045df99b7fb40a936d507 524d02558d484f44874de52b6ff81980 - - - -] 10.0.0.166 "PUT /v2.0/routers/2f74d8f6-ba4a-4a93-83af-1cc7734c5096/remove_router_interface HTTP/1.1" status: 200 len: 503 time: 1.2626345 /var/lib/openstack/lib/python3.10/site-packages/pycadf/identifier.py:71: UserWarning: Invalid uuid: neutron. To ensure interoperability, identifiers should be a valid uuid. warnings.warn(('Invalid uuid: %s. To ensure interoperability, '
2026-07-15 06:08:32.161 9 INFO neutron.wsgi [None req-74fd200d-89ef-4ce1-a3d1-35285e6170c4 2e2b79c7817f4c2dadad216bec757d49 1e1ca4812f1f49b49d1c6048dac3063e - - - -] 10.0.0.166 "DELETE /v2.0/ports/cbb97231-e930-4f87-9dc9-24ac2f95e04e HTTP/1.1" status: 204 len: 168 time: 0.3170087
2026-07-15 06:08:32.275 9 INFO neutron.wsgi [None req-1a3648f3-d003-4952-b278-2e4b766a4af9 bc890da7b1e045df99b7fb40a936d507 524d02558d484f44874de52b6ff81980 - - - -] 10.0.0.166 "DELETE /v2.0/security-groups/634e32ec-b320-430f-b993-a7198c2fbdb9 HTTP/1.1" status: 204 len: 168 time: 0.3141317
2026-07-15 06:08:32.370 9 INFO neutron.wsgi [None req-533d410a-fec3-4759-93a5-2c117e4b1a14 2e2b79c7817f4c2dadad216bec757d49 1e1ca4812f1f49b49d1c6048dac3063e - - - -] 10.0.0.166 "DELETE /v2.0/ports/a30b5e78-56f0-41d9-a04c-2969f1093bf3 HTTP/1.1" status: 204 len: 168 time: 0.2035811
2026-07-15 06:08:32.411 9 INFO neutron.wsgi [None req-cc189b12-9e37-4e17-806a-91888835cf4a 2e2b79c7817f4c2dadad216bec757d49 1e1ca4812f1f49b49d1c6048dac3063e - - default default] 10.0.0.166 "GET /v2.0/ports HTTP/1.1" status: 200 len: 1718 time: 0.0339434
2026-07-15 06:08:32.437 10 INFO neutron.wsgi [-] 10.0.0.223 "GET / HTTP/1.1" status: 200 len: 247 time: 0.0023618
2026-07-15 06:08:32.439 10 INFO neutron.wsgi [-] 10.0.0.223 "GET / HTTP/1.1" status: 200 len: 247 time: 0.0010488
2026-07-15 06:08:32.513 9 INFO neutron.db.segments_db [None req-dcfb0a64-5bb9-4451-9939-a857f7aa96fb 2e2b79c7817f4c2dadad216bec757d49 1e1ca4812f1f49b49d1c6048dac3063e - - - -] Added segment 320c41e9-496d-4892-8b2b-3ec74e9ab093 of type geneve for network 2091419e-660f-4083-a87e-df572d08d248
2026-07-15 06:08:32.621 9 INFO neutron.db.ovn_revision_numbers_db [None req-dcfb0a64-5bb9-4451-9939-a857f7aa96fb 2e2b79c7817f4c2dadad216bec757d49 1e1ca4812f1f49b49d1c6048dac3063e - - - -] Successfully bumped revision number for resource 2091419e-660f-4083-a87e-df572d08d248 (type: networks) to 1
2026-07-15 06:08:32.733 10 INFO neutron.wsgi [None req-2cd83e05-da00-4b42-b316-0e8611ec7cb5 bc890da7b1e045df99b7fb40a936d507 524d02558d484f44874de52b6ff81980 - - - -] 10.0.0.166 "DELETE /v2.0/routers/2f74d8f6-ba4a-4a93-83af-1cc7734c5096 HTTP/1.1" status: 204 len: 168 time: 0.6529787
2026-07-15 06:08:32.752 10 INFO neutron.services.segments.plugin [-] Segment 3d92a1c1-c85f-4bdf-87d5-fbe91120995c resource provider aggregate not found
2026-07-15 06:08:32.757 10 INFO neutron.services.segments.plugin [-] Segment 3d92a1c1-c85f-4bdf-87d5-fbe91120995c resource provider aggregate not found
2026-07-15 06:08:32.765 10 INFO neutron.services.segments.plugin [-] Segment 3d92a1c1-c85f-4bdf-87d5-fbe91120995c resource provider not found; error: Placement Client Error (4xx): {"errors": [{"status": 404, "title": "Not Found", "detail": "The resource could not be found.\n\n No resource provider with uuid 3d92a1c1-c85f-4bdf-87d5-fbe91120995c found for delete ", "request_id": "req-43aa6ffc-0afa-40d8-bd6d-a729f50453a1"}]}
2026-07-15 06:08:32.778 10 INFO neutron.services.segments.plugin [-] Segment 3d92a1c1-c85f-4bdf-87d5-fbe91120995c resource provider not found; error: Placement Client Error (4xx): {"errors": [{"status": 404, "title": "Not Found", "detail": "The resource could not be found.\n\n No resource provider with uuid 3d92a1c1-c85f-4bdf-87d5-fbe91120995c found for delete ", "request_id": "req-8422cbbc-b1ea-4967-8b09-966807cf2bf3"}]}
2026-07-15 06:08:32.850 9 WARNING neutron.scheduler.dhcp_agent_scheduler [None req-dcfb0a64-5bb9-4451-9939-a857f7aa96fb 2e2b79c7817f4c2dadad216bec757d49 1e1ca4812f1f49b49d1c6048dac3063e - - - -] No more DHCP agents
2026-07-15 06:08:32.852 10 INFO neutron.db.ovn_revision_numbers_db [None req-140d57a3-cc06-4f50-8dc9-f5130867dd53 bc890da7b1e045df99b7fb40a936d507 524d02558d484f44874de52b6ff81980 - - - -] Successfully bumped revision number for resource 8bcfeb2c-0bef-45b9-b10f-f7c0bf43de30 (type: security_groups) to 1
2026-07-15 06:08:32.859 9 WARNING neutron.api.rpc.agentnotifiers.dhcp_rpc_agent_api [None req-dcfb0a64-5bb9-4451-9939-a857f7aa96fb 2e2b79c7817f4c2dadad216bec757d49 1e1ca4812f1f49b49d1c6048dac3063e - - - -] Unable to schedule network 2091419e-660f-4083-a87e-df572d08d248: no agents available; will retry on subsequent port and subnet creation events.
2026-07-15 06:08:32.905 10 INFO neutron.db.segments_db [None req-140d57a3-cc06-4f50-8dc9-f5130867dd53 bc890da7b1e045df99b7fb40a936d507 524d02558d484f44874de52b6ff81980 - - - -] Added segment 19ffae3a-a7e6-46a5-a53b-a1dcca461f40 of type geneve for network 2a308e66-a033-4ffa-a61a-22f5a7321ba0
2026-07-15 06:08:32.942 9 INFO neutron.db.ovn_revision_numbers_db [None req-dcfb0a64-5bb9-4451-9939-a857f7aa96fb 2e2b79c7817f4c2dadad216bec757d49 1e1ca4812f1f49b49d1c6048dac3063e - - - -] Successfully bumped revision number for resource 050f1a83-5782-4079-bc01-a5f19d00c579 (type: ports) to 1
2026-07-15 06:08:32.964 9 INFO neutron.wsgi [None req-dcfb0a64-5bb9-4451-9939-a857f7aa96fb 2e2b79c7817f4c2dadad216bec757d49 1e1ca4812f1f49b49d1c6048dac3063e - - - -] 10.0.0.166 "POST /v2.0/networks HTTP/1.1" status: 201 len: 849 time: 0.5454938
2026-07-15 06:08:33.010 9 INFO neutron.wsgi [None req-c8635bc0-c1d5-4c43-b847-d743f47594a3 bc890da7b1e045df99b7fb40a936d507 524d02558d484f44874de52b6ff81980 - - - -] 10.0.0.166 "DELETE /v2.0/subnets/87322e4c-f4fe-422f-81e7-ea25bf136a7d HTTP/1.1" status: 204 len: 168 time: 0.2739584
2026-07-15 06:08:33.035 10 INFO neutron.db.ovn_revision_numbers_db [None req-140d57a3-cc06-4f50-8dc9-f5130867dd53 bc890da7b1e045df99b7fb40a936d507 524d02558d484f44874de52b6ff81980 - - - -] Successfully bumped revision number for resource 2a308e66-a033-4ffa-a61a-22f5a7321ba0 (type: networks) to 1
2026-07-15 06:08:33.067 9 INFO neutron.db.segments_db [None req-fefbe5a2-93ed-4c87-b9c2-04d2636fb65a 2e2b79c7817f4c2dadad216bec757d49 1e1ca4812f1f49b49d1c6048dac3063e - - - -] Added segment 819f65c2-36c5-4aa1-8139-57cea37ca103 of type geneve for network 69682273-2537-44a5-b447-d752706f0c80
2026-07-15 06:08:33.195 10 WARNING neutron.scheduler.dhcp_agent_scheduler [None req-140d57a3-cc06-4f50-8dc9-f5130867dd53 bc890da7b1e045df99b7fb40a936d507 524d02558d484f44874de52b6ff81980 - - - -] No more DHCP agents
2026-07-15 06:08:33.197 10 WARNING neutron.api.rpc.agentnotifiers.dhcp_rpc_agent_api [None req-140d57a3-cc06-4f50-8dc9-f5130867dd53 bc890da7b1e045df99b7fb40a936d507 524d02558d484f44874de52b6ff81980 - - - -] Unable to schedule network 2a308e66-a033-4ffa-a61a-22f5a7321ba0: no agents available; will retry on subsequent port and subnet creation events.
2026-07-15 06:08:33.239 9 INFO neutron.db.ovn_revision_numbers_db [None req-fefbe5a2-93ed-4c87-b9c2-04d2636fb65a 2e2b79c7817f4c2dadad216bec757d49 1e1ca4812f1f49b49d1c6048dac3063e - - - -] Successfully bumped revision number for resource 69682273-2537-44a5-b447-d752706f0c80 (type: networks) to 1
2026-07-15 06:08:33.259 10 INFO neutron.db.ovn_revision_numbers_db [None req-140d57a3-cc06-4f50-8dc9-f5130867dd53 bc890da7b1e045df99b7fb40a936d507 524d02558d484f44874de52b6ff81980 - - - -] Successfully bumped revision number for resource 71cce8ae-72a1-440b-b3b0-16204e320de7 (type: ports) to 1
2026-07-15 06:08:33.278 10 INFO neutron.wsgi [None req-140d57a3-cc06-4f50-8dc9-f5130867dd53 bc890da7b1e045df99b7fb40a936d507 524d02558d484f44874de52b6ff81980 - - - -] 10.0.0.166 "POST /v2.0/networks HTTP/1.1" status: 201 len: 948 time: 0.7266569
2026-07-15 06:08:33.425 10 WARNING neutron.scheduler.dhcp_agent_scheduler [None req-a907a39e-2e1a-43cd-96f5-68b33cdbe5fd bc890da7b1e045df99b7fb40a936d507 524d02558d484f44874de52b6ff81980 - - - -] No more DHCP agents
2026-07-15 06:08:33.427 10 WARNING neutron.api.rpc.agentnotifiers.dhcp_rpc_agent_api [None req-a907a39e-2e1a-43cd-96f5-68b33cdbe5fd bc890da7b1e045df99b7fb40a936d507 524d02558d484f44874de52b6ff81980 - - - -] Unable to schedule network 2a308e66-a033-4ffa-a61a-22f5a7321ba0: no agents available; will retry on subsequent port and subnet creation events.
2026-07-15 06:08:33.467 9 WARNING neutron.scheduler.dhcp_agent_scheduler [None req-fefbe5a2-93ed-4c87-b9c2-04d2636fb65a 2e2b79c7817f4c2dadad216bec757d49 1e1ca4812f1f49b49d1c6048dac3063e - - - -] No more DHCP agents
2026-07-15 06:08:33.469 9 INFO neutron.services.segments.plugin [-] Segment d25dcc7c-7b25-4717-bd4d-806a7a0816d0 resource provider aggregate not found
2026-07-15 06:08:33.488 9 INFO neutron.services.segments.plugin [-] Segment d25dcc7c-7b25-4717-bd4d-806a7a0816d0 resource provider aggregate not found
2026-07-15 06:08:33.492 9 WARNING neutron.api.rpc.agentnotifiers.dhcp_rpc_agent_api [None req-fefbe5a2-93ed-4c87-b9c2-04d2636fb65a 2e2b79c7817f4c2dadad216bec757d49 1e1ca4812f1f49b49d1c6048dac3063e - - - -] Unable to schedule network 69682273-2537-44a5-b447-d752706f0c80: no agents available; will retry on subsequent port and subnet creation events.
2026-07-15 06:08:33.503 9 INFO neutron.services.segments.plugin [-] Segment d25dcc7c-7b25-4717-bd4d-806a7a0816d0 resource provider not found; error: Placement Client Error (4xx): {"errors": [{"status": 404, "title": "Not Found", "detail": "The resource could not be found.\n\n No resource provider with uuid d25dcc7c-7b25-4717-bd4d-806a7a0816d0 found for delete ", "request_id": "req-bca596b7-c4e5-47c2-a3f8-895e337c2f4b"}]}
2026-07-15 06:08:33.511 9 INFO neutron.services.segments.plugin [-] Segment d25dcc7c-7b25-4717-bd4d-806a7a0816d0 resource provider not found; error: Placement Client Error (4xx): {"errors": [{"status": 404, "title": "Not Found", "detail": "The resource could not be found.\n\n No resource provider with uuid d25dcc7c-7b25-4717-bd4d-806a7a0816d0 found for delete ", "request_id": "req-8714a0ed-c66c-472f-9296-3627c834c6a5"}]}
2026-07-15 06:08:33.541 9 INFO neutron.wsgi [None req-8282bf63-7861-4d64-ad78-dac029cb2a70 bc890da7b1e045df99b7fb40a936d507 524d02558d484f44874de52b6ff81980 - - - -] 10.0.0.166 "DELETE /v2.0/networks/241de3d5-3fbc-4ff8-9d3a-99eb505d39f9 HTTP/1.1" status: 204 len: 168 time: 0.5216725
2026-07-15 06:08:33.568 9 INFO neutron.db.ovn_revision_numbers_db [None req-fefbe5a2-93ed-4c87-b9c2-04d2636fb65a 2e2b79c7817f4c2dadad216bec757d49 1e1ca4812f1f49b49d1c6048dac3063e - - - -] Successfully bumped revision number for resource 86888e73-ca23-492b-aa0a-fbb681e50699 (type: ports) to 1
2026-07-15 06:08:33.590 9 INFO neutron.wsgi [None req-fefbe5a2-93ed-4c87-b9c2-04d2636fb65a 2e2b79c7817f4c2dadad216bec757d49 1e1ca4812f1f49b49d1c6048dac3063e - - - -] 10.0.0.166 "POST /v2.0/networks HTTP/1.1" status: 201 len: 849 time: 0.6194386
2026-07-15 06:08:33.694 9 INFO neutron.wsgi [None req-1f09027c-1af1-42f5-98e0-ec443c53bca4 bc890da7b1e045df99b7fb40a936d507 524d02558d484f44874de52b6ff81980 - - default default] 10.0.0.166 "GET /v2.0/security-groups?tenant_id=b302cd3ab5f541b9a62035da739fd3b3&name=default HTTP/1.1" status: 200 len: 2996 time: 0.0483453
2026-07-15 06:08:33.835 10 INFO neutron.db.ovn_revision_numbers_db [None req-a907a39e-2e1a-43cd-96f5-68b33cdbe5fd bc890da7b1e045df99b7fb40a936d507 524d02558d484f44874de52b6ff81980 - - - -] Successfully bumped revision number for resource 71cce8ae-72a1-440b-b3b0-16204e320de7 (type: ports) to 2
2026-07-15 06:08:33.848 10 INFO neutron.db.ovn_revision_numbers_db [None req-a907a39e-2e1a-43cd-96f5-68b33cdbe5fd bc890da7b1e045df99b7fb40a936d507 524d02558d484f44874de52b6ff81980 - - - -] Successfully bumped revision number for resource 790ab0d2-313d-4639-aff6-0e1346bb2394 (type: subnets) to 0
2026-07-15 06:08:33.863 10 INFO neutron.wsgi [None req-a907a39e-2e1a-43cd-96f5-68b33cdbe5fd bc890da7b1e045df99b7fb40a936d507 524d02558d484f44874de52b6ff81980 - - - -] 10.0.0.166 "POST /v2.0/subnets HTTP/1.1" status: 201 len: 868 time: 0.5805988
2026-07-15 06:08:34.028 9 INFO neutron.wsgi [None req-029f8c17-25cc-4e97-aed7-13950875cefc bc890da7b1e045df99b7fb40a936d507 524d02558d484f44874de52b6ff81980 - - - -] 10.0.0.166 "DELETE /v2.0/security-groups/17483bbb-3cf3-4504-aacc-6249271f2d55 HTTP/1.1" status: 204 len: 168 time: 0.3284824
2026-07-15 06:08:34.123 9 WARNING neutron.scheduler.dhcp_agent_scheduler [None req-9b874c6a-9be4-4e72-8039-9d2a94e76b87 2e2b79c7817f4c2dadad216bec757d49 1e1ca4812f1f49b49d1c6048dac3063e - - - -] No more DHCP agents
2026-07-15 06:08:34.125 9 WARNING neutron.api.rpc.agentnotifiers.dhcp_rpc_agent_api [None req-9b874c6a-9be4-4e72-8039-9d2a94e76b87 2e2b79c7817f4c2dadad216bec757d49 1e1ca4812f1f49b49d1c6048dac3063e - - - -] Unable to schedule network 2091419e-660f-4083-a87e-df572d08d248: no agents available; will retry on subsequent port and subnet creation events.
2026-07-15 06:08:34.599 10 WARNING neutron.scheduler.dhcp_agent_scheduler [None req-529fb211-8a2a-4d85-8b08-9d5c4c234e21 bc890da7b1e045df99b7fb40a936d507 524d02558d484f44874de52b6ff81980 - - - -] No more DHCP agents
2026-07-15 06:08:34.601 10 WARNING neutron.api.rpc.agentnotifiers.dhcp_rpc_agent_api [None req-529fb211-8a2a-4d85-8b08-9d5c4c234e21 bc890da7b1e045df99b7fb40a936d507 524d02558d484f44874de52b6ff81980 - - - -] Unable to schedule network b3058ac8-f6ab-4ab6-923b-56edb0747af6: no agents available; will retry on subsequent port and subnet creation events.
2026-07-15 06:08:34.647 9 INFO neutron.db.ovn_revision_numbers_db [None req-9b874c6a-9be4-4e72-8039-9d2a94e76b87 2e2b79c7817f4c2dadad216bec757d49 1e1ca4812f1f49b49d1c6048dac3063e - - - -] Successfully bumped revision number for resource 050f1a83-5782-4079-bc01-a5f19d00c579 (type: ports) to 2
2026-07-15 06:08:34.659 9 INFO neutron.db.ovn_revision_numbers_db [None req-9b874c6a-9be4-4e72-8039-9d2a94e76b87 2e2b79c7817f4c2dadad216bec757d49 1e1ca4812f1f49b49d1c6048dac3063e - - - -] Successfully bumped revision number for resource 26a20700-657e-4ce5-ac00-68ed36cda10c (type: subnets) to 0
2026-07-15 06:08:34.679 9 WARNING neutron.scheduler.dhcp_agent_scheduler [None req-9b874c6a-9be4-4e72-8039-9d2a94e76b87 2e2b79c7817f4c2dadad216bec757d49 1e1ca4812f1f49b49d1c6048dac3063e - - - -] No more DHCP agents
2026-07-15 06:08:34.681 9 WARNING neutron.api.rpc.agentnotifiers.dhcp_rpc_agent_api [None req-9b874c6a-9be4-4e72-8039-9d2a94e76b87 2e2b79c7817f4c2dadad216bec757d49 1e1ca4812f1f49b49d1c6048dac3063e - - - -] Unable to schedule network 69682273-2537-44a5-b447-d752706f0c80: no agents available; will retry on subsequent port and subnet creation events.
2026-07-15 06:08:34.740 10 INFO neutron.db.ovn_revision_numbers_db [None req-529fb211-8a2a-4d85-8b08-9d5c4c234e21 bc890da7b1e045df99b7fb40a936d507 524d02558d484f44874de52b6ff81980 - - - -] Successfully bumped revision number for resource 049f013b-3dc3-4c51-88c9-a9b18d1425a4 (type: ports) to 1
2026-07-15 06:08:35.135 9 INFO neutron.db.ovn_revision_numbers_db [None req-9b874c6a-9be4-4e72-8039-9d2a94e76b87 2e2b79c7817f4c2dadad216bec757d49 1e1ca4812f1f49b49d1c6048dac3063e - - - -] Successfully bumped revision number for resource 86888e73-ca23-492b-aa0a-fbb681e50699 (type: ports) to 2
2026-07-15 06:08:35.152 9 INFO neutron.db.ovn_revision_numbers_db [None req-9b874c6a-9be4-4e72-8039-9d2a94e76b87 2e2b79c7817f4c2dadad216bec757d49 1e1ca4812f1f49b49d1c6048dac3063e - - - -] Successfully bumped revision number for resource 17ea33c4-b16d-4320-bb38-f56a0e173c4b (type: subnets) to 0
2026-07-15 06:08:35.170 9 INFO neutron.wsgi [None req-9b874c6a-9be4-4e72-8039-9d2a94e76b87 2e2b79c7817f4c2dadad216bec757d49 1e1ca4812f1f49b49d1c6048dac3063e - - - -] 10.0.0.166 "POST /v2.0/subnets HTTP/1.1" status: 201 len: 1426 time: 1.5476253
2026-07-15 06:08:35.231 9 INFO neutron.wsgi [None req-14dcc08d-8eee-464c-bc40-c2db8c9b57c3 2e2b79c7817f4c2dadad216bec757d49 1e1ca4812f1f49b49d1c6048dac3063e - - default default] 10.0.0.166 "GET /v2.0/subnets HTTP/1.1" status: 200 len: 2034 time: 0.0570865
2026-07-15 06:08:35.391 10 INFO neutron.plugins.ml2.drivers.ovn.mech_driver.mech_driver [None req-bceb5e37-e2e9-4c25-b4a6-b028aa7fbee5 - - - - - -] OVN reports status up for port: 049f013b-3dc3-4c51-88c9-a9b18d1425a4
2026-07-15 06:08:35.401 10 INFO neutron.plugins.ml2.plugin [None req-bceb5e37-e2e9-4c25-b4a6-b028aa7fbee5 - - - - - -] Attempt 1 to provision port 049f013b-3dc3-4c51-88c9-a9b18d1425a4
2026-07-15 06:08:35.421 10 INFO neutron.plugins.ml2.drivers.ovn.mech_driver.ovsdb.ovsdb_monitor [None req-99ed6d7e-6f6e-4101-ab9e-d03c2fa9ea10 - - - - - -] Router be782827-74df-4359-831d-989f69b2ffc2 is bound to host instance
2026-07-15 06:08:35.426 10 INFO neutron.db.ovn_revision_numbers_db [None req-529fb211-8a2a-4d85-8b08-9d5c4c234e21 bc890da7b1e045df99b7fb40a936d507 524d02558d484f44874de52b6ff81980 - - - -] Successfully bumped revision number for resource 049f013b-3dc3-4c51-88c9-a9b18d1425a4 (type: router_ports) to 1
2026-07-15 06:08:35.541 10 INFO neutron.db.ovn_revision_numbers_db [None req-529fb211-8a2a-4d85-8b08-9d5c4c234e21 bc890da7b1e045df99b7fb40a936d507 524d02558d484f44874de52b6ff81980 - - - -] Successfully bumped revision number for resource be782827-74df-4359-831d-989f69b2ffc2 (type: routers) to 3
2026-07-15 06:08:35.571 10 INFO neutron.wsgi [None req-529fb211-8a2a-4d85-8b08-9d5c4c234e21 bc890da7b1e045df99b7fb40a936d507 524d02558d484f44874de52b6ff81980 - - - -] 10.0.0.166 "POST /v2.0/routers HTTP/1.1" status: 201 len: 879 time: 1.7024748
2026-07-15 06:08:35.706 9 INFO neutron.wsgi [None req-b1b901f2-3787-4b95-bbb5-f75cd0705b63 2e2b79c7817f4c2dadad216bec757d49 1e1ca4812f1f49b49d1c6048dac3063e - - - -] 10.0.0.166 "DELETE /v2.0/subnets/26a20700-657e-4ce5-ac00-68ed36cda10c HTTP/1.1" status: 204 len: 168 time: 0.4682543
2026-07-15 06:08:35.959 9 INFO neutron.wsgi [None req-bbbfaf97-7e40-46f9-9d31-0b89c9d5c908 2e2b79c7817f4c2dadad216bec757d49 1e1ca4812f1f49b49d1c6048dac3063e - - - -] 10.0.0.166 "DELETE /v2.0/subnets/17ea33c4-b16d-4320-bb38-f56a0e173c4b HTTP/1.1" status: 204 len: 168 time: 0.2467861
2026-07-15 06:08:35.979 10 INFO neutron.db.ovn_revision_numbers_db [None req-99ed6d7e-6f6e-4101-ab9e-d03c2fa9ea10 - - - - - -] Successfully bumped revision number for resource 049f013b-3dc3-4c51-88c9-a9b18d1425a4 (type: ports) to 1
2026-07-15 06:08:36.021 9 INFO neutron.wsgi [None req-ad472377-7735-4b6a-adda-b6a8ee8cbce7 2e2b79c7817f4c2dadad216bec757d49 1e1ca4812f1f49b49d1c6048dac3063e - - default default] 10.0.0.166 "GET /v2.0/subnets HTTP/1.1" status: 200 len: 820 time: 0.0568144
2026-07-15 06:08:36.147 9 WARNING neutron.scheduler.dhcp_agent_scheduler [None req-f2cc62af-077d-41a6-8c7d-7638de202235 bc890da7b1e045df99b7fb40a936d507 524d02558d484f44874de52b6ff81980 - - default default] No more DHCP agents
2026-07-15 06:08:36.149 9 WARNING neutron.api.rpc.agentnotifiers.dhcp_rpc_agent_api [None req-f2cc62af-077d-41a6-8c7d-7638de202235 bc890da7b1e045df99b7fb40a936d507 524d02558d484f44874de52b6ff81980 - - default default] Unable to schedule network 2a308e66-a033-4ffa-a61a-22f5a7321ba0: no agents available; will retry on subsequent port and subnet creation events.
2026-07-15 06:08:36.325 9 INFO neutron.db.ovn_revision_numbers_db [None req-f2cc62af-077d-41a6-8c7d-7638de202235 bc890da7b1e045df99b7fb40a936d507 524d02558d484f44874de52b6ff81980 - - default default] Successfully bumped revision number for resource 656d6e08-9383-4ef6-bea4-9684d7b459bd (type: ports) to 1
2026-07-15 06:08:36.379 9 INFO neutron.db.ovn_revision_numbers_db [None req-f7765107-47e2-4aa9-a4f7-44df469f5849 bc890da7b1e045df99b7fb40a936d507 524d02558d484f44874de52b6ff81980 - - - -] Successfully bumped revision number for resource 32c7bea6-8c5b-4f51-a4ee-2f2bf6172a3e (type: security_groups) to 1
2026-07-15 06:08:36.452 9 INFO neutron.db.segments_db [None req-f7765107-47e2-4aa9-a4f7-44df469f5849 bc890da7b1e045df99b7fb40a936d507 524d02558d484f44874de52b6ff81980 - - - -] Added segment b507dc4a-a8ff-4073-a598-2305bb154afc of type geneve for network 9049575b-cf77-46ec-b9b9-db8a054df896
2026-07-15 06:08:36.535 10 INFO neutron.db.ovn_revision_numbers_db [None req-99ed6d7e-6f6e-4101-ab9e-d03c2fa9ea10 - - - - - -] Successfully bumped revision number for resource 049f013b-3dc3-4c51-88c9-a9b18d1425a4 (type: router_ports) to 3
2026-07-15 06:08:36.616 9 INFO neutron.db.ovn_revision_numbers_db [None req-f7765107-47e2-4aa9-a4f7-44df469f5849 bc890da7b1e045df99b7fb40a936d507 524d02558d484f44874de52b6ff81980 - - - -] Successfully bumped revision number for resource 9049575b-cf77-46ec-b9b9-db8a054df896 (type: networks) to 1
2026-07-15 06:08:36.707 10 INFO neutron.db.ovn_revision_numbers_db [None req-99ed6d7e-6f6e-4101-ab9e-d03c2fa9ea10 - - - - - -] Successfully bumped revision number for resource 049f013b-3dc3-4c51-88c9-a9b18d1425a4 (type: ports) to 2
2026-07-15 06:08:36.755 10 INFO neutron.services.segments.plugin [-] Segment 819f65c2-36c5-4aa1-8139-57cea37ca103 resource provider aggregate not found
2026-07-15 06:08:36.759 10 INFO neutron.services.segments.plugin [-] Segment 819f65c2-36c5-4aa1-8139-57cea37ca103 resource provider aggregate not found
2026-07-15 06:08:36.777 10 INFO neutron.services.segments.plugin [-] Segment 819f65c2-36c5-4aa1-8139-57cea37ca103 resource provider not found; error: Placement Client Error (4xx): {"errors": [{"status": 404, "title": "Not Found", "detail": "The resource could not be found.\n\n No resource provider with uuid 819f65c2-36c5-4aa1-8139-57cea37ca103 found for delete ", "request_id": "req-54bcc7ba-5012-49b2-89f3-eeeb420b0f20"}]}
2026-07-15 06:08:36.778 10 INFO neutron.services.segments.plugin [-] Segment 819f65c2-36c5-4aa1-8139-57cea37ca103 resource provider not found; error: Placement Client Error (4xx): {"errors": [{"status": 404, "title": "Not Found", "detail": "The resource could not be found.\n\n No resource provider with uuid 819f65c2-36c5-4aa1-8139-57cea37ca103 found for delete ", "request_id": "req-9245eedd-307e-4657-aca1-9f369fb60063"}]}
2026-07-15 06:08:36.807 10 INFO neutron.wsgi [None req-65e8bdd8-3a3d-4397-803e-50d017617759 2e2b79c7817f4c2dadad216bec757d49 1e1ca4812f1f49b49d1c6048dac3063e - - - -] 10.0.0.166 "DELETE /v2.0/networks/69682273-2537-44a5-b447-d752706f0c80 HTTP/1.1" status: 204 len: 168 time: 0.7768974
2026-07-15 06:08:36.851 9 WARNING neutron.scheduler.dhcp_agent_scheduler [None req-f7765107-47e2-4aa9-a4f7-44df469f5849 bc890da7b1e045df99b7fb40a936d507 524d02558d484f44874de52b6ff81980 - - - -] No more DHCP agents
2026-07-15 06:08:36.870 9 WARNING neutron.api.rpc.agentnotifiers.dhcp_rpc_agent_api [None req-f7765107-47e2-4aa9-a4f7-44df469f5849 bc890da7b1e045df99b7fb40a936d507 524d02558d484f44874de52b6ff81980 - - - -] Unable to schedule network 9049575b-cf77-46ec-b9b9-db8a054df896: no agents available; will retry on subsequent port and subnet creation events.
2026-07-15 06:08:36.971 9 INFO neutron.db.ovn_revision_numbers_db [None req-f2cc62af-077d-41a6-8c7d-7638de202235 bc890da7b1e045df99b7fb40a936d507 524d02558d484f44874de52b6ff81980 - - default default] Successfully bumped revision number for resource 656d6e08-9383-4ef6-bea4-9684d7b459bd (type: router_ports) to 2
2026-07-15 06:08:36.973 9 INFO neutron.db.ovn_revision_numbers_db [None req-f7765107-47e2-4aa9-a4f7-44df469f5849 bc890da7b1e045df99b7fb40a936d507 524d02558d484f44874de52b6ff81980 - - - -] Successfully bumped revision number for resource 24b96199-d3e9-4271-9738-7a1bcd648d4f (type: ports) to 1
2026-07-15 06:08:37.007 9 INFO neutron.wsgi [None req-f7765107-47e2-4aa9-a4f7-44df469f5849 bc890da7b1e045df99b7fb40a936d507 524d02558d484f44874de52b6ff81980 - - - -] 10.0.0.166 "POST /v2.0/networks HTTP/1.1" status: 201 len: 953 time: 0.9456205
2026-07-15 06:08:37.032 9 INFO neutron.db.ovn_revision_numbers_db [None req-621959af-1c6c-4204-959a-19c8d7133db1 bc890da7b1e045df99b7fb40a936d507 524d02558d484f44874de52b6ff81980 - - default default] Successfully bumped revision number for resource 31e18b64-e389-4065-bd1f-8adbd66d4779 (type: security_groups) to 1
2026-07-15 06:08:37.064 9 INFO neutron.wsgi [None req-621959af-1c6c-4204-959a-19c8d7133db1 bc890da7b1e045df99b7fb40a936d507 524d02558d484f44874de52b6ff81980 - - default default] 10.0.0.166 "GET /v2.0/security-groups?tenant_id=c33a46a2d9744a928792e2680d0484bc&name=default HTTP/1.1" status: 200 len: 2996 time: 0.3243222
2026-07-15 06:08:37.070 10 INFO neutron.db.ovn_revision_numbers_db [None req-99ed6d7e-6f6e-4101-ab9e-d03c2fa9ea10 - - - - - -] Successfully bumped revision number for resource 049f013b-3dc3-4c51-88c9-a9b18d1425a4 (type: ports) to 4
2026-07-15 06:08:37.141 9 INFO neutron.db.ovn_revision_numbers_db [None req-f2cc62af-077d-41a6-8c7d-7638de202235 bc890da7b1e045df99b7fb40a936d507 524d02558d484f44874de52b6ff81980 - - default default] Successfully bumped revision number for resource 656d6e08-9383-4ef6-bea4-9684d7b459bd (type: ports) to 2
2026-07-15 06:08:37.208 9 WARNING neutron.scheduler.dhcp_agent_scheduler [None req-f2cc62af-077d-41a6-8c7d-7638de202235 bc890da7b1e045df99b7fb40a936d507 524d02558d484f44874de52b6ff81980 - - default default] No more DHCP agents
2026-07-15 06:08:37.210 9 WARNING neutron.api.rpc.agentnotifiers.dhcp_rpc_agent_api [None req-f2cc62af-077d-41a6-8c7d-7638de202235 bc890da7b1e045df99b7fb40a936d507 524d02558d484f44874de52b6ff81980 - - default default] Unable to schedule network 2a308e66-a033-4ffa-a61a-22f5a7321ba0: no agents available; will retry on subsequent port and subnet creation events.
2026-07-15 06:08:37.311 9 INFO neutron.wsgi [None req-9771651b-b4de-40d7-bccd-f10c78a1cf41 bc890da7b1e045df99b7fb40a936d507 524d02558d484f44874de52b6ff81980 - - - -] 10.0.0.166 "DELETE /v2.0/security-groups/31e18b64-e389-4065-bd1f-8adbd66d4779 HTTP/1.1" status: 204 len: 168 time: 0.2407057
2026-07-15 06:08:37.341 10 WARNING neutron.scheduler.dhcp_agent_scheduler [None req-91652cea-f6f2-4eb1-9867-2f5095009d83 bc890da7b1e045df99b7fb40a936d507 524d02558d484f44874de52b6ff81980 - - - -] No more DHCP agents
2026-07-15 06:08:37.345 10 WARNING neutron.api.rpc.agentnotifiers.dhcp_rpc_agent_api [None req-91652cea-f6f2-4eb1-9867-2f5095009d83 bc890da7b1e045df99b7fb40a936d507 524d02558d484f44874de52b6ff81980 - - - -] Unable to schedule network 9049575b-cf77-46ec-b9b9-db8a054df896: no agents available; will retry on subsequent port and subnet creation events.
2026-07-15 06:08:37.448 10 INFO neutron.wsgi [None req-9c0921f9-3578-4d1f-bea8-aff61caa50c2 2e2b79c7817f4c2dadad216bec757d49 1e1ca4812f1f49b49d1c6048dac3063e - - - -] 10.0.0.166 "DELETE /v2.0/networks/2091419e-660f-4083-a87e-df572d08d248 HTTP/1.1" status: 204 len: 168 time: 0.6354387
2026-07-15 06:08:37.480 10 INFO neutron.db.ovn_revision_numbers_db [None req-99ed6d7e-6f6e-4101-ab9e-d03c2fa9ea10 - - - - - -] Successfully bumped revision number for resource 049f013b-3dc3-4c51-88c9-a9b18d1425a4 (type: router_ports) to 4
2026-07-15 06:08:37.611 10 INFO neutron.db.ovn_revision_numbers_db [None req-52f98748-7fa3-45a7-90be-1398251d56bb bc890da7b1e045df99b7fb40a936d507 524d02558d484f44874de52b6ff81980 - - default default] Successfully bumped revision number for resource 64bf2c16-1d4f-4d46-ab53-679f3ac0cb12 (type: security_groups) to 1
2026-07-15 06:08:37.640 10 INFO neutron.wsgi [None req-52f98748-7fa3-45a7-90be-1398251d56bb bc890da7b1e045df99b7fb40a936d507 524d02558d484f44874de52b6ff81980 - - default default] 10.0.0.166 "GET /v2.0/security-groups?tenant_id=d968835de4ef49c28d4df9565953911d&name=default HTTP/1.1" status: 200 len: 2996 time: 0.2144537
2026-07-15 06:08:37.705 9 INFO neutron.db.ovn_revision_numbers_db [None req-f2cc62af-077d-41a6-8c7d-7638de202235 bc890da7b1e045df99b7fb40a936d507 524d02558d484f44874de52b6ff81980 - - - -] Successfully bumped revision number for resource 656d6e08-9383-4ef6-bea4-9684d7b459bd (type: router_ports) to 2
2026-07-15 06:08:37.707 9 INFO neutron.wsgi [None req-f2cc62af-077d-41a6-8c7d-7638de202235 bc890da7b1e045df99b7fb40a936d507 524d02558d484f44874de52b6ff81980 - - - -] 10.0.0.166 "PUT /v2.0/routers/be782827-74df-4359-831d-989f69b2ffc2/add_router_interface HTTP/1.1" status: 200 len: 503 time: 2.1291909
2026-07-15 06:08:37.838 10 INFO neutron.plugins.ml2.drivers.ovn.mech_driver.mech_driver [None req-bceb5e37-e2e9-4c25-b4a6-b028aa7fbee5 - - - - - -] OVN reports status up for port: 656d6e08-9383-4ef6-bea4-9684d7b459bd
2026-07-15 06:08:37.856 10 INFO neutron.plugins.ml2.plugin [None req-bceb5e37-e2e9-4c25-b4a6-b028aa7fbee5 - - - - - -] Attempt 1 to provision port 656d6e08-9383-4ef6-bea4-9684d7b459bd
2026-07-15 06:08:37.921 9 INFO neutron.services.segments.plugin [-] Segment 227aa37c-5811-494b-b97b-c711789e187e resource provider aggregate not found
2026-07-15 06:08:37.929 9 INFO neutron.services.segments.plugin [-] Segment 227aa37c-5811-494b-b97b-c711789e187e resource provider aggregate not found
