2026-07-15 06:08:46.559 10 INFO neutron.wsgi [req-c7f18846-5576-4f19-a32b-84f2f2375613 req-adc4b94b-f388-4f04-8d0e-b6dfe531378a ecf185079cda43319eb868f783ee53ce cbab0bc396ce4998b990be672fbe39f9 - - d75b538e44df44d6a7a6107f8abc3b91 d75b538e44df44d6a7a6107f8abc3b91] 199.19.213.21 "GET /v2.0/subnets?id=66e72390-c233-4b81-a88d-87a420f87d1e HTTP/1.1" status: 200 len: 876 time: 0.0288064
2026-07-15 06:08:46.559 9 INFO neutron.wsgi [None req-b3028ce2-0ce2-4507-b18b-9ffda13288b6 abdff40a0bf440b1975440aaaff2059b d5d3aa3b59354340bca75822c26ef55b - - default default] 10.0.0.166 "GET /v2.0/subnets?network_id=b3058ac8-f6ab-4ab6-923b-56edb0747af6 HTTP/1.1" status: 200 len: 820 time: 0.0501876
2026-07-15 06:08:46.570 9 INFO neutron.wsgi [None req-6366a4ae-a68e-43f1-872d-6b8285fd5e55 abdff40a0bf440b1975440aaaff2059b d5d3aa3b59354340bca75822c26ef55b - - default default] 10.0.0.166 "GET /v2.0/extensions HTTP/1.1" status: 200 len: 16520 time: 0.0060751
2026-07-15 06:08:46.590 10 INFO neutron.wsgi [req-c7f18846-5576-4f19-a32b-84f2f2375613 req-5b448b05-6fc9-4676-b300-23fc33561d6e ecf185079cda43319eb868f783ee53ce cbab0bc396ce4998b990be672fbe39f9 - - d75b538e44df44d6a7a6107f8abc3b91 d75b538e44df44d6a7a6107f8abc3b91] 199.19.213.21 "GET /v2.0/ports?network_id=9049575b-cf77-46ec-b9b9-db8a054df896&device_owner=network%3Adhcp HTTP/1.1" status: 200 len: 210 time: 0.0254931
2026-07-15 06:08:46.649 9 INFO neutron.wsgi [None req-c8e3465a-9a55-485a-adc5-3a1640a12b63 abdff40a0bf440b1975440aaaff2059b d5d3aa3b59354340bca75822c26ef55b - - default default] 10.0.0.166 "GET /v2.0/networks HTTP/1.1" status: 200 len: 1507 time: 0.0711479
2026-07-15 06:08:46.673 10 INFO neutron.wsgi [req-c7f18846-5576-4f19-a32b-84f2f2375613 req-0eb14638-f2c2-4dd9-88f1-6a5f11415c42 ecf185079cda43319eb868f783ee53ce cbab0bc396ce4998b990be672fbe39f9 - - d75b538e44df44d6a7a6107f8abc3b91 d75b538e44df44d6a7a6107f8abc3b91] 199.19.213.21 "GET /v2.0/networks/9049575b-cf77-46ec-b9b9-db8a054df896?fields=segments HTTP/1.1" status: 200 len: 212 time: 0.0752623
2026-07-15 06:08:46.688 9 INFO neutron.wsgi [None req-e03777b5-c229-418a-9ff9-88983d713562 abdff40a0bf440b1975440aaaff2059b d5d3aa3b59354340bca75822c26ef55b - - default default] 10.0.0.166 "GET /v2.0/subnets HTTP/1.1" status: 200 len: 1460 time: 0.0322931
2026-07-15 06:08:46.695 10 INFO neutron.wsgi [req-8bb33ca3-78b2-4db2-885f-cf59ea71fda0 req-19fea651-6102-436a-98e2-12af107b2067 d7dc3f8a145a4238b5e1c2c4c38d7abc 3470b82d3ab647648fbac5b5d22ec26e - - default default] 10.0.0.123 "GET /v2.0/ports?device_id=aa271e8b-82bf-4109-afde-6e22410284bc HTTP/1.1" status: 200 len: 1168 time: 0.1035900
2026-07-15 06:08:46.748 10 INFO neutron.wsgi [req-8bb33ca3-78b2-4db2-885f-cf59ea71fda0 req-4f64245d-a7b4-4e03-9fea-efade080b547 d7dc3f8a145a4238b5e1c2c4c38d7abc 3470b82d3ab647648fbac5b5d22ec26e - - default default] 10.0.0.123 "GET /v2.0/security-groups?id=f8b3a94a-d8a0-485f-8852-216133698156&fields=id&fields=name HTTP/1.1" status: 200 len: 313 time: 0.0425429
2026-07-15 06:08:46.750 10 INFO neutron.wsgi [req-c7f18846-5576-4f19-a32b-84f2f2375613 req-91d85026-3736-4d95-994d-0112a0590e56 ecf185079cda43319eb868f783ee53ce cbab0bc396ce4998b990be672fbe39f9 - - d75b538e44df44d6a7a6107f8abc3b91 d75b538e44df44d6a7a6107f8abc3b91] 199.19.213.21 "GET /v2.0/networks/9049575b-cf77-46ec-b9b9-db8a054df896?fields=provider%3Aphysical_network&fields=provider%3Anetwork_type HTTP/1.1" status: 200 len: 277 time: 0.0687311
2026-07-15 06:08:46.755 9 INFO neutron.wsgi [None req-a0210c22-b204-41da-af0b-a6fe77718e56 abdff40a0bf440b1975440aaaff2059b d5d3aa3b59354340bca75822c26ef55b - - default default] 10.0.0.166 "GET /v2.0/networks/f7870552-cb93-4393-aa1e-ca9b5fe1d16f HTTP/1.1" status: 200 len: 866 time: 0.0618615
2026-07-15 06:08:46.793 9 INFO neutron.wsgi [None req-8b65cb40-27a7-45e3-9a59-cc9cf5658db5 abdff40a0bf440b1975440aaaff2059b d5d3aa3b59354340bca75822c26ef55b - - default default] 10.0.0.166 "GET /v2.0/subnets/f303e75b-17da-4e8f-b8fd-94216d10215d HTTP/1.1" status: 200 len: 843 time: 0.0323806
2026-07-15 06:08:46.821 10 INFO neutron.wsgi [req-2c4026b5-228b-4f8c-89e4-b4c3acd42a73 req-d9b2489c-0b2f-438e-af2b-9376ff9348cd ecf185079cda43319eb868f783ee53ce cbab0bc396ce4998b990be672fbe39f9 - - d75b538e44df44d6a7a6107f8abc3b91 d75b538e44df44d6a7a6107f8abc3b91] 199.19.213.21 "GET /v2.0/ports?tenant_id=3470b82d3ab647648fbac5b5d22ec26e&device_id=aa271e8b-82bf-4109-afde-6e22410284bc HTTP/1.1" status: 200 len: 1359 time: 0.0326369
2026-07-15 06:08:46.825 9 INFO neutron.pecan_wsgi.hooks.translation [None req-c8aa6a8b-cab1-46a6-9074-10fdb524d0ea abdff40a0bf440b1975440aaaff2059b d5d3aa3b59354340bca75822c26ef55b - - - -] DELETE failed (client error): The resource could not be found.
2026-07-15 06:08:46.828 9 INFO neutron.wsgi [None req-c8aa6a8b-cab1-46a6-9074-10fdb524d0ea abdff40a0bf440b1975440aaaff2059b d5d3aa3b59354340bca75822c26ef55b - - - -] 10.0.0.166 "DELETE /v2.0/subnets/5d01b143-296c-42f2-aaeb-51066ba5815d HTTP/1.1" status: 404 len: 337 time: 0.0279739
2026-07-15 06:08:46.850 9 INFO neutron.pecan_wsgi.hooks.translation [None req-a31ee2d9-e0c5-4a22-841c-8635b11fca02 abdff40a0bf440b1975440aaaff2059b d5d3aa3b59354340bca75822c26ef55b - - - -] DELETE failed (client error): The resource could not be found.
2026-07-15 06:08:46.853 9 INFO neutron.wsgi [None req-a31ee2d9-e0c5-4a22-841c-8635b11fca02 abdff40a0bf440b1975440aaaff2059b d5d3aa3b59354340bca75822c26ef55b - - - -] 10.0.0.166 "DELETE /v2.0/networks/0b604f66-ea42-4918-9a4a-b94c2b3de6c2 HTTP/1.1" status: 404 len: 339 time: 0.0195594
2026-07-15 06:08:46.898 10 INFO neutron.wsgi [req-2c4026b5-228b-4f8c-89e4-b4c3acd42a73 req-65d1ff16-f042-4eb7-8f83-fababa7914ac ecf185079cda43319eb868f783ee53ce cbab0bc396ce4998b990be672fbe39f9 - - d75b538e44df44d6a7a6107f8abc3b91 d75b538e44df44d6a7a6107f8abc3b91] 199.19.213.21 "GET /v2.0/networks?id=9049575b-cf77-46ec-b9b9-db8a054df896 HTTP/1.1" status: 200 len: 981 time: 0.0706954
2026-07-15 06:08:46.952 10 INFO neutron.wsgi [req-2c4026b5-228b-4f8c-89e4-b4c3acd42a73 req-e362b315-c3f2-4501-b7cd-d31003198538 ecf185079cda43319eb868f783ee53ce cbab0bc396ce4998b990be672fbe39f9 - - d75b538e44df44d6a7a6107f8abc3b91 d75b538e44df44d6a7a6107f8abc3b91] 199.19.213.21 "GET /v2.0/floatingips?fixed_ip_address=10.100.0.7&port_id=49bb1538-5fe1-4c7a-b9c2-02284ef1692d HTTP/1.1" status: 200 len: 217 time: 0.0442050
2026-07-15 06:08:47.021 10 INFO neutron.wsgi [req-2c4026b5-228b-4f8c-89e4-b4c3acd42a73 req-d9bcff62-deda-4cd5-896d-2839c0be0f1a ecf185079cda43319eb868f783ee53ce cbab0bc396ce4998b990be672fbe39f9 - - d75b538e44df44d6a7a6107f8abc3b91 d75b538e44df44d6a7a6107f8abc3b91] 199.19.213.21 "GET /v2.0/subnets?id=66e72390-c233-4b81-a88d-87a420f87d1e HTTP/1.1" status: 200 len: 876 time: 0.0637972
2026-07-15 06:08:47.059 10 INFO neutron.wsgi [req-2c4026b5-228b-4f8c-89e4-b4c3acd42a73 req-cf40f054-9f4a-4357-bbc5-7ec29b4dad92 ecf185079cda43319eb868f783ee53ce cbab0bc396ce4998b990be672fbe39f9 - - d75b538e44df44d6a7a6107f8abc3b91 d75b538e44df44d6a7a6107f8abc3b91] 199.19.213.21 "GET /v2.0/ports?network_id=9049575b-cf77-46ec-b9b9-db8a054df896&device_owner=network%3Adhcp HTTP/1.1" status: 200 len: 210 time: 0.0306666
2026-07-15 06:08:47.121 9 INFO neutron.wsgi [None req-34e56725-a176-4a29-b9da-fe2b317e1d00 abdff40a0bf440b1975440aaaff2059b d5d3aa3b59354340bca75822c26ef55b - - - -] 10.0.0.166 "DELETE /v2.0/subnets/f303e75b-17da-4e8f-b8fd-94216d10215d HTTP/1.1" status: 204 len: 168 time: 0.2638700
2026-07-15 06:08:47.134 10 INFO neutron.wsgi [req-2c4026b5-228b-4f8c-89e4-b4c3acd42a73 req-263185af-479b-462a-a1ea-7db80d1f3271 ecf185079cda43319eb868f783ee53ce cbab0bc396ce4998b990be672fbe39f9 - - d75b538e44df44d6a7a6107f8abc3b91 d75b538e44df44d6a7a6107f8abc3b91] 199.19.213.21 "GET /v2.0/networks/9049575b-cf77-46ec-b9b9-db8a054df896?fields=segments HTTP/1.1" status: 200 len: 212 time: 0.0686555
2026-07-15 06:08:47.208 10 INFO neutron.wsgi [req-2c4026b5-228b-4f8c-89e4-b4c3acd42a73 req-94399cfc-3d41-4ba3-b70a-cbe7d0120639 ecf185079cda43319eb868f783ee53ce cbab0bc396ce4998b990be672fbe39f9 - - d75b538e44df44d6a7a6107f8abc3b91 d75b538e44df44d6a7a6107f8abc3b91] 199.19.213.21 "GET /v2.0/networks/9049575b-cf77-46ec-b9b9-db8a054df896?fields=provider%3Aphysical_network&fields=provider%3Anetwork_type HTTP/1.1" status: 200 len: 277 time: 0.0661328
2026-07-15 06:08:47.436 9 INFO neutron.wsgi [-] 10.0.0.223 "GET / HTTP/1.1" status: 200 len: 247 time: 0.0015738
2026-07-15 06:08:47.437 9 INFO neutron.wsgi [-] 10.0.0.223 "GET / HTTP/1.1" status: 200 len: 247 time: 0.0008686
2026-07-15 06:08:47.503 9 INFO neutron.wsgi [None req-1064f5d2-1651-4c53-9499-b19773896aaf abdff40a0bf440b1975440aaaff2059b d5d3aa3b59354340bca75822c26ef55b - - - -] 10.0.0.166 "DELETE /v2.0/networks/f7870552-cb93-4393-aa1e-ca9b5fe1d16f HTTP/1.1" status: 204 len: 168 time: 0.3764052
2026-07-15 06:08:47.636 9 INFO neutron.wsgi [req-7fc54a66-f8dc-4395-b30b-0248eff4ec13 req-4572411e-1f4d-44df-9b75-a81b8f7dce36 3ab18832da964d0787e40b2c9f639a95 5e5e605713064809bd0e2dc96b937547 - - default default] 10.0.0.123 "GET /v2.0/ports?device_id=f168f677-83c4-4ca7-9e07-0ada65ca5c5f HTTP/1.1" status: 200 len: 1172 time: 0.0412614
2026-07-15 06:08:47.676 9 INFO neutron.wsgi [req-7fc54a66-f8dc-4395-b30b-0248eff4ec13 req-76da5dd0-c602-447a-85c7-b2cb9698f27d 3ab18832da964d0787e40b2c9f639a95 5e5e605713064809bd0e2dc96b937547 - - default default] 10.0.0.123 "GET /v2.0/security-groups?id=8bcfeb2c-0bef-45b9-b10f-f7c0bf43de30&fields=id&fields=name HTTP/1.1" status: 200 len: 286 time: 0.0325007
2026-07-15 06:08:47.870 10 INFO neutron.wsgi [req-8135b6e9-1570-4ea4-a80d-d296b71aa603 req-0299b139-7b21-4a6f-8c9c-890339b11276 d7dc3f8a145a4238b5e1c2c4c38d7abc 3470b82d3ab647648fbac5b5d22ec26e - - default default] 10.0.0.123 "GET /v2.0/ports?device_id=aa271e8b-82bf-4109-afde-6e22410284bc HTTP/1.1" status: 200 len: 1168 time: 0.0449753
2026-07-15 06:08:47.919 10 INFO neutron.wsgi [req-8135b6e9-1570-4ea4-a80d-d296b71aa603 req-b8ef4a1c-9398-4c8e-92c7-e0f3ed29bb00 d7dc3f8a145a4238b5e1c2c4c38d7abc 3470b82d3ab647648fbac5b5d22ec26e - - default default] 10.0.0.123 "GET /v2.0/security-groups?id=f8b3a94a-d8a0-485f-8852-216133698156&fields=id&fields=name HTTP/1.1" status: 200 len: 313 time: 0.0380814
2026-07-15 06:08:48.077 9 INFO neutron.services.segments.plugin [-] Segment 3c5d4b35-c270-4bd5-ac39-4f97b58f96d6 resource provider aggregate not found
2026-07-15 06:08:48.085 9 INFO neutron.services.segments.plugin [-] Segment 3c5d4b35-c270-4bd5-ac39-4f97b58f96d6 resource provider aggregate not found
2026-07-15 06:08:48.103 9 INFO neutron.services.segments.plugin [-] Segment 3c5d4b35-c270-4bd5-ac39-4f97b58f96d6 resource provider not found; error: Placement Client Error (4xx): {"errors": [{"status": 404, "title": "Not Found", "detail": "The resource could not be found.\n\n No resource provider with uuid 3c5d4b35-c270-4bd5-ac39-4f97b58f96d6 found for delete ", "request_id": "req-bef72ab4-62d0-473d-840c-6ba173df6fdb"}]}
2026-07-15 06:08:48.106 9 INFO neutron.services.segments.plugin [-] Segment 3c5d4b35-c270-4bd5-ac39-4f97b58f96d6 resource provider not found; error: Placement Client Error (4xx): {"errors": [{"status": 404, "title": "Not Found", "detail": "The resource could not be found.\n\n No resource provider with uuid 3c5d4b35-c270-4bd5-ac39-4f97b58f96d6 found for delete ", "request_id": "req-6593acb5-fe4d-4a37-9992-794169c65406"}]}
2026-07-15 06:08:48.192 10 WARNING keystonemiddleware.audit [None req-5d96d83e-a7a7-47a0-9483-3af889ec108c - - - - - -] Skipping service tempest-service-529651586 as it have no endpoints.
2026-07-15 06:08:48.217 10 INFO neutron.wsgi [None req-8f33c0be-661e-410c-94e6-2ec763b7c2f9 bc890da7b1e045df99b7fb40a936d507 524d02558d484f44874de52b6ff81980 - - default default] 10.0.0.166 "GET /v2.0/security-groups?tenant_id=d5d3aa3b59354340bca75822c26ef55b&name=default HTTP/1.1" status: 200 len: 2996 time: 0.1715679
2026-07-15 06:08:48.223 10 WARNING keystonemiddleware.audit [None req-be5e6ecf-fbc8-4590-aba6-b9db4df12a22 - - - - - -] Skipping service tempest-service-529651586 as it have no endpoints.
2026-07-15 06:08:48.400 10 INFO neutron.wsgi [None req-906399c0-c6bb-49d2-a301-3090b13d5b9d bc890da7b1e045df99b7fb40a936d507 524d02558d484f44874de52b6ff81980 - - - -] 10.0.0.166 "DELETE /v2.0/security-groups/4d5c5bf9-aae3-445c-b99c-b52cfc2c2842 HTTP/1.1" status: 204 len: 168 time: 0.1782341
2026-07-15 06:08:48.781 9 INFO neutron.wsgi [req-66ca2e57-f8eb-43cb-aeb2-b43406d817aa req-0637f3c8-5aa2-492d-afc3-8e6767ad3c73 3ab18832da964d0787e40b2c9f639a95 5e5e605713064809bd0e2dc96b937547 - - default default] 10.0.0.123 "GET /v2.0/ports?device_id=f168f677-83c4-4ca7-9e07-0ada65ca5c5f HTTP/1.1" status: 200 len: 1172 time: 0.0463433
2026-07-15 06:08:48.822 9 INFO neutron.wsgi [req-66ca2e57-f8eb-43cb-aeb2-b43406d817aa req-071e8216-bedd-47b4-8d10-4fca9e979dc7 3ab18832da964d0787e40b2c9f639a95 5e5e605713064809bd0e2dc96b937547 - - default default] 10.0.0.123 "GET /v2.0/security-groups?id=8bcfeb2c-0bef-45b9-b10f-f7c0bf43de30&fields=id&fields=name HTTP/1.1" status: 200 len: 286 time: 0.0382457
2026-07-15 06:08:49.038 10 INFO neutron.wsgi [req-bda06d3f-3aba-4929-ada1-52a78d9fc724 req-d0071b40-ff29-4eb9-b7b9-d583342e0fc5 d7dc3f8a145a4238b5e1c2c4c38d7abc 3470b82d3ab647648fbac5b5d22ec26e - - default default] 10.0.0.123 "GET /v2.0/ports?device_id=aa271e8b-82bf-4109-afde-6e22410284bc HTTP/1.1" status: 200 len: 1168 time: 0.0408416
2026-07-15 06:08:49.079 10 INFO neutron.wsgi [req-bda06d3f-3aba-4929-ada1-52a78d9fc724 req-35f2fa09-72de-4d06-a6fb-9869fa8aabe8 d7dc3f8a145a4238b5e1c2c4c38d7abc 3470b82d3ab647648fbac5b5d22ec26e - - default default] 10.0.0.123 "GET /v2.0/security-groups?id=f8b3a94a-d8a0-485f-8852-216133698156&fields=id&fields=name HTTP/1.1" status: 200 len: 313 time: 0.0342526
2026-07-15 06:08:49.804 10 INFO neutron.db.ovn_revision_numbers_db [None req-cadcecfc-4f9f-4cb0-b7f6-e41e219ec72b bc890da7b1e045df99b7fb40a936d507 524d02558d484f44874de52b6ff81980 - - default default] Successfully bumped revision number for resource b8071464-5335-4414-b3c7-ef8a9b989d4b (type: security_groups) to 1
2026-07-15 06:08:49.830 10 INFO neutron.wsgi [None req-cadcecfc-4f9f-4cb0-b7f6-e41e219ec72b bc890da7b1e045df99b7fb40a936d507 524d02558d484f44874de52b6ff81980 - - default default] 10.0.0.166 "GET /v2.0/security-groups?tenant_id=763504c8f32a40e78ddaff33b14e6c22&name=default HTTP/1.1" status: 200 len: 2996 time: 0.2972496
2026-07-15 06:08:49.927 9 INFO neutron.wsgi [req-e082d2c0-8a02-4abd-8d06-f6ed17f5209f req-3b7e19d8-deda-4d23-a1ad-f8df906f9881 3ab18832da964d0787e40b2c9f639a95 5e5e605713064809bd0e2dc96b937547 - - default default] 10.0.0.123 "GET /v2.0/ports?device_id=f168f677-83c4-4ca7-9e07-0ada65ca5c5f HTTP/1.1" status: 200 len: 1172 time: 0.0483510
2026-07-15 06:08:49.971 9 INFO neutron.wsgi [req-e082d2c0-8a02-4abd-8d06-f6ed17f5209f req-dc9ad534-e14d-44e9-b701-ce85003dc893 3ab18832da964d0787e40b2c9f639a95 5e5e605713064809bd0e2dc96b937547 - - default default] 10.0.0.123 "GET /v2.0/security-groups?id=8bcfeb2c-0bef-45b9-b10f-f7c0bf43de30&fields=id&fields=name HTTP/1.1" status: 200 len: 286 time: 0.0364690
2026-07-15 06:08:50.039 10 WARNING neutron.plugins.ml2.drivers.ovn.mech_driver.ovsdb.ovn_client [None req-bceb5e37-e2e9-4c25-b4a6-b028aa7fbee5 - - - - - -] No hosting information found for port 58863919-2332-472b-b49a-ddb01b1a9496: RuntimeError: No hosting information found for port 58863919-2332-472b-b49a-ddb01b1a9496
2026-07-15 06:08:50.039 10 INFO neutron.plugins.ml2.drivers.ovn.mech_driver.mech_driver [None req-bceb5e37-e2e9-4c25-b4a6-b028aa7fbee5 - - - - - -] OVN reports status up for port: 392fdb47-e70a-4a80-ae8d-93edaf327ba2
2026-07-15 06:08:50.051 10 INFO neutron.wsgi [None req-1db0142b-2f05-4bb5-83a0-1511a2a60aac bc890da7b1e045df99b7fb40a936d507 524d02558d484f44874de52b6ff81980 - - - -] 10.0.0.166 "DELETE /v2.0/security-groups/b8071464-5335-4414-b3c7-ef8a9b989d4b HTTP/1.1" status: 204 len: 168 time: 0.2165263
2026-07-15 06:08:50.053 10 INFO neutron.plugins.ml2.plugin [None req-bceb5e37-e2e9-4c25-b4a6-b028aa7fbee5 - - - - - -] Attempt 1 to provision port 392fdb47-e70a-4a80-ae8d-93edaf327ba2
2026-07-15 06:08:50.153 10 INFO neutron.notifiers.nova [-] Nova event matching ['req-96685709-e392-4eff-9bde-f519d9e29815'] response: {'server_uuid': 'f168f677-83c4-4ca7-9e07-0ada65ca5c5f', 'name': 'network-vif-plugged', 'status': 'completed', 'tag': '392fdb47-e70a-4a80-ae8d-93edaf327ba2', 'code': 200}
2026-07-15 06:08:50.185 10 INFO neutron.wsgi [req-d5b65704-b954-4d64-8b1f-076864d658f3 req-54e55cb3-a4e3-493a-b456-1d3567bb4384 d7dc3f8a145a4238b5e1c2c4c38d7abc 3470b82d3ab647648fbac5b5d22ec26e - - default default] 10.0.0.123 "GET /v2.0/ports?device_id=aa271e8b-82bf-4109-afde-6e22410284bc HTTP/1.1" status: 200 len: 1168 time: 0.0426178
2026-07-15 06:08:50.233 10 INFO neutron.wsgi [req-d5b65704-b954-4d64-8b1f-076864d658f3 req-788669b9-1dd5-4197-ab17-9982914cd121 d7dc3f8a145a4238b5e1c2c4c38d7abc 3470b82d3ab647648fbac5b5d22ec26e - - default default] 10.0.0.123 "GET /v2.0/security-groups?id=f8b3a94a-d8a0-485f-8852-216133698156&fields=id&fields=name HTTP/1.1" status: 200 len: 313 time: 0.0426707
2026-07-15 06:08:50.290 9 INFO neutron.db.ovn_revision_numbers_db [None req-7c0672ae-9b74-46ad-831a-6d767c10b454 bc890da7b1e045df99b7fb40a936d507 524d02558d484f44874de52b6ff81980 - - default default] Successfully bumped revision number for resource a074fb28-efd7-47b5-aba0-a4fc974cc742 (type: security_groups) to 1
2026-07-15 06:08:50.320 9 INFO neutron.wsgi [None req-7c0672ae-9b74-46ad-831a-6d767c10b454 bc890da7b1e045df99b7fb40a936d507 524d02558d484f44874de52b6ff81980 - - default default] 10.0.0.166 "GET /v2.0/security-groups?tenant_id=f5bfaa4b12f1470abd61f45e1f9baae1&name=default HTTP/1.1" status: 200 len: 2996 time: 0.1246667
2026-07-15 06:08:50.325 10 INFO neutron.db.ovn_revision_numbers_db [None req-bceb5e37-e2e9-4c25-b4a6-b028aa7fbee5 - - - - - -] Successfully bumped revision number for resource 392fdb47-e70a-4a80-ae8d-93edaf327ba2 (type: ports) to 4
2026-07-15 06:08:50.388 10 INFO neutron.plugins.ml2.drivers.ovn.mech_driver.mech_driver [None req-bceb5e37-e2e9-4c25-b4a6-b028aa7fbee5 - - - - - -] OVN reports status up for port: 49bb1538-5fe1-4c7a-b9c2-02284ef1692d
2026-07-15 06:08:50.407 10 INFO neutron.plugins.ml2.plugin [None req-bceb5e37-e2e9-4c25-b4a6-b028aa7fbee5 - - - - - -] Attempt 1 to provision port 49bb1538-5fe1-4c7a-b9c2-02284ef1692d
2026-07-15 06:08:50.476 9 INFO neutron.db.ovn_revision_numbers_db [None req-5129c186-0142-4bb3-8e27-9f95d5d6ec56 4b4d57a4f85240528d888edfe5fdb48d 13c7bf0f325341feb823b7151e2a7ec5 - - - -] Successfully bumped revision number for resource 22ba002c-f6ae-4047-8efa-b9064e6ce6db (type: security_groups) to 1
2026-07-15 06:08:50.554 9 INFO neutron.wsgi [None req-dfded38a-bf1e-4416-adf4-fae52df8dfb7 bc890da7b1e045df99b7fb40a936d507 524d02558d484f44874de52b6ff81980 - - - -] 10.0.0.166 "DELETE /v2.0/security-groups/a074fb28-efd7-47b5-aba0-a4fc974cc742 HTTP/1.1" status: 204 len: 168 time: 0.2286618
2026-07-15 06:08:50.568 9 INFO neutron.db.ovn_revision_numbers_db [None req-5129c186-0142-4bb3-8e27-9f95d5d6ec56 4b4d57a4f85240528d888edfe5fdb48d 13c7bf0f325341feb823b7151e2a7ec5 - - - -] Successfully bumped revision number for resource be2dc919-1dae-48a3-860c-e529054211fd (type: security_groups) to 1
2026-07-15 06:08:50.595 9 INFO neutron.wsgi [None req-5129c186-0142-4bb3-8e27-9f95d5d6ec56 4b4d57a4f85240528d888edfe5fdb48d 13c7bf0f325341feb823b7151e2a7ec5 - - - -] 10.0.0.166 "POST /v2.0/security-groups HTTP/1.1" status: 201 len: 1760 time: 0.4487503 /var/lib/openstack/lib/python3.10/site-packages/pycadf/identifier.py:71: UserWarning: Invalid uuid: neutron. To ensure interoperability, identifiers should be a valid uuid. warnings.warn(('Invalid uuid: %s. To ensure interoperability, '
2026-07-15 06:08:50.856 10 INFO neutron.wsgi [None req-358e8389-6d74-4738-bdb0-22c9d5359bc6 4b4d57a4f85240528d888edfe5fdb48d 13c7bf0f325341feb823b7151e2a7ec5 - - default default] 10.0.0.166 "GET /v2.0/security-groups HTTP/1.1" status: 200 len: 4538 time: 0.2554772
2026-07-15 06:08:50.876 10 INFO neutron.db.ovn_revision_numbers_db [None req-bceb5e37-e2e9-4c25-b4a6-b028aa7fbee5 - - - - - -] Successfully bumped revision number for resource 49bb1538-5fe1-4c7a-b9c2-02284ef1692d (type: ports) to 4
2026-07-15 06:08:51.017 10 INFO neutron.db.ovn_revision_numbers_db [None req-1648c513-22af-495a-b0b4-d99eebb5ee26 4b4d57a4f85240528d888edfe5fdb48d 13c7bf0f325341feb823b7151e2a7ec5 - - - -] Successfully bumped revision number for resource be2dc919-1dae-48a3-860c-e529054211fd (type: security_groups) to 2
2026-07-15 06:08:51.021 10 INFO neutron.wsgi [None req-1648c513-22af-495a-b0b4-d99eebb5ee26 4b4d57a4f85240528d888edfe5fdb48d 13c7bf0f325341feb823b7151e2a7ec5 - - - -] 10.0.0.166 "PUT /v2.0/security-groups/be2dc919-1dae-48a3-860c-e529054211fd HTTP/1.1" status: 200 len: 1794 time: 0.1588504 /var/lib/openstack/lib/python3.10/site-packages/pycadf/identifier.py:71: UserWarning: Invalid uuid: neutron. To ensure interoperability, identifiers should be a valid uuid. warnings.warn(('Invalid uuid: %s. To ensure interoperability, '
2026-07-15 06:08:51.058 10 INFO neutron.wsgi [None req-81845c4b-1efd-4eb9-a84c-c9e6f9857903 4b4d57a4f85240528d888edfe5fdb48d 13c7bf0f325341feb823b7151e2a7ec5 - - default default] 10.0.0.166 "GET /v2.0/security-groups/be2dc919-1dae-48a3-860c-e529054211fd HTTP/1.1" status: 200 len: 1794 time: 0.0310416
2026-07-15 06:08:51.123 9 INFO neutron.wsgi [req-c523f3e7-7b2a-4d52-b6ec-d7c061acbc4d req-2387eafc-a4a9-4172-997e-13af0c8c166c 3ab18832da964d0787e40b2c9f639a95 5e5e605713064809bd0e2dc96b937547 - - default default] 10.0.0.123 "GET /v2.0/ports?device_id=f168f677-83c4-4ca7-9e07-0ada65ca5c5f HTTP/1.1" status: 200 len: 1174 time: 0.0884023
2026-07-15 06:08:51.166 9 INFO neutron.wsgi [req-c523f3e7-7b2a-4d52-b6ec-d7c061acbc4d req-e99d389c-3f52-483d-b896-1c8559580715 3ab18832da964d0787e40b2c9f639a95 5e5e605713064809bd0e2dc96b937547 - - default default] 10.0.0.123 "GET /v2.0/security-groups?id=8bcfeb2c-0bef-45b9-b10f-f7c0bf43de30&fields=id&fields=name HTTP/1.1" status: 200 len: 286 time: 0.0354350
2026-07-15 06:08:51.167 10 INFO neutron.wsgi [None req-4250ff62-6364-4d0c-8529-28934e8ed871 4b4d57a4f85240528d888edfe5fdb48d 13c7bf0f325341feb823b7151e2a7ec5 - - - -] 10.0.0.166 "DELETE /v2.0/security-groups/be2dc919-1dae-48a3-860c-e529054211fd HTTP/1.1" status: 204 len: 168 time: 0.1018817
2026-07-15 06:08:51.203 10 INFO neutron.wsgi [None req-190927ff-5530-49ce-8531-7739c365934c 4b4d57a4f85240528d888edfe5fdb48d 13c7bf0f325341feb823b7151e2a7ec5 - - default default] 10.0.0.166 "GET /v2.0/security-groups HTTP/1.1" status: 200 len: 2996 time: 0.0303957
2026-07-15 06:08:51.225 10 INFO neutron.api.v2.resource [None req-7c0fad0a-a5d7-4546-97f6-e83aa181b209 4b4d57a4f85240528d888edfe5fdb48d 13c7bf0f325341feb823b7151e2a7ec5 - - - -] delete failed (client error): The resource could not be found.
2026-07-15 06:08:51.227 10 INFO neutron.wsgi [None req-7c0fad0a-a5d7-4546-97f6-e83aa181b209 4b4d57a4f85240528d888edfe5fdb48d 13c7bf0f325341feb823b7151e2a7ec5 - - - -] 10.0.0.166 "DELETE /v2.0/security-groups/be2dc919-1dae-48a3-860c-e529054211fd HTTP/1.1" status: 404 len: 347 time: 0.0176342
2026-07-15 06:08:51.346 10 INFO neutron.wsgi [req-52c0c484-21f0-4613-9caa-b1881b7108ea req-66f52093-ea1b-450a-b6b2-b4b46626bce2 d7dc3f8a145a4238b5e1c2c4c38d7abc 3470b82d3ab647648fbac5b5d22ec26e - - default default] 10.0.0.123 "GET /v2.0/ports?device_id=aa271e8b-82bf-4109-afde-6e22410284bc HTTP/1.1" status: 200 len: 1170 time: 0.0410650
2026-07-15 06:08:51.370 10 INFO neutron.db.ovn_revision_numbers_db [None req-1c2966c7-95c5-4cf3-a9ab-79506a77d1de 4b4d57a4f85240528d888edfe5fdb48d 13c7bf0f325341feb823b7151e2a7ec5 - - - -] Successfully bumped revision number for resource 9808a097-9e9c-4f8d-a99b-1d06a41409db (type: security_groups) to 1
2026-07-15 06:08:51.395 10 INFO neutron.wsgi [None req-1c2966c7-95c5-4cf3-a9ab-79506a77d1de 4b4d57a4f85240528d888edfe5fdb48d 13c7bf0f325341feb823b7151e2a7ec5 - - - -] 10.0.0.166 "POST /v2.0/security-groups HTTP/1.1" status: 201 len: 1761 time: 0.1596510
2026-07-15 06:08:51.403 10 INFO neutron.wsgi [req-52c0c484-21f0-4613-9caa-b1881b7108ea req-4c1e0fae-092b-4c2f-a221-e6ba35f0e093 d7dc3f8a145a4238b5e1c2c4c38d7abc 3470b82d3ab647648fbac5b5d22ec26e - - default default] 10.0.0.123 "GET /v2.0/security-groups?id=f8b3a94a-d8a0-485f-8852-216133698156&fields=id&fields=name HTTP/1.1" status: 200 len: 313 time: 0.0484397
2026-07-15 06:08:51.488 9 INFO neutron.wsgi [req-e2b0731d-a194-452c-99dd-536a502ebdf4 req-6fbad744-a68e-40df-b04b-2606a9900d27 3ab18832da964d0787e40b2c9f639a95 5e5e605713064809bd0e2dc96b937547 - - default default] 10.0.0.123 "GET /v2.0/ports?device_id=f168f677-83c4-4ca7-9e07-0ada65ca5c5f HTTP/1.1" status: 200 len: 1174 time: 0.0318141
2026-07-15 06:08:51.500 10 INFO neutron.plugins.ml2.drivers.ovn.mech_driver.mech_driver [None req-bceb5e37-e2e9-4c25-b4a6-b028aa7fbee5 - - - - - -] OVN reports status down for port: 392fdb47-e70a-4a80-ae8d-93edaf327ba2
2026-07-15 06:08:51.529 9 INFO neutron.wsgi [req-e2b0731d-a194-452c-99dd-536a502ebdf4 req-a3d72313-b09f-4206-b69e-e67f24200099 3ab18832da964d0787e40b2c9f639a95 5e5e605713064809bd0e2dc96b937547 - - default default] 10.0.0.123 "GET /v2.0/security-groups?id=8bcfeb2c-0bef-45b9-b10f-f7c0bf43de30&fields=id&fields=name HTTP/1.1" status: 200 len: 286 time: 0.0330842
2026-07-15 06:08:51.546 10 INFO neutron.db.ovn_revision_numbers_db [None req-0e964508-7c64-4223-87db-d4e3dc2cfd3d 4b4d57a4f85240528d888edfe5fdb48d 13c7bf0f325341feb823b7151e2a7ec5 - - - -] Successfully bumped revision number for resource c2a4a5d4-9db2-4c7b-9ab8-f4457dfc39be (type: security_group_rules) to 0
2026-07-15 06:08:51.579 10 INFO neutron.wsgi [None req-0e964508-7c64-4223-87db-d4e3dc2cfd3d 4b4d57a4f85240528d888edfe5fdb48d 13c7bf0f325341feb823b7151e2a7ec5 - - - -] 10.0.0.166 "POST /v2.0/security-group-rules HTTP/1.1" status: 201 len: 768 time: 0.1750174
2026-07-15 06:08:51.600 9 INFO neutron.wsgi [None req-47eccb5e-a814-4811-bf97-a7097f151eea 4b4d57a4f85240528d888edfe5fdb48d 13c7bf0f325341feb823b7151e2a7ec5 - - default default] 10.0.0.166 "GET /v2.0/security-group-rules/c2a4a5d4-9db2-4c7b-9ab8-f4457dfc39be HTTP/1.1" status: 200 len: 763 time: 0.0140193
2026-07-15 06:08:51.685 10 INFO neutron.wsgi [None req-dddde2c7-a9e0-4871-bd14-2794c644a273 4b4d57a4f85240528d888edfe5fdb48d 13c7bf0f325341feb823b7151e2a7ec5 - - default default] 10.0.0.166 "GET /v2.0/security-group-rules HTTP/1.1" status: 200 len: 4113 time: 0.0593710
2026-07-15 06:08:51.803 9 INFO neutron.wsgi [None req-3ff0b11a-933a-46a8-b8a9-37902b5f0e2a 4b4d57a4f85240528d888edfe5fdb48d 13c7bf0f325341feb823b7151e2a7ec5 - - - -] 10.0.0.166 "DELETE /v2.0/security-group-rules/c2a4a5d4-9db2-4c7b-9ab8-f4457dfc39be HTTP/1.1" status: 204 len: 168 time: 0.1115263
2026-07-15 06:08:51.824 10 INFO neutron.db.ovn_revision_numbers_db [None req-bceb5e37-e2e9-4c25-b4a6-b028aa7fbee5 - - - - - -] Successfully bumped revision number for resource 392fdb47-e70a-4a80-ae8d-93edaf327ba2 (type: ports) to 5
2026-07-15 06:08:51.841 9 INFO neutron.wsgi [None req-861b10d6-c558-4705-abd7-a525215a01ea 4b4d57a4f85240528d888edfe5fdb48d 13c7bf0f325341feb823b7151e2a7ec5 - - default default] 10.0.0.166 "GET /v2.0/security-group-rules HTTP/1.1" status: 200 len: 3567 time: 0.0285733
2026-07-15 06:08:51.877 10 INFO neutron.wsgi [req-5ce23217-1ba8-46d7-b159-6b0a27251c05 req-210f75a8-9093-4a10-8533-f9c72e9695d6 3ab18832da964d0787e40b2c9f639a95 5e5e605713064809bd0e2dc96b937547 - - default default] 199.19.213.21 "GET /v2.0/ports?device_id=f168f677-83c4-4ca7-9e07-0ada65ca5c5f HTTP/1.1" status: 200 len: 1172 time: 0.1001225 /var/lib/openstack/lib/python3.10/site-packages/pycadf/identifier.py:71: UserWarning: Invalid uuid: neutron. To ensure interoperability, identifiers should be a valid uuid. warnings.warn(('Invalid uuid: %s. To ensure interoperability, '
2026-07-15 06:08:51.970 9 INFO neutron.db.ovn_revision_numbers_db [None req-8f86e472-f1ff-488c-8470-6afb79d4cd73 4b4d57a4f85240528d888edfe5fdb48d 13c7bf0f325341feb823b7151e2a7ec5 - - - -] Successfully bumped revision number for resource 89bf8b30-e49e-44ed-afff-afd2384c6da1 (type: security_group_rules) to 0
2026-07-15 06:08:52.006 9 INFO neutron.wsgi [None req-8f86e472-f1ff-488c-8470-6afb79d4cd73 4b4d57a4f85240528d888edfe5fdb48d 13c7bf0f325341feb823b7151e2a7ec5 - - - -] 10.0.0.166 "POST /v2.0/security-group-rules HTTP/1.1" status: 201 len: 768 time: 0.1583562
2026-07-15 06:08:52.026 9 INFO neutron.wsgi [None req-1c5b6c88-eca0-484e-aff8-221f8a467b1e 4b4d57a4f85240528d888edfe5fdb48d 13c7bf0f325341feb823b7151e2a7ec5 - - default default] 10.0.0.166 "GET /v2.0/security-group-rules/89bf8b30-e49e-44ed-afff-afd2384c6da1 HTTP/1.1" status: 200 len: 763 time: 0.0136068
2026-07-15 06:08:52.057 9 INFO neutron.wsgi [None req-3a7eeba6-87cf-4d80-9361-bc591b7db13a 4b4d57a4f85240528d888edfe5fdb48d 13c7bf0f325341feb823b7151e2a7ec5 - - default default] 10.0.0.166 "GET /v2.0/security-group-rules HTTP/1.1" status: 200 len: 4113 time: 0.0254240
2026-07-15 06:08:52.148 9 INFO neutron.wsgi [None req-78534c28-cc4d-46bd-ae21-3d51b9286645 4b4d57a4f85240528d888edfe5fdb48d 13c7bf0f325341feb823b7151e2a7ec5 - - - -] 10.0.0.166 "DELETE /v2.0/security-group-rules/89bf8b30-e49e-44ed-afff-afd2384c6da1 HTTP/1.1" status: 204 len: 168 time: 0.0873353
2026-07-15 06:08:52.191 9 INFO neutron.wsgi [None req-319e0867-dfec-4213-9a14-db1f810becc2 4b4d57a4f85240528d888edfe5fdb48d 13c7bf0f325341feb823b7151e2a7ec5 - - default default] 10.0.0.166 "GET /v2.0/security-group-rules HTTP/1.1" status: 200 len: 3567 time: 0.0358803
2026-07-15 06:08:52.201 10 INFO neutron.wsgi [None req-e4b5faaf-89f1-4cf6-a42b-40690609e5ed 3ab18832da964d0787e40b2c9f639a95 5e5e605713064809bd0e2dc96b937547 - - - -] 199.19.213.21 "DELETE /v2.0/ports/392fdb47-e70a-4a80-ae8d-93edaf327ba2 HTTP/1.1" status: 204 len: 173 time: 0.3180726
2026-07-15 06:08:52.202 10 INFO neutron.notifiers.nova [-] Nova event matching ['req-7e6ff7de-1c33-4b26-ba04-b3987c074f24'] response: {'server_uuid': 'f168f677-83c4-4ca7-9e07-0ada65ca5c5f', 'name': 'network-vif-plugged', 'status': 'completed', 'tag': '392fdb47-e70a-4a80-ae8d-93edaf327ba2', 'code': 200}
2026-07-15 06:08:52.202 10 INFO neutron.notifiers.nova [-] Nova event matching ['req-7e6ff7de-1c33-4b26-ba04-b3987c074f24'] response: {'server_uuid': 'aa271e8b-82bf-4109-afde-6e22410284bc', 'name': 'network-vif-plugged', 'status': 'completed', 'tag': '49bb1538-5fe1-4c7a-b9c2-02284ef1692d', 'code': 200}
2026-07-15 06:08:52.202 10 INFO neutron.notifiers.nova [-] Nova event matching ['req-7e6ff7de-1c33-4b26-ba04-b3987c074f24'] response: {'server_uuid': 'aa271e8b-82bf-4109-afde-6e22410284bc', 'name': 'network-vif-plugged', 'status': 'completed', 'tag': '49bb1538-5fe1-4c7a-b9c2-02284ef1692d', 'code': 200}
2026-07-15 06:08:52.202 10 INFO neutron.notifiers.nova [-] Nova event matching ['req-7e6ff7de-1c33-4b26-ba04-b3987c074f24'] response: {'server_uuid': 'f168f677-83c4-4ca7-9e07-0ada65ca5c5f', 'name': 'network-vif-unplugged', 'status': 'completed', 'tag': '392fdb47-e70a-4a80-ae8d-93edaf327ba2', 'code': 200}
2026-07-15 06:08:52.202 10 INFO neutron.notifiers.nova [-] Nova event matching ['req-7e6ff7de-1c33-4b26-ba04-b3987c074f24'] response: {'server_uuid': 'f168f677-83c4-4ca7-9e07-0ada65ca5c5f', 'name': 'network-vif-plugged', 'status': 'completed', 'tag': '392fdb47-e70a-4a80-ae8d-93edaf327ba2', 'code': 200}
2026-07-15 06:08:52.328 9 INFO neutron.db.ovn_revision_numbers_db [None req-a27b2c60-dad3-442d-b121-699e58725f0e 4b4d57a4f85240528d888edfe5fdb48d 13c7bf0f325341feb823b7151e2a7ec5 - - - -] Successfully bumped revision number for resource 5513cc91-f293-4951-a21b-79006bf35caa (type: security_group_rules) to 0
2026-07-15 06:08:52.360 9 INFO neutron.wsgi [None req-a27b2c60-dad3-442d-b121-699e58725f0e 4b4d57a4f85240528d888edfe5fdb48d 13c7bf0f325341feb823b7151e2a7ec5 - - - -] 10.0.0.166 "POST /v2.0/security-group-rules HTTP/1.1" status: 201 len: 769 time: 0.1632762
2026-07-15 06:08:52.379 9 INFO neutron.wsgi [None req-40530e7a-e9f9-4133-abf4-9d738f7b7bae 4b4d57a4f85240528d888edfe5fdb48d 13c7bf0f325341feb823b7151e2a7ec5 - - default default] 10.0.0.166 "GET /v2.0/security-group-rules/5513cc91-f293-4951-a21b-79006bf35caa HTTP/1.1" status: 200 len: 764 time: 0.0138121
2026-07-15 06:08:52.420 9 INFO neutron.wsgi [None req-becda23a-c48e-40b9-af1b-6c6c69b1069a 4b4d57a4f85240528d888edfe5fdb48d 13c7bf0f325341feb823b7151e2a7ec5 - - default default] 10.0.0.166 "GET /v2.0/security-group-rules HTTP/1.1" status: 200 len: 4114 time: 0.0361249
2026-07-15 06:08:52.572 9 INFO neutron.wsgi [req-dfd16faf-6568-48a7-be2c-c23f5fad5c57 req-e4ab77d1-62e8-4459-bad3-49328645f203 d7dc3f8a145a4238b5e1c2c4c38d7abc 3470b82d3ab647648fbac5b5d22ec26e - - default default] 10.0.0.123 "GET /v2.0/ports?device_id=aa271e8b-82bf-4109-afde-6e22410284bc HTTP/1.1" status: 200 len: 1170 time: 0.1028230
2026-07-15 06:08:52.607 9 INFO neutron.wsgi [None req-38bdfa5b-0ea0-486f-a2e7-760e6f87080f 4b4d57a4f85240528d888edfe5fdb48d 13c7bf0f325341feb823b7151e2a7ec5 - - - -] 10.0.0.166 "DELETE /v2.0/security-group-rules/5513cc91-f293-4951-a21b-79006bf35caa HTTP/1.1" status: 204 len: 168 time: 0.1834872
2026-07-15 06:08:52.626 9 INFO neutron.wsgi [req-dfd16faf-6568-48a7-be2c-c23f5fad5c57 req-a55442b4-9a40-4dca-bf33-4eee7d2fe300 d7dc3f8a145a4238b5e1c2c4c38d7abc 3470b82d3ab647648fbac5b5d22ec26e - - default default] 10.0.0.123 "GET /v2.0/security-groups?id=f8b3a94a-d8a0-485f-8852-216133698156&fields=id&fields=name HTTP/1.1" status: 200 len: 313 time: 0.0476739
2026-07-15 06:08:52.650 9 INFO neutron.wsgi [None req-2da0296e-b101-45dd-8f4b-66881892c90a 4b4d57a4f85240528d888edfe5fdb48d 13c7bf0f325341feb823b7151e2a7ec5 - - default default] 10.0.0.166 "GET /v2.0/security-group-rules HTTP/1.1" status: 200 len: 3567 time: 0.0382824
2026-07-15 06:08:52.779 9 INFO neutron.wsgi [None req-f4ebabca-04b5-468f-8d2f-eb1cc852ee62 4b4d57a4f85240528d888edfe5fdb48d 13c7bf0f325341feb823b7151e2a7ec5 - - - -] 10.0.0.166 "DELETE /v2.0/security-groups/9808a097-9e9c-4f8d-a99b-1d06a41409db HTTP/1.1" status: 204 len: 168 time: 0.1238115
2026-07-15 06:08:52.795 10 INFO neutron.wsgi [req-11b48547-2e6e-4b72-aab5-4070a69a33d6 req-d1fd5bcd-6cac-401e-9bfb-e8206bcdfbd3 d7dc3f8a145a4238b5e1c2c4c38d7abc 3470b82d3ab647648fbac5b5d22ec26e - - default default] 10.0.0.123 "GET /v2.0/ports?device_id=aa271e8b-82bf-4109-afde-6e22410284bc HTTP/1.1" status: 200 len: 1170 time: 0.1077058
2026-07-15 06:08:52.845 9 INFO neutron.wsgi [None req-72573439-49ba-4b1e-8e09-e06860493351 4b4d57a4f85240528d888edfe5fdb48d 13c7bf0f325341feb823b7151e2a7ec5 - - default default] 10.0.0.166 "GET /v2.0/security-groups HTTP/1.1" status: 200 len: 2996 time: 0.0617762
2026-07-15 06:08:52.906 10 INFO neutron.wsgi [None req-babab37d-f39d-4c8e-971f-ed81dccd5617 4b4d57a4f85240528d888edfe5fdb48d 13c7bf0f325341feb823b7151e2a7ec5 - - default default] 10.0.0.166 "GET /v2.0/security-groups HTTP/1.1" status: 200 len: 2996 time: 0.0539749
2026-07-15 06:08:53.128 9 INFO neutron.db.l3_db [None req-92328187-c7ea-4e28-a878-8e2b7ec7bc67 d7dc3f8a145a4238b5e1c2c4c38d7abc 3470b82d3ab647648fbac5b5d22ec26e - - - -] Floating IP 2b651f8d-74d3-495e-af40-602b21e3f7e4 associated. External IP: 10.96.250.203, port: 49bb1538-5fe1-4c7a-b9c2-02284ef1692d.
2026-07-15 06:08:53.339 9 INFO neutron.db.ovn_revision_numbers_db [None req-92328187-c7ea-4e28-a878-8e2b7ec7bc67 d7dc3f8a145a4238b5e1c2c4c38d7abc 3470b82d3ab647648fbac5b5d22ec26e - - - -] Successfully bumped revision number for resource 2b651f8d-74d3-495e-af40-602b21e3f7e4 (type: floatingips) to 1
2026-07-15 06:08:53.418 9 INFO neutron.db.ovn_revision_numbers_db [None req-92328187-c7ea-4e28-a878-8e2b7ec7bc67 d7dc3f8a145a4238b5e1c2c4c38d7abc 3470b82d3ab647648fbac5b5d22ec26e - - - -] Successfully bumped revision number for resource 2b651f8d-74d3-495e-af40-602b21e3f7e4 (type: floatingips) to 2
2026-07-15 06:08:53.439 9 INFO neutron.wsgi [None req-92328187-c7ea-4e28-a878-8e2b7ec7bc67 d7dc3f8a145a4238b5e1c2c4c38d7abc 3470b82d3ab647648fbac5b5d22ec26e - - - -] 10.0.0.166 "PUT /v2.0/floatingips/2b651f8d-74d3-495e-af40-602b21e3f7e4 HTTP/1.1" status: 200 len: 1049 time: 0.6285107
2026-07-15 06:08:53.493 9 INFO neutron.notifiers.nova [-] Nova event matching ['req-257b0e89-b828-40da-9f1d-8f26842f92dc'] response: {'name': 'network-changed', 'server_uuid': 'aa271e8b-82bf-4109-afde-6e22410284bc', 'tag': '49bb1538-5fe1-4c7a-b9c2-02284ef1692d', 'status': 'completed', 'code': 200} /var/lib/openstack/lib/python3.10/site-packages/pycadf/identifier.py:71: UserWarning: Invalid uuid: neutron. To ensure interoperability, identifiers should be a valid uuid. warnings.warn(('Invalid uuid: %s. To ensure interoperability, '
2026-07-15 06:08:53.529 9 INFO neutron.wsgi [req-8dde30bf-1e13-4767-98df-7e407042e2ae req-449e600a-4dc5-4ed4-8cdc-5843787b1c87 d7dc3f8a145a4238b5e1c2c4c38d7abc 3470b82d3ab647648fbac5b5d22ec26e - - default default] 10.0.0.123 "GET /v2.0/ports?device_id=aa271e8b-82bf-4109-afde-6e22410284bc HTTP/1.1" status: 200 len: 1170 time: 0.0545292
2026-07-15 06:08:53.536 10 INFO neutron.wsgi [req-22e3b474-b10c-4b2e-818c-8575fdcd6256 req-688a9dc4-eb54-4456-8aa6-b4c8d69d27e0 ecf185079cda43319eb868f783ee53ce cbab0bc396ce4998b990be672fbe39f9 - - d75b538e44df44d6a7a6107f8abc3b91 d75b538e44df44d6a7a6107f8abc3b91] 199.19.213.21 "GET /v2.0/ports?tenant_id=3470b82d3ab647648fbac5b5d22ec26e&device_id=aa271e8b-82bf-4109-afde-6e22410284bc HTTP/1.1" status: 200 len: 1361 time: 0.0353024
2026-07-15 06:08:53.565 9 INFO neutron.wsgi [req-8dde30bf-1e13-4767-98df-7e407042e2ae req-7a505a48-c426-415e-b75e-39d5cc9321a2 d7dc3f8a145a4238b5e1c2c4c38d7abc 3470b82d3ab647648fbac5b5d22ec26e - - default default] 10.0.0.123 "GET /v2.0/security-groups?id=f8b3a94a-d8a0-485f-8852-216133698156&fields=id&fields=name HTTP/1.1" status: 200 len: 313 time: 0.0329099
2026-07-15 06:08:53.645 10 INFO neutron.wsgi [None req-28d5b0a6-b384-401c-8475-4fca7c1adaa0 bc890da7b1e045df99b7fb40a936d507 524d02558d484f44874de52b6ff81980 - - default default] 10.0.0.166 "GET /v2.0/security-groups?tenant_id=13c7bf0f325341feb823b7151e2a7ec5&name=default HTTP/1.1" status: 200 len: 2996 time: 0.2607636
2026-07-15 06:08:53.650 10 INFO neutron.wsgi [req-22e3b474-b10c-4b2e-818c-8575fdcd6256 req-4151ddd5-6373-4d39-bdd7-bc0f0a6f468a ecf185079cda43319eb868f783ee53ce cbab0bc396ce4998b990be672fbe39f9 - - d75b538e44df44d6a7a6107f8abc3b91 d75b538e44df44d6a7a6107f8abc3b91] 199.19.213.21 "GET /v2.0/networks?id=9049575b-cf77-46ec-b9b9-db8a054df896 HTTP/1.1" status: 200 len: 981 time: 0.1077697
2026-07-15 06:08:53.722 10 INFO neutron.wsgi [req-22e3b474-b10c-4b2e-818c-8575fdcd6256 req-6eff51b4-5738-4fab-acae-6def860625cb ecf185079cda43319eb868f783ee53ce cbab0bc396ce4998b990be672fbe39f9 - - d75b538e44df44d6a7a6107f8abc3b91 d75b538e44df44d6a7a6107f8abc3b91] 199.19.213.21 "GET /v2.0/floatingips?fixed_ip_address=10.100.0.7&port_id=49bb1538-5fe1-4c7a-b9c2-02284ef1692d HTTP/1.1" status: 200 len: 1059 time: 0.0651104
2026-07-15 06:08:53.767 10 INFO neutron.wsgi [req-22e3b474-b10c-4b2e-818c-8575fdcd6256 req-906d83c1-a14c-4f7b-99f1-e05c36a54f99 ecf185079cda43319eb868f783ee53ce cbab0bc396ce4998b990be672fbe39f9 - - d75b538e44df44d6a7a6107f8abc3b91 d75b538e44df44d6a7a6107f8abc3b91] 199.19.213.21 "GET /v2.0/subnets?id=66e72390-c233-4b81-a88d-87a420f87d1e HTTP/1.1" status: 200 len: 876 time: 0.0405924
2026-07-15 06:08:54.027 9 INFO neutron.wsgi [None req-40ae1056-c026-4066-b39f-5eac83dc78f5 bc890da7b1e045df99b7fb40a936d507 524d02558d484f44874de52b6ff81980 - - - -] 10.0.0.166 "DELETE /v2.0/security-groups/22ba002c-f6ae-4047-8efa-b9064e6ce6db HTTP/1.1" status: 204 len: 168 time: 0.3777161
2026-07-15 06:08:54.103 10 INFO neutron.wsgi [req-22e3b474-b10c-4b2e-818c-8575fdcd6256 req-3b9c2452-c3c3-440e-bd7e-d1dcb08bcde9 ecf185079cda43319eb868f783ee53ce cbab0bc396ce4998b990be672fbe39f9 - - d75b538e44df44d6a7a6107f8abc3b91 d75b538e44df44d6a7a6107f8abc3b91] 199.19.213.21 "GET /v2.0/ports?network_id=9049575b-cf77-46ec-b9b9-db8a054df896&device_owner=network%3Adhcp HTTP/1.1" status: 200 len: 210 time: 0.0227592
2026-07-15 06:08:54.156 10 INFO neutron.wsgi [None req-85588d58-75e3-4ba3-9f0e-da12be1c6098 bc890da7b1e045df99b7fb40a936d507 524d02558d484f44874de52b6ff81980 - - - -] 10.0.0.166 "PUT /v2.0/routers/be782827-74df-4359-831d-989f69b2ffc2/remove_router_interface HTTP/1.1" status: 200 len: 503 time: 1.5715179
2026-07-15 06:08:54.191 10 INFO neutron.wsgi [req-22e3b474-b10c-4b2e-818c-8575fdcd6256 req-c3d203cd-7eef-45a1-8955-0fbdb2dbdf83 ecf185079cda43319eb868f783ee53ce cbab0bc396ce4998b990be672fbe39f9 - - d75b538e44df44d6a7a6107f8abc3b91 d75b538e44df44d6a7a6107f8abc3b91] 199.19.213.21 "GET /v2.0/networks/9049575b-cf77-46ec-b9b9-db8a054df896?fields=segments HTTP/1.1" status: 200 len: 212 time: 0.0781870 /var/lib/openstack/lib/python3.10/site-packages/pycadf/identifier.py:71: UserWarning: Invalid uuid: neutron. To ensure interoperability, identifiers should be a valid uuid. warnings.warn(('Invalid uuid: %s. To ensure interoperability, '
2026-07-15 06:08:54.250 10 INFO neutron.wsgi [req-22e3b474-b10c-4b2e-818c-8575fdcd6256 req-c7e565f8-3300-431a-96f9-78ecca0ce97c ecf185079cda43319eb868f783ee53ce cbab0bc396ce4998b990be672fbe39f9 - - d75b538e44df44d6a7a6107f8abc3b91 d75b538e44df44d6a7a6107f8abc3b91] 199.19.213.21 "GET /v2.0/networks/9049575b-cf77-46ec-b9b9-db8a054df896?fields=provider%3Aphysical_network&fields=provider%3Anetwork_type HTTP/1.1" status: 200 len: 277 time: 0.0508199
2026-07-15 06:08:54.257 10 INFO neutron.notifiers.nova [-] Nova event matching ['req-81c48353-78db-467f-8962-efcad64bac82'] response: {'server_uuid': 'f168f677-83c4-4ca7-9e07-0ada65ca5c5f', 'name': 'network-vif-deleted', 'tag': '392fdb47-e70a-4a80-ae8d-93edaf327ba2', 'status': 'completed', 'code': 200}
2026-07-15 06:08:54.704 9 INFO neutron.wsgi [None req-a4a67679-e9db-4bc3-9467-d8eae49f0723 bc890da7b1e045df99b7fb40a936d507 524d02558d484f44874de52b6ff81980 - - - -] 10.0.0.166 "DELETE /v2.0/routers/be782827-74df-4359-831d-989f69b2ffc2 HTTP/1.1" status: 204 len: 168 time: 0.5422072
2026-07-15 06:08:54.708 10 INFO neutron.db.ovn_revision_numbers_db [None req-2d84f2e0-6149-4600-9e73-6bfa355fa19d bc890da7b1e045df99b7fb40a936d507 524d02558d484f44874de52b6ff81980 - - default default] Successfully bumped revision number for resource 845f4cfe-0705-4621-b0ef-08f765ab2556 (type: security_groups) to 1
2026-07-15 06:08:54.734 10 INFO neutron.wsgi [None req-2d84f2e0-6149-4600-9e73-6bfa355fa19d bc890da7b1e045df99b7fb40a936d507 524d02558d484f44874de52b6ff81980 - - default default] 10.0.0.166 "GET /v2.0/security-groups?tenant_id=d8188a33a7384c57aac597c8e199afe7&name=default HTTP/1.1" status: 200 len: 2996 time: 0.3299117
2026-07-15 06:08:54.925 9 INFO neutron.wsgi [None req-33404966-88ed-456e-b35b-27e669857a4d bc890da7b1e045df99b7fb40a936d507 524d02558d484f44874de52b6ff81980 - - - -] 10.0.0.166 "DELETE /v2.0/subnets/790ab0d2-313d-4639-aff6-0e1346bb2394 HTTP/1.1" status: 204 len: 168 time: 0.2162106
2026-07-15 06:08:54.930 10 INFO neutron.wsgi [None req-a3c2b3a2-147c-4916-9578-b588a0aa631c bc890da7b1e045df99b7fb40a936d507 524d02558d484f44874de52b6ff81980 - - - -] 10.0.0.166 "DELETE /v2.0/security-groups/845f4cfe-0705-4621-b0ef-08f765ab2556 HTTP/1.1" status: 204 len: 168 time: 0.1906888
2026-07-15 06:08:55.190 10 INFO neutron.db.ovn_revision_numbers_db [None req-e11f469d-572d-450e-b1a2-7a8dd06902e7 bc890da7b1e045df99b7fb40a936d507 524d02558d484f44874de52b6ff81980 - - default default] Successfully bumped revision number for resource 3c25f3a3-ed3c-4c08-9997-81abbd1e5036 (type: security_groups) to 1
2026-07-15 06:08:55.214 10 INFO neutron.wsgi [None req-e11f469d-572d-450e-b1a2-7a8dd06902e7 bc890da7b1e045df99b7fb40a936d507 524d02558d484f44874de52b6ff81980 - - default default] 10.0.0.166 "GET /v2.0/security-groups?tenant_id=1353f93981a0484994d93099b023a93d&name=default HTTP/1.1" status: 200 len: 2996 time: 0.1247449
2026-07-15 06:08:55.257 9 INFO neutron.services.segments.plugin [-] Segment 19ffae3a-a7e6-46a5-a53b-a1dcca461f40 resource provider aggregate not found
2026-07-15 06:08:55.261 9 INFO neutron.services.segments.plugin [-] Segment 19ffae3a-a7e6-46a5-a53b-a1dcca461f40 resource provider aggregate not found
2026-07-15 06:08:55.283 9 INFO neutron.services.segments.plugin [-] Segment 19ffae3a-a7e6-46a5-a53b-a1dcca461f40 resource provider not found; error: Placement Client Error (4xx): {"errors": [{"status": 404, "title": "Not Found", "detail": "The resource could not be found.\n\n No resource provider with uuid 19ffae3a-a7e6-46a5-a53b-a1dcca461f40 found for delete ", "request_id": "req-f434544a-7bca-489f-a180-8de5262f1203"}]}
2026-07-15 06:08:55.287 9 INFO neutron.services.segments.plugin [-] Segment 19ffae3a-a7e6-46a5-a53b-a1dcca461f40 resource provider not found; error: Placement Client Error (4xx): {"errors": [{"status": 404, "title": "Not Found", "detail": "The resource could not be found.\n\n No resource provider with uuid 19ffae3a-a7e6-46a5-a53b-a1dcca461f40 found for delete ", "request_id": "req-d3a2c357-1809-4fba-9c4c-be230eae6704"}]}
2026-07-15 06:08:55.302 9 INFO neutron.wsgi [None req-4ce069c0-6dba-4f85-bdac-804bc549b885 bc890da7b1e045df99b7fb40a936d507 524d02558d484f44874de52b6ff81980 - - - -] 10.0.0.166 "DELETE /v2.0/networks/2a308e66-a033-4ffa-a61a-22f5a7321ba0 HTTP/1.1" status: 204 len: 168 time: 0.3734088
2026-07-15 06:08:55.476 10 INFO neutron.wsgi [None req-83cd90dd-88d4-4c77-8adf-969a414fd6f9 bc890da7b1e045df99b7fb40a936d507 524d02558d484f44874de52b6ff81980 - - - -] 10.0.0.166 "DELETE /v2.0/security-groups/3c25f3a3-ed3c-4c08-9997-81abbd1e5036 HTTP/1.1" status: 204 len: 168 time: 0.2573845
2026-07-15 06:08:55.571 10 INFO neutron.wsgi [None req-d0a8cdf5-1077-40f6-9a92-93e245b3523b bc890da7b1e045df99b7fb40a936d507 524d02558d484f44874de52b6ff81980 - - default default] 10.0.0.166 "GET /v2.0/security-groups?tenant_id=5e5e605713064809bd0e2dc96b937547&name=default HTTP/1.1" status: 200 len: 2996 time: 0.0400167
2026-07-15 06:08:55.793 10 INFO neutron.wsgi [None req-9ff75a89-3a6e-4b42-b8f0-619911f9c6d1 bc890da7b1e045df99b7fb40a936d507 524d02558d484f44874de52b6ff81980 - - - -] 10.0.0.166 "DELETE /v2.0/security-groups/8bcfeb2c-0bef-45b9-b10f-f7c0bf43de30 HTTP/1.1" status: 204 len: 168 time: 0.1988299
2026-07-15 06:08:55.954 10 INFO neutron.wsgi [None req-bdbfb087-5a70-45ce-b5c5-86a671fae693 07c96050b2f446fe8b3a5a2e03fb4661 641b9614a83948a19c3dfbbcd2c43ab7 - - - -] 10.0.0.166 "POST /v2.0/subnetpools HTTP/1.1" status: 201 len: 748 time: 0.1493359
2026-07-15 06:08:55.998 10 INFO neutron.wsgi [None req-e9517318-7be5-46d4-8907-ec4b6c30c1e9 07c96050b2f446fe8b3a5a2e03fb4661 641b9614a83948a19c3dfbbcd2c43ab7 - - default default] 10.0.0.166 "GET /v2.0/subnetpools/f23cc78d-b29c-4408-80e7-e6f9b5b6bc7a HTTP/1.1" status: 200 len: 743 time: 0.0349848
2026-07-15 06:08:56.089 9 INFO neutron.wsgi [None req-b2078ca6-a420-4b7d-930f-fd89ab59d9b2 07c96050b2f446fe8b3a5a2e03fb4661 641b9614a83948a19c3dfbbcd2c43ab7 - - - -] 10.0.0.166 "PUT /v2.0/subnetpools/f23cc78d-b29c-4408-80e7-e6f9b5b6bc7a HTTP/1.1" status: 200 len: 695 time: 0.0820804
2026-07-15 06:08:56.177 10 INFO neutron.wsgi [None req-cda84152-d462-467b-90f6-78260a2a4cde 07c96050b2f446fe8b3a5a2e03fb4661 641b9614a83948a19c3dfbbcd2c43ab7 - - - -] 10.0.0.166 "DELETE /v2.0/subnetpools/f23cc78d-b29c-4408-80e7-e6f9b5b6bc7a HTTP/1.1" status: 204 len: 168 time: 0.0820084
2026-07-15 06:08:56.194 10 INFO neutron.api.v2.resource [None req-1e880843-3623-4f43-8652-8b3c0ae83827 07c96050b2f446fe8b3a5a2e03fb4661 641b9614a83948a19c3dfbbcd2c43ab7 - - default default] show failed (client error): The resource could not be found.
2026-07-15 06:08:56.195 10 INFO neutron.wsgi [None req-1e880843-3623-4f43-8652-8b3c0ae83827 07c96050b2f446fe8b3a5a2e03fb4661 641b9614a83948a19c3dfbbcd2c43ab7 - - default default] 10.0.0.166 "GET /v2.0/subnetpools/f23cc78d-b29c-4408-80e7-e6f9b5b6bc7a HTTP/1.1" status: 404 len: 346 time: 0.0131667
2026-07-15 06:08:56.209 10 INFO neutron.api.v2.resource [None req-54fc63d2-84d7-4d19-8af3-c46160cb1ba8 07c96050b2f446fe8b3a5a2e03fb4661 641b9614a83948a19c3dfbbcd2c43ab7 - - - -] delete failed (client error): The resource could not be found.
2026-07-15 06:08:56.211 10 INFO neutron.wsgi [None req-54fc63d2-84d7-4d19-8af3-c46160cb1ba8 07c96050b2f446fe8b3a5a2e03fb4661 641b9614a83948a19c3dfbbcd2c43ab7 - - - -] 10.0.0.166 "DELETE /v2.0/subnetpools/f23cc78d-b29c-4408-80e7-e6f9b5b6bc7a HTTP/1.1" status: 404 len: 346 time: 0.0117674
2026-07-15 06:08:56.834 10 INFO neutron.db.ovn_revision_numbers_db [None req-5c7ab663-5b73-41e7-966d-4b76d8ca1445 bc890da7b1e045df99b7fb40a936d507 524d02558d484f44874de52b6ff81980 - - default default] Successfully bumped revision number for resource 09202d9f-547a-4a6e-8335-abc7e3c336a2 (type: security_groups) to 1
2026-07-15 06:08:56.859 10 INFO neutron.wsgi [None req-5c7ab663-5b73-41e7-966d-4b76d8ca1445 bc890da7b1e045df99b7fb40a936d507 524d02558d484f44874de52b6ff81980 - - default default] 10.0.0.166 "GET /v2.0/security-groups?tenant_id=641b9614a83948a19c3dfbbcd2c43ab7&name=default HTTP/1.1" status: 200 len: 2996 time: 0.2366807
2026-07-15 06:08:57.075 10 INFO neutron.wsgi [None req-d46625f1-6a01-4cc6-a5ef-715bf3d9f481 bc890da7b1e045df99b7fb40a936d507 524d02558d484f44874de52b6ff81980 - - - -] 10.0.0.166 "DELETE /v2.0/security-groups/09202d9f-547a-4a6e-8335-abc7e3c336a2 HTTP/1.1" status: 204 len: 168 time: 0.2095842
2026-07-15 06:08:57.532 9 INFO neutron.db.ovn_revision_numbers_db [None req-db87fc5a-eb8f-44b9-84fe-f958955dd55e 51a3930677024ac4a3cb1b7ede776a2f b6752cb53d6545c9b421238d86f67a2f - - - -] Successfully bumped revision number for resource a5624855-3165-475b-9b1b-5a587e5ca215 (type: security_groups) to 1
2026-07-15 06:08:57.604 9 INFO neutron.db.segments_db [None req-db87fc5a-eb8f-44b9-84fe-f958955dd55e 51a3930677024ac4a3cb1b7ede776a2f b6752cb53d6545c9b421238d86f67a2f - - - -] Added segment f76a56eb-5d36-4cc2-a55f-0b56d0ad4aaf of type geneve for network afa8ef08-2f76-4cf8-a9c7-a04db88f7ab4
