2026-07-15 06:14:39.308 9 INFO neutron.wsgi [None req-557324fd-04c8-454b-9acd-74d6d66d4d62 bc890da7b1e045df99b7fb40a936d507 524d02558d484f44874de52b6ff81980 - - default default] 199.19.213.21 "GET /v2.0/networks/20f6e27d-a8ef-40ee-be70-f2cf5a0baa05 HTTP/1.1" status: 200 len: 1002 time: 0.0595875
2026-07-15 06:14:39.348 9 INFO neutron.wsgi [None req-29d0a9f8-bf41-48f1-9813-62a6ee1e61b4 bc890da7b1e045df99b7fb40a936d507 524d02558d484f44874de52b6ff81980 - - default default] 199.19.213.21 "GET /v2.0/ports/65bcf70b-6a76-4128-9af7-4416a2be3200 HTTP/1.1" status: 200 len: 1336 time: 0.0335975
2026-07-15 06:14:39.397 9 INFO neutron.wsgi [None req-8ee53b2f-64a1-460e-b871-31f4519f695d bc890da7b1e045df99b7fb40a936d507 524d02558d484f44874de52b6ff81980 - - default default] 199.19.213.21 "GET /v2.0/subnets/3c571886-c9b0-49b9-a5c7-532cdfb0d508 HTTP/1.1" status: 200 len: 850 time: 0.0441086
2026-07-15 06:14:39.976 10 INFO neutron.notifiers.nova [-] Nova event matching ['req-3be85a00-434f-4a5d-b71f-d6050d0173b6'] response: {'server_uuid': '1040e267-5d31-4b26-8342-027b13afb075', 'name': 'network-vif-plugged', 'status': 'completed', 'tag': '090da821-f338-4582-8f0b-b82988f93a41', 'code': 200}
2026-07-15 06:14:39.977 10 INFO neutron.notifiers.nova [-] Nova event matching ['req-3be85a00-434f-4a5d-b71f-d6050d0173b6'] response: {'server_uuid': '1040e267-5d31-4b26-8342-027b13afb075', 'name': 'network-vif-deleted', 'tag': '090da821-f338-4582-8f0b-b82988f93a41', 'status': 'completed', 'code': 200}
2026-07-15 06:14:42.146 9 INFO neutron.wsgi [None req-f785f916-1a95-4c43-b8d1-76620bab2e4a bc890da7b1e045df99b7fb40a936d507 524d02558d484f44874de52b6ff81980 - - default default] 199.19.213.21 "GET /v2.0/extensions/security-group HTTP/1.1" status: 200 len: 369 time: 0.0070560
2026-07-15 06:14:42.156 9 INFO neutron.wsgi [None req-42392e74-daab-4ecf-8645-14a9227e64ac bc890da7b1e045df99b7fb40a936d507 524d02558d484f44874de52b6ff81980 - - default default] 199.19.213.21 "GET /v2.0/extensions/dns-integration HTTP/1.1" status: 200 len: 371 time: 0.0049942
2026-07-15 06:14:42.164 9 INFO neutron.wsgi [None req-fb29a5ca-1f54-4064-8d37-2f413932cfc5 bc890da7b1e045df99b7fb40a936d507 524d02558d484f44874de52b6ff81980 - - default default] 199.19.213.21 "GET /v2.0/extensions/qos HTTP/1.1" status: 200 len: 365 time: 0.0045075
2026-07-15 06:14:42.177 9 INFO neutron.wsgi [None req-b0e9a0a2-e0f1-473f-8c55-f7d47d4f8f1c bc890da7b1e045df99b7fb40a936d507 524d02558d484f44874de52b6ff81980 - - default default] 199.19.213.21 "GET /v2.0/extensions/allowed-address-pairs HTTP/1.1" status: 200 len: 383 time: 0.0083685
2026-07-15 06:14:42.210 9 INFO neutron.wsgi [None req-5d6b4f13-9768-4bf8-b788-c2d7dfebe9eb bc890da7b1e045df99b7fb40a936d507 524d02558d484f44874de52b6ff81980 - - default default] 199.19.213.21 "GET /v2.0/ports?device_id=1040e267-5d31-4b26-8342-027b13afb075 HTTP/1.1" status: 200 len: 3777 time: 0.0280087
2026-07-15 06:14:42.346 9 INFO neutron.wsgi [None req-df72adf1-a026-4c51-927b-4463e0a65237 bc890da7b1e045df99b7fb40a936d507 524d02558d484f44874de52b6ff81980 - - default default] 199.19.213.21 "GET /v2.0/extensions/security-group HTTP/1.1" status: 200 len: 369 time: 0.0076821
2026-07-15 06:14:42.354 9 INFO neutron.wsgi [None req-3346a73b-feb0-441c-8b7a-75437e2357d6 bc890da7b1e045df99b7fb40a936d507 524d02558d484f44874de52b6ff81980 - - default default] 199.19.213.21 "GET /v2.0/extensions/dns-integration HTTP/1.1" status: 200 len: 371 time: 0.0032122
2026-07-15 06:14:42.363 9 INFO neutron.wsgi [None req-5777cdfd-1716-4197-bf49-d9ced67794ec bc890da7b1e045df99b7fb40a936d507 524d02558d484f44874de52b6ff81980 - - default default] 199.19.213.21 "GET /v2.0/extensions/qos HTTP/1.1" status: 200 len: 365 time: 0.0041182
2026-07-15 06:14:42.374 9 INFO neutron.wsgi [None req-f764788f-c348-4501-a1a6-8bfe051b04af bc890da7b1e045df99b7fb40a936d507 524d02558d484f44874de52b6ff81980 - - default default] 199.19.213.21 "GET /v2.0/extensions/allowed-address-pairs HTTP/1.1" status: 200 len: 383 time: 0.0044992
2026-07-15 06:14:42.406 9 INFO neutron.wsgi [None req-319abf7a-b9e9-4d01-bfab-9dc83274a2ce bc890da7b1e045df99b7fb40a936d507 524d02558d484f44874de52b6ff81980 - - default default] 199.19.213.21 "GET /v2.0/ports/212c8893-dfbe-465a-a4f7-f84d0d6f8ade HTTP/1.1" status: 200 len: 1358 time: 0.0257568
2026-07-15 06:14:42.782 9 INFO neutron.db.ovn_revision_numbers_db [None req-1028ceb7-fd8a-4faa-a577-7b12f8597a89 bc890da7b1e045df99b7fb40a936d507 524d02558d484f44874de52b6ff81980 - - - -] Successfully bumped revision number for resource 212c8893-dfbe-465a-a4f7-f84d0d6f8ade (type: ports) to 6
2026-07-15 06:14:42.791 9 INFO neutron.wsgi [None req-1028ceb7-fd8a-4faa-a577-7b12f8597a89 bc890da7b1e045df99b7fb40a936d507 524d02558d484f44874de52b6ff81980 - - - -] 199.19.213.21 "PUT /v2.0/ports/212c8893-dfbe-465a-a4f7-f84d0d6f8ade HTTP/1.1" status: 200 len: 1154 time: 0.3775795 /var/lib/openstack/lib/python3.10/site-packages/pycadf/identifier.py:71: UserWarning: Invalid uuid: neutron. To ensure interoperability, identifiers should be a valid uuid. warnings.warn(('Invalid uuid: %s. To ensure interoperability, '
2026-07-15 06:14:42.836 9 INFO neutron.notifiers.nova [-] Nova event matching ['req-9e9c639d-818d-4d17-a799-f615db565411'] response: {'name': 'network-changed', 'server_uuid': '1040e267-5d31-4b26-8342-027b13afb075', 'tag': '212c8893-dfbe-465a-a4f7-f84d0d6f8ade', 'status': 'completed', 'code': 200}
2026-07-15 06:14:42.853 9 INFO neutron.wsgi [None req-b3b1d1c5-2dd9-4c35-9a88-6fce85e86009 bc890da7b1e045df99b7fb40a936d507 524d02558d484f44874de52b6ff81980 - - default default] 199.19.213.21 "GET /v2.0/networks/b6f573f3-1f94-4dec-a6fd-95ac16d9e5f1 HTTP/1.1" status: 200 len: 998 time: 0.0547817
2026-07-15 06:14:42.897 9 INFO neutron.wsgi [None req-39f68439-c268-4b7e-a3d1-7d6c238bcfc9 bc890da7b1e045df99b7fb40a936d507 524d02558d484f44874de52b6ff81980 - - default default] 199.19.213.21 "GET /v2.0/ports?device_id=1040e267-5d31-4b26-8342-027b13afb075 HTTP/1.1" status: 200 len: 3602 time: 0.0371835
2026-07-15 06:14:42.904 10 INFO neutron.wsgi [req-7bbce62d-ec96-46b4-86a8-974470208a63 req-bd7a25ca-2e2f-440d-b310-087247746ddf ecf185079cda43319eb868f783ee53ce cbab0bc396ce4998b990be672fbe39f9 - - d75b538e44df44d6a7a6107f8abc3b91 d75b538e44df44d6a7a6107f8abc3b91] 199.19.213.21 "GET /v2.0/ports?tenant_id=524d02558d484f44874de52b6ff81980&device_id=1040e267-5d31-4b26-8342-027b13afb075 HTTP/1.1" status: 200 len: 3602 time: 0.0519907
2026-07-15 06:14:43.012 9 INFO neutron.wsgi [None req-808dc008-0f4f-4a80-83e6-bec33fb148f3 bc890da7b1e045df99b7fb40a936d507 524d02558d484f44874de52b6ff81980 - - default default] 199.19.213.21 "GET /v2.0/ports?device_id=1040e267-5d31-4b26-8342-027b13afb075 HTTP/1.1" status: 200 len: 3602 time: 0.0513074
2026-07-15 06:14:43.016 10 INFO neutron.wsgi [req-7bbce62d-ec96-46b4-86a8-974470208a63 req-b9b66e96-c622-4347-9e22-d26577e66efe ecf185079cda43319eb868f783ee53ce cbab0bc396ce4998b990be672fbe39f9 - - d75b538e44df44d6a7a6107f8abc3b91 d75b538e44df44d6a7a6107f8abc3b91] 199.19.213.21 "GET /v2.0/networks?id=b6f573f3-1f94-4dec-a6fd-95ac16d9e5f1 HTTP/1.1" status: 200 len: 1001 time: 0.1035089
2026-07-15 06:14:43.082 10 INFO neutron.wsgi [req-7bbce62d-ec96-46b4-86a8-974470208a63 req-f9e4624f-e0c0-4991-9d65-789d4bb867e6 ecf185079cda43319eb868f783ee53ce cbab0bc396ce4998b990be672fbe39f9 - - d75b538e44df44d6a7a6107f8abc3b91 d75b538e44df44d6a7a6107f8abc3b91] 199.19.213.21 "GET /v2.0/networks/b6f573f3-1f94-4dec-a6fd-95ac16d9e5f1?fields=segments HTTP/1.1" status: 200 len: 212 time: 0.0611744
2026-07-15 06:14:43.147 10 INFO neutron.wsgi [req-7bbce62d-ec96-46b4-86a8-974470208a63 req-47085fb2-cb7b-4f07-b8ae-e3b7c665ce0b ecf185079cda43319eb868f783ee53ce cbab0bc396ce4998b990be672fbe39f9 - - d75b538e44df44d6a7a6107f8abc3b91 d75b538e44df44d6a7a6107f8abc3b91] 199.19.213.21 "GET /v2.0/networks/b6f573f3-1f94-4dec-a6fd-95ac16d9e5f1?fields=provider%3Aphysical_network&fields=provider%3Anetwork_type HTTP/1.1" status: 200 len: 277 time: 0.0594101
2026-07-15 06:14:43.228 10 INFO neutron.plugins.ml2.drivers.ovn.mech_driver.mech_driver [None req-bceb5e37-e2e9-4c25-b4a6-b028aa7fbee5 - - - - - -] OVN reports status down for port: 212c8893-dfbe-465a-a4f7-f84d0d6f8ade
2026-07-15 06:14:43.279 10 INFO neutron.wsgi [req-3a773d28-278d-42d4-9e5e-b6cd98d98b44 req-396c0a31-0477-4bd9-a2aa-0eba3824aba5 ecf185079cda43319eb868f783ee53ce cbab0bc396ce4998b990be672fbe39f9 - - d75b538e44df44d6a7a6107f8abc3b91 d75b538e44df44d6a7a6107f8abc3b91] 199.19.213.21 "GET /v2.0/ports/212c8893-dfbe-465a-a4f7-f84d0d6f8ade HTTP/1.1" status: 200 len: 1182 time: 0.0288973
2026-07-15 06:14:43.380 10 INFO neutron.notifiers.nova [-] Nova event matching ['req-070474b2-d04d-4090-9931-43592e4facab'] response: {'server_uuid': '1040e267-5d31-4b26-8342-027b13afb075', 'name': 'network-vif-unplugged', 'status': 'completed', 'tag': '212c8893-dfbe-465a-a4f7-f84d0d6f8ade', 'code': 200}
2026-07-15 06:14:43.529 10 INFO neutron.db.ovn_revision_numbers_db [None req-bceb5e37-e2e9-4c25-b4a6-b028aa7fbee5 - - - - - -] Successfully bumped revision number for resource 212c8893-dfbe-465a-a4f7-f84d0d6f8ade (type: ports) to 7
2026-07-15 06:14:43.588 10 INFO neutron.wsgi [None req-16b46eee-ef48-4bc5-a3c6-1ba9afb99985 bc890da7b1e045df99b7fb40a936d507 524d02558d484f44874de52b6ff81980 - - - -] 199.19.213.21 "DELETE /v2.0/ports/212c8893-dfbe-465a-a4f7-f84d0d6f8ade HTTP/1.1" status: 204 len: 173 time: 0.3027854
2026-07-15 06:14:43.700 10 INFO neutron.wsgi [req-3a773d28-278d-42d4-9e5e-b6cd98d98b44 req-d1404eee-e67b-4f58-bdb3-4cba38652d46 ecf185079cda43319eb868f783ee53ce cbab0bc396ce4998b990be672fbe39f9 - - d75b538e44df44d6a7a6107f8abc3b91 d75b538e44df44d6a7a6107f8abc3b91] 199.19.213.21 "GET /v2.0/ports?tenant_id=524d02558d484f44874de52b6ff81980&device_id=1040e267-5d31-4b26-8342-027b13afb075 HTTP/1.1" status: 200 len: 2627 time: 0.0444288
2026-07-15 06:14:43.765 10 INFO neutron.wsgi [req-3a773d28-278d-42d4-9e5e-b6cd98d98b44 req-ee2acc61-561b-4eb5-bbf5-b81da2454cd8 ecf185079cda43319eb868f783ee53ce cbab0bc396ce4998b990be672fbe39f9 - - d75b538e44df44d6a7a6107f8abc3b91 d75b538e44df44d6a7a6107f8abc3b91] 199.19.213.21 "GET /v2.0/networks?id=f1c98733-b253-417d-bbe4-a77dbdf16249&id=20f6e27d-a8ef-40ee-be70-f2cf5a0baa05&id=b6f573f3-1f94-4dec-a6fd-95ac16d9e5f1 HTTP/1.1" status: 200 len: 2517 time: 0.0581720
2026-07-15 06:14:43.799 10 INFO neutron.wsgi [req-3a773d28-278d-42d4-9e5e-b6cd98d98b44 req-66727006-5f59-44a2-8306-c0ac04459687 ecf185079cda43319eb868f783ee53ce cbab0bc396ce4998b990be672fbe39f9 - - d75b538e44df44d6a7a6107f8abc3b91 d75b538e44df44d6a7a6107f8abc3b91] 199.19.213.21 "GET /v2.0/floatingips?fixed_ip_address=172.24.2.28&port_id=57992831-636e-4721-81e0-63b53a6513d7 HTTP/1.1" status: 200 len: 217 time: 0.0262904
2026-07-15 06:14:43.835 10 INFO neutron.wsgi [req-3a773d28-278d-42d4-9e5e-b6cd98d98b44 req-597c1f3f-a5d8-40db-9b51-d51c44d1a2f8 ecf185079cda43319eb868f783ee53ce cbab0bc396ce4998b990be672fbe39f9 - - d75b538e44df44d6a7a6107f8abc3b91 d75b538e44df44d6a7a6107f8abc3b91] 199.19.213.21 "GET /v2.0/subnets?id=efaea059-d844-456a-9c6c-6e3ad098ef46 HTTP/1.1" status: 200 len: 829 time: 0.0274532
2026-07-15 06:14:43.886 10 INFO neutron.wsgi [req-3a773d28-278d-42d4-9e5e-b6cd98d98b44 req-f79352c6-877b-421f-8f6f-398404f994db ecf185079cda43319eb868f783ee53ce cbab0bc396ce4998b990be672fbe39f9 - - d75b538e44df44d6a7a6107f8abc3b91 d75b538e44df44d6a7a6107f8abc3b91] 199.19.213.21 "GET /v2.0/ports?network_id=f1c98733-b253-417d-bbe4-a77dbdf16249&device_owner=network%3Adhcp HTTP/1.1" status: 200 len: 210 time: 0.0262063
2026-07-15 06:14:43.956 10 INFO neutron.wsgi [req-3a773d28-278d-42d4-9e5e-b6cd98d98b44 req-b6b2f9de-38d0-40b6-9629-cfdebffdd278 ecf185079cda43319eb868f783ee53ce cbab0bc396ce4998b990be672fbe39f9 - - d75b538e44df44d6a7a6107f8abc3b91 d75b538e44df44d6a7a6107f8abc3b91] 199.19.213.21 "GET /v2.0/networks/f1c98733-b253-417d-bbe4-a77dbdf16249?fields=segments HTTP/1.1" status: 200 len: 212 time: 0.0642819
2026-07-15 06:14:44.047 10 INFO neutron.wsgi [req-3a773d28-278d-42d4-9e5e-b6cd98d98b44 req-540c2a49-1ae1-47dd-9795-1e0c21d137ee ecf185079cda43319eb868f783ee53ce cbab0bc396ce4998b990be672fbe39f9 - - d75b538e44df44d6a7a6107f8abc3b91 d75b538e44df44d6a7a6107f8abc3b91] 199.19.213.21 "GET /v2.0/networks/f1c98733-b253-417d-bbe4-a77dbdf16249?fields=provider%3Aphysical_network&fields=provider%3Anetwork_type HTTP/1.1" status: 200 len: 277 time: 0.0824716
2026-07-15 06:14:44.056 9 INFO neutron.wsgi [None req-47234b00-8584-4e32-9f19-8ec53cc2d87a bc890da7b1e045df99b7fb40a936d507 524d02558d484f44874de52b6ff81980 - - default default] 199.19.213.21 "GET /v2.0/ports?device_id=1040e267-5d31-4b26-8342-027b13afb075 HTTP/1.1" status: 200 len: 2627 time: 0.0311761
2026-07-15 06:14:44.081 9 INFO neutron.pecan_wsgi.hooks.translation [None req-e315d60b-c4f9-4893-a268-03fbbc088923 bc890da7b1e045df99b7fb40a936d507 524d02558d484f44874de52b6ff81980 - - - -] DELETE failed (client error): The resource could not be found.
2026-07-15 06:14:44.084 9 INFO neutron.wsgi [None req-e315d60b-c4f9-4893-a268-03fbbc088923 bc890da7b1e045df99b7fb40a936d507 524d02558d484f44874de52b6ff81980 - - - -] 199.19.213.21 "DELETE /v2.0/ports/212c8893-dfbe-465a-a4f7-f84d0d6f8ade HTTP/1.1" status: 404 len: 338 time: 0.0219991
2026-07-15 06:14:44.085 10 INFO neutron.wsgi [req-3a773d28-278d-42d4-9e5e-b6cd98d98b44 req-8ad603ef-a16c-444f-a6b6-8cab7bcceec8 ecf185079cda43319eb868f783ee53ce cbab0bc396ce4998b990be672fbe39f9 - - d75b538e44df44d6a7a6107f8abc3b91 d75b538e44df44d6a7a6107f8abc3b91] 199.19.213.21 "GET /v2.0/floatingips?fixed_ip_address=10.1.1.152&port_id=81b2518d-b579-4ead-b1ed-6b379d4070dd HTTP/1.1" status: 200 len: 217 time: 0.0282075
2026-07-15 06:14:44.132 10 INFO neutron.wsgi [req-3a773d28-278d-42d4-9e5e-b6cd98d98b44 req-b51e8a29-26b0-4d57-92eb-d5bc49ce1128 ecf185079cda43319eb868f783ee53ce cbab0bc396ce4998b990be672fbe39f9 - - d75b538e44df44d6a7a6107f8abc3b91 d75b538e44df44d6a7a6107f8abc3b91] 199.19.213.21 "GET /v2.0/subnets?id=3c571886-c9b0-49b9-a5c7-532cdfb0d508 HTTP/1.1" status: 200 len: 853 time: 0.0408413
2026-07-15 06:14:44.167 9 INFO neutron.wsgi [None req-dd508a5a-3742-458f-8184-6ec3ee9d77e9 bc890da7b1e045df99b7fb40a936d507 524d02558d484f44874de52b6ff81980 - - default default] 199.19.213.21 "GET /v2.0/extensions/security-group HTTP/1.1" status: 200 len: 369 time: 0.0087121
2026-07-15 06:14:44.183 9 INFO neutron.wsgi [None req-eacf9b98-36ba-4d74-ba64-afb57a1de830 bc890da7b1e045df99b7fb40a936d507 524d02558d484f44874de52b6ff81980 - - default default] 199.19.213.21 "GET /v2.0/extensions/dns-integration HTTP/1.1" status: 200 len: 371 time: 0.0043638
2026-07-15 06:14:44.191 9 INFO neutron.wsgi [None req-4d1cb2db-86ee-4269-9713-3705055cbdba bc890da7b1e045df99b7fb40a936d507 524d02558d484f44874de52b6ff81980 - - default default] 199.19.213.21 "GET /v2.0/extensions/qos HTTP/1.1" status: 200 len: 365 time: 0.0041583
2026-07-15 06:14:44.201 9 INFO neutron.wsgi [None req-9ba63b9e-05c7-4b14-9f46-ea27ba01a526 bc890da7b1e045df99b7fb40a936d507 524d02558d484f44874de52b6ff81980 - - default default] 199.19.213.21 "GET /v2.0/extensions/allowed-address-pairs HTTP/1.1" status: 200 len: 383 time: 0.0047917
2026-07-15 06:14:44.234 9 INFO neutron.wsgi [None req-b1b8a8e8-745f-4f1a-9c47-80b6a405502f bc890da7b1e045df99b7fb40a936d507 524d02558d484f44874de52b6ff81980 - - default default] 199.19.213.21 "GET /v2.0/subnets/3c571886-c9b0-49b9-a5c7-532cdfb0d508 HTTP/1.1" status: 200 len: 850 time: 0.0264347
2026-07-15 06:14:44.270 9 INFO neutron.wsgi [None req-81b2daba-6f8c-41ae-b654-5c77855ec523 bc890da7b1e045df99b7fb40a936d507 524d02558d484f44874de52b6ff81980 - - default default] 199.19.213.21 "GET /v2.0/ports/65bcf70b-6a76-4128-9af7-4416a2be3200 HTTP/1.1" status: 200 len: 1336 time: 0.0287139
2026-07-15 06:14:44.304 9 INFO neutron.wsgi [None req-d73a9e44-b1da-4afd-b348-29a1fbd29ef3 bc890da7b1e045df99b7fb40a936d507 524d02558d484f44874de52b6ff81980 - - default default] 199.19.213.21 "GET /v2.0/ports/81b2518d-b579-4ead-b1ed-6b379d4070dd HTTP/1.1" status: 200 len: 1470 time: 0.0277531
2026-07-15 06:14:44.321 10 INFO neutron.wsgi [req-3a773d28-278d-42d4-9e5e-b6cd98d98b44 req-3a465197-09b2-4f48-aebf-3d9734e33bba ecf185079cda43319eb868f783ee53ce cbab0bc396ce4998b990be672fbe39f9 - - d75b538e44df44d6a7a6107f8abc3b91 d75b538e44df44d6a7a6107f8abc3b91] 199.19.213.21 "GET /v2.0/ports?network_id=20f6e27d-a8ef-40ee-be70-f2cf5a0baa05&device_owner=network%3Adhcp HTTP/1.1" status: 200 len: 210 time: 0.0261030
2026-07-15 06:14:44.337 9 INFO neutron.wsgi [None req-98e3021a-acf7-451e-b3e9-0ffb28f24d1d bc890da7b1e045df99b7fb40a936d507 524d02558d484f44874de52b6ff81980 - - default default] 199.19.213.21 "GET /v2.0/subnets/3c571886-c9b0-49b9-a5c7-532cdfb0d508 HTTP/1.1" status: 200 len: 850 time: 0.0261834
2026-07-15 06:14:44.395 9 INFO neutron.wsgi [None req-1170f746-5dbf-4eeb-9ea4-8218cbec5c20 bc890da7b1e045df99b7fb40a936d507 524d02558d484f44874de52b6ff81980 - - default default] 199.19.213.21 "GET /v2.0/networks/20f6e27d-a8ef-40ee-be70-f2cf5a0baa05 HTTP/1.1" status: 200 len: 1002 time: 0.0537510
2026-07-15 06:14:44.399 10 INFO neutron.wsgi [req-3a773d28-278d-42d4-9e5e-b6cd98d98b44 req-5ad9e4a3-7dbd-48c7-8382-13ca8aa376c1 ecf185079cda43319eb868f783ee53ce cbab0bc396ce4998b990be672fbe39f9 - - d75b538e44df44d6a7a6107f8abc3b91 d75b538e44df44d6a7a6107f8abc3b91] 199.19.213.21 "GET /v2.0/networks/20f6e27d-a8ef-40ee-be70-f2cf5a0baa05?fields=segments HTTP/1.1" status: 200 len: 212 time: 0.0732713
2026-07-15 06:14:44.427 9 INFO neutron.wsgi [None req-810e8f54-3f7b-419d-8ad2-372a39f9ca3a bc890da7b1e045df99b7fb40a936d507 524d02558d484f44874de52b6ff81980 - - default default] 199.19.213.21 "GET /v2.0/ports/65bcf70b-6a76-4128-9af7-4416a2be3200 HTTP/1.1" status: 200 len: 1336 time: 0.0249779
2026-07-15 06:14:44.457 9 INFO neutron.wsgi [None req-f4eae32b-f9fd-45f4-b141-e05c1ae96436 bc890da7b1e045df99b7fb40a936d507 524d02558d484f44874de52b6ff81980 - - default default] 199.19.213.21 "GET /v2.0/subnets/3c571886-c9b0-49b9-a5c7-532cdfb0d508 HTTP/1.1" status: 200 len: 850 time: 0.0238266
2026-07-15 06:14:44.476 10 INFO neutron.wsgi [req-3a773d28-278d-42d4-9e5e-b6cd98d98b44 req-ff5ab4e9-70e0-4b55-96c2-03565dd4eaf4 ecf185079cda43319eb868f783ee53ce cbab0bc396ce4998b990be672fbe39f9 - - d75b538e44df44d6a7a6107f8abc3b91 d75b538e44df44d6a7a6107f8abc3b91] 199.19.213.21 "GET /v2.0/networks/20f6e27d-a8ef-40ee-be70-f2cf5a0baa05?fields=provider%3Aphysical_network&fields=provider%3Anetwork_type HTTP/1.1" status: 200 len: 277 time: 0.0687969
2026-07-15 06:14:45.418 10 INFO neutron.notifiers.nova [-] Nova event matching ['req-dd7afcf4-807b-4acd-88cc-9be6dede5f14'] response: {'server_uuid': '1040e267-5d31-4b26-8342-027b13afb075', 'name': 'network-vif-plugged', 'status': 'completed', 'tag': '212c8893-dfbe-465a-a4f7-f84d0d6f8ade', 'code': 200}
2026-07-15 06:14:45.419 10 INFO neutron.notifiers.nova [-] Nova event matching ['req-dd7afcf4-807b-4acd-88cc-9be6dede5f14'] response: {'server_uuid': '1040e267-5d31-4b26-8342-027b13afb075', 'name': 'network-vif-deleted', 'tag': '212c8893-dfbe-465a-a4f7-f84d0d6f8ade', 'status': 'completed', 'code': 200}
2026-07-15 06:14:47.438 9 INFO neutron.wsgi [-] 10.0.0.223 "GET / HTTP/1.1" status: 200 len: 247 time: 0.0024755
2026-07-15 06:14:47.438 10 INFO neutron.wsgi [-] 10.0.0.223 "GET / HTTP/1.1" status: 200 len: 247 time: 0.0026648
2026-07-15 06:14:53.400 9 INFO neutron.wsgi [None req-a48225c7-d940-470d-a321-ea2d64519fe4 bc890da7b1e045df99b7fb40a936d507 524d02558d484f44874de52b6ff81980 - - default default] 199.19.213.21 "GET /v2.0/extensions/security-group HTTP/1.1" status: 200 len: 369 time: 0.0093160
2026-07-15 06:14:53.409 9 INFO neutron.wsgi [None req-b18ee4d0-f9e3-4851-8f84-f54ba4b77c31 bc890da7b1e045df99b7fb40a936d507 524d02558d484f44874de52b6ff81980 - - default default] 199.19.213.21 "GET /v2.0/extensions/dns-integration HTTP/1.1" status: 200 len: 371 time: 0.0036008
2026-07-15 06:14:53.420 9 INFO neutron.wsgi [None req-8ec707c6-ee60-4837-8252-8eee3c846980 bc890da7b1e045df99b7fb40a936d507 524d02558d484f44874de52b6ff81980 - - default default] 199.19.213.21 "GET /v2.0/extensions/qos HTTP/1.1" status: 200 len: 365 time: 0.0041354
2026-07-15 06:14:53.433 9 INFO neutron.wsgi [None req-f50bfbc0-a407-4422-9ece-1ce1246155dd bc890da7b1e045df99b7fb40a936d507 524d02558d484f44874de52b6ff81980 - - default default] 199.19.213.21 "GET /v2.0/extensions/allowed-address-pairs HTTP/1.1" status: 200 len: 383 time: 0.0062008
2026-07-15 06:14:53.466 9 INFO neutron.wsgi [None req-86d96fdd-014d-48cd-b660-e2be8504db01 bc890da7b1e045df99b7fb40a936d507 524d02558d484f44874de52b6ff81980 - - default default] 199.19.213.21 "GET /v2.0/security-groups?name=lb-0f11b4d0-fdab-438f-a437-8e5947699fb7 HTTP/1.1" status: 200 len: 2941 time: 0.0266929
2026-07-15 06:14:53.499 9 INFO neutron.wsgi [None req-39cf04a0-66d4-4198-b4e4-9baea606e78f bc890da7b1e045df99b7fb40a936d507 524d02558d484f44874de52b6ff81980 - - default default] 199.19.213.21 "GET /v2.0/security-group-rules?security_group_id=c9ae428c-1ae9-42fe-b1eb-a0d9ae0278da HTTP/1.1" status: 200 len: 2406 time: 0.0270491
2026-07-15 06:14:53.604 9 INFO neutron.wsgi [None req-acb67005-c040-412c-bdce-9a14dd874818 bc890da7b1e045df99b7fb40a936d507 524d02558d484f44874de52b6ff81980 - - - -] 199.19.213.21 "DELETE /v2.0/security-group-rules/3c478190-0ce3-49c3-8caf-d3bc68ef5292 HTTP/1.1" status: 204 len: 173 time: 0.0978227
2026-07-15 06:14:53.698 9 INFO neutron.wsgi [None req-94d23b1a-d230-4dc4-a538-3dc2fab29112 bc890da7b1e045df99b7fb40a936d507 524d02558d484f44874de52b6ff81980 - - - -] 199.19.213.21 "DELETE /v2.0/security-group-rules/8b8ec8f6-ab82-4600-951d-80f9d898a8b9 HTTP/1.1" status: 204 len: 173 time: 0.0880613
2026-07-15 06:14:53.808 10 INFO neutron.wsgi [req-fec3bbe8-0224-46a7-8d67-b4f670124ecc req-4c288b86-f358-46c4-81c8-74e3fbc1430e ecf185079cda43319eb868f783ee53ce cbab0bc396ce4998b990be672fbe39f9 - - d75b538e44df44d6a7a6107f8abc3b91 d75b538e44df44d6a7a6107f8abc3b91] 199.19.213.21 "GET /v2.0/ports?device_id=dd489ce2-e796-4587-a341-bb0623bfbcfe&fields=binding%3Ahost_id&fields=binding%3Avif_type HTTP/1.1" status: 200 len: 265 time: 0.0371838
2026-07-15 06:14:53.894 10 INFO neutron.wsgi [req-fec3bbe8-0224-46a7-8d67-b4f670124ecc req-ab593532-dc77-4211-a7b9-7481754099e9 ecf185079cda43319eb868f783ee53ce cbab0bc396ce4998b990be672fbe39f9 - - d75b538e44df44d6a7a6107f8abc3b91 d75b538e44df44d6a7a6107f8abc3b91] 199.19.213.21 "GET /v2.0/ports?tenant_id=8b721fdff0394e1181eeb93150c0d8f2&device_id=dd489ce2-e796-4587-a341-bb0623bfbcfe HTTP/1.1" status: 200 len: 1586 time: 0.0503516
2026-07-15 06:14:53.981 10 INFO neutron.wsgi [req-fec3bbe8-0224-46a7-8d67-b4f670124ecc req-f462c7fd-7c00-4d45-8ec9-552a6015d6a5 ecf185079cda43319eb868f783ee53ce cbab0bc396ce4998b990be672fbe39f9 - - d75b538e44df44d6a7a6107f8abc3b91 d75b538e44df44d6a7a6107f8abc3b91] 199.19.213.21 "GET /v2.0/networks?id=b6f573f3-1f94-4dec-a6fd-95ac16d9e5f1 HTTP/1.1" status: 200 len: 1001 time: 0.0686705
2026-07-15 06:14:54.062 10 INFO neutron.wsgi [req-fec3bbe8-0224-46a7-8d67-b4f670124ecc req-a10c6516-ded3-4a92-9421-4d077bc11349 ecf185079cda43319eb868f783ee53ce cbab0bc396ce4998b990be672fbe39f9 - - d75b538e44df44d6a7a6107f8abc3b91 d75b538e44df44d6a7a6107f8abc3b91] 199.19.213.21 "GET /v2.0/floatingips?fixed_ip_address=10.2.1.53&port_id=e375831a-f105-4563-8bd3-a3ebcb26530d HTTP/1.1" status: 200 len: 1058 time: 0.0746748
2026-07-15 06:14:54.094 10 INFO neutron.wsgi [req-fec3bbe8-0224-46a7-8d67-b4f670124ecc req-3bf579c6-f80d-41f0-9120-45085da8830f ecf185079cda43319eb868f783ee53ce cbab0bc396ce4998b990be672fbe39f9 - - d75b538e44df44d6a7a6107f8abc3b91 d75b538e44df44d6a7a6107f8abc3b91] 199.19.213.21 "GET /v2.0/floatingips?fixed_ip_address=fd7b%3Af9f7%3Afff%3A4eca%3A%3A25a&port_id=e375831a-f105-4563-8bd3-a3ebcb26530d HTTP/1.1" status: 200 len: 217 time: 0.0254753
2026-07-15 06:14:54.361 10 INFO neutron.wsgi [req-fec3bbe8-0224-46a7-8d67-b4f670124ecc req-84757de5-eb8b-4a96-aa02-bf8071df1abd ecf185079cda43319eb868f783ee53ce cbab0bc396ce4998b990be672fbe39f9 - - d75b538e44df44d6a7a6107f8abc3b91 d75b538e44df44d6a7a6107f8abc3b91] 199.19.213.21 "GET /v2.0/subnets?id=784af757-9f99-466f-a00b-bf14bc79dd22&id=95c6409c-0513-45bf-bb80-c6b4ead4390f HTTP/1.1" status: 200 len: 1562 time: 0.2604022
2026-07-15 06:14:54.384 10 INFO neutron.wsgi [req-fec3bbe8-0224-46a7-8d67-b4f670124ecc req-74232972-057a-48cf-ae31-c27675366ed5 ecf185079cda43319eb868f783ee53ce cbab0bc396ce4998b990be672fbe39f9 - - d75b538e44df44d6a7a6107f8abc3b91 d75b538e44df44d6a7a6107f8abc3b91] 199.19.213.21 "GET /v2.0/ports?network_id=b6f573f3-1f94-4dec-a6fd-95ac16d9e5f1&device_owner=network%3Adhcp HTTP/1.1" status: 200 len: 210 time: 0.0188465
2026-07-15 06:14:54.411 10 INFO neutron.wsgi [req-fec3bbe8-0224-46a7-8d67-b4f670124ecc req-72df5185-4bf0-4484-b53e-0c293cc6b921 ecf185079cda43319eb868f783ee53ce cbab0bc396ce4998b990be672fbe39f9 - - d75b538e44df44d6a7a6107f8abc3b91 d75b538e44df44d6a7a6107f8abc3b91] 199.19.213.21 "GET /v2.0/ports?network_id=b6f573f3-1f94-4dec-a6fd-95ac16d9e5f1&device_owner=network%3Adhcp HTTP/1.1" status: 200 len: 210 time: 0.0232532
2026-07-15 06:14:54.485 10 INFO neutron.wsgi [req-fec3bbe8-0224-46a7-8d67-b4f670124ecc req-a4b0f4f9-e6c7-45f7-8a20-596667bcb51a ecf185079cda43319eb868f783ee53ce cbab0bc396ce4998b990be672fbe39f9 - - d75b538e44df44d6a7a6107f8abc3b91 d75b538e44df44d6a7a6107f8abc3b91] 199.19.213.21 "GET /v2.0/networks/b6f573f3-1f94-4dec-a6fd-95ac16d9e5f1?fields=segments HTTP/1.1" status: 200 len: 212 time: 0.0655353
2026-07-15 06:14:54.552 10 INFO neutron.wsgi [req-fec3bbe8-0224-46a7-8d67-b4f670124ecc req-5c79d0a8-5395-401b-9813-fbecdb090c1f ecf185079cda43319eb868f783ee53ce cbab0bc396ce4998b990be672fbe39f9 - - d75b538e44df44d6a7a6107f8abc3b91 d75b538e44df44d6a7a6107f8abc3b91] 199.19.213.21 "GET /v2.0/networks/b6f573f3-1f94-4dec-a6fd-95ac16d9e5f1?fields=provider%3Aphysical_network&fields=provider%3Anetwork_type HTTP/1.1" status: 200 len: 277 time: 0.0612559
2026-07-15 06:14:58.175 9 INFO neutron.db.l3_db [None req-c8c5e551-9a9f-4f1f-a805-6628c98b5132 203b91e85c984ab5bf28487493de1693 8b721fdff0394e1181eeb93150c0d8f2 - - - -] Floating IP e49bd3d7-8cca-4b93-a69d-3902e641c592 disassociated (deleted). External IP: 10.96.250.214, port: 65bcf70b-6a76-4128-9af7-4416a2be3200.
2026-07-15 06:14:58.225 9 INFO neutron.wsgi [None req-c8c5e551-9a9f-4f1f-a805-6628c98b5132 203b91e85c984ab5bf28487493de1693 8b721fdff0394e1181eeb93150c0d8f2 - - - -] 10.0.0.166 "DELETE /v2.0/floatingips/e49bd3d7-8cca-4b93-a69d-3902e641c592 HTTP/1.1" status: 204 len: 168 time: 0.4609632
2026-07-15 06:14:58.253 9 INFO neutron.api.v2.resource [None req-11ff0f8d-cdfc-4a8a-8d7c-e441d85d194b 203b91e85c984ab5bf28487493de1693 8b721fdff0394e1181eeb93150c0d8f2 - - default default] show failed (client error): The resource could not be found.
2026-07-15 06:14:58.254 9 INFO neutron.wsgi [None req-11ff0f8d-cdfc-4a8a-8d7c-e441d85d194b 203b91e85c984ab5bf28487493de1693 8b721fdff0394e1181eeb93150c0d8f2 - - default default] 10.0.0.166 "GET /v2.0/floatingips/e49bd3d7-8cca-4b93-a69d-3902e641c592 HTTP/1.1" status: 404 len: 345 time: 0.0238309
2026-07-15 06:14:58.549 9 INFO neutron.wsgi [None req-df5918be-795e-4b70-8cfb-893d74acfcb5 bc890da7b1e045df99b7fb40a936d507 524d02558d484f44874de52b6ff81980 - - default default] 199.19.213.21 "GET /v2.0/extensions/security-group HTTP/1.1" status: 200 len: 369 time: 0.0094979
2026-07-15 06:14:58.558 9 INFO neutron.wsgi [None req-cd0e557f-472d-4467-8ec9-0cd61a67d58b bc890da7b1e045df99b7fb40a936d507 524d02558d484f44874de52b6ff81980 - - default default] 199.19.213.21 "GET /v2.0/extensions/dns-integration HTTP/1.1" status: 200 len: 371 time: 0.0052381
2026-07-15 06:14:58.568 9 INFO neutron.wsgi [None req-013f927b-7c9e-4c6e-8fbf-468266b10974 bc890da7b1e045df99b7fb40a936d507 524d02558d484f44874de52b6ff81980 - - default default] 199.19.213.21 "GET /v2.0/extensions/qos HTTP/1.1" status: 200 len: 365 time: 0.0042121
2026-07-15 06:14:58.577 9 INFO neutron.wsgi [None req-27656726-4c05-4988-9fbf-0c4fe7307841 bc890da7b1e045df99b7fb40a936d507 524d02558d484f44874de52b6ff81980 - - default default] 199.19.213.21 "GET /v2.0/extensions/allowed-address-pairs HTTP/1.1" status: 200 len: 383 time: 0.0049050
2026-07-15 06:14:58.611 9 INFO neutron.wsgi [None req-00d01c7d-09d7-4736-961c-78774c308878 bc890da7b1e045df99b7fb40a936d507 524d02558d484f44874de52b6ff81980 - - default default] 199.19.213.21 "GET /v2.0/subnets/3c571886-c9b0-49b9-a5c7-532cdfb0d508 HTTP/1.1" status: 200 len: 850 time: 0.0277963
2026-07-15 06:14:58.659 9 INFO neutron.wsgi [None req-4588b3b9-46cc-4558-825d-d75ed3ce40e1 bc890da7b1e045df99b7fb40a936d507 524d02558d484f44874de52b6ff81980 - - default default] 199.19.213.21 "GET /v2.0/ports?device_id=1040e267-5d31-4b26-8342-027b13afb075 HTTP/1.1" status: 200 len: 2627 time: 0.0410173
2026-07-15 06:14:58.696 9 INFO neutron.wsgi [None req-34c617d0-bc94-4dde-ab39-e26c57e586aa bc890da7b1e045df99b7fb40a936d507 524d02558d484f44874de52b6ff81980 - - default default] 199.19.213.21 "GET /v2.0/ports?device_id=1040e267-5d31-4b26-8342-027b13afb075 HTTP/1.1" status: 200 len: 2627 time: 0.0322888
2026-07-15 06:14:58.782 9 INFO neutron.wsgi [None req-ccd67c63-2aec-4a1c-9f9a-04e1e3818e87 bc890da7b1e045df99b7fb40a936d507 524d02558d484f44874de52b6ff81980 - - default default] 199.19.213.21 "GET /v2.0/ports?device_id=1040e267-5d31-4b26-8342-027b13afb075 HTTP/1.1" status: 200 len: 2627 time: 0.0314472
2026-07-15 06:14:59.020 10 INFO neutron.plugins.ml2.drivers.ovn.mech_driver.mech_driver [None req-bceb5e37-e2e9-4c25-b4a6-b028aa7fbee5 - - - - - -] OVN reports status down for port: 65bcf70b-6a76-4128-9af7-4416a2be3200
2026-07-15 06:14:59.022 9 INFO neutron.plugins.ml2.drivers.ovn.mech_driver.mech_driver [None req-9636f075-5c4a-4bff-ae5a-d3208eaaedf0 - - - - - -] OVN reports status down for port: 81b2518d-b579-4ead-b1ed-6b379d4070dd /var/lib/openstack/lib/python3.10/site-packages/pycadf/identifier.py:71: UserWarning: Invalid uuid: neutron. To ensure interoperability, identifiers should be a valid uuid. warnings.warn(('Invalid uuid: %s. To ensure interoperability, '
2026-07-15 06:14:59.096 10 INFO neutron.wsgi [req-8546b7e3-7c8f-4d94-8950-dc2b28560156 req-000f5fac-c618-41dd-a4b5-56fa942bb75f ecf185079cda43319eb868f783ee53ce cbab0bc396ce4998b990be672fbe39f9 - - d75b538e44df44d6a7a6107f8abc3b91 d75b538e44df44d6a7a6107f8abc3b91] 199.19.213.21 "GET /v2.0/ports/81b2518d-b579-4ead-b1ed-6b379d4070dd HTTP/1.1" status: 200 len: 1470 time: 0.0420911
2026-07-15 06:14:59.129 10 INFO neutron.wsgi [req-8546b7e3-7c8f-4d94-8950-dc2b28560156 req-12105e29-2333-40f0-a43f-821d590c25b8 bc890da7b1e045df99b7fb40a936d507 524d02558d484f44874de52b6ff81980 - - default default] 199.19.213.21 "GET /v2.0/ports/81b2518d-b579-4ead-b1ed-6b379d4070dd?fields=binding%3Aprofile&fields=network_id HTTP/1.1" status: 200 len: 281 time: 0.0278592
2026-07-15 06:14:59.141 9 INFO neutron.notifiers.nova [-] Nova event matching ['req-10f1aebc-12a5-4fbb-b80a-a1abe8989d75'] response: {'server_uuid': '1040e267-5d31-4b26-8342-027b13afb075', 'name': 'network-vif-unplugged', 'status': 'completed', 'tag': '81b2518d-b579-4ead-b1ed-6b379d4070dd', 'code': 200}
2026-07-15 06:14:59.207 10 INFO neutron.wsgi [req-8546b7e3-7c8f-4d94-8950-dc2b28560156 req-fa61673d-6310-4fb7-9892-ec90d5b801ea bc890da7b1e045df99b7fb40a936d507 524d02558d484f44874de52b6ff81980 - - default default] 199.19.213.21 "GET /v2.0/networks/20f6e27d-a8ef-40ee-be70-f2cf5a0baa05?fields=dns_domain HTTP/1.1" status: 200 len: 227 time: 0.0630040
2026-07-15 06:14:59.254 9 INFO neutron.db.ovn_revision_numbers_db [None req-9636f075-5c4a-4bff-ae5a-d3208eaaedf0 - - - - - -] Successfully bumped revision number for resource 81b2518d-b579-4ead-b1ed-6b379d4070dd (type: ports) to 7
2026-07-15 06:14:59.602 10 INFO neutron.db.ovn_revision_numbers_db [None req-02d5ada8-3bb4-4ad2-b1a8-d1e81cb30b6a ecf185079cda43319eb868f783ee53ce cbab0bc396ce4998b990be672fbe39f9 - - - -] Successfully bumped revision number for resource 81b2518d-b579-4ead-b1ed-6b379d4070dd (type: ports) to 8
2026-07-15 06:14:59.618 10 INFO neutron.wsgi [None req-02d5ada8-3bb4-4ad2-b1a8-d1e81cb30b6a ecf185079cda43319eb868f783ee53ce cbab0bc396ce4998b990be672fbe39f9 - - - -] 199.19.213.21 "PUT /v2.0/ports/81b2518d-b579-4ead-b1ed-6b379d4070dd HTTP/1.1" status: 200 len: 1350 time: 0.3883579 /var/lib/openstack/lib/python3.10/site-packages/pycadf/identifier.py:71: UserWarning: Invalid uuid: neutron. To ensure interoperability, identifiers should be a valid uuid. warnings.warn(('Invalid uuid: %s. To ensure interoperability, '
2026-07-15 06:14:59.694 10 INFO neutron.wsgi [req-8546b7e3-7c8f-4d94-8950-dc2b28560156 req-9070cbb3-bfa9-4752-851a-a55251395975 ecf185079cda43319eb868f783ee53ce cbab0bc396ce4998b990be672fbe39f9 - - d75b538e44df44d6a7a6107f8abc3b91 d75b538e44df44d6a7a6107f8abc3b91] 199.19.213.21 "GET /v2.0/ports?tenant_id=524d02558d484f44874de52b6ff81980&device_id=1040e267-5d31-4b26-8342-027b13afb075 HTTP/1.1" status: 200 len: 1365 time: 0.0314023
2026-07-15 06:14:59.756 10 INFO neutron.wsgi [req-8546b7e3-7c8f-4d94-8950-dc2b28560156 req-e9cecebf-5978-4f6b-8cec-4b984b473abe ecf185079cda43319eb868f783ee53ce cbab0bc396ce4998b990be672fbe39f9 - - d75b538e44df44d6a7a6107f8abc3b91 d75b538e44df44d6a7a6107f8abc3b91] 199.19.213.21 "GET /v2.0/networks?id=f1c98733-b253-417d-bbe4-a77dbdf16249&id=20f6e27d-a8ef-40ee-be70-f2cf5a0baa05 HTTP/1.1" status: 200 len: 1729 time: 0.0541770
2026-07-15 06:14:59.790 10 INFO neutron.wsgi [req-8546b7e3-7c8f-4d94-8950-dc2b28560156 req-9ebaf49b-4d65-4816-ad8c-4d120f1eb771 ecf185079cda43319eb868f783ee53ce cbab0bc396ce4998b990be672fbe39f9 - - d75b538e44df44d6a7a6107f8abc3b91 d75b538e44df44d6a7a6107f8abc3b91] 199.19.213.21 "GET /v2.0/floatingips?fixed_ip_address=172.24.2.28&port_id=57992831-636e-4721-81e0-63b53a6513d7 HTTP/1.1" status: 200 len: 217 time: 0.0265384 /var/lib/openstack/lib/python3.10/site-packages/pycadf/identifier.py:71: UserWarning: Invalid uuid: neutron. To ensure interoperability, identifiers should be a valid uuid. warnings.warn(('Invalid uuid: %s. To ensure interoperability, '
2026-07-15 06:14:59.827 9 INFO neutron.wsgi [None req-53856fb5-a6e8-484b-9ed3-7d50314d0d28 bc890da7b1e045df99b7fb40a936d507 524d02558d484f44874de52b6ff81980 - - default default] 199.19.213.21 "GET /v2.0/ports?device_id=1040e267-5d31-4b26-8342-027b13afb075 HTTP/1.1" status: 200 len: 1365 time: 0.0377793
2026-07-15 06:14:59.832 10 INFO neutron.wsgi [req-8546b7e3-7c8f-4d94-8950-dc2b28560156 req-c9eb3bb4-bcdb-4259-ab73-149f852cb3d9 ecf185079cda43319eb868f783ee53ce cbab0bc396ce4998b990be672fbe39f9 - - d75b538e44df44d6a7a6107f8abc3b91 d75b538e44df44d6a7a6107f8abc3b91] 199.19.213.21 "GET /v2.0/subnets?id=efaea059-d844-456a-9c6c-6e3ad098ef46 HTTP/1.1" status: 200 len: 829 time: 0.0324249
2026-07-15 06:14:59.858 10 INFO neutron.wsgi [req-8546b7e3-7c8f-4d94-8950-dc2b28560156 req-9f130730-bce3-499a-bc68-b2381bfea294 ecf185079cda43319eb868f783ee53ce cbab0bc396ce4998b990be672fbe39f9 - - d75b538e44df44d6a7a6107f8abc3b91 d75b538e44df44d6a7a6107f8abc3b91] 199.19.213.21 "GET /v2.0/ports?network_id=f1c98733-b253-417d-bbe4-a77dbdf16249&device_owner=network%3Adhcp HTTP/1.1" status: 200 len: 210 time: 0.0205033
2026-07-15 06:14:59.957 10 INFO neutron.wsgi [req-8546b7e3-7c8f-4d94-8950-dc2b28560156 req-193adfad-70cb-422a-8770-0ef0ecb27e73 ecf185079cda43319eb868f783ee53ce cbab0bc396ce4998b990be672fbe39f9 - - d75b538e44df44d6a7a6107f8abc3b91 d75b538e44df44d6a7a6107f8abc3b91] 199.19.213.21 "GET /v2.0/networks/f1c98733-b253-417d-bbe4-a77dbdf16249?fields=segments HTTP/1.1" status: 200 len: 212 time: 0.0891712
2026-07-15 06:15:00.026 10 INFO neutron.wsgi [req-8546b7e3-7c8f-4d94-8950-dc2b28560156 req-23058a9d-8205-4082-bfef-281e6215a92e ecf185079cda43319eb868f783ee53ce cbab0bc396ce4998b990be672fbe39f9 - - d75b538e44df44d6a7a6107f8abc3b91 d75b538e44df44d6a7a6107f8abc3b91] 199.19.213.21 "GET /v2.0/networks/f1c98733-b253-417d-bbe4-a77dbdf16249?fields=provider%3Aphysical_network&fields=provider%3Anetwork_type HTTP/1.1" status: 200 len: 277 time: 0.0626283
2026-07-15 06:15:00.191 9 INFO neutron.db.ovn_revision_numbers_db [None req-fa2f262b-8ee7-4b6b-94c3-98951b7543ad bc890da7b1e045df99b7fb40a936d507 524d02558d484f44874de52b6ff81980 - - - -] Successfully bumped revision number for resource 81b2518d-b579-4ead-b1ed-6b379d4070dd (type: ports) to 9
2026-07-15 06:15:00.204 9 INFO neutron.wsgi [None req-fa2f262b-8ee7-4b6b-94c3-98951b7543ad bc890da7b1e045df99b7fb40a936d507 524d02558d484f44874de52b6ff81980 - - - -] 199.19.213.21 "PUT /v2.0/ports/81b2518d-b579-4ead-b1ed-6b379d4070dd HTTP/1.1" status: 200 len: 1290 time: 0.3713870 /var/lib/openstack/lib/python3.10/site-packages/pycadf/identifier.py:71: UserWarning: Invalid uuid: neutron. To ensure interoperability, identifiers should be a valid uuid. warnings.warn(('Invalid uuid: %s. To ensure interoperability, '
2026-07-15 06:15:00.238 9 INFO neutron.wsgi [None req-babcdb5b-f889-4a5e-ae08-6a6207513b96 bc890da7b1e045df99b7fb40a936d507 524d02558d484f44874de52b6ff81980 - - default default] 199.19.213.21 "GET /v2.0/ports/81b2518d-b579-4ead-b1ed-6b379d4070dd HTTP/1.1" status: 200 len: 1290 time: 0.0260534
2026-07-15 06:15:00.576 9 INFO neutron.wsgi [None req-3bacfbf4-4774-435e-823b-92cdc61ddff5 bc890da7b1e045df99b7fb40a936d507 524d02558d484f44874de52b6ff81980 - - - -] 199.19.213.21 "DELETE /v2.0/ports/81b2518d-b579-4ead-b1ed-6b379d4070dd HTTP/1.1" status: 204 len: 173 time: 0.3325179
2026-07-15 06:15:00.644 9 INFO neutron.wsgi [None req-d3857051-a9ce-4fe5-bf56-62029b21c91d bc890da7b1e045df99b7fb40a936d507 524d02558d484f44874de52b6ff81980 - - default default] 199.19.213.21 "GET /v2.0/extensions/security-group HTTP/1.1" status: 200 len: 369 time: 0.0066981
2026-07-15 06:15:00.654 9 INFO neutron.wsgi [None req-a5cc984f-1d3f-40e4-a27f-28413ffc72d2 bc890da7b1e045df99b7fb40a936d507 524d02558d484f44874de52b6ff81980 - - default default] 199.19.213.21 "GET /v2.0/extensions/dns-integration HTTP/1.1" status: 200 len: 371 time: 0.0062253
2026-07-15 06:15:00.661 9 INFO neutron.wsgi [None req-623997d7-e2d4-4316-8c1d-8d04bea857f7 bc890da7b1e045df99b7fb40a936d507 524d02558d484f44874de52b6ff81980 - - default default] 199.19.213.21 "GET /v2.0/extensions/qos HTTP/1.1" status: 200 len: 365 time: 0.0036700
2026-07-15 06:15:00.673 9 INFO neutron.wsgi [None req-c0949bc6-e8a1-4175-994f-79e548e83f9a bc890da7b1e045df99b7fb40a936d507 524d02558d484f44874de52b6ff81980 - - default default] 199.19.213.21 "GET /v2.0/extensions/allowed-address-pairs HTTP/1.1" status: 200 len: 383 time: 0.0069962
2026-07-15 06:15:00.717 9 INFO neutron.pecan_wsgi.hooks.translation [None req-62b390dc-b692-4ba3-99df-b344a3600d1e bc890da7b1e045df99b7fb40a936d507 524d02558d484f44874de52b6ff81980 - - - -] DELETE failed (client error): The resource could not be found.
2026-07-15 06:15:00.719 9 INFO neutron.wsgi [None req-62b390dc-b692-4ba3-99df-b344a3600d1e bc890da7b1e045df99b7fb40a936d507 524d02558d484f44874de52b6ff81980 - - - -] 199.19.213.21 "DELETE /v2.0/ports/81b2518d-b579-4ead-b1ed-6b379d4070dd HTTP/1.1" status: 404 len: 338 time: 0.0413744
2026-07-15 06:15:00.750 9 INFO neutron.wsgi [None req-506cc595-d944-4276-b398-6fa651089e51 bc890da7b1e045df99b7fb40a936d507 524d02558d484f44874de52b6ff81980 - - default default] 199.19.213.21 "GET /v2.0/ports/65bcf70b-6a76-4128-9af7-4416a2be3200 HTTP/1.1" status: 200 len: 1329 time: 0.0275095
2026-07-15 06:15:00.785 9 INFO neutron.wsgi [None req-7314007c-4f72-49ee-b99e-7dc91b17a8c6 bc890da7b1e045df99b7fb40a936d507 524d02558d484f44874de52b6ff81980 - - default default] 199.19.213.21 "GET /v2.0/security-groups?name=lb-0f11b4d0-fdab-438f-a437-8e5947699fb7 HTTP/1.1" status: 200 len: 1777 time: 0.0287681
2026-07-15 06:15:00.819 9 INFO neutron.wsgi [None req-e437a28d-6b0b-4cd1-a77a-45daeed4482b bc890da7b1e045df99b7fb40a936d507 524d02558d484f44874de52b6ff81980 - - default default] 199.19.213.21 "GET /v2.0/ports/65bcf70b-6a76-4128-9af7-4416a2be3200 HTTP/1.1" status: 200 len: 1329 time: 0.0267766
2026-07-15 06:15:01.185 9 INFO neutron.notifiers.nova [-] Nova event matching ['req-137b74db-bfd3-4f86-a584-1b4a318db9e4'] response: {'server_uuid': '1040e267-5d31-4b26-8342-027b13afb075', 'name': 'network-vif-plugged', 'status': 'completed', 'tag': '81b2518d-b579-4ead-b1ed-6b379d4070dd', 'code': 200}
2026-07-15 06:15:01.219 9 INFO neutron.db.ovn_revision_numbers_db [None req-1236313c-4a59-44a7-ae29-4e63d4e785ca bc890da7b1e045df99b7fb40a936d507 524d02558d484f44874de52b6ff81980 - - - -] Successfully bumped revision number for resource 65bcf70b-6a76-4128-9af7-4416a2be3200 (type: ports) to 17
2026-07-15 06:15:01.234 9 INFO neutron.wsgi [None req-1236313c-4a59-44a7-ae29-4e63d4e785ca bc890da7b1e045df99b7fb40a936d507 524d02558d484f44874de52b6ff81980 - - - -] 199.19.213.21 "PUT /v2.0/ports/65bcf70b-6a76-4128-9af7-4416a2be3200 HTTP/1.1" status: 200 len: 1291 time: 0.4113626
2026-07-15 06:15:01.337 9 INFO neutron.wsgi [None req-c042f47b-9179-4b9b-b270-abca46e37eb5 bc890da7b1e045df99b7fb40a936d507 524d02558d484f44874de52b6ff81980 - - - -] 199.19.213.21 "DELETE /v2.0/security-groups/c9ae428c-1ae9-42fe-b1eb-a0d9ae0278da HTTP/1.1" status: 204 len: 173 time: 0.0974588
2026-07-15 06:15:01.649 9 INFO neutron.wsgi [None req-aeed6426-4aa6-4e32-8681-caac5c554469 bc890da7b1e045df99b7fb40a936d507 524d02558d484f44874de52b6ff81980 - - - -] 199.19.213.21 "DELETE /v2.0/ports/65bcf70b-6a76-4128-9af7-4416a2be3200 HTTP/1.1" status: 204 len: 173 time: 0.3055692
2026-07-15 06:15:01.935 9 INFO neutron.plugins.ml2.drivers.ovn.mech_driver.mech_driver [None req-9636f075-5c4a-4bff-ae5a-d3208eaaedf0 - - - - - -] OVN reports status down for port: 57992831-636e-4721-81e0-63b53a6513d7
2026-07-15 06:15:02.223 10 INFO neutron.wsgi [req-b4f6715c-174b-48ff-aa61-14ad64fda2f4 req-d763b1b8-95b2-4173-a661-983220b2c837 bc890da7b1e045df99b7fb40a936d507 524d02558d484f44874de52b6ff81980 - - default default] 199.19.213.21 "GET /v2.0/ports?device_id=1040e267-5d31-4b26-8342-027b13afb075 HTTP/1.1" status: 200 len: 1363 time: 0.0365770
2026-07-15 06:15:02.226 9 INFO neutron.db.ovn_revision_numbers_db [None req-9636f075-5c4a-4bff-ae5a-d3208eaaedf0 - - - - - -] Successfully bumped revision number for resource 57992831-636e-4721-81e0-63b53a6513d7 (type: ports) to 5
2026-07-15 06:15:02.438 9 INFO neutron.wsgi [-] 10.0.0.223 "GET / HTTP/1.1" status: 200 len: 247 time: 0.0026553
2026-07-15 06:15:02.441 9 INFO neutron.wsgi [-] 10.0.0.223 "GET / HTTP/1.1" status: 200 len: 247 time: 0.0020080
2026-07-15 06:15:02.486 10 INFO neutron.wsgi [None req-a7e96550-e584-4175-9ac0-3974b41f0c4a bc890da7b1e045df99b7fb40a936d507 524d02558d484f44874de52b6ff81980 - - - -] 199.19.213.21 "DELETE /v2.0/ports/57992831-636e-4721-81e0-63b53a6513d7 HTTP/1.1" status: 204 len: 173 time: 0.2583480
2026-07-15 06:15:02.535 10 INFO neutron.notifiers.nova [-] Nova event matching ['req-31cd9aae-8f4b-4e0d-ac6d-f53ecc4e9b63'] response: {'server_uuid': '1040e267-5d31-4b26-8342-027b13afb075', 'name': 'network-vif-deleted', 'tag': '57992831-636e-4721-81e0-63b53a6513d7', 'status': 'completed', 'code': 200}
2026-07-15 06:15:03.226 9 INFO neutron.notifiers.nova [-] Nova event matching ['req-091da600-fe9a-47e8-8825-38a1eb59b936'] response: {'server_uuid': '1040e267-5d31-4b26-8342-027b13afb075', 'name': 'network-vif-unplugged', 'status': 'completed', 'tag': '57992831-636e-4721-81e0-63b53a6513d7', 'code': 200}
2026-07-15 06:15:03.226 9 INFO neutron.notifiers.nova [-] Nova event matching ['req-091da600-fe9a-47e8-8825-38a1eb59b936'] response: {'server_uuid': '1040e267-5d31-4b26-8342-027b13afb075', 'name': 'network-vif-plugged', 'status': 'completed', 'tag': '57992831-636e-4721-81e0-63b53a6513d7', 'code': 200}
2026-07-15 06:15:03.872 10 INFO neutron.db.l3_db [None req-a1904be2-5d07-4e51-9abe-0c58b7442412 203b91e85c984ab5bf28487493de1693 8b721fdff0394e1181eeb93150c0d8f2 - - - -] Floating IP f9698856-70b4-44c5-8c81-b7c154591712 disassociated (deleted). External IP: 10.96.250.209, port: 91939437-e4e3-46de-8e8c-32c5b41dfe9d.
2026-07-15 06:15:03.961 10 INFO neutron.wsgi [None req-a1904be2-5d07-4e51-9abe-0c58b7442412 203b91e85c984ab5bf28487493de1693 8b721fdff0394e1181eeb93150c0d8f2 - - - -] 10.0.0.166 "DELETE /v2.0/floatingips/f9698856-70b4-44c5-8c81-b7c154591712 HTTP/1.1" status: 204 len: 168 time: 0.4833131 /var/lib/openstack/lib/python3.10/site-packages/pycadf/identifier.py:71: UserWarning: Invalid uuid: neutron. To ensure interoperability, identifiers should be a valid uuid. warnings.warn(('Invalid uuid: %s. To ensure interoperability, '
2026-07-15 06:15:04.003 10 INFO neutron.api.v2.resource [None req-f25bdbff-9b91-4bc7-92ba-1ce6a472ff56 203b91e85c984ab5bf28487493de1693 8b721fdff0394e1181eeb93150c0d8f2 - - default default] show failed (client error): The resource could not be found.
2026-07-15 06:15:04.004 10 INFO neutron.wsgi [None req-f25bdbff-9b91-4bc7-92ba-1ce6a472ff56 203b91e85c984ab5bf28487493de1693 8b721fdff0394e1181eeb93150c0d8f2 - - default default] 10.0.0.166 "GET /v2.0/floatingips/f9698856-70b4-44c5-8c81-b7c154591712 HTTP/1.1" status: 404 len: 345 time: 0.0388508
2026-07-15 06:15:04.215 9 INFO neutron.plugins.ml2.drivers.ovn.mech_driver.mech_driver [None req-9636f075-5c4a-4bff-ae5a-d3208eaaedf0 - - - - - -] OVN reports status down for port: 91939437-e4e3-46de-8e8c-32c5b41dfe9d
2026-07-15 06:15:04.310 10 INFO neutron.wsgi [req-981b6ce0-f53f-4d69-b5e3-d2d2de7db339 req-96001e4c-fd0b-4829-a20e-7d2e76741409 203b91e85c984ab5bf28487493de1693 8b721fdff0394e1181eeb93150c0d8f2 - - default default] 10.0.0.123 "GET /v2.0/ports?device_id=0644c3d0-fd53-4968-88c0-6e25815ba834 HTTP/1.1" status: 200 len: 1400 time: 0.1591959
2026-07-15 06:15:04.376 10 INFO neutron.wsgi [req-981b6ce0-f53f-4d69-b5e3-d2d2de7db339 req-74cdde21-758f-4830-8834-cf6039656399 203b91e85c984ab5bf28487493de1693 8b721fdff0394e1181eeb93150c0d8f2 - - default default] 10.0.0.123 "GET /v2.0/security-groups?id=9bba4c85-be47-4756-ab34-5e61f07af561&fields=id&fields=name HTTP/1.1" status: 200 len: 311 time: 0.0570750
2026-07-15 06:15:04.559 10 INFO neutron.wsgi [req-3d8f5e14-04cf-4641-93d0-5a30e5025bfa req-40aecd2d-e8fc-4759-8e08-78f01a2dfdc7 203b91e85c984ab5bf28487493de1693 8b721fdff0394e1181eeb93150c0d8f2 - - default default] 199.19.213.21 "GET /v2.0/ports?device_id=0644c3d0-fd53-4968-88c0-6e25815ba834 HTTP/1.1" status: 200 len: 1398 time: 0.0530951
2026-07-15 06:15:04.583 10 INFO neutron.notifiers.nova [-] Nova event matching ['req-5ac89673-cf31-465a-b59a-879e6468c80c'] response: {'name': 'network-changed', 'server_uuid': '0644c3d0-fd53-4968-88c0-6e25815ba834', 'tag': '91939437-e4e3-46de-8e8c-32c5b41dfe9d', 'status': 'completed', 'code': 200} /var/lib/openstack/lib/python3.10/site-packages/pycadf/identifier.py:71: UserWarning: Invalid uuid: neutron. To ensure interoperability, identifiers should be a valid uuid. warnings.warn(('Invalid uuid: %s. To ensure interoperability, '
2026-07-15 06:15:04.636 9 INFO neutron.db.ovn_revision_numbers_db [None req-9636f075-5c4a-4bff-ae5a-d3208eaaedf0 - - - - - -] Successfully bumped revision number for resource 91939437-e4e3-46de-8e8c-32c5b41dfe9d (type: ports) to 5
2026-07-15 06:15:04.641 9 INFO neutron.wsgi [req-1ce0f523-f797-449f-9f53-7b50bc4d2040 req-b544b0a2-6f00-4599-9a56-62e3583c6fff ecf185079cda43319eb868f783ee53ce cbab0bc396ce4998b990be672fbe39f9 - - d75b538e44df44d6a7a6107f8abc3b91 d75b538e44df44d6a7a6107f8abc3b91] 199.19.213.21 "GET /v2.0/ports?tenant_id=8b721fdff0394e1181eeb93150c0d8f2&device_id=0644c3d0-fd53-4968-88c0-6e25815ba834 HTTP/1.1" status: 200 len: 1588 time: 0.0385706
2026-07-15 06:15:04.713 9 INFO neutron.wsgi [req-1ce0f523-f797-449f-9f53-7b50bc4d2040 req-c0ae80dd-5477-4ca4-9913-eda4b68e6a66 ecf185079cda43319eb868f783ee53ce cbab0bc396ce4998b990be672fbe39f9 - - d75b538e44df44d6a7a6107f8abc3b91 d75b538e44df44d6a7a6107f8abc3b91] 199.19.213.21 "GET /v2.0/networks?id=b2fce7c4-312a-48e6-ba4d-4ddb17c57cde HTTP/1.1" status: 200 len: 1003 time: 0.0655527 /var/lib/openstack/lib/python3.10/site-packages/pycadf/identifier.py:71: UserWarning: Invalid uuid: neutron. To ensure interoperability, identifiers should be a valid uuid. warnings.warn(('Invalid uuid: %s. To ensure interoperability, '
2026-07-15 06:15:04.744 9 INFO neutron.wsgi [req-1ce0f523-f797-449f-9f53-7b50bc4d2040 req-b598a52c-1b72-4f25-9c23-85c035cc12b1 ecf185079cda43319eb868f783ee53ce cbab0bc396ce4998b990be672fbe39f9 - - d75b538e44df44d6a7a6107f8abc3b91 d75b538e44df44d6a7a6107f8abc3b91] 199.19.213.21 "GET /v2.0/floatingips?fixed_ip_address=10.2.2.36&port_id=91939437-e4e3-46de-8e8c-32c5b41dfe9d HTTP/1.1" status: 200 len: 217 time: 0.0249770
2026-07-15 06:15:04.773 9 INFO neutron.wsgi [req-1ce0f523-f797-449f-9f53-7b50bc4d2040 req-d78b0709-8bb0-4445-b1a8-733eea0a66bc ecf185079cda43319eb868f783ee53ce cbab0bc396ce4998b990be672fbe39f9 - - d75b538e44df44d6a7a6107f8abc3b91 d75b538e44df44d6a7a6107f8abc3b91] 199.19.213.21 "GET /v2.0/floatingips?fixed_ip_address=fd77%3A1457%3A4cf0%3A26a8%3A%3A342&port_id=91939437-e4e3-46de-8e8c-32c5b41dfe9d HTTP/1.1" status: 200 len: 217 time: 0.0240500
2026-07-15 06:15:04.811 9 INFO neutron.wsgi [req-1ce0f523-f797-449f-9f53-7b50bc4d2040 req-61429364-0ea4-4bf7-acab-1166c7c5f18e ecf185079cda43319eb868f783ee53ce cbab0bc396ce4998b990be672fbe39f9 - - d75b538e44df44d6a7a6107f8abc3b91 d75b538e44df44d6a7a6107f8abc3b91] 199.19.213.21 "GET /v2.0/subnets?id=7d6f4097-e5e7-4e19-ae1f-cf13139625ad&id=45d32362-25fb-4f50-ab4a-356e244f6021 HTTP/1.1" status: 200 len: 1566 time: 0.0337117
2026-07-15 06:15:04.838 9 INFO neutron.wsgi [req-1ce0f523-f797-449f-9f53-7b50bc4d2040 req-fc39f5eb-c0b0-4922-87cc-bf565dba9e4d ecf185079cda43319eb868f783ee53ce cbab0bc396ce4998b990be672fbe39f9 - - d75b538e44df44d6a7a6107f8abc3b91 d75b538e44df44d6a7a6107f8abc3b91] 199.19.213.21 "GET /v2.0/ports?network_id=b2fce7c4-312a-48e6-ba4d-4ddb17c57cde&device_owner=network%3Adhcp HTTP/1.1" status: 200 len: 210 time: 0.0191064
