2026-07-15 06:11:19.368 9 WARNING neutron.scheduler.dhcp_agent_scheduler [None req-05fbe816-58bb-4ea3-9cb7-8724cda6f7a8 d0ab281c4de8476c995e75d2f1fcc846 520ef80383f6400e9b9955ff7a851e44 - - - -] No more DHCP agents
2026-07-15 06:11:19.371 9 WARNING neutron.api.rpc.agentnotifiers.dhcp_rpc_agent_api [None req-05fbe816-58bb-4ea3-9cb7-8724cda6f7a8 d0ab281c4de8476c995e75d2f1fcc846 520ef80383f6400e9b9955ff7a851e44 - - - -] Unable to schedule network 6ca930bb-1c1e-4561-81af-19b22cd6f926: no agents available; will retry on subsequent port and subnet creation events.
2026-07-15 06:11:19.375 10 INFO neutron.wsgi [None req-e0ea0f09-ce4a-4c97-8495-c855cb7a0b50 89ea2f1718ab4dafaa9e6f824cbe29cd 97c8bcb91c8e4c608c7425d4cfc205a9 - - default default] 10.0.0.166 "GET /v2.0/routers/9cd88bd2-333f-4115-b822-63b7c801635c/tags HTTP/1.1" status: 200 len: 223 time: 0.0542090
2026-07-15 06:11:19.425 10 INFO neutron.db.segments_db [None req-a5483ae6-ad48-4dd6-81e9-526dd62338b7 304465c7cc13477c9c570ecbd0310451 4e0cedaba38542d780dffbf05cff9730 - - - -] Added segment 26792ff5-673f-41bb-8e49-68554b1f8e86 of type geneve for network ea3495c5-784f-4a7b-8de7-e3d445c6c310
2026-07-15 06:11:19.430 9 INFO neutron.db.ovn_revision_numbers_db [None req-05fbe816-58bb-4ea3-9cb7-8724cda6f7a8 d0ab281c4de8476c995e75d2f1fcc846 520ef80383f6400e9b9955ff7a851e44 - - - -] Successfully bumped revision number for resource d8106d76-37ba-45c0-b279-59316349e053 (type: ports) to 1
2026-07-15 06:11:19.441 10 INFO neutron.api.v2.resource [None req-63586f4f-ea27-42ce-899d-d564c63a55bd 89ea2f1718ab4dafaa9e6f824cbe29cd 97c8bcb91c8e4c608c7425d4cfc205a9 - - - -] delete failed (client error): The resource could not be found.
2026-07-15 06:11:19.442 10 INFO neutron.wsgi [None req-63586f4f-ea27-42ce-899d-d564c63a55bd 89ea2f1718ab4dafaa9e6f824cbe29cd 97c8bcb91c8e4c608c7425d4cfc205a9 - - - -] 10.0.0.166 "DELETE /v2.0/routers/9cd88bd2-333f-4115-b822-63b7c801635c/tags/green HTTP/1.1" status: 404 len: 299 time: 0.0612292
2026-07-15 06:11:19.451 9 INFO neutron.wsgi [None req-05fbe816-58bb-4ea3-9cb7-8724cda6f7a8 d0ab281c4de8476c995e75d2f1fcc846 520ef80383f6400e9b9955ff7a851e44 - - - -] 10.0.0.166 "POST /v2.0/networks HTTP/1.1" status: 201 len: 831 time: 0.4330902
2026-07-15 06:11:19.697 9 WARNING neutron.scheduler.dhcp_agent_scheduler [None req-4a95fc74-b38c-4201-bf09-28a1692865de d0ab281c4de8476c995e75d2f1fcc846 520ef80383f6400e9b9955ff7a851e44 - - - -] No more DHCP agents
2026-07-15 06:11:19.701 9 WARNING neutron.api.rpc.agentnotifiers.dhcp_rpc_agent_api [None req-4a95fc74-b38c-4201-bf09-28a1692865de d0ab281c4de8476c995e75d2f1fcc846 520ef80383f6400e9b9955ff7a851e44 - - - -] Unable to schedule network 6ca930bb-1c1e-4561-81af-19b22cd6f926: no agents available; will retry on subsequent port and subnet creation events.
2026-07-15 06:11:19.774 9 INFO neutron.db.ovn_revision_numbers_db [None req-2d35ca19-cce8-4477-ba2c-d70146a25411 3b876ed0f50a4a5083502263e0568722 1e6cee2a595a41a690d3d2ee1d5208ff - - - -] Successfully bumped revision number for resource 52c7ddf8-e4a1-4ce4-b5b5-040c655cb16f (type: security_groups) to 1
2026-07-15 06:11:19.831 10 INFO neutron.wsgi [None req-f5bb7705-9565-48e2-9042-6b3c5a881ff9 89ea2f1718ab4dafaa9e6f824cbe29cd 97c8bcb91c8e4c608c7425d4cfc205a9 - - - -] 10.0.0.166 "DELETE /v2.0/routers/9cd88bd2-333f-4115-b822-63b7c801635c/tags HTTP/1.1" status: 204 len: 168 time: 0.3843877
2026-07-15 06:11:19.866 10 INFO neutron.db.ovn_revision_numbers_db [None req-a5483ae6-ad48-4dd6-81e9-526dd62338b7 304465c7cc13477c9c570ecbd0310451 4e0cedaba38542d780dffbf05cff9730 - - - -] Successfully bumped revision number for resource ea3495c5-784f-4a7b-8de7-e3d445c6c310 (type: networks) to 1
2026-07-15 06:11:19.866 9 INFO neutron.db.segments_db [None req-2d35ca19-cce8-4477-ba2c-d70146a25411 3b876ed0f50a4a5083502263e0568722 1e6cee2a595a41a690d3d2ee1d5208ff - - - -] Added segment 358df812-0dad-491f-9ccf-39fbec49b2ee of type geneve for network dfd0243a-b480-47e6-aa62-2eb630870668
2026-07-15 06:11:19.906 9 INFO neutron.wsgi [None req-31480712-426f-4d31-b5c2-be22792e3e3d 89ea2f1718ab4dafaa9e6f824cbe29cd 97c8bcb91c8e4c608c7425d4cfc205a9 - - default default] 10.0.0.166 "GET /v2.0/routers/9cd88bd2-333f-4115-b822-63b7c801635c/tags HTTP/1.1" status: 200 len: 205 time: 0.0664678
2026-07-15 06:11:19.990 10 INFO neutron.wsgi [None req-9b22bcc4-066f-4a0f-b8b8-7de88c4fd9dc 89ea2f1718ab4dafaa9e6f824cbe29cd 97c8bcb91c8e4c608c7425d4cfc205a9 - - default default] 10.0.0.166 "GET /v2.0/routers/9cd88bd2-333f-4115-b822-63b7c801635c HTTP/1.1" status: 200 len: 655 time: 0.0740676
2026-07-15 06:11:20.159 10 WARNING neutron.scheduler.dhcp_agent_scheduler [None req-a5483ae6-ad48-4dd6-81e9-526dd62338b7 304465c7cc13477c9c570ecbd0310451 4e0cedaba38542d780dffbf05cff9730 - - - -] No more DHCP agents
2026-07-15 06:11:20.169 10 WARNING neutron.api.rpc.agentnotifiers.dhcp_rpc_agent_api [None req-a5483ae6-ad48-4dd6-81e9-526dd62338b7 304465c7cc13477c9c570ecbd0310451 4e0cedaba38542d780dffbf05cff9730 - - - -] Unable to schedule network ea3495c5-784f-4a7b-8de7-e3d445c6c310: no agents available; will retry on subsequent port and subnet creation events.
2026-07-15 06:11:20.271 9 INFO neutron.db.ovn_revision_numbers_db [None req-2d35ca19-cce8-4477-ba2c-d70146a25411 3b876ed0f50a4a5083502263e0568722 1e6cee2a595a41a690d3d2ee1d5208ff - - - -] Successfully bumped revision number for resource dfd0243a-b480-47e6-aa62-2eb630870668 (type: networks) to 1
2026-07-15 06:11:20.278 10 INFO neutron.db.ovn_revision_numbers_db [None req-a5483ae6-ad48-4dd6-81e9-526dd62338b7 304465c7cc13477c9c570ecbd0310451 4e0cedaba38542d780dffbf05cff9730 - - - -] Successfully bumped revision number for resource 7b821532-6e02-454b-9a00-d3157b181764 (type: ports) to 1
2026-07-15 06:11:20.326 10 INFO neutron.wsgi [None req-a5483ae6-ad48-4dd6-81e9-526dd62338b7 304465c7cc13477c9c570ecbd0310451 4e0cedaba38542d780dffbf05cff9730 - - - -] 10.0.0.166 "POST /v2.0/networks HTTP/1.1" status: 201 len: 831 time: 1.3556571
2026-07-15 06:11:20.495 10 INFO neutron.db.ovn_revision_numbers_db [None req-302ce6fe-a732-4196-a157-e8e0539e8635 89ea2f1718ab4dafaa9e6f824cbe29cd 97c8bcb91c8e4c608c7425d4cfc205a9 - - - -] Successfully bumped revision number for resource 9cd88bd2-333f-4115-b822-63b7c801635c (type: routers) to 9
2026-07-15 06:11:20.499 10 INFO neutron.wsgi [None req-302ce6fe-a732-4196-a157-e8e0539e8635 89ea2f1718ab4dafaa9e6f824cbe29cd 97c8bcb91c8e4c608c7425d4cfc205a9 - - - -] 10.0.0.166 "PUT /v2.0/routers/9cd88bd2-333f-4115-b822-63b7c801635c HTTP/1.1" status: 200 len: 655 time: 0.5034478
2026-07-15 06:11:20.522 10 INFO neutron.wsgi [None req-26d2e8ad-6cc2-430e-825f-246136157a64 89ea2f1718ab4dafaa9e6f824cbe29cd 97c8bcb91c8e4c608c7425d4cfc205a9 - - default default] 10.0.0.166 "GET /v2.0/ports?device_id=9cd88bd2-333f-4115-b822-63b7c801635c HTTP/1.1" status: 200 len: 205 time: 0.0172727
2026-07-15 06:11:20.590 9 WARNING neutron.scheduler.dhcp_agent_scheduler [None req-2d35ca19-cce8-4477-ba2c-d70146a25411 3b876ed0f50a4a5083502263e0568722 1e6cee2a595a41a690d3d2ee1d5208ff - - - -] No more DHCP agents
2026-07-15 06:11:20.592 9 WARNING neutron.api.rpc.agentnotifiers.dhcp_rpc_agent_api [None req-2d35ca19-cce8-4477-ba2c-d70146a25411 3b876ed0f50a4a5083502263e0568722 1e6cee2a595a41a690d3d2ee1d5208ff - - - -] Unable to schedule network dfd0243a-b480-47e6-aa62-2eb630870668: no agents available; will retry on subsequent port and subnet creation events.
2026-07-15 06:11:20.640 9 INFO neutron.db.ovn_revision_numbers_db [None req-4a95fc74-b38c-4201-bf09-28a1692865de d0ab281c4de8476c995e75d2f1fcc846 520ef80383f6400e9b9955ff7a851e44 - - - -] Successfully bumped revision number for resource d8106d76-37ba-45c0-b279-59316349e053 (type: ports) to 2
2026-07-15 06:11:20.696 9 INFO neutron.db.ovn_revision_numbers_db [None req-4a95fc74-b38c-4201-bf09-28a1692865de d0ab281c4de8476c995e75d2f1fcc846 520ef80383f6400e9b9955ff7a851e44 - - - -] Successfully bumped revision number for resource 58dfd6cc-e820-439f-a4c2-fb7f52f224e9 (type: subnets) to 0
2026-07-15 06:11:20.711 9 INFO neutron.db.ovn_revision_numbers_db [None req-2d35ca19-cce8-4477-ba2c-d70146a25411 3b876ed0f50a4a5083502263e0568722 1e6cee2a595a41a690d3d2ee1d5208ff - - - -] Successfully bumped revision number for resource 76e8517b-2b56-497a-8211-9e8d4d131e33 (type: ports) to 1
2026-07-15 06:11:20.719 9 WARNING neutron.scheduler.dhcp_agent_scheduler [None req-c8a87e3a-6939-4066-9fef-6f4e7f8985e3 304465c7cc13477c9c570ecbd0310451 4e0cedaba38542d780dffbf05cff9730 - - - -] No more DHCP agents
2026-07-15 06:11:20.722 9 INFO neutron.wsgi [None req-4a95fc74-b38c-4201-bf09-28a1692865de d0ab281c4de8476c995e75d2f1fcc846 520ef80383f6400e9b9955ff7a851e44 - - - -] 10.0.0.166 "POST /v2.0/subnets HTTP/1.1" status: 201 len: 804 time: 1.2674863
2026-07-15 06:11:20.727 9 WARNING neutron.api.rpc.agentnotifiers.dhcp_rpc_agent_api [None req-c8a87e3a-6939-4066-9fef-6f4e7f8985e3 304465c7cc13477c9c570ecbd0310451 4e0cedaba38542d780dffbf05cff9730 - - - -] Unable to schedule network ea3495c5-784f-4a7b-8de7-e3d445c6c310: no agents available; will retry on subsequent port and subnet creation events. /var/lib/openstack/lib/python3.10/site-packages/pycadf/identifier.py:71: UserWarning: Invalid uuid: neutron. To ensure interoperability, identifiers should be a valid uuid. warnings.warn(('Invalid uuid: %s. To ensure interoperability, '
2026-07-15 06:11:20.750 9 INFO neutron.wsgi [None req-2d35ca19-cce8-4477-ba2c-d70146a25411 3b876ed0f50a4a5083502263e0568722 1e6cee2a595a41a690d3d2ee1d5208ff - - - -] 10.0.0.166 "POST /v2.0/networks HTTP/1.1" status: 201 len: 849 time: 1.2580869
2026-07-15 06:11:20.753 10 INFO neutron.wsgi [None req-24c80223-8f8f-4de8-8f01-36e57d60d7d6 89ea2f1718ab4dafaa9e6f824cbe29cd 97c8bcb91c8e4c608c7425d4cfc205a9 - - - -] 10.0.0.166 "DELETE /v2.0/routers/9cd88bd2-333f-4115-b822-63b7c801635c HTTP/1.1" status: 204 len: 168 time: 0.2272375
2026-07-15 06:11:20.802 9 INFO neutron.db.ovn_revision_numbers_db [None req-c8a87e3a-6939-4066-9fef-6f4e7f8985e3 304465c7cc13477c9c570ecbd0310451 4e0cedaba38542d780dffbf05cff9730 - - - -] Successfully bumped revision number for resource 1a067fba-22be-49ed-9ec9-85a134f507b0 (type: ports) to 1
2026-07-15 06:11:20.825 9 INFO neutron.wsgi [None req-c8a87e3a-6939-4066-9fef-6f4e7f8985e3 304465c7cc13477c9c570ecbd0310451 4e0cedaba38542d780dffbf05cff9730 - - - -] 10.0.0.166 "POST /v2.0/ports HTTP/1.1" status: 201 len: 942 time: 0.4925547
2026-07-15 06:11:20.828 9 INFO neutron.db.segments_db [None req-7e1f3a43-573c-4111-a276-44b20e27e0b3 d0ab281c4de8476c995e75d2f1fcc846 520ef80383f6400e9b9955ff7a851e44 - - - -] Added segment 099ce2ef-9e50-4c23-87f4-51cc5ea91b66 of type geneve for network 91ab3ad1-fef1-4012-ab5d-748866a4c74f
2026-07-15 06:11:20.926 9 INFO neutron.db.segments_db [None req-a8d8bfe3-38be-49a0-b707-6e28db65d2d1 304465c7cc13477c9c570ecbd0310451 4e0cedaba38542d780dffbf05cff9730 - - - -] Added segment f72ff1df-d7c4-4174-ab98-568f87555345 of type geneve for network 084ac5aa-0cfb-4a9a-9315-7b11d7135db1
2026-07-15 06:11:21.003 9 INFO neutron.db.ovn_revision_numbers_db [None req-7e1f3a43-573c-4111-a276-44b20e27e0b3 d0ab281c4de8476c995e75d2f1fcc846 520ef80383f6400e9b9955ff7a851e44 - - - -] Successfully bumped revision number for resource 91ab3ad1-fef1-4012-ab5d-748866a4c74f (type: networks) to 1
2026-07-15 06:11:21.004 10 WARNING neutron.scheduler.dhcp_agent_scheduler [None req-3a645eb9-3405-4ffd-b2fc-d511353bb17e 3b876ed0f50a4a5083502263e0568722 1e6cee2a595a41a690d3d2ee1d5208ff - - - -] No more DHCP agents
2026-07-15 06:11:21.005 10 WARNING neutron.api.rpc.agentnotifiers.dhcp_rpc_agent_api [None req-3a645eb9-3405-4ffd-b2fc-d511353bb17e 3b876ed0f50a4a5083502263e0568722 1e6cee2a595a41a690d3d2ee1d5208ff - - - -] Unable to schedule network dfd0243a-b480-47e6-aa62-2eb630870668: no agents available; will retry on subsequent port and subnet creation events.
2026-07-15 06:11:21.016 10 INFO neutron.db.ovn_revision_numbers_db [None req-3a645eb9-3405-4ffd-b2fc-d511353bb17e 3b876ed0f50a4a5083502263e0568722 1e6cee2a595a41a690d3d2ee1d5208ff - - - -] Successfully bumped revision number for resource d15437f1-3d0f-4722-b75e-65f37a41b30c (type: subnets) to 0
2026-07-15 06:11:21.030 10 INFO neutron.wsgi [None req-3a645eb9-3405-4ffd-b2fc-d511353bb17e 3b876ed0f50a4a5083502263e0568722 1e6cee2a595a41a690d3d2ee1d5208ff - - - -] 10.0.0.166 "POST /v2.0/subnets HTTP/1.1" status: 201 len: 802 time: 0.2736588
2026-07-15 06:11:21.106 9 INFO neutron.db.ovn_revision_numbers_db [None req-a8d8bfe3-38be-49a0-b707-6e28db65d2d1 304465c7cc13477c9c570ecbd0310451 4e0cedaba38542d780dffbf05cff9730 - - - -] Successfully bumped revision number for resource 084ac5aa-0cfb-4a9a-9315-7b11d7135db1 (type: networks) to 1
2026-07-15 06:11:21.255 9 WARNING neutron.scheduler.dhcp_agent_scheduler [None req-7e1f3a43-573c-4111-a276-44b20e27e0b3 d0ab281c4de8476c995e75d2f1fcc846 520ef80383f6400e9b9955ff7a851e44 - - - -] No more DHCP agents
2026-07-15 06:11:21.261 9 WARNING neutron.api.rpc.agentnotifiers.dhcp_rpc_agent_api [None req-7e1f3a43-573c-4111-a276-44b20e27e0b3 d0ab281c4de8476c995e75d2f1fcc846 520ef80383f6400e9b9955ff7a851e44 - - - -] Unable to schedule network 91ab3ad1-fef1-4012-ab5d-748866a4c74f: no agents available; will retry on subsequent port and subnet creation events.
2026-07-15 06:11:21.346 9 INFO neutron.db.ovn_revision_numbers_db [None req-7e1f3a43-573c-4111-a276-44b20e27e0b3 d0ab281c4de8476c995e75d2f1fcc846 520ef80383f6400e9b9955ff7a851e44 - - - -] Successfully bumped revision number for resource ba66189b-b0c5-4034-be0c-94bc2dcc4bf3 (type: ports) to 1
2026-07-15 06:11:21.362 9 WARNING neutron.scheduler.dhcp_agent_scheduler [None req-a8d8bfe3-38be-49a0-b707-6e28db65d2d1 304465c7cc13477c9c570ecbd0310451 4e0cedaba38542d780dffbf05cff9730 - - - -] No more DHCP agents
2026-07-15 06:11:21.365 9 WARNING neutron.api.rpc.agentnotifiers.dhcp_rpc_agent_api [None req-a8d8bfe3-38be-49a0-b707-6e28db65d2d1 304465c7cc13477c9c570ecbd0310451 4e0cedaba38542d780dffbf05cff9730 - - - -] Unable to schedule network 084ac5aa-0cfb-4a9a-9315-7b11d7135db1: no agents available; will retry on subsequent port and subnet creation events.
2026-07-15 06:11:21.376 9 INFO neutron.wsgi [None req-7e1f3a43-573c-4111-a276-44b20e27e0b3 d0ab281c4de8476c995e75d2f1fcc846 520ef80383f6400e9b9955ff7a851e44 - - - -] 10.0.0.166 "POST /v2.0/networks HTTP/1.1" status: 201 len: 831 time: 0.6491227
2026-07-15 06:11:21.433 9 INFO neutron.db.ovn_revision_numbers_db [None req-a8d8bfe3-38be-49a0-b707-6e28db65d2d1 304465c7cc13477c9c570ecbd0310451 4e0cedaba38542d780dffbf05cff9730 - - - -] Successfully bumped revision number for resource 67af620c-5f29-48e6-bf98-603b62d12f17 (type: ports) to 1
2026-07-15 06:11:21.462 9 INFO neutron.wsgi [None req-a8d8bfe3-38be-49a0-b707-6e28db65d2d1 304465c7cc13477c9c570ecbd0310451 4e0cedaba38542d780dffbf05cff9730 - - - -] 10.0.0.166 "POST /v2.0/networks HTTP/1.1" status: 201 len: 831 time: 0.6322958
2026-07-15 06:11:21.570 10 WARNING neutron.scheduler.dhcp_agent_scheduler [None req-fd3eb4f7-1ec3-4632-b8bf-f4e00fc927d2 3b876ed0f50a4a5083502263e0568722 1e6cee2a595a41a690d3d2ee1d5208ff - - - -] No more DHCP agents
2026-07-15 06:11:21.573 10 WARNING neutron.api.rpc.agentnotifiers.dhcp_rpc_agent_api [None req-fd3eb4f7-1ec3-4632-b8bf-f4e00fc927d2 3b876ed0f50a4a5083502263e0568722 1e6cee2a595a41a690d3d2ee1d5208ff - - - -] Unable to schedule network b3058ac8-f6ab-4ab6-923b-56edb0747af6: no agents available; will retry on subsequent port and subnet creation events.
2026-07-15 06:11:21.641 9 INFO neutron.db.ovn_revision_numbers_db [None req-5bce0818-8eec-43e0-b87f-cb352f1a9d49 bc890da7b1e045df99b7fb40a936d507 524d02558d484f44874de52b6ff81980 - - default default] Successfully bumped revision number for resource aefa5ad1-24ac-475f-8380-98ea1e08c1c7 (type: security_groups) to 1
2026-07-15 06:11:21.670 9 INFO neutron.wsgi [None req-5bce0818-8eec-43e0-b87f-cb352f1a9d49 bc890da7b1e045df99b7fb40a936d507 524d02558d484f44874de52b6ff81980 - - default default] 10.0.0.166 "GET /v2.0/security-groups?tenant_id=c26989c25778446dbead52aadcec79ab&name=default HTTP/1.1" status: 200 len: 2996 time: 0.2554772 /var/lib/openstack/lib/python3.10/site-packages/pycadf/identifier.py:71: UserWarning: Invalid uuid: neutron. To ensure interoperability, identifiers should be a valid uuid. warnings.warn(('Invalid uuid: %s. To ensure interoperability, '
2026-07-15 06:11:21.699 10 WARNING neutron.scheduler.dhcp_agent_scheduler [None req-3fab1aae-788c-4336-9fa2-527067913405 d0ab281c4de8476c995e75d2f1fcc846 520ef80383f6400e9b9955ff7a851e44 - - - -] No more DHCP agents
2026-07-15 06:11:21.703 10 WARNING neutron.api.rpc.agentnotifiers.dhcp_rpc_agent_api [None req-3fab1aae-788c-4336-9fa2-527067913405 d0ab281c4de8476c995e75d2f1fcc846 520ef80383f6400e9b9955ff7a851e44 - - - -] Unable to schedule network 91ab3ad1-fef1-4012-ab5d-748866a4c74f: no agents available; will retry on subsequent port and subnet creation events.
2026-07-15 06:11:21.715 9 WARNING neutron.scheduler.dhcp_agent_scheduler [None req-7de10fbf-62a0-43b3-a1e7-6c3f1d120074 304465c7cc13477c9c570ecbd0310451 4e0cedaba38542d780dffbf05cff9730 - - - -] No more DHCP agents
2026-07-15 06:11:21.718 9 WARNING neutron.api.rpc.agentnotifiers.dhcp_rpc_agent_api [None req-7de10fbf-62a0-43b3-a1e7-6c3f1d120074 304465c7cc13477c9c570ecbd0310451 4e0cedaba38542d780dffbf05cff9730 - - - -] Unable to schedule network 084ac5aa-0cfb-4a9a-9315-7b11d7135db1: no agents available; will retry on subsequent port and subnet creation events.
2026-07-15 06:11:21.744 10 INFO neutron.db.ovn_revision_numbers_db [None req-fd3eb4f7-1ec3-4632-b8bf-f4e00fc927d2 3b876ed0f50a4a5083502263e0568722 1e6cee2a595a41a690d3d2ee1d5208ff - - - -] Successfully bumped revision number for resource 0d1e0cdd-2fe6-49bc-8718-3c34f5e425d3 (type: ports) to 1
2026-07-15 06:11:21.790 9 INFO neutron.db.ovn_revision_numbers_db [None req-7de10fbf-62a0-43b3-a1e7-6c3f1d120074 304465c7cc13477c9c570ecbd0310451 4e0cedaba38542d780dffbf05cff9730 - - - -] Successfully bumped revision number for resource a90826c5-6c24-42e8-8226-9976a9ff14e8 (type: ports) to 1
2026-07-15 06:11:21.814 9 INFO neutron.wsgi [None req-7de10fbf-62a0-43b3-a1e7-6c3f1d120074 304465c7cc13477c9c570ecbd0310451 4e0cedaba38542d780dffbf05cff9730 - - - -] 10.0.0.166 "POST /v2.0/ports HTTP/1.1" status: 201 len: 942 time: 0.3480361 /var/lib/openstack/lib/python3.10/site-packages/pycadf/identifier.py:71: UserWarning: Invalid uuid: neutron. To ensure interoperability, identifiers should be a valid uuid. warnings.warn(('Invalid uuid: %s. To ensure interoperability, '
2026-07-15 06:11:21.892 9 INFO neutron.wsgi [None req-9c90a2bb-efd9-4f1d-b335-2ff89343fbe2 bc890da7b1e045df99b7fb40a936d507 524d02558d484f44874de52b6ff81980 - - - -] 10.0.0.166 "DELETE /v2.0/security-groups/aefa5ad1-24ac-475f-8380-98ea1e08c1c7 HTTP/1.1" status: 204 len: 168 time: 0.2164569
2026-07-15 06:11:21.924 9 INFO neutron.db.segments_db [None req-fb0719fd-de36-45d6-9e95-8d4e5fe5943c 304465c7cc13477c9c570ecbd0310451 4e0cedaba38542d780dffbf05cff9730 - - - -] Added segment 6ada9686-9b9d-43e8-bb5d-8bdedfa06e79 of type geneve for network 4064a77a-10a6-43bc-9901-3bfc747abdda
2026-07-15 06:11:22.069 9 INFO neutron.db.ovn_revision_numbers_db [None req-fb0719fd-de36-45d6-9e95-8d4e5fe5943c 304465c7cc13477c9c570ecbd0310451 4e0cedaba38542d780dffbf05cff9730 - - - -] Successfully bumped revision number for resource 4064a77a-10a6-43bc-9901-3bfc747abdda (type: networks) to 1
2026-07-15 06:11:22.199 9 INFO neutron.db.ovn_revision_numbers_db [None req-91f089a4-0ecf-4692-8f42-8db76f2e07bf bc890da7b1e045df99b7fb40a936d507 524d02558d484f44874de52b6ff81980 - - default default] Successfully bumped revision number for resource f0882cf9-cacd-4966-a1e2-148728b69ade (type: security_groups) to 1
2026-07-15 06:11:22.230 9 INFO neutron.wsgi [None req-91f089a4-0ecf-4692-8f42-8db76f2e07bf bc890da7b1e045df99b7fb40a936d507 524d02558d484f44874de52b6ff81980 - - default default] 10.0.0.166 "GET /v2.0/security-groups?tenant_id=97c8bcb91c8e4c608c7425d4cfc205a9&name=default HTTP/1.1" status: 200 len: 2996 time: 0.2005858
2026-07-15 06:11:22.268 9 WARNING neutron.scheduler.dhcp_agent_scheduler [None req-fb0719fd-de36-45d6-9e95-8d4e5fe5943c 304465c7cc13477c9c570ecbd0310451 4e0cedaba38542d780dffbf05cff9730 - - - -] No more DHCP agents
2026-07-15 06:11:22.270 9 WARNING neutron.api.rpc.agentnotifiers.dhcp_rpc_agent_api [None req-fb0719fd-de36-45d6-9e95-8d4e5fe5943c 304465c7cc13477c9c570ecbd0310451 4e0cedaba38542d780dffbf05cff9730 - - - -] Unable to schedule network 4064a77a-10a6-43bc-9901-3bfc747abdda: no agents available; will retry on subsequent port and subnet creation events.
2026-07-15 06:11:22.334 9 INFO neutron.db.ovn_revision_numbers_db [None req-fb0719fd-de36-45d6-9e95-8d4e5fe5943c 304465c7cc13477c9c570ecbd0310451 4e0cedaba38542d780dffbf05cff9730 - - - -] Successfully bumped revision number for resource 47615d18-5198-492e-a734-6a505e99a6f2 (type: ports) to 1
2026-07-15 06:11:22.355 9 INFO neutron.wsgi [None req-fb0719fd-de36-45d6-9e95-8d4e5fe5943c 304465c7cc13477c9c570ecbd0310451 4e0cedaba38542d780dffbf05cff9730 - - - -] 10.0.0.166 "POST /v2.0/networks HTTP/1.1" status: 201 len: 831 time: 0.5345352
2026-07-15 06:11:22.586 9 WARNING neutron.scheduler.dhcp_agent_scheduler [None req-042db1fd-4000-4832-8960-78e9871a33cd 304465c7cc13477c9c570ecbd0310451 4e0cedaba38542d780dffbf05cff9730 - - - -] No more DHCP agents
2026-07-15 06:11:22.587 9 WARNING neutron.api.rpc.agentnotifiers.dhcp_rpc_agent_api [None req-042db1fd-4000-4832-8960-78e9871a33cd 304465c7cc13477c9c570ecbd0310451 4e0cedaba38542d780dffbf05cff9730 - - - -] Unable to schedule network 4064a77a-10a6-43bc-9901-3bfc747abdda: no agents available; will retry on subsequent port and subnet creation events.
2026-07-15 06:11:22.668 9 INFO neutron.db.ovn_revision_numbers_db [None req-042db1fd-4000-4832-8960-78e9871a33cd 304465c7cc13477c9c570ecbd0310451 4e0cedaba38542d780dffbf05cff9730 - - - -] Successfully bumped revision number for resource f5f381ba-0983-4664-9126-6484b0b6d39d (type: ports) to 1
2026-07-15 06:11:22.688 9 INFO neutron.wsgi [None req-042db1fd-4000-4832-8960-78e9871a33cd 304465c7cc13477c9c570ecbd0310451 4e0cedaba38542d780dffbf05cff9730 - - - -] 10.0.0.166 "POST /v2.0/ports HTTP/1.1" status: 201 len: 942 time: 0.3274827 /var/lib/openstack/lib/python3.10/site-packages/pycadf/identifier.py:71: UserWarning: Invalid uuid: neutron. To ensure interoperability, identifiers should be a valid uuid. warnings.warn(('Invalid uuid: %s. To ensure interoperability, '
2026-07-15 06:11:22.771 9 INFO neutron.db.segments_db [None req-1cf2a9f6-6c10-4882-ac9f-e41ac0e41098 304465c7cc13477c9c570ecbd0310451 4e0cedaba38542d780dffbf05cff9730 - - - -] Added segment 14e65249-9060-4433-8adb-df0fdb058893 of type geneve for network 563e64ac-c004-4916-bf67-1eb995a95fd5
2026-07-15 06:11:22.772 10 INFO neutron.wsgi [None req-831b7b14-d9e9-4da1-a256-779a2a708845 bc890da7b1e045df99b7fb40a936d507 524d02558d484f44874de52b6ff81980 - - - -] 10.0.0.166 "DELETE /v2.0/security-groups/f0882cf9-cacd-4966-a1e2-148728b69ade HTTP/1.1" status: 204 len: 168 time: 0.5347002
2026-07-15 06:11:22.782 10 INFO neutron.db.ovn_revision_numbers_db [None req-3fab1aae-788c-4336-9fa2-527067913405 d0ab281c4de8476c995e75d2f1fcc846 520ef80383f6400e9b9955ff7a851e44 - - - -] Successfully bumped revision number for resource ba66189b-b0c5-4034-be0c-94bc2dcc4bf3 (type: ports) to 2
2026-07-15 06:11:22.805 10 INFO neutron.db.ovn_revision_numbers_db [None req-3fab1aae-788c-4336-9fa2-527067913405 d0ab281c4de8476c995e75d2f1fcc846 520ef80383f6400e9b9955ff7a851e44 - - - -] Successfully bumped revision number for resource a7636da5-0453-4b50-ab67-a8ef81591721 (type: subnets) to 0
2026-07-15 06:11:22.828 10 INFO neutron.wsgi [None req-3fab1aae-788c-4336-9fa2-527067913405 d0ab281c4de8476c995e75d2f1fcc846 520ef80383f6400e9b9955ff7a851e44 - - - -] 10.0.0.166 "POST /v2.0/subnets HTTP/1.1" status: 201 len: 804 time: 1.4457302
2026-07-15 06:11:22.890 10 INFO neutron.plugins.ml2.drivers.ovn.mech_driver.mech_driver [None req-bceb5e37-e2e9-4c25-b4a6-b028aa7fbee5 - - - - - -] OVN reports status up for port: 0d1e0cdd-2fe6-49bc-8718-3c34f5e425d3
2026-07-15 06:11:22.902 10 INFO neutron.db.ovn_revision_numbers_db [None req-fd3eb4f7-1ec3-4632-b8bf-f4e00fc927d2 3b876ed0f50a4a5083502263e0568722 1e6cee2a595a41a690d3d2ee1d5208ff - - - -] Successfully bumped revision number for resource 0d1e0cdd-2fe6-49bc-8718-3c34f5e425d3 (type: router_ports) to 1
2026-07-15 06:11:22.935 9 INFO neutron.wsgi [None req-03dca87d-4897-4466-ab73-26e578aba73d d0ab281c4de8476c995e75d2f1fcc846 520ef80383f6400e9b9955ff7a851e44 - - - -] 10.0.0.166 "PUT /v2.0/subnets/ee3bc4b3-1f35-45b4-b719-c145e2f3dc96/tags HTTP/1.1" status: 200 len: 210 time: 0.0924754
2026-07-15 06:11:22.938 9 INFO neutron.db.ovn_revision_numbers_db [None req-1cf2a9f6-6c10-4882-ac9f-e41ac0e41098 304465c7cc13477c9c570ecbd0310451 4e0cedaba38542d780dffbf05cff9730 - - - -] Successfully bumped revision number for resource 563e64ac-c004-4916-bf67-1eb995a95fd5 (type: networks) to 1
2026-07-15 06:11:22.939 10 INFO neutron.plugins.ml2.plugin [None req-bceb5e37-e2e9-4c25-b4a6-b028aa7fbee5 - - - - - -] Attempt 1 to provision port 0d1e0cdd-2fe6-49bc-8718-3c34f5e425d3
2026-07-15 06:11:23.033 10 INFO neutron.wsgi [None req-8057b4ac-6b7d-4337-956c-c27b385c1706 d0ab281c4de8476c995e75d2f1fcc846 520ef80383f6400e9b9955ff7a851e44 - - - -] 10.0.0.166 "PUT /v2.0/subnets/6b708778-5404-40c6-be01-5a78de9a9a84/tags HTTP/1.1" status: 200 len: 218 time: 0.0926464
2026-07-15 06:11:23.034 10 INFO neutron.db.ovn_revision_numbers_db [None req-fd3eb4f7-1ec3-4632-b8bf-f4e00fc927d2 3b876ed0f50a4a5083502263e0568722 1e6cee2a595a41a690d3d2ee1d5208ff - - - -] Successfully bumped revision number for resource d2425278-3d0a-4e8e-a5ed-6ce3eef03f5d (type: routers) to 3
2026-07-15 06:11:23.061 10 INFO neutron.wsgi [None req-fd3eb4f7-1ec3-4632-b8bf-f4e00fc927d2 3b876ed0f50a4a5083502263e0568722 1e6cee2a595a41a690d3d2ee1d5208ff - - - -] 10.0.0.166 "POST /v2.0/routers HTTP/1.1" status: 201 len: 874 time: 2.0274127
2026-07-15 06:11:23.095 9 INFO neutron.wsgi [None req-9b3e366b-d723-4390-8286-0529dc64fb8c d0ab281c4de8476c995e75d2f1fcc846 520ef80383f6400e9b9955ff7a851e44 - - - -] 10.0.0.166 "PUT /v2.0/subnets/8395e180-222d-49e5-b574-63289bc78e5e/tags HTTP/1.1" status: 200 len: 227 time: 0.0496428
2026-07-15 06:11:23.131 9 WARNING neutron.scheduler.dhcp_agent_scheduler [None req-1cf2a9f6-6c10-4882-ac9f-e41ac0e41098 304465c7cc13477c9c570ecbd0310451 4e0cedaba38542d780dffbf05cff9730 - - - -] No more DHCP agents
2026-07-15 06:11:23.134 9 WARNING neutron.api.rpc.agentnotifiers.dhcp_rpc_agent_api [None req-1cf2a9f6-6c10-4882-ac9f-e41ac0e41098 304465c7cc13477c9c570ecbd0310451 4e0cedaba38542d780dffbf05cff9730 - - - -] Unable to schedule network 563e64ac-c004-4916-bf67-1eb995a95fd5: no agents available; will retry on subsequent port and subnet creation events.
2026-07-15 06:11:23.405 9 INFO neutron.wsgi [None req-89449fd4-b906-4252-bd2e-241b8e26a893 d0ab281c4de8476c995e75d2f1fcc846 520ef80383f6400e9b9955ff7a851e44 - - - -] 10.0.0.166 "PUT /v2.0/subnets/58dfd6cc-e820-439f-a4c2-fb7f52f224e9/tags HTTP/1.1" status: 200 len: 212 time: 0.3050041
2026-07-15 06:11:23.484 9 INFO neutron.wsgi [None req-82bcd528-e868-4084-ba77-d208cbc34362 d0ab281c4de8476c995e75d2f1fcc846 520ef80383f6400e9b9955ff7a851e44 - - default default] 10.0.0.166 "GET /v2.0/subnets?tags=red HTTP/1.1" status: 200 len: 2027 time: 0.0717611
2026-07-15 06:11:23.488 9 INFO neutron.db.ovn_revision_numbers_db [None req-1cf2a9f6-6c10-4882-ac9f-e41ac0e41098 304465c7cc13477c9c570ecbd0310451 4e0cedaba38542d780dffbf05cff9730 - - - -] Successfully bumped revision number for resource c476d1cf-9763-4b22-8d59-059eef8e91ce (type: ports) to 1
2026-07-15 06:11:23.538 9 INFO neutron.wsgi [None req-1cf2a9f6-6c10-4882-ac9f-e41ac0e41098 304465c7cc13477c9c570ecbd0310451 4e0cedaba38542d780dffbf05cff9730 - - - -] 10.0.0.166 "POST /v2.0/networks HTTP/1.1" status: 201 len: 830 time: 0.8458550
2026-07-15 06:11:23.567 9 INFO neutron.wsgi [None req-1f18c9d1-b298-4aeb-b977-6bee1153a786 d0ab281c4de8476c995e75d2f1fcc846 520ef80383f6400e9b9955ff7a851e44 - - default default] 10.0.0.166 "GET /v2.0/subnets?tags=red%2Cblue HTTP/1.1" status: 200 len: 1430 time: 0.0753741
2026-07-15 06:11:23.653 10 INFO neutron.wsgi [None req-777e6b38-aeb6-4166-ab75-fb3d333c4cc0 d0ab281c4de8476c995e75d2f1fcc846 520ef80383f6400e9b9955ff7a851e44 - - default default] 10.0.0.166 "GET /v2.0/subnets?tags-any=blue HTTP/1.1" status: 200 len: 1430 time: 0.0802612
2026-07-15 06:11:23.730 10 WARNING neutron.scheduler.dhcp_agent_scheduler [None req-9b8143af-0d3f-4a6a-97f5-73898e635c31 3b876ed0f50a4a5083502263e0568722 1e6cee2a595a41a690d3d2ee1d5208ff - - default default] No more DHCP agents
2026-07-15 06:11:23.732 10 WARNING neutron.api.rpc.agentnotifiers.dhcp_rpc_agent_api [None req-9b8143af-0d3f-4a6a-97f5-73898e635c31 3b876ed0f50a4a5083502263e0568722 1e6cee2a595a41a690d3d2ee1d5208ff - - default default] Unable to schedule network dfd0243a-b480-47e6-aa62-2eb630870668: no agents available; will retry on subsequent port and subnet creation events.
2026-07-15 06:11:23.733 9 INFO neutron.wsgi [None req-76933133-444d-48fa-91b9-edf840b32ca2 d0ab281c4de8476c995e75d2f1fcc846 520ef80383f6400e9b9955ff7a851e44 - - default default] 10.0.0.166 "GET /v2.0/subnets?tags-any=red%2Cblue HTTP/1.1" status: 200 len: 2027 time: 0.0752769
2026-07-15 06:11:23.827 9 INFO neutron.wsgi [None req-bf8cce4c-a2be-4fe0-b882-1bd3b5002b76 d0ab281c4de8476c995e75d2f1fcc846 520ef80383f6400e9b9955ff7a851e44 - - default default] 10.0.0.166 "GET /v2.0/subnets?not-tags=red HTTP/1.1" status: 200 len: 2018 time: 0.0893157
2026-07-15 06:11:23.917 10 INFO neutron.db.ovn_revision_numbers_db [None req-9b8143af-0d3f-4a6a-97f5-73898e635c31 3b876ed0f50a4a5083502263e0568722 1e6cee2a595a41a690d3d2ee1d5208ff - - default default] Successfully bumped revision number for resource 166c9e91-a3ac-4fc9-9839-d61d31b9101b (type: ports) to 1
2026-07-15 06:11:23.942 9 INFO neutron.wsgi [None req-ed596378-4388-454c-9ec0-fa2872c6703f d0ab281c4de8476c995e75d2f1fcc846 520ef80383f6400e9b9955ff7a851e44 - - default default] 10.0.0.166 "GET /v2.0/subnets?not-tags=red%2Cblue HTTP/1.1" status: 200 len: 2615 time: 0.1107006
2026-07-15 06:11:23.948 9 WARNING neutron.scheduler.dhcp_agent_scheduler [None req-75df66e7-23e1-4709-af49-f1227ab2e5fd 304465c7cc13477c9c570ecbd0310451 4e0cedaba38542d780dffbf05cff9730 - - - -] No more DHCP agents
2026-07-15 06:11:23.949 9 WARNING neutron.api.rpc.agentnotifiers.dhcp_rpc_agent_api [None req-75df66e7-23e1-4709-af49-f1227ab2e5fd 304465c7cc13477c9c570ecbd0310451 4e0cedaba38542d780dffbf05cff9730 - - - -] Unable to schedule network 563e64ac-c004-4916-bf67-1eb995a95fd5: no agents available; will retry on subsequent port and subnet creation events.
2026-07-15 06:11:24.023 9 INFO neutron.db.ovn_revision_numbers_db [None req-75df66e7-23e1-4709-af49-f1227ab2e5fd 304465c7cc13477c9c570ecbd0310451 4e0cedaba38542d780dffbf05cff9730 - - - -] Successfully bumped revision number for resource 36a056b8-fe51-416f-a025-9b591039b4d8 (type: ports) to 1
2026-07-15 06:11:24.035 10 INFO neutron.wsgi [None req-f317f206-91c3-4ea2-a764-01d1bafd9f02 d0ab281c4de8476c995e75d2f1fcc846 520ef80383f6400e9b9955ff7a851e44 - - default default] 10.0.0.166 "GET /v2.0/subnets?not-tags-any=blue HTTP/1.1" status: 200 len: 2615 time: 0.0866294
2026-07-15 06:11:24.051 9 INFO neutron.wsgi [None req-75df66e7-23e1-4709-af49-f1227ab2e5fd 304465c7cc13477c9c570ecbd0310451 4e0cedaba38542d780dffbf05cff9730 - - - -] 10.0.0.166 "POST /v2.0/ports HTTP/1.1" status: 201 len: 942 time: 0.5037076 /var/lib/openstack/lib/python3.10/site-packages/pycadf/identifier.py:71: UserWarning: Invalid uuid: neutron. To ensure interoperability, identifiers should be a valid uuid. warnings.warn(('Invalid uuid: %s. To ensure interoperability, '
2026-07-15 06:11:24.112 10 INFO neutron.wsgi [None req-85ee4c24-bf6d-4f1b-b1de-882037338cc5 d0ab281c4de8476c995e75d2f1fcc846 520ef80383f6400e9b9955ff7a851e44 - - default default] 10.0.0.166 "GET /v2.0/subnets?not-tags-any=red%2Cblue HTTP/1.1" status: 200 len: 2018 time: 0.0695796
2026-07-15 06:11:24.146 9 INFO neutron.db.segments_db [None req-6b07aa31-100c-4f13-a223-22724ccff16a 304465c7cc13477c9c570ecbd0310451 4e0cedaba38542d780dffbf05cff9730 - - - -] Added segment 14537f8f-0a8c-4c7a-987d-1be0bfcebd99 of type geneve for network 6255ce37-11ef-4d4f-a6b3-0872f64f540e
2026-07-15 06:11:24.288 9 INFO neutron.db.ovn_revision_numbers_db [None req-6b07aa31-100c-4f13-a223-22724ccff16a 304465c7cc13477c9c570ecbd0310451 4e0cedaba38542d780dffbf05cff9730 - - - -] Successfully bumped revision number for resource 6255ce37-11ef-4d4f-a6b3-0872f64f540e (type: networks) to 1
2026-07-15 06:11:24.475 9 WARNING neutron.scheduler.dhcp_agent_scheduler [None req-6b07aa31-100c-4f13-a223-22724ccff16a 304465c7cc13477c9c570ecbd0310451 4e0cedaba38542d780dffbf05cff9730 - - - -] No more DHCP agents
2026-07-15 06:11:24.477 9 WARNING neutron.api.rpc.agentnotifiers.dhcp_rpc_agent_api [None req-6b07aa31-100c-4f13-a223-22724ccff16a 304465c7cc13477c9c570ecbd0310451 4e0cedaba38542d780dffbf05cff9730 - - - -] Unable to schedule network 6255ce37-11ef-4d4f-a6b3-0872f64f540e: no agents available; will retry on subsequent port and subnet creation events.
2026-07-15 06:11:24.537 9 INFO neutron.db.ovn_revision_numbers_db [None req-6b07aa31-100c-4f13-a223-22724ccff16a 304465c7cc13477c9c570ecbd0310451 4e0cedaba38542d780dffbf05cff9730 - - - -] Successfully bumped revision number for resource 95d5894a-1eb5-432f-84da-963d34fb5045 (type: ports) to 1
2026-07-15 06:11:24.558 9 INFO neutron.wsgi [None req-6b07aa31-100c-4f13-a223-22724ccff16a 304465c7cc13477c9c570ecbd0310451 4e0cedaba38542d780dffbf05cff9730 - - - -] 10.0.0.166 "POST /v2.0/networks HTTP/1.1" status: 201 len: 830 time: 0.5029061
2026-07-15 06:11:24.756 10 INFO neutron.wsgi [None req-973ee3ec-e5aa-4df4-9b14-6d52ca158228 d0ab281c4de8476c995e75d2f1fcc846 520ef80383f6400e9b9955ff7a851e44 - - - -] 10.0.0.166 "DELETE /v2.0/subnets/ee3bc4b3-1f35-45b4-b719-c145e2f3dc96 HTTP/1.1" status: 204 len: 168 time: 0.6386011
2026-07-15 06:11:24.822 9 WARNING neutron.scheduler.dhcp_agent_scheduler [None req-9202cd0d-3cbf-4918-a54b-0b9856042172 304465c7cc13477c9c570ecbd0310451 4e0cedaba38542d780dffbf05cff9730 - - - -] No more DHCP agents
2026-07-15 06:11:24.825 9 WARNING neutron.api.rpc.agentnotifiers.dhcp_rpc_agent_api [None req-9202cd0d-3cbf-4918-a54b-0b9856042172 304465c7cc13477c9c570ecbd0310451 4e0cedaba38542d780dffbf05cff9730 - - - -] Unable to schedule network 6255ce37-11ef-4d4f-a6b3-0872f64f540e: no agents available; will retry on subsequent port and subnet creation events.
2026-07-15 06:11:24.913 9 INFO neutron.db.ovn_revision_numbers_db [None req-9202cd0d-3cbf-4918-a54b-0b9856042172 304465c7cc13477c9c570ecbd0310451 4e0cedaba38542d780dffbf05cff9730 - - - -] Successfully bumped revision number for resource 2c1a7929-a4a7-43d6-be54-785cb15fc548 (type: ports) to 1
2026-07-15 06:11:24.917 9 INFO neutron.plugins.ml2.drivers.ovn.mech_driver.mech_driver [None req-9636f075-5c4a-4bff-ae5a-d3208eaaedf0 - - - - - -] OVN reports status up for port: 166c9e91-a3ac-4fc9-9839-d61d31b9101b
2026-07-15 06:11:24.924 10 INFO neutron.db.ovn_revision_numbers_db [None req-9b8143af-0d3f-4a6a-97f5-73898e635c31 3b876ed0f50a4a5083502263e0568722 1e6cee2a595a41a690d3d2ee1d5208ff - - default default] Successfully bumped revision number for resource 166c9e91-a3ac-4fc9-9839-d61d31b9101b (type: router_ports) to 2
2026-07-15 06:11:24.937 9 INFO neutron.plugins.ml2.plugin [None req-9636f075-5c4a-4bff-ae5a-d3208eaaedf0 - - - - - -] Attempt 1 to provision port 166c9e91-a3ac-4fc9-9839-d61d31b9101b
2026-07-15 06:11:24.962 9 INFO neutron.wsgi [None req-9202cd0d-3cbf-4918-a54b-0b9856042172 304465c7cc13477c9c570ecbd0310451 4e0cedaba38542d780dffbf05cff9730 - - - -] 10.0.0.166 "POST /v2.0/ports HTTP/1.1" status: 201 len: 942 time: 0.3969240
2026-07-15 06:11:25.032 9 INFO neutron.wsgi [None req-4c5d59fa-ef15-42fc-8680-3483c6d2f665 d0ab281c4de8476c995e75d2f1fcc846 520ef80383f6400e9b9955ff7a851e44 - - - -] 10.0.0.166 "DELETE /v2.0/subnets/6b708778-5404-40c6-be01-5a78de9a9a84 HTTP/1.1" status: 204 len: 168 time: 0.2703798
2026-07-15 06:11:25.040 10 INFO neutron.wsgi [None req-eb91f839-9da2-4c24-b572-e600a0f4cf0e 304465c7cc13477c9c570ecbd0310451 4e0cedaba38542d780dffbf05cff9730 - - - -] 10.0.0.166 "PUT /v2.0/ports/1a067fba-22be-49ed-9ec9-85a134f507b0/tags HTTP/1.1" status: 200 len: 210 time: 0.0689816 /var/lib/openstack/lib/python3.10/site-packages/pycadf/identifier.py:71: UserWarning: Invalid uuid: neutron. To ensure interoperability, identifiers should be a valid uuid. warnings.warn(('Invalid uuid: %s. To ensure interoperability, '
2026-07-15 06:11:25.094 9 INFO neutron.wsgi [None req-2ba7538e-3bd8-4a5c-82f8-2b1f20071227 304465c7cc13477c9c570ecbd0310451 4e0cedaba38542d780dffbf05cff9730 - - - -] 10.0.0.166 "PUT /v2.0/ports/a90826c5-6c24-42e8-8226-9976a9ff14e8/tags HTTP/1.1" status: 200 len: 218 time: 0.0476606
2026-07-15 06:11:25.144 10 INFO neutron.db.ovn_revision_numbers_db [None req-9b8143af-0d3f-4a6a-97f5-73898e635c31 3b876ed0f50a4a5083502263e0568722 1e6cee2a595a41a690d3d2ee1d5208ff - - default default] Successfully bumped revision number for resource 166c9e91-a3ac-4fc9-9839-d61d31b9101b (type: ports) to 2
2026-07-15 06:11:25.170 9 INFO neutron.wsgi [None req-41567933-4895-4da1-8323-e7ca52ef08b1 304465c7cc13477c9c570ecbd0310451 4e0cedaba38542d780dffbf05cff9730 - - - -] 10.0.0.166 "PUT /v2.0/ports/f5f381ba-0983-4664-9126-6484b0b6d39d/tags HTTP/1.1" status: 200 len: 227 time: 0.0694785
2026-07-15 06:11:25.239 10 WARNING neutron.scheduler.dhcp_agent_scheduler [None req-9b8143af-0d3f-4a6a-97f5-73898e635c31 3b876ed0f50a4a5083502263e0568722 1e6cee2a595a41a690d3d2ee1d5208ff - - default default] No more DHCP agents
2026-07-15 06:11:25.252 10 WARNING neutron.api.rpc.agentnotifiers.dhcp_rpc_agent_api [None req-9b8143af-0d3f-4a6a-97f5-73898e635c31 3b876ed0f50a4a5083502263e0568722 1e6cee2a595a41a690d3d2ee1d5208ff - - default default] Unable to schedule network dfd0243a-b480-47e6-aa62-2eb630870668: no agents available; will retry on subsequent port and subnet creation events.
2026-07-15 06:11:25.253 9 INFO neutron.db.ovn_revision_numbers_db [None req-9636f075-5c4a-4bff-ae5a-d3208eaaedf0 - - - - - -] Successfully bumped revision number for resource 166c9e91-a3ac-4fc9-9839-d61d31b9101b (type: ports) to 3
2026-07-15 06:11:25.257 9 INFO neutron.wsgi [None req-267c0c32-4e11-4199-8a4d-fa53831cd62a 304465c7cc13477c9c570ecbd0310451 4e0cedaba38542d780dffbf05cff9730 - - - -] 10.0.0.166 "PUT /v2.0/ports/36a056b8-fe51-416f-a025-9b591039b4d8/tags HTTP/1.1" status: 200 len: 212 time: 0.0828757
2026-07-15 06:11:25.328 10 INFO neutron.wsgi [None req-2ee829bb-0bbc-46d6-9b88-a661ccd5c1cb d0ab281c4de8476c995e75d2f1fcc846 520ef80383f6400e9b9955ff7a851e44 - - - -] 10.0.0.166 "DELETE /v2.0/subnets/8395e180-222d-49e5-b574-63289bc78e5e HTTP/1.1" status: 204 len: 168 time: 0.2867939
2026-07-15 06:11:25.438 9 INFO neutron.db.ovn_revision_numbers_db [None req-9636f075-5c4a-4bff-ae5a-d3208eaaedf0 - - - - - -] Successfully bumped revision number for resource 166c9e91-a3ac-4fc9-9839-d61d31b9101b (type: router_ports) to 3
2026-07-15 06:11:25.604 10 INFO neutron.wsgi [None req-4421d09d-5084-4824-a46e-707f8a9bb92c d0ab281c4de8476c995e75d2f1fcc846 520ef80383f6400e9b9955ff7a851e44 - - - -] 10.0.0.166 "DELETE /v2.0/subnets/58dfd6cc-e820-439f-a4c2-fb7f52f224e9 HTTP/1.1" status: 204 len: 168 time: 0.2710176
2026-07-15 06:11:25.693 10 INFO neutron.db.ovn_revision_numbers_db [None req-9b8143af-0d3f-4a6a-97f5-73898e635c31 3b876ed0f50a4a5083502263e0568722 1e6cee2a595a41a690d3d2ee1d5208ff - - - -] Successfully bumped revision number for resource 166c9e91-a3ac-4fc9-9839-d61d31b9101b (type: router_ports) to 3
2026-07-15 06:11:25.695 10 INFO neutron.wsgi [None req-9b8143af-0d3f-4a6a-97f5-73898e635c31 3b876ed0f50a4a5083502263e0568722 1e6cee2a595a41a690d3d2ee1d5208ff - - - -] 10.0.0.166 "PUT /v2.0/routers/d2425278-3d0a-4e8e-a5ed-6ce3eef03f5d/add_router_interface HTTP/1.1" status: 200 len: 503 time: 2.6284058
2026-07-15 06:11:25.759 9 INFO neutron.wsgi [None req-de3a993e-b50d-4288-8f8d-7fafbf595e10 304465c7cc13477c9c570ecbd0310451 4e0cedaba38542d780dffbf05cff9730 - - default default] 10.0.0.166 "GET /v2.0/ports?tags=red HTTP/1.1" status: 200 len: 2448 time: 0.4955966
2026-07-15 06:11:25.829 9 INFO neutron.wsgi [None req-206d800b-80c2-4fef-abd3-b8aa1c296e7b 304465c7cc13477c9c570ecbd0310451 4e0cedaba38542d780dffbf05cff9730 - - default default] 10.0.0.166 "GET /v2.0/ports?tags=red%2Cblue HTTP/1.1" status: 200 len: 1708 time: 0.0631499
2026-07-15 06:11:25.874 10 INFO neutron.wsgi [None req-dc9438b5-85ac-4f89-8018-fdab44cb1bfd d0ab281c4de8476c995e75d2f1fcc846 520ef80383f6400e9b9955ff7a851e44 - - - -] 10.0.0.166 "DELETE /v2.0/subnets/a7636da5-0453-4b50-ab67-a8ef81591721 HTTP/1.1" status: 204 len: 168 time: 0.2631299
2026-07-15 06:11:25.893 9 INFO neutron.wsgi [None req-9872ce53-f647-4654-98e1-12e57cf06368 304465c7cc13477c9c570ecbd0310451 4e0cedaba38542d780dffbf05cff9730 - - default default] 10.0.0.166 "GET /v2.0/ports?tags-any=blue HTTP/1.1" status: 200 len: 1708 time: 0.0567176
2026-07-15 06:11:26.232 9 INFO neutron.services.segments.plugin [-] Segment 4490a15c-d140-4bb0-8ce8-359b3cf11bf8 resource provider aggregate not found
2026-07-15 06:11:26.237 9 INFO neutron.services.segments.plugin [-] Segment 4490a15c-d140-4bb0-8ce8-359b3cf11bf8 resource provider aggregate not found
2026-07-15 06:11:26.255 9 INFO neutron.services.segments.plugin [-] Segment 4490a15c-d140-4bb0-8ce8-359b3cf11bf8 resource provider not found; error: Placement Client Error (4xx): {"errors": [{"status": 404, "title": "Not Found", "detail": "The resource could not be found.\n\n No resource provider with uuid 4490a15c-d140-4bb0-8ce8-359b3cf11bf8 found for delete ", "request_id": "req-9e68dc8b-ecf6-4525-a950-0e074747a9e5"}]}
2026-07-15 06:11:26.257 9 INFO neutron.services.segments.plugin [-] Segment 4490a15c-d140-4bb0-8ce8-359b3cf11bf8 resource provider not found; error: Placement Client Error (4xx): {"errors": [{"status": 404, "title": "Not Found", "detail": "The resource could not be found.\n\n No resource provider with uuid 4490a15c-d140-4bb0-8ce8-359b3cf11bf8 found for delete ", "request_id": "req-03d28fb2-6c0b-4ddf-b51e-606e2e889df8"}]}
2026-07-15 06:11:26.270 9 INFO neutron.wsgi [None req-8a9a22c6-4582-45c9-8c5f-9989284912cd d0ab281c4de8476c995e75d2f1fcc846 520ef80383f6400e9b9955ff7a851e44 - - - -] 10.0.0.166 "DELETE /v2.0/networks/a50fb6d4-fda5-46f8-8401-bf22f6d114fa HTTP/1.1" status: 204 len: 168 time: 0.3912644
2026-07-15 06:11:26.346 10 INFO neutron.wsgi [None req-ab534bec-d83b-4bd9-b876-3e5a1bfd0f44 304465c7cc13477c9c570ecbd0310451 4e0cedaba38542d780dffbf05cff9730 - - default default] 10.0.0.166 "GET /v2.0/ports?tags-any=red%2Cblue HTTP/1.1" status: 200 len: 2448 time: 0.4468002
2026-07-15 06:11:26.402 10 WARNING neutron.scheduler.dhcp_agent_scheduler [None req-f526c1ef-12fd-4e9d-ad0a-0f5064009b3a 3b876ed0f50a4a5083502263e0568722 1e6cee2a595a41a690d3d2ee1d5208ff - - - -] No more DHCP agents
2026-07-15 06:11:26.403 10 WARNING neutron.api.rpc.agentnotifiers.dhcp_rpc_agent_api [None req-f526c1ef-12fd-4e9d-ad0a-0f5064009b3a 3b876ed0f50a4a5083502263e0568722 1e6cee2a595a41a690d3d2ee1d5208ff - - - -] Unable to schedule network dfd0243a-b480-47e6-aa62-2eb630870668: no agents available; will retry on subsequent port and subnet creation events.
2026-07-15 06:11:26.537 10 INFO neutron.db.ovn_revision_numbers_db [None req-f526c1ef-12fd-4e9d-ad0a-0f5064009b3a 3b876ed0f50a4a5083502263e0568722 1e6cee2a595a41a690d3d2ee1d5208ff - - - -] Successfully bumped revision number for resource fe9aef5c-e90e-493b-a89c-c9a90c11b5cb (type: ports) to 1
2026-07-15 06:11:26.552 9 INFO neutron.wsgi [None req-5f68dd8c-a6d2-426b-9095-b1d29555fad8 304465c7cc13477c9c570ecbd0310451 4e0cedaba38542d780dffbf05cff9730 - - default default] 10.0.0.166 "GET /v2.0/ports?not-tags=red HTTP/1.1" status: 200 len: 5463 time: 0.1964009
2026-07-15 06:11:26.559 10 INFO neutron.wsgi [None req-f526c1ef-12fd-4e9d-ad0a-0f5064009b3a 3b876ed0f50a4a5083502263e0568722 1e6cee2a595a41a690d3d2ee1d5208ff - - - -] 10.0.0.166 "POST /v2.0/ports HTTP/1.1" status: 201 len: 1154 time: 0.8548014 /var/lib/openstack/lib/python3.10/site-packages/pycadf/identifier.py:71: UserWarning: Invalid uuid: neutron. To ensure interoperability, identifiers should be a valid uuid. warnings.warn(('Invalid uuid: %s. To ensure interoperability, '
2026-07-15 06:11:26.654 9 INFO neutron.db.ovn_revision_numbers_db [None req-f7be317c-234d-423b-83ab-b1de3002a9c5 7367ee65c01f4d67aba2880e37fb30ea b82ec64cfa3243939948bd7e0a78f8a0 - - - -] Successfully bumped revision number for resource 211aae2b-dc90-438e-b423-48c7af04c284 (type: security_groups) to 1
2026-07-15 06:11:26.715 9 INFO neutron.db.segments_db [None req-f7be317c-234d-423b-83ab-b1de3002a9c5 7367ee65c01f4d67aba2880e37fb30ea b82ec64cfa3243939948bd7e0a78f8a0 - - - -] Added segment 5e34615d-1a19-4122-806f-87ce8f24a4d3 of type geneve for network 920c1ba7-abfb-4841-bedc-5715fae1fdd3
2026-07-15 06:11:26.719 10 INFO neutron.wsgi [None req-558fb3b5-f977-4dd4-b574-eb6afc86fe17 304465c7cc13477c9c570ecbd0310451 4e0cedaba38542d780dffbf05cff9730 - - default default] 10.0.0.166 "GET /v2.0/ports?not-tags=red%2Cblue HTTP/1.1" status: 200 len: 6203 time: 0.1593363
2026-07-15 06:11:26.801 10 INFO neutron.wsgi [None req-a44daacc-6809-4a07-bed1-cf075a40c0f3 304465c7cc13477c9c570ecbd0310451 4e0cedaba38542d780dffbf05cff9730 - - default default] 10.0.0.166 "GET /v2.0/ports?not-tags-any=blue HTTP/1.1" status: 200 len: 6203 time: 0.0763137
2026-07-15 06:11:26.853 9 INFO neutron.wsgi [None req-25d01589-f4a3-44d5-9f63-9773a7e849b6 d0ab281c4de8476c995e75d2f1fcc846 520ef80383f6400e9b9955ff7a851e44 - - - -] 10.0.0.166 "DELETE /v2.0/networks/e0dbc33f-bcb0-4b87-a8e8-0bf7a17342a1 HTTP/1.1" status: 204 len: 168 time: 0.5758033
2026-07-15 06:11:26.859 10 INFO neutron.wsgi [None req-0db2e988-bd7d-42e1-88c3-61ef4ac8c719 304465c7cc13477c9c570ecbd0310451 4e0cedaba38542d780dffbf05cff9730 - - default default] 10.0.0.166 "GET /v2.0/ports?not-tags-any=red%2Cblue HTTP/1.1" status: 200 len: 5463 time: 0.0529487
2026-07-15 06:11:26.948 9 INFO neutron.db.ovn_revision_numbers_db [None req-f7be317c-234d-423b-83ab-b1de3002a9c5 7367ee65c01f4d67aba2880e37fb30ea b82ec64cfa3243939948bd7e0a78f8a0 - - - -] Successfully bumped revision number for resource 920c1ba7-abfb-4841-bedc-5715fae1fdd3 (type: networks) to 1
2026-07-15 06:11:27.131 10 INFO neutron.wsgi [None req-ddaa09d7-e331-48ef-a986-52ebb7afefcc 304465c7cc13477c9c570ecbd0310451 4e0cedaba38542d780dffbf05cff9730 - - - -] 10.0.0.166 "DELETE /v2.0/ports/1a067fba-22be-49ed-9ec9-85a134f507b0 HTTP/1.1" status: 204 len: 168 time: 0.2608716
2026-07-15 06:11:27.140 9 WARNING neutron.scheduler.dhcp_agent_scheduler [None req-25147b12-09ee-4aa0-957c-51b17bc9ecab 3b876ed0f50a4a5083502263e0568722 1e6cee2a595a41a690d3d2ee1d5208ff - - - -] No more DHCP agents
2026-07-15 06:11:27.146 9 WARNING neutron.api.rpc.agentnotifiers.dhcp_rpc_agent_api [None req-25147b12-09ee-4aa0-957c-51b17bc9ecab 3b876ed0f50a4a5083502263e0568722 1e6cee2a595a41a690d3d2ee1d5208ff - - - -] Unable to schedule network dfd0243a-b480-47e6-aa62-2eb630870668: no agents available; will retry on subsequent port and subnet creation events.
2026-07-15 06:11:27.252 9 WARNING neutron.scheduler.dhcp_agent_scheduler [None req-f7be317c-234d-423b-83ab-b1de3002a9c5 7367ee65c01f4d67aba2880e37fb30ea b82ec64cfa3243939948bd7e0a78f8a0 - - - -] No more DHCP agents
2026-07-15 06:11:27.255 9 WARNING neutron.api.rpc.agentnotifiers.dhcp_rpc_agent_api [None req-f7be317c-234d-423b-83ab-b1de3002a9c5 7367ee65c01f4d67aba2880e37fb30ea b82ec64cfa3243939948bd7e0a78f8a0 - - - -] Unable to schedule network 920c1ba7-abfb-4841-bedc-5715fae1fdd3: no agents available; will retry on subsequent port and subnet creation events.
2026-07-15 06:11:27.376 10 INFO neutron.wsgi [None req-d05f63fe-684d-4e61-9fe6-c5ac8a285fa6 304465c7cc13477c9c570ecbd0310451 4e0cedaba38542d780dffbf05cff9730 - - - -] 10.0.0.166 "DELETE /v2.0/ports/a90826c5-6c24-42e8-8226-9976a9ff14e8 HTTP/1.1" status: 204 len: 168 time: 0.2394586 /var/lib/openstack/lib/python3.10/site-packages/pycadf/identifier.py:71: UserWarning: Invalid uuid: neutron. To ensure interoperability, identifiers should be a valid uuid. warnings.warn(('Invalid uuid: %s. To ensure interoperability, '
2026-07-15 06:11:27.395 9 INFO neutron.db.ovn_revision_numbers_db [None req-f7be317c-234d-423b-83ab-b1de3002a9c5 7367ee65c01f4d67aba2880e37fb30ea b82ec64cfa3243939948bd7e0a78f8a0 - - - -] Successfully bumped revision number for resource bc81a6f5-d904-474e-b569-fd50c7483cb3 (type: ports) to 1
2026-07-15 06:11:27.428 9 INFO neutron.db.ovn_revision_numbers_db [None req-25147b12-09ee-4aa0-957c-51b17bc9ecab 3b876ed0f50a4a5083502263e0568722 1e6cee2a595a41a690d3d2ee1d5208ff - - - -] Successfully bumped revision number for resource 5a221be0-8a7a-4584-8b5d-109ffa29310a (type: ports) to 1
2026-07-15 06:11:27.447 9 INFO neutron.wsgi [None req-f7be317c-234d-423b-83ab-b1de3002a9c5 7367ee65c01f4d67aba2880e37fb30ea b82ec64cfa3243939948bd7e0a78f8a0 - - - -] 10.0.0.166 "POST /v2.0/networks HTTP/1.1" status: 201 len: 831 time: 1.2614565
2026-07-15 06:11:27.484 9 INFO neutron.wsgi [None req-25147b12-09ee-4aa0-957c-51b17bc9ecab 3b876ed0f50a4a5083502263e0568722 1e6cee2a595a41a690d3d2ee1d5208ff - - - -] 10.0.0.166 "POST /v2.0/ports HTTP/1.1" status: 201 len: 1153 time: 0.9197116
2026-07-15 06:11:27.525 9 INFO neutron.wsgi [None req-ce9d27e0-2809-4c22-aacb-1bab12d65c17 d0ab281c4de8476c995e75d2f1fcc846 520ef80383f6400e9b9955ff7a851e44 - - - -] 10.0.0.166 "DELETE /v2.0/networks/332bfca2-22fd-4d18-b2b4-a936849e567c HTTP/1.1" status: 204 len: 168 time: 0.6601708
