2026-07-15 06:11:46.984 8 INFO placement.requestlog [None req-ce56c740-2a17-4f50-8c9b-6cdc5ef2ee7d ecf185079cda43319eb868f783ee53ce cbab0bc396ce4998b990be672fbe39f9 - - d75b538e44df44d6a7a6107f8abc3b91 d75b538e44df44d6a7a6107f8abc3b91] 10.0.0.101 "DELETE /resource_providers/5a097d33-ffc1-434c-8b46-92b549812b14" status: 404 len: 246 microversion: 1.1 [pid: 8|app: 0|req: 509/1025] 10.0.0.101 () {34 vars in 825 bytes} [Wed Jul 15 06:11:46 2026] DELETE /resource_providers/5a097d33-ffc1-434c-8b46-92b549812b14 => generated 246 bytes in 7 msecs (HTTP/1.1 404) 6 headers in 231 bytes (1 switches on core 0)
2026-07-15 06:11:46.988 7 INFO placement.requestlog [None req-1b0a8714-d582-4610-8c52-bf4b0b13b606 ecf185079cda43319eb868f783ee53ce cbab0bc396ce4998b990be672fbe39f9 - - d75b538e44df44d6a7a6107f8abc3b91 d75b538e44df44d6a7a6107f8abc3b91] 10.0.0.101 "GET /resource_providers/5a097d33-ffc1-434c-8b46-92b549812b14/aggregates" status: 404 len: 235 microversion: 1.1 [pid: 7|app: 0|req: 517/1026] 10.0.0.101 () {32 vars in 825 bytes} [Wed Jul 15 06:11:46 2026] GET /resource_providers/5a097d33-ffc1-434c-8b46-92b549812b14/aggregates => generated 235 bytes in 12 msecs (HTTP/1.1 404) 5 headers in 202 bytes (1 switches on core 0)
2026-07-15 06:11:47.005 8 INFO placement.requestlog [None req-208602b1-079e-4a41-974b-06584e35c318 ecf185079cda43319eb868f783ee53ce cbab0bc396ce4998b990be672fbe39f9 - - d75b538e44df44d6a7a6107f8abc3b91 d75b538e44df44d6a7a6107f8abc3b91] 10.0.0.101 "DELETE /resource_providers/5a097d33-ffc1-434c-8b46-92b549812b14" status: 404 len: 246 microversion: 1.1 [pid: 8|app: 0|req: 510/1027] 10.0.0.101 () {34 vars in 825 bytes} [Wed Jul 15 06:11:46 2026] DELETE /resource_providers/5a097d33-ffc1-434c-8b46-92b549812b14 => generated 246 bytes in 10 msecs (HTTP/1.1 404) 6 headers in 231 bytes (1 switches on core 0)
2026-07-15 06:11:47.215 8 INFO placement.requestlog [None req-5fa8dd7a-4feb-48ce-9e58-ffd45780da9e - - - - - -] 10.0.0.223 "GET /" status: 200 len: 136 microversion: 1.0
2026-07-15 06:11:47.215 7 INFO placement.requestlog [None req-47205275-0b83-4b14-91ca-be8a2617e33f - - - - - -] 10.0.0.223 "GET /" status: 200 len: 136 microversion: 1.0
2026-07-15 06:11:47.360 8 INFO placement.requestlog [None req-918d8592-aa81-404e-8d8b-77b4a2da18bb ecf185079cda43319eb868f783ee53ce cbab0bc396ce4998b990be672fbe39f9 - - d75b538e44df44d6a7a6107f8abc3b91 d75b538e44df44d6a7a6107f8abc3b91] 10.0.0.101 "GET /resource_providers/683d2f2e-dd47-4e04-8e59-e4d56466ce8d/aggregates" status: 404 len: 235 microversion: 1.1 [pid: 8|app: 0|req: 512/1030] 10.0.0.101 () {32 vars in 825 bytes} [Wed Jul 15 06:11:47 2026] GET /resource_providers/683d2f2e-dd47-4e04-8e59-e4d56466ce8d/aggregates => generated 235 bytes in 13 msecs (HTTP/1.1 404) 5 headers in 202 bytes (1 switches on core 0)
2026-07-15 06:11:47.374 7 INFO placement.requestlog [None req-fefa97cb-b4f2-4902-a129-470dbfc7b7a8 ecf185079cda43319eb868f783ee53ce cbab0bc396ce4998b990be672fbe39f9 - - d75b538e44df44d6a7a6107f8abc3b91 d75b538e44df44d6a7a6107f8abc3b91] 10.0.0.101 "GET /resource_providers/683d2f2e-dd47-4e04-8e59-e4d56466ce8d/aggregates" status: 404 len: 235 microversion: 1.1 [pid: 7|app: 0|req: 519/1031] 10.0.0.101 () {32 vars in 825 bytes} [Wed Jul 15 06:11:47 2026] GET /resource_providers/683d2f2e-dd47-4e04-8e59-e4d56466ce8d/aggregates => generated 235 bytes in 17 msecs (HTTP/1.1 404) 5 headers in 202 bytes (1 switches on core 0)
2026-07-15 06:11:47.383 8 INFO placement.requestlog [None req-f740e6b3-bedb-465e-a079-8facbf4ce1ab ecf185079cda43319eb868f783ee53ce cbab0bc396ce4998b990be672fbe39f9 - - d75b538e44df44d6a7a6107f8abc3b91 d75b538e44df44d6a7a6107f8abc3b91] 10.0.0.101 "DELETE /resource_providers/683d2f2e-dd47-4e04-8e59-e4d56466ce8d" status: 404 len: 246 microversion: 1.1 [pid: 8|app: 0|req: 513/1032] 10.0.0.101 () {34 vars in 825 bytes} [Wed Jul 15 06:11:47 2026] DELETE /resource_providers/683d2f2e-dd47-4e04-8e59-e4d56466ce8d => generated 246 bytes in 13 msecs (HTTP/1.1 404) 6 headers in 231 bytes (1 switches on core 0)
2026-07-15 06:11:47.390 7 INFO placement.requestlog [None req-42975945-1ea9-48ca-b3a6-f0347416d065 ecf185079cda43319eb868f783ee53ce cbab0bc396ce4998b990be672fbe39f9 - - d75b538e44df44d6a7a6107f8abc3b91 d75b538e44df44d6a7a6107f8abc3b91] 10.0.0.101 "DELETE /resource_providers/683d2f2e-dd47-4e04-8e59-e4d56466ce8d" status: 404 len: 246 microversion: 1.1 [pid: 7|app: 0|req: 520/1033] 10.0.0.101 () {34 vars in 825 bytes} [Wed Jul 15 06:11:47 2026] DELETE /resource_providers/683d2f2e-dd47-4e04-8e59-e4d56466ce8d => generated 246 bytes in 9 msecs (HTTP/1.1 404) 6 headers in 231 bytes (1 switches on core 0)
2026-07-15 06:11:54.678 7 INFO placement.requestlog [None req-2f89f519-a3f6-4bec-a1db-3354ce506669 ecf185079cda43319eb868f783ee53ce cbab0bc396ce4998b990be672fbe39f9 - - d75b538e44df44d6a7a6107f8abc3b91 d75b538e44df44d6a7a6107f8abc3b91] 10.0.0.101 "GET /resource_providers/0f214c22-7f6d-4658-8355-777abc498c06/aggregates" status: 404 len: 235 microversion: 1.1 [pid: 7|app: 0|req: 521/1034] 10.0.0.101 () {32 vars in 825 bytes} [Wed Jul 15 06:11:54 2026] GET /resource_providers/0f214c22-7f6d-4658-8355-777abc498c06/aggregates => generated 235 bytes in 12 msecs (HTTP/1.1 404) 5 headers in 202 bytes (1 switches on core 0)
2026-07-15 06:11:54.679 8 INFO placement.requestlog [None req-0a131ffb-0dd2-458b-9734-c34fbd1be8bd ecf185079cda43319eb868f783ee53ce cbab0bc396ce4998b990be672fbe39f9 - - d75b538e44df44d6a7a6107f8abc3b91 d75b538e44df44d6a7a6107f8abc3b91] 10.0.0.101 "GET /resource_providers/0f214c22-7f6d-4658-8355-777abc498c06/aggregates" status: 404 len: 235 microversion: 1.1 [pid: 8|app: 0|req: 514/1035] 10.0.0.101 () {32 vars in 825 bytes} [Wed Jul 15 06:11:54 2026] GET /resource_providers/0f214c22-7f6d-4658-8355-777abc498c06/aggregates => generated 235 bytes in 18 msecs (HTTP/1.1 404) 5 headers in 202 bytes (1 switches on core 0)
2026-07-15 06:11:54.701 8 INFO placement.requestlog [None req-73a4e071-0ee0-4280-a8b3-fb9f08944621 ecf185079cda43319eb868f783ee53ce cbab0bc396ce4998b990be672fbe39f9 - - d75b538e44df44d6a7a6107f8abc3b91 d75b538e44df44d6a7a6107f8abc3b91] 10.0.0.101 "DELETE /resource_providers/0f214c22-7f6d-4658-8355-777abc498c06" status: 404 len: 246 microversion: 1.1 [pid: 8|app: 0|req: 515/1036] 10.0.0.101 () {34 vars in 825 bytes} [Wed Jul 15 06:11:54 2026] DELETE /resource_providers/0f214c22-7f6d-4658-8355-777abc498c06 => generated 246 bytes in 8 msecs (HTTP/1.1 404) 6 headers in 231 bytes (1 switches on core 0)
2026-07-15 06:11:54.705 7 INFO placement.requestlog [None req-909032f4-7d02-4098-8558-c4bd09d3c7c2 ecf185079cda43319eb868f783ee53ce cbab0bc396ce4998b990be672fbe39f9 - - d75b538e44df44d6a7a6107f8abc3b91 d75b538e44df44d6a7a6107f8abc3b91] 10.0.0.101 "DELETE /resource_providers/0f214c22-7f6d-4658-8355-777abc498c06" status: 404 len: 246 microversion: 1.1 [pid: 7|app: 0|req: 522/1037] 10.0.0.101 () {34 vars in 825 bytes} [Wed Jul 15 06:11:54 2026] DELETE /resource_providers/0f214c22-7f6d-4658-8355-777abc498c06 => generated 246 bytes in 12 msecs (HTTP/1.1 404) 6 headers in 231 bytes (1 switches on core 0)
2026-07-15 06:11:56.066 8 INFO placement.requestlog [req-6b2efd21-bc15-463d-bed5-059d763f21c8 req-a4d78fd3-8a44-4664-956e-8a37533103f1 0cbdac11b3414fa9983f9f5cd836bc36 cbab0bc396ce4998b990be672fbe39f9 - - d75b538e44df44d6a7a6107f8abc3b91 d75b538e44df44d6a7a6107f8abc3b91] 10.0.0.243 "GET /allocation_candidates?limit=1000&resources=DISK_GB%3A1%2CMEMORY_MB%3A512%2CVCPU%3A1&root_required=%21COMPUTE_STATUS_DISABLED" status: 200 len: 2147 microversion: 1.36 [pid: 8|app: 0|req: 516/1038] 10.0.0.243 () {34 vars in 1012 bytes} [Wed Jul 15 06:11:56 2026] GET /allocation_candidates?limit=1000&resources=DISK_GB%3A1%2CMEMORY_MB%3A512%2CVCPU%3A1&root_required=%21COMPUTE_STATUS_DISABLED => generated 2147 bytes in 53 msecs (HTTP/1.1 200) 8 headers in 297 bytes (1 switches on core 0)
2026-07-15 06:11:56.101 7 INFO placement.requestlog [req-6b2efd21-bc15-463d-bed5-059d763f21c8 req-1e05a2a5-0807-4bde-a332-4901e63d4e9b 0cbdac11b3414fa9983f9f5cd836bc36 cbab0bc396ce4998b990be672fbe39f9 - - d75b538e44df44d6a7a6107f8abc3b91 d75b538e44df44d6a7a6107f8abc3b91] 10.0.0.243 "GET /allocations/b5223a2d-ef3b-444c-8665-f0b8d9976e4b" status: 200 len: 19 microversion: 1.28 [pid: 7|app: 0|req: 523/1039] 10.0.0.243 () {34 vars in 861 bytes} [Wed Jul 15 06:11:56 2026] GET /allocations/b5223a2d-ef3b-444c-8665-f0b8d9976e4b => generated 19 bytes in 12 msecs (HTTP/1.1 200) 8 headers in 295 bytes (1 switches on core 0)
2026-07-15 06:11:56.180 8 INFO placement.requestlog [req-6b2efd21-bc15-463d-bed5-059d763f21c8 req-bac303ad-39e4-48a1-9aa5-07a5e7b6046e 0cbdac11b3414fa9983f9f5cd836bc36 cbab0bc396ce4998b990be672fbe39f9 - - d75b538e44df44d6a7a6107f8abc3b91 d75b538e44df44d6a7a6107f8abc3b91] 10.0.0.243 "PUT /allocations/b5223a2d-ef3b-444c-8665-f0b8d9976e4b" status: 204 len: 0 microversion: 1.36 [pid: 8|app: 0|req: 517/1040] 10.0.0.243 () {38 vars in 914 bytes} [Wed Jul 15 06:11:56 2026] PUT /allocations/b5223a2d-ef3b-444c-8665-f0b8d9976e4b => generated 0 bytes in 71 msecs (HTTP/1.1 204) 5 headers in 199 bytes (1 switches on core 0)
2026-07-15 06:11:56.409 7 INFO placement.requestlog [req-6b2efd21-bc15-463d-bed5-059d763f21c8 req-6e745a8c-14c4-42c6-bd97-62fa18279105 0cbdac11b3414fa9983f9f5cd836bc36 cbab0bc396ce4998b990be672fbe39f9 - - d75b538e44df44d6a7a6107f8abc3b91 d75b538e44df44d6a7a6107f8abc3b91] 199.19.213.21 "GET /allocations/b5223a2d-ef3b-444c-8665-f0b8d9976e4b" status: 200 len: 258 microversion: 1.28 [pid: 7|app: 0|req: 524/1041] 199.19.213.21 () {34 vars in 862 bytes} [Wed Jul 15 06:11:56 2026] GET /allocations/b5223a2d-ef3b-444c-8665-f0b8d9976e4b => generated 258 bytes in 14 msecs (HTTP/1.1 200) 8 headers in 296 bytes (1 switches on core 0)
2026-07-15 06:11:56.537 8 INFO placement.requestlog [req-6b2efd21-bc15-463d-bed5-059d763f21c8 req-b4bd4f7b-0a49-4449-a69c-6304aa86ea89 0cbdac11b3414fa9983f9f5cd836bc36 cbab0bc396ce4998b990be672fbe39f9 - - d75b538e44df44d6a7a6107f8abc3b91 d75b538e44df44d6a7a6107f8abc3b91] 199.19.213.21 "GET /resource_providers/8d96140d-1445-4d01-ac5b-663880e3d0e8/allocations" status: 200 len: 153 microversion: 1.0 [pid: 8|app: 0|req: 518/1042] 199.19.213.21 () {32 vars in 856 bytes} [Wed Jul 15 06:11:56 2026] GET /resource_providers/8d96140d-1445-4d01-ac5b-663880e3d0e8/allocations => generated 153 bytes in 19 msecs (HTTP/1.1 200) 6 headers in 224 bytes (1 switches on core 0)
2026-07-15 06:11:56.559 7 INFO placement.requestlog [req-6b2efd21-bc15-463d-bed5-059d763f21c8 req-314633d8-00a2-458f-a6de-cdf3c3b10c2b 0cbdac11b3414fa9983f9f5cd836bc36 cbab0bc396ce4998b990be672fbe39f9 - - d75b538e44df44d6a7a6107f8abc3b91 d75b538e44df44d6a7a6107f8abc3b91] 199.19.213.21 "GET /allocations/b5223a2d-ef3b-444c-8665-f0b8d9976e4b" status: 200 len: 258 microversion: 1.28 [pid: 7|app: 0|req: 525/1043] 199.19.213.21 () {34 vars in 862 bytes} [Wed Jul 15 06:11:56 2026] GET /allocations/b5223a2d-ef3b-444c-8665-f0b8d9976e4b => generated 258 bytes in 15 msecs (HTTP/1.1 200) 8 headers in 296 bytes (1 switches on core 0)
2026-07-15 06:11:57.214 7 INFO placement.requestlog [None req-2ba34a74-e996-428e-b31b-16b3d6bab6fc - - - - - -] 10.0.0.223 "GET /" status: 200 len: 136 microversion: 1.0
2026-07-15 06:11:57.214 8 INFO placement.requestlog [None req-3c0b8a4f-77d8-41f6-94a1-5d69cc943854 - - - - - -] 10.0.0.223 "GET /" status: 200 len: 136 microversion: 1.0
2026-07-15 06:12:02.140 7 INFO placement.requestlog [req-a4e8300c-78a5-4337-b533-856a6598e40b req-45b5b552-d169-489d-8b7a-114173291a59 0cbdac11b3414fa9983f9f5cd836bc36 cbab0bc396ce4998b990be672fbe39f9 - - d75b538e44df44d6a7a6107f8abc3b91 d75b538e44df44d6a7a6107f8abc3b91] 199.19.213.21 "GET /resource_providers/8d96140d-1445-4d01-ac5b-663880e3d0e8/allocations" status: 200 len: 153 microversion: 1.0 [pid: 7|app: 0|req: 527/1046] 199.19.213.21 () {32 vars in 856 bytes} [Wed Jul 15 06:12:02 2026] GET /resource_providers/8d96140d-1445-4d01-ac5b-663880e3d0e8/allocations => generated 153 bytes in 14 msecs (HTTP/1.1 200) 6 headers in 224 bytes (1 switches on core 0)
2026-07-15 06:12:02.160 8 INFO placement.requestlog [req-a4e8300c-78a5-4337-b533-856a6598e40b req-4a70dbd6-4b1b-408b-939a-c43d867bffd6 0cbdac11b3414fa9983f9f5cd836bc36 cbab0bc396ce4998b990be672fbe39f9 - - d75b538e44df44d6a7a6107f8abc3b91 d75b538e44df44d6a7a6107f8abc3b91] 199.19.213.21 "GET /allocations/b5223a2d-ef3b-444c-8665-f0b8d9976e4b" status: 200 len: 258 microversion: 1.28 [pid: 8|app: 0|req: 520/1047] 199.19.213.21 () {34 vars in 862 bytes} [Wed Jul 15 06:12:02 2026] GET /allocations/b5223a2d-ef3b-444c-8665-f0b8d9976e4b => generated 258 bytes in 14 msecs (HTTP/1.1 200) 8 headers in 296 bytes (1 switches on core 0)
2026-07-15 06:12:02.214 7 INFO placement.requestlog [req-a4e8300c-78a5-4337-b533-856a6598e40b req-87c54249-085c-4cfe-89bc-f37abc4741e5 0cbdac11b3414fa9983f9f5cd836bc36 cbab0bc396ce4998b990be672fbe39f9 - - d75b538e44df44d6a7a6107f8abc3b91 d75b538e44df44d6a7a6107f8abc3b91] 199.19.213.21 "DELETE /allocations/b5223a2d-ef3b-444c-8665-f0b8d9976e4b" status: 204 len: 0 microversion: 1.0 [pid: 7|app: 0|req: 528/1048] 199.19.213.21 () {34 vars in 840 bytes} [Wed Jul 15 06:12:02 2026] DELETE /allocations/b5223a2d-ef3b-444c-8665-f0b8d9976e4b => generated 0 bytes in 25 msecs (HTTP/1.1 204) 5 headers in 198 bytes (1 switches on core 0)
2026-07-15 06:12:02.976 8 INFO placement.requestlog [None req-dfe4cc5a-422c-47f4-8283-1ccc650c1fdd ecf185079cda43319eb868f783ee53ce cbab0bc396ce4998b990be672fbe39f9 - - d75b538e44df44d6a7a6107f8abc3b91 d75b538e44df44d6a7a6107f8abc3b91] 10.0.0.101 "GET /resource_providers/b999b9f9-a74c-44d6-9d98-83af2226ef52/aggregates" status: 404 len: 235 microversion: 1.1 [pid: 8|app: 0|req: 521/1049] 10.0.0.101 () {32 vars in 825 bytes} [Wed Jul 15 06:12:02 2026] GET /resource_providers/b999b9f9-a74c-44d6-9d98-83af2226ef52/aggregates => generated 235 bytes in 12 msecs (HTTP/1.1 404) 5 headers in 202 bytes (1 switches on core 0)
2026-07-15 06:12:02.977 7 INFO placement.requestlog [None req-95f9d464-c0af-4d38-924a-fdaa92fe9f0e ecf185079cda43319eb868f783ee53ce cbab0bc396ce4998b990be672fbe39f9 - - d75b538e44df44d6a7a6107f8abc3b91 d75b538e44df44d6a7a6107f8abc3b91] 10.0.0.101 "GET /resource_providers/b999b9f9-a74c-44d6-9d98-83af2226ef52/aggregates" status: 404 len: 235 microversion: 1.1 [pid: 7|app: 0|req: 529/1050] 10.0.0.101 () {32 vars in 825 bytes} [Wed Jul 15 06:12:02 2026] GET /resource_providers/b999b9f9-a74c-44d6-9d98-83af2226ef52/aggregates => generated 235 bytes in 13 msecs (HTTP/1.1 404) 5 headers in 202 bytes (1 switches on core 0)
2026-07-15 06:12:03.013 8 INFO placement.requestlog [None req-e0efc05d-dfae-4f3c-90b3-c186957ea47d ecf185079cda43319eb868f783ee53ce cbab0bc396ce4998b990be672fbe39f9 - - d75b538e44df44d6a7a6107f8abc3b91 d75b538e44df44d6a7a6107f8abc3b91] 10.0.0.101 "DELETE /resource_providers/b999b9f9-a74c-44d6-9d98-83af2226ef52" status: 404 len: 246 microversion: 1.1 [pid: 8|app: 0|req: 522/1051] 10.0.0.101 () {34 vars in 825 bytes} [Wed Jul 15 06:12:03 2026] DELETE /resource_providers/b999b9f9-a74c-44d6-9d98-83af2226ef52 => generated 246 bytes in 11 msecs (HTTP/1.1 404) 6 headers in 231 bytes (1 switches on core 0)
2026-07-15 06:12:03.015 7 INFO placement.requestlog [None req-fb4418b8-de88-4402-a4dd-98dd2e3f5b37 ecf185079cda43319eb868f783ee53ce cbab0bc396ce4998b990be672fbe39f9 - - d75b538e44df44d6a7a6107f8abc3b91 d75b538e44df44d6a7a6107f8abc3b91] 10.0.0.101 "DELETE /resource_providers/b999b9f9-a74c-44d6-9d98-83af2226ef52" status: 404 len: 246 microversion: 1.1 [pid: 7|app: 0|req: 530/1052] 10.0.0.101 () {34 vars in 825 bytes} [Wed Jul 15 06:12:03 2026] DELETE /resource_providers/b999b9f9-a74c-44d6-9d98-83af2226ef52 => generated 246 bytes in 12 msecs (HTTP/1.1 404) 6 headers in 231 bytes (1 switches on core 0)
2026-07-15 06:12:06.278 7 INFO placement.requestlog [None req-cbdc77f5-e612-4bd5-a43b-7b3a72db8a52 ecf185079cda43319eb868f783ee53ce cbab0bc396ce4998b990be672fbe39f9 - - d75b538e44df44d6a7a6107f8abc3b91 d75b538e44df44d6a7a6107f8abc3b91] 10.0.0.101 "GET /resource_providers/5554a27d-1be6-4f15-aee6-39cd13c8b717/aggregates" status: 404 len: 235 microversion: 1.1
2026-07-15 06:12:06.278 8 INFO placement.requestlog [None req-5ecccf7d-c84e-4d6c-a1b4-7a852b139251 ecf185079cda43319eb868f783ee53ce cbab0bc396ce4998b990be672fbe39f9 - - d75b538e44df44d6a7a6107f8abc3b91 d75b538e44df44d6a7a6107f8abc3b91] 10.0.0.101 "GET /resource_providers/5554a27d-1be6-4f15-aee6-39cd13c8b717/aggregates" status: 404 len: 235 microversion: 1.1 [pid: 8|app: 0|req: 523/1053] 10.0.0.101 () {32 vars in 825 bytes} [Wed Jul 15 06:12:06 2026] GET /resource_providers/5554a27d-1be6-4f15-aee6-39cd13c8b717/aggregates => generated 235 bytes in 12 msecs (HTTP/1.1 404) 5 headers in 202 bytes (1 switches on core 0) [pid: 7|app: 0|req: 531/1054] 10.0.0.101 () {32 vars in 825 bytes} [Wed Jul 15 06:12:06 2026] GET /resource_providers/5554a27d-1be6-4f15-aee6-39cd13c8b717/aggregates => generated 235 bytes in 12 msecs (HTTP/1.1 404) 5 headers in 202 bytes (1 switches on core 0)
2026-07-15 06:12:06.308 7 INFO placement.requestlog [None req-ec43011a-3376-4f4f-b4df-6294ea7c6de0 ecf185079cda43319eb868f783ee53ce cbab0bc396ce4998b990be672fbe39f9 - - d75b538e44df44d6a7a6107f8abc3b91 d75b538e44df44d6a7a6107f8abc3b91] 10.0.0.101 "DELETE /resource_providers/5554a27d-1be6-4f15-aee6-39cd13c8b717" status: 404 len: 246 microversion: 1.1 [pid: 7|app: 0|req: 532/1055] 10.0.0.101 () {34 vars in 825 bytes} [Wed Jul 15 06:12:06 2026] DELETE /resource_providers/5554a27d-1be6-4f15-aee6-39cd13c8b717 => generated 246 bytes in 13 msecs (HTTP/1.1 404) 6 headers in 231 bytes (1 switches on core 0)
2026-07-15 06:12:06.309 8 INFO placement.requestlog [None req-e7b037e9-4617-4dfa-9308-8fb581473e7e ecf185079cda43319eb868f783ee53ce cbab0bc396ce4998b990be672fbe39f9 - - d75b538e44df44d6a7a6107f8abc3b91 d75b538e44df44d6a7a6107f8abc3b91] 10.0.0.101 "DELETE /resource_providers/5554a27d-1be6-4f15-aee6-39cd13c8b717" status: 404 len: 246 microversion: 1.1 [pid: 8|app: 0|req: 524/1056] 10.0.0.101 () {34 vars in 825 bytes} [Wed Jul 15 06:12:06 2026] DELETE /resource_providers/5554a27d-1be6-4f15-aee6-39cd13c8b717 => generated 246 bytes in 15 msecs (HTTP/1.1 404) 6 headers in 231 bytes (1 switches on core 0)
2026-07-15 06:12:07.214 8 INFO placement.requestlog [None req-8da3aaf5-e170-43c7-b74d-073479546a63 - - - - - -] 10.0.0.223 "GET /" status: 200 len: 136 microversion: 1.0
2026-07-15 06:12:07.215 7 INFO placement.requestlog [None req-1ca11393-d5cc-4ced-82c6-3381d76f0f19 - - - - - -] 10.0.0.223 "GET /" status: 200 len: 136 microversion: 1.0
2026-07-15 06:12:17.215 8 INFO placement.requestlog [None req-ca1897e7-1ede-46d5-9473-b9f03535b84b - - - - - -] 10.0.0.223 "GET /" status: 200 len: 136 microversion: 1.0
2026-07-15 06:12:17.216 7 INFO placement.requestlog [None req-ab404cc9-f629-41dd-b04c-d639edb3e07f - - - - - -] 10.0.0.223 "GET /" status: 200 len: 136 microversion: 1.0
2026-07-15 06:12:27.215 7 INFO placement.requestlog [None req-8a9d52ad-52ef-44d0-9d4c-c496478664a5 - - - - - -] 10.0.0.223 "GET /" status: 200 len: 136 microversion: 1.0
2026-07-15 06:12:27.215 8 INFO placement.requestlog [None req-86feb264-c653-46b4-8ee1-f08d3293d759 - - - - - -] 10.0.0.223 "GET /" status: 200 len: 136 microversion: 1.0
2026-07-15 06:12:29.566 7 INFO placement.requestlog [req-5f1e0f2f-510b-44a6-8947-8db55bb45c9a req-a19792f9-f411-4ffb-ac31-4aafec0af875 0cbdac11b3414fa9983f9f5cd836bc36 cbab0bc396ce4998b990be672fbe39f9 - - d75b538e44df44d6a7a6107f8abc3b91 d75b538e44df44d6a7a6107f8abc3b91] 10.0.0.243 "GET /allocation_candidates?limit=1000&resources=DISK_GB%3A1%2CMEMORY_MB%3A512%2CVCPU%3A1&root_required=%21COMPUTE_STATUS_DISABLED" status: 200 len: 2147 microversion: 1.36 [pid: 7|app: 0|req: 536/1063] 10.0.0.243 () {34 vars in 1012 bytes} [Wed Jul 15 06:12:29 2026] GET /allocation_candidates?limit=1000&resources=DISK_GB%3A1%2CMEMORY_MB%3A512%2CVCPU%3A1&root_required=%21COMPUTE_STATUS_DISABLED => generated 2147 bytes in 52 msecs (HTTP/1.1 200) 8 headers in 297 bytes (1 switches on core 0)
2026-07-15 06:12:29.601 8 INFO placement.requestlog [req-5f1e0f2f-510b-44a6-8947-8db55bb45c9a req-513c9d83-7652-49b9-a81d-21a397e4edf4 0cbdac11b3414fa9983f9f5cd836bc36 cbab0bc396ce4998b990be672fbe39f9 - - d75b538e44df44d6a7a6107f8abc3b91 d75b538e44df44d6a7a6107f8abc3b91] 10.0.0.243 "GET /allocations/dd489ce2-e796-4587-a341-bb0623bfbcfe" status: 200 len: 19 microversion: 1.28 [pid: 8|app: 0|req: 528/1064] 10.0.0.243 () {34 vars in 861 bytes} [Wed Jul 15 06:12:29 2026] GET /allocations/dd489ce2-e796-4587-a341-bb0623bfbcfe => generated 19 bytes in 13 msecs (HTTP/1.1 200) 8 headers in 295 bytes (1 switches on core 0)
2026-07-15 06:12:29.670 7 INFO placement.requestlog [req-5f1e0f2f-510b-44a6-8947-8db55bb45c9a req-197207e6-7c17-451f-819a-8645b77b0277 0cbdac11b3414fa9983f9f5cd836bc36 cbab0bc396ce4998b990be672fbe39f9 - - d75b538e44df44d6a7a6107f8abc3b91 d75b538e44df44d6a7a6107f8abc3b91] 10.0.0.243 "PUT /allocations/dd489ce2-e796-4587-a341-bb0623bfbcfe" status: 204 len: 0 microversion: 1.36 [pid: 7|app: 0|req: 537/1065] 10.0.0.243 () {38 vars in 914 bytes} [Wed Jul 15 06:12:29 2026] PUT /allocations/dd489ce2-e796-4587-a341-bb0623bfbcfe => generated 0 bytes in 62 msecs (HTTP/1.1 204) 5 headers in 199 bytes (1 switches on core 0)
2026-07-15 06:12:29.936 8 INFO placement.requestlog [req-5f1e0f2f-510b-44a6-8947-8db55bb45c9a req-b9e4a9ec-ebca-431f-a32e-e3ab678be1a4 0cbdac11b3414fa9983f9f5cd836bc36 cbab0bc396ce4998b990be672fbe39f9 - - d75b538e44df44d6a7a6107f8abc3b91 d75b538e44df44d6a7a6107f8abc3b91] 199.19.213.21 "GET /allocations/dd489ce2-e796-4587-a341-bb0623bfbcfe" status: 200 len: 258 microversion: 1.28 [pid: 8|app: 0|req: 529/1066] 199.19.213.21 () {34 vars in 862 bytes} [Wed Jul 15 06:12:29 2026] GET /allocations/dd489ce2-e796-4587-a341-bb0623bfbcfe => generated 258 bytes in 13 msecs (HTTP/1.1 200) 8 headers in 296 bytes (1 switches on core 0)
2026-07-15 06:12:30.057 7 INFO placement.requestlog [req-5f1e0f2f-510b-44a6-8947-8db55bb45c9a req-6e1fcc3b-0922-4e75-8ceb-0c098dc05dfe 0cbdac11b3414fa9983f9f5cd836bc36 cbab0bc396ce4998b990be672fbe39f9 - - d75b538e44df44d6a7a6107f8abc3b91 d75b538e44df44d6a7a6107f8abc3b91] 199.19.213.21 "GET /resource_providers/8d96140d-1445-4d01-ac5b-663880e3d0e8/allocations" status: 200 len: 153 microversion: 1.0 [pid: 7|app: 0|req: 538/1067] 199.19.213.21 () {32 vars in 856 bytes} [Wed Jul 15 06:12:30 2026] GET /resource_providers/8d96140d-1445-4d01-ac5b-663880e3d0e8/allocations => generated 153 bytes in 18 msecs (HTTP/1.1 200) 6 headers in 224 bytes (1 switches on core 0)
2026-07-15 06:12:30.081 8 INFO placement.requestlog [req-5f1e0f2f-510b-44a6-8947-8db55bb45c9a req-a0ff2cb6-d5bc-4e40-a65f-08423c2e571a 0cbdac11b3414fa9983f9f5cd836bc36 cbab0bc396ce4998b990be672fbe39f9 - - d75b538e44df44d6a7a6107f8abc3b91 d75b538e44df44d6a7a6107f8abc3b91] 199.19.213.21 "GET /allocations/dd489ce2-e796-4587-a341-bb0623bfbcfe" status: 200 len: 258 microversion: 1.28 [pid: 8|app: 0|req: 530/1068] 199.19.213.21 () {34 vars in 862 bytes} [Wed Jul 15 06:12:30 2026] GET /allocations/dd489ce2-e796-4587-a341-bb0623bfbcfe => generated 258 bytes in 15 msecs (HTTP/1.1 200) 8 headers in 296 bytes (1 switches on core 0)
2026-07-15 06:12:32.569 7 INFO placement.requestlog [None req-b16e82c6-3639-49ba-909e-617f0b6a079f ecf185079cda43319eb868f783ee53ce cbab0bc396ce4998b990be672fbe39f9 - - d75b538e44df44d6a7a6107f8abc3b91 d75b538e44df44d6a7a6107f8abc3b91] 10.0.0.101 "GET /resource_providers/8d46542b-427c-4bc6-a4d1-b96b73804465/aggregates" status: 404 len: 235 microversion: 1.1
2026-07-15 06:12:32.569 8 INFO placement.requestlog [None req-8bd8936c-c8f7-41a5-8663-f9fb8137c650 ecf185079cda43319eb868f783ee53ce cbab0bc396ce4998b990be672fbe39f9 - - d75b538e44df44d6a7a6107f8abc3b91 d75b538e44df44d6a7a6107f8abc3b91] 10.0.0.101 "GET /resource_providers/8d46542b-427c-4bc6-a4d1-b96b73804465/aggregates" status: 404 len: 235 microversion: 1.1 [pid: 7|app: 0|req: 539/1070] 10.0.0.101 () {32 vars in 825 bytes} [Wed Jul 15 06:12:32 2026] GET /resource_providers/8d46542b-427c-4bc6-a4d1-b96b73804465/aggregates => generated 235 bytes in 8 msecs (HTTP/1.1 404) 5 headers in 202 bytes (1 switches on core 0) [pid: 8|app: 0|req: 531/1070] 10.0.0.101 () {32 vars in 825 bytes} [Wed Jul 15 06:12:32 2026] GET /resource_providers/8d46542b-427c-4bc6-a4d1-b96b73804465/aggregates => generated 235 bytes in 8 msecs (HTTP/1.1 404) 5 headers in 202 bytes (1 switches on core 0)
2026-07-15 06:12:32.596 7 INFO placement.requestlog [None req-fc29e7f9-0a58-4e50-bd67-ea1f12b76a8f ecf185079cda43319eb868f783ee53ce cbab0bc396ce4998b990be672fbe39f9 - - d75b538e44df44d6a7a6107f8abc3b91 d75b538e44df44d6a7a6107f8abc3b91] 10.0.0.101 "DELETE /resource_providers/8d46542b-427c-4bc6-a4d1-b96b73804465" status: 404 len: 246 microversion: 1.1 [pid: 7|app: 0|req: 540/1071] 10.0.0.101 () {34 vars in 825 bytes} [Wed Jul 15 06:12:32 2026] DELETE /resource_providers/8d46542b-427c-4bc6-a4d1-b96b73804465 => generated 246 bytes in 12 msecs (HTTP/1.1 404) 6 headers in 231 bytes (1 switches on core 0)
2026-07-15 06:12:32.598 8 INFO placement.requestlog [None req-131f9852-92ca-4ad6-9dc0-fbbcf13a3e12 ecf185079cda43319eb868f783ee53ce cbab0bc396ce4998b990be672fbe39f9 - - d75b538e44df44d6a7a6107f8abc3b91 d75b538e44df44d6a7a6107f8abc3b91] 10.0.0.101 "DELETE /resource_providers/8d46542b-427c-4bc6-a4d1-b96b73804465" status: 404 len: 246 microversion: 1.1 [pid: 8|app: 0|req: 532/1072] 10.0.0.101 () {34 vars in 825 bytes} [Wed Jul 15 06:12:32 2026] DELETE /resource_providers/8d46542b-427c-4bc6-a4d1-b96b73804465 => generated 246 bytes in 13 msecs (HTTP/1.1 404) 6 headers in 231 bytes (1 switches on core 0)
2026-07-15 06:12:37.215 8 INFO placement.requestlog [None req-cabe7c1e-e0b7-4897-b7ca-b5ed34faa02e - - - - - -] 10.0.0.223 "GET /" status: 200 len: 136 microversion: 1.0
2026-07-15 06:12:37.215 7 INFO placement.requestlog [None req-adf5ebfa-50bc-47c5-aa7a-44cf6ee53193 - - - - - -] 10.0.0.223 "GET /" status: 200 len: 136 microversion: 1.0
2026-07-15 06:12:37.371 8 INFO placement.requestlog [req-6bc28aa2-876b-40b3-a723-0461a3fa66d4 req-3242f1fe-4811-4fdc-81cf-0074e054a911 0cbdac11b3414fa9983f9f5cd836bc36 cbab0bc396ce4998b990be672fbe39f9 - - d75b538e44df44d6a7a6107f8abc3b91 d75b538e44df44d6a7a6107f8abc3b91] 10.0.0.243 "GET /allocation_candidates?limit=1000&resources=DISK_GB%3A1%2CMEMORY_MB%3A512%2CVCPU%3A1&root_required=%21COMPUTE_STATUS_DISABLED" status: 200 len: 2149 microversion: 1.36 [pid: 8|app: 0|req: 534/1075] 10.0.0.243 () {34 vars in 1012 bytes} [Wed Jul 15 06:12:37 2026] GET /allocation_candidates?limit=1000&resources=DISK_GB%3A1%2CMEMORY_MB%3A512%2CVCPU%3A1&root_required=%21COMPUTE_STATUS_DISABLED => generated 2149 bytes in 45 msecs (HTTP/1.1 200) 8 headers in 297 bytes (1 switches on core 0)
2026-07-15 06:12:37.407 7 INFO placement.requestlog [req-6bc28aa2-876b-40b3-a723-0461a3fa66d4 req-297485d3-afea-4ec3-86a4-2b9b02cf27d3 0cbdac11b3414fa9983f9f5cd836bc36 cbab0bc396ce4998b990be672fbe39f9 - - d75b538e44df44d6a7a6107f8abc3b91 d75b538e44df44d6a7a6107f8abc3b91] 10.0.0.243 "GET /allocations/0644c3d0-fd53-4968-88c0-6e25815ba834" status: 200 len: 19 microversion: 1.28 [pid: 7|app: 0|req: 542/1076] 10.0.0.243 () {34 vars in 861 bytes} [Wed Jul 15 06:12:37 2026] GET /allocations/0644c3d0-fd53-4968-88c0-6e25815ba834 => generated 19 bytes in 13 msecs (HTTP/1.1 200) 8 headers in 295 bytes (1 switches on core 0)
2026-07-15 06:12:37.470 8 INFO placement.requestlog [req-6bc28aa2-876b-40b3-a723-0461a3fa66d4 req-205829b7-d602-4bfd-add6-d7da76b427b9 0cbdac11b3414fa9983f9f5cd836bc36 cbab0bc396ce4998b990be672fbe39f9 - - d75b538e44df44d6a7a6107f8abc3b91 d75b538e44df44d6a7a6107f8abc3b91] 10.0.0.243 "PUT /allocations/0644c3d0-fd53-4968-88c0-6e25815ba834" status: 204 len: 0 microversion: 1.36 [pid: 8|app: 0|req: 535/1077] 10.0.0.243 () {38 vars in 914 bytes} [Wed Jul 15 06:12:37 2026] PUT /allocations/0644c3d0-fd53-4968-88c0-6e25815ba834 => generated 0 bytes in 53 msecs (HTTP/1.1 204) 5 headers in 199 bytes (1 switches on core 0)
2026-07-15 06:12:37.700 7 INFO placement.requestlog [req-6bc28aa2-876b-40b3-a723-0461a3fa66d4 req-ed7402be-1d3e-49fe-b1db-9f84fc8ef860 0cbdac11b3414fa9983f9f5cd836bc36 cbab0bc396ce4998b990be672fbe39f9 - - d75b538e44df44d6a7a6107f8abc3b91 d75b538e44df44d6a7a6107f8abc3b91] 199.19.213.21 "GET /allocations/0644c3d0-fd53-4968-88c0-6e25815ba834" status: 200 len: 258 microversion: 1.28 [pid: 7|app: 0|req: 543/1078] 199.19.213.21 () {34 vars in 862 bytes} [Wed Jul 15 06:12:37 2026] GET /allocations/0644c3d0-fd53-4968-88c0-6e25815ba834 => generated 258 bytes in 14 msecs (HTTP/1.1 200) 8 headers in 296 bytes (1 switches on core 0)
2026-07-15 06:12:37.833 8 INFO placement.requestlog [req-6bc28aa2-876b-40b3-a723-0461a3fa66d4 req-472ceac9-bbf7-4526-81fc-0a2671a78393 0cbdac11b3414fa9983f9f5cd836bc36 cbab0bc396ce4998b990be672fbe39f9 - - d75b538e44df44d6a7a6107f8abc3b91 d75b538e44df44d6a7a6107f8abc3b91] 199.19.213.21 "GET /resource_providers/8d96140d-1445-4d01-ac5b-663880e3d0e8/allocations" status: 200 len: 253 microversion: 1.0 [pid: 8|app: 0|req: 536/1079] 199.19.213.21 () {32 vars in 856 bytes} [Wed Jul 15 06:12:37 2026] GET /resource_providers/8d96140d-1445-4d01-ac5b-663880e3d0e8/allocations => generated 253 bytes in 20 msecs (HTTP/1.1 200) 6 headers in 224 bytes (1 switches on core 0)
2026-07-15 06:12:37.855 7 INFO placement.requestlog [req-6bc28aa2-876b-40b3-a723-0461a3fa66d4 req-3cea975c-c7c9-44f9-945b-8a30c726513a 0cbdac11b3414fa9983f9f5cd836bc36 cbab0bc396ce4998b990be672fbe39f9 - - d75b538e44df44d6a7a6107f8abc3b91 d75b538e44df44d6a7a6107f8abc3b91] 199.19.213.21 "GET /allocations/dd489ce2-e796-4587-a341-bb0623bfbcfe" status: 200 len: 258 microversion: 1.28 [pid: 7|app: 0|req: 544/1080] 199.19.213.21 () {34 vars in 862 bytes} [Wed Jul 15 06:12:37 2026] GET /allocations/dd489ce2-e796-4587-a341-bb0623bfbcfe => generated 258 bytes in 12 msecs (HTTP/1.1 200) 8 headers in 296 bytes (1 switches on core 0)
2026-07-15 06:12:37.878 8 INFO placement.requestlog [req-6bc28aa2-876b-40b3-a723-0461a3fa66d4 req-fcce85a2-c0bc-449d-9625-fd937d43a0dd 0cbdac11b3414fa9983f9f5cd836bc36 cbab0bc396ce4998b990be672fbe39f9 - - d75b538e44df44d6a7a6107f8abc3b91 d75b538e44df44d6a7a6107f8abc3b91] 199.19.213.21 "GET /allocations/0644c3d0-fd53-4968-88c0-6e25815ba834" status: 200 len: 258 microversion: 1.28 [pid: 8|app: 0|req: 537/1081] 199.19.213.21 () {34 vars in 862 bytes} [Wed Jul 15 06:12:37 2026] GET /allocations/0644c3d0-fd53-4968-88c0-6e25815ba834 => generated 258 bytes in 15 msecs (HTTP/1.1 200) 8 headers in 296 bytes (1 switches on core 0)
2026-07-15 06:12:44.370 7 INFO placement.requestlog [req-7ed9df93-f018-4680-a1f3-9c44b5bebb29 req-bb04abef-a6d7-4795-a06f-8c418cf1b2d7 0cbdac11b3414fa9983f9f5cd836bc36 cbab0bc396ce4998b990be672fbe39f9 - - d75b538e44df44d6a7a6107f8abc3b91 d75b538e44df44d6a7a6107f8abc3b91] 199.19.213.21 "GET /resource_providers/8d96140d-1445-4d01-ac5b-663880e3d0e8/allocations" status: 200 len: 253 microversion: 1.0 [pid: 7|app: 0|req: 545/1082] 199.19.213.21 () {32 vars in 856 bytes} [Wed Jul 15 06:12:44 2026] GET /resource_providers/8d96140d-1445-4d01-ac5b-663880e3d0e8/allocations => generated 253 bytes in 16 msecs (HTTP/1.1 200) 6 headers in 224 bytes (1 switches on core 0)
2026-07-15 06:12:44.418 8 INFO placement.requestlog [req-7ed9df93-f018-4680-a1f3-9c44b5bebb29 req-97528fe6-6342-42aa-9871-e2ccdb1c9e1c 0cbdac11b3414fa9983f9f5cd836bc36 cbab0bc396ce4998b990be672fbe39f9 - - d75b538e44df44d6a7a6107f8abc3b91 d75b538e44df44d6a7a6107f8abc3b91] 199.19.213.21 "GET /resource_providers/8d96140d-1445-4d01-ac5b-663880e3d0e8/allocations" status: 200 len: 253 microversion: 1.0 [pid: 8|app: 0|req: 538/1083] 199.19.213.21 () {32 vars in 856 bytes} [Wed Jul 15 06:12:44 2026] GET /resource_providers/8d96140d-1445-4d01-ac5b-663880e3d0e8/allocations => generated 253 bytes in 17 msecs (HTTP/1.1 200) 6 headers in 224 bytes (1 switches on core 0)
2026-07-15 06:12:44.450 7 INFO placement.requestlog [req-7ed9df93-f018-4680-a1f3-9c44b5bebb29 req-8a426129-fda1-4fc0-bd1a-79aa1cc841bf 0cbdac11b3414fa9983f9f5cd836bc36 cbab0bc396ce4998b990be672fbe39f9 - - d75b538e44df44d6a7a6107f8abc3b91 d75b538e44df44d6a7a6107f8abc3b91] 199.19.213.21 "GET /allocations/dd489ce2-e796-4587-a341-bb0623bfbcfe" status: 200 len: 258 microversion: 1.28 [pid: 7|app: 0|req: 546/1084] 199.19.213.21 () {34 vars in 862 bytes} [Wed Jul 15 06:12:44 2026] GET /allocations/dd489ce2-e796-4587-a341-bb0623bfbcfe => generated 258 bytes in 22 msecs (HTTP/1.1 200) 8 headers in 296 bytes (1 switches on core 0)
2026-07-15 06:12:44.488 8 INFO placement.requestlog [req-7ed9df93-f018-4680-a1f3-9c44b5bebb29 req-01d0262b-e453-480d-92b4-f7a410b1221b 0cbdac11b3414fa9983f9f5cd836bc36 cbab0bc396ce4998b990be672fbe39f9 - - d75b538e44df44d6a7a6107f8abc3b91 d75b538e44df44d6a7a6107f8abc3b91] 199.19.213.21 "GET /allocations/0644c3d0-fd53-4968-88c0-6e25815ba834" status: 200 len: 258 microversion: 1.28 [pid: 8|app: 0|req: 539/1085] 199.19.213.21 () {34 vars in 862 bytes} [Wed Jul 15 06:12:44 2026] GET /allocations/0644c3d0-fd53-4968-88c0-6e25815ba834 => generated 258 bytes in 35 msecs (HTTP/1.1 200) 8 headers in 296 bytes (1 switches on core 0)
2026-07-15 06:12:47.214 7 INFO placement.requestlog [None req-aaee06bd-a381-44f7-a42e-f166f1d90e6e - - - - - -] 10.0.0.223 "GET /" status: 200 len: 136 microversion: 1.0
2026-07-15 06:12:47.215 8 INFO placement.requestlog [None req-817ec3eb-51d5-4e8a-aef0-abababcfbf6d - - - - - -] 10.0.0.223 "GET /" status: 200 len: 136 microversion: 1.0
2026-07-15 06:12:57.215 7 INFO placement.requestlog [None req-c400a843-0979-4d86-877e-64757eff96cd - - - - - -] 10.0.0.223 "GET /" status: 200 len: 136 microversion: 1.0
2026-07-15 06:12:57.215 8 INFO placement.requestlog [None req-67868fec-dc0e-4369-af55-a347b11c0ba1 - - - - - -] 10.0.0.223 "GET /" status: 200 len: 136 microversion: 1.0
2026-07-15 06:13:07.214 7 INFO placement.requestlog [None req-9a579be6-8c83-49f6-bb00-bd77d7429a54 - - - - - -] 10.0.0.223 "GET /" status: 200 len: 136 microversion: 1.0
2026-07-15 06:13:07.215 8 INFO placement.requestlog [None req-15b6f6fa-9d5d-4417-81ae-51db96a323d0 - - - - - -] 10.0.0.223 "GET /" status: 200 len: 136 microversion: 1.0
2026-07-15 06:13:07.989 7 INFO placement.requestlog [req-014aa39f-ff29-4fcd-852c-eaf634c6ace0 req-28991811-7c9c-497b-83f9-1fab1d008d0b 0cbdac11b3414fa9983f9f5cd836bc36 cbab0bc396ce4998b990be672fbe39f9 - - d75b538e44df44d6a7a6107f8abc3b91 d75b538e44df44d6a7a6107f8abc3b91] 10.0.0.243 "GET /allocation_candidates?limit=1000&resources=MEMORY_MB%3A2048%2CVCPU%3A2&root_required=%21COMPUTE_STATUS_DISABLED" status: 200 len: 2137 microversion: 1.36 [pid: 7|app: 0|req: 550/1092] 10.0.0.243 () {34 vars in 986 bytes} [Wed Jul 15 06:13:07 2026] GET /allocation_candidates?limit=1000&resources=MEMORY_MB%3A2048%2CVCPU%3A2&root_required=%21COMPUTE_STATUS_DISABLED => generated 2137 bytes in 55 msecs (HTTP/1.1 200) 8 headers in 297 bytes (1 switches on core 0)
2026-07-15 06:13:08.024 8 INFO placement.requestlog [req-014aa39f-ff29-4fcd-852c-eaf634c6ace0 req-93f23cf9-7b06-4702-a2d9-a73b77fa7f18 0cbdac11b3414fa9983f9f5cd836bc36 cbab0bc396ce4998b990be672fbe39f9 - - d75b538e44df44d6a7a6107f8abc3b91 d75b538e44df44d6a7a6107f8abc3b91] 10.0.0.243 "GET /allocations/1040e267-5d31-4b26-8342-027b13afb075" status: 200 len: 19 microversion: 1.28 [pid: 8|app: 0|req: 543/1093] 10.0.0.243 () {34 vars in 861 bytes} [Wed Jul 15 06:13:08 2026] GET /allocations/1040e267-5d31-4b26-8342-027b13afb075 => generated 19 bytes in 12 msecs (HTTP/1.1 200) 8 headers in 295 bytes (1 switches on core 0)
2026-07-15 06:13:08.094 7 INFO placement.requestlog [req-014aa39f-ff29-4fcd-852c-eaf634c6ace0 req-ad4b832f-9a2b-40c4-9842-8c4cc0f36875 0cbdac11b3414fa9983f9f5cd836bc36 cbab0bc396ce4998b990be672fbe39f9 - - d75b538e44df44d6a7a6107f8abc3b91 d75b538e44df44d6a7a6107f8abc3b91] 10.0.0.243 "PUT /allocations/1040e267-5d31-4b26-8342-027b13afb075" status: 204 len: 0 microversion: 1.36 [pid: 7|app: 0|req: 551/1094] 10.0.0.243 () {38 vars in 914 bytes} [Wed Jul 15 06:13:08 2026] PUT /allocations/1040e267-5d31-4b26-8342-027b13afb075 => generated 0 bytes in 59 msecs (HTTP/1.1 204) 5 headers in 199 bytes (1 switches on core 0)
2026-07-15 06:13:08.358 8 INFO placement.requestlog [req-014aa39f-ff29-4fcd-852c-eaf634c6ace0 req-0057c140-24fa-49fe-8fcb-3f6c7d3c54f6 0cbdac11b3414fa9983f9f5cd836bc36 cbab0bc396ce4998b990be672fbe39f9 - - d75b538e44df44d6a7a6107f8abc3b91 d75b538e44df44d6a7a6107f8abc3b91] 199.19.213.21 "GET /allocations/1040e267-5d31-4b26-8342-027b13afb075" status: 200 len: 245 microversion: 1.28 [pid: 8|app: 0|req: 544/1095] 199.19.213.21 () {34 vars in 862 bytes} [Wed Jul 15 06:13:08 2026] GET /allocations/1040e267-5d31-4b26-8342-027b13afb075 => generated 245 bytes in 14 msecs (HTTP/1.1 200) 8 headers in 296 bytes (1 switches on core 0)
2026-07-15 06:13:08.498 7 INFO placement.requestlog [req-014aa39f-ff29-4fcd-852c-eaf634c6ace0 req-4c91887a-2ac8-464b-bef3-b0c8605edc95 0cbdac11b3414fa9983f9f5cd836bc36 cbab0bc396ce4998b990be672fbe39f9 - - d75b538e44df44d6a7a6107f8abc3b91 d75b538e44df44d6a7a6107f8abc3b91] 199.19.213.21 "GET /resource_providers/8d96140d-1445-4d01-ac5b-663880e3d0e8/allocations" status: 200 len: 340 microversion: 1.0 [pid: 7|app: 0|req: 552/1096] 199.19.213.21 () {32 vars in 856 bytes} [Wed Jul 15 06:13:08 2026] GET /resource_providers/8d96140d-1445-4d01-ac5b-663880e3d0e8/allocations => generated 340 bytes in 19 msecs (HTTP/1.1 200) 6 headers in 224 bytes (1 switches on core 0)
2026-07-15 06:13:08.524 8 INFO placement.requestlog [req-014aa39f-ff29-4fcd-852c-eaf634c6ace0 req-0f2aeaae-0935-4828-bdfd-5f6e7780200c 0cbdac11b3414fa9983f9f5cd836bc36 cbab0bc396ce4998b990be672fbe39f9 - - d75b538e44df44d6a7a6107f8abc3b91 d75b538e44df44d6a7a6107f8abc3b91] 199.19.213.21 "GET /allocations/dd489ce2-e796-4587-a341-bb0623bfbcfe" status: 200 len: 258 microversion: 1.28 [pid: 8|app: 0|req: 545/1097] 199.19.213.21 () {34 vars in 862 bytes} [Wed Jul 15 06:13:08 2026] GET /allocations/dd489ce2-e796-4587-a341-bb0623bfbcfe => generated 258 bytes in 18 msecs (HTTP/1.1 200) 8 headers in 296 bytes (1 switches on core 0)
2026-07-15 06:13:08.544 7 INFO placement.requestlog [req-014aa39f-ff29-4fcd-852c-eaf634c6ace0 req-d3fe7dab-f64b-4cae-8806-56e96f926390 0cbdac11b3414fa9983f9f5cd836bc36 cbab0bc396ce4998b990be672fbe39f9 - - d75b538e44df44d6a7a6107f8abc3b91 d75b538e44df44d6a7a6107f8abc3b91] 199.19.213.21 "GET /allocations/1040e267-5d31-4b26-8342-027b13afb075" status: 200 len: 245 microversion: 1.28 [pid: 7|app: 0|req: 553/1098] 199.19.213.21 () {34 vars in 862 bytes} [Wed Jul 15 06:13:08 2026] GET /allocations/1040e267-5d31-4b26-8342-027b13afb075 => generated 245 bytes in 12 msecs (HTTP/1.1 200) 8 headers in 296 bytes (1 switches on core 0)
2026-07-15 06:13:08.565 8 INFO placement.requestlog [req-014aa39f-ff29-4fcd-852c-eaf634c6ace0 req-c7959ff4-ecf9-442c-8246-e296a4f226eb 0cbdac11b3414fa9983f9f5cd836bc36 cbab0bc396ce4998b990be672fbe39f9 - - d75b538e44df44d6a7a6107f8abc3b91 d75b538e44df44d6a7a6107f8abc3b91] 199.19.213.21 "GET /allocations/0644c3d0-fd53-4968-88c0-6e25815ba834" status: 200 len: 258 microversion: 1.28 [pid: 8|app: 0|req: 546/1099] 199.19.213.21 () {34 vars in 862 bytes} [Wed Jul 15 06:13:08 2026] GET /allocations/0644c3d0-fd53-4968-88c0-6e25815ba834 => generated 258 bytes in 14 msecs (HTTP/1.1 200) 8 headers in 296 bytes (1 switches on core 0)
2026-07-15 06:13:17.214 7 INFO placement.requestlog [None req-31f97beb-703e-43a9-bdcf-80083d6dab3f - - - - - -] 10.0.0.223 "GET /" status: 200 len: 136 microversion: 1.0
2026-07-15 06:13:17.214 8 INFO placement.requestlog [None req-67d0de62-ce17-4c1a-978d-f7cc70ccb8f9 - - - - - -] 10.0.0.223 "GET /" status: 200 len: 136 microversion: 1.0
2026-07-15 06:13:27.214 8 INFO placement.requestlog [None req-a98b9d0d-4582-4c8a-8577-a05323d3ddcd - - - - - -] 10.0.0.223 "GET /" status: 200 len: 136 microversion: 1.0
2026-07-15 06:13:27.214 7 INFO placement.requestlog [None req-32341d83-9a05-4355-a7cc-7d73fde41f22 - - - - - -] 10.0.0.223 "GET /" status: 200 len: 136 microversion: 1.0
2026-07-15 06:13:37.214 8 INFO placement.requestlog [None req-00120631-70f1-4cfb-b4a4-fb957ad52a6c - - - - - -] 10.0.0.223 "GET /" status: 200 len: 136 microversion: 1.0
2026-07-15 06:13:37.214 7 INFO placement.requestlog [None req-8079bdc6-a2ed-4b7c-a85e-89512f338c67 - - - - - -] 10.0.0.223 "GET /" status: 200 len: 136 microversion: 1.0
2026-07-15 06:13:44.375 8 INFO placement.requestlog [req-c87ef3b4-ccdf-4c0c-b01f-56419e26abc4 req-86428bf9-59ed-466b-95c8-7e9957533d90 0cbdac11b3414fa9983f9f5cd836bc36 cbab0bc396ce4998b990be672fbe39f9 - - d75b538e44df44d6a7a6107f8abc3b91 d75b538e44df44d6a7a6107f8abc3b91] 199.19.213.21 "GET /resource_providers/8d96140d-1445-4d01-ac5b-663880e3d0e8/allocations" status: 200 len: 340 microversion: 1.0 [pid: 8|app: 0|req: 550/1106] 199.19.213.21 () {32 vars in 856 bytes} [Wed Jul 15 06:13:44 2026] GET /resource_providers/8d96140d-1445-4d01-ac5b-663880e3d0e8/allocations => generated 340 bytes in 21 msecs (HTTP/1.1 200) 6 headers in 224 bytes (1 switches on core 0)
2026-07-15 06:13:44.435 7 INFO placement.requestlog [req-c87ef3b4-ccdf-4c0c-b01f-56419e26abc4 req-04a2f9eb-6cdf-4c19-b837-6b3ea7150f49 0cbdac11b3414fa9983f9f5cd836bc36 cbab0bc396ce4998b990be672fbe39f9 - - d75b538e44df44d6a7a6107f8abc3b91 d75b538e44df44d6a7a6107f8abc3b91] 199.19.213.21 "GET /resource_providers/8d96140d-1445-4d01-ac5b-663880e3d0e8/allocations" status: 200 len: 340 microversion: 1.0 [pid: 7|app: 0|req: 557/1107] 199.19.213.21 () {32 vars in 856 bytes} [Wed Jul 15 06:13:44 2026] GET /resource_providers/8d96140d-1445-4d01-ac5b-663880e3d0e8/allocations => generated 340 bytes in 23 msecs (HTTP/1.1 200) 6 headers in 224 bytes (1 switches on core 0)
2026-07-15 06:13:44.455 8 INFO placement.requestlog [req-c87ef3b4-ccdf-4c0c-b01f-56419e26abc4 req-8081debd-18a5-4067-a13c-f7fa8662a4c1 0cbdac11b3414fa9983f9f5cd836bc36 cbab0bc396ce4998b990be672fbe39f9 - - d75b538e44df44d6a7a6107f8abc3b91 d75b538e44df44d6a7a6107f8abc3b91] 199.19.213.21 "GET /allocations/dd489ce2-e796-4587-a341-bb0623bfbcfe" status: 200 len: 258 microversion: 1.28 [pid: 8|app: 0|req: 551/1108] 199.19.213.21 () {34 vars in 862 bytes} [Wed Jul 15 06:13:44 2026] GET /allocations/dd489ce2-e796-4587-a341-bb0623bfbcfe => generated 258 bytes in 15 msecs (HTTP/1.1 200) 8 headers in 296 bytes (1 switches on core 0)
2026-07-15 06:13:44.478 7 INFO placement.requestlog [req-c87ef3b4-ccdf-4c0c-b01f-56419e26abc4 req-09c791b2-694c-4f1b-a697-ecb3828a1738 0cbdac11b3414fa9983f9f5cd836bc36 cbab0bc396ce4998b990be672fbe39f9 - - d75b538e44df44d6a7a6107f8abc3b91 d75b538e44df44d6a7a6107f8abc3b91] 199.19.213.21 "GET /allocations/1040e267-5d31-4b26-8342-027b13afb075" status: 200 len: 245 microversion: 1.28 [pid: 7|app: 0|req: 558/1109] 199.19.213.21 () {34 vars in 862 bytes} [Wed Jul 15 06:13:44 2026] GET /allocations/1040e267-5d31-4b26-8342-027b13afb075 => generated 245 bytes in 16 msecs (HTTP/1.1 200) 8 headers in 296 bytes (1 switches on core 0)
2026-07-15 06:13:44.501 8 INFO placement.requestlog [req-c87ef3b4-ccdf-4c0c-b01f-56419e26abc4 req-c93009fb-9196-423e-9658-6fe74fd4cf44 0cbdac11b3414fa9983f9f5cd836bc36 cbab0bc396ce4998b990be672fbe39f9 - - d75b538e44df44d6a7a6107f8abc3b91 d75b538e44df44d6a7a6107f8abc3b91] 199.19.213.21 "GET /allocations/0644c3d0-fd53-4968-88c0-6e25815ba834" status: 200 len: 258 microversion: 1.28 [pid: 8|app: 0|req: 552/1110] 199.19.213.21 () {34 vars in 862 bytes} [Wed Jul 15 06:13:44 2026] GET /allocations/0644c3d0-fd53-4968-88c0-6e25815ba834 => generated 258 bytes in 15 msecs (HTTP/1.1 200) 8 headers in 296 bytes (1 switches on core 0)
2026-07-15 06:13:47.215 7 INFO placement.requestlog [None req-bec1284e-6e13-45ba-b4fd-12678841087e - - - - - -] 10.0.0.223 "GET /" status: 200 len: 136 microversion: 1.0
2026-07-15 06:13:47.215 8 INFO placement.requestlog [None req-146e9357-6958-4983-ab43-283c628e99e2 - - - - - -] 10.0.0.223 "GET /" status: 200 len: 136 microversion: 1.0
2026-07-15 06:13:57.214 8 INFO placement.requestlog [None req-0d970834-76ab-4be8-a47d-ff7b86d6f575 - - - - - -] 10.0.0.223 "GET /" status: 200 len: 136 microversion: 1.0
2026-07-15 06:13:57.214 7 INFO placement.requestlog [None req-a35d2360-d57b-45fd-91fc-61438be2f20c - - - - - -] 10.0.0.223 "GET /" status: 200 len: 136 microversion: 1.0
2026-07-15 06:14:07.215 7 INFO placement.requestlog [None req-f9152a1b-f84e-4b27-9a23-279c4224dd0d - - - - - -] 10.0.0.223 "GET /" status: 200 len: 136 microversion: 1.0
2026-07-15 06:14:07.215 8 INFO placement.requestlog [None req-4872ea12-8852-4ebb-8af2-cf687bda0d52 - - - - - -] 10.0.0.223 "GET /" status: 200 len: 136 microversion: 1.0
2026-07-15 06:14:17.214 8 INFO placement.requestlog [None req-156c9bc5-3a7d-4033-99f9-31d986653250 - - - - - -] 10.0.0.223 "GET /" status: 200 len: 136 microversion: 1.0
2026-07-15 06:14:17.214 7 INFO placement.requestlog [None req-0c931ce3-92aa-4cae-bcea-4f9a3d33c721 - - - - - -] 10.0.0.223 "GET /" status: 200 len: 136 microversion: 1.0
2026-07-15 06:14:27.214 7 INFO placement.requestlog [None req-4acf4d58-59ee-4e7b-86d9-94acf0fc6880 - - - - - -] 10.0.0.223 "GET /" status: 200 len: 136 microversion: 1.0
2026-07-15 06:14:27.215 8 INFO placement.requestlog [None req-2cd6698a-1237-4298-8d95-3b1069cca2b7 - - - - - -] 10.0.0.223 "GET /" status: 200 len: 136 microversion: 1.0
2026-07-15 06:14:37.214 8 INFO placement.requestlog [None req-ddcb23f4-920c-4f6d-bb41-3c9015459e17 - - - - - -] 10.0.0.223 "GET /" status: 200 len: 136 microversion: 1.0
2026-07-15 06:14:37.216 7 INFO placement.requestlog [None req-fc347102-14b7-4fc0-95e8-71235ef827bd - - - - - -] 10.0.0.223 "GET /" status: 200 len: 136 microversion: 1.0
2026-07-15 06:14:44.382 8 INFO placement.requestlog [req-9440f47e-b9e7-47bb-919d-6c2f0ba7987b req-436b22cc-5729-4e3a-ab1a-4208b8f38e7a 0cbdac11b3414fa9983f9f5cd836bc36 cbab0bc396ce4998b990be672fbe39f9 - - d75b538e44df44d6a7a6107f8abc3b91 d75b538e44df44d6a7a6107f8abc3b91] 199.19.213.21 "GET /resource_providers/8d96140d-1445-4d01-ac5b-663880e3d0e8/allocations" status: 200 len: 340 microversion: 1.0 [pid: 8|app: 0|req: 559/1123] 199.19.213.21 () {32 vars in 856 bytes} [Wed Jul 15 06:14:44 2026] GET /resource_providers/8d96140d-1445-4d01-ac5b-663880e3d0e8/allocations => generated 340 bytes in 18 msecs (HTTP/1.1 200) 6 headers in 224 bytes (1 switches on core 0)
2026-07-15 06:14:44.444 7 INFO placement.requestlog [req-9440f47e-b9e7-47bb-919d-6c2f0ba7987b req-603930d8-0b4c-4c21-b51d-36798c0a32e9 0cbdac11b3414fa9983f9f5cd836bc36 cbab0bc396ce4998b990be672fbe39f9 - - d75b538e44df44d6a7a6107f8abc3b91 d75b538e44df44d6a7a6107f8abc3b91] 199.19.213.21 "GET /resource_providers/8d96140d-1445-4d01-ac5b-663880e3d0e8/allocations" status: 200 len: 340 microversion: 1.0 [pid: 7|app: 0|req: 565/1124] 199.19.213.21 () {32 vars in 856 bytes} [Wed Jul 15 06:14:44 2026] GET /resource_providers/8d96140d-1445-4d01-ac5b-663880e3d0e8/allocations => generated 340 bytes in 49 msecs (HTTP/1.1 200) 6 headers in 224 bytes (1 switches on core 0)
2026-07-15 06:14:44.469 8 INFO placement.requestlog [req-9440f47e-b9e7-47bb-919d-6c2f0ba7987b req-df5c2066-bbbd-4f78-ac3b-67d1f738ac34 0cbdac11b3414fa9983f9f5cd836bc36 cbab0bc396ce4998b990be672fbe39f9 - - d75b538e44df44d6a7a6107f8abc3b91 d75b538e44df44d6a7a6107f8abc3b91] 199.19.213.21 "GET /allocations/dd489ce2-e796-4587-a341-bb0623bfbcfe" status: 200 len: 258 microversion: 1.28 [pid: 8|app: 0|req: 560/1125] 199.19.213.21 () {34 vars in 862 bytes} [Wed Jul 15 06:14:44 2026] GET /allocations/dd489ce2-e796-4587-a341-bb0623bfbcfe => generated 258 bytes in 15 msecs (HTTP/1.1 200) 8 headers in 296 bytes (1 switches on core 0)
2026-07-15 06:14:44.494 7 INFO placement.requestlog [req-9440f47e-b9e7-47bb-919d-6c2f0ba7987b req-dfc4ffc6-c9fa-4cba-acb2-967b1108481e 0cbdac11b3414fa9983f9f5cd836bc36 cbab0bc396ce4998b990be672fbe39f9 - - d75b538e44df44d6a7a6107f8abc3b91 d75b538e44df44d6a7a6107f8abc3b91] 199.19.213.21 "GET /allocations/1040e267-5d31-4b26-8342-027b13afb075" status: 200 len: 245 microversion: 1.28 [pid: 7|app: 0|req: 566/1126] 199.19.213.21 () {34 vars in 862 bytes} [Wed Jul 15 06:14:44 2026] GET /allocations/1040e267-5d31-4b26-8342-027b13afb075 => generated 245 bytes in 18 msecs (HTTP/1.1 200) 8 headers in 296 bytes (1 switches on core 0)
2026-07-15 06:14:44.513 8 INFO placement.requestlog [req-9440f47e-b9e7-47bb-919d-6c2f0ba7987b req-b721049b-2e63-4313-8760-142ae8814f67 0cbdac11b3414fa9983f9f5cd836bc36 cbab0bc396ce4998b990be672fbe39f9 - - d75b538e44df44d6a7a6107f8abc3b91 d75b538e44df44d6a7a6107f8abc3b91] 199.19.213.21 "GET /allocations/0644c3d0-fd53-4968-88c0-6e25815ba834" status: 200 len: 258 microversion: 1.28 [pid: 8|app: 0|req: 561/1127] 199.19.213.21 () {34 vars in 862 bytes} [Wed Jul 15 06:14:44 2026] GET /allocations/0644c3d0-fd53-4968-88c0-6e25815ba834 => generated 258 bytes in 12 msecs (HTTP/1.1 200) 8 headers in 296 bytes (1 switches on core 0)
2026-07-15 06:14:47.214 7 INFO placement.requestlog [None req-87d1461f-ef0d-480b-9846-96a9019977ba - - - - - -] 10.0.0.223 "GET /" status: 200 len: 136 microversion: 1.0
2026-07-15 06:14:47.215 8 INFO placement.requestlog [None req-f16e353e-d6bf-4e69-80eb-90ea7db1130a - - - - - -] 10.0.0.223 "GET /" status: 200 len: 136 microversion: 1.0
2026-07-15 06:14:57.215 8 INFO placement.requestlog [None req-4913203d-ac1b-413b-b84c-aae636e2f362 - - - - - -] 10.0.0.223 "GET /" status: 200 len: 136 microversion: 1.0
2026-07-15 06:14:57.215 7 INFO placement.requestlog [None req-591a33d2-934f-43ab-a220-e586301dffb2 - - - - - -] 10.0.0.223 "GET /" status: 200 len: 136 microversion: 1.0
