Jul 23 05:31:15.250210 np0000186254 nova-scheduler[106966]: DEBUG cotyledon.oslo_config_glue [-] vmware.insecure = False {{(pid=106966) log_opt_values /opt/stack/data/venv/lib/python3.12/site-packages/oslo_config/cfg.py:3253}}
Jul 23 05:31:15.250210 np0000186254 nova-scheduler[106966]: DEBUG cotyledon.oslo_config_glue [-] vmware.integration_bridge = None {{(pid=106966) log_opt_values /opt/stack/data/venv/lib/python3.12/site-packages/oslo_config/cfg.py:3253}}
Jul 23 05:31:15.250210 np0000186254 nova-scheduler[106966]: DEBUG cotyledon.oslo_config_glue [-] vmware.maximum_objects = 100 {{(pid=106966) log_opt_values /opt/stack/data/venv/lib/python3.12/site-packages/oslo_config/cfg.py:3253}}
Jul 23 05:31:15.250210 np0000186254 nova-scheduler[106966]: DEBUG cotyledon.oslo_config_glue [-] vmware.pbm_default_policy = None {{(pid=106966) log_opt_values /opt/stack/data/venv/lib/python3.12/site-packages/oslo_config/cfg.py:3253}}
Jul 23 05:31:15.250210 np0000186254 nova-scheduler[106966]: DEBUG cotyledon.oslo_config_glue [-] vmware.pbm_enabled = False {{(pid=106966) log_opt_values /opt/stack/data/venv/lib/python3.12/site-packages/oslo_config/cfg.py:3253}}
Jul 23 05:31:15.250210 np0000186254 nova-scheduler[106966]: DEBUG cotyledon.oslo_config_glue [-] vmware.pbm_wsdl_location = None {{(pid=106966) log_opt_values /opt/stack/data/venv/lib/python3.12/site-packages/oslo_config/cfg.py:3253}}
Jul 23 05:31:15.250210 np0000186254 nova-scheduler[106966]: DEBUG cotyledon.oslo_config_glue [-] vmware.serial_log_dir = /opt/vmware/vspc {{(pid=106966) log_opt_values /opt/stack/data/venv/lib/python3.12/site-packages/oslo_config/cfg.py:3253}}
Jul 23 05:31:15.250210 np0000186254 nova-scheduler[106966]: DEBUG cotyledon.oslo_config_glue [-] vmware.serial_port_proxy_uri = None {{(pid=106966) log_opt_values /opt/stack/data/venv/lib/python3.12/site-packages/oslo_config/cfg.py:3253}}
Jul 23 05:31:15.250210 np0000186254 nova-scheduler[106966]: DEBUG cotyledon.oslo_config_glue [-] vmware.serial_port_service_uri = None {{(pid=106966) log_opt_values /opt/stack/data/venv/lib/python3.12/site-packages/oslo_config/cfg.py:3253}}
Jul 23 05:31:15.250394 np0000186254 nova-scheduler[106966]: DEBUG cotyledon.oslo_config_glue [-] vmware.task_poll_interval = 0.5 {{(pid=106966) log_opt_values /opt/stack/data/venv/lib/python3.12/site-packages/oslo_config/cfg.py:3253}}
Jul 23 05:31:15.250394 np0000186254 nova-scheduler[106966]: DEBUG cotyledon.oslo_config_glue [-] vmware.use_linked_clone = True {{(pid=106966) log_opt_values /opt/stack/data/venv/lib/python3.12/site-packages/oslo_config/cfg.py:3253}}
Jul 23 05:31:15.250394 np0000186254 nova-scheduler[106966]: DEBUG cotyledon.oslo_config_glue [-] vmware.vnc_keymap = en-us {{(pid=106966) log_opt_values /opt/stack/data/venv/lib/python3.12/site-packages/oslo_config/cfg.py:3253}}
Jul 23 05:31:15.250394 np0000186254 nova-scheduler[106966]: DEBUG cotyledon.oslo_config_glue [-] vmware.vnc_port = 5900 {{(pid=106966) log_opt_values /opt/stack/data/venv/lib/python3.12/site-packages/oslo_config/cfg.py:3253}}
Jul 23 05:31:15.250394 np0000186254 nova-scheduler[106966]: DEBUG cotyledon.oslo_config_glue [-] vmware.vnc_port_total = 10000 {{(pid=106966) log_opt_values /opt/stack/data/venv/lib/python3.12/site-packages/oslo_config/cfg.py:3253}}
Jul 23 05:31:15.250394 np0000186254 nova-scheduler[106966]: DEBUG cotyledon.oslo_config_glue [-] vnc.auth_schemes = ['none'] {{(pid=106966) log_opt_values /opt/stack/data/venv/lib/python3.12/site-packages/oslo_config/cfg.py:3253}}
Jul 23 05:31:15.250394 np0000186254 nova-scheduler[106966]: DEBUG cotyledon.oslo_config_glue [-] vnc.enabled = True {{(pid=106966) log_opt_values /opt/stack/data/venv/lib/python3.12/site-packages/oslo_config/cfg.py:3253}}
Jul 23 05:31:15.250394 np0000186254 nova-scheduler[106966]: DEBUG cotyledon.oslo_config_glue [-] vnc.novncproxy_base_url = http://127.0.0.1:6080/vnc_auto.html {{(pid=106966) log_opt_values /opt/stack/data/venv/lib/python3.12/site-packages/oslo_config/cfg.py:3253}}
Jul 23 05:31:15.250394 np0000186254 nova-scheduler[106966]: DEBUG cotyledon.oslo_config_glue [-] vnc.novncproxy_host = 0.0.0.0 {{(pid=106966) log_opt_values /opt/stack/data/venv/lib/python3.12/site-packages/oslo_config/cfg.py:3253}}
Jul 23 05:31:15.250627 np0000186254 nova-scheduler[106966]: DEBUG cotyledon.oslo_config_glue [-] vnc.novncproxy_port = 6080 {{(pid=106966) log_opt_values /opt/stack/data/venv/lib/python3.12/site-packages/oslo_config/cfg.py:3253}}
Jul 23 05:31:15.250627 np0000186254 nova-scheduler[106966]: DEBUG cotyledon.oslo_config_glue [-] vnc.server_listen = 127.0.0.1 {{(pid=106966) log_opt_values /opt/stack/data/venv/lib/python3.12/site-packages/oslo_config/cfg.py:3253}}
Jul 23 05:31:15.250627 np0000186254 nova-scheduler[106966]: DEBUG cotyledon.oslo_config_glue [-] vnc.server_proxyclient_address = 127.0.0.1 {{(pid=106966) log_opt_values /opt/stack/data/venv/lib/python3.12/site-packages/oslo_config/cfg.py:3253}}
Jul 23 05:31:15.250627 np0000186254 nova-scheduler[106966]: DEBUG cotyledon.oslo_config_glue [-] vnc.vencrypt_ca_certs = None {{(pid=106966) log_opt_values /opt/stack/data/venv/lib/python3.12/site-packages/oslo_config/cfg.py:3253}}
Jul 23 05:31:15.250627 np0000186254 nova-scheduler[106966]: DEBUG cotyledon.oslo_config_glue [-] vnc.vencrypt_client_cert = None {{(pid=106966) log_opt_values /opt/stack/data/venv/lib/python3.12/site-packages/oslo_config/cfg.py:3253}}
Jul 23 05:31:15.250627 np0000186254 nova-scheduler[106966]: DEBUG cotyledon.oslo_config_glue [-] vnc.vencrypt_client_key = None {{(pid=106966) log_opt_values /opt/stack/data/venv/lib/python3.12/site-packages/oslo_config/cfg.py:3253}}
Jul 23 05:31:15.250627 np0000186254 nova-scheduler[106966]: DEBUG cotyledon.oslo_config_glue [-] workarounds.disable_compute_service_check_for_ffu = False {{(pid=106966) log_opt_values /opt/stack/data/venv/lib/python3.12/site-packages/oslo_config/cfg.py:3253}}
Jul 23 05:31:15.250627 np0000186254 nova-scheduler[106966]: DEBUG cotyledon.oslo_config_glue [-] workarounds.disable_deep_image_inspection = False {{(pid=106966) log_opt_values /opt/stack/data/venv/lib/python3.12/site-packages/oslo_config/cfg.py:3253}}
Jul 23 05:31:15.250627 np0000186254 nova-scheduler[106966]: DEBUG cotyledon.oslo_config_glue [-] workarounds.disable_fallback_pcpu_query = False {{(pid=106966) log_opt_values /opt/stack/data/venv/lib/python3.12/site-packages/oslo_config/cfg.py:3253}}
Jul 23 05:31:15.250846 np0000186254 nova-scheduler[106966]: DEBUG cotyledon.oslo_config_glue [-] workarounds.disable_group_policy_check_upcall = False {{(pid=106966) log_opt_values /opt/stack/data/venv/lib/python3.12/site-packages/oslo_config/cfg.py:3253}}
Jul 23 05:31:15.250846 np0000186254 nova-scheduler[106966]: DEBUG cotyledon.oslo_config_glue [-] workarounds.disable_libvirt_livesnapshot = False {{(pid=106966) log_opt_values /opt/stack/data/venv/lib/python3.12/site-packages/oslo_config/cfg.py:3253}}
Jul 23 05:31:15.250846 np0000186254 nova-scheduler[106966]: DEBUG cotyledon.oslo_config_glue [-] workarounds.disable_rootwrap = False {{(pid=106966) log_opt_values /opt/stack/data/venv/lib/python3.12/site-packages/oslo_config/cfg.py:3253}}
Jul 23 05:31:15.250846 np0000186254 nova-scheduler[106966]: DEBUG cotyledon.oslo_config_glue [-] workarounds.enable_numa_live_migration = False {{(pid=106966) log_opt_values /opt/stack/data/venv/lib/python3.12/site-packages/oslo_config/cfg.py:3253}}
Jul 23 05:31:15.250846 np0000186254 nova-scheduler[106966]: DEBUG cotyledon.oslo_config_glue [-] workarounds.enable_qemu_monitor_announce_self = False {{(pid=106966) log_opt_values /opt/stack/data/venv/lib/python3.12/site-packages/oslo_config/cfg.py:3253}}
Jul 23 05:31:15.250846 np0000186254 nova-scheduler[106966]: DEBUG cotyledon.oslo_config_glue [-] workarounds.ensure_libvirt_rbd_instance_dir_cleanup = False {{(pid=106966) log_opt_values /opt/stack/data/venv/lib/python3.12/site-packages/oslo_config/cfg.py:3253}}
Jul 23 05:31:15.250846 np0000186254 nova-scheduler[106966]: DEBUG cotyledon.oslo_config_glue [-] workarounds.handle_virt_lifecycle_events = True {{(pid=106966) log_opt_values /opt/stack/data/venv/lib/python3.12/site-packages/oslo_config/cfg.py:3253}}
Jul 23 05:31:15.250846 np0000186254 nova-scheduler[106966]: DEBUG cotyledon.oslo_config_glue [-] workarounds.libvirt_disable_apic = False {{(pid=106966) log_opt_values /opt/stack/data/venv/lib/python3.12/site-packages/oslo_config/cfg.py:3253}}
Jul 23 05:31:15.250846 np0000186254 nova-scheduler[106966]: DEBUG cotyledon.oslo_config_glue [-] workarounds.never_download_image_if_on_rbd = False {{(pid=106966) log_opt_values /opt/stack/data/venv/lib/python3.12/site-packages/oslo_config/cfg.py:3253}}
Jul 23 05:31:15.251035 np0000186254 nova-scheduler[106966]: DEBUG cotyledon.oslo_config_glue [-] workarounds.qemu_monitor_announce_self_count = 3 {{(pid=106966) log_opt_values /opt/stack/data/venv/lib/python3.12/site-packages/oslo_config/cfg.py:3253}}
Jul 23 05:31:15.251035 np0000186254 nova-scheduler[106966]: DEBUG cotyledon.oslo_config_glue [-] workarounds.qemu_monitor_announce_self_interval = 1 {{(pid=106966) log_opt_values /opt/stack/data/venv/lib/python3.12/site-packages/oslo_config/cfg.py:3253}}
Jul 23 05:31:15.251035 np0000186254 nova-scheduler[106966]: DEBUG cotyledon.oslo_config_glue [-] workarounds.reserve_disk_resource_for_image_cache = False {{(pid=106966) log_opt_values /opt/stack/data/venv/lib/python3.12/site-packages/oslo_config/cfg.py:3253}}
Jul 23 05:31:15.251035 np0000186254 nova-scheduler[106966]: DEBUG cotyledon.oslo_config_glue [-] workarounds.skip_cpu_compare_at_startup = False {{(pid=106966) log_opt_values /opt/stack/data/venv/lib/python3.12/site-packages/oslo_config/cfg.py:3253}}
Jul 23 05:31:15.251035 np0000186254 nova-scheduler[106966]: DEBUG cotyledon.oslo_config_glue [-] workarounds.skip_cpu_compare_on_dest = False {{(pid=106966) log_opt_values /opt/stack/data/venv/lib/python3.12/site-packages/oslo_config/cfg.py:3253}}
Jul 23 05:31:15.251035 np0000186254 nova-scheduler[106966]: DEBUG cotyledon.oslo_config_glue [-] workarounds.skip_hypervisor_version_check_on_lm = False {{(pid=106966) log_opt_values /opt/stack/data/venv/lib/python3.12/site-packages/oslo_config/cfg.py:3253}}
Jul 23 05:31:15.251035 np0000186254 nova-scheduler[106966]: DEBUG cotyledon.oslo_config_glue [-] workarounds.skip_reserve_in_use_ironic_nodes = False {{(pid=106966) log_opt_values /opt/stack/data/venv/lib/python3.12/site-packages/oslo_config/cfg.py:3253}}
Jul 23 05:31:15.251035 np0000186254 nova-scheduler[106966]: DEBUG cotyledon.oslo_config_glue [-] workarounds.unified_limits_count_pcpu_as_vcpu = False {{(pid=106966) log_opt_values /opt/stack/data/venv/lib/python3.12/site-packages/oslo_config/cfg.py:3253}}
Jul 23 05:31:15.251200 np0000186254 nova-scheduler[106966]: DEBUG cotyledon.oslo_config_glue [-] workarounds.wait_for_vif_plugged_event_during_hard_reboot = [] {{(pid=106966) log_opt_values /opt/stack/data/venv/lib/python3.12/site-packages/oslo_config/cfg.py:3253}}
Jul 23 05:31:15.251200 np0000186254 nova-scheduler[106966]: DEBUG cotyledon.oslo_config_glue [-] wsgi.api_paste_config = /etc/nova/api-paste.ini {{(pid=106966) log_opt_values /opt/stack/data/venv/lib/python3.12/site-packages/oslo_config/cfg.py:3253}}
Jul 23 05:31:15.251200 np0000186254 nova-scheduler[106966]: DEBUG cotyledon.oslo_config_glue [-] wsgi.secure_proxy_ssl_header = None {{(pid=106966) log_opt_values /opt/stack/data/venv/lib/python3.12/site-packages/oslo_config/cfg.py:3253}}
Jul 23 05:31:15.251200 np0000186254 nova-scheduler[106966]: DEBUG cotyledon.oslo_config_glue [-] zvm.ca_file = None {{(pid=106966) log_opt_values /opt/stack/data/venv/lib/python3.12/site-packages/oslo_config/cfg.py:3253}}
Jul 23 05:31:15.251200 np0000186254 nova-scheduler[106966]: DEBUG cotyledon.oslo_config_glue [-] zvm.cloud_connector_url = None {{(pid=106966) log_opt_values /opt/stack/data/venv/lib/python3.12/site-packages/oslo_config/cfg.py:3253}}
Jul 23 05:31:15.251200 np0000186254 nova-scheduler[106966]: DEBUG cotyledon.oslo_config_glue [-] zvm.image_tmp_path = /opt/stack/data/nova/images {{(pid=106966) log_opt_values /opt/stack/data/venv/lib/python3.12/site-packages/oslo_config/cfg.py:3253}}
Jul 23 05:31:15.251200 np0000186254 nova-scheduler[106966]: DEBUG cotyledon.oslo_config_glue [-] zvm.reachable_timeout = 300 {{(pid=106966) log_opt_values /opt/stack/data/venv/lib/python3.12/site-packages/oslo_config/cfg.py:3253}}
Jul 23 05:31:15.251200 np0000186254 nova-scheduler[106966]: DEBUG cotyledon.oslo_config_glue [-] oslo_versionedobjects.fatal_exception_format_errors = False {{(pid=106966) log_opt_values /opt/stack/data/venv/lib/python3.12/site-packages/oslo_config/cfg.py:3253}}
Jul 23 05:31:15.251200 np0000186254 nova-scheduler[106966]: DEBUG cotyledon.oslo_config_glue [-] oslo_middleware.http_basic_auth_user_file = /etc/htpasswd {{(pid=106966) log_opt_values /opt/stack/data/venv/lib/python3.12/site-packages/oslo_config/cfg.py:3253}}
Jul 23 05:31:15.251382 np0000186254 nova-scheduler[106966]: DEBUG cotyledon.oslo_config_glue [-] oslo_messaging_metrics.metrics_buffer_size = 1000 {{(pid=106966) log_opt_values /opt/stack/data/venv/lib/python3.12/site-packages/oslo_config/cfg.py:3253}}
Jul 23 05:31:15.251382 np0000186254 nova-scheduler[106966]: DEBUG cotyledon.oslo_config_glue [-] oslo_messaging_metrics.metrics_enabled = False {{(pid=106966) log_opt_values /opt/stack/data/venv/lib/python3.12/site-packages/oslo_config/cfg.py:3253}}
Jul 23 05:31:15.251382 np0000186254 nova-scheduler[106966]: DEBUG cotyledon.oslo_config_glue [-] oslo_messaging_metrics.metrics_process_name = {{(pid=106966) log_opt_values /opt/stack/data/venv/lib/python3.12/site-packages/oslo_config/cfg.py:3253}}
Jul 23 05:31:15.251382 np0000186254 nova-scheduler[106966]: DEBUG cotyledon.oslo_config_glue [-] oslo_messaging_metrics.metrics_socket_file = /var/tmp/metrics_collector.sock {{(pid=106966) log_opt_values /opt/stack/data/venv/lib/python3.12/site-packages/oslo_config/cfg.py:3253}}
Jul 23 05:31:15.251382 np0000186254 nova-scheduler[106966]: DEBUG cotyledon.oslo_config_glue [-] oslo_messaging_metrics.metrics_thread_stop_timeout = 10 {{(pid=106966) log_opt_values /opt/stack/data/venv/lib/python3.12/site-packages/oslo_config/cfg.py:3253}}
Jul 23 05:31:15.251382 np0000186254 nova-scheduler[106966]: DEBUG cotyledon.oslo_config_glue [-] profiler.connection_string = messaging:// {{(pid=106966) log_opt_values /opt/stack/data/venv/lib/python3.12/site-packages/oslo_config/cfg.py:3253}}
Jul 23 05:31:15.251382 np0000186254 nova-scheduler[106966]: DEBUG cotyledon.oslo_config_glue [-] profiler.enabled = False {{(pid=106966) log_opt_values /opt/stack/data/venv/lib/python3.12/site-packages/oslo_config/cfg.py:3253}}
Jul 23 05:31:15.251382 np0000186254 nova-scheduler[106966]: DEBUG cotyledon.oslo_config_glue [-] profiler.es_doc_type = notification {{(pid=106966) log_opt_values /opt/stack/data/venv/lib/python3.12/site-packages/oslo_config/cfg.py:3253}}
Jul 23 05:31:15.251382 np0000186254 nova-scheduler[106966]: DEBUG cotyledon.oslo_config_glue [-] profiler.es_scroll_size = 10000 {{(pid=106966) log_opt_values /opt/stack/data/venv/lib/python3.12/site-packages/oslo_config/cfg.py:3253}}
Jul 23 05:31:15.251585 np0000186254 nova-scheduler[106966]: DEBUG cotyledon.oslo_config_glue [-] profiler.es_scroll_time = 2m {{(pid=106966) log_opt_values /opt/stack/data/venv/lib/python3.12/site-packages/oslo_config/cfg.py:3253}}
Jul 23 05:31:15.251585 np0000186254 nova-scheduler[106966]: DEBUG cotyledon.oslo_config_glue [-] profiler.filter_error_trace = False {{(pid=106966) log_opt_values /opt/stack/data/venv/lib/python3.12/site-packages/oslo_config/cfg.py:3253}}
Jul 23 05:31:15.251585 np0000186254 nova-scheduler[106966]: DEBUG cotyledon.oslo_config_glue [-] profiler.hmac_keys = **** {{(pid=106966) log_opt_values /opt/stack/data/venv/lib/python3.12/site-packages/oslo_config/cfg.py:3253}}
Jul 23 05:31:15.251585 np0000186254 nova-scheduler[106966]: DEBUG cotyledon.oslo_config_glue [-] profiler.sentinel_service_name = mymaster {{(pid=106966) log_opt_values /opt/stack/data/venv/lib/python3.12/site-packages/oslo_config/cfg.py:3253}}
Jul 23 05:31:15.251585 np0000186254 nova-scheduler[106966]: DEBUG cotyledon.oslo_config_glue [-] profiler.socket_timeout = 0.1 {{(pid=106966) log_opt_values /opt/stack/data/venv/lib/python3.12/site-packages/oslo_config/cfg.py:3253}}
Jul 23 05:31:15.251585 np0000186254 nova-scheduler[106966]: DEBUG cotyledon.oslo_config_glue [-] profiler.trace_requests = False {{(pid=106966) log_opt_values /opt/stack/data/venv/lib/python3.12/site-packages/oslo_config/cfg.py:3253}}
Jul 23 05:31:15.251585 np0000186254 nova-scheduler[106966]: DEBUG cotyledon.oslo_config_glue [-] profiler.trace_sqlalchemy = False {{(pid=106966) log_opt_values /opt/stack/data/venv/lib/python3.12/site-packages/oslo_config/cfg.py:3253}}
Jul 23 05:31:15.251585 np0000186254 nova-scheduler[106966]: DEBUG cotyledon.oslo_config_glue [-] profiler_jaeger.process_tags = {} {{(pid=106966) log_opt_values /opt/stack/data/venv/lib/python3.12/site-packages/oslo_config/cfg.py:3253}}
Jul 23 05:31:15.251585 np0000186254 nova-scheduler[106966]: DEBUG cotyledon.oslo_config_glue [-] profiler_jaeger.service_name_prefix = None {{(pid=106966) log_opt_values /opt/stack/data/venv/lib/python3.12/site-packages/oslo_config/cfg.py:3253}}
Jul 23 05:31:15.251801 np0000186254 nova-scheduler[106966]: DEBUG cotyledon.oslo_config_glue [-] profiler_otlp.service_name_prefix = None {{(pid=106966) log_opt_values /opt/stack/data/venv/lib/python3.12/site-packages/oslo_config/cfg.py:3253}}
Jul 23 05:31:15.251801 np0000186254 nova-scheduler[106966]: DEBUG cotyledon.oslo_config_glue [-] oslo_messaging_rabbit.amqp_auto_delete = False {{(pid=106966) log_opt_values /opt/stack/data/venv/lib/python3.12/site-packages/oslo_config/cfg.py:3253}}
Jul 23 05:31:15.251801 np0000186254 nova-scheduler[106966]: DEBUG cotyledon.oslo_config_glue [-] oslo_messaging_rabbit.amqp_durable_queues = False {{(pid=106966) log_opt_values /opt/stack/data/venv/lib/python3.12/site-packages/oslo_config/cfg.py:3253}}
Jul 23 05:31:15.251801 np0000186254 nova-scheduler[106966]: DEBUG cotyledon.oslo_config_glue [-] oslo_messaging_rabbit.conn_pool_min_size = 2 {{(pid=106966) log_opt_values /opt/stack/data/venv/lib/python3.12/site-packages/oslo_config/cfg.py:3253}}
Jul 23 05:31:15.251801 np0000186254 nova-scheduler[106966]: DEBUG cotyledon.oslo_config_glue [-] oslo_messaging_rabbit.conn_pool_ttl = 1200 {{(pid=106966) log_opt_values /opt/stack/data/venv/lib/python3.12/site-packages/oslo_config/cfg.py:3253}}
Jul 23 05:31:15.251801 np0000186254 nova-scheduler[106966]: DEBUG cotyledon.oslo_config_glue [-] oslo_messaging_rabbit.direct_mandatory_flag = True {{(pid=106966) log_opt_values /opt/stack/data/venv/lib/python3.12/site-packages/oslo_config/cfg.py:3253}}
Jul 23 05:31:15.251801 np0000186254 nova-scheduler[106966]: DEBUG cotyledon.oslo_config_glue [-] oslo_messaging_rabbit.enable_cancel_on_failover = False {{(pid=106966) log_opt_values /opt/stack/data/venv/lib/python3.12/site-packages/oslo_config/cfg.py:3253}}
Jul 23 05:31:15.251801 np0000186254 nova-scheduler[106966]: DEBUG cotyledon.oslo_config_glue [-] oslo_messaging_rabbit.heartbeat_rate = 3 {{(pid=106966) log_opt_values /opt/stack/data/venv/lib/python3.12/site-packages/oslo_config/cfg.py:3253}}
Jul 23 05:31:15.251801 np0000186254 nova-scheduler[106966]: DEBUG cotyledon.oslo_config_glue [-] oslo_messaging_rabbit.heartbeat_timeout_threshold = 60 {{(pid=106966) log_opt_values /opt/stack/data/venv/lib/python3.12/site-packages/oslo_config/cfg.py:3253}}
Jul 23 05:31:15.251980 np0000186254 nova-scheduler[106966]: DEBUG cotyledon.oslo_config_glue [-] oslo_messaging_rabbit.hostname = np0000186254 {{(pid=106966) log_opt_values /opt/stack/data/venv/lib/python3.12/site-packages/oslo_config/cfg.py:3253}}
Jul 23 05:31:15.251980 np0000186254 nova-scheduler[106966]: DEBUG cotyledon.oslo_config_glue [-] oslo_messaging_rabbit.kombu_compression = None {{(pid=106966) log_opt_values /opt/stack/data/venv/lib/python3.12/site-packages/oslo_config/cfg.py:3253}}
Jul 23 05:31:15.251980 np0000186254 nova-scheduler[106966]: DEBUG cotyledon.oslo_config_glue [-] oslo_messaging_rabbit.kombu_failover_strategy = round-robin {{(pid=106966) log_opt_values /opt/stack/data/venv/lib/python3.12/site-packages/oslo_config/cfg.py:3253}}
Jul 23 05:31:15.251980 np0000186254 nova-scheduler[106966]: DEBUG cotyledon.oslo_config_glue [-] oslo_messaging_rabbit.kombu_missing_consumer_retry_timeout = 60 {{(pid=106966) log_opt_values /opt/stack/data/venv/lib/python3.12/site-packages/oslo_config/cfg.py:3253}}
Jul 23 05:31:15.251980 np0000186254 nova-scheduler[106966]: DEBUG cotyledon.oslo_config_glue [-] oslo_messaging_rabbit.kombu_reconnect_delay = 1.0 {{(pid=106966) log_opt_values /opt/stack/data/venv/lib/python3.12/site-packages/oslo_config/cfg.py:3253}}
Jul 23 05:31:15.252084 np0000186254 nova-scheduler[106943]: DEBUG oslo_db.sqlalchemy.engines [None req-afe95974-3c63-401a-ad5c-dc6799a8c0bc None None] MySQL server mode set to STRICT_TRANS_TABLES,STRICT_ALL_TABLES,NO_ZERO_IN_DATE,NO_ZERO_DATE,ERROR_FOR_DIVISION_BY_ZERO,TRADITIONAL,NO_ENGINE_SUBSTITUTION {{(pid=106943) _check_effective_sql_mode /opt/stack/data/venv/lib/python3.12/site-packages/oslo_db/sqlalchemy/engines.py:325}}
Jul 23 05:31:15.252115 np0000186254 nova-scheduler[106966]: DEBUG cotyledon.oslo_config_glue [-] oslo_messaging_rabbit.kombu_reconnect_splay = 0.0 {{(pid=106966) log_opt_values /opt/stack/data/venv/lib/python3.12/site-packages/oslo_config/cfg.py:3253}}
Jul 23 05:31:15.252115 np0000186254 nova-scheduler[106966]: DEBUG cotyledon.oslo_config_glue [-] oslo_messaging_rabbit.processname = nova-scheduler {{(pid=106966) log_opt_values /opt/stack/data/venv/lib/python3.12/site-packages/oslo_config/cfg.py:3253}}
Jul 23 05:31:15.252115 np0000186254 nova-scheduler[106966]: DEBUG cotyledon.oslo_config_glue [-] oslo_messaging_rabbit.rabbit_ha_queues = False {{(pid=106966) log_opt_values /opt/stack/data/venv/lib/python3.12/site-packages/oslo_config/cfg.py:3253}}
Jul 23 05:31:15.252115 np0000186254 nova-scheduler[106966]: DEBUG cotyledon.oslo_config_glue [-] oslo_messaging_rabbit.rabbit_interval_max = 30 {{(pid=106966) log_opt_values /opt/stack/data/venv/lib/python3.12/site-packages/oslo_config/cfg.py:3253}}
Jul 23 05:31:15.252115 np0000186254 nova-scheduler[106966]: DEBUG cotyledon.oslo_config_glue [-] oslo_messaging_rabbit.rabbit_login_method = AMQPLAIN {{(pid=106966) log_opt_values /opt/stack/data/venv/lib/python3.12/site-packages/oslo_config/cfg.py:3253}}
Jul 23 05:31:15.252115 np0000186254 nova-scheduler[106966]: DEBUG cotyledon.oslo_config_glue [-] oslo_messaging_rabbit.rabbit_qos_prefetch_count = 0 {{(pid=106966) log_opt_values /opt/stack/data/venv/lib/python3.12/site-packages/oslo_config/cfg.py:3253}}
Jul 23 05:31:15.252115 np0000186254 nova-scheduler[106966]: DEBUG cotyledon.oslo_config_glue [-] oslo_messaging_rabbit.rabbit_quorum_delivery_limit = 0 {{(pid=106966) log_opt_values /opt/stack/data/venv/lib/python3.12/site-packages/oslo_config/cfg.py:3253}}
Jul 23 05:31:15.252115 np0000186254 nova-scheduler[106966]: DEBUG cotyledon.oslo_config_glue [-] oslo_messaging_rabbit.rabbit_quorum_max_memory_bytes = 0 {{(pid=106966) log_opt_values /opt/stack/data/venv/lib/python3.12/site-packages/oslo_config/cfg.py:3253}}
Jul 23 05:31:15.252273 np0000186254 nova-scheduler[106966]: DEBUG cotyledon.oslo_config_glue [-] oslo_messaging_rabbit.rabbit_quorum_max_memory_length = 0 {{(pid=106966) log_opt_values /opt/stack/data/venv/lib/python3.12/site-packages/oslo_config/cfg.py:3253}}
Jul 23 05:31:15.252273 np0000186254 nova-scheduler[106966]: DEBUG cotyledon.oslo_config_glue [-] oslo_messaging_rabbit.rabbit_quorum_queue = False {{(pid=106966) log_opt_values /opt/stack/data/venv/lib/python3.12/site-packages/oslo_config/cfg.py:3253}}
Jul 23 05:31:15.252273 np0000186254 nova-scheduler[106966]: DEBUG cotyledon.oslo_config_glue [-] oslo_messaging_rabbit.rabbit_retry_backoff = 2 {{(pid=106966) log_opt_values /opt/stack/data/venv/lib/python3.12/site-packages/oslo_config/cfg.py:3253}}
Jul 23 05:31:15.252273 np0000186254 nova-scheduler[106966]: DEBUG cotyledon.oslo_config_glue [-] oslo_messaging_rabbit.rabbit_retry_interval = 1 {{(pid=106966) log_opt_values /opt/stack/data/venv/lib/python3.12/site-packages/oslo_config/cfg.py:3253}}
Jul 23 05:31:15.252273 np0000186254 nova-scheduler[106966]: DEBUG cotyledon.oslo_config_glue [-] oslo_messaging_rabbit.rabbit_stream_fanout = False {{(pid=106966) log_opt_values /opt/stack/data/venv/lib/python3.12/site-packages/oslo_config/cfg.py:3253}}
Jul 23 05:31:15.252273 np0000186254 nova-scheduler[106966]: DEBUG cotyledon.oslo_config_glue [-] oslo_messaging_rabbit.rabbit_transient_queues_ttl = 1800 {{(pid=106966) log_opt_values /opt/stack/data/venv/lib/python3.12/site-packages/oslo_config/cfg.py:3253}}
Jul 23 05:31:15.252273 np0000186254 nova-scheduler[106966]: DEBUG cotyledon.oslo_config_glue [-] oslo_messaging_rabbit.rabbit_transient_quorum_queue = False {{(pid=106966) log_opt_values /opt/stack/data/venv/lib/python3.12/site-packages/oslo_config/cfg.py:3253}}
Jul 23 05:31:15.252273 np0000186254 nova-scheduler[106966]: DEBUG cotyledon.oslo_config_glue [-] oslo_messaging_rabbit.rpc_conn_pool_size = 30 {{(pid=106966) log_opt_values /opt/stack/data/venv/lib/python3.12/site-packages/oslo_config/cfg.py:3253}}
Jul 23 05:31:15.252273 np0000186254 nova-scheduler[106966]: DEBUG cotyledon.oslo_config_glue [-] oslo_messaging_rabbit.ssl = False {{(pid=106966) log_opt_values /opt/stack/data/venv/lib/python3.12/site-packages/oslo_config/cfg.py:3253}}
Jul 23 05:31:15.252475 np0000186254 nova-scheduler[106966]: DEBUG cotyledon.oslo_config_glue [-] oslo_messaging_rabbit.ssl_ca_file = {{(pid=106966) log_opt_values /opt/stack/data/venv/lib/python3.12/site-packages/oslo_config/cfg.py:3253}}
Jul 23 05:31:15.252475 np0000186254 nova-scheduler[106966]: DEBUG cotyledon.oslo_config_glue [-] oslo_messaging_rabbit.ssl_cert_file = {{(pid=106966) log_opt_values /opt/stack/data/venv/lib/python3.12/site-packages/oslo_config/cfg.py:3253}}
Jul 23 05:31:15.252475 np0000186254 nova-scheduler[106966]: DEBUG cotyledon.oslo_config_glue [-] oslo_messaging_rabbit.ssl_enforce_fips_mode = False {{(pid=106966) log_opt_values /opt/stack/data/venv/lib/python3.12/site-packages/oslo_config/cfg.py:3253}}
Jul 23 05:31:15.252475 np0000186254 nova-scheduler[106966]: DEBUG cotyledon.oslo_config_glue [-] oslo_messaging_rabbit.ssl_enforce_hostname_verification = True {{(pid=106966) log_opt_values /opt/stack/data/venv/lib/python3.12/site-packages/oslo_config/cfg.py:3253}}
Jul 23 05:31:15.252475 np0000186254 nova-scheduler[106966]: DEBUG cotyledon.oslo_config_glue [-] oslo_messaging_rabbit.ssl_key_file = {{(pid=106966) log_opt_values /opt/stack/data/venv/lib/python3.12/site-packages/oslo_config/cfg.py:3253}}
Jul 23 05:31:15.252475 np0000186254 nova-scheduler[106966]: DEBUG cotyledon.oslo_config_glue [-] oslo_messaging_rabbit.ssl_version = {{(pid=106966) log_opt_values /opt/stack/data/venv/lib/python3.12/site-packages/oslo_config/cfg.py:3253}}
Jul 23 05:31:15.252475 np0000186254 nova-scheduler[106966]: DEBUG cotyledon.oslo_config_glue [-] oslo_messaging_rabbit.use_queue_manager = False {{(pid=106966) log_opt_values /opt/stack/data/venv/lib/python3.12/site-packages/oslo_config/cfg.py:3253}}
Jul 23 05:31:15.252475 np0000186254 nova-scheduler[106966]: DEBUG cotyledon.oslo_config_glue [-] oslo_messaging_notifications.driver = ['messagingv2'] {{(pid=106966) log_opt_values /opt/stack/data/venv/lib/python3.12/site-packages/oslo_config/cfg.py:3253}}
Jul 23 05:31:15.252656 np0000186254 nova-scheduler[106961]: INFO dbcounter [None req-526ab8f5-49e6-4832-bc9b-40915760b4db None None] Registered counter for database nova_cell0
Jul 23 05:31:15.252689 np0000186254 nova-scheduler[106966]: DEBUG cotyledon.oslo_config_glue [-] oslo_messaging_notifications.retry = -1 {{(pid=106966) log_opt_values /opt/stack/data/venv/lib/python3.12/site-packages/oslo_config/cfg.py:3253}}
Jul 23 05:31:15.252689 np0000186254 nova-scheduler[106966]: DEBUG cotyledon.oslo_config_glue [-] oslo_messaging_notifications.topics = ['notifications'] {{(pid=106966) log_opt_values /opt/stack/data/venv/lib/python3.12/site-packages/oslo_config/cfg.py:3253}}
Jul 23 05:31:15.252689 np0000186254 nova-scheduler[106966]: DEBUG cotyledon.oslo_config_glue [-] oslo_messaging_notifications.transport_url = **** {{(pid=106966) log_opt_values /opt/stack/data/venv/lib/python3.12/site-packages/oslo_config/cfg.py:3253}}
Jul 23 05:31:15.252689 np0000186254 nova-scheduler[106966]: DEBUG cotyledon.oslo_config_glue [-] oslo_limit.auth_section = None {{(pid=106966) log_opt_values /opt/stack/data/venv/lib/python3.12/site-packages/oslo_config/cfg.py:3253}}
Jul 23 05:31:15.252689 np0000186254 nova-scheduler[106966]: DEBUG cotyledon.oslo_config_glue [-] oslo_limit.auth_type = None {{(pid=106966) log_opt_values /opt/stack/data/venv/lib/python3.12/site-packages/oslo_config/cfg.py:3253}}
Jul 23 05:31:15.252689 np0000186254 nova-scheduler[106966]: DEBUG cotyledon.oslo_config_glue [-] oslo_limit.cafile = None {{(pid=106966) log_opt_values /opt/stack/data/venv/lib/python3.12/site-packages/oslo_config/cfg.py:3253}}
Jul 23 05:31:15.252689 np0000186254 nova-scheduler[106966]: DEBUG cotyledon.oslo_config_glue [-] oslo_limit.certfile = None {{(pid=106966) log_opt_values /opt/stack/data/venv/lib/python3.12/site-packages/oslo_config/cfg.py:3253}}
Jul 23 05:31:15.252689 np0000186254 nova-scheduler[106966]: DEBUG cotyledon.oslo_config_glue [-] oslo_limit.collect_timing = False {{(pid=106966) log_opt_values /opt/stack/data/venv/lib/python3.12/site-packages/oslo_config/cfg.py:3253}}
Jul 23 05:31:15.252689 np0000186254 nova-scheduler[106966]: DEBUG cotyledon.oslo_config_glue [-] oslo_limit.connect_retries = None {{(pid=106966) log_opt_values /opt/stack/data/venv/lib/python3.12/site-packages/oslo_config/cfg.py:3253}}
Jul 23 05:31:15.252874 np0000186254 nova-scheduler[106966]: DEBUG cotyledon.oslo_config_glue [-] oslo_limit.connect_retry_delay = None {{(pid=106966) log_opt_values /opt/stack/data/venv/lib/python3.12/site-packages/oslo_config/cfg.py:3253}}
Jul 23 05:31:15.252874 np0000186254 nova-scheduler[106966]: DEBUG cotyledon.oslo_config_glue [-] oslo_limit.endpoint_id = None {{(pid=106966) log_opt_values /opt/stack/data/venv/lib/python3.12/site-packages/oslo_config/cfg.py:3253}}
Jul 23 05:31:15.252874 np0000186254 nova-scheduler[106966]: DEBUG cotyledon.oslo_config_glue [-] oslo_limit.endpoint_interface = public {{(pid=106966) log_opt_values /opt/stack/data/venv/lib/python3.12/site-packages/oslo_config/cfg.py:3253}}
Jul 23 05:31:15.252874 np0000186254 nova-scheduler[106966]: DEBUG cotyledon.oslo_config_glue [-] oslo_limit.endpoint_override = None {{(pid=106966) log_opt_values /opt/stack/data/venv/lib/python3.12/site-packages/oslo_config/cfg.py:3253}}
Jul 23 05:31:15.252874 np0000186254 nova-scheduler[106966]: DEBUG cotyledon.oslo_config_glue [-] oslo_limit.endpoint_region_name = None {{(pid=106966) log_opt_values /opt/stack/data/venv/lib/python3.12/site-packages/oslo_config/cfg.py:3253}}
Jul 23 05:31:15.252874 np0000186254 nova-scheduler[106966]: DEBUG cotyledon.oslo_config_glue [-] oslo_limit.endpoint_service_name = None {{(pid=106966) log_opt_values /opt/stack/data/venv/lib/python3.12/site-packages/oslo_config/cfg.py:3253}}
Jul 23 05:31:15.252874 np0000186254 nova-scheduler[106966]: DEBUG cotyledon.oslo_config_glue [-] oslo_limit.endpoint_service_type = None {{(pid=106966) log_opt_values /opt/stack/data/venv/lib/python3.12/site-packages/oslo_config/cfg.py:3253}}
Jul 23 05:31:15.252874 np0000186254 nova-scheduler[106966]: DEBUG cotyledon.oslo_config_glue [-] oslo_limit.insecure = False {{(pid=106966) log_opt_values /opt/stack/data/venv/lib/python3.12/site-packages/oslo_config/cfg.py:3253}}
Jul 23 05:31:15.252874 np0000186254 nova-scheduler[106966]: DEBUG cotyledon.oslo_config_glue [-] oslo_limit.keyfile = None {{(pid=106966) log_opt_values /opt/stack/data/venv/lib/python3.12/site-packages/oslo_config/cfg.py:3253}}
Jul 23 05:31:15.253058 np0000186254 nova-scheduler[106966]: DEBUG cotyledon.oslo_config_glue [-] oslo_limit.max_version = None {{(pid=106966) log_opt_values /opt/stack/data/venv/lib/python3.12/site-packages/oslo_config/cfg.py:3253}}
Jul 23 05:31:15.253058 np0000186254 nova-scheduler[106966]: DEBUG cotyledon.oslo_config_glue [-] oslo_limit.min_version = None {{(pid=106966) log_opt_values /opt/stack/data/venv/lib/python3.12/site-packages/oslo_config/cfg.py:3253}}
Jul 23 05:31:15.253058 np0000186254 nova-scheduler[106966]: DEBUG cotyledon.oslo_config_glue [-] oslo_limit.region_name = None {{(pid=106966) log_opt_values /opt/stack/data/venv/lib/python3.12/site-packages/oslo_config/cfg.py:3253}}
Jul 23 05:31:15.253058 np0000186254 nova-scheduler[106966]: DEBUG cotyledon.oslo_config_glue [-] oslo_limit.retriable_status_codes = None {{(pid=106966) log_opt_values /opt/stack/data/venv/lib/python3.12/site-packages/oslo_config/cfg.py:3253}}
Jul 23 05:31:15.253058 np0000186254 nova-scheduler[106966]: DEBUG cotyledon.oslo_config_glue [-] oslo_limit.service_name = None {{(pid=106966) log_opt_values /opt/stack/data/venv/lib/python3.12/site-packages/oslo_config/cfg.py:3253}}
Jul 23 05:31:15.253058 np0000186254 nova-scheduler[106966]: DEBUG cotyledon.oslo_config_glue [-] oslo_limit.service_type = None {{(pid=106966) log_opt_values /opt/stack/data/venv/lib/python3.12/site-packages/oslo_config/cfg.py:3253}}
Jul 23 05:31:15.253058 np0000186254 nova-scheduler[106966]: DEBUG cotyledon.oslo_config_glue [-] oslo_limit.split_loggers = False {{(pid=106966) log_opt_values /opt/stack/data/venv/lib/python3.12/site-packages/oslo_config/cfg.py:3253}}
Jul 23 05:31:15.253058 np0000186254 nova-scheduler[106966]: DEBUG cotyledon.oslo_config_glue [-] oslo_limit.status_code_retries = None {{(pid=106966) log_opt_values /opt/stack/data/venv/lib/python3.12/site-packages/oslo_config/cfg.py:3253}}
Jul 23 05:31:15.253058 np0000186254 nova-scheduler[106966]: DEBUG cotyledon.oslo_config_glue [-] oslo_limit.status_code_retry_delay = None {{(pid=106966) log_opt_values /opt/stack/data/venv/lib/python3.12/site-packages/oslo_config/cfg.py:3253}}
Jul 23 05:31:15.253247 np0000186254 nova-scheduler[106966]: DEBUG cotyledon.oslo_config_glue [-] oslo_limit.timeout = None {{(pid=106966) log_opt_values /opt/stack/data/venv/lib/python3.12/site-packages/oslo_config/cfg.py:3253}}
Jul 23 05:31:15.253247 np0000186254 nova-scheduler[106966]: DEBUG cotyledon.oslo_config_glue [-] oslo_limit.valid_interfaces = None {{(pid=106966) log_opt_values /opt/stack/data/venv/lib/python3.12/site-packages/oslo_config/cfg.py:3253}}
Jul 23 05:31:15.253247 np0000186254 nova-scheduler[106966]: DEBUG cotyledon.oslo_config_glue [-] oslo_limit.version = None {{(pid=106966) log_opt_values /opt/stack/data/venv/lib/python3.12/site-packages/oslo_config/cfg.py:3253}}
Jul 23 05:31:15.253247 np0000186254 nova-scheduler[106966]: DEBUG cotyledon.oslo_config_glue [-] oslo_reports.file_event_handler = None {{(pid=106966) log_opt_values /opt/stack/data/venv/lib/python3.12/site-packages/oslo_config/cfg.py:3253}}
Jul 23 05:31:15.253247 np0000186254 nova-scheduler[106966]: DEBUG cotyledon.oslo_config_glue [-] oslo_reports.file_event_handler_interval = 1 {{(pid=106966) log_opt_values /opt/stack/data/venv/lib/python3.12/site-packages/oslo_config/cfg.py:3253}}
Jul 23 05:31:15.253247 np0000186254 nova-scheduler[106966]: DEBUG cotyledon.oslo_config_glue [-] oslo_reports.log_dir = None {{(pid=106966) log_opt_values /opt/stack/data/venv/lib/python3.12/site-packages/oslo_config/cfg.py:3253}}
Jul 23 05:31:15.253247 np0000186254 nova-scheduler[106966]: DEBUG cotyledon.oslo_config_glue [-] ******************************************************************************** {{(pid=106966) log_opt_values /opt/stack/data/venv/lib/python3.12/site-packages/oslo_config/cfg.py:3260}}
Jul 23 05:31:15.253247 np0000186254 nova-scheduler[106966]: DEBUG cotyledon._service_worker [-] Run service ServiceWrapper(3) [106966] {{(pid=106966) wait_forever /opt/stack/data/venv/lib/python3.12/site-packages/cotyledon/_service_worker.py:218}}
Jul 23 05:31:15.253247 np0000186254 nova-scheduler[106966]: INFO nova.service [-] Starting scheduler node (version 33.1.0)
Jul 23 05:31:15.253434 np0000186254 nova-scheduler[106950]: INFO dbcounter [None req-156ed3a6-7b17-4dce-90ce-45257ffb554a None None] Registered counter for database nova_cell0
Jul 23 05:31:15.253476 np0000186254 nova-scheduler[106966]: INFO dbcounter [None req-d3ca7dd8-bf8b-4a3f-ae5e-9228d401da54 None None] Registered counter for database nova_cell0
Jul 23 05:31:15.253508 np0000186254 nova-scheduler[106943]: DEBUG dbcounter [-] [106943] Writer thread running {{(pid=106943) stat_writer /opt/stack/data/venv/lib/python3.12/site-packages/dbcounter.py:102}}
Jul 23 05:31:15.254604 np0000186254 nova-scheduler[106943]: DEBUG nova.service [None req-afe95974-3c63-401a-ad5c-dc6799a8c0bc None None] Creating RPC server for service: nova-scheduler on topic: scheduler {{(pid=106943) start /opt/stack/nova/nova/service.py:196}}
Jul 23 05:31:15.267030 np0000186254 nova-scheduler[106961]: DEBUG oslo_db.sqlalchemy.engines [None req-526ab8f5-49e6-4832-bc9b-40915760b4db None None] MySQL server mode set to STRICT_TRANS_TABLES,STRICT_ALL_TABLES,NO_ZERO_IN_DATE,NO_ZERO_DATE,ERROR_FOR_DIVISION_BY_ZERO,TRADITIONAL,NO_ENGINE_SUBSTITUTION {{(pid=106961) _check_effective_sql_mode /opt/stack/data/venv/lib/python3.12/site-packages/oslo_db/sqlalchemy/engines.py:325}}
Jul 23 05:31:15.275935 np0000186254 nova-scheduler[106961]: DEBUG dbcounter [-] [106961] Writer thread running {{(pid=106961) stat_writer /opt/stack/data/venv/lib/python3.12/site-packages/dbcounter.py:102}}
Jul 23 05:31:15.278564 np0000186254 nova-scheduler[106961]: DEBUG nova.service [None req-526ab8f5-49e6-4832-bc9b-40915760b4db None None] Creating RPC server for service: nova-scheduler on topic: scheduler {{(pid=106961) start /opt/stack/nova/nova/service.py:196}}
Jul 23 05:31:15.285174 np0000186254 nova-scheduler[106943]: DEBUG nova.service [None req-afe95974-3c63-401a-ad5c-dc6799a8c0bc None None] Join ServiceGroup membership for this service scheduler {{(pid=106943) start /opt/stack/nova/nova/service.py:222}}
Jul 23 05:31:15.285396 np0000186254 nova-scheduler[106943]: DEBUG nova.servicegroup.drivers.db [None req-afe95974-3c63-401a-ad5c-dc6799a8c0bc None None] DB_Driver: join new ServiceGroup member np0000186254 to the scheduler group, service = {{(pid=106943) join /opt/stack/nova/nova/servicegroup/drivers/db.py:44}}
Jul 23 05:31:15.299574 np0000186254 nova-scheduler[106966]: DEBUG oslo_db.sqlalchemy.engines [None req-d3ca7dd8-bf8b-4a3f-ae5e-9228d401da54 None None] MySQL server mode set to STRICT_TRANS_TABLES,STRICT_ALL_TABLES,NO_ZERO_IN_DATE,NO_ZERO_DATE,ERROR_FOR_DIVISION_BY_ZERO,TRADITIONAL,NO_ENGINE_SUBSTITUTION {{(pid=106966) _check_effective_sql_mode /opt/stack/data/venv/lib/python3.12/site-packages/oslo_db/sqlalchemy/engines.py:325}}
Jul 23 05:31:15.306031 np0000186254 nova-scheduler[106950]: DEBUG oslo_db.sqlalchemy.engines [None req-156ed3a6-7b17-4dce-90ce-45257ffb554a None None] MySQL server mode set to STRICT_TRANS_TABLES,STRICT_ALL_TABLES,NO_ZERO_IN_DATE,NO_ZERO_DATE,ERROR_FOR_DIVISION_BY_ZERO,TRADITIONAL,NO_ENGINE_SUBSTITUTION {{(pid=106950) _check_effective_sql_mode /opt/stack/data/venv/lib/python3.12/site-packages/oslo_db/sqlalchemy/engines.py:325}}
Jul 23 05:31:15.307339 np0000186254 nova-scheduler[106961]: DEBUG nova.service [None req-526ab8f5-49e6-4832-bc9b-40915760b4db None None] Join ServiceGroup membership for this service scheduler {{(pid=106961) start /opt/stack/nova/nova/service.py:222}}
Jul 23 05:31:15.307739 np0000186254 nova-scheduler[106961]: DEBUG nova.servicegroup.drivers.db [None req-526ab8f5-49e6-4832-bc9b-40915760b4db None None] DB_Driver: join new ServiceGroup member np0000186254 to the scheduler group, service = {{(pid=106961) join /opt/stack/nova/nova/servicegroup/drivers/db.py:44}}
Jul 23 05:31:15.312953 np0000186254 nova-scheduler[106966]: DEBUG dbcounter [-] [106966] Writer thread running {{(pid=106966) stat_writer /opt/stack/data/venv/lib/python3.12/site-packages/dbcounter.py:102}}
Jul 23 05:31:15.316176 np0000186254 nova-scheduler[106966]: DEBUG nova.service [None req-d3ca7dd8-bf8b-4a3f-ae5e-9228d401da54 None None] Creating RPC server for service: nova-scheduler on topic: scheduler {{(pid=106966) start /opt/stack/nova/nova/service.py:196}}
Jul 23 05:31:15.318438 np0000186254 nova-scheduler[106950]: DEBUG dbcounter [-] [106950] Writer thread running {{(pid=106950) stat_writer /opt/stack/data/venv/lib/python3.12/site-packages/dbcounter.py:102}}
Jul 23 05:31:15.321654 np0000186254 nova-scheduler[106950]: DEBUG nova.service [None req-156ed3a6-7b17-4dce-90ce-45257ffb554a None None] Creating RPC server for service: nova-scheduler on topic: scheduler {{(pid=106950) start /opt/stack/nova/nova/service.py:196}}
Jul 23 05:31:15.339820 np0000186254 nova-scheduler[106966]: DEBUG nova.service [None req-d3ca7dd8-bf8b-4a3f-ae5e-9228d401da54 None None] Join ServiceGroup membership for this service scheduler {{(pid=106966) start /opt/stack/nova/nova/service.py:222}}
Jul 23 05:31:15.340039 np0000186254 nova-scheduler[106966]: DEBUG nova.servicegroup.drivers.db [None req-d3ca7dd8-bf8b-4a3f-ae5e-9228d401da54 None None] DB_Driver: join new ServiceGroup member np0000186254 to the scheduler group, service = {{(pid=106966) join /opt/stack/nova/nova/servicegroup/drivers/db.py:44}}
Jul 23 05:31:15.345751 np0000186254 nova-scheduler[106950]: DEBUG nova.service [None req-156ed3a6-7b17-4dce-90ce-45257ffb554a None None] Join ServiceGroup membership for this service scheduler {{(pid=106950) start /opt/stack/nova/nova/service.py:222}}
Jul 23 05:31:15.346135 np0000186254 nova-scheduler[106950]: DEBUG nova.servicegroup.drivers.db [None req-156ed3a6-7b17-4dce-90ce-45257ffb554a None None] DB_Driver: join new ServiceGroup member np0000186254 to the scheduler group, service = {{(pid=106950) join /opt/stack/nova/nova/servicegroup/drivers/db.py:44}}
Jul 23 05:31:20.309710 np0000186254 nova-scheduler[106943]: DEBUG oslo.service.backend._threading.loopingcall [-] Fixed interval looping call 'nova.servicegroup.drivers.db.DbDriver._report_state' sleeping for 119.98 seconds {{(pid=106943) _run_loop /opt/stack/data/venv/lib/python3.12/site-packages/oslo_service/backend/_threading/loopingcall.py:125}}
Jul 23 05:31:20.320272 np0000186254 nova-scheduler[106961]: DEBUG oslo.service.backend._threading.loopingcall [-] Fixed interval looping call 'nova.servicegroup.drivers.db.DbDriver._report_state' sleeping for 119.99 seconds {{(pid=106961) _run_loop /opt/stack/data/venv/lib/python3.12/site-packages/oslo_service/backend/_threading/loopingcall.py:125}}
Jul 23 05:31:20.355608 np0000186254 nova-scheduler[106966]: DEBUG oslo.service.backend._threading.loopingcall [-] Fixed interval looping call 'nova.servicegroup.drivers.db.DbDriver._report_state' sleeping for 119.99 seconds {{(pid=106966) _run_loop /opt/stack/data/venv/lib/python3.12/site-packages/oslo_service/backend/_threading/loopingcall.py:125}}
Jul 23 05:31:20.361141 np0000186254 nova-scheduler[106950]: DEBUG oslo.service.backend._threading.loopingcall [-] Fixed interval looping call 'nova.servicegroup.drivers.db.DbDriver._report_state' sleeping for 119.99 seconds {{(pid=106950) _run_loop /opt/stack/data/venv/lib/python3.12/site-packages/oslo_service/backend/_threading/loopingcall.py:125}}
Jul 23 05:31:22.343116 np0000186254 nova-scheduler[106966]: DEBUG oslo.service.backend._threading.loopingcall [None req-903c3850-1a30-454f-bf92-4bf896817e90 None None] Dynamic interval looping call 'nova.service.Service.periodic_tasks' sleeping for 60.00 seconds {{(pid=106966) _run_loop /opt/stack/data/venv/lib/python3.12/site-packages/oslo_service/backend/_threading/loopingcall.py:125}}
Jul 23 05:31:23.826090 np0000186254 nova-scheduler[106210]: DEBUG dbcounter [-] [106210] Writing DB stats nova_api:SELECT=3 {{(pid=106210) stat_writer /opt/stack/data/venv/lib/python3.12/site-packages/dbcounter.py:115}}
Jul 23 05:31:23.981627 np0000186254 nova-scheduler[106210]: DEBUG dbcounter [-] [106210] Writing DB stats nova_cell1:SELECT=1 {{(pid=106210) stat_writer /opt/stack/data/venv/lib/python3.12/site-packages/dbcounter.py:115}}
Jul 23 05:31:23.987698 np0000186254 nova-scheduler[106210]: DEBUG dbcounter [-] [106210] Writing DB stats nova_cell0:SELECT=1 {{(pid=106210) stat_writer /opt/stack/data/venv/lib/python3.12/site-packages/dbcounter.py:115}}
Jul 23 05:31:28.288441 np0000186254 nova-scheduler[106943]: DEBUG oslo.service.backend._threading.loopingcall [None req-c91dfba1-bd62-4353-a959-d68d0deefdc4 None None] Dynamic interval looping call 'nova.service.Service.periodic_tasks' sleeping for 60.00 seconds {{(pid=106943) _run_loop /opt/stack/data/venv/lib/python3.12/site-packages/oslo_service/backend/_threading/loopingcall.py:125}}
Jul 23 05:31:29.351025 np0000186254 nova-scheduler[106950]: DEBUG oslo.service.backend._threading.loopingcall [None req-e763ef57-d63a-4a85-92fe-8b2551064aae None None] Dynamic interval looping call 'nova.service.Service.periodic_tasks' sleeping for 60.00 seconds {{(pid=106950) _run_loop /opt/stack/data/venv/lib/python3.12/site-packages/oslo_service/backend/_threading/loopingcall.py:125}}
Jul 23 05:31:30.300080 np0000186254 nova-scheduler[106943]: DEBUG dbcounter [-] [106943] Writing DB stats nova_cell0:SELECT=4,nova_cell0:INSERT=1,nova_cell0:UPDATE=1 {{(pid=106943) stat_writer /opt/stack/data/venv/lib/python3.12/site-packages/dbcounter.py:115}}
Jul 23 05:31:30.317967 np0000186254 nova-scheduler[106961]: DEBUG dbcounter [-] [106961] Writing DB stats nova_cell0:SELECT=3 {{(pid=106961) stat_writer /opt/stack/data/venv/lib/python3.12/site-packages/dbcounter.py:115}}
Jul 23 05:31:30.354697 np0000186254 nova-scheduler[106966]: DEBUG dbcounter [-] [106966] Writing DB stats nova_cell0:SELECT=3 {{(pid=106966) stat_writer /opt/stack/data/venv/lib/python3.12/site-packages/dbcounter.py:115}}
Jul 23 05:31:30.358171 np0000186254 nova-scheduler[106950]: DEBUG dbcounter [-] [106950] Writing DB stats nova_cell0:SELECT=3 {{(pid=106950) stat_writer /opt/stack/data/venv/lib/python3.12/site-packages/dbcounter.py:115}}
Jul 23 05:31:31.310963 np0000186254 nova-scheduler[106961]: DEBUG oslo.service.backend._threading.loopingcall [None req-836c89d2-64c1-4238-9d9c-86cecfdb4d03 None None] Dynamic interval looping call 'nova.service.Service.periodic_tasks' sleeping for 60.00 seconds {{(pid=106961) _run_loop /opt/stack/data/venv/lib/python3.12/site-packages/oslo_service/backend/_threading/loopingcall.py:125}}
Jul 23 05:32:22.343790 np0000186254 nova-scheduler[106966]: DEBUG oslo.service.backend._threading.loopingcall [None req-903c3850-1a30-454f-bf92-4bf896817e90 None None] Dynamic interval looping call 'nova.service.Service.periodic_tasks' sleeping for 60.00 seconds {{(pid=106966) _run_loop /opt/stack/data/venv/lib/python3.12/site-packages/oslo_service/backend/_threading/loopingcall.py:125}}
Jul 23 05:32:28.289422 np0000186254 nova-scheduler[106943]: DEBUG oslo.service.backend._threading.loopingcall [None req-c91dfba1-bd62-4353-a959-d68d0deefdc4 None None] Dynamic interval looping call 'nova.service.Service.periodic_tasks' sleeping for 60.00 seconds {{(pid=106943) _run_loop /opt/stack/data/venv/lib/python3.12/site-packages/oslo_service/backend/_threading/loopingcall.py:125}}
Jul 23 05:32:29.351963 np0000186254 nova-scheduler[106950]: DEBUG oslo.service.backend._threading.loopingcall [None req-e763ef57-d63a-4a85-92fe-8b2551064aae None None] Dynamic interval looping call 'nova.service.Service.periodic_tasks' sleeping for 60.00 seconds {{(pid=106950) _run_loop /opt/stack/data/venv/lib/python3.12/site-packages/oslo_service/backend/_threading/loopingcall.py:125}}
Jul 23 05:32:31.311808 np0000186254 nova-scheduler[106961]: DEBUG oslo.service.backend._threading.loopingcall [None req-836c89d2-64c1-4238-9d9c-86cecfdb4d03 None None] Dynamic interval looping call 'nova.service.Service.periodic_tasks' sleeping for 60.00 seconds {{(pid=106961) _run_loop /opt/stack/data/venv/lib/python3.12/site-packages/oslo_service/backend/_threading/loopingcall.py:125}}
Jul 23 05:33:20.302044 np0000186254 nova-scheduler[106943]: DEBUG oslo.service.backend._threading.loopingcall [-] Fixed interval looping call 'nova.servicegroup.drivers.db.DbDriver._report_state' sleeping for 119.99 seconds {{(pid=106943) _run_loop /opt/stack/data/venv/lib/python3.12/site-packages/oslo_service/backend/_threading/loopingcall.py:125}}
Jul 23 05:33:20.316423 np0000186254 nova-scheduler[106961]: DEBUG oslo.service.backend._threading.loopingcall [-] Fixed interval looping call 'nova.servicegroup.drivers.db.DbDriver._report_state' sleeping for 119.99 seconds {{(pid=106961) _run_loop /opt/stack/data/venv/lib/python3.12/site-packages/oslo_service/backend/_threading/loopingcall.py:125}}
Jul 23 05:33:20.351535 np0000186254 nova-scheduler[106966]: DEBUG oslo.service.backend._threading.loopingcall [-] Fixed interval looping call 'nova.servicegroup.drivers.db.DbDriver._report_state' sleeping for 119.99 seconds {{(pid=106966) _run_loop /opt/stack/data/venv/lib/python3.12/site-packages/oslo_service/backend/_threading/loopingcall.py:125}}
Jul 23 05:33:20.357065 np0000186254 nova-scheduler[106950]: DEBUG oslo.service.backend._threading.loopingcall [-] Fixed interval looping call 'nova.servicegroup.drivers.db.DbDriver._report_state' sleeping for 119.99 seconds {{(pid=106950) _run_loop /opt/stack/data/venv/lib/python3.12/site-packages/oslo_service/backend/_threading/loopingcall.py:125}}
Jul 23 05:33:22.344749 np0000186254 nova-scheduler[106966]: DEBUG oslo.service.backend._threading.loopingcall [None req-903c3850-1a30-454f-bf92-4bf896817e90 None None] Dynamic interval looping call 'nova.service.Service.periodic_tasks' sleeping for 60.00 seconds {{(pid=106966) _run_loop /opt/stack/data/venv/lib/python3.12/site-packages/oslo_service/backend/_threading/loopingcall.py:125}}
