Jul 23 05:30:44.343722 np0000186254 devstack@neutron-api.service[101649]: DEBUG neutron.api.extensions [None req-dbe35d26-84b2-4a4e-bc85-c510b841975a None None] Loading extension file: l3_ext_gw_mode.py {{(pid=101649) _load_all_extensions_from_path /opt/stack/neutron/neutron/api/extensions.py:449}}
Jul 23 05:30:44.343947 np0000186254 devstack@neutron-api.service[101649]: DEBUG neutron.api.extensions [None req-dbe35d26-84b2-4a4e-bc85-c510b841975a None None] Ext name="Neutron L3 Configurable external gateway mode" alias="ext-gw-mode" description="Extension of the router abstraction for specifying whether SNAT should occur on the external gateway" updated="2013-03-28T10:00:00-00:00" {{(pid=101649) _check_extension /opt/stack/neutron/neutron/api/extensions.py:415}}
Jul 23 05:30:44.344112 np0000186254 devstack@neutron-api.service[101649]: INFO neutron.api.extensions [None req-dbe35d26-84b2-4a4e-bc85-c510b841975a None None] Loaded extension: ext-gw-mode
Jul 23 05:30:44.344276 np0000186254 devstack@neutron-api.service[101649]: DEBUG neutron.api.extensions [None req-dbe35d26-84b2-4a4e-bc85-c510b841975a None None] Loading extension file: l3_ext_ha_mode.py {{(pid=101649) _load_all_extensions_from_path /opt/stack/neutron/neutron/api/extensions.py:449}}
Jul 23 05:30:44.344421 np0000186254 devstack@neutron-api.service[101649]: DEBUG neutron.api.extensions [None req-dbe35d26-84b2-4a4e-bc85-c510b841975a None None] Ext name="HA Router extension" alias="l3-ha" description="Adds HA capability to routers." updated="2014-04-26T00:00:00-00:00" {{(pid=101649) _check_extension /opt/stack/neutron/neutron/api/extensions.py:415}}
Jul 23 05:30:44.344614 np0000186254 devstack@neutron-api.service[101649]: INFO neutron.api.extensions [None req-dbe35d26-84b2-4a4e-bc85-c510b841975a None None] Loaded extension: l3-ha
Jul 23 05:30:44.344710 np0000186254 devstack@neutron-api.service[101649]: DEBUG neutron.api.extensions [None req-dbe35d26-84b2-4a4e-bc85-c510b841975a None None] Loading extension file: l3_ext_ndp_proxy.py {{(pid=101649) _load_all_extensions_from_path /opt/stack/neutron/neutron/api/extensions.py:449}}
Jul 23 05:30:44.345830 np0000186254 devstack@neutron-api.service[101649]: DEBUG neutron.api.extensions [None req-dbe35d26-84b2-4a4e-bc85-c510b841975a None None] Ext name="Router support to enable NDP proxy" alias="l3-ext-ndp-proxy" description="Router extension to enable ndp proxy" updated="2020-08-25T00:00:00-00:00" {{(pid=101649) _check_extension /opt/stack/neutron/neutron/api/extensions.py:415}}
Jul 23 05:30:44.346008 np0000186254 devstack@neutron-api.service[101649]: INFO neutron.api.extensions [None req-dbe35d26-84b2-4a4e-bc85-c510b841975a None None] Extension l3-ext-ndp-proxy not supported by any of loaded plugins
Jul 23 05:30:44.346093 np0000186254 devstack@neutron-api.service[101649]: DEBUG neutron.api.extensions [None req-dbe35d26-84b2-4a4e-bc85-c510b841975a None None] Loading extension file: l3_extra_gws.py {{(pid=101649) _load_all_extensions_from_path /opt/stack/neutron/neutron/api/extensions.py:449}}
Jul 23 05:30:44.346337 np0000186254 devstack@neutron-api.service[101649]: DEBUG neutron.api.extensions [None req-dbe35d26-84b2-4a4e-bc85-c510b841975a None None] Ext name="Neutron L3 External Gateway Multihoming" alias="external-gateway-multihoming" description="Allow multiple external gateway ports per router" updated="2023-01-18T00:00:00-00:00" {{(pid=101649) _check_extension /opt/stack/neutron/neutron/api/extensions.py:415}}
Jul 23 05:30:44.346508 np0000186254 devstack@neutron-api.service[101649]: INFO neutron.api.extensions [None req-dbe35d26-84b2-4a4e-bc85-c510b841975a None None] Loaded extension: external-gateway-multihoming
Jul 23 05:30:44.346637 np0000186254 devstack@neutron-api.service[101649]: DEBUG neutron.api.extensions [None req-dbe35d26-84b2-4a4e-bc85-c510b841975a None None] Loading extension file: l3_flavors.py {{(pid=101649) _load_all_extensions_from_path /opt/stack/neutron/neutron/api/extensions.py:449}}
Jul 23 05:30:44.346827 np0000186254 devstack@neutron-api.service[101649]: DEBUG neutron.api.extensions [None req-dbe35d26-84b2-4a4e-bc85-c510b841975a None None] Ext name="Router Flavor Extension" alias="l3-flavors" description="Flavor support for routers." updated="2016-05-17T00:00:00-00:00" {{(pid=101649) _check_extension /opt/stack/neutron/neutron/api/extensions.py:415}}
Jul 23 05:30:44.346984 np0000186254 devstack@neutron-api.service[101649]: INFO neutron.api.extensions [None req-dbe35d26-84b2-4a4e-bc85-c510b841975a None None] Loaded extension: l3-flavors
Jul 23 05:30:44.347077 np0000186254 devstack@neutron-api.service[101649]: DEBUG neutron.api.extensions [None req-dbe35d26-84b2-4a4e-bc85-c510b841975a None None] Loading extension file: l3_ndp_proxy.py {{(pid=101649) _load_all_extensions_from_path /opt/stack/neutron/neutron/api/extensions.py:449}}
Jul 23 05:30:44.347353 np0000186254 devstack@neutron-api.service[101649]: DEBUG neutron.api.extensions [None req-dbe35d26-84b2-4a4e-bc85-c510b841975a None None] Ext name="name" alias="l3-ndp-proxy" description="description" updated="2021-06-29T10:00:00-00:00" {{(pid=101649) _check_extension /opt/stack/neutron/neutron/api/extensions.py:415}}
Jul 23 05:30:44.347581 np0000186254 devstack@neutron-api.service[101649]: INFO neutron.api.extensions [None req-dbe35d26-84b2-4a4e-bc85-c510b841975a None None] Extension l3-ndp-proxy not supported by any of loaded plugins
Jul 23 05:30:44.347661 np0000186254 devstack@neutron-api.service[101649]: DEBUG neutron.api.extensions [None req-dbe35d26-84b2-4a4e-bc85-c510b841975a None None] Loading extension file: l3_port_ip_change_not_allowed.py {{(pid=101649) _load_all_extensions_from_path /opt/stack/neutron/neutron/api/extensions.py:449}}
Jul 23 05:30:44.347981 np0000186254 devstack@neutron-api.service[101649]: DEBUG neutron.api.extensions [None req-dbe35d26-84b2-4a4e-bc85-c510b841975a None None] Ext name="Prevent L3 router ports IP address change extension" alias="l3-port-ip-change-not-allowed" description="Prevent change of IP address for some L3 router ports" updated="2018-10-09T10:00:00-00:00" {{(pid=101649) _check_extension /opt/stack/neutron/neutron/api/extensions.py:415}}
Jul 23 05:30:44.348027 np0000186254 devstack@neutron-api.service[101649]: INFO neutron.api.extensions [None req-dbe35d26-84b2-4a4e-bc85-c510b841975a None None] Extension l3-port-ip-change-not-allowed not supported by any of loaded plugins
Jul 23 05:30:44.348163 np0000186254 devstack@neutron-api.service[101649]: DEBUG neutron.api.extensions [None req-dbe35d26-84b2-4a4e-bc85-c510b841975a None None] Loading extension file: l3agentscheduler.py {{(pid=101649) _load_all_extensions_from_path /opt/stack/neutron/neutron/api/extensions.py:449}}
Jul 23 05:30:44.348733 np0000186254 devstack@neutron-api.service[101649]: DEBUG neutron.api.extensions [None req-dbe35d26-84b2-4a4e-bc85-c510b841975a None None] Ext name="L3 Agent Scheduler" alias="l3_agent_scheduler" description="Schedule routers among l3 agents" updated="2013-02-07T10:00:00-00:00" {{(pid=101649) _check_extension /opt/stack/neutron/neutron/api/extensions.py:415}}
Jul 23 05:30:44.348907 np0000186254 devstack@neutron-api.service[101649]: INFO neutron.api.extensions [None req-dbe35d26-84b2-4a4e-bc85-c510b841975a None None] Loaded extension: l3_agent_scheduler
Jul 23 05:30:44.348992 np0000186254 devstack@neutron-api.service[101649]: DEBUG neutron.api.extensions [None req-dbe35d26-84b2-4a4e-bc85-c510b841975a None None] Loading extension file: local_ip.py {{(pid=101649) _load_all_extensions_from_path /opt/stack/neutron/neutron/api/extensions.py:449}}
Jul 23 05:30:44.349295 np0000186254 devstack@neutron-api.service[101649]: DEBUG neutron.api.extensions [None req-dbe35d26-84b2-4a4e-bc85-c510b841975a None None] Ext name="Local IP" alias="local_ip" description="Support Node Local Virtual IP" updated="2021-07-26T10:00:00-00:00" {{(pid=101649) _check_extension /opt/stack/neutron/neutron/api/extensions.py:415}}
Jul 23 05:30:44.349496 np0000186254 devstack@neutron-api.service[101649]: INFO neutron.api.extensions [None req-dbe35d26-84b2-4a4e-bc85-c510b841975a None None] Extension local_ip not supported by any of loaded plugins
Jul 23 05:30:44.349582 np0000186254 devstack@neutron-api.service[101649]: DEBUG neutron.api.extensions [None req-dbe35d26-84b2-4a4e-bc85-c510b841975a None None] Loading extension file: logging.py {{(pid=101649) _load_all_extensions_from_path /opt/stack/neutron/neutron/api/extensions.py:449}}
Jul 23 05:30:44.349857 np0000186254 devstack@neutron-api.service[101649]: DEBUG neutron.api.extensions [None req-dbe35d26-84b2-4a4e-bc85-c510b841975a None None] Ext name="Logging API Extension" alias="logging" description="Provides a logging API for resources such as security group and firewall." updated="2017-01-01T10:00:00-00:00" {{(pid=101649) _check_extension /opt/stack/neutron/neutron/api/extensions.py:415}}
Jul 23 05:30:44.350088 np0000186254 devstack@neutron-api.service[101649]: INFO neutron.api.extensions [None req-dbe35d26-84b2-4a4e-bc85-c510b841975a None None] Extension logging not supported by any of loaded plugins
Jul 23 05:30:44.350123 np0000186254 devstack@neutron-api.service[101649]: DEBUG neutron.api.extensions [None req-dbe35d26-84b2-4a4e-bc85-c510b841975a None None] Loading extension file: metering.py {{(pid=101649) _load_all_extensions_from_path /opt/stack/neutron/neutron/api/extensions.py:449}}
Jul 23 05:30:44.350415 np0000186254 devstack@neutron-api.service[101649]: DEBUG neutron.api.extensions [None req-dbe35d26-84b2-4a4e-bc85-c510b841975a None None] Ext name="Neutron Metering" alias="metering" description="Neutron Metering extension." updated="2013-06-12T10:00:00-00:00" {{(pid=101649) _check_extension /opt/stack/neutron/neutron/api/extensions.py:415}}
Jul 23 05:30:44.350616 np0000186254 devstack@neutron-api.service[101649]: INFO neutron.api.extensions [None req-dbe35d26-84b2-4a4e-bc85-c510b841975a None None] Extension metering not supported by any of loaded plugins
Jul 23 05:30:44.350694 np0000186254 devstack@neutron-api.service[101649]: DEBUG neutron.api.extensions [None req-dbe35d26-84b2-4a4e-bc85-c510b841975a None None] Loading extension file: metering_source_and_destination_fields.py {{(pid=101649) _load_all_extensions_from_path /opt/stack/neutron/neutron/api/extensions.py:449}}
Jul 23 05:30:44.350922 np0000186254 devstack@neutron-api.service[101649]: DEBUG neutron.api.extensions [None req-dbe35d26-84b2-4a4e-bc85-c510b841975a None None] Ext name="Neutron Metering with source and destination filtering" alias="metering_source_and_destination_fields" description="Neutron Metering extension that enables the use of source and destination IP prefixes to create metering label rules." updated="2020-08-21T08:12:00-00:00" {{(pid=101649) _check_extension /opt/stack/neutron/neutron/api/extensions.py:415}}
Jul 23 05:30:44.350968 np0000186254 devstack@neutron-api.service[101647]: INFO neutron.plugins.ml2.drivers.type_vlan [None req-fc634394-3696-4fef-bcb7-0e85e57bde02 None None] VlanTypeDriver initialization complete
Jul 23 05:30:44.351268 np0000186254 devstack@neutron-api.service[101647]: INFO neutron.plugins.ml2.managers [None req-fc634394-3696-4fef-bcb7-0e85e57bde02 None None] Initializing extension driver 'port_security'
Jul 23 05:30:44.351394 np0000186254 devstack@neutron-api.service[101649]: INFO neutron.api.extensions [None req-dbe35d26-84b2-4a4e-bc85-c510b841975a None None] Extension metering_source_and_destination_fields not supported by any of loaded plugins
Jul 23 05:30:44.351425 np0000186254 devstack@neutron-api.service[101647]: INFO neutron.plugins.ml2.extensions.port_security [None req-fc634394-3696-4fef-bcb7-0e85e57bde02 None None] PortSecurityExtensionDriver initialization complete
Jul 23 05:30:44.351507 np0000186254 devstack@neutron-api.service[101649]: DEBUG neutron.api.extensions [None req-dbe35d26-84b2-4a4e-bc85-c510b841975a None None] Loading extension file: multiprovidernet.py {{(pid=101649) _load_all_extensions_from_path /opt/stack/neutron/neutron/api/extensions.py:449}}
Jul 23 05:30:44.351557 np0000186254 devstack@neutron-api.service[101647]: INFO neutron.plugins.ml2.managers [None req-fc634394-3696-4fef-bcb7-0e85e57bde02 None None] Initializing extension driver 'qos'
Jul 23 05:30:44.351557 np0000186254 devstack@neutron-api.service[101647]: DEBUG neutron.plugins.ml2.extensions.qos [None req-fc634394-3696-4fef-bcb7-0e85e57bde02 None None] QosExtensionDriver initialization complete {{(pid=101647) initialize /opt/stack/neutron/neutron/plugins/ml2/extensions/qos.py:31}}
Jul 23 05:30:44.351613 np0000186254 devstack@neutron-api.service[101649]: DEBUG neutron.api.extensions [None req-dbe35d26-84b2-4a4e-bc85-c510b841975a None None] Ext name="Multi Provider Network" alias="multi-provider" description="Expose mapping of virtual networks to multiple physical networks" updated="2013-06-27T10:00:00-00:00" {{(pid=101649) _check_extension /opt/stack/neutron/neutron/api/extensions.py:415}}
Jul 23 05:30:44.351712 np0000186254 devstack@neutron-api.service[101647]: INFO neutron.plugins.ml2.managers [None req-fc634394-3696-4fef-bcb7-0e85e57bde02 None None] Initializing mechanism driver 'ovn'
Jul 23 05:30:44.351741 np0000186254 devstack@neutron-api.service[101649]: INFO neutron.api.extensions [None req-dbe35d26-84b2-4a4e-bc85-c510b841975a None None] Loaded extension: multi-provider
Jul 23 05:30:44.351769 np0000186254 devstack@neutron-api.service[101647]: INFO neutron.plugins.ml2.drivers.ovn.mech_driver.mech_driver [None req-fc634394-3696-4fef-bcb7-0e85e57bde02 None None] Starting OVNMechanismDriver
Jul 23 05:30:44.351797 np0000186254 devstack@neutron-api.service[101649]: DEBUG neutron.api.extensions [None req-dbe35d26-84b2-4a4e-bc85-c510b841975a None None] Loading extension file: netmtu.py {{(pid=101649) _load_all_extensions_from_path /opt/stack/neutron/neutron/api/extensions.py:449}}
Jul 23 05:30:44.352017 np0000186254 devstack@neutron-api.service[101649]: DEBUG neutron.api.extensions [None req-dbe35d26-84b2-4a4e-bc85-c510b841975a None None] Ext name="Network MTU" alias="net-mtu" description="Provides MTU attribute for a network resource." updated="2015-03-25T10:00:00-00:00" {{(pid=101649) _check_extension /opt/stack/neutron/neutron/api/extensions.py:415}}
Jul 23 05:30:44.352270 np0000186254 devstack@neutron-api.service[101649]: INFO neutron.api.extensions [None req-dbe35d26-84b2-4a4e-bc85-c510b841975a None None] Loaded extension: net-mtu
Jul 23 05:30:44.352270 np0000186254 devstack@neutron-api.service[101649]: DEBUG neutron.api.extensions [None req-dbe35d26-84b2-4a4e-bc85-c510b841975a None None] Loading extension file: netmtu_writable.py {{(pid=101649) _load_all_extensions_from_path /opt/stack/neutron/neutron/api/extensions.py:449}}
Jul 23 05:30:44.352448 np0000186254 devstack@neutron-api.service[101649]: DEBUG neutron.api.extensions [None req-dbe35d26-84b2-4a4e-bc85-c510b841975a None None] Ext name="Network MTU (writable)" alias="net-mtu-writable" description="Provides a writable MTU attribute for a network resource." updated="2017-07-12T00:00:00-00:00" {{(pid=101649) _check_extension /opt/stack/neutron/neutron/api/extensions.py:415}}
Jul 23 05:30:44.352657 np0000186254 devstack@neutron-api.service[101649]: INFO neutron.api.extensions [None req-dbe35d26-84b2-4a4e-bc85-c510b841975a None None] Loaded extension: net-mtu-writable
Jul 23 05:30:44.352657 np0000186254 devstack@neutron-api.service[101649]: DEBUG neutron.api.extensions [None req-dbe35d26-84b2-4a4e-bc85-c510b841975a None None] Loading extension file: network_availability_zone.py {{(pid=101649) _load_all_extensions_from_path /opt/stack/neutron/neutron/api/extensions.py:449}}
Jul 23 05:30:44.352964 np0000186254 devstack@neutron-api.service[101649]: DEBUG neutron.api.extensions [None req-dbe35d26-84b2-4a4e-bc85-c510b841975a None None] Ext name="Network Availability Zone" alias="network_availability_zone" description="Availability zone support for network." updated="2015-01-01T10:00:00-00:00" {{(pid=101649) _check_extension /opt/stack/neutron/neutron/api/extensions.py:415}}
Jul 23 05:30:44.353027 np0000186254 devstack@neutron-api.service[101649]: INFO neutron.api.extensions [None req-dbe35d26-84b2-4a4e-bc85-c510b841975a None None] Loaded extension: network_availability_zone
Jul 23 05:30:44.353155 np0000186254 devstack@neutron-api.service[101649]: DEBUG neutron.api.extensions [None req-dbe35d26-84b2-4a4e-bc85-c510b841975a None None] Loading extension file: network_ha.py {{(pid=101649) _load_all_extensions_from_path /opt/stack/neutron/neutron/api/extensions.py:449}}
Jul 23 05:30:44.353330 np0000186254 devstack@neutron-api.service[101647]: DEBUG neutron_lib.callbacks.manager [None req-fc634394-3696-4fef-bcb7-0e85e57bde02 None None] Subscribe: > process before_spawn 55550000, False {{(pid=101647) subscribe /opt/stack/data/venv/lib/python3.12/site-packages/neutron_lib/callbacks/manager.py:52}}
Jul 23 05:30:44.353330 np0000186254 devstack@neutron-api.service[101647]: DEBUG neutron_lib.callbacks.manager [None req-fc634394-3696-4fef-bcb7-0e85e57bde02 None None] Subscribe: > process after_init 55550000, True {{(pid=101647) subscribe /opt/stack/data/venv/lib/python3.12/site-packages/neutron_lib/callbacks/manager.py:52}}
Jul 23 05:30:44.353480 np0000186254 devstack@neutron-api.service[101649]: DEBUG neutron.api.extensions [None req-dbe35d26-84b2-4a4e-bc85-c510b841975a None None] Ext name="Network HA creation flag" alias="network_ha" description="Network high availability creation flag." updated="2023-04-27T10:00:00-00:00" {{(pid=101649) _check_extension /opt/stack/neutron/neutron/api/extensions.py:415}}
Jul 23 05:30:44.353677 np0000186254 devstack@neutron-api.service[101647]: DEBUG neutron_lib.callbacks.manager [None req-fc634394-3696-4fef-bcb7-0e85e57bde02 None None] Subscribe: > segment after_create 55550000, False {{(pid=101647) subscribe /opt/stack/data/venv/lib/python3.12/site-packages/neutron_lib/callbacks/manager.py:52}}
Jul 23 05:30:44.353677 np0000186254 devstack@neutron-api.service[101647]: DEBUG neutron_lib.callbacks.manager [None req-fc634394-3696-4fef-bcb7-0e85e57bde02 None None] Subscribe: > segment after_create 55550000, False {{(pid=101647) subscribe /opt/stack/data/venv/lib/python3.12/site-packages/neutron_lib/callbacks/manager.py:52}}
Jul 23 05:30:44.353926 np0000186254 devstack@neutron-api.service[101649]: INFO neutron.api.extensions [None req-dbe35d26-84b2-4a4e-bc85-c510b841975a None None] Extension network_ha not supported by any of loaded plugins
Jul 23 05:30:44.354110 np0000186254 devstack@neutron-api.service[101647]: DEBUG neutron_lib.callbacks.manager [None req-fc634394-3696-4fef-bcb7-0e85e57bde02 None None] Subscribe: > segment after_delete 55550000, False {{(pid=101647) subscribe /opt/stack/data/venv/lib/python3.12/site-packages/neutron_lib/callbacks/manager.py:52}}
Jul 23 05:30:44.354182 np0000186254 devstack@neutron-api.service[101649]: DEBUG neutron.api.extensions [None req-dbe35d26-84b2-4a4e-bc85-c510b841975a None None] Loading extension file: network_ip_availability.py {{(pid=101649) _load_all_extensions_from_path /opt/stack/neutron/neutron/api/extensions.py:449}}
Jul 23 05:30:44.354304 np0000186254 devstack@neutron-api.service[101647]: DEBUG neutron_lib.callbacks.manager [None req-fc634394-3696-4fef-bcb7-0e85e57bde02 None None] Subscribe: > allowed_address_pair before_create 55550000, False {{(pid=101647) subscribe /opt/stack/data/venv/lib/python3.12/site-packages/neutron_lib/callbacks/manager.py:52}}
Jul 23 05:30:44.354304 np0000186254 devstack@neutron-api.service[101647]: DEBUG neutron_lib.callbacks.manager [None req-fc634394-3696-4fef-bcb7-0e85e57bde02 None None] Subscribe: > security_group precommit_create 55550000, False {{(pid=101647) subscribe /opt/stack/data/venv/lib/python3.12/site-packages/neutron_lib/callbacks/manager.py:52}}
Jul 23 05:30:44.354555 np0000186254 devstack@neutron-api.service[101649]: DEBUG neutron.api.extensions [None req-dbe35d26-84b2-4a4e-bc85-c510b841975a None None] Ext name="Network IP Availability" alias="network-ip-availability" description="Provides IP availability data for each network and subnet." updated="2015-09-24T00:00:00-00:00" {{(pid=101649) _check_extension /opt/stack/neutron/neutron/api/extensions.py:415}}
Jul 23 05:30:44.354638 np0000186254 devstack@neutron-api.service[101647]: DEBUG neutron_lib.callbacks.manager [None req-fc634394-3696-4fef-bcb7-0e85e57bde02 None None] Subscribe: > security_group after_update 55550000, False {{(pid=101647) subscribe /opt/stack/data/venv/lib/python3.12/site-packages/neutron_lib/callbacks/manager.py:52}}
Jul 23 05:30:44.354638 np0000186254 devstack@neutron-api.service[101647]: DEBUG neutron_lib.callbacks.manager [None req-fc634394-3696-4fef-bcb7-0e85e57bde02 None None] Subscribe: > security_group after_create 55550000, False {{(pid=101647) subscribe /opt/stack/data/venv/lib/python3.12/site-packages/neutron_lib/callbacks/manager.py:52}}
Jul 23 05:30:44.354864 np0000186254 devstack@neutron-api.service[101649]: INFO neutron.api.extensions [None req-dbe35d26-84b2-4a4e-bc85-c510b841975a None None] Loaded extension: network-ip-availability
Jul 23 05:30:44.354936 np0000186254 devstack@neutron-api.service[101647]: DEBUG neutron_lib.callbacks.manager [None req-fc634394-3696-4fef-bcb7-0e85e57bde02 None None] Subscribe: > security_group precommit_delete 55550000, False {{(pid=101647) subscribe /opt/stack/data/venv/lib/python3.12/site-packages/neutron_lib/callbacks/manager.py:52}}
Jul 23 05:30:44.354980 np0000186254 devstack@neutron-api.service[101649]: DEBUG neutron.api.extensions [None req-dbe35d26-84b2-4a4e-bc85-c510b841975a None None] Loading extension file: network_ip_availability_details.py {{(pid=101649) _load_all_extensions_from_path /opt/stack/neutron/neutron/api/extensions.py:449}}
Jul 23 05:30:44.355048 np0000186254 devstack@neutron-api.service[101647]: DEBUG neutron_lib.callbacks.manager [None req-fc634394-3696-4fef-bcb7-0e85e57bde02 None None] Subscribe: > security_group after_delete 55550000, False {{(pid=101647) subscribe /opt/stack/data/venv/lib/python3.12/site-packages/neutron_lib/callbacks/manager.py:52}}
Jul 23 05:30:44.355048 np0000186254 devstack@neutron-api.service[101647]: DEBUG neutron_lib.callbacks.manager [None req-fc634394-3696-4fef-bcb7-0e85e57bde02 None None] Subscribe: > security_group_rule precommit_create 55550000, False {{(pid=101647) subscribe /opt/stack/data/venv/lib/python3.12/site-packages/neutron_lib/callbacks/manager.py:52}}
Jul 23 05:30:44.355109 np0000186254 devstack@neutron-api.service[101649]: DEBUG neutron.api.extensions [None req-dbe35d26-84b2-4a4e-bc85-c510b841975a None None] Ext name="Network IP Availability Details Extension" alias="network-ip-availability-details" description="Add ip_availability_details attribute to network-ip-availabilities resource." updated="2025-10-31T00:00:00-00:00" {{(pid=101649) _check_extension /opt/stack/neutron/neutron/api/extensions.py:415}}
Jul 23 05:30:44.355197 np0000186254 devstack@neutron-api.service[101647]: DEBUG neutron_lib.callbacks.manager [None req-fc634394-3696-4fef-bcb7-0e85e57bde02 None None] Subscribe: > security_group_rule after_create 55550000, False {{(pid=101647) subscribe /opt/stack/data/venv/lib/python3.12/site-packages/neutron_lib/callbacks/manager.py:52}}
Jul 23 05:30:44.355197 np0000186254 devstack@neutron-api.service[101647]: DEBUG neutron_lib.callbacks.manager [None req-fc634394-3696-4fef-bcb7-0e85e57bde02 None None] Subscribe: > security_group_rule before_delete 55550000, False {{(pid=101647) subscribe /opt/stack/data/venv/lib/python3.12/site-packages/neutron_lib/callbacks/manager.py:52}}
Jul 23 05:30:44.355257 np0000186254 devstack@neutron-api.service[101649]: INFO neutron.api.extensions [None req-dbe35d26-84b2-4a4e-bc85-c510b841975a None None] Loaded extension: network-ip-availability-details
Jul 23 05:30:44.355286 np0000186254 devstack@neutron-api.service[101647]: DEBUG neutron_lib.callbacks.manager [None req-fc634394-3696-4fef-bcb7-0e85e57bde02 None None] Subscribe: > address_group after_create 55550000, False {{(pid=101647) subscribe /opt/stack/data/venv/lib/python3.12/site-packages/neutron_lib/callbacks/manager.py:52}}
Jul 23 05:30:44.355316 np0000186254 devstack@neutron-api.service[101649]: DEBUG neutron.api.extensions [None req-dbe35d26-84b2-4a4e-bc85-c510b841975a None None] Loading extension file: network_segment_range.py {{(pid=101649) _load_all_extensions_from_path /opt/stack/neutron/neutron/api/extensions.py:449}}
Jul 23 05:30:44.355344 np0000186254 devstack@neutron-api.service[101647]: DEBUG neutron_lib.callbacks.manager [None req-fc634394-3696-4fef-bcb7-0e85e57bde02 None None] Subscribe: > address_group after_update 55550000, False {{(pid=101647) subscribe /opt/stack/data/venv/lib/python3.12/site-packages/neutron_lib/callbacks/manager.py:52}}
Jul 23 05:30:44.355344 np0000186254 devstack@neutron-api.service[101647]: DEBUG neutron_lib.callbacks.manager [None req-fc634394-3696-4fef-bcb7-0e85e57bde02 None None] Subscribe: > address_group after_delete 55550000, False {{(pid=101647) subscribe /opt/stack/data/venv/lib/python3.12/site-packages/neutron_lib/callbacks/manager.py:52}}
Jul 23 05:30:44.355409 np0000186254 devstack@neutron-api.service[101649]: DEBUG neutron.api.extensions [None req-dbe35d26-84b2-4a4e-bc85-c510b841975a None None] Ext name="Neutron Network Segment Range" alias="network-segment-range" description="Provides support for the network segment range management" updated="2018-11-29T00:00:00-00:00" {{(pid=101649) _check_extension /opt/stack/neutron/neutron/api/extensions.py:415}}
Jul 23 05:30:44.355484 np0000186254 devstack@neutron-api.service[101647]: DEBUG neutron_lib.callbacks.manager [None req-fc634394-3696-4fef-bcb7-0e85e57bde02 None None] Subscribe: > qos_plugin after_init 55550000, False {{(pid=101647) subscribe /opt/stack/data/venv/lib/python3.12/site-packages/neutron_lib/callbacks/manager.py:52}}
Jul 23 05:30:44.355517 np0000186254 devstack@neutron-api.service[101649]: INFO neutron.api.extensions [None req-dbe35d26-84b2-4a4e-bc85-c510b841975a None None] Extension network-segment-range not supported by any of loaded plugins
Jul 23 05:30:44.355589 np0000186254 devstack@neutron-api.service[101647]: DEBUG neutron_lib.callbacks.manager [None req-fc634394-3696-4fef-bcb7-0e85e57bde02 None None] Subscribe: > trunk_plugin after_init 55550000, False {{(pid=101647) subscribe /opt/stack/data/venv/lib/python3.12/site-packages/neutron_lib/callbacks/manager.py:52}}
Jul 23 05:30:44.355620 np0000186254 devstack@neutron-api.service[101649]: DEBUG neutron.api.extensions [None req-dbe35d26-84b2-4a4e-bc85-c510b841975a None None] Loading extension file: pagination.py {{(pid=101649) _load_all_extensions_from_path /opt/stack/neutron/neutron/api/extensions.py:449}}
Jul 23 05:30:44.355690 np0000186254 devstack@neutron-api.service[101647]: DEBUG neutron_lib.callbacks.manager [None req-fc634394-3696-4fef-bcb7-0e85e57bde02 None None] Subscribe: > logging-plugin after_init 55550000, False {{(pid=101647) subscribe /opt/stack/data/venv/lib/python3.12/site-packages/neutron_lib/callbacks/manager.py:52}}
Jul 23 05:30:44.355752 np0000186254 devstack@neutron-api.service[101649]: DEBUG neutron.api.extensions [None req-dbe35d26-84b2-4a4e-bc85-c510b841975a None None] Ext name="Pagination support" alias="pagination" description="Extension that indicates that pagination is enabled." updated="2016-06-12T00:00:00-00:00" {{(pid=101649) _check_extension /opt/stack/neutron/neutron/api/extensions.py:415}}
Jul 23 05:30:44.355752 np0000186254 devstack@neutron-api.service[101649]: INFO neutron.api.extensions [None req-dbe35d26-84b2-4a4e-bc85-c510b841975a None None] Loaded extension: pagination
Jul 23 05:30:44.355752 np0000186254 devstack@neutron-api.service[101649]: DEBUG neutron.api.extensions [None req-dbe35d26-84b2-4a4e-bc85-c510b841975a None None] Loading extension file: port_device_profile.py {{(pid=101649) _load_all_extensions_from_path /opt/stack/neutron/neutron/api/extensions.py:449}}
Jul 23 05:30:44.355752 np0000186254 devstack@neutron-api.service[101649]: DEBUG neutron.api.extensions [None req-dbe35d26-84b2-4a4e-bc85-c510b841975a None None] Ext name="Port device profile" alias="port-device-profile" description="Expose the port device profile (Cyborg)" updated="2020-12-17T10:00:00-00:00" {{(pid=101649) _check_extension /opt/stack/neutron/neutron/api/extensions.py:415}}
Jul 23 05:30:44.355937 np0000186254 devstack@neutron-api.service[101647]: INFO neutron.services.logapi.drivers.ovn.driver [None req-fc634394-3696-4fef-bcb7-0e85e57bde02 None None] OVN logging driver registered
Jul 23 05:30:44.355937 np0000186254 devstack@neutron-api.service[101647]: DEBUG neutron_lib.callbacks.manager [None req-fc634394-3696-4fef-bcb7-0e85e57bde02 None None] Subscribe: ._register_pvlan_driver at 0x70f71e381e40> pvlan_plugin before_spawn 55550000, False {{(pid=101647) subscribe /opt/stack/data/venv/lib/python3.12/site-packages/neutron_lib/callbacks/manager.py:52}}
Jul 23 05:30:44.356081 np0000186254 devstack@neutron-api.service[101649]: INFO neutron.api.extensions [None req-dbe35d26-84b2-4a4e-bc85-c510b841975a None None] Loaded extension: port-device-profile
Jul 23 05:30:44.356115 np0000186254 devstack@neutron-api.service[101647]: DEBUG neutron_lib.callbacks.manager [None req-fc634394-3696-4fef-bcb7-0e85e57bde02 None None] Subscribe: process after_init 55550000, False {{(pid=101647) subscribe /opt/stack/data/venv/lib/python3.12/site-packages/neutron_lib/callbacks/manager.py:52}}
Jul 23 05:30:44.356145 np0000186254 devstack@neutron-api.service[101649]: DEBUG neutron.api.extensions [None req-dbe35d26-84b2-4a4e-bc85-c510b841975a None None] Loading extension file: port_hardware_offload_type.py {{(pid=101649) _load_all_extensions_from_path /opt/stack/neutron/neutron/api/extensions.py:449}}
Jul 23 05:30:44.356145 np0000186254 devstack@neutron-api.service[101649]: DEBUG neutron.api.extensions [None req-dbe35d26-84b2-4a4e-bc85-c510b841975a None None] Ext name="Port hardware offload" alias="port-hardware-offload-type" description="Expose port hardware offload extension" updated="2023-05-09T10:00:00-00:00" {{(pid=101649) _check_extension /opt/stack/neutron/neutron/api/extensions.py:415}}
Jul 23 05:30:44.356770 np0000186254 devstack@neutron-api.service[101649]: INFO neutron.api.extensions [None req-dbe35d26-84b2-4a4e-bc85-c510b841975a None None] Extension port-hardware-offload-type not supported by any of loaded plugins
Jul 23 05:30:44.356770 np0000186254 devstack@neutron-api.service[101649]: DEBUG neutron.api.extensions [None req-dbe35d26-84b2-4a4e-bc85-c510b841975a None None] Loading extension file: port_hint_ovs_tx_steering.py {{(pid=101649) _load_all_extensions_from_path /opt/stack/neutron/neutron/api/extensions.py:449}}
Jul 23 05:30:44.356770 np0000186254 devstack@neutron-api.service[101649]: DEBUG neutron.api.extensions [None req-dbe35d26-84b2-4a4e-bc85-c510b841975a None None] Ext name="Port hint: Open vSwitch Tx steering" alias="port-hint-ovs-tx-steering" description="Enable Port hint: Open vSwitch Tx steering" updated="2023-01-01T00:00:00-00:00" {{(pid=101649) _check_extension /opt/stack/neutron/neutron/api/extensions.py:415}}
Jul 23 05:30:44.356770 np0000186254 devstack@neutron-api.service[101649]: INFO neutron.api.extensions [None req-dbe35d26-84b2-4a4e-bc85-c510b841975a None None] Extension port-hint-ovs-tx-steering not supported by any of loaded plugins
Jul 23 05:30:44.357254 np0000186254 devstack@neutron-api.service[101649]: DEBUG neutron.api.extensions [None req-dbe35d26-84b2-4a4e-bc85-c510b841975a None None] Loading extension file: port_hints.py {{(pid=101649) _load_all_extensions_from_path /opt/stack/neutron/neutron/api/extensions.py:449}}
Jul 23 05:30:44.357254 np0000186254 devstack@neutron-api.service[101649]: DEBUG neutron.api.extensions [None req-dbe35d26-84b2-4a4e-bc85-c510b841975a None None] Ext name="Port hints" alias="port-hints" description="Backend specific port hints to allow backend specific tuning" updated="2023-01-01T00:00:00-00:00" {{(pid=101649) _check_extension /opt/stack/neutron/neutron/api/extensions.py:415}}
Jul 23 05:30:44.357254 np0000186254 devstack@neutron-api.service[101649]: INFO neutron.api.extensions [None req-dbe35d26-84b2-4a4e-bc85-c510b841975a None None] Extension port-hints not supported by any of loaded plugins
Jul 23 05:30:44.357705 np0000186254 devstack@neutron-api.service[101647]: DEBUG neutron.plugins.ml2.plugin [None req-fc634394-3696-4fef-bcb7-0e85e57bde02 None None] neutron.plugins.ml2.plugin.Ml2Plugin method _start_rpc_notifiers called with arguments () {} {{(pid=101647) wrapper /opt/stack/data/venv/lib/python3.12/site-packages/oslo_log/helpers.py:77}}
Jul 23 05:30:44.357888 np0000186254 devstack@neutron-api.service[101649]: DEBUG neutron.api.extensions [None req-dbe35d26-84b2-4a4e-bc85-c510b841975a None None] Loading extension file: port_mac_address_override.py {{(pid=101649) _load_all_extensions_from_path /opt/stack/neutron/neutron/api/extensions.py:449}}
Jul 23 05:30:44.357888 np0000186254 devstack@neutron-api.service[101649]: DEBUG neutron.api.extensions [None req-dbe35d26-84b2-4a4e-bc85-c510b841975a None None] Ext name="Neutron Port MAC address override" alias="port-mac-override" description="Allow overriding the MAC address of a direct-physical Port via the active binding profile" updated="2022-03-18T10:00:00-00:00" {{(pid=101649) _check_extension /opt/stack/neutron/neutron/api/extensions.py:415}}
Jul 23 05:30:44.358138 np0000186254 devstack@neutron-api.service[101647]: DEBUG neutron_lib.callbacks.manager [None req-fc634394-3696-4fef-bcb7-0e85e57bde02 None None] Subscribe: > port after_create 55550000, False {{(pid=101647) subscribe /opt/stack/data/venv/lib/python3.12/site-packages/neutron_lib/callbacks/manager.py:52}}
Jul 23 05:30:44.358138 np0000186254 devstack@neutron-api.service[101647]: DEBUG neutron_lib.callbacks.manager [None req-fc634394-3696-4fef-bcb7-0e85e57bde02 None None] Subscribe: > port after_update 55550000, False {{(pid=101647) subscribe /opt/stack/data/venv/lib/python3.12/site-packages/neutron_lib/callbacks/manager.py:52}}
Jul 23 05:30:44.358393 np0000186254 devstack@neutron-api.service[101649]: INFO neutron.api.extensions [None req-dbe35d26-84b2-4a4e-bc85-c510b841975a None None] Extension port-mac-override not supported by any of loaded plugins
Jul 23 05:30:44.358553 np0000186254 devstack@neutron-api.service[101647]: DEBUG neutron_lib.callbacks.manager [None req-fc634394-3696-4fef-bcb7-0e85e57bde02 None None] Subscribe: > port after_delete 55550000, False {{(pid=101647) subscribe /opt/stack/data/venv/lib/python3.12/site-packages/neutron_lib/callbacks/manager.py:52}}
Jul 23 05:30:44.358745 np0000186254 devstack@neutron-api.service[101649]: DEBUG neutron.api.extensions [None req-dbe35d26-84b2-4a4e-bc85-c510b841975a None None] Loading extension file: port_mac_address_regenerate.py {{(pid=101649) _load_all_extensions_from_path /opt/stack/neutron/neutron/api/extensions.py:449}}
Jul 23 05:30:44.358880 np0000186254 devstack@neutron-api.service[101647]: DEBUG neutron_lib.callbacks.manager [None req-fc634394-3696-4fef-bcb7-0e85e57bde02 None None] Subscribe: > subnet after_create 55550000, False {{(pid=101647) subscribe /opt/stack/data/venv/lib/python3.12/site-packages/neutron_lib/callbacks/manager.py:52}}
Jul 23 05:30:44.358880 np0000186254 devstack@neutron-api.service[101647]: DEBUG neutron_lib.callbacks.manager [None req-fc634394-3696-4fef-bcb7-0e85e57bde02 None None] Subscribe: > subnet after_update 55550000, False {{(pid=101647) subscribe /opt/stack/data/venv/lib/python3.12/site-packages/neutron_lib/callbacks/manager.py:52}}
Jul 23 05:30:44.359132 np0000186254 devstack@neutron-api.service[101649]: DEBUG neutron.api.extensions [None req-dbe35d26-84b2-4a4e-bc85-c510b841975a None None] Ext name="Neutron Port MAC address regenerate" alias="port-mac-address-regenerate" description="Network port MAC address regenerate" updated="2018-05-03T10:00:00-00:00" {{(pid=101649) _check_extension /opt/stack/neutron/neutron/api/extensions.py:415}}
Jul 23 05:30:44.359312 np0000186254 devstack@neutron-api.service[101647]: DEBUG neutron_lib.callbacks.manager [None req-fc634394-3696-4fef-bcb7-0e85e57bde02 None None] Subscribe: > subnet after_delete 55550000, False {{(pid=101647) subscribe /opt/stack/data/venv/lib/python3.12/site-packages/neutron_lib/callbacks/manager.py:52}}
Jul 23 05:30:44.359312 np0000186254 devstack@neutron-api.service[101647]: DEBUG neutron_lib.callbacks.manager [None req-fc634394-3696-4fef-bcb7-0e85e57bde02 None None] Subscribe: > network after_create 55550000, False {{(pid=101647) subscribe /opt/stack/data/venv/lib/python3.12/site-packages/neutron_lib/callbacks/manager.py:52}}
Jul 23 05:30:44.359522 np0000186254 devstack@neutron-api.service[101649]: INFO neutron.api.extensions [None req-dbe35d26-84b2-4a4e-bc85-c510b841975a None None] Loaded extension: port-mac-address-regenerate
Jul 23 05:30:44.359676 np0000186254 devstack@neutron-api.service[101647]: DEBUG neutron_lib.callbacks.manager [None req-fc634394-3696-4fef-bcb7-0e85e57bde02 None None] Subscribe: > network after_update 55550000, False {{(pid=101647) subscribe /opt/stack/data/venv/lib/python3.12/site-packages/neutron_lib/callbacks/manager.py:52}}
Jul 23 05:30:44.359774 np0000186254 devstack@neutron-api.service[101649]: DEBUG neutron.api.extensions [None req-dbe35d26-84b2-4a4e-bc85-c510b841975a None None] Loading extension file: port_numa_affinity_policy.py {{(pid=101649) _load_all_extensions_from_path /opt/stack/neutron/neutron/api/extensions.py:449}}
Jul 23 05:30:44.359810 np0000186254 devstack@neutron-api.service[101647]: DEBUG neutron_lib.callbacks.manager [None req-fc634394-3696-4fef-bcb7-0e85e57bde02 None None] Subscribe: > network after_delete 55550000, False {{(pid=101647) subscribe /opt/stack/data/venv/lib/python3.12/site-packages/neutron_lib/callbacks/manager.py:52}}
Jul 23 05:30:44.359810 np0000186254 devstack@neutron-api.service[101647]: DEBUG neutron_lib.callbacks.manager [None req-fc634394-3696-4fef-bcb7-0e85e57bde02 None None] Subscribe: > security_group after_create 55550000, False {{(pid=101647) subscribe /opt/stack/data/venv/lib/python3.12/site-packages/neutron_lib/callbacks/manager.py:52}}
Jul 23 05:30:44.359865 np0000186254 devstack@neutron-api.service[101649]: DEBUG neutron.api.extensions [None req-dbe35d26-84b2-4a4e-bc85-c510b841975a None None] Ext name="Port NUMA affinity policy" alias="port-numa-affinity-policy" description="Expose the port NUMA affinity policy" updated="2020-07-08T10:00:00-00:00" {{(pid=101649) _check_extension /opt/stack/neutron/neutron/api/extensions.py:415}}
Jul 23 05:30:44.359931 np0000186254 devstack@neutron-api.service[101647]: DEBUG neutron_lib.callbacks.manager [None req-fc634394-3696-4fef-bcb7-0e85e57bde02 None None] Subscribe: > security_group after_update 55550000, False {{(pid=101647) subscribe /opt/stack/data/venv/lib/python3.12/site-packages/neutron_lib/callbacks/manager.py:52}}
Jul 23 05:30:44.359931 np0000186254 devstack@neutron-api.service[101647]: DEBUG neutron_lib.callbacks.manager [None req-fc634394-3696-4fef-bcb7-0e85e57bde02 None None] Subscribe: > security_group after_delete 55550000, False {{(pid=101647) subscribe /opt/stack/data/venv/lib/python3.12/site-packages/neutron_lib/callbacks/manager.py:52}}
Jul 23 05:30:44.359988 np0000186254 devstack@neutron-api.service[101649]: INFO neutron.api.extensions [None req-dbe35d26-84b2-4a4e-bc85-c510b841975a None None] Loaded extension: port-numa-affinity-policy
Jul 23 05:30:44.360052 np0000186254 devstack@neutron-api.service[101647]: DEBUG neutron_lib.callbacks.manager [None req-fc634394-3696-4fef-bcb7-0e85e57bde02 None None] Subscribe: > security_group_rule after_create 55550000, False {{(pid=101647) subscribe /opt/stack/data/venv/lib/python3.12/site-packages/neutron_lib/callbacks/manager.py:52}}
Jul 23 05:30:44.360122 np0000186254 devstack@neutron-api.service[101649]: DEBUG neutron.api.extensions [None req-dbe35d26-84b2-4a4e-bc85-c510b841975a None None] Loading extension file: port_numa_affinity_policy_socket.py {{(pid=101649) _load_all_extensions_from_path /opt/stack/neutron/neutron/api/extensions.py:449}}
Jul 23 05:30:44.360154 np0000186254 devstack@neutron-api.service[101647]: DEBUG neutron_lib.callbacks.manager [None req-fc634394-3696-4fef-bcb7-0e85e57bde02 None None] Subscribe: > security_group_rule after_update 55550000, False {{(pid=101647) subscribe /opt/stack/data/venv/lib/python3.12/site-packages/neutron_lib/callbacks/manager.py:52}}
Jul 23 05:30:44.360154 np0000186254 devstack@neutron-api.service[101647]: DEBUG neutron_lib.callbacks.manager [None req-fc634394-3696-4fef-bcb7-0e85e57bde02 None None] Subscribe: > security_group_rule after_delete 55550000, False {{(pid=101647) subscribe /opt/stack/data/venv/lib/python3.12/site-packages/neutron_lib/callbacks/manager.py:52}}
Jul 23 05:30:44.360213 np0000186254 devstack@neutron-api.service[101649]: DEBUG neutron.api.extensions [None req-dbe35d26-84b2-4a4e-bc85-c510b841975a None None] Ext name="Port NUMA affinity policy "socket"" alias="port-numa-affinity-policy-socket" description="Adds "socket" to the supported port NUMA affinity policies" updated="2024-02-09T10:00:00-00:00" {{(pid=101649) _check_extension /opt/stack/neutron/neutron/api/extensions.py:415}}
Jul 23 05:30:44.360250 np0000186254 devstack@neutron-api.service[101647]: DEBUG neutron_lib.callbacks.manager [None req-fc634394-3696-4fef-bcb7-0e85e57bde02 None None] Subscribe: > address_group after_create 55550000, False {{(pid=101647) subscribe /opt/stack/data/venv/lib/python3.12/site-packages/neutron_lib/callbacks/manager.py:52}}
Jul 23 05:30:44.360250 np0000186254 devstack@neutron-api.service[101647]: DEBUG neutron_lib.callbacks.manager [None req-fc634394-3696-4fef-bcb7-0e85e57bde02 None None] Subscribe: > address_group after_update 55550000, False {{(pid=101647) subscribe /opt/stack/data/venv/lib/python3.12/site-packages/neutron_lib/callbacks/manager.py:52}}
Jul 23 05:30:44.360336 np0000186254 devstack@neutron-api.service[101649]: INFO neutron.api.extensions [None req-dbe35d26-84b2-4a4e-bc85-c510b841975a None None] Loaded extension: port-numa-affinity-policy-socket
Jul 23 05:30:44.360365 np0000186254 devstack@neutron-api.service[101647]: DEBUG neutron_lib.callbacks.manager [None req-fc634394-3696-4fef-bcb7-0e85e57bde02 None None] Subscribe: > address_group after_delete 55550000, False {{(pid=101647) subscribe /opt/stack/data/venv/lib/python3.12/site-packages/neutron_lib/callbacks/manager.py:52}}
Jul 23 05:30:44.360425 np0000186254 devstack@neutron-api.service[101649]: DEBUG neutron.api.extensions [None req-dbe35d26-84b2-4a4e-bc85-c510b841975a None None] Loading extension file: port_resource_request.py {{(pid=101649) _load_all_extensions_from_path /opt/stack/neutron/neutron/api/extensions.py:449}}
Jul 23 05:30:44.360514 np0000186254 devstack@neutron-api.service[101647]: DEBUG neutron.plugins.ml2.ovo_rpc [None req-fc634394-3696-4fef-bcb7-0e85e57bde02 None None] ML2 OVO RPC backend initialized. {{(pid=101647) __init__ /opt/stack/neutron/neutron/plugins/ml2/ovo_rpc.py:117}}
Jul 23 05:30:44.360549 np0000186254 devstack@neutron-api.service[101649]: DEBUG neutron.api.extensions [None req-dbe35d26-84b2-4a4e-bc85-c510b841975a None None] Ext name="Port Resource Request" alias="port-resource-request" description="Expose resource request to Port" updated="2018-05-08T10:00:00-00:00" {{(pid=101649) _check_extension /opt/stack/neutron/neutron/api/extensions.py:415}}
Jul 23 05:30:44.360549 np0000186254 devstack@neutron-api.service[101649]: INFO neutron.api.extensions [None req-dbe35d26-84b2-4a4e-bc85-c510b841975a None None] Extension port-resource-request not supported by any of loaded plugins
Jul 23 05:30:44.360549 np0000186254 devstack@neutron-api.service[101649]: DEBUG neutron.api.extensions [None req-dbe35d26-84b2-4a4e-bc85-c510b841975a None None] Loading extension file: port_resource_request_groups.py {{(pid=101649) _load_all_extensions_from_path /opt/stack/neutron/neutron/api/extensions.py:449}}
Jul 23 05:30:44.360549 np0000186254 devstack@neutron-api.service[101649]: DEBUG neutron.api.extensions [None req-dbe35d26-84b2-4a4e-bc85-c510b841975a None None] Ext name="Port Resource Request Groups" alias="port-resource-request-groups" description="Support requesting multiple groups of resources and traits from the same RP subtree in resource_request" updated="2021-08-02T10:00:00-00:00" {{(pid=101649) _check_extension /opt/stack/neutron/neutron/api/extensions.py:415}}
Jul 23 05:30:44.360663 np0000186254 devstack@neutron-api.service[101647]: INFO neutron.quota [None req-fc634394-3696-4fef-bcb7-0e85e57bde02 None None] Loaded quota_driver: .
Jul 23 05:30:44.360728 np0000186254 devstack@neutron-api.service[101649]: INFO neutron.api.extensions [None req-dbe35d26-84b2-4a4e-bc85-c510b841975a None None] Extension port-resource-request-groups not supported by any of loaded plugins
Jul 23 05:30:44.360763 np0000186254 devstack@neutron-api.service[101647]: INFO neutron.plugins.ml2.plugin [None req-fc634394-3696-4fef-bcb7-0e85e57bde02 None None] Modular L2 Plugin initialization complete
Jul 23 05:30:44.360791 np0000186254 devstack@neutron-api.service[101649]: DEBUG neutron.api.extensions [None req-dbe35d26-84b2-4a4e-bc85-c510b841975a None None] Loading extension file: port_trusted_vif.py {{(pid=101649) _load_all_extensions_from_path /opt/stack/neutron/neutron/api/extensions.py:449}}
Jul 23 05:30:44.360850 np0000186254 devstack@neutron-api.service[101647]: DEBUG neutron.manager [None req-fc634394-3696-4fef-bcb7-0e85e57bde02 None None] Loading services supported by the core plugin {{(pid=101647) _load_services_from_core_plugin /opt/stack/neutron/neutron/manager.py:167}}
Jul 23 05:30:44.360850 np0000186254 devstack@neutron-api.service[101647]: INFO neutron.plugins.ml2.managers [None req-fc634394-3696-4fef-bcb7-0e85e57bde02 None None] Got port-security extension from driver 'port_security'
Jul 23 05:30:44.360911 np0000186254 devstack@neutron-api.service[101649]: DEBUG neutron.api.extensions [None req-dbe35d26-84b2-4a4e-bc85-c510b841975a None None] Ext name="Port trusted vif" alias="port-trusted-vif" description="Expose port 'trusted' attribute in the API" updated="2024-07-10T10:00:00-00:00" {{(pid=101649) _check_extension /opt/stack/neutron/neutron/api/extensions.py:415}}
Jul 23 05:30:44.360911 np0000186254 devstack@neutron-api.service[101649]: INFO neutron.api.extensions [None req-dbe35d26-84b2-4a4e-bc85-c510b841975a None None] Extension port-trusted-vif not supported by any of loaded plugins
Jul 23 05:30:44.360997 np0000186254 devstack@neutron-api.service[101647]: DEBUG neutron.manager [None req-fc634394-3696-4fef-bcb7-0e85e57bde02 None None] Loading service plugins: ['ovn-router', 'auto_allocate', 'tag', 'timestamp', 'network_ip_availability', 'flavors', 'revisions'] {{(pid=101647) _load_service_plugins /opt/stack/neutron/neutron/manager.py:192}}
Jul 23 05:30:44.361026 np0000186254 devstack@neutron-api.service[101649]: DEBUG neutron.api.extensions [None req-dbe35d26-84b2-4a4e-bc85-c510b841975a None None] Loading extension file: portbindings.py {{(pid=101649) _load_all_extensions_from_path /opt/stack/neutron/neutron/api/extensions.py:449}}
Jul 23 05:30:44.361054 np0000186254 devstack@neutron-api.service[101647]: INFO neutron.manager [None req-fc634394-3696-4fef-bcb7-0e85e57bde02 None None] Loading Plugin: ovn-router
Jul 23 05:30:44.361081 np0000186254 devstack@neutron-api.service[101649]: DEBUG neutron.api.extensions [None req-dbe35d26-84b2-4a4e-bc85-c510b841975a None None] Ext name="Port Binding" alias="binding" description="Expose port bindings of a virtual port to external application" updated="2014-02-03T10:00:00-00:00" {{(pid=101649) _check_extension /opt/stack/neutron/neutron/api/extensions.py:415}}
Jul 23 05:30:44.361081 np0000186254 devstack@neutron-api.service[101649]: INFO neutron.api.extensions [None req-dbe35d26-84b2-4a4e-bc85-c510b841975a None None] Loaded extension: binding
Jul 23 05:30:44.361081 np0000186254 devstack@neutron-api.service[101649]: DEBUG neutron.api.extensions [None req-dbe35d26-84b2-4a4e-bc85-c510b841975a None None] Loading extension file: portbindings_extended.py {{(pid=101649) _load_all_extensions_from_path /opt/stack/neutron/neutron/api/extensions.py:449}}
Jul 23 05:30:44.361836 np0000186254 devstack@neutron-api.service[101649]: DEBUG neutron.api.extensions [None req-dbe35d26-84b2-4a4e-bc85-c510b841975a None None] Ext name="Port Bindings Extended" alias="binding-extended" description="Expose port bindings of a virtual port to external application" updated="2017-07-17T10:00:00-00:00" {{(pid=101649) _check_extension /opt/stack/neutron/neutron/api/extensions.py:415}}
Jul 23 05:30:44.361836 np0000186254 devstack@neutron-api.service[101649]: INFO neutron.api.extensions [None req-dbe35d26-84b2-4a4e-bc85-c510b841975a None None] Loaded extension: binding-extended
Jul 23 05:30:44.361836 np0000186254 devstack@neutron-api.service[101649]: DEBUG neutron.api.extensions [None req-dbe35d26-84b2-4a4e-bc85-c510b841975a None None] Loading extension file: portsecurity.py {{(pid=101649) _load_all_extensions_from_path /opt/stack/neutron/neutron/api/extensions.py:449}}
Jul 23 05:30:44.361836 np0000186254 devstack@neutron-api.service[101649]: DEBUG neutron.api.extensions [None req-dbe35d26-84b2-4a4e-bc85-c510b841975a None None] Ext name="Port Security" alias="port-security" description="Provides port security" updated="2012-07-23T10:00:00-00:00" {{(pid=101649) _check_extension /opt/stack/neutron/neutron/api/extensions.py:415}}
Jul 23 05:30:44.362186 np0000186254 devstack@neutron-api.service[101649]: INFO neutron.api.extensions [None req-dbe35d26-84b2-4a4e-bc85-c510b841975a None None] Loaded extension: port-security
