Jul 16 21:17:16.304246 np0000185615 devstack@neutron-api.service[101554]: DEBUG neutron.api.extensions [None req-31f11c4d-4770-4291-ad36-bd1b20d8dd81 None None] Loading extension file: aap_reject_multicast.py {{(pid=101554) _load_all_extensions_from_path /opt/stack/neutron/neutron/api/extensions.py:449}}
Jul 16 21:17:16.304294 np0000185615 devstack@neutron-api.service[101553]: INFO neutron.api.extensions [None req-ed15d017-f049-4d3e-aa88-a90cf4fd21b8 None None] Extension qos-rule-type-details not supported by any of loaded plugins
Jul 16 21:17:16.304294 np0000185615 devstack@neutron-api.service[101553]: DEBUG neutron.api.extensions [None req-ed15d017-f049-4d3e-aa88-a90cf4fd21b8 None None] Loading extension file: qos_rule_type_filter.py {{(pid=101553) _load_all_extensions_from_path /opt/stack/neutron/neutron/api/extensions.py:449}}
Jul 16 21:17:16.304359 np0000185615 devstack@neutron-api.service[101554]: DEBUG neutron.api.extensions [None req-31f11c4d-4770-4291-ad36-bd1b20d8dd81 None None] Ext name="Allowed address pairs reject multicast extension" alias="aap-reject-multicast" description="Reject multicast addresses in Allowed Address Pairs" updated="2026-04-01T00:00:00-00:00" {{(pid=101554) _check_extension /opt/stack/neutron/neutron/api/extensions.py:415}}
Jul 16 21:17:16.304418 np0000185615 devstack@neutron-api.service[101553]: DEBUG neutron.api.extensions [None req-ed15d017-f049-4d3e-aa88-a90cf4fd21b8 None None] Ext name="Allow to filter the list of QoS rule types" alias="qos-rule-type-filter" description="Allows to filter the QoS rule type list adding two new flags. "all_rules" prints all implemented QoS rule types."all_supported" prints all supported QoS rule types by the loaded mechanism drivers" updated="2022-02-02T10:00:00-00:00" {{(pid=101553) _check_extension /opt/stack/neutron/neutron/api/extensions.py:415}}
Jul 16 21:17:16.304490 np0000185615 devstack@neutron-api.service[101552]: DEBUG neutron_lib.callbacks.manager [None req-c4948066-a786-4392-8d82-60fbccc7e223 None None] Subscribe: > router before_delete 55550000, False {{(pid=101552) subscribe /opt/stack/data/venv/lib/python3.12/site-packages/neutron_lib/callbacks/manager.py:52}}
Jul 16 21:17:16.304543 np0000185615 devstack@neutron-api.service[101554]: INFO neutron.api.extensions [None req-31f11c4d-4770-4291-ad36-bd1b20d8dd81 None None] Extension aap-reject-multicast not supported by any of loaded plugins
Jul 16 21:17:16.304781 np0000185615 devstack@neutron-api.service[101553]: INFO neutron.api.extensions [None req-ed15d017-f049-4d3e-aa88-a90cf4fd21b8 None None] Extension qos-rule-type-filter not supported by any of loaded plugins
Jul 16 21:17:16.305040 np0000185615 devstack@neutron-api.service[101552]: DEBUG neutron_lib.callbacks.manager [None req-c4948066-a786-4392-8d82-60fbccc7e223 None None] Subscribe: port before_update 55550000, False {{(pid=101552) subscribe /opt/stack/data/venv/lib/python3.12/site-packages/neutron_lib/callbacks/manager.py:52}}
Jul 16 21:17:16.305361 np0000185615 devstack@neutron-api.service[101554]: DEBUG neutron.api.extensions [None req-31f11c4d-4770-4291-ad36-bd1b20d8dd81 None None] Loading extension file: address_group.py {{(pid=101554) _load_all_extensions_from_path /opt/stack/neutron/neutron/api/extensions.py:449}}
Jul 16 21:17:16.305669 np0000185615 devstack@neutron-api.service[101553]: DEBUG neutron.api.extensions [None req-ed15d017-f049-4d3e-aa88-a90cf4fd21b8 None None] Loading extension file: qos_rules_alias.py {{(pid=101553) _load_all_extensions_from_path /opt/stack/neutron/neutron/api/extensions.py:449}}
Jul 16 21:17:16.306014 np0000185615 devstack@neutron-api.service[101552]: DEBUG neutron_lib.callbacks.manager [None req-c4948066-a786-4392-8d82-60fbccc7e223 None None] Subscribe: port after_update 55550000, False {{(pid=101552) subscribe /opt/stack/data/venv/lib/python3.12/site-packages/neutron_lib/callbacks/manager.py:52}}
Jul 16 21:17:16.306014 np0000185615 devstack@neutron-api.service[101552]: DEBUG neutron_lib.callbacks.manager [None req-c4948066-a786-4392-8d82-60fbccc7e223 None None] Subscribe: > port precommit_delete 55550000, False {{(pid=101552) subscribe /opt/stack/data/venv/lib/python3.12/site-packages/neutron_lib/callbacks/manager.py:52}}
Jul 16 21:17:16.306323 np0000185615 devstack@neutron-api.service[101553]: DEBUG neutron.api.extensions [None req-ed15d017-f049-4d3e-aa88-a90cf4fd21b8 None None] Ext name="Quality of Service rules alias API" alias="qos-rules-alias" description="API to enable GET, PUT and DELETE operations on QoS policy rules without specifying policy ID" updated="2018-10-07T10:00:00-00:00" {{(pid=101553) _check_extension /opt/stack/neutron/neutron/api/extensions.py:415}}
Jul 16 21:17:16.306626 np0000185615 devstack@neutron-api.service[101552]: DEBUG neutron_lib.callbacks.manager [None req-c4948066-a786-4392-8d82-60fbccc7e223 None None] Subscribe: port before_update 55550000, False {{(pid=101552) subscribe /opt/stack/data/venv/lib/python3.12/site-packages/neutron_lib/callbacks/manager.py:52}}
Jul 16 21:17:16.306858 np0000185615 devstack@neutron-api.service[101554]: DEBUG neutron.api.extensions [None req-31f11c4d-4770-4291-ad36-bd1b20d8dd81 None None] Ext name="Address group" alias="address-group" description="Support address group" updated="2020-07-15T10:00:00-00:00" {{(pid=101554) _check_extension /opt/stack/neutron/neutron/api/extensions.py:415}}
Jul 16 21:17:16.306965 np0000185615 devstack@neutron-api.service[101552]: DEBUG neutron_lib.callbacks.manager [None req-c4948066-a786-4392-8d82-60fbccc7e223 None None] Subscribe: port before_delete 55550000, False {{(pid=101552) subscribe /opt/stack/data/venv/lib/python3.12/site-packages/neutron_lib/callbacks/manager.py:52}}
Jul 16 21:17:16.307067 np0000185615 devstack@neutron-api.service[101553]: INFO neutron.api.extensions [None req-ed15d017-f049-4d3e-aa88-a90cf4fd21b8 None None] Extension qos-rules-alias not supported by any of loaded plugins
Jul 16 21:17:16.307175 np0000185615 devstack@neutron-api.service[101552]: DEBUG neutron_lib.callbacks.manager [None req-c4948066-a786-4392-8d82-60fbccc7e223 None None] Subscribe: > router precommit_create 55550000, False {{(pid=101552) subscribe /opt/stack/data/venv/lib/python3.12/site-packages/neutron_lib/callbacks/manager.py:52}}
Jul 16 21:17:16.307273 np0000185615 devstack@neutron-api.service[101553]: DEBUG neutron.api.extensions [None req-ed15d017-f049-4d3e-aa88-a90cf4fd21b8 None None] Loading extension file: quota_check_limit.py {{(pid=101553) _load_all_extensions_from_path /opt/stack/neutron/neutron/api/extensions.py:449}}
Jul 16 21:17:16.307364 np0000185615 devstack@neutron-api.service[101554]: INFO neutron.api.extensions [None req-31f11c4d-4770-4291-ad36-bd1b20d8dd81 None None] Loaded extension: address-group
Jul 16 21:17:16.307487 np0000185615 devstack@neutron-api.service[101552]: DEBUG neutron_lib.callbacks.manager [None req-c4948066-a786-4392-8d82-60fbccc7e223 None None] Subscribe: > router precommit_create 55550000, False {{(pid=101552) subscribe /opt/stack/data/venv/lib/python3.12/site-packages/neutron_lib/callbacks/manager.py:52}}
Jul 16 21:17:16.307585 np0000185615 devstack@neutron-api.service[101554]: DEBUG neutron.api.extensions [None req-31f11c4d-4770-4291-ad36-bd1b20d8dd81 None None] Loading extension file: address_scope.py {{(pid=101554) _load_all_extensions_from_path /opt/stack/neutron/neutron/api/extensions.py:449}}
Jul 16 21:17:16.307680 np0000185615 devstack@neutron-api.service[101552]: DEBUG neutron_lib.callbacks.manager [None req-c4948066-a786-4392-8d82-60fbccc7e223 None None] Subscribe: > router precommit_update 55550000, False {{(pid=101552) subscribe /opt/stack/data/venv/lib/python3.12/site-packages/neutron_lib/callbacks/manager.py:52}}
Jul 16 21:17:16.307770 np0000185615 devstack@neutron-api.service[101553]: DEBUG neutron.api.extensions [None req-ed15d017-f049-4d3e-aa88-a90cf4fd21b8 None None] Ext name="Quota engine limit check" alias="quota-check-limit" description="Support for checking the resource usage before applying a new quota limit" updated="2021-09-08T16:00:00-00:00" {{(pid=101553) _check_extension /opt/stack/neutron/neutron/api/extensions.py:415}}
Jul 16 21:17:16.307858 np0000185615 devstack@neutron-api.service[101552]: DEBUG neutron_lib.callbacks.manager [None req-c4948066-a786-4392-8d82-60fbccc7e223 None None] Subscribe: subnet after_update 55550000, False {{(pid=101552) subscribe /opt/stack/data/venv/lib/python3.12/site-packages/neutron_lib/callbacks/manager.py:52}}
Jul 16 21:17:16.307955 np0000185615 devstack@neutron-api.service[101553]: INFO neutron.api.extensions [None req-ed15d017-f049-4d3e-aa88-a90cf4fd21b8 None None] Loaded extension: quota-check-limit
Jul 16 21:17:16.308044 np0000185615 devstack@neutron-api.service[101554]: DEBUG neutron.api.extensions [None req-31f11c4d-4770-4291-ad36-bd1b20d8dd81 None None] Ext name="Address scope" alias="address-scope" description="Address scopes extension." updated="2015-07-26T10:00:00-00:00" {{(pid=101554) _check_extension /opt/stack/neutron/neutron/api/extensions.py:415}}
Jul 16 21:17:16.308276 np0000185615 devstack@neutron-api.service[101553]: DEBUG neutron.api.extensions [None req-ed15d017-f049-4d3e-aa88-a90cf4fd21b8 None None] Loading extension file: quota_check_limit_default.py {{(pid=101553) _load_all_extensions_from_path /opt/stack/neutron/neutron/api/extensions.py:449}}
Jul 16 21:17:16.308365 np0000185615 devstack@neutron-api.service[101552]: DEBUG neutron.quota.resource_registry [None req-c4948066-a786-4392-8d82-60fbccc7e223 None None] Tracking information for resource: router configured {{(pid=101552) set_tracked_resource /opt/stack/neutron/neutron/quota/resource_registry.py:203}}
Jul 16 21:17:16.308365 np0000185615 devstack@neutron-api.service[101552]: DEBUG neutron.quota.resource_registry [None req-c4948066-a786-4392-8d82-60fbccc7e223 None None] Tracking information for resource: floatingip configured {{(pid=101552) set_tracked_resource /opt/stack/neutron/neutron/quota/resource_registry.py:203}}
Jul 16 21:17:16.308489 np0000185615 devstack@neutron-api.service[101554]: INFO neutron.api.extensions [None req-31f11c4d-4770-4291-ad36-bd1b20d8dd81 None None] Loaded extension: address-scope
Jul 16 21:17:16.308582 np0000185615 devstack@neutron-api.service[101552]: INFO neutron.services.ovn_l3.plugin [None req-c4948066-a786-4392-8d82-60fbccc7e223 None None] Starting OVNL3RouterPlugin
Jul 16 21:17:16.308679 np0000185615 devstack@neutron-api.service[101553]: DEBUG neutron.api.extensions [None req-ed15d017-f049-4d3e-aa88-a90cf4fd21b8 None None] Ext name="Quota engine limit check by default" alias="quota-check-limit-default" description="By default, the Neutron quota engine checks the resource usage before applying a new quota limit" updated="2024-08-21T16:00:00-00:00" {{(pid=101553) _check_extension /opt/stack/neutron/neutron/api/extensions.py:415}}
Jul 16 21:17:16.308770 np0000185615 devstack@neutron-api.service[101554]: DEBUG neutron.api.extensions [None req-31f11c4d-4770-4291-ad36-bd1b20d8dd81 None None] Loading extension file: admin_state_down_before_update.py {{(pid=101554) _load_all_extensions_from_path /opt/stack/neutron/neutron/api/extensions.py:449}}
Jul 16 21:17:16.308867 np0000185615 devstack@neutron-api.service[101553]: INFO neutron.api.extensions [None req-ed15d017-f049-4d3e-aa88-a90cf4fd21b8 None None] Loaded extension: quota-check-limit-default
Jul 16 21:17:16.308968 np0000185615 devstack@neutron-api.service[101552]: DEBUG neutron_lib.callbacks.manager [None req-c4948066-a786-4392-8d82-60fbccc7e223 None None] Subscribe: > port_forwarding_plugin after_init 55550000, False {{(pid=101552) subscribe /opt/stack/data/venv/lib/python3.12/site-packages/neutron_lib/callbacks/manager.py:52}}
Jul 16 21:17:16.309059 np0000185615 devstack@neutron-api.service[101553]: DEBUG neutron.api.extensions [None req-ed15d017-f049-4d3e-aa88-a90cf4fd21b8 None None] Loading extension file: quotasv2.py {{(pid=101553) _load_all_extensions_from_path /opt/stack/neutron/neutron/api/extensions.py:449}}
Jul 16 21:17:16.309171 np0000185615 devstack@neutron-api.service[101554]: DEBUG neutron.api.extensions [None req-31f11c4d-4770-4291-ad36-bd1b20d8dd81 None None] Ext name="Enforce Router's Admin State Down Before Update Extension" alias="router-admin-state-down-before-update" description="Ensure that the admin state of a router is DOWN (admin_state_up=False) before updating the distributed attribute" updated="2019-07-02T15:56:00" {{(pid=101554) _check_extension /opt/stack/neutron/neutron/api/extensions.py:415}}
Jul 16 21:17:16.309272 np0000185615 devstack@neutron-api.service[101552]: DEBUG neutron_lib.callbacks.manager [None req-c4948066-a786-4392-8d82-60fbccc7e223 None None] Subscribe: > router before_create 55550100, False {{(pid=101552) subscribe /opt/stack/data/venv/lib/python3.12/site-packages/neutron_lib/callbacks/manager.py:52}}
Jul 16 21:17:16.309363 np0000185615 devstack@neutron-api.service[101554]: INFO neutron.api.extensions [None req-31f11c4d-4770-4291-ad36-bd1b20d8dd81 None None] Extension router-admin-state-down-before-update not supported by any of loaded plugins
Jul 16 21:17:16.309363 np0000185615 devstack@neutron-api.service[101554]: DEBUG neutron.api.extensions [None req-31f11c4d-4770-4291-ad36-bd1b20d8dd81 None None] Loading extension file: agent.py {{(pid=101554) _load_all_extensions_from_path /opt/stack/neutron/neutron/api/extensions.py:449}}
Jul 16 21:17:16.309478 np0000185615 devstack@neutron-api.service[101552]: DEBUG neutron_lib.callbacks.manager [None req-c4948066-a786-4392-8d82-60fbccc7e223 None None] Subscribe: > router precommit_delete 55550100, False {{(pid=101552) subscribe /opt/stack/data/venv/lib/python3.12/site-packages/neutron_lib/callbacks/manager.py:52}}
Jul 16 21:17:16.309478 np0000185615 devstack@neutron-api.service[101552]: DEBUG neutron_lib.callbacks.manager [None req-c4948066-a786-4392-8d82-60fbccc7e223 None None] Subscribe: > router precommit_create 55550100, False {{(pid=101552) subscribe /opt/stack/data/venv/lib/python3.12/site-packages/neutron_lib/callbacks/manager.py:52}}
Jul 16 21:17:16.309603 np0000185615 devstack@neutron-api.service[101553]: DEBUG neutron.api.extensions [None req-ed15d017-f049-4d3e-aa88-a90cf4fd21b8 None None] Ext name="Quota management support" alias="quotas" description="Expose functions for quotas management per project" updated="2012-07-29T10:00:00-00:00" {{(pid=101553) _check_extension /opt/stack/neutron/neutron/api/extensions.py:415}}
Jul 16 21:17:16.309723 np0000185615 devstack@neutron-api.service[101552]: DEBUG neutron_lib.callbacks.manager [None req-c4948066-a786-4392-8d82-60fbccc7e223 None None] Subscribe: > router precommit_update 55550100, False {{(pid=101552) subscribe /opt/stack/data/venv/lib/python3.12/site-packages/neutron_lib/callbacks/manager.py:52}}
Jul 16 21:17:16.309861 np0000185615 devstack@neutron-api.service[101553]: INFO neutron.api.extensions [None req-ed15d017-f049-4d3e-aa88-a90cf4fd21b8 None None] Loaded extension: quotas
Jul 16 21:17:16.309969 np0000185615 devstack@neutron-api.service[101554]: DEBUG neutron.api.extensions [None req-31f11c4d-4770-4291-ad36-bd1b20d8dd81 None None] Ext name="agent" alias="agent" description="The agent management extension." updated="2013-02-03T10:00:00-00:00" {{(pid=101554) _check_extension /opt/stack/neutron/neutron/api/extensions.py:415}}
Jul 16 21:17:16.310327 np0000185615 devstack@neutron-api.service[101553]: DEBUG neutron.api.extensions [None req-ed15d017-f049-4d3e-aa88-a90cf4fd21b8 None None] Loading extension file: quotasv2_detail.py {{(pid=101553) _load_all_extensions_from_path /opt/stack/neutron/neutron/api/extensions.py:449}}
Jul 16 21:17:16.310612 np0000185615 devstack@neutron-api.service[101554]: INFO neutron.api.extensions [None req-31f11c4d-4770-4291-ad36-bd1b20d8dd81 None None] Loaded extension: agent
Jul 16 21:17:16.310612 np0000185615 devstack@neutron-api.service[101554]: DEBUG neutron.api.extensions [None req-31f11c4d-4770-4291-ad36-bd1b20d8dd81 None None] Loading extension file: agent_resources_synced.py {{(pid=101554) _load_all_extensions_from_path /opt/stack/neutron/neutron/api/extensions.py:449}}
Jul 16 21:17:16.310898 np0000185615 devstack@neutron-api.service[101553]: DEBUG neutron.api.extensions [None req-ed15d017-f049-4d3e-aa88-a90cf4fd21b8 None None] Ext name="Quota details management support" alias="quota_details" description="Expose functions for quotas usage statistics per project" updated="2017-02-10T10:00:00-00:00" {{(pid=101553) _check_extension /opt/stack/neutron/neutron/api/extensions.py:415}}
Jul 16 21:17:16.310898 np0000185615 devstack@neutron-api.service[101553]: INFO neutron.api.extensions [None req-ed15d017-f049-4d3e-aa88-a90cf4fd21b8 None None] Loaded extension: quota_details
Jul 16 21:17:16.311217 np0000185615 devstack@neutron-api.service[101554]: DEBUG neutron.api.extensions [None req-31f11c4d-4770-4291-ad36-bd1b20d8dd81 None None] Ext name="Agent's Resource View Synced to Placement" alias="agent-resources-synced" description="Stores success/failure of last sync to Placement" updated="2018-12-19T00:00:00-00:00" {{(pid=101554) _check_extension /opt/stack/neutron/neutron/api/extensions.py:415}}
Jul 16 21:17:16.311400 np0000185615 devstack@neutron-api.service[101553]: DEBUG neutron.api.extensions [None req-ed15d017-f049-4d3e-aa88-a90cf4fd21b8 None None] Loading extension file: rbac.py {{(pid=101553) _load_all_extensions_from_path /opt/stack/neutron/neutron/api/extensions.py:449}}
Jul 16 21:17:16.311500 np0000185615 devstack@neutron-api.service[101554]: INFO neutron.api.extensions [None req-31f11c4d-4770-4291-ad36-bd1b20d8dd81 None None] Extension agent-resources-synced not supported by any of loaded plugins
Jul 16 21:17:16.311500 np0000185615 devstack@neutron-api.service[101554]: DEBUG neutron.api.extensions [None req-31f11c4d-4770-4291-ad36-bd1b20d8dd81 None None] Loading extension file: agent_sort_key.py {{(pid=101554) _load_all_extensions_from_path /opt/stack/neutron/neutron/api/extensions.py:449}}
Jul 16 21:17:16.311500 np0000185615 devstack@neutron-api.service[101554]: DEBUG neutron.api.extensions [None req-31f11c4d-4770-4291-ad36-bd1b20d8dd81 None None] Ext name="Agents Sort Key" alias="agent_sort_key" description="Enabling the keyword sort_key for sorting in agents." updated="2013-02-03T10:00:00-00:00" {{(pid=101554) _check_extension /opt/stack/neutron/neutron/api/extensions.py:415}}
Jul 16 21:17:16.311665 np0000185615 devstack@neutron-api.service[101553]: DEBUG neutron.api.extensions [None req-ed15d017-f049-4d3e-aa88-a90cf4fd21b8 None None] Ext name="RBAC Policies" alias="rbac-policies" description="Allows creation and modification of policies that control project access to resources." updated="2015-06-17T12:15:12-00:00" {{(pid=101553) _check_extension /opt/stack/neutron/neutron/api/extensions.py:415}}
Jul 16 21:17:16.311762 np0000185615 devstack@neutron-api.service[101554]: INFO neutron.api.extensions [None req-31f11c4d-4770-4291-ad36-bd1b20d8dd81 None None] Extension agent_sort_key not supported by any of loaded plugins
Jul 16 21:17:16.311877 np0000185615 devstack@neutron-api.service[101553]: INFO neutron.api.extensions [None req-ed15d017-f049-4d3e-aa88-a90cf4fd21b8 None None] Loaded extension: rbac-policies
Jul 16 21:17:16.311965 np0000185615 devstack@neutron-api.service[101554]: DEBUG neutron.api.extensions [None req-31f11c4d-4770-4291-ad36-bd1b20d8dd81 None None] Loading extension file: allowedaddresspairs.py {{(pid=101554) _load_all_extensions_from_path /opt/stack/neutron/neutron/api/extensions.py:449}}
Jul 16 21:17:16.312061 np0000185615 devstack@neutron-api.service[101553]: DEBUG neutron.api.extensions [None req-ed15d017-f049-4d3e-aa88-a90cf4fd21b8 None None] Loading extension file: rbac_address_group.py {{(pid=101553) _load_all_extensions_from_path /opt/stack/neutron/neutron/api/extensions.py:449}}
Jul 16 21:17:16.312061 np0000185615 devstack@neutron-api.service[101553]: DEBUG neutron.api.extensions [None req-ed15d017-f049-4d3e-aa88-a90cf4fd21b8 None None] Ext name="Add address_group type to RBAC" alias="rbac-address-group" description="Add address_group type to network RBAC" updated="2021-01-20T00:00:00-00:00" {{(pid=101553) _check_extension /opt/stack/neutron/neutron/api/extensions.py:415}}
Jul 16 21:17:16.312061 np0000185615 devstack@neutron-api.service[101553]: INFO neutron.api.extensions [None req-ed15d017-f049-4d3e-aa88-a90cf4fd21b8 None None] Extension rbac-address-group not supported by any of loaded plugins
Jul 16 21:17:16.312061 np0000185615 devstack@neutron-api.service[101553]: DEBUG neutron.api.extensions [None req-ed15d017-f049-4d3e-aa88-a90cf4fd21b8 None None] Loading extension file: rbac_address_scope.py {{(pid=101553) _load_all_extensions_from_path /opt/stack/neutron/neutron/api/extensions.py:449}}
Jul 16 21:17:16.312061 np0000185615 devstack@neutron-api.service[101553]: DEBUG neutron.api.extensions [None req-ed15d017-f049-4d3e-aa88-a90cf4fd21b8 None None] Ext name="Add address_scope type to RBAC" alias="rbac-address-scope" description="Add address_scope type to RBAC" updated="2020-02-12T00:00:00-00:00" {{(pid=101553) _check_extension /opt/stack/neutron/neutron/api/extensions.py:415}}
Jul 16 21:17:16.312258 np0000185615 devstack@neutron-api.service[101554]: DEBUG neutron.api.extensions [None req-31f11c4d-4770-4291-ad36-bd1b20d8dd81 None None] Ext name="Allowed Address Pairs" alias="allowed-address-pairs" description="Provides allowed address pairs" updated="2013-07-23T10:00:00-00:00" {{(pid=101554) _check_extension /opt/stack/neutron/neutron/api/extensions.py:415}}
Jul 16 21:17:16.312430 np0000185615 devstack@neutron-api.service[101553]: INFO neutron.api.extensions [None req-ed15d017-f049-4d3e-aa88-a90cf4fd21b8 None None] Loaded extension: rbac-address-scope
Jul 16 21:17:16.312521 np0000185615 devstack@neutron-api.service[101554]: INFO neutron.api.extensions [None req-31f11c4d-4770-4291-ad36-bd1b20d8dd81 None None] Loaded extension: allowed-address-pairs
Jul 16 21:17:16.312620 np0000185615 devstack@neutron-api.service[101553]: DEBUG neutron.api.extensions [None req-ed15d017-f049-4d3e-aa88-a90cf4fd21b8 None None] Loading extension file: rbac_security_groups.py {{(pid=101553) _load_all_extensions_from_path /opt/stack/neutron/neutron/api/extensions.py:449}}
Jul 16 21:17:16.312712 np0000185615 devstack@neutron-api.service[101554]: DEBUG neutron.api.extensions [None req-31f11c4d-4770-4291-ad36-bd1b20d8dd81 None None] Loading extension file: auto_allocated_topology.py {{(pid=101554) _load_all_extensions_from_path /opt/stack/neutron/neutron/api/extensions.py:449}}
Jul 16 21:17:16.312806 np0000185615 devstack@neutron-api.service[101553]: DEBUG neutron.api.extensions [None req-ed15d017-f049-4d3e-aa88-a90cf4fd21b8 None None] Ext name="Add security_group type to network RBAC" alias="rbac-security-groups" description="Add security_group type to network RBAC" updated="2019-02-14T00:00:00-00:00" {{(pid=101553) _check_extension /opt/stack/neutron/neutron/api/extensions.py:415}}
Jul 16 21:17:16.312895 np0000185615 devstack@neutron-api.service[101554]: DEBUG neutron.api.extensions [None req-31f11c4d-4770-4291-ad36-bd1b20d8dd81 None None] Ext name="Auto Allocated Topology Services" alias="auto-allocated-topology" description="Auto Allocated Topology Services." updated="2016-01-01T00:00:00-00:00" {{(pid=101554) _check_extension /opt/stack/neutron/neutron/api/extensions.py:415}}
Jul 16 21:17:16.312993 np0000185615 devstack@neutron-api.service[101553]: INFO neutron.api.extensions [None req-ed15d017-f049-4d3e-aa88-a90cf4fd21b8 None None] Loaded extension: rbac-security-groups
Jul 16 21:17:16.312993 np0000185615 devstack@neutron-api.service[101553]: DEBUG neutron.api.extensions [None req-ed15d017-f049-4d3e-aa88-a90cf4fd21b8 None None] Loading extension file: rbac_subnetpool.py {{(pid=101553) _load_all_extensions_from_path /opt/stack/neutron/neutron/api/extensions.py:449}}
Jul 16 21:17:16.313106 np0000185615 devstack@neutron-api.service[101554]: INFO neutron.api.extensions [None req-31f11c4d-4770-4291-ad36-bd1b20d8dd81 None None] Loaded extension: auto-allocated-topology
Jul 16 21:17:16.313106 np0000185615 devstack@neutron-api.service[101554]: DEBUG neutron.api.extensions [None req-31f11c4d-4770-4291-ad36-bd1b20d8dd81 None None] Loading extension file: availability_zone.py {{(pid=101554) _load_all_extensions_from_path /opt/stack/neutron/neutron/api/extensions.py:449}}
Jul 16 21:17:16.313262 np0000185615 devstack@neutron-api.service[101553]: DEBUG neutron.api.extensions [None req-ed15d017-f049-4d3e-aa88-a90cf4fd21b8 None None] Ext name="Add subnetpool type to RBAC" alias="rbac-subnetpool" description="Add subnetpool type to RBAC" updated="2020-02-05T00:00:00-00:00" {{(pid=101553) _check_extension /opt/stack/neutron/neutron/api/extensions.py:415}}
Jul 16 21:17:16.313357 np0000185615 devstack@neutron-api.service[101554]: DEBUG neutron.api.extensions [None req-31f11c4d-4770-4291-ad36-bd1b20d8dd81 None None] Ext name="Availability Zone" alias="availability_zone" description="The availability zone extension." updated="2015-01-01T10:00:00-00:00" {{(pid=101554) _check_extension /opt/stack/neutron/neutron/api/extensions.py:415}}
Jul 16 21:17:16.313447 np0000185615 devstack@neutron-api.service[101553]: INFO neutron.api.extensions [None req-ed15d017-f049-4d3e-aa88-a90cf4fd21b8 None None] Extension rbac-subnetpool not supported by any of loaded plugins
Jul 16 21:17:16.313447 np0000185615 devstack@neutron-api.service[101553]: DEBUG neutron.api.extensions [None req-ed15d017-f049-4d3e-aa88-a90cf4fd21b8 None None] Loading extension file: revisionifmatch.py {{(pid=101553) _load_all_extensions_from_path /opt/stack/neutron/neutron/api/extensions.py:449}}
Jul 16 21:17:16.313564 np0000185615 devstack@neutron-api.service[101554]: INFO neutron.api.extensions [None req-31f11c4d-4770-4291-ad36-bd1b20d8dd81 None None] Loaded extension: availability_zone
Jul 16 21:17:16.313564 np0000185615 devstack@neutron-api.service[101554]: DEBUG neutron.api.extensions [None req-31f11c4d-4770-4291-ad36-bd1b20d8dd81 None None] Loading extension file: availability_zone_filter.py {{(pid=101554) _load_all_extensions_from_path /opt/stack/neutron/neutron/api/extensions.py:449}}
Jul 16 21:17:16.313685 np0000185615 devstack@neutron-api.service[101553]: DEBUG neutron.api.extensions [None req-ed15d017-f049-4d3e-aa88-a90cf4fd21b8 None None] Ext name="If-Match constraints based on revision_number" alias="revision-if-match" description="Extension indicating that If-Match based on revision_number is supported." updated="2016-12-11T00:00:00-00:00" {{(pid=101553) _check_extension /opt/stack/neutron/neutron/api/extensions.py:415}}
Jul 16 21:17:16.313839 np0000185615 devstack@neutron-api.service[101552]: DEBUG neutron.services.provider_configuration [None req-c4948066-a786-4392-8d82-60fbccc7e223 None None] Service providers = [] {{(pid=101552) parse_service_provider_opt /opt/stack/neutron/neutron/services/provider_configuration.py:170}}
Jul 16 21:17:16.313990 np0000185615 devstack@neutron-api.service[101553]: INFO neutron.api.extensions [None req-ed15d017-f049-4d3e-aa88-a90cf4fd21b8 None None] Loaded extension: revision-if-match
Jul 16 21:17:16.314089 np0000185615 devstack@neutron-api.service[101552]: DEBUG neutron.db.servicetype_db [None req-c4948066-a786-4392-8d82-60fbccc7e223 None None] Adding provider configuration for service L3_ROUTER_NAT {{(pid=101552) add_provider_configuration /opt/stack/neutron/neutron/db/servicetype_db.py:45}}
Jul 16 21:17:16.314195 np0000185615 devstack@neutron-api.service[101553]: DEBUG neutron.api.extensions [None req-ed15d017-f049-4d3e-aa88-a90cf4fd21b8 None None] Loading extension file: revisions.py {{(pid=101553) _load_all_extensions_from_path /opt/stack/neutron/neutron/api/extensions.py:449}}
Jul 16 21:17:16.314286 np0000185615 devstack@neutron-api.service[101554]: DEBUG neutron.api.extensions [None req-31f11c4d-4770-4291-ad36-bd1b20d8dd81 None None] Ext name="Availability Zone Filter Extension" alias="availability_zone_filter" description="Add filter parameters to AvailabilityZone resource" updated="2018-06-22T10:00:00-00:00" {{(pid=101554) _check_extension /opt/stack/neutron/neutron/api/extensions.py:415}}
Jul 16 21:17:16.314392 np0000185615 devstack@neutron-api.service[101553]: DEBUG neutron.api.extensions [None req-ed15d017-f049-4d3e-aa88-a90cf4fd21b8 None None] Ext name="Resource revision numbers" alias="standard-attr-revisions" description="This extension will display the revision number of neutron resources." updated="2016-04-11T10:00:00-00:00" {{(pid=101553) _check_extension /opt/stack/neutron/neutron/api/extensions.py:415}}
Jul 16 21:17:16.314488 np0000185615 devstack@neutron-api.service[101554]: INFO neutron.api.extensions [None req-31f11c4d-4770-4291-ad36-bd1b20d8dd81 None None] Extension availability_zone_filter not supported by any of loaded plugins
Jul 16 21:17:16.314578 np0000185615 devstack@neutron-api.service[101553]: INFO neutron.api.extensions [None req-ed15d017-f049-4d3e-aa88-a90cf4fd21b8 None None] Loaded extension: standard-attr-revisions
Jul 16 21:17:16.314674 np0000185615 devstack@neutron-api.service[101554]: DEBUG neutron.api.extensions [None req-31f11c4d-4770-4291-ad36-bd1b20d8dd81 None None] Loading extension file: data_plane_status.py {{(pid=101554) _load_all_extensions_from_path /opt/stack/neutron/neutron/api/extensions.py:449}}
Jul 16 21:17:16.314773 np0000185615 devstack@neutron-api.service[101553]: DEBUG neutron.api.extensions [None req-ed15d017-f049-4d3e-aa88-a90cf4fd21b8 None None] Loading extension file: router_availability_zone.py {{(pid=101553) _load_all_extensions_from_path /opt/stack/neutron/neutron/api/extensions.py:449}}
Jul 16 21:17:16.314862 np0000185615 devstack@neutron-api.service[101554]: DEBUG neutron.api.extensions [None req-31f11c4d-4770-4291-ad36-bd1b20d8dd81 None None] Ext name="Port data plane status extension" alias="data-plane-status" description="Expose status of underlying data plane" updated="2017-01-24T10:00:00-00:00" {{(pid=101554) _check_extension /opt/stack/neutron/neutron/api/extensions.py:415}}
Jul 16 21:17:16.315159 np0000185615 devstack@neutron-api.service[101553]: DEBUG neutron.api.extensions [None req-ed15d017-f049-4d3e-aa88-a90cf4fd21b8 None None] Ext name="Router Availability Zone" alias="router_availability_zone" description="Availability zone support for router." updated="2015-01-01T10:00:00-00:00" {{(pid=101553) _check_extension /opt/stack/neutron/neutron/api/extensions.py:415}}
Jul 16 21:17:16.315293 np0000185615 devstack@neutron-api.service[101554]: INFO neutron.api.extensions [None req-31f11c4d-4770-4291-ad36-bd1b20d8dd81 None None] Extension data-plane-status not supported by any of loaded plugins
Jul 16 21:17:16.315382 np0000185615 devstack@neutron-api.service[101553]: INFO neutron.api.extensions [None req-ed15d017-f049-4d3e-aa88-a90cf4fd21b8 None None] Loaded extension: router_availability_zone
Jul 16 21:17:16.315899 np0000185615 devstack@neutron-api.service[101554]: DEBUG neutron.api.extensions [None req-31f11c4d-4770-4291-ad36-bd1b20d8dd81 None None] Loading extension file: default_subnetpools.py {{(pid=101554) _load_all_extensions_from_path /opt/stack/neutron/neutron/api/extensions.py:449}}
Jul 16 21:17:16.316163 np0000185615 devstack@neutron-api.service[101553]: DEBUG neutron.api.extensions [None req-ed15d017-f049-4d3e-aa88-a90cf4fd21b8 None None] Loading extension file: router_enable_snat.py {{(pid=101553) _load_all_extensions_from_path /opt/stack/neutron/neutron/api/extensions.py:449}}
Jul 16 21:17:16.316453 np0000185615 devstack@neutron-api.service[101554]: DEBUG neutron.api.extensions [None req-31f11c4d-4770-4291-ad36-bd1b20d8dd81 None None] Ext name="Default Subnetpools" alias="default-subnetpools" description="Provides ability to mark and use a subnetpool as the default." updated="2016-02-18T18:00:00-00:00" {{(pid=101554) _check_extension /opt/stack/neutron/neutron/api/extensions.py:415}}
Jul 16 21:17:16.316743 np0000185615 devstack@neutron-api.service[101553]: DEBUG neutron.api.extensions [None req-ed15d017-f049-4d3e-aa88-a90cf4fd21b8 None None] Ext name="Exposes the router "enable_snat" read-only configuration flag" alias="router-enable-snat" description="Exposes the router "enable_snat" read-only configuration flag" updated="2025-09-18T18:00:00-00:00" {{(pid=101553) _check_extension /opt/stack/neutron/neutron/api/extensions.py:415}}
Jul 16 21:17:16.317016 np0000185615 devstack@neutron-api.service[101552]: DEBUG neutron_lib.callbacks.manager [None req-c4948066-a786-4392-8d82-60fbccc7e223 None None] Subscribe: > router precommit_create 55549900, False {{(pid=101552) subscribe /opt/stack/data/venv/lib/python3.12/site-packages/neutron_lib/callbacks/manager.py:52}}
Jul 16 21:17:16.317106 np0000185615 devstack@neutron-api.service[101553]: INFO neutron.api.extensions [None req-ed15d017-f049-4d3e-aa88-a90cf4fd21b8 None None] Loaded extension: router-enable-snat
Jul 16 21:17:16.317404 np0000185615 devstack@neutron-api.service[101554]: INFO neutron.api.extensions [None req-31f11c4d-4770-4291-ad36-bd1b20d8dd81 None None] Loaded extension: default-subnetpools
Jul 16 21:17:16.317671 np0000185615 devstack@neutron-api.service[101552]: DEBUG neutron_lib.callbacks.manager [None req-c4948066-a786-4392-8d82-60fbccc7e223 None None] Subscribe: > router_interface after_create 55550000, False {{(pid=101552) subscribe /opt/stack/data/venv/lib/python3.12/site-packages/neutron_lib/callbacks/manager.py:52}}
Jul 16 21:17:16.318027 np0000185615 devstack@neutron-api.service[101553]: DEBUG neutron.api.extensions [None req-ed15d017-f049-4d3e-aa88-a90cf4fd21b8 None None] Loading extension file: routerservicetype.py {{(pid=101553) _load_all_extensions_from_path /opt/stack/neutron/neutron/api/extensions.py:449}}
Jul 16 21:17:16.318329 np0000185615 devstack@neutron-api.service[101554]: DEBUG neutron.api.extensions [None req-31f11c4d-4770-4291-ad36-bd1b20d8dd81 None None] Loading extension file: dhcpagentscheduler.py {{(pid=101554) _load_all_extensions_from_path /opt/stack/neutron/neutron/api/extensions.py:449}}
Jul 16 21:17:16.318593 np0000185615 devstack@neutron-api.service[101552]: DEBUG neutron_lib.callbacks.manager [None req-c4948066-a786-4392-8d82-60fbccc7e223 None None] Subscribe: > floatingip after_create 55550000, False {{(pid=101552) subscribe /opt/stack/data/venv/lib/python3.12/site-packages/neutron_lib/callbacks/manager.py:52}}
Jul 16 21:17:16.318593 np0000185615 devstack@neutron-api.service[101552]: DEBUG neutron_lib.callbacks.manager [None req-c4948066-a786-4392-8d82-60fbccc7e223 None None] Subscribe: > floatingip precommit_create 55550000, False {{(pid=101552) subscribe /opt/stack/data/venv/lib/python3.12/site-packages/neutron_lib/callbacks/manager.py:52}}
Jul 16 21:17:16.318868 np0000185615 devstack@neutron-api.service[101553]: DEBUG neutron.api.extensions [None req-ed15d017-f049-4d3e-aa88-a90cf4fd21b8 None None] Ext name="Router Service Type" alias="router-service-type" description="Provides router service type" updated="2013-01-29T00:00:00-00:00" {{(pid=101553) _check_extension /opt/stack/neutron/neutron/api/extensions.py:415}}
Jul 16 21:17:16.319169 np0000185615 devstack@neutron-api.service[101552]: DEBUG neutron_lib.callbacks.manager [None req-c4948066-a786-4392-8d82-60fbccc7e223 None None] Subscribe: > floatingip precommit_update 55550000, False {{(pid=101552) subscribe /opt/stack/data/venv/lib/python3.12/site-packages/neutron_lib/callbacks/manager.py:52}}
Jul 16 21:17:16.319169 np0000185615 devstack@neutron-api.service[101552]: DEBUG neutron_lib.callbacks.manager [None req-c4948066-a786-4392-8d82-60fbccc7e223 None None] Subscribe: > floatingip after_delete 55550000, False {{(pid=101552) subscribe /opt/stack/data/venv/lib/python3.12/site-packages/neutron_lib/callbacks/manager.py:52}}
Jul 16 21:17:16.319476 np0000185615 devstack@neutron-api.service[101553]: INFO neutron.api.extensions [None req-ed15d017-f049-4d3e-aa88-a90cf4fd21b8 None None] Extension router-service-type not supported by any of loaded plugins
Jul 16 21:17:16.319769 np0000185615 devstack@neutron-api.service[101554]: DEBUG neutron.api.extensions [None req-31f11c4d-4770-4291-ad36-bd1b20d8dd81 None None] Ext name="DHCP Agent Scheduler" alias="dhcp_agent_scheduler" description="Schedule networks among dhcp agents" updated="2013-02-07T10:00:00-00:00" {{(pid=101554) _check_extension /opt/stack/neutron/neutron/api/extensions.py:415}}
Jul 16 21:17:16.319860 np0000185615 devstack@neutron-api.service[101552]: DEBUG neutron_lib.callbacks.manager [None req-c4948066-a786-4392-8d82-60fbccc7e223 None None] Subscribe: > floatingip after_status_update 55550000, False {{(pid=101552) subscribe /opt/stack/data/venv/lib/python3.12/site-packages/neutron_lib/callbacks/manager.py:52}}
Jul 16 21:17:16.319952 np0000185615 devstack@neutron-api.service[101553]: DEBUG neutron.api.extensions [None req-ed15d017-f049-4d3e-aa88-a90cf4fd21b8 None None] Loading extension file: security_groups_default_rules.py {{(pid=101553) _load_all_extensions_from_path /opt/stack/neutron/neutron/api/extensions.py:449}}
Jul 16 21:17:16.320067 np0000185615 devstack@neutron-api.service[101552]: DEBUG neutron_lib.callbacks.manager [None req-c4948066-a786-4392-8d82-60fbccc7e223 None None] Subscribe: > floatingip after_update 55550000, False {{(pid=101552) subscribe /opt/stack/data/venv/lib/python3.12/site-packages/neutron_lib/callbacks/manager.py:52}}
Jul 16 21:17:16.320177 np0000185615 devstack@neutron-api.service[101554]: INFO neutron.api.extensions [None req-31f11c4d-4770-4291-ad36-bd1b20d8dd81 None None] Loaded extension: dhcp_agent_scheduler
Jul 16 21:17:16.320439 np0000185615 devstack@neutron-api.service[101552]: DEBUG neutron_lib.callbacks.manager [None req-c4948066-a786-4392-8d82-60fbccc7e223 None None] Subscribe: > port_forwarding after_create 55550000, False {{(pid=101552) subscribe /opt/stack/data/venv/lib/python3.12/site-packages/neutron_lib/callbacks/manager.py:52}}
Jul 16 21:17:16.320717 np0000185615 devstack@neutron-api.service[101554]: DEBUG neutron.api.extensions [None req-31f11c4d-4770-4291-ad36-bd1b20d8dd81 None None] Loading extension file: dns.py {{(pid=101554) _load_all_extensions_from_path /opt/stack/neutron/neutron/api/extensions.py:449}}
Jul 16 21:17:16.321007 np0000185615 devstack@neutron-api.service[101552]: DEBUG neutron_lib.callbacks.manager [None req-c4948066-a786-4392-8d82-60fbccc7e223 None None] Subscribe: > router_interface after_delete 55550000, False {{(pid=101552) subscribe /opt/stack/data/venv/lib/python3.12/site-packages/neutron_lib/callbacks/manager.py:52}}
Jul 16 21:17:16.321007 np0000185615 devstack@neutron-api.service[101552]: DEBUG neutron_lib.callbacks.manager [None req-c4948066-a786-4392-8d82-60fbccc7e223 None None] Subscribe: > router after_create 55550000, False {{(pid=101552) subscribe /opt/stack/data/venv/lib/python3.12/site-packages/neutron_lib/callbacks/manager.py:52}}
Jul 16 21:17:16.321326 np0000185615 devstack@neutron-api.service[101553]: DEBUG neutron.api.extensions [None req-ed15d017-f049-4d3e-aa88-a90cf4fd21b8 None None] Ext name="Default rules for security groups" alias="security-groups-default-rules" description="Configure set of security group rules used as default rules for every new security group" updated="2022-12-19T10:00:00-00:00" {{(pid=101553) _check_extension /opt/stack/neutron/neutron/api/extensions.py:415}}
Jul 16 21:17:16.321572 np0000185615 devstack@neutron-api.service[101554]: DEBUG neutron.api.extensions [None req-31f11c4d-4770-4291-ad36-bd1b20d8dd81 None None] Ext name="DNS Integration" alias="dns-integration" description="Provides integration with DNS." updated="2015-08-15T18:00:00-00:00" {{(pid=101554) _check_extension /opt/stack/neutron/neutron/api/extensions.py:415}}
Jul 16 21:17:16.321897 np0000185615 devstack@neutron-api.service[101552]: DEBUG neutron_lib.callbacks.manager [None req-c4948066-a786-4392-8d82-60fbccc7e223 None None] Subscribe: > router precommit_create 55550000, False {{(pid=101552) subscribe /opt/stack/data/venv/lib/python3.12/site-packages/neutron_lib/callbacks/manager.py:52}}
Jul 16 21:17:16.321897 np0000185615 devstack@neutron-api.service[101552]: DEBUG neutron_lib.callbacks.manager [None req-c4948066-a786-4392-8d82-60fbccc7e223 None None] Subscribe: > router after_delete 55550000, False {{(pid=101552) subscribe /opt/stack/data/venv/lib/python3.12/site-packages/neutron_lib/callbacks/manager.py:52}}
Jul 16 21:17:16.322207 np0000185615 devstack@neutron-api.service[101553]: INFO neutron.api.extensions [None req-ed15d017-f049-4d3e-aa88-a90cf4fd21b8 None None] Loaded extension: security-groups-default-rules
Jul 16 21:17:16.322299 np0000185615 devstack@neutron-api.service[101554]: INFO neutron.api.extensions [None req-31f11c4d-4770-4291-ad36-bd1b20d8dd81 None None] Loaded extension: dns-integration
Jul 16 21:17:16.322472 np0000185615 devstack@neutron-api.service[101553]: DEBUG neutron.api.extensions [None req-ed15d017-f049-4d3e-aa88-a90cf4fd21b8 None None] Loading extension file: security_groups_default_statefulness.py {{(pid=101553) _load_all_extensions_from_path /opt/stack/neutron/neutron/api/extensions.py:449}}
Jul 16 21:17:16.322542 np0000185615 devstack@neutron-api.service[101552]: DEBUG neutron_lib.callbacks.manager [None req-c4948066-a786-4392-8d82-60fbccc7e223 None None] Subscribe: > router after_update 55550000, False {{(pid=101552) subscribe /opt/stack/data/venv/lib/python3.12/site-packages/neutron_lib/callbacks/manager.py:52}}
Jul 16 21:17:16.322610 np0000185615 devstack@neutron-api.service[101554]: DEBUG neutron.api.extensions [None req-31f11c4d-4770-4291-ad36-bd1b20d8dd81 None None] Loading extension file: dns_domain_ports.py {{(pid=101554) _load_all_extensions_from_path /opt/stack/neutron/neutron/api/extensions.py:449}}
Jul 16 21:17:16.322669 np0000185615 devstack@neutron-api.service[101552]: DEBUG neutron.services.service_base [None req-c4948066-a786-4392-8d82-60fbccc7e223 None None] Loaded 'neutron.services.ovn_l3.service_providers.ovn.OvnDriver' provider for service L3_ROUTER_NAT {{(pid=101552) load_drivers /opt/stack/neutron/neutron/services/service_base.py:49}}
Jul 16 21:17:16.322669 np0000185615 devstack@neutron-api.service[101552]: DEBUG neutron_lib.callbacks.manager [None req-c4948066-a786-4392-8d82-60fbccc7e223 None None] Subscribe: > process after_init 55550001, True {{(pid=101552) subscribe /opt/stack/data/venv/lib/python3.12/site-packages/neutron_lib/callbacks/manager.py:52}}
Jul 16 21:17:16.322762 np0000185615 devstack@neutron-api.service[101553]: DEBUG neutron.api.extensions [None req-ed15d017-f049-4d3e-aa88-a90cf4fd21b8 None None] Ext name="Security Groups Default Statefulness" alias="security-groups-default-statefulness" description="Allows configuring the default value of the 'stateful' attribute for new security groups, on a per-project or system-wide basis" updated="2026-04-13T00:00:00-00:00" {{(pid=101553) _check_extension /opt/stack/neutron/neutron/api/extensions.py:415}}
Jul 16 21:17:16.322829 np0000185615 devstack@neutron-api.service[101554]: DEBUG neutron.api.extensions [None req-31f11c4d-4770-4291-ad36-bd1b20d8dd81 None None] Ext name="dns_domain for ports" alias="dns-domain-ports" description="Allows the DNS domain to be specified for a network port." updated="2017-04-24T10:00:00-00:00" {{(pid=101554) _check_extension /opt/stack/neutron/neutron/api/extensions.py:415}}
Jul 16 21:17:16.322902 np0000185615 devstack@neutron-api.service[101552]: DEBUG neutron.manager [None req-c4948066-a786-4392-8d82-60fbccc7e223 None None] Successfully loaded L3_ROUTER_NAT plugin. Description: L3 Router Service Plugin for basic L3 forwarding using OVN {{(pid=101552) _create_and_add_service_plugin /opt/stack/neutron/neutron/manager.py:236}}
Jul 16 21:17:16.322962 np0000185615 devstack@neutron-api.service[101553]: INFO neutron.api.extensions [None req-ed15d017-f049-4d3e-aa88-a90cf4fd21b8 None None] Loaded extension: security-groups-default-statefulness
Jul 16 21:17:16.323019 np0000185615 devstack@neutron-api.service[101554]: INFO neutron.api.extensions [None req-31f11c4d-4770-4291-ad36-bd1b20d8dd81 None None] Loaded extension: dns-domain-ports
Jul 16 21:17:16.323079 np0000185615 devstack@neutron-api.service[101552]: INFO neutron.manager [None req-c4948066-a786-4392-8d82-60fbccc7e223 None None] Loading Plugin: auto_allocate
Jul 16 21:17:16.323163 np0000185615 devstack@neutron-api.service[101553]: DEBUG neutron.api.extensions [None req-ed15d017-f049-4d3e-aa88-a90cf4fd21b8 None None] Loading extension file: security_groups_normalized_cidr.py {{(pid=101553) _load_all_extensions_from_path /opt/stack/neutron/neutron/api/extensions.py:449}}
Jul 16 21:17:16.323241 np0000185615 devstack@neutron-api.service[101554]: DEBUG neutron.api.extensions [None req-31f11c4d-4770-4291-ad36-bd1b20d8dd81 None None] Loading extension file: dns_integration_domain_keywords.py {{(pid=101554) _load_all_extensions_from_path /opt/stack/neutron/neutron/api/extensions.py:449}}
Jul 16 21:17:16.323308 np0000185615 devstack@neutron-api.service[101553]: DEBUG neutron.api.extensions [None req-ed15d017-f049-4d3e-aa88-a90cf4fd21b8 None None] Ext name="Normalized CIDR field for security group rules" alias="security-groups-normalized-cidr" description="Add new field with normalized remote_ip_prefix cidr in SG rule" updated="2020-07-28T10:00:00-00:00" {{(pid=101553) _check_extension /opt/stack/neutron/neutron/api/extensions.py:415}}
Jul 16 21:17:16.323374 np0000185615 devstack@neutron-api.service[101554]: DEBUG neutron.api.extensions [None req-31f11c4d-4770-4291-ad36-bd1b20d8dd81 None None] Ext name="DNS domain names with keywords allowed" alias="dns-integration-domain-keywords" description="Allows to use keywords like , , and as DNS domain name" updated="2020-06-15T18:00:00-00:00" {{(pid=101554) _check_extension /opt/stack/neutron/neutron/api/extensions.py:415}}
Jul 16 21:17:16.323441 np0000185615 devstack@neutron-api.service[101553]: INFO neutron.api.extensions [None req-ed15d017-f049-4d3e-aa88-a90cf4fd21b8 None None] Loaded extension: security-groups-normalized-cidr
Jul 16 21:17:16.323501 np0000185615 devstack@neutron-api.service[101554]: INFO neutron.api.extensions [None req-31f11c4d-4770-4291-ad36-bd1b20d8dd81 None None] Loaded extension: dns-integration-domain-keywords
Jul 16 21:17:16.323568 np0000185615 devstack@neutron-api.service[101553]: DEBUG neutron.api.extensions [None req-ed15d017-f049-4d3e-aa88-a90cf4fd21b8 None None] Loading extension file: security_groups_port_filtering.py {{(pid=101553) _load_all_extensions_from_path /opt/stack/neutron/neutron/api/extensions.py:449}}
Jul 16 21:17:16.323626 np0000185615 devstack@neutron-api.service[101554]: DEBUG neutron.api.extensions [None req-31f11c4d-4770-4291-ad36-bd1b20d8dd81 None None] Loading extension file: dvr.py {{(pid=101554) _load_all_extensions_from_path /opt/stack/neutron/neutron/api/extensions.py:449}}
Jul 16 21:17:16.323689 np0000185615 devstack@neutron-api.service[101553]: DEBUG neutron.api.extensions [None req-ed15d017-f049-4d3e-aa88-a90cf4fd21b8 None None] Ext name="Port filtering on security groups" alias="port-security-groups-filtering" description="Provides security groups filtering when listing ports" updated="2018-01-09T09:00:00-00:00" {{(pid=101553) _check_extension /opt/stack/neutron/neutron/api/extensions.py:415}}
Jul 16 21:17:16.323745 np0000185615 devstack@neutron-api.service[101554]: DEBUG neutron.api.extensions [None req-31f11c4d-4770-4291-ad36-bd1b20d8dd81 None None] Ext name="Distributed Virtual Router" alias="dvr" description="Enables configuration of Distributed Virtual Routers." updated="2014-06-1T10:00:00-00:00" {{(pid=101554) _check_extension /opt/stack/neutron/neutron/api/extensions.py:415}}
Jul 16 21:17:16.323800 np0000185615 devstack@neutron-api.service[101553]: INFO neutron.api.extensions [None req-ed15d017-f049-4d3e-aa88-a90cf4fd21b8 None None] Extension port-security-groups-filtering not supported by any of loaded plugins
Jul 16 21:17:16.323800 np0000185615 devstack@neutron-api.service[101553]: DEBUG neutron.api.extensions [None req-ed15d017-f049-4d3e-aa88-a90cf4fd21b8 None None] Loading extension file: security_groups_remote_address_group.py {{(pid=101553) _load_all_extensions_from_path /opt/stack/neutron/neutron/api/extensions.py:449}}
Jul 16 21:17:16.323885 np0000185615 devstack@neutron-api.service[101552]: DEBUG neutron_lib.callbacks.manager [None req-c4948066-a786-4392-8d82-60fbccc7e223 None None] Subscribe: network precommit_update 55550000, False {{(pid=101552) subscribe /opt/stack/data/venv/lib/python3.12/site-packages/neutron_lib/callbacks/manager.py:52}}
Jul 16 21:17:16.323940 np0000185615 devstack@neutron-api.service[101554]: INFO neutron.api.extensions [None req-31f11c4d-4770-4291-ad36-bd1b20d8dd81 None None] Extension dvr not supported by any of loaded plugins
Jul 16 21:17:16.323940 np0000185615 devstack@neutron-api.service[101554]: DEBUG neutron.api.extensions [None req-31f11c4d-4770-4291-ad36-bd1b20d8dd81 None None] Loading extension file: ecmp_routes.py {{(pid=101554) _load_all_extensions_from_path /opt/stack/neutron/neutron/api/extensions.py:449}}
Jul 16 21:17:16.324019 np0000185615 devstack@neutron-api.service[101552]: DEBUG neutron_lib.callbacks.manager [None req-c4948066-a786-4392-8d82-60fbccc7e223 None None] Subscribe: network precommit_create 55550000, False {{(pid=101552) subscribe /opt/stack/data/venv/lib/python3.12/site-packages/neutron_lib/callbacks/manager.py:52}}
Jul 16 21:17:16.324079 np0000185615 devstack@neutron-api.service[101553]: DEBUG neutron.api.extensions [None req-ed15d017-f049-4d3e-aa88-a90cf4fd21b8 None None] Ext name="Remote address group id field for security group rules" alias="security-groups-remote-address-group" description="Add new field of remote address group id in SG rules" updated="2020-08-25T10:00:00-00:00" {{(pid=101553) _check_extension /opt/stack/neutron/neutron/api/extensions.py:415}}
