2026-07-15 06:03:34.262 8 INFO placement.requestlog [req-5c6b7f13-1bfd-433e-8fc8-0ba94f17a5eb req-ea23aade-1006-4493-ae1b-52cb8f53f0b9 6af8f97ab3014392b68cdd69ee892cff 7c2369d2ecbf4d6b9e72e3cbcb97995a - - 9e1779faba6a40a7be6c79533877630a 9e1779faba6a40a7be6c79533877630a] 199.204.45.89 "GET /allocations/e5b5cb66-0627-47e0-8c77-e859bf6a82fe" status: 200 len: 257 microversion: 1.28 [pid: 8|app: 0|req: 372/748] 199.204.45.89 () {34 vars in 862 bytes} [Wed Jul 15 06:03:34 2026] GET /allocations/e5b5cb66-0627-47e0-8c77-e859bf6a82fe => generated 257 bytes in 18 msecs (HTTP/1.1 200) 8 headers in 296 bytes (1 switches on core 0)
2026-07-15 06:03:34.299 7 INFO placement.requestlog [req-5c6b7f13-1bfd-433e-8fc8-0ba94f17a5eb req-370ce84e-6a5c-4621-9418-4c2900a2a346 6af8f97ab3014392b68cdd69ee892cff 7c2369d2ecbf4d6b9e72e3cbcb97995a - - 9e1779faba6a40a7be6c79533877630a 9e1779faba6a40a7be6c79533877630a] 199.204.45.89 "GET /allocations/3c30ddfc-4ea2-44b9-8f01-ae0dab12e2d7" status: 200 len: 257 microversion: 1.28 [pid: 7|app: 0|req: 377/749] 199.204.45.89 () {34 vars in 862 bytes} [Wed Jul 15 06:03:34 2026] GET /allocations/3c30ddfc-4ea2-44b9-8f01-ae0dab12e2d7 => generated 257 bytes in 31 msecs (HTTP/1.1 200) 8 headers in 296 bytes (1 switches on core 0)
2026-07-15 06:03:34.406 8 INFO placement.requestlog [req-5c6b7f13-1bfd-433e-8fc8-0ba94f17a5eb req-55008cc4-c6c9-4a84-8304-db4fc4a13e58 6af8f97ab3014392b68cdd69ee892cff 7c2369d2ecbf4d6b9e72e3cbcb97995a - - 9e1779faba6a40a7be6c79533877630a 9e1779faba6a40a7be6c79533877630a] 199.204.45.89 "DELETE /allocations/3c30ddfc-4ea2-44b9-8f01-ae0dab12e2d7" status: 204 len: 0 microversion: 1.0 [pid: 8|app: 0|req: 373/750] 199.204.45.89 () {34 vars in 840 bytes} [Wed Jul 15 06:03:34 2026] DELETE /allocations/3c30ddfc-4ea2-44b9-8f01-ae0dab12e2d7 => generated 0 bytes in 38 msecs (HTTP/1.1 204) 5 headers in 198 bytes (1 switches on core 0)
2026-07-15 06:03:34.903 8 INFO placement.requestlog [None req-552eb747-9ed8-4dff-b647-7f2e7490edd3 - - - - - -] 10.0.0.67 "GET /" status: 200 len: 136 microversion: 1.0
2026-07-15 06:03:34.903 7 INFO placement.requestlog [None req-bfa81b58-b1b3-4048-8869-fbb3cbf50d50 - - - - - -] 10.0.0.67 "GET /" status: 200 len: 136 microversion: 1.0
2026-07-15 06:03:37.125 7 INFO placement.requestlog [None req-12c09313-20eb-44d6-9b06-58ac420b00f0 59d3e93ef397422984d76b8088071ed8 7c2369d2ecbf4d6b9e72e3cbcb97995a - - 9e1779faba6a40a7be6c79533877630a 9e1779faba6a40a7be6c79533877630a] 10.0.0.50 "GET /resource_providers/6f4afbb9-7853-4376-9560-e2ddf030ac92/aggregates" status: 404 len: 235 microversion: 1.1 [pid: 7|app: 0|req: 379/753] 10.0.0.50 () {32 vars in 815 bytes} [Wed Jul 15 06:03:37 2026] GET /resource_providers/6f4afbb9-7853-4376-9560-e2ddf030ac92/aggregates => generated 235 bytes in 10 msecs (HTTP/1.1 404) 5 headers in 202 bytes (1 switches on core 0)
2026-07-15 06:03:37.126 8 INFO placement.requestlog [None req-58b67ad7-26b2-497d-8c67-ef1d460fb152 59d3e93ef397422984d76b8088071ed8 7c2369d2ecbf4d6b9e72e3cbcb97995a - - 9e1779faba6a40a7be6c79533877630a 9e1779faba6a40a7be6c79533877630a] 10.0.0.50 "GET /resource_providers/6f4afbb9-7853-4376-9560-e2ddf030ac92/aggregates" status: 404 len: 235 microversion: 1.1 [pid: 8|app: 0|req: 375/754] 10.0.0.50 () {32 vars in 815 bytes} [Wed Jul 15 06:03:37 2026] GET /resource_providers/6f4afbb9-7853-4376-9560-e2ddf030ac92/aggregates => generated 235 bytes in 16 msecs (HTTP/1.1 404) 5 headers in 202 bytes (1 switches on core 0)
2026-07-15 06:03:37.152 7 INFO placement.requestlog [None req-88b388ab-dcc5-432a-988a-54f5e27c16bb 59d3e93ef397422984d76b8088071ed8 7c2369d2ecbf4d6b9e72e3cbcb97995a - - 9e1779faba6a40a7be6c79533877630a 9e1779faba6a40a7be6c79533877630a] 10.0.0.50 "DELETE /resource_providers/6f4afbb9-7853-4376-9560-e2ddf030ac92" status: 404 len: 246 microversion: 1.1 [pid: 7|app: 0|req: 380/755] 10.0.0.50 () {34 vars in 815 bytes} [Wed Jul 15 06:03:37 2026] DELETE /resource_providers/6f4afbb9-7853-4376-9560-e2ddf030ac92 => generated 246 bytes in 11 msecs (HTTP/1.1 404) 6 headers in 231 bytes (1 switches on core 0)
2026-07-15 06:03:37.159 8 INFO placement.requestlog [None req-8985cbe7-ce16-4662-9ef8-f110db6f6194 59d3e93ef397422984d76b8088071ed8 7c2369d2ecbf4d6b9e72e3cbcb97995a - - 9e1779faba6a40a7be6c79533877630a 9e1779faba6a40a7be6c79533877630a] 10.0.0.50 "DELETE /resource_providers/6f4afbb9-7853-4376-9560-e2ddf030ac92" status: 404 len: 246 microversion: 1.1 [pid: 8|app: 0|req: 376/756] 10.0.0.50 () {34 vars in 815 bytes} [Wed Jul 15 06:03:37 2026] DELETE /resource_providers/6f4afbb9-7853-4376-9560-e2ddf030ac92 => generated 246 bytes in 18 msecs (HTTP/1.1 404) 6 headers in 231 bytes (1 switches on core 0)
2026-07-15 06:03:38.126 8 INFO placement.requestlog [None req-07e3a45c-dfac-4e26-bbcd-8da8ea353788 59d3e93ef397422984d76b8088071ed8 7c2369d2ecbf4d6b9e72e3cbcb97995a - - 9e1779faba6a40a7be6c79533877630a 9e1779faba6a40a7be6c79533877630a] 10.0.0.50 "GET /resource_providers/8d31314f-4fb3-4a58-a043-ea456595c65e/aggregates" status: 404 len: 235 microversion: 1.1 [pid: 8|app: 0|req: 377/757] 10.0.0.50 () {32 vars in 815 bytes} [Wed Jul 15 06:03:38 2026] GET /resource_providers/8d31314f-4fb3-4a58-a043-ea456595c65e/aggregates => generated 235 bytes in 9 msecs (HTTP/1.1 404) 5 headers in 202 bytes (1 switches on core 0)
2026-07-15 06:03:38.130 7 INFO placement.requestlog [None req-706a0b7d-8795-4729-91bb-63d9c5eaf03b 59d3e93ef397422984d76b8088071ed8 7c2369d2ecbf4d6b9e72e3cbcb97995a - - 9e1779faba6a40a7be6c79533877630a 9e1779faba6a40a7be6c79533877630a] 10.0.0.50 "GET /resource_providers/8d31314f-4fb3-4a58-a043-ea456595c65e/aggregates" status: 404 len: 235 microversion: 1.1 [pid: 7|app: 0|req: 381/758] 10.0.0.50 () {32 vars in 815 bytes} [Wed Jul 15 06:03:38 2026] GET /resource_providers/8d31314f-4fb3-4a58-a043-ea456595c65e/aggregates => generated 235 bytes in 14 msecs (HTTP/1.1 404) 5 headers in 202 bytes (1 switches on core 0)
2026-07-15 06:03:38.158 8 INFO placement.requestlog [None req-ae22fc8c-293b-4182-abd8-e485fbd1d80f 59d3e93ef397422984d76b8088071ed8 7c2369d2ecbf4d6b9e72e3cbcb97995a - - 9e1779faba6a40a7be6c79533877630a 9e1779faba6a40a7be6c79533877630a] 10.0.0.50 "DELETE /resource_providers/8d31314f-4fb3-4a58-a043-ea456595c65e" status: 404 len: 246 microversion: 1.1 [pid: 8|app: 0|req: 378/759] 10.0.0.50 () {34 vars in 815 bytes} [Wed Jul 15 06:03:38 2026] DELETE /resource_providers/8d31314f-4fb3-4a58-a043-ea456595c65e => generated 246 bytes in 8 msecs (HTTP/1.1 404) 6 headers in 231 bytes (1 switches on core 0)
2026-07-15 06:03:38.177 7 INFO placement.requestlog [None req-60276b95-ec70-4111-b356-55c0bb2fbba7 59d3e93ef397422984d76b8088071ed8 7c2369d2ecbf4d6b9e72e3cbcb97995a - - 9e1779faba6a40a7be6c79533877630a 9e1779faba6a40a7be6c79533877630a] 10.0.0.50 "DELETE /resource_providers/8d31314f-4fb3-4a58-a043-ea456595c65e" status: 404 len: 246 microversion: 1.1 [pid: 7|app: 0|req: 382/760] 10.0.0.50 () {34 vars in 815 bytes} [Wed Jul 15 06:03:38 2026] DELETE /resource_providers/8d31314f-4fb3-4a58-a043-ea456595c65e => generated 246 bytes in 28 msecs (HTTP/1.1 404) 6 headers in 231 bytes (1 switches on core 0)
2026-07-15 06:03:40.204 8 INFO placement.requestlog [None req-b7e3df45-55a8-41c8-9106-9628d4614d0b 59d3e93ef397422984d76b8088071ed8 7c2369d2ecbf4d6b9e72e3cbcb97995a - - 9e1779faba6a40a7be6c79533877630a 9e1779faba6a40a7be6c79533877630a] 10.0.0.50 "GET /resource_providers/76720c51-cff8-4f61-8d7a-60ee5b61f7fa/aggregates" status: 404 len: 235 microversion: 1.1 [pid: 8|app: 0|req: 379/761] 10.0.0.50 () {32 vars in 815 bytes} [Wed Jul 15 06:03:40 2026] GET /resource_providers/76720c51-cff8-4f61-8d7a-60ee5b61f7fa/aggregates => generated 235 bytes in 22 msecs (HTTP/1.1 404) 5 headers in 202 bytes (1 switches on core 0)
2026-07-15 06:03:40.217 7 INFO placement.requestlog [None req-0574f9ac-7c8b-41d5-8ccb-ff0aec718ec3 59d3e93ef397422984d76b8088071ed8 7c2369d2ecbf4d6b9e72e3cbcb97995a - - 9e1779faba6a40a7be6c79533877630a 9e1779faba6a40a7be6c79533877630a] 10.0.0.50 "GET /resource_providers/76720c51-cff8-4f61-8d7a-60ee5b61f7fa/aggregates" status: 404 len: 235 microversion: 1.1 [pid: 7|app: 0|req: 383/762] 10.0.0.50 () {32 vars in 815 bytes} [Wed Jul 15 06:03:40 2026] GET /resource_providers/76720c51-cff8-4f61-8d7a-60ee5b61f7fa/aggregates => generated 235 bytes in 24 msecs (HTTP/1.1 404) 5 headers in 202 bytes (1 switches on core 0)
2026-07-15 06:03:40.233 8 INFO placement.requestlog [None req-b2e3641f-8bc9-486d-8583-618effdb5284 59d3e93ef397422984d76b8088071ed8 7c2369d2ecbf4d6b9e72e3cbcb97995a - - 9e1779faba6a40a7be6c79533877630a 9e1779faba6a40a7be6c79533877630a] 10.0.0.50 "DELETE /resource_providers/76720c51-cff8-4f61-8d7a-60ee5b61f7fa" status: 404 len: 246 microversion: 1.1 [pid: 8|app: 0|req: 380/763] 10.0.0.50 () {34 vars in 815 bytes} [Wed Jul 15 06:03:40 2026] DELETE /resource_providers/76720c51-cff8-4f61-8d7a-60ee5b61f7fa => generated 246 bytes in 10 msecs (HTTP/1.1 404) 6 headers in 231 bytes (1 switches on core 0)
2026-07-15 06:03:40.255 7 INFO placement.requestlog [None req-8896b6c6-d587-4120-beea-e89bad2d359a 59d3e93ef397422984d76b8088071ed8 7c2369d2ecbf4d6b9e72e3cbcb97995a - - 9e1779faba6a40a7be6c79533877630a 9e1779faba6a40a7be6c79533877630a] 10.0.0.50 "DELETE /resource_providers/76720c51-cff8-4f61-8d7a-60ee5b61f7fa" status: 404 len: 246 microversion: 1.1 [pid: 7|app: 0|req: 384/764] 10.0.0.50 () {34 vars in 815 bytes} [Wed Jul 15 06:03:40 2026] DELETE /resource_providers/76720c51-cff8-4f61-8d7a-60ee5b61f7fa => generated 246 bytes in 13 msecs (HTTP/1.1 404) 6 headers in 231 bytes (1 switches on core 0)
2026-07-15 06:03:40.258 8 INFO placement.requestlog [None req-f138f935-35ac-4805-b3e8-11d011e315ee 59d3e93ef397422984d76b8088071ed8 7c2369d2ecbf4d6b9e72e3cbcb97995a - - 9e1779faba6a40a7be6c79533877630a 9e1779faba6a40a7be6c79533877630a] 10.0.0.50 "GET /resource_providers/646614aa-c41b-491d-a3f3-dcd04c8c64ca/aggregates" status: 404 len: 235 microversion: 1.1 [pid: 8|app: 0|req: 381/765] 10.0.0.50 () {32 vars in 815 bytes} [Wed Jul 15 06:03:40 2026] GET /resource_providers/646614aa-c41b-491d-a3f3-dcd04c8c64ca/aggregates => generated 235 bytes in 14 msecs (HTTP/1.1 404) 5 headers in 202 bytes (1 switches on core 0)
2026-07-15 06:03:40.287 7 INFO placement.requestlog [None req-e7390cd2-1b77-468c-80ca-303d3e6f41e2 59d3e93ef397422984d76b8088071ed8 7c2369d2ecbf4d6b9e72e3cbcb97995a - - 9e1779faba6a40a7be6c79533877630a 9e1779faba6a40a7be6c79533877630a] 10.0.0.50 "GET /resource_providers/646614aa-c41b-491d-a3f3-dcd04c8c64ca/aggregates" status: 404 len: 235 microversion: 1.1 [pid: 7|app: 0|req: 385/766] 10.0.0.50 () {32 vars in 815 bytes} [Wed Jul 15 06:03:40 2026] GET /resource_providers/646614aa-c41b-491d-a3f3-dcd04c8c64ca/aggregates => generated 235 bytes in 10 msecs (HTTP/1.1 404) 5 headers in 202 bytes (1 switches on core 0)
2026-07-15 06:03:40.293 8 INFO placement.requestlog [None req-b10e45a9-e359-42ca-b7fa-815720eb783c 59d3e93ef397422984d76b8088071ed8 7c2369d2ecbf4d6b9e72e3cbcb97995a - - 9e1779faba6a40a7be6c79533877630a 9e1779faba6a40a7be6c79533877630a] 10.0.0.50 "DELETE /resource_providers/646614aa-c41b-491d-a3f3-dcd04c8c64ca" status: 404 len: 246 microversion: 1.1 [pid: 8|app: 0|req: 382/767] 10.0.0.50 () {34 vars in 815 bytes} [Wed Jul 15 06:03:40 2026] DELETE /resource_providers/646614aa-c41b-491d-a3f3-dcd04c8c64ca => generated 246 bytes in 16 msecs (HTTP/1.1 404) 6 headers in 231 bytes (1 switches on core 0)
2026-07-15 06:03:40.304 7 INFO placement.requestlog [None req-9bf6b532-8a9e-4f8d-a828-af36d7b6fc70 59d3e93ef397422984d76b8088071ed8 7c2369d2ecbf4d6b9e72e3cbcb97995a - - 9e1779faba6a40a7be6c79533877630a 9e1779faba6a40a7be6c79533877630a] 10.0.0.50 "DELETE /resource_providers/646614aa-c41b-491d-a3f3-dcd04c8c64ca" status: 404 len: 246 microversion: 1.1 [pid: 7|app: 0|req: 386/768] 10.0.0.50 () {34 vars in 815 bytes} [Wed Jul 15 06:03:40 2026] DELETE /resource_providers/646614aa-c41b-491d-a3f3-dcd04c8c64ca => generated 246 bytes in 19 msecs (HTTP/1.1 404) 6 headers in 231 bytes (1 switches on core 0)
2026-07-15 06:03:40.321 8 INFO placement.requestlog [None req-8d880e88-80e5-48b5-975a-2000fe161e72 59d3e93ef397422984d76b8088071ed8 7c2369d2ecbf4d6b9e72e3cbcb97995a - - 9e1779faba6a40a7be6c79533877630a 9e1779faba6a40a7be6c79533877630a] 10.0.0.50 "GET /resource_providers/e02fdc76-f23a-49d3-8246-41e1e9728059/aggregates" status: 404 len: 235 microversion: 1.1 [pid: 8|app: 0|req: 383/769] 10.0.0.50 () {32 vars in 815 bytes} [Wed Jul 15 06:03:40 2026] GET /resource_providers/e02fdc76-f23a-49d3-8246-41e1e9728059/aggregates => generated 235 bytes in 18 msecs (HTTP/1.1 404) 5 headers in 202 bytes (1 switches on core 0)
2026-07-15 06:03:40.334 7 INFO placement.requestlog [None req-1e559800-55f2-4dea-9152-f5e4cb4bd7d8 59d3e93ef397422984d76b8088071ed8 7c2369d2ecbf4d6b9e72e3cbcb97995a - - 9e1779faba6a40a7be6c79533877630a 9e1779faba6a40a7be6c79533877630a] 10.0.0.50 "GET /resource_providers/e02fdc76-f23a-49d3-8246-41e1e9728059/aggregates" status: 404 len: 235 microversion: 1.1 [pid: 7|app: 0|req: 387/770] 10.0.0.50 () {32 vars in 815 bytes} [Wed Jul 15 06:03:40 2026] GET /resource_providers/e02fdc76-f23a-49d3-8246-41e1e9728059/aggregates => generated 235 bytes in 11 msecs (HTTP/1.1 404) 5 headers in 202 bytes (1 switches on core 0)
2026-07-15 06:03:40.345 8 INFO placement.requestlog [None req-61acd3c1-c385-486b-844e-b334e278cf69 59d3e93ef397422984d76b8088071ed8 7c2369d2ecbf4d6b9e72e3cbcb97995a - - 9e1779faba6a40a7be6c79533877630a 9e1779faba6a40a7be6c79533877630a] 10.0.0.50 "DELETE /resource_providers/e02fdc76-f23a-49d3-8246-41e1e9728059" status: 404 len: 246 microversion: 1.1 [pid: 8|app: 0|req: 384/771] 10.0.0.50 () {34 vars in 815 bytes} [Wed Jul 15 06:03:40 2026] DELETE /resource_providers/e02fdc76-f23a-49d3-8246-41e1e9728059 => generated 246 bytes in 12 msecs (HTTP/1.1 404) 6 headers in 231 bytes (1 switches on core 0)
2026-07-15 06:03:40.349 7 INFO placement.requestlog [None req-1115a38d-d90f-4e43-85ac-2d1ca94b1837 59d3e93ef397422984d76b8088071ed8 7c2369d2ecbf4d6b9e72e3cbcb97995a - - 9e1779faba6a40a7be6c79533877630a 9e1779faba6a40a7be6c79533877630a] 10.0.0.50 "DELETE /resource_providers/e02fdc76-f23a-49d3-8246-41e1e9728059" status: 404 len: 246 microversion: 1.1 [pid: 7|app: 0|req: 388/772] 10.0.0.50 () {34 vars in 815 bytes} [Wed Jul 15 06:03:40 2026] DELETE /resource_providers/e02fdc76-f23a-49d3-8246-41e1e9728059 => generated 246 bytes in 8 msecs (HTTP/1.1 404) 6 headers in 231 bytes (1 switches on core 0)
2026-07-15 06:03:40.381 8 INFO placement.requestlog [None req-776671b4-dff2-43f8-93e9-b244b1a12f6c 59d3e93ef397422984d76b8088071ed8 7c2369d2ecbf4d6b9e72e3cbcb97995a - - 9e1779faba6a40a7be6c79533877630a 9e1779faba6a40a7be6c79533877630a] 10.0.0.50 "GET /resource_providers/74112a0c-c8e7-4af8-ad20-fb821af4520d/aggregates" status: 404 len: 235 microversion: 1.1 [pid: 8|app: 0|req: 385/773] 10.0.0.50 () {32 vars in 815 bytes} [Wed Jul 15 06:03:40 2026] GET /resource_providers/74112a0c-c8e7-4af8-ad20-fb821af4520d/aggregates => generated 235 bytes in 10 msecs (HTTP/1.1 404) 5 headers in 202 bytes (1 switches on core 0)
2026-07-15 06:03:40.382 7 INFO placement.requestlog [None req-d781809c-a628-4038-9abb-8941c6902d21 59d3e93ef397422984d76b8088071ed8 7c2369d2ecbf4d6b9e72e3cbcb97995a - - 9e1779faba6a40a7be6c79533877630a 9e1779faba6a40a7be6c79533877630a] 10.0.0.50 "GET /resource_providers/74112a0c-c8e7-4af8-ad20-fb821af4520d/aggregates" status: 404 len: 235 microversion: 1.1 [pid: 7|app: 0|req: 389/774] 10.0.0.50 () {32 vars in 815 bytes} [Wed Jul 15 06:03:40 2026] GET /resource_providers/74112a0c-c8e7-4af8-ad20-fb821af4520d/aggregates => generated 235 bytes in 10 msecs (HTTP/1.1 404) 5 headers in 202 bytes (1 switches on core 0)
2026-07-15 06:03:40.431 8 INFO placement.requestlog [None req-55fc2c93-5000-4795-ad0f-dcda71b09099 59d3e93ef397422984d76b8088071ed8 7c2369d2ecbf4d6b9e72e3cbcb97995a - - 9e1779faba6a40a7be6c79533877630a 9e1779faba6a40a7be6c79533877630a] 10.0.0.50 "DELETE /resource_providers/74112a0c-c8e7-4af8-ad20-fb821af4520d" status: 404 len: 246 microversion: 1.1 [pid: 8|app: 0|req: 386/775] 10.0.0.50 () {34 vars in 815 bytes} [Wed Jul 15 06:03:40 2026] DELETE /resource_providers/74112a0c-c8e7-4af8-ad20-fb821af4520d => generated 246 bytes in 13 msecs (HTTP/1.1 404) 6 headers in 231 bytes (1 switches on core 0)
2026-07-15 06:03:40.436 7 INFO placement.requestlog [None req-bdf6ffdd-f32a-4e72-93b4-ebd3b7751faf 59d3e93ef397422984d76b8088071ed8 7c2369d2ecbf4d6b9e72e3cbcb97995a - - 9e1779faba6a40a7be6c79533877630a 9e1779faba6a40a7be6c79533877630a] 10.0.0.50 "DELETE /resource_providers/74112a0c-c8e7-4af8-ad20-fb821af4520d" status: 404 len: 246 microversion: 1.1 [pid: 7|app: 0|req: 390/776] 10.0.0.50 () {34 vars in 815 bytes} [Wed Jul 15 06:03:40 2026] DELETE /resource_providers/74112a0c-c8e7-4af8-ad20-fb821af4520d => generated 246 bytes in 17 msecs (HTTP/1.1 404) 6 headers in 231 bytes (1 switches on core 0)
2026-07-15 06:03:44.902 8 INFO placement.requestlog [None req-a7904c92-3180-4af9-8211-9cc665a28985 - - - - - -] 10.0.0.67 "GET /" status: 200 len: 136 microversion: 1.0
2026-07-15 06:03:44.902 7 INFO placement.requestlog [None req-8f653ff0-febd-4e50-b737-974ebad41ad4 - - - - - -] 10.0.0.67 "GET /" status: 200 len: 136 microversion: 1.0
2026-07-15 06:03:45.640 7 INFO placement.requestlog [None req-15fd57e9-3732-48c8-9194-162f88032ec6 59d3e93ef397422984d76b8088071ed8 7c2369d2ecbf4d6b9e72e3cbcb97995a - - 9e1779faba6a40a7be6c79533877630a 9e1779faba6a40a7be6c79533877630a] 10.0.0.50 "GET /resource_providers/be421252-d628-453b-ac76-45882c0d9e9e/aggregates" status: 404 len: 235 microversion: 1.1 [pid: 7|app: 0|req: 392/779] 10.0.0.50 () {32 vars in 815 bytes} [Wed Jul 15 06:03:45 2026] GET /resource_providers/be421252-d628-453b-ac76-45882c0d9e9e/aggregates => generated 235 bytes in 9 msecs (HTTP/1.1 404) 5 headers in 202 bytes (1 switches on core 0)
2026-07-15 06:03:45.642 8 INFO placement.requestlog [None req-f06a7d0a-c940-4f78-a750-8f6a96ac8afd 59d3e93ef397422984d76b8088071ed8 7c2369d2ecbf4d6b9e72e3cbcb97995a - - 9e1779faba6a40a7be6c79533877630a 9e1779faba6a40a7be6c79533877630a] 10.0.0.50 "GET /resource_providers/be421252-d628-453b-ac76-45882c0d9e9e/aggregates" status: 404 len: 235 microversion: 1.1 [pid: 8|app: 0|req: 388/780] 10.0.0.50 () {32 vars in 815 bytes} [Wed Jul 15 06:03:45 2026] GET /resource_providers/be421252-d628-453b-ac76-45882c0d9e9e/aggregates => generated 235 bytes in 12 msecs (HTTP/1.1 404) 5 headers in 202 bytes (1 switches on core 0)
2026-07-15 06:03:45.669 7 INFO placement.requestlog [None req-c979c2a0-55b6-4e0a-85b4-20de75ca355b 59d3e93ef397422984d76b8088071ed8 7c2369d2ecbf4d6b9e72e3cbcb97995a - - 9e1779faba6a40a7be6c79533877630a 9e1779faba6a40a7be6c79533877630a] 10.0.0.50 "DELETE /resource_providers/be421252-d628-453b-ac76-45882c0d9e9e" status: 404 len: 246 microversion: 1.1 [pid: 7|app: 0|req: 393/781] 10.0.0.50 () {34 vars in 815 bytes} [Wed Jul 15 06:03:45 2026] DELETE /resource_providers/be421252-d628-453b-ac76-45882c0d9e9e => generated 246 bytes in 9 msecs (HTTP/1.1 404) 6 headers in 231 bytes (1 switches on core 0)
2026-07-15 06:03:45.672 8 INFO placement.requestlog [None req-87fe9499-9223-4f19-94f2-19ca0c0a69af 59d3e93ef397422984d76b8088071ed8 7c2369d2ecbf4d6b9e72e3cbcb97995a - - 9e1779faba6a40a7be6c79533877630a 9e1779faba6a40a7be6c79533877630a] 10.0.0.50 "DELETE /resource_providers/be421252-d628-453b-ac76-45882c0d9e9e" status: 404 len: 246 microversion: 1.1 [pid: 8|app: 0|req: 389/782] 10.0.0.50 () {34 vars in 815 bytes} [Wed Jul 15 06:03:45 2026] DELETE /resource_providers/be421252-d628-453b-ac76-45882c0d9e9e => generated 246 bytes in 10 msecs (HTTP/1.1 404) 6 headers in 231 bytes (1 switches on core 0)
2026-07-15 06:03:46.226 7 INFO placement.requestlog [req-fcc88255-99ec-4ae8-80cd-9e3379ba5e1c req-f247159c-cd33-49b6-87b2-f857f025adb6 6af8f97ab3014392b68cdd69ee892cff 7c2369d2ecbf4d6b9e72e3cbcb97995a - - 9e1779faba6a40a7be6c79533877630a 9e1779faba6a40a7be6c79533877630a] 10.0.0.108 "GET /allocation_candidates?limit=1000&resources=DISK_GB%3A1%2CMEMORY_MB%3A512%2CVCPU%3A1&root_required=%21COMPUTE_STATUS_DISABLED" status: 200 len: 2190 microversion: 1.36 [pid: 7|app: 0|req: 394/783] 10.0.0.108 () {34 vars in 1012 bytes} [Wed Jul 15 06:03:46 2026] GET /allocation_candidates?limit=1000&resources=DISK_GB%3A1%2CMEMORY_MB%3A512%2CVCPU%3A1&root_required=%21COMPUTE_STATUS_DISABLED => generated 2190 bytes in 44 msecs (HTTP/1.1 200) 8 headers in 297 bytes (1 switches on core 0)
2026-07-15 06:03:46.257 8 INFO placement.requestlog [req-fcc88255-99ec-4ae8-80cd-9e3379ba5e1c req-41e98744-c77a-4109-a6ed-a03855460cb1 6af8f97ab3014392b68cdd69ee892cff 7c2369d2ecbf4d6b9e72e3cbcb97995a - - 9e1779faba6a40a7be6c79533877630a 9e1779faba6a40a7be6c79533877630a] 10.0.0.108 "GET /allocations/54736f36-f1e0-4268-9b56-c8547095141d" status: 200 len: 19 microversion: 1.28 [pid: 8|app: 0|req: 390/784] 10.0.0.108 () {34 vars in 861 bytes} [Wed Jul 15 06:03:46 2026] GET /allocations/54736f36-f1e0-4268-9b56-c8547095141d => generated 19 bytes in 12 msecs (HTTP/1.1 200) 8 headers in 295 bytes (1 switches on core 0)
2026-07-15 06:03:46.336 7 INFO placement.requestlog [req-fcc88255-99ec-4ae8-80cd-9e3379ba5e1c req-971ba970-917c-4ce3-b319-af79ea89b455 6af8f97ab3014392b68cdd69ee892cff 7c2369d2ecbf4d6b9e72e3cbcb97995a - - 9e1779faba6a40a7be6c79533877630a 9e1779faba6a40a7be6c79533877630a] 10.0.0.108 "PUT /allocations/54736f36-f1e0-4268-9b56-c8547095141d" status: 204 len: 0 microversion: 1.36 [pid: 7|app: 0|req: 395/785] 10.0.0.108 () {38 vars in 914 bytes} [Wed Jul 15 06:03:46 2026] PUT /allocations/54736f36-f1e0-4268-9b56-c8547095141d => generated 0 bytes in 73 msecs (HTTP/1.1 204) 5 headers in 199 bytes (1 switches on core 0)
2026-07-15 06:03:46.605 8 INFO placement.requestlog [req-fcc88255-99ec-4ae8-80cd-9e3379ba5e1c req-a1195eb7-0ccb-4ad9-81d0-1a34465071bc 6af8f97ab3014392b68cdd69ee892cff 7c2369d2ecbf4d6b9e72e3cbcb97995a - - 9e1779faba6a40a7be6c79533877630a 9e1779faba6a40a7be6c79533877630a] 199.204.45.89 "GET /allocations/54736f36-f1e0-4268-9b56-c8547095141d" status: 200 len: 257 microversion: 1.28 [pid: 8|app: 0|req: 391/786] 199.204.45.89 () {34 vars in 862 bytes} [Wed Jul 15 06:03:46 2026] GET /allocations/54736f36-f1e0-4268-9b56-c8547095141d => generated 257 bytes in 14 msecs (HTTP/1.1 200) 8 headers in 296 bytes (1 switches on core 0)
2026-07-15 06:03:46.734 7 INFO placement.requestlog [req-fcc88255-99ec-4ae8-80cd-9e3379ba5e1c req-b6227e22-2480-49cc-afdd-bb5f13dae8d6 6af8f97ab3014392b68cdd69ee892cff 7c2369d2ecbf4d6b9e72e3cbcb97995a - - 9e1779faba6a40a7be6c79533877630a 9e1779faba6a40a7be6c79533877630a] 199.204.45.89 "GET /resource_providers/cc624b78-11d3-4c92-b89b-50fc522fdeae/allocations" status: 200 len: 252 microversion: 1.0 [pid: 7|app: 0|req: 396/787] 199.204.45.89 () {32 vars in 856 bytes} [Wed Jul 15 06:03:46 2026] GET /resource_providers/cc624b78-11d3-4c92-b89b-50fc522fdeae/allocations => generated 252 bytes in 23 msecs (HTTP/1.1 200) 6 headers in 224 bytes (1 switches on core 0)
2026-07-15 06:03:46.761 8 INFO placement.requestlog [req-fcc88255-99ec-4ae8-80cd-9e3379ba5e1c req-7a8a57de-4e45-4481-8d90-673385ecc6e3 6af8f97ab3014392b68cdd69ee892cff 7c2369d2ecbf4d6b9e72e3cbcb97995a - - 9e1779faba6a40a7be6c79533877630a 9e1779faba6a40a7be6c79533877630a] 199.204.45.89 "GET /allocations/54736f36-f1e0-4268-9b56-c8547095141d" status: 200 len: 257 microversion: 1.28 [pid: 8|app: 0|req: 392/788] 199.204.45.89 () {34 vars in 862 bytes} [Wed Jul 15 06:03:46 2026] GET /allocations/54736f36-f1e0-4268-9b56-c8547095141d => generated 257 bytes in 18 msecs (HTTP/1.1 200) 8 headers in 296 bytes (1 switches on core 0)
2026-07-15 06:03:46.792 7 INFO placement.requestlog [req-fcc88255-99ec-4ae8-80cd-9e3379ba5e1c req-c19f2ec7-6e66-49bf-8c2c-c026d9591dc5 6af8f97ab3014392b68cdd69ee892cff 7c2369d2ecbf4d6b9e72e3cbcb97995a - - 9e1779faba6a40a7be6c79533877630a 9e1779faba6a40a7be6c79533877630a] 199.204.45.89 "GET /allocations/e5b5cb66-0627-47e0-8c77-e859bf6a82fe" status: 200 len: 257 microversion: 1.28 [pid: 7|app: 0|req: 397/789] 199.204.45.89 () {34 vars in 862 bytes} [Wed Jul 15 06:03:46 2026] GET /allocations/e5b5cb66-0627-47e0-8c77-e859bf6a82fe => generated 257 bytes in 21 msecs (HTTP/1.1 200) 8 headers in 296 bytes (1 switches on core 0)
2026-07-15 06:03:47.025 7 INFO placement.requestlog [None req-962254de-ae9e-4588-bb61-9426f44326d8 59d3e93ef397422984d76b8088071ed8 7c2369d2ecbf4d6b9e72e3cbcb97995a - - 9e1779faba6a40a7be6c79533877630a 9e1779faba6a40a7be6c79533877630a] 10.0.0.50 "GET /resource_providers/d6d9e85b-0fb6-40b5-ac7e-579075fa9a6e/aggregates" status: 404 len: 235 microversion: 1.1 [pid: 7|app: 0|req: 398/790] 10.0.0.50 () {32 vars in 815 bytes} [Wed Jul 15 06:03:47 2026] GET /resource_providers/d6d9e85b-0fb6-40b5-ac7e-579075fa9a6e/aggregates => generated 235 bytes in 10 msecs (HTTP/1.1 404) 5 headers in 202 bytes (1 switches on core 0)
2026-07-15 06:03:47.034 8 INFO placement.requestlog [None req-feb314cb-7b89-43da-912b-82e770cd2850 59d3e93ef397422984d76b8088071ed8 7c2369d2ecbf4d6b9e72e3cbcb97995a - - 9e1779faba6a40a7be6c79533877630a 9e1779faba6a40a7be6c79533877630a] 10.0.0.50 "GET /resource_providers/d6d9e85b-0fb6-40b5-ac7e-579075fa9a6e/aggregates" status: 404 len: 235 microversion: 1.1 [pid: 8|app: 0|req: 393/791] 10.0.0.50 () {32 vars in 815 bytes} [Wed Jul 15 06:03:47 2026] GET /resource_providers/d6d9e85b-0fb6-40b5-ac7e-579075fa9a6e/aggregates => generated 235 bytes in 20 msecs (HTTP/1.1 404) 5 headers in 202 bytes (1 switches on core 0)
2026-07-15 06:03:47.040 7 INFO placement.requestlog [None req-c98c0519-efeb-4bf2-a935-2a3f115b2c70 59d3e93ef397422984d76b8088071ed8 7c2369d2ecbf4d6b9e72e3cbcb97995a - - 9e1779faba6a40a7be6c79533877630a 9e1779faba6a40a7be6c79533877630a] 10.0.0.50 "DELETE /resource_providers/d6d9e85b-0fb6-40b5-ac7e-579075fa9a6e" status: 404 len: 246 microversion: 1.1 [pid: 7|app: 0|req: 399/792] 10.0.0.50 () {34 vars in 815 bytes} [Wed Jul 15 06:03:47 2026] DELETE /resource_providers/d6d9e85b-0fb6-40b5-ac7e-579075fa9a6e => generated 246 bytes in 7 msecs (HTTP/1.1 404) 6 headers in 231 bytes (1 switches on core 0)
2026-07-15 06:03:47.047 8 INFO placement.requestlog [None req-70079f4a-c077-493f-af31-8a0b90da2db6 59d3e93ef397422984d76b8088071ed8 7c2369d2ecbf4d6b9e72e3cbcb97995a - - 9e1779faba6a40a7be6c79533877630a 9e1779faba6a40a7be6c79533877630a] 10.0.0.50 "DELETE /resource_providers/d6d9e85b-0fb6-40b5-ac7e-579075fa9a6e" status: 404 len: 246 microversion: 1.1 [pid: 8|app: 0|req: 394/793] 10.0.0.50 () {34 vars in 815 bytes} [Wed Jul 15 06:03:47 2026] DELETE /resource_providers/d6d9e85b-0fb6-40b5-ac7e-579075fa9a6e => generated 246 bytes in 7 msecs (HTTP/1.1 404) 6 headers in 231 bytes (1 switches on core 0)
2026-07-15 06:03:50.797 7 INFO placement.requestlog [req-0094be82-4653-4091-be33-56af2776d6a5 req-cf3b89ed-2227-43b4-abe6-361fbb73e7b7 6af8f97ab3014392b68cdd69ee892cff 7c2369d2ecbf4d6b9e72e3cbcb97995a - - 9e1779faba6a40a7be6c79533877630a 9e1779faba6a40a7be6c79533877630a] 199.204.45.89 "GET /resource_providers/cc624b78-11d3-4c92-b89b-50fc522fdeae/allocations" status: 200 len: 252 microversion: 1.0 [pid: 7|app: 0|req: 400/794] 199.204.45.89 () {32 vars in 856 bytes} [Wed Jul 15 06:03:50 2026] GET /resource_providers/cc624b78-11d3-4c92-b89b-50fc522fdeae/allocations => generated 252 bytes in 29 msecs (HTTP/1.1 200) 6 headers in 224 bytes (1 switches on core 0)
2026-07-15 06:03:50.826 8 INFO placement.requestlog [req-0094be82-4653-4091-be33-56af2776d6a5 req-637e7962-0594-4d27-8329-d7c38148d79f 6af8f97ab3014392b68cdd69ee892cff 7c2369d2ecbf4d6b9e72e3cbcb97995a - - 9e1779faba6a40a7be6c79533877630a 9e1779faba6a40a7be6c79533877630a] 199.204.45.89 "GET /resource_providers/cc624b78-11d3-4c92-b89b-50fc522fdeae/allocations" status: 200 len: 252 microversion: 1.0 [pid: 8|app: 0|req: 395/795] 199.204.45.89 () {32 vars in 856 bytes} [Wed Jul 15 06:03:50 2026] GET /resource_providers/cc624b78-11d3-4c92-b89b-50fc522fdeae/allocations => generated 252 bytes in 20 msecs (HTTP/1.1 200) 6 headers in 224 bytes (1 switches on core 0)
2026-07-15 06:03:50.868 7 INFO placement.requestlog [req-0094be82-4653-4091-be33-56af2776d6a5 req-da950045-9c45-4fc9-8b16-51c0be48a93e 6af8f97ab3014392b68cdd69ee892cff 7c2369d2ecbf4d6b9e72e3cbcb97995a - - 9e1779faba6a40a7be6c79533877630a 9e1779faba6a40a7be6c79533877630a] 199.204.45.89 "GET /allocations/54736f36-f1e0-4268-9b56-c8547095141d" status: 200 len: 257 microversion: 1.28 [pid: 7|app: 0|req: 401/796] 199.204.45.89 () {34 vars in 862 bytes} [Wed Jul 15 06:03:50 2026] GET /allocations/54736f36-f1e0-4268-9b56-c8547095141d => generated 257 bytes in 21 msecs (HTTP/1.1 200) 8 headers in 296 bytes (1 switches on core 0)
2026-07-15 06:03:50.891 8 INFO placement.requestlog [req-0094be82-4653-4091-be33-56af2776d6a5 req-00d56521-edb4-4015-8816-dda81133b9a7 6af8f97ab3014392b68cdd69ee892cff 7c2369d2ecbf4d6b9e72e3cbcb97995a - - 9e1779faba6a40a7be6c79533877630a 9e1779faba6a40a7be6c79533877630a] 199.204.45.89 "GET /allocations/e5b5cb66-0627-47e0-8c77-e859bf6a82fe" status: 200 len: 257 microversion: 1.28 [pid: 8|app: 0|req: 396/797] 199.204.45.89 () {34 vars in 862 bytes} [Wed Jul 15 06:03:50 2026] GET /allocations/e5b5cb66-0627-47e0-8c77-e859bf6a82fe => generated 257 bytes in 15 msecs (HTTP/1.1 200) 8 headers in 296 bytes (1 switches on core 0)
2026-07-15 06:03:54.902 7 INFO placement.requestlog [None req-18702a09-a323-4134-b82b-e30a405c0344 - - - - - -] 10.0.0.67 "GET /" status: 200 len: 136 microversion: 1.0
2026-07-15 06:03:54.902 8 INFO placement.requestlog [None req-3572d1a2-afd8-4706-9d32-1e46848c1e71 - - - - - -] 10.0.0.67 "GET /" status: 200 len: 136 microversion: 1.0
2026-07-15 06:03:59.589 7 INFO placement.requestlog [None req-40528498-1bd4-4806-9375-4378951ae620 59d3e93ef397422984d76b8088071ed8 7c2369d2ecbf4d6b9e72e3cbcb97995a - - 9e1779faba6a40a7be6c79533877630a 9e1779faba6a40a7be6c79533877630a] 10.0.0.50 "GET /resource_providers/30539ff6-c4fd-45fd-aef8-664892e95e02/aggregates" status: 404 len: 235 microversion: 1.1 [pid: 7|app: 0|req: 403/800] 10.0.0.50 () {32 vars in 815 bytes} [Wed Jul 15 06:03:59 2026] GET /resource_providers/30539ff6-c4fd-45fd-aef8-664892e95e02/aggregates => generated 235 bytes in 11 msecs (HTTP/1.1 404) 5 headers in 202 bytes (1 switches on core 0)
2026-07-15 06:03:59.597 8 INFO placement.requestlog [None req-24cc8707-5bf6-4810-adbc-cf6cc4e1384a 59d3e93ef397422984d76b8088071ed8 7c2369d2ecbf4d6b9e72e3cbcb97995a - - 9e1779faba6a40a7be6c79533877630a 9e1779faba6a40a7be6c79533877630a] 10.0.0.50 "GET /resource_providers/30539ff6-c4fd-45fd-aef8-664892e95e02/aggregates" status: 404 len: 235 microversion: 1.1 [pid: 8|app: 0|req: 398/801] 10.0.0.50 () {32 vars in 815 bytes} [Wed Jul 15 06:03:59 2026] GET /resource_providers/30539ff6-c4fd-45fd-aef8-664892e95e02/aggregates => generated 235 bytes in 18 msecs (HTTP/1.1 404) 5 headers in 202 bytes (1 switches on core 0)
2026-07-15 06:03:59.630 7 INFO placement.requestlog [None req-2d04ffe2-6055-4d42-b802-3f2feb70fdc0 59d3e93ef397422984d76b8088071ed8 7c2369d2ecbf4d6b9e72e3cbcb97995a - - 9e1779faba6a40a7be6c79533877630a 9e1779faba6a40a7be6c79533877630a] 10.0.0.50 "DELETE /resource_providers/30539ff6-c4fd-45fd-aef8-664892e95e02" status: 404 len: 246 microversion: 1.1 [pid: 7|app: 0|req: 404/802] 10.0.0.50 () {34 vars in 815 bytes} [Wed Jul 15 06:03:59 2026] DELETE /resource_providers/30539ff6-c4fd-45fd-aef8-664892e95e02 => generated 246 bytes in 14 msecs (HTTP/1.1 404) 6 headers in 231 bytes (1 switches on core 0)
2026-07-15 06:03:59.633 8 INFO placement.requestlog [None req-d598b056-871f-4a8e-b3bf-7d53b2c5c1cf 59d3e93ef397422984d76b8088071ed8 7c2369d2ecbf4d6b9e72e3cbcb97995a - - 9e1779faba6a40a7be6c79533877630a 9e1779faba6a40a7be6c79533877630a] 10.0.0.50 "DELETE /resource_providers/30539ff6-c4fd-45fd-aef8-664892e95e02" status: 404 len: 246 microversion: 1.1 [pid: 8|app: 0|req: 399/803] 10.0.0.50 () {34 vars in 815 bytes} [Wed Jul 15 06:03:59 2026] DELETE /resource_providers/30539ff6-c4fd-45fd-aef8-664892e95e02 => generated 246 bytes in 14 msecs (HTTP/1.1 404) 6 headers in 231 bytes (1 switches on core 0)
2026-07-15 06:03:59.874 7 INFO placement.requestlog [None req-4ea57711-fad5-4478-ace3-787f915e50c9 59d3e93ef397422984d76b8088071ed8 7c2369d2ecbf4d6b9e72e3cbcb97995a - - 9e1779faba6a40a7be6c79533877630a 9e1779faba6a40a7be6c79533877630a] 10.0.0.50 "GET /resource_providers/830b8bc3-8c2a-44d1-8fa3-3bb3f281b9f0/aggregates" status: 404 len: 235 microversion: 1.1 [pid: 7|app: 0|req: 405/804] 10.0.0.50 () {32 vars in 815 bytes} [Wed Jul 15 06:03:59 2026] GET /resource_providers/830b8bc3-8c2a-44d1-8fa3-3bb3f281b9f0/aggregates => generated 235 bytes in 9 msecs (HTTP/1.1 404) 5 headers in 202 bytes (1 switches on core 0)
2026-07-15 06:03:59.878 8 INFO placement.requestlog [None req-ac55f77e-baaa-4b9f-b260-4332b8f934af 59d3e93ef397422984d76b8088071ed8 7c2369d2ecbf4d6b9e72e3cbcb97995a - - 9e1779faba6a40a7be6c79533877630a 9e1779faba6a40a7be6c79533877630a] 10.0.0.50 "GET /resource_providers/830b8bc3-8c2a-44d1-8fa3-3bb3f281b9f0/aggregates" status: 404 len: 235 microversion: 1.1 [pid: 8|app: 0|req: 400/805] 10.0.0.50 () {32 vars in 815 bytes} [Wed Jul 15 06:03:59 2026] GET /resource_providers/830b8bc3-8c2a-44d1-8fa3-3bb3f281b9f0/aggregates => generated 235 bytes in 13 msecs (HTTP/1.1 404) 5 headers in 202 bytes (1 switches on core 0)
2026-07-15 06:03:59.898 7 INFO placement.requestlog [None req-aaccb353-db67-43ec-8a4d-193866f4debe 59d3e93ef397422984d76b8088071ed8 7c2369d2ecbf4d6b9e72e3cbcb97995a - - 9e1779faba6a40a7be6c79533877630a 9e1779faba6a40a7be6c79533877630a] 10.0.0.50 "DELETE /resource_providers/830b8bc3-8c2a-44d1-8fa3-3bb3f281b9f0" status: 404 len: 246 microversion: 1.1 [pid: 7|app: 0|req: 406/806] 10.0.0.50 () {34 vars in 815 bytes} [Wed Jul 15 06:03:59 2026] DELETE /resource_providers/830b8bc3-8c2a-44d1-8fa3-3bb3f281b9f0 => generated 246 bytes in 10 msecs (HTTP/1.1 404) 6 headers in 231 bytes (1 switches on core 0)
2026-07-15 06:03:59.899 8 INFO placement.requestlog [None req-eb60e64b-d3dc-4063-983e-243eb0335bef 59d3e93ef397422984d76b8088071ed8 7c2369d2ecbf4d6b9e72e3cbcb97995a - - 9e1779faba6a40a7be6c79533877630a 9e1779faba6a40a7be6c79533877630a] 10.0.0.50 "DELETE /resource_providers/830b8bc3-8c2a-44d1-8fa3-3bb3f281b9f0" status: 404 len: 246 microversion: 1.1 [pid: 8|app: 0|req: 401/807] 10.0.0.50 () {34 vars in 815 bytes} [Wed Jul 15 06:03:59 2026] DELETE /resource_providers/830b8bc3-8c2a-44d1-8fa3-3bb3f281b9f0 => generated 246 bytes in 11 msecs (HTTP/1.1 404) 6 headers in 231 bytes (1 switches on core 0)
2026-07-15 06:04:01.649 7 INFO placement.requestlog [None req-da15124a-9298-4e8e-a4d7-22a6c9265b14 59d3e93ef397422984d76b8088071ed8 7c2369d2ecbf4d6b9e72e3cbcb97995a - - 9e1779faba6a40a7be6c79533877630a 9e1779faba6a40a7be6c79533877630a] 10.0.0.50 "GET /resource_providers/4a8319a3-42d1-43a5-bcd8-c9bf6869c44f/aggregates" status: 404 len: 235 microversion: 1.1 [pid: 7|app: 0|req: 407/808] 10.0.0.50 () {32 vars in 815 bytes} [Wed Jul 15 06:04:01 2026] GET /resource_providers/4a8319a3-42d1-43a5-bcd8-c9bf6869c44f/aggregates => generated 235 bytes in 11 msecs (HTTP/1.1 404) 5 headers in 202 bytes (1 switches on core 0)
2026-07-15 06:04:01.655 8 INFO placement.requestlog [None req-50a33121-d359-46ed-93e4-09965043cdd9 59d3e93ef397422984d76b8088071ed8 7c2369d2ecbf4d6b9e72e3cbcb97995a - - 9e1779faba6a40a7be6c79533877630a 9e1779faba6a40a7be6c79533877630a] 10.0.0.50 "GET /resource_providers/4a8319a3-42d1-43a5-bcd8-c9bf6869c44f/aggregates" status: 404 len: 235 microversion: 1.1 [pid: 8|app: 0|req: 402/809] 10.0.0.50 () {32 vars in 815 bytes} [Wed Jul 15 06:04:01 2026] GET /resource_providers/4a8319a3-42d1-43a5-bcd8-c9bf6869c44f/aggregates => generated 235 bytes in 13 msecs (HTTP/1.1 404) 5 headers in 202 bytes (1 switches on core 0)
2026-07-15 06:04:01.678 7 INFO placement.requestlog [None req-2fb21f90-d361-4d68-a02d-3f63bb8cd774 59d3e93ef397422984d76b8088071ed8 7c2369d2ecbf4d6b9e72e3cbcb97995a - - 9e1779faba6a40a7be6c79533877630a 9e1779faba6a40a7be6c79533877630a] 10.0.0.50 "DELETE /resource_providers/4a8319a3-42d1-43a5-bcd8-c9bf6869c44f" status: 404 len: 246 microversion: 1.1 [pid: 7|app: 0|req: 408/810] 10.0.0.50 () {34 vars in 815 bytes} [Wed Jul 15 06:04:01 2026] DELETE /resource_providers/4a8319a3-42d1-43a5-bcd8-c9bf6869c44f => generated 246 bytes in 18 msecs (HTTP/1.1 404) 6 headers in 231 bytes (1 switches on core 0)
2026-07-15 06:04:01.686 8 INFO placement.requestlog [None req-43ba860f-ce31-4a61-a338-91bf11a3b718 59d3e93ef397422984d76b8088071ed8 7c2369d2ecbf4d6b9e72e3cbcb97995a - - 9e1779faba6a40a7be6c79533877630a 9e1779faba6a40a7be6c79533877630a] 10.0.0.50 "DELETE /resource_providers/4a8319a3-42d1-43a5-bcd8-c9bf6869c44f" status: 404 len: 246 microversion: 1.1 [pid: 8|app: 0|req: 403/811] 10.0.0.50 () {34 vars in 815 bytes} [Wed Jul 15 06:04:01 2026] DELETE /resource_providers/4a8319a3-42d1-43a5-bcd8-c9bf6869c44f => generated 246 bytes in 19 msecs (HTTP/1.1 404) 6 headers in 231 bytes (1 switches on core 0)
2026-07-15 06:04:01.926 7 INFO placement.requestlog [None req-5ab92fd4-4761-4003-b2cd-8c731ce305d7 59d3e93ef397422984d76b8088071ed8 7c2369d2ecbf4d6b9e72e3cbcb97995a - - 9e1779faba6a40a7be6c79533877630a 9e1779faba6a40a7be6c79533877630a] 10.0.0.50 "GET /resource_providers/a4bff6ec-e0c8-4345-9a41-ef94b72ee3e8/aggregates" status: 404 len: 235 microversion: 1.1 [pid: 7|app: 0|req: 409/812] 10.0.0.50 () {32 vars in 815 bytes} [Wed Jul 15 06:04:01 2026] GET /resource_providers/a4bff6ec-e0c8-4345-9a41-ef94b72ee3e8/aggregates => generated 235 bytes in 10 msecs (HTTP/1.1 404) 5 headers in 202 bytes (1 switches on core 0)
2026-07-15 06:04:01.934 8 INFO placement.requestlog [None req-98e1db14-e72c-43a3-973a-9936d903959f 59d3e93ef397422984d76b8088071ed8 7c2369d2ecbf4d6b9e72e3cbcb97995a - - 9e1779faba6a40a7be6c79533877630a 9e1779faba6a40a7be6c79533877630a] 10.0.0.50 "GET /resource_providers/a4bff6ec-e0c8-4345-9a41-ef94b72ee3e8/aggregates" status: 404 len: 235 microversion: 1.1 [pid: 8|app: 0|req: 404/813] 10.0.0.50 () {32 vars in 815 bytes} [Wed Jul 15 06:04:01 2026] GET /resource_providers/a4bff6ec-e0c8-4345-9a41-ef94b72ee3e8/aggregates => generated 235 bytes in 16 msecs (HTTP/1.1 404) 5 headers in 202 bytes (1 switches on core 0)
2026-07-15 06:04:01.953 7 INFO placement.requestlog [None req-71a46e83-14b1-41c7-a227-61cf429d1c81 59d3e93ef397422984d76b8088071ed8 7c2369d2ecbf4d6b9e72e3cbcb97995a - - 9e1779faba6a40a7be6c79533877630a 9e1779faba6a40a7be6c79533877630a] 10.0.0.50 "DELETE /resource_providers/a4bff6ec-e0c8-4345-9a41-ef94b72ee3e8" status: 404 len: 246 microversion: 1.1 [pid: 7|app: 0|req: 410/814] 10.0.0.50 () {34 vars in 815 bytes} [Wed Jul 15 06:04:01 2026] DELETE /resource_providers/a4bff6ec-e0c8-4345-9a41-ef94b72ee3e8 => generated 246 bytes in 11 msecs (HTTP/1.1 404) 6 headers in 231 bytes (1 switches on core 0)
2026-07-15 06:04:01.962 8 INFO placement.requestlog [None req-4e0a20f2-9c7b-49b3-a8f2-0dff2835ff57 59d3e93ef397422984d76b8088071ed8 7c2369d2ecbf4d6b9e72e3cbcb97995a - - 9e1779faba6a40a7be6c79533877630a 9e1779faba6a40a7be6c79533877630a] 10.0.0.50 "DELETE /resource_providers/a4bff6ec-e0c8-4345-9a41-ef94b72ee3e8" status: 404 len: 246 microversion: 1.1 [pid: 8|app: 0|req: 405/815] 10.0.0.50 () {34 vars in 815 bytes} [Wed Jul 15 06:04:01 2026] DELETE /resource_providers/a4bff6ec-e0c8-4345-9a41-ef94b72ee3e8 => generated 246 bytes in 19 msecs (HTTP/1.1 404) 6 headers in 231 bytes (1 switches on core 0)
2026-07-15 06:04:03.698 7 INFO placement.requestlog [None req-38ee81bf-e6ae-445a-806f-d600c696e033 59d3e93ef397422984d76b8088071ed8 7c2369d2ecbf4d6b9e72e3cbcb97995a - - 9e1779faba6a40a7be6c79533877630a 9e1779faba6a40a7be6c79533877630a] 10.0.0.50 "GET /resource_providers/d18bcba4-aebf-454e-8f0c-c0573722e329/aggregates" status: 404 len: 235 microversion: 1.1 [pid: 7|app: 0|req: 411/816] 10.0.0.50 () {32 vars in 815 bytes} [Wed Jul 15 06:04:03 2026] GET /resource_providers/d18bcba4-aebf-454e-8f0c-c0573722e329/aggregates => generated 235 bytes in 14 msecs (HTTP/1.1 404) 5 headers in 202 bytes (1 switches on core 0)
2026-07-15 06:04:03.701 8 INFO placement.requestlog [None req-1cfdea7c-1f6c-43fd-b310-7c550cd9ce6d 59d3e93ef397422984d76b8088071ed8 7c2369d2ecbf4d6b9e72e3cbcb97995a - - 9e1779faba6a40a7be6c79533877630a 9e1779faba6a40a7be6c79533877630a] 10.0.0.50 "GET /resource_providers/d18bcba4-aebf-454e-8f0c-c0573722e329/aggregates" status: 404 len: 235 microversion: 1.1 [pid: 8|app: 0|req: 406/817] 10.0.0.50 () {32 vars in 815 bytes} [Wed Jul 15 06:04:03 2026] GET /resource_providers/d18bcba4-aebf-454e-8f0c-c0573722e329/aggregates => generated 235 bytes in 9 msecs (HTTP/1.1 404) 5 headers in 202 bytes (1 switches on core 0)
2026-07-15 06:04:03.731 7 INFO placement.requestlog [None req-860ba3a5-8faf-41ec-abfd-9bd79a9f0d22 59d3e93ef397422984d76b8088071ed8 7c2369d2ecbf4d6b9e72e3cbcb97995a - - 9e1779faba6a40a7be6c79533877630a 9e1779faba6a40a7be6c79533877630a] 10.0.0.50 "DELETE /resource_providers/d18bcba4-aebf-454e-8f0c-c0573722e329" status: 404 len: 246 microversion: 1.1 [pid: 7|app: 0|req: 412/818] 10.0.0.50 () {34 vars in 815 bytes} [Wed Jul 15 06:04:03 2026] DELETE /resource_providers/d18bcba4-aebf-454e-8f0c-c0573722e329 => generated 246 bytes in 9 msecs (HTTP/1.1 404) 6 headers in 231 bytes (1 switches on core 0)
2026-07-15 06:04:03.732 8 INFO placement.requestlog [None req-d26af631-dba3-426a-8b8a-f1ca481a283a 59d3e93ef397422984d76b8088071ed8 7c2369d2ecbf4d6b9e72e3cbcb97995a - - 9e1779faba6a40a7be6c79533877630a 9e1779faba6a40a7be6c79533877630a] 10.0.0.50 "DELETE /resource_providers/d18bcba4-aebf-454e-8f0c-c0573722e329" status: 404 len: 246 microversion: 1.1 [pid: 8|app: 0|req: 407/819] 10.0.0.50 () {34 vars in 815 bytes} [Wed Jul 15 06:04:03 2026] DELETE /resource_providers/d18bcba4-aebf-454e-8f0c-c0573722e329 => generated 246 bytes in 10 msecs (HTTP/1.1 404) 6 headers in 231 bytes (1 switches on core 0)
2026-07-15 06:04:04.904 7 INFO placement.requestlog [None req-db96d246-d42e-42c1-ab3c-c8a8de7c7014 - - - - - -] 10.0.0.67 "GET /" status: 200 len: 136 microversion: 1.0
2026-07-15 06:04:04.904 8 INFO placement.requestlog [None req-774db471-6865-408c-bdbc-542412d309cb - - - - - -] 10.0.0.67 "GET /" status: 200 len: 136 microversion: 1.0
2026-07-15 06:04:05.750 7 INFO placement.requestlog [None req-2d09986b-2172-4f7f-bf25-e24d01983a83 59d3e93ef397422984d76b8088071ed8 7c2369d2ecbf4d6b9e72e3cbcb97995a - - 9e1779faba6a40a7be6c79533877630a 9e1779faba6a40a7be6c79533877630a] 10.0.0.50 "GET /resource_providers/95b7926d-3eab-4b47-9c98-7d81e943143a/aggregates" status: 404 len: 235 microversion: 1.1 [pid: 7|app: 0|req: 414/822] 10.0.0.50 () {32 vars in 815 bytes} [Wed Jul 15 06:04:05 2026] GET /resource_providers/95b7926d-3eab-4b47-9c98-7d81e943143a/aggregates => generated 235 bytes in 12 msecs (HTTP/1.1 404) 5 headers in 202 bytes (1 switches on core 0)
2026-07-15 06:04:05.756 8 INFO placement.requestlog [None req-76313332-37ba-43e6-92ed-7415b15265b8 59d3e93ef397422984d76b8088071ed8 7c2369d2ecbf4d6b9e72e3cbcb97995a - - 9e1779faba6a40a7be6c79533877630a 9e1779faba6a40a7be6c79533877630a] 10.0.0.50 "GET /resource_providers/95b7926d-3eab-4b47-9c98-7d81e943143a/aggregates" status: 404 len: 235 microversion: 1.1 [pid: 8|app: 0|req: 409/823] 10.0.0.50 () {32 vars in 815 bytes} [Wed Jul 15 06:04:05 2026] GET /resource_providers/95b7926d-3eab-4b47-9c98-7d81e943143a/aggregates => generated 235 bytes in 13 msecs (HTTP/1.1 404) 5 headers in 202 bytes (1 switches on core 0)
2026-07-15 06:04:05.778 7 INFO placement.requestlog [None req-ad50a2f3-a5d1-4cec-85fa-6df80279ff93 59d3e93ef397422984d76b8088071ed8 7c2369d2ecbf4d6b9e72e3cbcb97995a - - 9e1779faba6a40a7be6c79533877630a 9e1779faba6a40a7be6c79533877630a] 10.0.0.50 "DELETE /resource_providers/95b7926d-3eab-4b47-9c98-7d81e943143a" status: 404 len: 246 microversion: 1.1 [pid: 7|app: 0|req: 415/824] 10.0.0.50 () {34 vars in 815 bytes} [Wed Jul 15 06:04:05 2026] DELETE /resource_providers/95b7926d-3eab-4b47-9c98-7d81e943143a => generated 246 bytes in 11 msecs (HTTP/1.1 404) 6 headers in 231 bytes (1 switches on core 0)
2026-07-15 06:04:05.779 8 INFO placement.requestlog [None req-823c28b0-e7d5-4b1c-a08c-a6dc98c16ff7 59d3e93ef397422984d76b8088071ed8 7c2369d2ecbf4d6b9e72e3cbcb97995a - - 9e1779faba6a40a7be6c79533877630a 9e1779faba6a40a7be6c79533877630a] 10.0.0.50 "DELETE /resource_providers/95b7926d-3eab-4b47-9c98-7d81e943143a" status: 404 len: 246 microversion: 1.1 [pid: 8|app: 0|req: 410/825] 10.0.0.50 () {34 vars in 815 bytes} [Wed Jul 15 06:04:05 2026] DELETE /resource_providers/95b7926d-3eab-4b47-9c98-7d81e943143a => generated 246 bytes in 11 msecs (HTTP/1.1 404) 6 headers in 231 bytes (1 switches on core 0)
2026-07-15 06:04:06.483 7 INFO placement.requestlog [req-16072f2a-f321-4d95-8c48-53e0eee82f0d req-019c64f2-8a34-4fe9-9edf-9f6695bb72a2 6af8f97ab3014392b68cdd69ee892cff 7c2369d2ecbf4d6b9e72e3cbcb97995a - - 9e1779faba6a40a7be6c79533877630a 9e1779faba6a40a7be6c79533877630a] 199.204.45.89 "GET /resource_providers/cc624b78-11d3-4c92-b89b-50fc522fdeae/allocations" status: 200 len: 252 microversion: 1.0 [pid: 7|app: 0|req: 416/826] 199.204.45.89 () {32 vars in 856 bytes} [Wed Jul 15 06:04:06 2026] GET /resource_providers/cc624b78-11d3-4c92-b89b-50fc522fdeae/allocations => generated 252 bytes in 33 msecs (HTTP/1.1 200) 6 headers in 224 bytes (1 switches on core 0)
2026-07-15 06:04:06.501 8 INFO placement.requestlog [req-16072f2a-f321-4d95-8c48-53e0eee82f0d req-265a190a-0119-4c19-8ab1-d765ac7944f5 6af8f97ab3014392b68cdd69ee892cff 7c2369d2ecbf4d6b9e72e3cbcb97995a - - 9e1779faba6a40a7be6c79533877630a 9e1779faba6a40a7be6c79533877630a] 199.204.45.89 "GET /allocations/54736f36-f1e0-4268-9b56-c8547095141d" status: 200 len: 257 microversion: 1.28 [pid: 8|app: 0|req: 411/827] 199.204.45.89 () {34 vars in 862 bytes} [Wed Jul 15 06:04:06 2026] GET /allocations/54736f36-f1e0-4268-9b56-c8547095141d => generated 257 bytes in 10 msecs (HTTP/1.1 200) 8 headers in 296 bytes (1 switches on core 0)
2026-07-15 06:04:06.522 7 INFO placement.requestlog [req-16072f2a-f321-4d95-8c48-53e0eee82f0d req-6da26fbc-38b3-4b59-a900-1b974c327203 6af8f97ab3014392b68cdd69ee892cff 7c2369d2ecbf4d6b9e72e3cbcb97995a - - 9e1779faba6a40a7be6c79533877630a 9e1779faba6a40a7be6c79533877630a] 199.204.45.89 "GET /allocations/e5b5cb66-0627-47e0-8c77-e859bf6a82fe" status: 200 len: 257 microversion: 1.28 [pid: 7|app: 0|req: 417/828] 199.204.45.89 () {34 vars in 862 bytes} [Wed Jul 15 06:04:06 2026] GET /allocations/e5b5cb66-0627-47e0-8c77-e859bf6a82fe => generated 257 bytes in 14 msecs (HTTP/1.1 200) 8 headers in 296 bytes (1 switches on core 0)
2026-07-15 06:04:06.604 8 INFO placement.requestlog [req-16072f2a-f321-4d95-8c48-53e0eee82f0d req-6e026dd9-0814-4bb1-919b-32eadac386f2 6af8f97ab3014392b68cdd69ee892cff 7c2369d2ecbf4d6b9e72e3cbcb97995a - - 9e1779faba6a40a7be6c79533877630a 9e1779faba6a40a7be6c79533877630a] 199.204.45.89 "DELETE /allocations/54736f36-f1e0-4268-9b56-c8547095141d" status: 204 len: 0 microversion: 1.0 [pid: 8|app: 0|req: 412/829] 199.204.45.89 () {34 vars in 840 bytes} [Wed Jul 15 06:04:06 2026] DELETE /allocations/54736f36-f1e0-4268-9b56-c8547095141d => generated 0 bytes in 24 msecs (HTTP/1.1 204) 5 headers in 198 bytes (1 switches on core 0)
2026-07-15 06:04:07.427 7 INFO placement.requestlog [None req-8258ac30-4857-46fa-8baf-4699ce49f891 59d3e93ef397422984d76b8088071ed8 7c2369d2ecbf4d6b9e72e3cbcb97995a - - 9e1779faba6a40a7be6c79533877630a 9e1779faba6a40a7be6c79533877630a] 10.0.0.50 "GET /resource_providers/187929b2-0db1-427e-a005-cfd12022820a/aggregates" status: 404 len: 235 microversion: 1.1 [pid: 7|app: 0|req: 418/830] 10.0.0.50 () {32 vars in 815 bytes} [Wed Jul 15 06:04:07 2026] GET /resource_providers/187929b2-0db1-427e-a005-cfd12022820a/aggregates => generated 235 bytes in 16 msecs (HTTP/1.1 404) 5 headers in 202 bytes (1 switches on core 0)
2026-07-15 06:04:07.428 8 INFO placement.requestlog [None req-82259817-dc1a-43d3-9295-112abb0f195c 59d3e93ef397422984d76b8088071ed8 7c2369d2ecbf4d6b9e72e3cbcb97995a - - 9e1779faba6a40a7be6c79533877630a 9e1779faba6a40a7be6c79533877630a] 10.0.0.50 "GET /resource_providers/187929b2-0db1-427e-a005-cfd12022820a/aggregates" status: 404 len: 235 microversion: 1.1 [pid: 8|app: 0|req: 413/831] 10.0.0.50 () {32 vars in 815 bytes} [Wed Jul 15 06:04:07 2026] GET /resource_providers/187929b2-0db1-427e-a005-cfd12022820a/aggregates => generated 235 bytes in 11 msecs (HTTP/1.1 404) 5 headers in 202 bytes (1 switches on core 0)
2026-07-15 06:04:07.461 7 INFO placement.requestlog [None req-d98d7a48-9119-4c59-bc61-fd8774c9a112 59d3e93ef397422984d76b8088071ed8 7c2369d2ecbf4d6b9e72e3cbcb97995a - - 9e1779faba6a40a7be6c79533877630a 9e1779faba6a40a7be6c79533877630a] 10.0.0.50 "DELETE /resource_providers/187929b2-0db1-427e-a005-cfd12022820a" status: 404 len: 246 microversion: 1.1 [pid: 7|app: 0|req: 419/832] 10.0.0.50 () {34 vars in 815 bytes} [Wed Jul 15 06:04:07 2026] DELETE /resource_providers/187929b2-0db1-427e-a005-cfd12022820a => generated 246 bytes in 13 msecs (HTTP/1.1 404) 6 headers in 231 bytes (1 switches on core 0)
2026-07-15 06:04:07.463 8 INFO placement.requestlog [None req-b648a22f-9fff-4d5e-b15c-714d96d5b9a6 59d3e93ef397422984d76b8088071ed8 7c2369d2ecbf4d6b9e72e3cbcb97995a - - 9e1779faba6a40a7be6c79533877630a 9e1779faba6a40a7be6c79533877630a] 10.0.0.50 "DELETE /resource_providers/187929b2-0db1-427e-a005-cfd12022820a" status: 404 len: 246 microversion: 1.1 [pid: 8|app: 0|req: 414/833] 10.0.0.50 () {34 vars in 815 bytes} [Wed Jul 15 06:04:07 2026] DELETE /resource_providers/187929b2-0db1-427e-a005-cfd12022820a => generated 246 bytes in 16 msecs (HTTP/1.1 404) 6 headers in 231 bytes (1 switches on core 0)
