2026-07-17 04:59:15.802 7 INFO neutron.pecan_wsgi.hooks.translation [None req-6d7a7964-8105-4e01-bbee-501ac9359933 e754e5b4978946f8a5b9f48abe169445 8a0c6961a3d445fa8d4545c88be3e1e6 - - default default] GET failed (client error): The resource could not be found. [pid: 7|app: 0|req: 646/1400] 10.0.0.189 () {32 vars in 717 bytes} [Fri Jul 17 04:59:15 2026] GET /v2.0/ports/af0de9dd-b0fb-47d1-bd14-cdf156d9287b => generated 132 bytes in 15 msecs (HTTP/1.1 404) 4 headers in 164 bytes (1 switches on core 0) [pid: 7|app: 0|req: 647/1401] 10.0.0.189 () {32 vars in 721 bytes} [Fri Jul 17 04:59:15 2026] GET /v2.0/routers/c10e209f-59f8-4d51-942b-dc3824262513 => generated 602 bytes in 33 msecs (HTTP/1.1 200) 4 headers in 157 bytes (1 switches on core 0) [pid: 7|app: 0|req: 648/1402] 10.0.0.189 () {32 vars in 724 bytes} [Fri Jul 17 04:59:15 2026] DELETE /v2.0/subnets/9010a627-13d5-41e9-8c8a-ac550aabc808 => generated 0 bytes in 172 msecs (HTTP/1.1 204) 3 headers in 131 bytes (1 switches on core 0)
2026-07-17 04:59:16.057 8 INFO neutron.db.ovn_revision_numbers_db [None req-de39935e-2e07-4220-b8c7-c33b2404befb 1ffb1c39ee33414bb77d8abcba6e32f8 456e04d627bf475ca174379f82b22f6b - - default default] Successfully bumped revision number for resource 4f757cde-9c4c-44fc-8574-1b17344064cf (type: networks) to 1
2026-07-17 04:59:16.235 8 WARNING neutron.scheduler.dhcp_agent_scheduler [None req-de39935e-2e07-4220-b8c7-c33b2404befb 1ffb1c39ee33414bb77d8abcba6e32f8 456e04d627bf475ca174379f82b22f6b - - default default] No more DHCP agents
2026-07-17 04:59:16.237 8 WARNING neutron.api.rpc.agentnotifiers.dhcp_rpc_agent_api [None req-de39935e-2e07-4220-b8c7-c33b2404befb 1ffb1c39ee33414bb77d8abcba6e32f8 456e04d627bf475ca174379f82b22f6b - - default default] Unable to schedule network 4f757cde-9c4c-44fc-8574-1b17344064cf: no agents available; will retry on subsequent port and subnet creation events.
2026-07-17 04:59:16.285 8 INFO neutron.plugins.ml2.drivers.ovn.mech_driver.mech_driver [None req-0ff68f13-00a8-4b2d-a156-fd791e275491 - - - - - -] OVN reports status down for port: cd98ce92-f873-41a8-858c-cc280a770975
2026-07-17 04:59:16.352 8 INFO neutron.db.ovn_revision_numbers_db [None req-de39935e-2e07-4220-b8c7-c33b2404befb 1ffb1c39ee33414bb77d8abcba6e32f8 456e04d627bf475ca174379f82b22f6b - - default default] Successfully bumped revision number for resource cd98ce92-f873-41a8-858c-cc280a770975 (type: ports) to 1
2026-07-17 04:59:16.364 7 INFO neutron.db.ovn_revision_numbers_db [None req-7b8973e1-5ca7-4f2a-9cf5-00881ad8340b b6f75776690145fa95a9dde3f2b33cb2 46b451a105e348788dc13f66ddcf90c7 - - default default] Successfully bumped revision number for resource c10e209f-59f8-4d51-942b-dc3824262513 (type: routers) to 2 [pid: 7|app: 0|req: 649/1403] 10.0.0.189 () {34 vars in 742 bytes} [Fri Jul 17 04:59:16 2026] PUT /v2.0/routers/c10e209f-59f8-4d51-942b-dc3824262513 => generated 602 bytes in 360 msecs (HTTP/1.1 200) 4 headers in 157 bytes (1 switches on core 0)
2026-07-17 04:59:16.451 8 INFO neutron.db.ovn_revision_numbers_db [None req-de39935e-2e07-4220-b8c7-c33b2404befb 1ffb1c39ee33414bb77d8abcba6e32f8 456e04d627bf475ca174379f82b22f6b - - default default] Successfully bumped revision number for resource 59d73815-3505-48bb-9ba8-2707c6c8947e (type: networks) to 1
2026-07-17 04:59:16.487 7 INFO neutron_taas.services.taas.taas_plugin [None req-a890b8ea-b647-494c-9bc8-8c9a93c5ca33 e754e5b4978946f8a5b9f48abe169445 8a0c6961a3d445fa8d4545c88be3e1e6 - - default default] TaaS: Handle Delete Port: aa0b738b-b906-43b5-a5eb-953a7ab12a13
2026-07-17 04:59:16.491 7 INFO neutron_taas.services.taas.tap_mirror_plugin [None req-a890b8ea-b647-494c-9bc8-8c9a93c5ca33 e754e5b4978946f8a5b9f48abe169445 8a0c6961a3d445fa8d4545c88be3e1e6 - - default default] Tap Mirror: Handle Delete Port: aa0b738b-b906-43b5-a5eb-953a7ab12a13
2026-07-17 04:59:16.631 8 WARNING neutron.scheduler.dhcp_agent_scheduler [None req-de39935e-2e07-4220-b8c7-c33b2404befb 1ffb1c39ee33414bb77d8abcba6e32f8 456e04d627bf475ca174379f82b22f6b - - default default] No more DHCP agents
2026-07-17 04:59:16.632 8 WARNING neutron.api.rpc.agentnotifiers.dhcp_rpc_agent_api [None req-de39935e-2e07-4220-b8c7-c33b2404befb 1ffb1c39ee33414bb77d8abcba6e32f8 456e04d627bf475ca174379f82b22f6b - - default default] Unable to schedule network 59d73815-3505-48bb-9ba8-2707c6c8947e: no agents available; will retry on subsequent port and subnet creation events.
2026-07-17 04:59:16.702 7 INFO neutron.plugins.ml2.drivers.ovn.mech_driver.mech_driver [None req-14211015-2743-4c11-898a-1696d0179578 - - - - - -] OVN reports status down for port: cb6642c8-5fe3-407c-bb68-a1935a01b8ff
2026-07-17 04:59:16.715 8 INFO neutron.db.ovn_revision_numbers_db [None req-de39935e-2e07-4220-b8c7-c33b2404befb 1ffb1c39ee33414bb77d8abcba6e32f8 456e04d627bf475ca174379f82b22f6b - - default default] Successfully bumped revision number for resource cb6642c8-5fe3-407c-bb68-a1935a01b8ff (type: ports) to 1 [pid: 8|app: 0|req: 755/1404] 10.0.0.189 () {34 vars in 670 bytes} [Fri Jul 17 04:59:14 2026] POST /v2.0/networks => generated 1321 bytes in 1844 msecs (HTTP/1.1 201) 4 headers in 163 bytes (1 switches on core 0) [pid: 8|app: 0|req: 756/1405] 10.0.0.189 () {32 vars in 736 bytes} [Fri Jul 17 04:59:16 2026] GET /v2.0/ports?device_id=c10e209f-59f8-4d51-942b-dc3824262513 => generated 12 bytes in 19 msecs (HTTP/1.1 200) 4 headers in 156 bytes (1 switches on core 0)
2026-07-17 04:59:16.791 7 INFO neutron.services.segments.plugin [-] Segment d3e13165-db4f-4980-b3f3-5d06d1daf846 resource provider aggregate not found
2026-07-17 04:59:16.796 7 INFO neutron.services.segments.plugin [-] Segment d3e13165-db4f-4980-b3f3-5d06d1daf846 resource provider aggregate not found [pid: 8|app: 0|req: 757/1406] 10.0.0.189 () {32 vars in 649 bytes} [Fri Jul 17 04:59:16 2026] GET /v2.0/networks => generated 1970 bytes in 51 msecs (HTTP/1.1 200) 4 headers in 158 bytes (1 switches on core 0)
2026-07-17 04:59:16.814 7 INFO neutron.services.segments.plugin [-] Client error retrieving segment d3e13165-db4f-4980-b3f3-5d06d1daf846 resource provider; error: Placement Client Error (4xx): {"errors": [{"status": 404, "title": "Not Found", "detail": "The resource could not be found.\n\n No resource provider with uuid d3e13165-db4f-4980-b3f3-5d06d1daf846 found for delete ", "request_id": "req-fdd34851-a05a-4501-902a-e7832aa6b956"}]}
2026-07-17 04:59:16.815 7 INFO neutron.services.segments.plugin [-] Client error retrieving segment d3e13165-db4f-4980-b3f3-5d06d1daf846 resource provider; error: Placement Client Error (4xx): {"errors": [{"status": 404, "title": "Not Found", "detail": "The resource could not be found.\n\n No resource provider with uuid d3e13165-db4f-4980-b3f3-5d06d1daf846 found for delete ", "request_id": "req-7a152564-2e34-4383-8eb0-71201193c15b"}]} [pid: 7|app: 0|req: 650/1407] 10.0.0.189 () {32 vars in 726 bytes} [Fri Jul 17 04:59:16 2026] DELETE /v2.0/networks/06b38e1f-42ac-4434-aa05-6a872cf3d734 => generated 0 bytes in 499 msecs (HTTP/1.1 204) 3 headers in 131 bytes (1 switches on core 0)
2026-07-17 04:59:16.981 7 INFO neutron_taas.services.taas.taas_plugin [None req-3dc86b5a-a6a9-4150-80e5-bc559f6d9dfd 1ffb1c39ee33414bb77d8abcba6e32f8 456e04d627bf475ca174379f82b22f6b - - default default] TaaS: Handle Delete Port: cd98ce92-f873-41a8-858c-cc280a770975
2026-07-17 04:59:16.984 7 INFO neutron_taas.services.taas.tap_mirror_plugin [None req-3dc86b5a-a6a9-4150-80e5-bc559f6d9dfd 1ffb1c39ee33414bb77d8abcba6e32f8 456e04d627bf475ca174379f82b22f6b - - default default] Tap Mirror: Handle Delete Port: cd98ce92-f873-41a8-858c-cc280a770975 [pid: 8|app: 0|req: 758/1408] 10.0.0.189 () {32 vars in 724 bytes} [Fri Jul 17 04:59:16 2026] DELETE /v2.0/routers/c10e209f-59f8-4d51-942b-dc3824262513 => generated 0 bytes in 192 msecs (HTTP/1.1 204) 2 headers in 112 bytes (1 switches on core 0)
2026-07-17 04:59:17.091 8 INFO neutron.db.segments_db [None req-b9d340b8-34a8-48d0-b833-b32b75a9346b e754e5b4978946f8a5b9f48abe169445 8a0c6961a3d445fa8d4545c88be3e1e6 - - default default] Added segment 5266e1ec-d137-4d51-b275-6c233593fee8 of type geneve for network 21c202c1-a0fd-4ad0-9cd2-ed1ebdd83d1e
2026-07-17 04:59:17.216 8 INFO neutron.db.ovn_revision_numbers_db [None req-b9d340b8-34a8-48d0-b833-b32b75a9346b e754e5b4978946f8a5b9f48abe169445 8a0c6961a3d445fa8d4545c88be3e1e6 - - default default] Successfully bumped revision number for resource 21c202c1-a0fd-4ad0-9cd2-ed1ebdd83d1e (type: networks) to 1 [pid: 7|app: 0|req: 651/1409] 10.0.0.189 () {32 vars in 726 bytes} [Fri Jul 17 04:59:16 2026] DELETE /v2.0/networks/4f757cde-9c4c-44fc-8574-1b17344064cf => generated 0 bytes in 350 msecs (HTTP/1.1 204) 3 headers in 131 bytes (1 switches on core 0) [pid: 7|app: 0|req: 652/1410] 10.0.0.189 () {32 vars in 721 bytes} [Fri Jul 17 04:59:17 2026] GET /v2.0/routers/aa4d65fd-4447-4028-aa2c-f9ca1781b45f => generated 610 bytes in 35 msecs (HTTP/1.1 200) 4 headers in 157 bytes (1 switches on core 0)
2026-07-17 04:59:17.380 7 INFO neutron_taas.services.taas.taas_plugin [None req-958f71e0-3945-4765-84c7-b390e583e17a 1ffb1c39ee33414bb77d8abcba6e32f8 456e04d627bf475ca174379f82b22f6b - - default default] TaaS: Handle Delete Port: cb6642c8-5fe3-407c-bb68-a1935a01b8ff
2026-07-17 04:59:17.382 7 INFO neutron_taas.services.taas.tap_mirror_plugin [None req-958f71e0-3945-4765-84c7-b390e583e17a 1ffb1c39ee33414bb77d8abcba6e32f8 456e04d627bf475ca174379f82b22f6b - - default default] Tap Mirror: Handle Delete Port: cb6642c8-5fe3-407c-bb68-a1935a01b8ff
2026-07-17 04:59:17.385 8 WARNING neutron.scheduler.dhcp_agent_scheduler [None req-b9d340b8-34a8-48d0-b833-b32b75a9346b e754e5b4978946f8a5b9f48abe169445 8a0c6961a3d445fa8d4545c88be3e1e6 - - default default] No more DHCP agents
2026-07-17 04:59:17.387 8 WARNING neutron.api.rpc.agentnotifiers.dhcp_rpc_agent_api [None req-b9d340b8-34a8-48d0-b833-b32b75a9346b e754e5b4978946f8a5b9f48abe169445 8a0c6961a3d445fa8d4545c88be3e1e6 - - default default] Unable to schedule network 21c202c1-a0fd-4ad0-9cd2-ed1ebdd83d1e: no agents available; will retry on subsequent port and subnet creation events.
2026-07-17 04:59:17.467 7 INFO neutron.plugins.ml2.drivers.ovn.mech_driver.mech_driver [None req-14211015-2743-4c11-898a-1696d0179578 - - - - - -] OVN reports status down for port: 98bb26cf-8321-44e8-9bdd-bab3676aa59c
2026-07-17 04:59:17.471 8 INFO neutron.db.ovn_revision_numbers_db [None req-b9d340b8-34a8-48d0-b833-b32b75a9346b e754e5b4978946f8a5b9f48abe169445 8a0c6961a3d445fa8d4545c88be3e1e6 - - default default] Successfully bumped revision number for resource 98bb26cf-8321-44e8-9bdd-bab3676aa59c (type: ports) to 1 [pid: 8|app: 0|req: 759/1411] 10.0.0.189 () {34 vars in 670 bytes} [Fri Jul 17 04:59:17 2026] POST /v2.0/networks => generated 670 bytes in 495 msecs (HTTP/1.1 201) 4 headers in 162 bytes (1 switches on core 0) [pid: 7|app: 0|req: 653/1412] 10.0.0.189 () {32 vars in 726 bytes} [Fri Jul 17 04:59:17 2026] DELETE /v2.0/networks/59d73815-3505-48bb-9ba8-2707c6c8947e => generated 0 bytes in 441 msecs (HTTP/1.1 204) 3 headers in 131 bytes (1 switches on core 0)
2026-07-17 04:59:17.857 8 INFO neutron.db.ovn_revision_numbers_db [None req-ce99a6a9-e05d-48f4-a896-5c64159a9c88 b6f75776690145fa95a9dde3f2b33cb2 46b451a105e348788dc13f66ddcf90c7 - - default default] Successfully bumped revision number for resource aa4d65fd-4447-4028-aa2c-f9ca1781b45f (type: routers) to 2 [pid: 8|app: 0|req: 760/1413] 10.0.0.189 () {34 vars in 742 bytes} [Fri Jul 17 04:59:17 2026] PUT /v2.0/routers/aa4d65fd-4447-4028-aa2c-f9ca1781b45f => generated 610 bytes in 367 msecs (HTTP/1.1 200) 4 headers in 157 bytes (1 switches on core 0)
2026-07-17 04:59:17.882 7 WARNING neutron.scheduler.dhcp_agent_scheduler [None req-ba066e76-4c67-4b28-859f-08950ceacd5f e754e5b4978946f8a5b9f48abe169445 8a0c6961a3d445fa8d4545c88be3e1e6 - - default default] No more DHCP agents
2026-07-17 04:59:17.884 7 WARNING neutron.api.rpc.agentnotifiers.dhcp_rpc_agent_api [None req-ba066e76-4c67-4b28-859f-08950ceacd5f e754e5b4978946f8a5b9f48abe169445 8a0c6961a3d445fa8d4545c88be3e1e6 - - default default] Unable to schedule network 21c202c1-a0fd-4ad0-9cd2-ed1ebdd83d1e: no agents available; will retry on subsequent port and subnet creation events.
2026-07-17 04:59:18.179 8 INFO neutron.db.ovn_revision_numbers_db [None req-3d755514-bad1-4010-bf44-865e158566b0 9859ecee80b1401f9b5b53cf13a8021c 09d624a02d5f4ad8ac1bbfe7d8614280 - - default default] Successfully bumped revision number for resource 9ffcdc14-6940-4619-8cb8-fc0e71dd6898 (type: security_groups) to 1
2026-07-17 04:59:18.192 8 INFO neutron.db.ovn_revision_numbers_db [None req-3d755514-bad1-4010-bf44-865e158566b0 9859ecee80b1401f9b5b53cf13a8021c 09d624a02d5f4ad8ac1bbfe7d8614280 - - default default] Successfully bumped revision number for resource 7a0e49cf-8ece-4a8b-9cfa-59d9104ab360 (type: security_group_rules) to 0
2026-07-17 04:59:18.204 8 INFO neutron.db.ovn_revision_numbers_db [None req-3d755514-bad1-4010-bf44-865e158566b0 9859ecee80b1401f9b5b53cf13a8021c 09d624a02d5f4ad8ac1bbfe7d8614280 - - default default] Successfully bumped revision number for resource 83cee57b-5e9d-4df3-9879-622359c120e5 (type: security_group_rules) to 0
2026-07-17 04:59:18.218 8 INFO neutron.db.ovn_revision_numbers_db [None req-3d755514-bad1-4010-bf44-865e158566b0 9859ecee80b1401f9b5b53cf13a8021c 09d624a02d5f4ad8ac1bbfe7d8614280 - - default default] Successfully bumped revision number for resource 9bb6e782-1d8e-4ae2-97cf-b49a6f6be5ea (type: security_group_rules) to 0
2026-07-17 04:59:18.230 8 INFO neutron.db.ovn_revision_numbers_db [None req-3d755514-bad1-4010-bf44-865e158566b0 9859ecee80b1401f9b5b53cf13a8021c 09d624a02d5f4ad8ac1bbfe7d8614280 - - default default] Successfully bumped revision number for resource ca7ca0b9-f819-4fa7-8e33-cb74d695d887 (type: security_group_rules) to 0
2026-07-17 04:59:18.307 8 INFO neutron.db.segments_db [None req-3d755514-bad1-4010-bf44-865e158566b0 9859ecee80b1401f9b5b53cf13a8021c 09d624a02d5f4ad8ac1bbfe7d8614280 - - default default] Added segment 1e88b328-8020-442d-addb-98ded521a6f3 of type geneve for network 11876bef-727d-4924-b813-1dbbbbb3ef8e
2026-07-17 04:59:18.333 7 INFO neutron.db.ovn_revision_numbers_db [None req-ba066e76-4c67-4b28-859f-08950ceacd5f e754e5b4978946f8a5b9f48abe169445 8a0c6961a3d445fa8d4545c88be3e1e6 - - default default] Successfully bumped revision number for resource 98bb26cf-8321-44e8-9bdd-bab3676aa59c (type: ports) to 2
2026-07-17 04:59:18.375 7 INFO neutron.db.ovn_revision_numbers_db [None req-ba066e76-4c67-4b28-859f-08950ceacd5f e754e5b4978946f8a5b9f48abe169445 8a0c6961a3d445fa8d4545c88be3e1e6 - - default default] Successfully bumped revision number for resource 43e6800f-e64a-4073-b52e-f22155d7a633 (type: subnets) to 0 [pid: 7|app: 0|req: 654/1414] 10.0.0.189 () {34 vars in 669 bytes} [Fri Jul 17 04:59:17 2026] POST /v2.0/subnets => generated 626 bytes in 695 msecs (HTTP/1.1 201) 4 headers in 162 bytes (1 switches on core 0)
2026-07-17 04:59:18.417 8 INFO neutron.db.ovn_revision_numbers_db [None req-3d755514-bad1-4010-bf44-865e158566b0 9859ecee80b1401f9b5b53cf13a8021c 09d624a02d5f4ad8ac1bbfe7d8614280 - - default default] Successfully bumped revision number for resource 11876bef-727d-4924-b813-1dbbbbb3ef8e (type: networks) to 1 [pid: 7|app: 0|req: 655/1415] 10.0.0.189 () {32 vars in 649 bytes} [Fri Jul 17 04:59:18 2026] GET /v2.0/networks => generated 689 bytes in 50 msecs (HTTP/1.1 200) 4 headers in 157 bytes (1 switches on core 0) [pid: 7|app: 0|req: 656/1416] 10.0.0.189 () {32 vars in 736 bytes} [Fri Jul 17 04:59:18 2026] GET /v2.0/ports?device_id=aa4d65fd-4447-4028-aa2c-f9ca1781b45f => generated 12 bytes in 16 msecs (HTTP/1.1 200) 4 headers in 156 bytes (1 switches on core 0)
2026-07-17 04:59:18.622 8 WARNING neutron.scheduler.dhcp_agent_scheduler [None req-3d755514-bad1-4010-bf44-865e158566b0 9859ecee80b1401f9b5b53cf13a8021c 09d624a02d5f4ad8ac1bbfe7d8614280 - - default default] No more DHCP agents
2026-07-17 04:59:18.623 8 WARNING neutron.api.rpc.agentnotifiers.dhcp_rpc_agent_api [None req-3d755514-bad1-4010-bf44-865e158566b0 9859ecee80b1401f9b5b53cf13a8021c 09d624a02d5f4ad8ac1bbfe7d8614280 - - default default] Unable to schedule network 11876bef-727d-4924-b813-1dbbbbb3ef8e: no agents available; will retry on subsequent port and subnet creation events.
2026-07-17 04:59:18.692 7 INFO neutron.plugins.ml2.drivers.ovn.mech_driver.mech_driver [None req-14211015-2743-4c11-898a-1696d0179578 - - - - - -] OVN reports status down for port: 3b411ef5-dcd4-446e-a9a4-6ac799205e2f
2026-07-17 04:59:18.696 8 INFO neutron.db.ovn_revision_numbers_db [None req-3d755514-bad1-4010-bf44-865e158566b0 9859ecee80b1401f9b5b53cf13a8021c 09d624a02d5f4ad8ac1bbfe7d8614280 - - default default] Successfully bumped revision number for resource 3b411ef5-dcd4-446e-a9a4-6ac799205e2f (type: ports) to 1
2026-07-17 04:59:18.697 7 WARNING neutron.scheduler.dhcp_agent_scheduler [None req-2f474e28-9902-495c-924a-5a690cbd6ab4 e754e5b4978946f8a5b9f48abe169445 8a0c6961a3d445fa8d4545c88be3e1e6 - - default default] No more DHCP agents
2026-07-17 04:59:18.699 7 WARNING neutron.api.rpc.agentnotifiers.dhcp_rpc_agent_api [None req-2f474e28-9902-495c-924a-5a690cbd6ab4 e754e5b4978946f8a5b9f48abe169445 8a0c6961a3d445fa8d4545c88be3e1e6 - - default default] Unable to schedule network 21c202c1-a0fd-4ad0-9cd2-ed1ebdd83d1e: no agents available; will retry on subsequent port and subnet creation events. [pid: 8|app: 0|req: 761/1417] 10.0.0.189 () {34 vars in 670 bytes} [Fri Jul 17 04:59:17 2026] POST /v2.0/networks => generated 687 bytes in 855 msecs (HTTP/1.1 201) 4 headers in 162 bytes (1 switches on core 0)
2026-07-17 04:59:18.813 8 INFO neutron.db.segments_db [None req-cc2f9fea-dd4a-4538-81d6-a7ef3b0b5322 1ffb1c39ee33414bb77d8abcba6e32f8 456e04d627bf475ca174379f82b22f6b - - default default] Added segment 994ed94f-7011-4f7b-8dbf-da01cbe236ce of type geneve for network 51ee5cea-eda0-4a41-ba2e-ad7177d9823e
2026-07-17 04:59:18.849 7 INFO neutron.services.segments.plugin [-] Segment 729190e4-5907-4d6c-b091-bc6025491837 resource provider aggregate not found
2026-07-17 04:59:18.856 7 INFO neutron.services.segments.plugin [-] Segment 729190e4-5907-4d6c-b091-bc6025491837 resource provider aggregate not found
2026-07-17 04:59:18.869 7 INFO neutron.services.segments.plugin [-] Client error retrieving segment 729190e4-5907-4d6c-b091-bc6025491837 resource provider; error: Placement Client Error (4xx): {"errors": [{"status": 404, "title": "Not Found", "detail": "The resource could not be found.\n\n No resource provider with uuid 729190e4-5907-4d6c-b091-bc6025491837 found for delete ", "request_id": "req-ff924281-8d14-4242-8016-6362fc7968fa"}]}
2026-07-17 04:59:18.873 7 INFO neutron.services.segments.plugin [-] Client error retrieving segment 729190e4-5907-4d6c-b091-bc6025491837 resource provider; error: Placement Client Error (4xx): {"errors": [{"status": 404, "title": "Not Found", "detail": "The resource could not be found.\n\n No resource provider with uuid 729190e4-5907-4d6c-b091-bc6025491837 found for delete ", "request_id": "req-a92b57c6-4f14-497f-a876-76d0dbcdc7a4"}]}
2026-07-17 04:59:18.895 7 INFO neutron.services.segments.plugin [-] Segment 7c7ed330-a8dc-48e4-9016-323a9c86453e resource provider aggregate not found
2026-07-17 04:59:18.896 7 INFO neutron.services.segments.plugin [-] Segment 7c7ed330-a8dc-48e4-9016-323a9c86453e resource provider aggregate not found
2026-07-17 04:59:18.917 7 INFO neutron.services.segments.plugin [-] Client error retrieving segment 7c7ed330-a8dc-48e4-9016-323a9c86453e resource provider; error: Placement Client Error (4xx): {"errors": [{"status": 404, "title": "Not Found", "detail": "The resource could not be found.\n\n No resource provider with uuid 7c7ed330-a8dc-48e4-9016-323a9c86453e found for delete ", "request_id": "req-d9abf441-55a4-4766-a4d4-08d4662e822c"}]}
2026-07-17 04:59:18.922 7 INFO neutron.services.segments.plugin [-] Client error retrieving segment 7c7ed330-a8dc-48e4-9016-323a9c86453e resource provider; error: Placement Client Error (4xx): {"errors": [{"status": 404, "title": "Not Found", "detail": "The resource could not be found.\n\n No resource provider with uuid 7c7ed330-a8dc-48e4-9016-323a9c86453e found for delete ", "request_id": "req-8e0b79d9-3e48-4a26-9708-76e86caf1dc4"}]}
2026-07-17 04:59:18.928 7 INFO neutron.plugins.ml2.drivers.ovn.mech_driver.mech_driver [None req-14211015-2743-4c11-898a-1696d0179578 - - - - - -] OVN reports status down for port: add8323a-4861-403c-a477-557583c1935e
2026-07-17 04:59:18.970 8 INFO neutron.db.ovn_revision_numbers_db [None req-cc2f9fea-dd4a-4538-81d6-a7ef3b0b5322 1ffb1c39ee33414bb77d8abcba6e32f8 456e04d627bf475ca174379f82b22f6b - - default default] Successfully bumped revision number for resource 51ee5cea-eda0-4a41-ba2e-ad7177d9823e (type: networks) to 1
2026-07-17 04:59:18.989 7 INFO neutron.db.ovn_revision_numbers_db [None req-2f474e28-9902-495c-924a-5a690cbd6ab4 e754e5b4978946f8a5b9f48abe169445 8a0c6961a3d445fa8d4545c88be3e1e6 - - default default] Successfully bumped revision number for resource add8323a-4861-403c-a477-557583c1935e (type: ports) to 1 [pid: 7|app: 0|req: 657/1418] 10.0.0.189 () {34 vars in 665 bytes} [Fri Jul 17 04:59:18 2026] POST /v2.0/ports => generated 912 bytes in 570 msecs (HTTP/1.1 201) 4 headers in 162 bytes (1 switches on core 0)
2026-07-17 04:59:19.149 8 WARNING neutron.scheduler.dhcp_agent_scheduler [None req-cc2f9fea-dd4a-4538-81d6-a7ef3b0b5322 1ffb1c39ee33414bb77d8abcba6e32f8 456e04d627bf475ca174379f82b22f6b - - default default] No more DHCP agents
2026-07-17 04:59:19.150 8 WARNING neutron.api.rpc.agentnotifiers.dhcp_rpc_agent_api [None req-cc2f9fea-dd4a-4538-81d6-a7ef3b0b5322 1ffb1c39ee33414bb77d8abcba6e32f8 456e04d627bf475ca174379f82b22f6b - - default default] Unable to schedule network 51ee5cea-eda0-4a41-ba2e-ad7177d9823e: no agents available; will retry on subsequent port and subnet creation events.
2026-07-17 04:59:19.222 7 INFO neutron.plugins.ml2.drivers.ovn.mech_driver.mech_driver [None req-14211015-2743-4c11-898a-1696d0179578 - - - - - -] OVN reports status down for port: f53810c2-68da-4a33-a225-d982ecc97231
2026-07-17 04:59:19.224 8 INFO neutron.db.ovn_revision_numbers_db [None req-cc2f9fea-dd4a-4538-81d6-a7ef3b0b5322 1ffb1c39ee33414bb77d8abcba6e32f8 456e04d627bf475ca174379f82b22f6b - - default default] Successfully bumped revision number for resource f53810c2-68da-4a33-a225-d982ecc97231 (type: ports) to 1 [pid: 8|app: 0|req: 762/1419] 10.0.0.189 () {34 vars in 670 bytes} [Fri Jul 17 04:59:18 2026] POST /v2.0/networks => generated 692 bytes in 530 msecs (HTTP/1.1 201) 4 headers in 162 bytes (1 switches on core 0) [pid: 7|app: 0|req: 658/1420] 10.0.0.189 () {32 vars in 724 bytes} [Fri Jul 17 04:59:19 2026] DELETE /v2.0/routers/aa4d65fd-4447-4028-aa2c-f9ca1781b45f => generated 0 bytes in 230 msecs (HTTP/1.1 204) 2 headers in 112 bytes (1 switches on core 0)
2026-07-17 04:59:19.404 7 INFO neutron_taas.services.taas.taas_plugin [None req-94044cc9-93ca-48ef-b906-6e4c5833c2fc e754e5b4978946f8a5b9f48abe169445 8a0c6961a3d445fa8d4545c88be3e1e6 - - default default] TaaS: Handle Delete Port: add8323a-4861-403c-a477-557583c1935e
2026-07-17 04:59:19.407 7 INFO neutron_taas.services.taas.tap_mirror_plugin [None req-94044cc9-93ca-48ef-b906-6e4c5833c2fc e754e5b4978946f8a5b9f48abe169445 8a0c6961a3d445fa8d4545c88be3e1e6 - - default default] Tap Mirror: Handle Delete Port: add8323a-4861-403c-a477-557583c1935e
2026-07-17 04:59:19.463 8 WARNING neutron.scheduler.dhcp_agent_scheduler [None req-64222928-4d73-4877-895f-dda83f42c737 9859ecee80b1401f9b5b53cf13a8021c 09d624a02d5f4ad8ac1bbfe7d8614280 - - default default] No more DHCP agents
2026-07-17 04:59:19.464 8 WARNING neutron.api.rpc.agentnotifiers.dhcp_rpc_agent_api [None req-64222928-4d73-4877-895f-dda83f42c737 9859ecee80b1401f9b5b53cf13a8021c 09d624a02d5f4ad8ac1bbfe7d8614280 - - default default] Unable to schedule network 11876bef-727d-4924-b813-1dbbbbb3ef8e: no agents available; will retry on subsequent port and subnet creation events.
2026-07-17 04:59:19.519 8 INFO neutron.plugins.ml2.drivers.ovn.mech_driver.mech_driver [None req-0ff68f13-00a8-4b2d-a156-fd791e275491 - - - - - -] OVN reports status down for port: 72ee794d-b40d-4ff8-9732-070243e15498
2026-07-17 04:59:19.589 8 INFO neutron.db.ovn_revision_numbers_db [None req-64222928-4d73-4877-895f-dda83f42c737 9859ecee80b1401f9b5b53cf13a8021c 09d624a02d5f4ad8ac1bbfe7d8614280 - - default default] Successfully bumped revision number for resource 72ee794d-b40d-4ff8-9732-070243e15498 (type: ports) to 1 [pid: 7|app: 0|req: 659/1421] 10.0.0.189 () {32 vars in 720 bytes} [Fri Jul 17 04:59:19 2026] DELETE /v2.0/ports/add8323a-4861-403c-a477-557583c1935e => generated 0 bytes in 332 msecs (HTTP/1.1 204) 3 headers in 131 bytes (1 switches on core 0) [pid: 8|app: 0|req: 763/1422] 10.0.0.189 () {34 vars in 665 bytes} [Fri Jul 17 04:59:19 2026] POST /v2.0/ports => generated 778 bytes in 368 msecs (HTTP/1.1 201) 4 headers in 162 bytes (1 switches on core 0) /var/lib/openstack/lib/python3.12/site-packages/pycadf/identifier.py:70: UserWarning: Invalid uuid: neutron. To ensure interoperability, identifiers should be a valid uuid. warnings.warn(('Invalid uuid: %s. To ensure interoperability, ' [pid: 8|app: 0|req: 764/1423] 10.0.0.189 () {32 vars in 721 bytes} [Fri Jul 17 04:59:19 2026] GET /v2.0/routers/cfa9fa28-a829-41f0-9556-e20b37e871f1 => generated 619 bytes in 47 msecs (HTTP/1.1 200) 4 headers in 157 bytes (1 switches on core 0)
2026-07-17 04:59:19.676 7 INFO neutron.db.segments_db [None req-47479c74-3e6e-4f5c-b343-dfad10c63055 1ffb1c39ee33414bb77d8abcba6e32f8 456e04d627bf475ca174379f82b22f6b - - default default] Added segment 1e2f39d8-bb83-4c54-ae71-972730cff3ac of type geneve for network 89dfedad-5a14-429d-ad0c-1b5f61302673
2026-07-17 04:59:19.680 8 INFO neutron.pecan_wsgi.hooks.translation [None req-f53a1010-a14b-415e-b9cb-82dbed07a10b e754e5b4978946f8a5b9f48abe169445 8a0c6961a3d445fa8d4545c88be3e1e6 - - default default] GET failed (client error): The resource could not be found. [pid: 8|app: 0|req: 765/1424] 10.0.0.189 () {32 vars in 717 bytes} [Fri Jul 17 04:59:19 2026] GET /v2.0/ports/add8323a-4861-403c-a477-557583c1935e => generated 132 bytes in 12 msecs (HTTP/1.1 404) 4 headers in 164 bytes (1 switches on core 0)
2026-07-17 04:59:19.767 8 INFO neutron.db.segments_db [None req-9e13276f-d0f3-4f98-b2ac-c463339e9883 9859ecee80b1401f9b5b53cf13a8021c 09d624a02d5f4ad8ac1bbfe7d8614280 - - default default] Added segment 807102ac-8c2e-4729-9b11-038c873304d7 of type geneve for network 20346edc-c13d-48bd-84c8-cd28ae83a1f5
2026-07-17 04:59:19.790 7 INFO neutron.db.ovn_revision_numbers_db [None req-47479c74-3e6e-4f5c-b343-dfad10c63055 1ffb1c39ee33414bb77d8abcba6e32f8 456e04d627bf475ca174379f82b22f6b - - default default] Successfully bumped revision number for resource 89dfedad-5a14-429d-ad0c-1b5f61302673 (type: networks) to 1
2026-07-17 04:59:19.907 8 INFO neutron.db.ovn_revision_numbers_db [None req-9e13276f-d0f3-4f98-b2ac-c463339e9883 9859ecee80b1401f9b5b53cf13a8021c 09d624a02d5f4ad8ac1bbfe7d8614280 - - default default] Successfully bumped revision number for resource 20346edc-c13d-48bd-84c8-cd28ae83a1f5 (type: networks) to 1
2026-07-17 04:59:19.991 7 WARNING neutron.scheduler.dhcp_agent_scheduler [None req-47479c74-3e6e-4f5c-b343-dfad10c63055 1ffb1c39ee33414bb77d8abcba6e32f8 456e04d627bf475ca174379f82b22f6b - - default default] No more DHCP agents
2026-07-17 04:59:19.993 7 WARNING neutron.api.rpc.agentnotifiers.dhcp_rpc_agent_api [None req-47479c74-3e6e-4f5c-b343-dfad10c63055 1ffb1c39ee33414bb77d8abcba6e32f8 456e04d627bf475ca174379f82b22f6b - - default default] Unable to schedule network 89dfedad-5a14-429d-ad0c-1b5f61302673: no agents available; will retry on subsequent port and subnet creation events.
2026-07-17 04:59:20.054 8 INFO neutron.plugins.ml2.drivers.ovn.mech_driver.mech_driver [None req-0ff68f13-00a8-4b2d-a156-fd791e275491 - - - - - -] OVN reports status down for port: 48a66507-65f2-4450-a40e-c164c0197f1a
2026-07-17 04:59:20.078 7 INFO neutron.db.ovn_revision_numbers_db [None req-47479c74-3e6e-4f5c-b343-dfad10c63055 1ffb1c39ee33414bb77d8abcba6e32f8 456e04d627bf475ca174379f82b22f6b - - default default] Successfully bumped revision number for resource 48a66507-65f2-4450-a40e-c164c0197f1a (type: ports) to 1 [pid: 7|app: 0|req: 660/1425] 10.0.0.189 () {34 vars in 670 bytes} [Fri Jul 17 04:59:19 2026] POST /v2.0/networks => generated 691 bytes in 506 msecs (HTTP/1.1 201) 4 headers in 162 bytes (1 switches on core 0)
2026-07-17 04:59:20.145 8 WARNING neutron.scheduler.dhcp_agent_scheduler [None req-9e13276f-d0f3-4f98-b2ac-c463339e9883 9859ecee80b1401f9b5b53cf13a8021c 09d624a02d5f4ad8ac1bbfe7d8614280 - - default default] No more DHCP agents
2026-07-17 04:59:20.155 8 WARNING neutron.api.rpc.agentnotifiers.dhcp_rpc_agent_api [None req-9e13276f-d0f3-4f98-b2ac-c463339e9883 9859ecee80b1401f9b5b53cf13a8021c 09d624a02d5f4ad8ac1bbfe7d8614280 - - default default] Unable to schedule network 20346edc-c13d-48bd-84c8-cd28ae83a1f5: no agents available; will retry on subsequent port and subnet creation events.
2026-07-17 04:59:20.222 7 INFO neutron.plugins.ml2.drivers.ovn.mech_driver.mech_driver [None req-14211015-2743-4c11-898a-1696d0179578 - - - - - -] OVN reports status down for port: 00aa386a-0e93-4bc7-876e-73f37be4a24e
2026-07-17 04:59:20.261 8 INFO neutron.db.ovn_revision_numbers_db [None req-9e13276f-d0f3-4f98-b2ac-c463339e9883 9859ecee80b1401f9b5b53cf13a8021c 09d624a02d5f4ad8ac1bbfe7d8614280 - - default default] Successfully bumped revision number for resource 00aa386a-0e93-4bc7-876e-73f37be4a24e (type: ports) to 1 [pid: 8|app: 0|req: 766/1426] 10.0.0.189 () {34 vars in 670 bytes} [Fri Jul 17 04:59:19 2026] POST /v2.0/networks => generated 674 bytes in 603 msecs (HTTP/1.1 201) 4 headers in 162 bytes (1 switches on core 0)
2026-07-17 04:59:20.459 7 INFO neutron.db.ovn_revision_numbers_db [None req-d75b604b-b2a0-45cf-968c-c51737dd1bc6 b6f75776690145fa95a9dde3f2b33cb2 46b451a105e348788dc13f66ddcf90c7 - - default default] Successfully bumped revision number for resource cfa9fa28-a829-41f0-9556-e20b37e871f1 (type: routers) to 2 [pid: 8|app: 0|req: 767/1427] 10.0.0.189 () {32 vars in 724 bytes} [Fri Jul 17 04:59:20 2026] DELETE /v2.0/subnets/43e6800f-e64a-4073-b52e-f22155d7a633 => generated 0 bytes in 177 msecs (HTTP/1.1 204) 3 headers in 131 bytes (1 switches on core 0) [pid: 7|app: 0|req: 661/1428] 10.0.0.189 () {34 vars in 742 bytes} [Fri Jul 17 04:59:20 2026] PUT /v2.0/routers/cfa9fa28-a829-41f0-9556-e20b37e871f1 => generated 619 bytes in 362 msecs (HTTP/1.1 200) 4 headers in 157 bytes (1 switches on core 0)
2026-07-17 04:59:20.624 7 WARNING neutron.scheduler.dhcp_agent_scheduler [None req-61401421-5181-4887-8aac-449c8f5d53e2 9859ecee80b1401f9b5b53cf13a8021c 09d624a02d5f4ad8ac1bbfe7d8614280 - - default default] No more DHCP agents
2026-07-17 04:59:20.625 7 WARNING neutron.api.rpc.agentnotifiers.dhcp_rpc_agent_api [None req-61401421-5181-4887-8aac-449c8f5d53e2 9859ecee80b1401f9b5b53cf13a8021c 09d624a02d5f4ad8ac1bbfe7d8614280 - - default default] Unable to schedule network 20346edc-c13d-48bd-84c8-cd28ae83a1f5: no agents available; will retry on subsequent port and subnet creation events.
2026-07-17 04:59:20.661 7 INFO neutron.db.ovn_revision_numbers_db [None req-61401421-5181-4887-8aac-449c8f5d53e2 9859ecee80b1401f9b5b53cf13a8021c 09d624a02d5f4ad8ac1bbfe7d8614280 - - default default] Successfully bumped revision number for resource 473316a3-147b-43ec-beba-4f9886c0c3e3 (type: subnets) to 0 [pid: 7|app: 0|req: 662/1429] 10.0.0.189 () {34 vars in 669 bytes} [Fri Jul 17 04:59:20 2026] POST /v2.0/subnets => generated 646 bytes in 212 msecs (HTTP/1.1 201) 4 headers in 162 bytes (1 switches on core 0)
2026-07-17 04:59:20.769 8 WARNING neutron.scheduler.dhcp_agent_scheduler [None req-4b651753-d562-413f-a12d-6df58743b982 1ffb1c39ee33414bb77d8abcba6e32f8 456e04d627bf475ca174379f82b22f6b - - default default] No more DHCP agents
2026-07-17 04:59:20.770 8 WARNING neutron.api.rpc.agentnotifiers.dhcp_rpc_agent_api [None req-4b651753-d562-413f-a12d-6df58743b982 1ffb1c39ee33414bb77d8abcba6e32f8 456e04d627bf475ca174379f82b22f6b - - default default] Unable to schedule network 51ee5cea-eda0-4a41-ba2e-ad7177d9823e: no agents available; will retry on subsequent port and subnet creation events.
2026-07-17 04:59:20.807 7 INFO neutron_taas.services.taas.taas_plugin [None req-6ef62d71-41f9-4192-9eae-8dd775eea43b e754e5b4978946f8a5b9f48abe169445 8a0c6961a3d445fa8d4545c88be3e1e6 - - default default] TaaS: Handle Delete Port: 98bb26cf-8321-44e8-9bdd-bab3676aa59c
2026-07-17 04:59:20.810 7 INFO neutron_taas.services.taas.tap_mirror_plugin [None req-6ef62d71-41f9-4192-9eae-8dd775eea43b e754e5b4978946f8a5b9f48abe169445 8a0c6961a3d445fa8d4545c88be3e1e6 - - default default] Tap Mirror: Handle Delete Port: 98bb26cf-8321-44e8-9bdd-bab3676aa59c
2026-07-17 04:59:20.862 7 INFO neutron.plugins.ml2.drivers.ovn.mech_driver.mech_driver [None req-14211015-2743-4c11-898a-1696d0179578 - - - - - -] OVN reports status down for port: e7bb7fc2-fcdb-4c0a-b968-b81347864b26
2026-07-17 04:59:20.873 8 INFO neutron.db.ovn_revision_numbers_db [None req-4b651753-d562-413f-a12d-6df58743b982 1ffb1c39ee33414bb77d8abcba6e32f8 456e04d627bf475ca174379f82b22f6b - - default default] Successfully bumped revision number for resource e7bb7fc2-fcdb-4c0a-b968-b81347864b26 (type: ports) to 1
2026-07-17 04:59:20.921 8 WARNING neutron.scheduler.dhcp_agent_scheduler [None req-4b651753-d562-413f-a12d-6df58743b982 1ffb1c39ee33414bb77d8abcba6e32f8 456e04d627bf475ca174379f82b22f6b - - default default] No more DHCP agents
2026-07-17 04:59:20.922 8 WARNING neutron.api.rpc.agentnotifiers.dhcp_rpc_agent_api [None req-4b651753-d562-413f-a12d-6df58743b982 1ffb1c39ee33414bb77d8abcba6e32f8 456e04d627bf475ca174379f82b22f6b - - default default] Unable to schedule network 89dfedad-5a14-429d-ad0c-1b5f61302673: no agents available; will retry on subsequent port and subnet creation events.
2026-07-17 04:59:20.976 8 INFO neutron.plugins.ml2.drivers.ovn.mech_driver.mech_driver [None req-0ff68f13-00a8-4b2d-a156-fd791e275491 - - - - - -] OVN reports status down for port: 19521c56-ae50-4db2-8a24-254115d65b67
2026-07-17 04:59:21.041 8 INFO neutron.db.ovn_revision_numbers_db [None req-4b651753-d562-413f-a12d-6df58743b982 1ffb1c39ee33414bb77d8abcba6e32f8 456e04d627bf475ca174379f82b22f6b - - default default] Successfully bumped revision number for resource 19521c56-ae50-4db2-8a24-254115d65b67 (type: ports) to 1 [pid: 8|app: 0|req: 768/1430] 10.0.0.189 () {34 vars in 665 bytes} [Fri Jul 17 04:59:20 2026] POST /v2.0/ports => generated 1504 bytes in 618 msecs (HTTP/1.1 201) 4 headers in 163 bytes (1 switches on core 0) /var/lib/openstack/lib/python3.12/site-packages/pycadf/identifier.py:70: UserWarning: Invalid uuid: neutron. To ensure interoperability, identifiers should be a valid uuid. warnings.warn(('Invalid uuid: %s. To ensure interoperability, ' [pid: 8|app: 0|req: 769/1431] 10.0.0.189 () {32 vars in 736 bytes} [Fri Jul 17 04:59:21 2026] GET /v2.0/ports?device_id=cfa9fa28-a829-41f0-9556-e20b37e871f1 => generated 12 bytes in 22 msecs (HTTP/1.1 200) 4 headers in 156 bytes (1 switches on core 0)
2026-07-17 04:59:21.127 7 INFO neutron.services.segments.plugin [-] Segment 5266e1ec-d137-4d51-b275-6c233593fee8 resource provider aggregate not found
2026-07-17 04:59:21.133 7 INFO neutron.services.segments.plugin [-] Segment 5266e1ec-d137-4d51-b275-6c233593fee8 resource provider aggregate not found
2026-07-17 04:59:21.149 7 INFO neutron.services.segments.plugin [-] Client error retrieving segment 5266e1ec-d137-4d51-b275-6c233593fee8 resource provider; error: Placement Client Error (4xx): {"errors": [{"status": 404, "title": "Not Found", "detail": "The resource could not be found.\n\n No resource provider with uuid 5266e1ec-d137-4d51-b275-6c233593fee8 found for delete ", "request_id": "req-1ca7b24c-6e10-46df-bf76-3b0690b47fce"}]}
2026-07-17 04:59:21.157 7 INFO neutron.services.segments.plugin [-] Client error retrieving segment 5266e1ec-d137-4d51-b275-6c233593fee8 resource provider; error: Placement Client Error (4xx): {"errors": [{"status": 404, "title": "Not Found", "detail": "The resource could not be found.\n\n No resource provider with uuid 5266e1ec-d137-4d51-b275-6c233593fee8 found for delete ", "request_id": "req-fcf91f2e-5f0a-45c4-9f09-338a78e75b20"}]} [pid: 7|app: 0|req: 663/1432] 10.0.0.189 () {32 vars in 726 bytes} [Fri Jul 17 04:59:20 2026] DELETE /v2.0/networks/21c202c1-a0fd-4ad0-9cd2-ed1ebdd83d1e => generated 0 bytes in 518 msecs (HTTP/1.1 204) 3 headers in 131 bytes (1 switches on core 0) [pid: 7|app: 0|req: 664/1433] 10.0.0.189 () {32 vars in 643 bytes} [Fri Jul 17 04:59:21 2026] GET /v2.0/ports => generated 3016 bytes in 146 msecs (HTTP/1.1 200) 4 headers in 158 bytes (1 switches on core 0)
2026-07-17 04:59:21.391 8 WARNING neutron.scheduler.dhcp_agent_scheduler [None req-15b3b5dd-ab41-4f8b-8c50-359fbc4a1e1d 9859ecee80b1401f9b5b53cf13a8021c 09d624a02d5f4ad8ac1bbfe7d8614280 - - default default] No more DHCP agents
2026-07-17 04:59:21.392 8 WARNING neutron.api.rpc.agentnotifiers.dhcp_rpc_agent_api [None req-15b3b5dd-ab41-4f8b-8c50-359fbc4a1e1d 9859ecee80b1401f9b5b53cf13a8021c 09d624a02d5f4ad8ac1bbfe7d8614280 - - default default] Unable to schedule network 20346edc-c13d-48bd-84c8-cd28ae83a1f5: no agents available; will retry on subsequent port and subnet creation events.
2026-07-17 04:59:21.502 8 INFO neutron.db.ovn_revision_numbers_db [None req-15b3b5dd-ab41-4f8b-8c50-359fbc4a1e1d 9859ecee80b1401f9b5b53cf13a8021c 09d624a02d5f4ad8ac1bbfe7d8614280 - - default default] Successfully bumped revision number for resource 824e837a-dda3-48b2-8483-b1b5f4e7710c (type: ports) to 1
2026-07-17 04:59:21.505 7 INFO neutron.plugins.ml2.drivers.ovn.mech_driver.mech_driver [None req-14211015-2743-4c11-898a-1696d0179578 - - - - - -] OVN reports status down for port: 824e837a-dda3-48b2-8483-b1b5f4e7710c [pid: 8|app: 0|req: 770/1434] 10.0.0.189 () {34 vars in 665 bytes} [Fri Jul 17 04:59:21 2026] POST /v2.0/ports => generated 962 bytes in 417 msecs (HTTP/1.1 201) 4 headers in 162 bytes (1 switches on core 0) /var/lib/openstack/lib/python3.12/site-packages/pycadf/identifier.py:70: UserWarning: Invalid uuid: neutron. To ensure interoperability, identifiers should be a valid uuid. warnings.warn(('Invalid uuid: %s. To ensure interoperability, ' [pid: 7|app: 0|req: 665/1437] 10.0.0.189 () {32 vars in 724 bytes} [Fri Jul 17 04:59:21 2026] DELETE /v2.0/routers/cfa9fa28-a829-41f0-9556-e20b37e871f1 => generated 0 bytes in 234 msecs (HTTP/1.1 204) 2 headers in 112 bytes (1 switches on core 0)
2026-07-17 04:59:21.714 7 INFO neutron_taas.services.taas.taas_plugin [None req-2317a9b7-27c7-4280-af73-22472b7ac4e4 1ffb1c39ee33414bb77d8abcba6e32f8 456e04d627bf475ca174379f82b22f6b - - default default] TaaS: Handle Delete Port: e7bb7fc2-fcdb-4c0a-b968-b81347864b26
2026-07-17 04:59:21.717 7 INFO neutron_taas.services.taas.tap_mirror_plugin [None req-2317a9b7-27c7-4280-af73-22472b7ac4e4 1ffb1c39ee33414bb77d8abcba6e32f8 456e04d627bf475ca174379f82b22f6b - - default default] Tap Mirror: Handle Delete Port: e7bb7fc2-fcdb-4c0a-b968-b81347864b26
2026-07-17 04:59:21.743 8 WARNING neutron.scheduler.dhcp_agent_scheduler [None req-331e71c1-6b31-4c9c-9b0a-c468095e83fe e754e5b4978946f8a5b9f48abe169445 8a0c6961a3d445fa8d4545c88be3e1e6 - - default default] No more DHCP agents
2026-07-17 04:59:21.744 8 WARNING neutron.api.rpc.agentnotifiers.dhcp_rpc_agent_api [None req-331e71c1-6b31-4c9c-9b0a-c468095e83fe e754e5b4978946f8a5b9f48abe169445 8a0c6961a3d445fa8d4545c88be3e1e6 - - default default] Unable to schedule network 13d6f733-e997-4798-89ee-e187c4b3b9bd: no agents available; will retry on subsequent port and subnet creation events.
2026-07-17 04:59:21.837 7 INFO neutron.plugins.ml2.drivers.ovn.mech_driver.mech_driver [None req-14211015-2743-4c11-898a-1696d0179578 - - - - - -] OVN reports status down for port: 2023f33c-2c74-4820-888f-c3eadd0b80c7
2026-07-17 04:59:21.840 8 INFO neutron.db.ovn_revision_numbers_db [None req-331e71c1-6b31-4c9c-9b0a-c468095e83fe e754e5b4978946f8a5b9f48abe169445 8a0c6961a3d445fa8d4545c88be3e1e6 - - default default] Successfully bumped revision number for resource 2023f33c-2c74-4820-888f-c3eadd0b80c7 (type: ports) to 1 [pid: 8|app: 0|req: 773/1438] 10.0.0.189 () {34 vars in 665 bytes} [Fri Jul 17 04:59:21 2026] POST /v2.0/ports => generated 775 bytes in 358 msecs (HTTP/1.1 201) 4 headers in 162 bytes (1 switches on core 0) /var/lib/openstack/lib/python3.12/site-packages/pycadf/identifier.py:70: UserWarning: Invalid uuid: neutron. To ensure interoperability, identifiers should be a valid uuid. warnings.warn(('Invalid uuid: %s. To ensure interoperability, ' [pid: 7|app: 0|req: 666/1439] 10.0.0.189 () {32 vars in 720 bytes} [Fri Jul 17 04:59:21 2026] DELETE /v2.0/ports/e7bb7fc2-fcdb-4c0a-b968-b81347864b26 => generated 0 bytes in 351 msecs (HTTP/1.1 204) 3 headers in 131 bytes (1 switches on core 0) [pid: 7|app: 0|req: 667/1440] 10.0.0.189 () {32 vars in 721 bytes} [Fri Jul 17 04:59:21 2026] GET /v2.0/routers/7460d4b8-805d-4833-abb8-33bb07770ab7 => generated 604 bytes in 41 msecs (HTTP/1.1 200) 4 headers in 157 bytes (1 switches on core 0)
2026-07-17 04:59:22.002 8 INFO neutron_taas.services.taas.taas_plugin [None req-5a88e9a0-59ac-4ec5-950c-a63fb4158402 9859ecee80b1401f9b5b53cf13a8021c 09d624a02d5f4ad8ac1bbfe7d8614280 - - default default] TaaS: Handle Delete Port: 824e837a-dda3-48b2-8483-b1b5f4e7710c
2026-07-17 04:59:22.005 8 INFO neutron_taas.services.taas.tap_mirror_plugin [None req-5a88e9a0-59ac-4ec5-950c-a63fb4158402 9859ecee80b1401f9b5b53cf13a8021c 09d624a02d5f4ad8ac1bbfe7d8614280 - - default default] Tap Mirror: Handle Delete Port: 824e837a-dda3-48b2-8483-b1b5f4e7710c [pid: 8|app: 0|req: 774/1441] 10.0.0.189 () {32 vars in 720 bytes} [Fri Jul 17 04:59:21 2026] DELETE /v2.0/ports/824e837a-dda3-48b2-8483-b1b5f4e7710c => generated 0 bytes in 261 msecs (HTTP/1.1 204) 3 headers in 131 bytes (1 switches on core 0)
2026-07-17 04:59:22.206 7 INFO neutron.plugins.ml2.drivers.ovn.mech_driver.mech_driver [None req-14211015-2743-4c11-898a-1696d0179578 - - - - - -] OVN reports status down for port: 2023f33c-2c74-4820-888f-c3eadd0b80c7
2026-07-17 04:59:22.257 8 INFO neutron_taas.services.taas.taas_plugin [None req-2b784898-8954-4128-837c-ae09da6f4c1a 1ffb1c39ee33414bb77d8abcba6e32f8 456e04d627bf475ca174379f82b22f6b - - default default] TaaS: Handle Delete Port: 19521c56-ae50-4db2-8a24-254115d65b67
2026-07-17 04:59:22.259 7 INFO neutron.db.ovn_revision_numbers_db [None req-6c84aad8-bd5c-4539-86e6-370414c7eef8 e754e5b4978946f8a5b9f48abe169445 8a0c6961a3d445fa8d4545c88be3e1e6 - - default default] Successfully bumped revision number for resource 2023f33c-2c74-4820-888f-c3eadd0b80c7 (type: ports) to 2
2026-07-17 04:59:22.261 8 INFO neutron_taas.services.taas.tap_mirror_plugin [None req-2b784898-8954-4128-837c-ae09da6f4c1a 1ffb1c39ee33414bb77d8abcba6e32f8 456e04d627bf475ca174379f82b22f6b - - default default] Tap Mirror: Handle Delete Port: 19521c56-ae50-4db2-8a24-254115d65b67 [pid: 7|app: 0|req: 668/1442] 10.0.0.189 () {34 vars in 737 bytes} [Fri Jul 17 04:59:21 2026] PUT /v2.0/ports/2023f33c-2c74-4820-888f-c3eadd0b80c7 => generated 752 bytes in 342 msecs (HTTP/1.1 200) 4 headers in 157 bytes (1 switches on core 0) /var/lib/openstack/lib/python3.12/site-packages/pycadf/identifier.py:70: UserWarning: Invalid uuid: neutron. To ensure interoperability, identifiers should be a valid uuid. warnings.warn(('Invalid uuid: %s. To ensure interoperability, ' [pid: 8|app: 0|req: 775/1443] 10.0.0.189 () {32 vars in 720 bytes} [Fri Jul 17 04:59:22 2026] DELETE /v2.0/ports/19521c56-ae50-4db2-8a24-254115d65b67 => generated 0 bytes in 237 msecs (HTTP/1.1 204) 3 headers in 131 bytes (1 switches on core 0)
2026-07-17 04:59:22.397 8 INFO neutron.pecan_wsgi.hooks.translation [None req-721a61f4-a0f8-4862-96af-2690c97d9351 9859ecee80b1401f9b5b53cf13a8021c 09d624a02d5f4ad8ac1bbfe7d8614280 - - default default] DELETE failed (client error): The resource could not be found. [pid: 8|app: 0|req: 776/1444] 10.0.0.189 () {32 vars in 720 bytes} [Fri Jul 17 04:59:22 2026] DELETE /v2.0/ports/824e837a-dda3-48b2-8483-b1b5f4e7710c => generated 132 bytes in 18 msecs (HTTP/1.1 404) 4 headers in 164 bytes (1 switches on core 0)
2026-07-17 04:59:22.516 8 INFO neutron_taas.services.taas.taas_plugin [None req-aa849c25-be88-47ee-b957-63164785c134 e754e5b4978946f8a5b9f48abe169445 8a0c6961a3d445fa8d4545c88be3e1e6 - - default default] TaaS: Handle Delete Port: 2023f33c-2c74-4820-888f-c3eadd0b80c7
2026-07-17 04:59:22.520 8 INFO neutron_taas.services.taas.tap_mirror_plugin [None req-aa849c25-be88-47ee-b957-63164785c134 e754e5b4978946f8a5b9f48abe169445 8a0c6961a3d445fa8d4545c88be3e1e6 - - default default] Tap Mirror: Handle Delete Port: 2023f33c-2c74-4820-888f-c3eadd0b80c7
2026-07-17 04:59:22.620 7 INFO neutron.db.ovn_revision_numbers_db [None req-ca22fb71-52d9-4d1b-a592-1003b02c9b16 b6f75776690145fa95a9dde3f2b33cb2 46b451a105e348788dc13f66ddcf90c7 - - default default] Successfully bumped revision number for resource 7460d4b8-805d-4833-abb8-33bb07770ab7 (type: routers) to 2 [pid: 8|app: 0|req: 777/1445] 10.0.0.189 () {32 vars in 720 bytes} [Fri Jul 17 04:59:22 2026] DELETE /v2.0/ports/2023f33c-2c74-4820-888f-c3eadd0b80c7 => generated 0 bytes in 229 msecs (HTTP/1.1 204) 3 headers in 131 bytes (1 switches on core 0) [pid: 7|app: 0|req: 669/1446] 10.0.0.189 () {34 vars in 742 bytes} [Fri Jul 17 04:59:22 2026] PUT /v2.0/routers/7460d4b8-805d-4833-abb8-33bb07770ab7 => generated 604 bytes in 321 msecs (HTTP/1.1 200) 4 headers in 157 bytes (1 switches on core 0)
2026-07-17 04:59:22.655 7 INFO neutron.pecan_wsgi.hooks.translation [None req-9d05e889-6b5d-42e5-a73f-44468acd974d 9859ecee80b1401f9b5b53cf13a8021c 09d624a02d5f4ad8ac1bbfe7d8614280 - - default default] GET failed (client error): The resource could not be found. [pid: 7|app: 0|req: 670/1447] 10.0.0.189 () {32 vars in 717 bytes} [Fri Jul 17 04:59:22 2026] GET /v2.0/ports/824e837a-dda3-48b2-8483-b1b5f4e7710c => generated 132 bytes in 22 msecs (HTTP/1.1 404) 4 headers in 164 bytes (1 switches on core 0) [pid: 8|app: 0|req: 778/1448] 10.0.0.189 () {32 vars in 643 bytes} [Fri Jul 17 04:59:22 2026] GET /v2.0/ports => generated 1523 bytes in 37 msecs (HTTP/1.1 200) 4 headers in 158 bytes (1 switches on core 0) [pid: 8|app: 0|req: 779/1449] 10.0.0.189 () {32 vars in 736 bytes} [Fri Jul 17 04:59:22 2026] GET /v2.0/ports?device_id=7460d4b8-805d-4833-abb8-33bb07770ab7 => generated 12 bytes in 15 msecs (HTTP/1.1 200) 4 headers in 156 bytes (1 switches on core 0) [pid: 7|app: 0|req: 671/1450] 10.0.0.189 () {32 vars in 643 bytes} [Fri Jul 17 04:59:22 2026] GET /v2.0/ports => generated 1533 bytes in 36 msecs (HTTP/1.1 200) 4 headers in 158 bytes (1 switches on core 0)
2026-07-17 04:59:22.767 7 INFO neutron.db.segments_db [None req-dbc911f8-49d5-4163-a8e9-6222c8d21736 1ffb1c39ee33414bb77d8abcba6e32f8 456e04d627bf475ca174379f82b22f6b - - default default] Added segment 6c05b8db-e71e-48ee-a99f-370d1590ad0b of type geneve for network 4bcbc4a0-c5b1-4991-b5e1-67aaa73a945f [pid: 8|app: 0|req: 780/1451] 10.0.0.189 () {32 vars in 724 bytes} [Fri Jul 17 04:59:22 2026] DELETE /v2.0/subnets/473316a3-147b-43ec-beba-4f9886c0c3e3 => generated 0 bytes in 135 msecs (HTTP/1.1 204) 3 headers in 131 bytes (1 switches on core 0)
2026-07-17 04:59:22.923 7 INFO neutron.db.ovn_revision_numbers_db [None req-dbc911f8-49d5-4163-a8e9-6222c8d21736 1ffb1c39ee33414bb77d8abcba6e32f8 456e04d627bf475ca174379f82b22f6b - - default default] Successfully bumped revision number for resource 4bcbc4a0-c5b1-4991-b5e1-67aaa73a945f (type: networks) to 1 [pid: 8|app: 0|req: 781/1452] 10.0.0.189 () {32 vars in 724 bytes} [Fri Jul 17 04:59:22 2026] DELETE /v2.0/routers/7460d4b8-805d-4833-abb8-33bb07770ab7 => generated 0 bytes in 217 msecs (HTTP/1.1 204) 2 headers in 112 bytes (1 switches on core 0)
2026-07-17 04:59:23.055 8 INFO neutron.pecan_wsgi.hooks.translation [None req-6313ddc8-00d7-4045-815f-b8b12ccba77a e754e5b4978946f8a5b9f48abe169445 8a0c6961a3d445fa8d4545c88be3e1e6 - - default default] GET failed (client error): The resource could not be found. [pid: 8|app: 0|req: 782/1453] 10.0.0.189 () {32 vars in 717 bytes} [Fri Jul 17 04:59:23 2026] GET /v2.0/ports/2023f33c-2c74-4820-888f-c3eadd0b80c7 => generated 132 bytes in 19 msecs (HTTP/1.1 404) 4 headers in 164 bytes (1 switches on core 0)
2026-07-17 04:59:23.092 7 WARNING neutron.scheduler.dhcp_agent_scheduler [None req-dbc911f8-49d5-4163-a8e9-6222c8d21736 1ffb1c39ee33414bb77d8abcba6e32f8 456e04d627bf475ca174379f82b22f6b - - default default] No more DHCP agents
2026-07-17 04:59:23.093 7 WARNING neutron.api.rpc.agentnotifiers.dhcp_rpc_agent_api [None req-dbc911f8-49d5-4163-a8e9-6222c8d21736 1ffb1c39ee33414bb77d8abcba6e32f8 456e04d627bf475ca174379f82b22f6b - - default default] Unable to schedule network 4bcbc4a0-c5b1-4991-b5e1-67aaa73a945f: no agents available; will retry on subsequent port and subnet creation events.
2026-07-17 04:59:23.149 8 INFO neutron.plugins.ml2.drivers.ovn.mech_driver.mech_driver [None req-0ff68f13-00a8-4b2d-a156-fd791e275491 - - - - - -] OVN reports status down for port: e2387664-bd5a-43c8-a59e-8021da619bd3
2026-07-17 04:59:23.184 7 INFO neutron.db.ovn_revision_numbers_db [None req-dbc911f8-49d5-4163-a8e9-6222c8d21736 1ffb1c39ee33414bb77d8abcba6e32f8 456e04d627bf475ca174379f82b22f6b - - default default] Successfully bumped revision number for resource e2387664-bd5a-43c8-a59e-8021da619bd3 (type: ports) to 1 [pid: 7|app: 0|req: 672/1454] 10.0.0.189 () {34 vars in 670 bytes} [Fri Jul 17 04:59:22 2026] POST /v2.0/networks => generated 691 bytes in 513 msecs (HTTP/1.1 201) 4 headers in 162 bytes (1 switches on core 0)
