2026-07-17 05:01:41.257 8 WARNING tagging [None req-2126347d-7978-4270-b948-182c709e8328 bf818b3dd94049e7b6280f24a0813fad 5f732466e86144be99a58e4fce9b1962 - - default default] project_id key not found in request, using tenant_id instead. This support has been deprecated and will be removed in a future release. [pid: 8|app: 0|req: 1259/2425] 10.0.0.189 () {34 vars in 753 bytes} [Fri Jul 17 05:01:41 2026] PUT /v2.0/policies/8878c593-516f-45d9-a71c-cf7348ecfdd6/tags => generated 25 bytes in 48 msecs (HTTP/1.1 200) 4 headers in 156 bytes (1 switches on core 0)
2026-07-17 05:01:41.305 8 WARNING tagging [None req-9346a29e-f061-4c6f-9065-04809b1dca4e bf818b3dd94049e7b6280f24a0813fad 5f732466e86144be99a58e4fce9b1962 - - default default] project_id key not found in request, using tenant_id instead. This support has been deprecated and will be removed in a future release. [pid: 8|app: 0|req: 1260/2426] 10.0.0.189 () {34 vars in 753 bytes} [Fri Jul 17 05:01:41 2026] PUT /v2.0/policies/2b605a74-1b2d-4cc0-b578-89a3cefaf980/tags => generated 34 bytes in 43 msecs (HTTP/1.1 200) 4 headers in 156 bytes (1 switches on core 0)
2026-07-17 05:01:41.351 8 WARNING tagging [None req-a93a7ce6-6063-453f-abbf-0a52c3728b7e bf818b3dd94049e7b6280f24a0813fad 5f732466e86144be99a58e4fce9b1962 - - default default] project_id key not found in request, using tenant_id instead. This support has been deprecated and will be removed in a future release. [pid: 8|app: 0|req: 1261/2427] 10.0.0.189 () {34 vars in 753 bytes} [Fri Jul 17 05:01:41 2026] PUT /v2.0/policies/2fdfc1b2-59ef-43a2-ad35-d20a1131f0e9/tags => generated 19 bytes in 89 msecs (HTTP/1.1 200) 4 headers in 156 bytes (1 switches on core 0)
2026-07-17 05:01:41.468 7 INFO neutron_taas.services.taas.taas_plugin [None req-370fd126-ebed-4f0e-967a-eebd08b94b1c 240bc5dadf314935bf9ba9915746e0f7 1bffdba3a94e4923af13bed764eaedaa - - default default] TaaS: Handle Delete Port: f3e67c23-b973-4b76-9c10-b50a798c6f6f
2026-07-17 05:01:41.472 7 INFO neutron_taas.services.taas.tap_mirror_plugin [None req-370fd126-ebed-4f0e-967a-eebd08b94b1c 240bc5dadf314935bf9ba9915746e0f7 1bffdba3a94e4923af13bed764eaedaa - - default default] Tap Mirror: Handle Delete Port: f3e67c23-b973-4b76-9c10-b50a798c6f6f [pid: 7|app: 0|req: 1167/2428] 10.0.0.189 () {32 vars in 724 bytes} [Fri Jul 17 05:01:41 2026] DELETE /v2.0/routers/81fd5230-d21a-4bd0-9a1a-d73bf699907e => generated 0 bytes in 779 msecs (HTTP/1.1 204) 2 headers in 112 bytes (1 switches on core 0)
2026-07-17 05:01:41.912 7 INFO neutron.api.v2.resource [None req-c3d80624-20fc-4467-ac1c-f1b52ce79b51 240bc5dadf314935bf9ba9915746e0f7 1bffdba3a94e4923af13bed764eaedaa - - default default] show failed (client error): The resource could not be found. [pid: 7|app: 0|req: 1168/2429] 10.0.0.189 () {32 vars in 721 bytes} [Fri Jul 17 05:01:41 2026] GET /v2.0/routers/81fd5230-d21a-4bd0-9a1a-d73bf699907e => generated 135 bytes in 22 msecs (HTTP/1.1 404) 4 headers in 164 bytes (1 switches on core 0) [pid: 8|app: 0|req: 1262/2430] 10.0.0.189 () {32 vars in 674 bytes} [Fri Jul 17 05:01:41 2026] GET /v2.0/qos/policies?tags=red => generated 1101 bytes in 235 msecs (HTTP/1.1 200) 4 headers in 158 bytes (1 switches on core 0) [pid: 7|app: 0|req: 1169/2431] 10.0.0.189 () {32 vars in 724 bytes} [Fri Jul 17 05:01:41 2026] DELETE /v2.0/subnets/38a15174-641d-4b75-a966-8e6f2eaf06ae => generated 0 bytes in 144 msecs (HTTP/1.1 204) 3 headers in 131 bytes (1 switches on core 0)
2026-07-17 05:01:42.079 7 INFO neutron.pecan_wsgi.hooks.translation [None req-b74b5475-0a1b-4cca-8c52-7d979064c97f 240bc5dadf314935bf9ba9915746e0f7 1bffdba3a94e4923af13bed764eaedaa - - default default] GET failed (client error): The resource could not be found. [pid: 7|app: 0|req: 1170/2432] 10.0.0.189 () {32 vars in 721 bytes} [Fri Jul 17 05:01:42 2026] GET /v2.0/subnets/38a15174-641d-4b75-a966-8e6f2eaf06ae => generated 136 bytes in 13 msecs (HTTP/1.1 404) 4 headers in 164 bytes (1 switches on core 0) [pid: 8|app: 0|req: 1263/2433] 10.0.0.189 () {32 vars in 688 bytes} [Fri Jul 17 05:01:42 2026] GET /v2.0/qos/policies?tags=red%2Cblue => generated 747 bytes in 49 msecs (HTTP/1.1 200) 4 headers in 157 bytes (1 switches on core 0) [pid: 8|app: 0|req: 1264/2434] 10.0.0.189 () {32 vars in 684 bytes} [Fri Jul 17 05:01:42 2026] GET /v2.0/qos/policies?tags-any=blue => generated 747 bytes in 60 msecs (HTTP/1.1 200) 4 headers in 157 bytes (1 switches on core 0) [pid: 8|app: 0|req: 1265/2435] 10.0.0.189 () {32 vars in 696 bytes} [Fri Jul 17 05:01:42 2026] GET /v2.0/qos/policies?tags-any=red%2Cblue => generated 1101 bytes in 60 msecs (HTTP/1.1 200) 4 headers in 158 bytes (1 switches on core 0) [pid: 7|app: 0|req: 1171/2436] 10.0.0.189 () {32 vars in 724 bytes} [Fri Jul 17 05:01:42 2026] DELETE /v2.0/subnets/9fcfaec7-a641-490e-b10e-58c8a554d9ab => generated 0 bytes in 155 msecs (HTTP/1.1 204) 3 headers in 131 bytes (1 switches on core 0)
2026-07-17 05:01:42.255 7 INFO neutron.pecan_wsgi.hooks.translation [None req-e2505666-80be-48a4-9657-a2669a1b8945 240bc5dadf314935bf9ba9915746e0f7 1bffdba3a94e4923af13bed764eaedaa - - default default] GET failed (client error): The resource could not be found. [pid: 7|app: 0|req: 1172/2437] 10.0.0.189 () {32 vars in 721 bytes} [Fri Jul 17 05:01:42 2026] GET /v2.0/subnets/9fcfaec7-a641-490e-b10e-58c8a554d9ab => generated 136 bytes in 13 msecs (HTTP/1.1 404) 4 headers in 164 bytes (1 switches on core 0) [pid: 8|app: 0|req: 1266/2438] 10.0.0.189 () {32 vars in 682 bytes} [Fri Jul 17 05:01:42 2026] GET /v2.0/qos/policies?not-tags=red => generated 719 bytes in 45 msecs (HTTP/1.1 200) 4 headers in 157 bytes (1 switches on core 0) [pid: 8|app: 0|req: 1267/2439] 10.0.0.189 () {32 vars in 696 bytes} [Fri Jul 17 05:01:42 2026] GET /v2.0/qos/policies?not-tags=red%2Cblue => generated 1073 bytes in 89 msecs (HTTP/1.1 200) 4 headers in 158 bytes (1 switches on core 0)
2026-07-17 05:01:42.387 7 INFO neutron_taas.services.taas.taas_plugin [None req-298c1409-bc85-47e7-be9b-718fedc1202b 240bc5dadf314935bf9ba9915746e0f7 1bffdba3a94e4923af13bed764eaedaa - - default default] TaaS: Handle Delete Port: 33d45ad0-bcba-4c0c-816b-214f6fbcc6a3
2026-07-17 05:01:42.390 7 INFO neutron_taas.services.taas.tap_mirror_plugin [None req-298c1409-bc85-47e7-be9b-718fedc1202b 240bc5dadf314935bf9ba9915746e0f7 1bffdba3a94e4923af13bed764eaedaa - - default default] Tap Mirror: Handle Delete Port: 33d45ad0-bcba-4c0c-816b-214f6fbcc6a3 [pid: 8|app: 0|req: 1268/2440] 10.0.0.189 () {32 vars in 692 bytes} [Fri Jul 17 05:01:42 2026] GET /v2.0/qos/policies?not-tags-any=blue => generated 1073 bytes in 77 msecs (HTTP/1.1 200) 4 headers in 158 bytes (1 switches on core 0) [pid: 8|app: 0|req: 1269/2441] 10.0.0.189 () {32 vars in 704 bytes} [Fri Jul 17 05:01:42 2026] GET /v2.0/qos/policies?not-tags-any=red%2Cblue => generated 719 bytes in 58 msecs (HTTP/1.1 200) 4 headers in 157 bytes (1 switches on core 0)
2026-07-17 05:01:42.570 7 INFO neutron.services.segments.plugin [-] Segment 81c7c431-ed0d-4465-ab25-403e76fe0396 resource provider aggregate not found
2026-07-17 05:01:42.574 7 INFO neutron.services.segments.plugin [-] Segment 81c7c431-ed0d-4465-ab25-403e76fe0396 resource provider aggregate not found [pid: 8|app: 0|req: 1270/2442] 10.0.0.189 () {32 vars in 734 bytes} [Fri Jul 17 05:01:42 2026] DELETE /v2.0/qos/policies/c8d06c47-053b-45cf-85b6-2c3b896f58aa => generated 0 bytes in 56 msecs (HTTP/1.1 204) 2 headers in 112 bytes (1 switches on core 0)
2026-07-17 05:01:42.590 7 INFO neutron.services.segments.plugin [-] Client error retrieving segment 81c7c431-ed0d-4465-ab25-403e76fe0396 resource provider; error: Placement Client Error (4xx): {"errors": [{"status": 404, "title": "Not Found", "detail": "The resource could not be found.\n\n No resource provider with uuid 81c7c431-ed0d-4465-ab25-403e76fe0396 found for delete ", "request_id": "req-0ea5a907-93ae-4f7b-a49d-d43bf9ecc567"}]}
2026-07-17 05:01:42.593 7 INFO neutron.services.segments.plugin [-] Client error retrieving segment 81c7c431-ed0d-4465-ab25-403e76fe0396 resource provider; error: Placement Client Error (4xx): {"errors": [{"status": 404, "title": "Not Found", "detail": "The resource could not be found.\n\n No resource provider with uuid 81c7c431-ed0d-4465-ab25-403e76fe0396 found for delete ", "request_id": "req-f7f984ce-3deb-4c4c-8501-64a02f918e15"}]} [pid: 7|app: 0|req: 1173/2443] 10.0.0.189 () {32 vars in 726 bytes} [Fri Jul 17 05:01:42 2026] DELETE /v2.0/networks/3bdf1bfa-762b-47a3-8613-fb21128983c8 => generated 0 bytes in 376 msecs (HTTP/1.1 204) 3 headers in 131 bytes (1 switches on core 0)
2026-07-17 05:01:42.653 7 INFO neutron.pecan_wsgi.hooks.translation [None req-1ac0e53d-d15f-4421-8718-bae6d51ddb9c 240bc5dadf314935bf9ba9915746e0f7 1bffdba3a94e4923af13bed764eaedaa - - default default] GET failed (client error): The resource could not be found. [pid: 7|app: 0|req: 1174/2444] 10.0.0.189 () {32 vars in 723 bytes} [Fri Jul 17 05:01:42 2026] GET /v2.0/networks/3bdf1bfa-762b-47a3-8613-fb21128983c8 => generated 138 bytes in 13 msecs (HTTP/1.1 404) 4 headers in 164 bytes (1 switches on core 0) [pid: 8|app: 0|req: 1271/2445] 10.0.0.189 () {32 vars in 734 bytes} [Fri Jul 17 05:01:42 2026] DELETE /v2.0/qos/policies/8878c593-516f-45d9-a71c-cf7348ecfdd6 => generated 0 bytes in 73 msecs (HTTP/1.1 204) 2 headers in 112 bytes (1 switches on core 0) [pid: 8|app: 0|req: 1272/2446] 10.0.0.189 () {32 vars in 734 bytes} [Fri Jul 17 05:01:42 2026] DELETE /v2.0/qos/policies/2b605a74-1b2d-4cc0-b578-89a3cefaf980 => generated 0 bytes in 44 msecs (HTTP/1.1 204) 2 headers in 112 bytes (1 switches on core 0) [pid: 8|app: 0|req: 1273/2447] 10.0.0.189 () {32 vars in 734 bytes} [Fri Jul 17 05:01:42 2026] DELETE /v2.0/qos/policies/2fdfc1b2-59ef-43a2-ad35-d20a1131f0e9 => generated 0 bytes in 46 msecs (HTTP/1.1 204) 2 headers in 112 bytes (1 switches on core 0) [pid: 7|app: 0|req: 1175/2448] 10.0.0.189 () {32 vars in 724 bytes} [Fri Jul 17 05:01:42 2026] DELETE /v2.0/subnets/e2066f5e-c5df-4040-8e4f-64dfbab24000 => generated 0 bytes in 147 msecs (HTTP/1.1 204) 3 headers in 131 bytes (1 switches on core 0) [pid: 8|app: 0|req: 1274/2449] 10.0.0.189 () {32 vars in 734 bytes} [Fri Jul 17 05:01:42 2026] DELETE /v2.0/qos/policies/b2d42df3-e879-4e47-aa67-d8d192e732f0 => generated 0 bytes in 59 msecs (HTTP/1.1 204) 2 headers in 112 bytes (1 switches on core 0)
2026-07-17 05:01:42.827 7 INFO neutron.pecan_wsgi.hooks.translation [None req-7b093ee7-919c-4f91-8ff1-4037bcf7fbb6 240bc5dadf314935bf9ba9915746e0f7 1bffdba3a94e4923af13bed764eaedaa - - default default] GET failed (client error): The resource could not be found. [pid: 7|app: 0|req: 1176/2450] 10.0.0.189 () {32 vars in 721 bytes} [Fri Jul 17 05:01:42 2026] GET /v2.0/subnets/e2066f5e-c5df-4040-8e4f-64dfbab24000 => generated 136 bytes in 17 msecs (HTTP/1.1 404) 4 headers in 164 bytes (1 switches on core 0) [pid: 8|app: 0|req: 1275/2451] 10.0.0.189 () {32 vars in 724 bytes} [Fri Jul 17 05:01:42 2026] DELETE /v2.0/subnets/06644f6c-caea-42ce-ae0b-d7a375e43dbb => generated 0 bytes in 179 msecs (HTTP/1.1 204) 3 headers in 131 bytes (1 switches on core 0)
2026-07-17 05:01:43.034 7 INFO neutron.pecan_wsgi.hooks.translation [None req-6baad67f-ab3a-4d55-b519-009d9e12aab9 240bc5dadf314935bf9ba9915746e0f7 1bffdba3a94e4923af13bed764eaedaa - - default default] GET failed (client error): The resource could not be found. [pid: 7|app: 0|req: 1177/2452] 10.0.0.189 () {32 vars in 721 bytes} [Fri Jul 17 05:01:43 2026] GET /v2.0/subnets/06644f6c-caea-42ce-ae0b-d7a375e43dbb => generated 136 bytes in 18 msecs (HTTP/1.1 404) 4 headers in 164 bytes (1 switches on core 0)
2026-07-17 05:01:43.170 8 INFO neutron_taas.services.taas.taas_plugin [None req-0aa1680d-17fa-4070-87e9-bc986ff0c8dd 240bc5dadf314935bf9ba9915746e0f7 1bffdba3a94e4923af13bed764eaedaa - - default default] TaaS: Handle Delete Port: 9e1da94c-9227-47d9-88db-b81ea1b506db
2026-07-17 05:01:43.173 8 INFO neutron_taas.services.taas.tap_mirror_plugin [None req-0aa1680d-17fa-4070-87e9-bc986ff0c8dd 240bc5dadf314935bf9ba9915746e0f7 1bffdba3a94e4923af13bed764eaedaa - - default default] Tap Mirror: Handle Delete Port: 9e1da94c-9227-47d9-88db-b81ea1b506db
2026-07-17 05:01:43.344 8 INFO neutron.services.segments.plugin [-] Segment 887a315a-ccbf-44ce-a5cf-dadb4a769a75 resource provider aggregate not found
2026-07-17 05:01:43.348 8 INFO neutron.services.segments.plugin [-] Segment 887a315a-ccbf-44ce-a5cf-dadb4a769a75 resource provider aggregate not found
2026-07-17 05:01:43.366 8 INFO neutron.services.segments.plugin [-] Client error retrieving segment 887a315a-ccbf-44ce-a5cf-dadb4a769a75 resource provider; error: Placement Client Error (4xx): {"errors": [{"status": 404, "title": "Not Found", "detail": "The resource could not be found.\n\n No resource provider with uuid 887a315a-ccbf-44ce-a5cf-dadb4a769a75 found for delete ", "request_id": "req-338011e2-3cb6-4152-8e21-377b96df374b"}]}
2026-07-17 05:01:43.369 8 INFO neutron.services.segments.plugin [-] Client error retrieving segment 887a315a-ccbf-44ce-a5cf-dadb4a769a75 resource provider; error: Placement Client Error (4xx): {"errors": [{"status": 404, "title": "Not Found", "detail": "The resource could not be found.\n\n No resource provider with uuid 887a315a-ccbf-44ce-a5cf-dadb4a769a75 found for delete ", "request_id": "req-01dea584-7316-43f9-84a0-314283067c63"}]} [pid: 8|app: 0|req: 1276/2453] 10.0.0.189 () {32 vars in 726 bytes} [Fri Jul 17 05:01:43 2026] DELETE /v2.0/networks/41574f37-b26a-413d-84d5-ae2f31f9a1f4 => generated 0 bytes in 363 msecs (HTTP/1.1 204) 3 headers in 131 bytes (1 switches on core 0)
2026-07-17 05:01:43.427 7 INFO neutron.pecan_wsgi.hooks.translation [None req-5bb7e3d6-c711-4840-848c-ea19707025f3 240bc5dadf314935bf9ba9915746e0f7 1bffdba3a94e4923af13bed764eaedaa - - default default] GET failed (client error): The resource could not be found. [pid: 7|app: 0|req: 1178/2454] 10.0.0.189 () {32 vars in 723 bytes} [Fri Jul 17 05:01:43 2026] GET /v2.0/networks/41574f37-b26a-413d-84d5-ae2f31f9a1f4 => generated 138 bytes in 21 msecs (HTTP/1.1 404) 4 headers in 164 bytes (1 switches on core 0) [pid: 8|app: 0|req: 1277/2455] 10.0.0.189 () {32 vars in 724 bytes} [Fri Jul 17 05:01:43 2026] DELETE /v2.0/subnets/99ff965d-4f7f-4582-b13d-c7531e77aec7 => generated 0 bytes in 141 msecs (HTTP/1.1 204) 3 headers in 131 bytes (1 switches on core 0)
2026-07-17 05:01:43.588 7 INFO neutron.pecan_wsgi.hooks.translation [None req-1c47212a-67ef-4445-885d-61f5b4fb2605 240bc5dadf314935bf9ba9915746e0f7 1bffdba3a94e4923af13bed764eaedaa - - default default] GET failed (client error): The resource could not be found. [pid: 7|app: 0|req: 1179/2456] 10.0.0.189 () {32 vars in 721 bytes} [Fri Jul 17 05:01:43 2026] GET /v2.0/subnets/99ff965d-4f7f-4582-b13d-c7531e77aec7 => generated 136 bytes in 11 msecs (HTTP/1.1 404) 4 headers in 164 bytes (1 switches on core 0) [pid: 8|app: 0|req: 1278/2457] 10.0.0.189 () {32 vars in 724 bytes} [Fri Jul 17 05:01:43 2026] DELETE /v2.0/subnets/67ec462a-45a4-4bde-8cd9-d245314e7ceb => generated 0 bytes in 164 msecs (HTTP/1.1 204) 3 headers in 131 bytes (1 switches on core 0)
2026-07-17 05:01:43.778 8 INFO neutron.pecan_wsgi.hooks.translation [None req-c88a6ec6-820f-4642-98af-d7621f84c11c 240bc5dadf314935bf9ba9915746e0f7 1bffdba3a94e4923af13bed764eaedaa - - default default] GET failed (client error): The resource could not be found. [pid: 8|app: 0|req: 1279/2458] 10.0.0.189 () {32 vars in 721 bytes} [Fri Jul 17 05:01:43 2026] GET /v2.0/subnets/67ec462a-45a4-4bde-8cd9-d245314e7ceb => generated 136 bytes in 18 msecs (HTTP/1.1 404) 4 headers in 164 bytes (1 switches on core 0)
2026-07-17 05:01:43.861 7 WARNING neutron.db.securitygroups_db [None req-82157608-29ca-4392-bf06-a22380ac3328 e3c81812568747ff9cfec0c27b1dbeff aa514930302d4309a556a37e4aff512e - - default default] project_id key not found in filters, using tenant_id instead. This support has been deprecated and will be removed in a future release.
2026-07-17 05:01:43.906 8 INFO neutron_taas.services.taas.taas_plugin [None req-625dfeca-26ad-45fe-b0f3-34cab5e9ef2f 240bc5dadf314935bf9ba9915746e0f7 1bffdba3a94e4923af13bed764eaedaa - - default default] TaaS: Handle Delete Port: 716e375a-a804-40bc-ac5d-09f030ea2b1b
2026-07-17 05:01:43.908 8 INFO neutron_taas.services.taas.tap_mirror_plugin [None req-625dfeca-26ad-45fe-b0f3-34cab5e9ef2f 240bc5dadf314935bf9ba9915746e0f7 1bffdba3a94e4923af13bed764eaedaa - - default default] Tap Mirror: Handle Delete Port: 716e375a-a804-40bc-ac5d-09f030ea2b1b
2026-07-17 05:01:43.982 7 INFO neutron.db.ovn_revision_numbers_db [None req-82157608-29ca-4392-bf06-a22380ac3328 e3c81812568747ff9cfec0c27b1dbeff aa514930302d4309a556a37e4aff512e - - default default] Successfully bumped revision number for resource 429a1c30-f7f9-4409-ab7d-c35d61a8777e (type: security_groups) to 1
2026-07-17 05:01:43.992 7 INFO neutron.db.ovn_revision_numbers_db [None req-82157608-29ca-4392-bf06-a22380ac3328 e3c81812568747ff9cfec0c27b1dbeff aa514930302d4309a556a37e4aff512e - - default default] Successfully bumped revision number for resource 61beb20f-9f5c-41a2-8ee8-6de2626ec80a (type: security_group_rules) to 0
2026-07-17 05:01:44.014 7 INFO neutron.db.ovn_revision_numbers_db [None req-82157608-29ca-4392-bf06-a22380ac3328 e3c81812568747ff9cfec0c27b1dbeff aa514930302d4309a556a37e4aff512e - - default default] Successfully bumped revision number for resource 99b68cdf-308e-4421-bb7c-fc692e93dd8f (type: security_group_rules) to 0
2026-07-17 05:01:44.026 7 INFO neutron.db.ovn_revision_numbers_db [None req-82157608-29ca-4392-bf06-a22380ac3328 e3c81812568747ff9cfec0c27b1dbeff aa514930302d4309a556a37e4aff512e - - default default] Successfully bumped revision number for resource a3ffdd6f-677a-4a0b-8a69-2eb4f6b6149d (type: security_group_rules) to 0
2026-07-17 05:01:44.036 7 INFO neutron.db.ovn_revision_numbers_db [None req-82157608-29ca-4392-bf06-a22380ac3328 e3c81812568747ff9cfec0c27b1dbeff aa514930302d4309a556a37e4aff512e - - default default] Successfully bumped revision number for resource dc91c4e5-a33f-4888-ae81-9b54fd310ce9 (type: security_group_rules) to 0 [pid: 7|app: 0|req: 1180/2459] 10.0.0.189 () {32 vars in 774 bytes} [Fri Jul 17 05:01:43 2026] GET /v2.0/security-groups?tenant_id=3424b3879e8a4555bfdbf42f4a7cb3ed&name=default => generated 2929 bytes in 381 msecs (HTTP/1.1 200) 4 headers in 158 bytes (1 switches on core 0) [pid: 8|app: 0|req: 1280/2460] 10.0.0.189 () {32 vars in 726 bytes} [Fri Jul 17 05:01:43 2026] DELETE /v2.0/networks/3c59e666-ed31-409f-85ea-17865f5e89fa => generated 0 bytes in 340 msecs (HTTP/1.1 204) 3 headers in 131 bytes (1 switches on core 0)
2026-07-17 05:01:44.144 8 INFO neutron.pecan_wsgi.hooks.translation [None req-ac8a4061-fb37-4065-bae8-460c9de4857e 240bc5dadf314935bf9ba9915746e0f7 1bffdba3a94e4923af13bed764eaedaa - - default default] GET failed (client error): The resource could not be found. [pid: 8|app: 0|req: 1281/2461] 10.0.0.189 () {32 vars in 723 bytes} [Fri Jul 17 05:01:44 2026] GET /v2.0/networks/3c59e666-ed31-409f-85ea-17865f5e89fa => generated 138 bytes in 14 msecs (HTTP/1.1 404) 4 headers in 164 bytes (1 switches on core 0) [pid: 7|app: 0|req: 1181/2462] 10.0.0.189 () {32 vars in 740 bytes} [Fri Jul 17 05:01:44 2026] DELETE /v2.0/security-groups/429a1c30-f7f9-4409-ab7d-c35d61a8777e => generated 0 bytes in 199 msecs (HTTP/1.1 204) 2 headers in 112 bytes (1 switches on core 0)
2026-07-17 05:01:44.407 7 WARNING neutron.db.securitygroups_db [None req-7bbe9a19-a0ce-4222-ae79-aa5d19ebce2e e3c81812568747ff9cfec0c27b1dbeff aa514930302d4309a556a37e4aff512e - - default default] project_id key not found in filters, using tenant_id instead. This support has been deprecated and will be removed in a future release.
2026-07-17 05:01:44.510 7 INFO neutron.db.ovn_revision_numbers_db [None req-7bbe9a19-a0ce-4222-ae79-aa5d19ebce2e e3c81812568747ff9cfec0c27b1dbeff aa514930302d4309a556a37e4aff512e - - default default] Successfully bumped revision number for resource beeec04f-9e41-470d-93d9-0e618f78ef53 (type: security_groups) to 1
2026-07-17 05:01:44.523 7 INFO neutron.db.ovn_revision_numbers_db [None req-7bbe9a19-a0ce-4222-ae79-aa5d19ebce2e e3c81812568747ff9cfec0c27b1dbeff aa514930302d4309a556a37e4aff512e - - default default] Successfully bumped revision number for resource 64b3ea00-5d06-4769-ba8b-8cfe98fca672 (type: security_group_rules) to 0
2026-07-17 05:01:44.538 7 INFO neutron.db.ovn_revision_numbers_db [None req-7bbe9a19-a0ce-4222-ae79-aa5d19ebce2e e3c81812568747ff9cfec0c27b1dbeff aa514930302d4309a556a37e4aff512e - - default default] Successfully bumped revision number for resource b1b967bf-8c23-4769-8c56-89b62375caea (type: security_group_rules) to 0
2026-07-17 05:01:44.549 7 INFO neutron.db.ovn_revision_numbers_db [None req-7bbe9a19-a0ce-4222-ae79-aa5d19ebce2e e3c81812568747ff9cfec0c27b1dbeff aa514930302d4309a556a37e4aff512e - - default default] Successfully bumped revision number for resource e089b370-6f73-421d-9aba-0fa615f30c4e (type: security_group_rules) to 0
2026-07-17 05:01:44.561 7 INFO neutron.db.ovn_revision_numbers_db [None req-7bbe9a19-a0ce-4222-ae79-aa5d19ebce2e e3c81812568747ff9cfec0c27b1dbeff aa514930302d4309a556a37e4aff512e - - default default] Successfully bumped revision number for resource f3202aab-e742-4d4d-a126-dad34ff31360 (type: security_group_rules) to 0 [pid: 7|app: 0|req: 1182/2463] 10.0.0.189 () {32 vars in 774 bytes} [Fri Jul 17 05:01:44 2026] GET /v2.0/security-groups?tenant_id=366335c480dd403ab7e7a435cafcb046&name=default => generated 2929 bytes in 194 msecs (HTTP/1.1 200) 4 headers in 158 bytes (1 switches on core 0)
2026-07-17 05:01:44.706 8 INFO neutron.db.ovn_revision_numbers_db [None req-b6533975-5879-4122-a27a-6d1cd9067623 d6caae3e148f42a9b7328962ddbfc1a4 592bff9c15e24fe0a03d8cfef2d11182 - - default default] Successfully bumped revision number for resource 2ecc3efe-fa23-4045-a8c6-72a910648051 (type: security_groups) to 1
2026-07-17 05:01:44.725 8 INFO neutron.db.ovn_revision_numbers_db [None req-b6533975-5879-4122-a27a-6d1cd9067623 d6caae3e148f42a9b7328962ddbfc1a4 592bff9c15e24fe0a03d8cfef2d11182 - - default default] Successfully bumped revision number for resource 209fe66a-976d-4f9f-80bb-a8e0d2dc507e (type: security_group_rules) to 0
2026-07-17 05:01:44.740 8 INFO neutron.db.ovn_revision_numbers_db [None req-b6533975-5879-4122-a27a-6d1cd9067623 d6caae3e148f42a9b7328962ddbfc1a4 592bff9c15e24fe0a03d8cfef2d11182 - - default default] Successfully bumped revision number for resource 27afe031-0e5e-43bf-855f-148c15f7a687 (type: security_group_rules) to 0
2026-07-17 05:01:44.765 8 INFO neutron.db.ovn_revision_numbers_db [None req-b6533975-5879-4122-a27a-6d1cd9067623 d6caae3e148f42a9b7328962ddbfc1a4 592bff9c15e24fe0a03d8cfef2d11182 - - default default] Successfully bumped revision number for resource 635b6f98-c235-4fd3-8eac-ade61be95af1 (type: security_group_rules) to 0
2026-07-17 05:01:44.783 8 INFO neutron.db.ovn_revision_numbers_db [None req-b6533975-5879-4122-a27a-6d1cd9067623 d6caae3e148f42a9b7328962ddbfc1a4 592bff9c15e24fe0a03d8cfef2d11182 - - default default] Successfully bumped revision number for resource bb6dbf44-dd82-4bc4-86f1-cf18c3c1e08e (type: security_group_rules) to 0 [pid: 7|app: 0|req: 1183/2464] 10.0.0.189 () {32 vars in 740 bytes} [Fri Jul 17 05:01:44 2026] DELETE /v2.0/security-groups/beeec04f-9e41-470d-93d9-0e618f78ef53 => generated 0 bytes in 183 msecs (HTTP/1.1 204) 2 headers in 112 bytes (1 switches on core 0)
2026-07-17 05:01:44.866 8 INFO neutron.db.segments_db [None req-b6533975-5879-4122-a27a-6d1cd9067623 d6caae3e148f42a9b7328962ddbfc1a4 592bff9c15e24fe0a03d8cfef2d11182 - - default default] Added segment 085c17d8-1918-4e02-89a3-d4efc30d5ebe of type geneve for network 556aad64-6f54-4330-a1bc-ba6e8f658e0c
2026-07-17 05:01:44.969 8 INFO neutron.db.ovn_revision_numbers_db [None req-b6533975-5879-4122-a27a-6d1cd9067623 d6caae3e148f42a9b7328962ddbfc1a4 592bff9c15e24fe0a03d8cfef2d11182 - - default default] Successfully bumped revision number for resource 556aad64-6f54-4330-a1bc-ba6e8f658e0c (type: networks) to 1
2026-07-17 05:01:44.981 7 WARNING neutron.db.securitygroups_db [None req-7358a67d-57bc-47cd-820e-c08e561f09e0 e3c81812568747ff9cfec0c27b1dbeff aa514930302d4309a556a37e4aff512e - - default default] project_id key not found in filters, using tenant_id instead. This support has been deprecated and will be removed in a future release.
2026-07-17 05:01:45.082 7 INFO neutron.db.ovn_revision_numbers_db [None req-7358a67d-57bc-47cd-820e-c08e561f09e0 e3c81812568747ff9cfec0c27b1dbeff aa514930302d4309a556a37e4aff512e - - default default] Successfully bumped revision number for resource 3e52a1d2-b15b-4674-bff1-c33c26254860 (type: security_groups) to 1
2026-07-17 05:01:45.094 7 INFO neutron.db.ovn_revision_numbers_db [None req-7358a67d-57bc-47cd-820e-c08e561f09e0 e3c81812568747ff9cfec0c27b1dbeff aa514930302d4309a556a37e4aff512e - - default default] Successfully bumped revision number for resource 0310e8b5-959a-450e-9d24-8e81f9a8e0b8 (type: security_group_rules) to 0
2026-07-17 05:01:45.106 7 INFO neutron.db.ovn_revision_numbers_db [None req-7358a67d-57bc-47cd-820e-c08e561f09e0 e3c81812568747ff9cfec0c27b1dbeff aa514930302d4309a556a37e4aff512e - - default default] Successfully bumped revision number for resource 0d3d07ec-7501-4aa2-9bc2-1eb0d30fd5b7 (type: security_group_rules) to 0
2026-07-17 05:01:45.117 7 INFO neutron.db.ovn_revision_numbers_db [None req-7358a67d-57bc-47cd-820e-c08e561f09e0 e3c81812568747ff9cfec0c27b1dbeff aa514930302d4309a556a37e4aff512e - - default default] Successfully bumped revision number for resource 325ac73a-0042-441e-90ee-329896c07f23 (type: security_group_rules) to 0
2026-07-17 05:01:45.128 7 INFO neutron.db.ovn_revision_numbers_db [None req-7358a67d-57bc-47cd-820e-c08e561f09e0 e3c81812568747ff9cfec0c27b1dbeff aa514930302d4309a556a37e4aff512e - - default default] Successfully bumped revision number for resource a10b4481-b9ac-4750-879c-7eb57f54ca52 (type: security_group_rules) to 0
2026-07-17 05:01:45.131 8 WARNING neutron.scheduler.dhcp_agent_scheduler [None req-b6533975-5879-4122-a27a-6d1cd9067623 d6caae3e148f42a9b7328962ddbfc1a4 592bff9c15e24fe0a03d8cfef2d11182 - - default default] No more DHCP agents
2026-07-17 05:01:45.132 8 WARNING neutron.api.rpc.agentnotifiers.dhcp_rpc_agent_api [None req-b6533975-5879-4122-a27a-6d1cd9067623 d6caae3e148f42a9b7328962ddbfc1a4 592bff9c15e24fe0a03d8cfef2d11182 - - default default] Unable to schedule network 556aad64-6f54-4330-a1bc-ba6e8f658e0c: no agents available; will retry on subsequent port and subnet creation events. [pid: 7|app: 0|req: 1184/2465] 10.0.0.189 () {32 vars in 774 bytes} [Fri Jul 17 05:01:44 2026] GET /v2.0/security-groups?tenant_id=5f732466e86144be99a58e4fce9b1962&name=default => generated 2929 bytes in 202 msecs (HTTP/1.1 200) 4 headers in 158 bytes (1 switches on core 0)
2026-07-17 05:01:45.178 8 INFO neutron.plugins.ml2.drivers.ovn.mech_driver.mech_driver [None req-98972177-301a-4cca-879d-807c2ad87b42 - - - - - -] OVN reports status down for port: fefbf7be-b5c3-4b99-9d4f-de31c37f8e99
2026-07-17 05:01:45.239 8 INFO neutron.db.ovn_revision_numbers_db [None req-b6533975-5879-4122-a27a-6d1cd9067623 d6caae3e148f42a9b7328962ddbfc1a4 592bff9c15e24fe0a03d8cfef2d11182 - - default default] Successfully bumped revision number for resource fefbf7be-b5c3-4b99-9d4f-de31c37f8e99 (type: ports) to 1 [pid: 8|app: 0|req: 1282/2466] 10.0.0.189 () {34 vars in 670 bytes} [Fri Jul 17 05:01:44 2026] POST /v2.0/networks => generated 767 bytes in 894 msecs (HTTP/1.1 201) 4 headers in 162 bytes (1 switches on core 0) [pid: 7|app: 0|req: 1185/2467] 10.0.0.189 () {32 vars in 740 bytes} [Fri Jul 17 05:01:45 2026] DELETE /v2.0/security-groups/3e52a1d2-b15b-4674-bff1-c33c26254860 => generated 0 bytes in 189 msecs (HTTP/1.1 204) 2 headers in 112 bytes (1 switches on core 0)
2026-07-17 05:01:45.383 8 INFO neutron.services.segments.plugin [-] Segment 7774cdc6-55ec-4d9b-aba5-e1fdf56fa033 resource provider aggregate not found
2026-07-17 05:01:45.386 8 INFO neutron.services.segments.plugin [-] Segment 7774cdc6-55ec-4d9b-aba5-e1fdf56fa033 resource provider aggregate not found
2026-07-17 05:01:45.396 8 INFO neutron.services.segments.plugin [-] Client error retrieving segment 7774cdc6-55ec-4d9b-aba5-e1fdf56fa033 resource provider; error: Placement Client Error (4xx): {"errors": [{"status": 404, "title": "Not Found", "detail": "The resource could not be found.\n\n No resource provider with uuid 7774cdc6-55ec-4d9b-aba5-e1fdf56fa033 found for delete ", "request_id": "req-ea5a4335-0c7a-4925-b9ab-51e00e35781c"}]}
2026-07-17 05:01:45.403 8 INFO neutron.services.segments.plugin [-] Client error retrieving segment 7774cdc6-55ec-4d9b-aba5-e1fdf56fa033 resource provider; error: Placement Client Error (4xx): {"errors": [{"status": 404, "title": "Not Found", "detail": "The resource could not be found.\n\n No resource provider with uuid 7774cdc6-55ec-4d9b-aba5-e1fdf56fa033 found for delete ", "request_id": "req-f0411ff4-9b7e-4fae-99b3-7f512d8d98c8"}]}
2026-07-17 05:01:45.453 8 WARNING neutron.scheduler.dhcp_agent_scheduler [None req-98442e68-0428-4843-836a-66beeb4d9199 d6caae3e148f42a9b7328962ddbfc1a4 592bff9c15e24fe0a03d8cfef2d11182 - - default default] No more DHCP agents
2026-07-17 05:01:45.455 8 WARNING neutron.api.rpc.agentnotifiers.dhcp_rpc_agent_api [None req-98442e68-0428-4843-836a-66beeb4d9199 d6caae3e148f42a9b7328962ddbfc1a4 592bff9c15e24fe0a03d8cfef2d11182 - - default default] Unable to schedule network 556aad64-6f54-4330-a1bc-ba6e8f658e0c: no agents available; will retry on subsequent port and subnet creation events.
2026-07-17 05:01:45.924 8 INFO neutron.db.ovn_revision_numbers_db [None req-98442e68-0428-4843-836a-66beeb4d9199 d6caae3e148f42a9b7328962ddbfc1a4 592bff9c15e24fe0a03d8cfef2d11182 - - default default] Successfully bumped revision number for resource fefbf7be-b5c3-4b99-9d4f-de31c37f8e99 (type: ports) to 2
2026-07-17 05:01:45.951 8 INFO neutron.db.ovn_revision_numbers_db [None req-98442e68-0428-4843-836a-66beeb4d9199 d6caae3e148f42a9b7328962ddbfc1a4 592bff9c15e24fe0a03d8cfef2d11182 - - default default] Successfully bumped revision number for resource 126675e5-f9c5-4585-bed6-4a0d6cb81af1 (type: subnets) to 0 [pid: 8|app: 0|req: 1283/2468] 10.0.0.189 () {34 vars in 669 bytes} [Fri Jul 17 05:01:45 2026] POST /v2.0/subnets => generated 644 bytes in 686 msecs (HTTP/1.1 201) 4 headers in 162 bytes (1 switches on core 0)
2026-07-17 05:01:45.974 7 WARNING neutron.api.v2.base [None req-d2d27081-8a57-456b-9926-23fe54832953 d6caae3e148f42a9b7328962ddbfc1a4 592bff9c15e24fe0a03d8cfef2d11182 - - default default] An exception happened while processing the request body. The exception message is [Invalid input for target_tenant. Reason: 'None' is not a valid string.].: webob.exc.HTTPBadRequest: Invalid input for target_tenant. Reason: 'None' is not a valid string.
2026-07-17 05:01:45.974 7 INFO neutron.api.v2.resource [None req-d2d27081-8a57-456b-9926-23fe54832953 d6caae3e148f42a9b7328962ddbfc1a4 592bff9c15e24fe0a03d8cfef2d11182 - - default default] create failed (client error): Invalid input for target_tenant. Reason: 'None' is not a valid string. [pid: 7|app: 0|req: 1186/2469] 10.0.0.189 () {34 vars in 681 bytes} [Fri Jul 17 05:01:45 2026] POST /v2.0/rbac-policies => generated 143 bytes in 8 msecs (HTTP/1.1 400) 4 headers in 166 bytes (1 switches on core 0)
2026-07-17 05:01:46.093 8 INFO neutron_taas.services.taas.taas_plugin [None req-b23626ce-5377-4db3-9764-5c0cfd5999b3 d6caae3e148f42a9b7328962ddbfc1a4 592bff9c15e24fe0a03d8cfef2d11182 - - default default] TaaS: Handle Delete Port: fefbf7be-b5c3-4b99-9d4f-de31c37f8e99
2026-07-17 05:01:46.095 8 INFO neutron_taas.services.taas.tap_mirror_plugin [None req-b23626ce-5377-4db3-9764-5c0cfd5999b3 d6caae3e148f42a9b7328962ddbfc1a4 592bff9c15e24fe0a03d8cfef2d11182 - - default default] Tap Mirror: Handle Delete Port: fefbf7be-b5c3-4b99-9d4f-de31c37f8e99
2026-07-17 05:01:46.256 7 WARNING neutron.db.securitygroups_db [None req-145326fc-ad7d-479d-ad59-3a9520c48079 e3c81812568747ff9cfec0c27b1dbeff aa514930302d4309a556a37e4aff512e - - default default] project_id key not found in filters, using tenant_id instead. This support has been deprecated and will be removed in a future release.
2026-07-17 05:01:46.367 7 INFO neutron.db.ovn_revision_numbers_db [None req-145326fc-ad7d-479d-ad59-3a9520c48079 e3c81812568747ff9cfec0c27b1dbeff aa514930302d4309a556a37e4aff512e - - default default] Successfully bumped revision number for resource 29237001-64b8-4768-80a5-70f8c49d84cc (type: security_groups) to 1
2026-07-17 05:01:46.378 7 INFO neutron.db.ovn_revision_numbers_db [None req-145326fc-ad7d-479d-ad59-3a9520c48079 e3c81812568747ff9cfec0c27b1dbeff aa514930302d4309a556a37e4aff512e - - default default] Successfully bumped revision number for resource 19ac365d-be7f-47be-a2c9-2c94e37fe2d3 (type: security_group_rules) to 0
2026-07-17 05:01:46.388 7 INFO neutron.db.ovn_revision_numbers_db [None req-145326fc-ad7d-479d-ad59-3a9520c48079 e3c81812568747ff9cfec0c27b1dbeff aa514930302d4309a556a37e4aff512e - - default default] Successfully bumped revision number for resource 67659713-1191-4874-b8c4-a6ace5cc210a (type: security_group_rules) to 0
2026-07-17 05:01:46.407 7 INFO neutron.db.ovn_revision_numbers_db [None req-145326fc-ad7d-479d-ad59-3a9520c48079 e3c81812568747ff9cfec0c27b1dbeff aa514930302d4309a556a37e4aff512e - - default default] Successfully bumped revision number for resource 7b8af8ec-c321-4b0a-b25d-31ba4266d8a4 (type: security_group_rules) to 0
2026-07-17 05:01:46.419 7 INFO neutron.db.ovn_revision_numbers_db [None req-145326fc-ad7d-479d-ad59-3a9520c48079 e3c81812568747ff9cfec0c27b1dbeff aa514930302d4309a556a37e4aff512e - - default default] Successfully bumped revision number for resource a8564c3e-2c83-4dc1-b061-307dedd9ad98 (type: security_group_rules) to 0 [pid: 8|app: 0|req: 1284/2470] 10.0.0.189 () {32 vars in 726 bytes} [Fri Jul 17 05:01:45 2026] DELETE /v2.0/networks/556aad64-6f54-4330-a1bc-ba6e8f658e0c => generated 0 bytes in 441 msecs (HTTP/1.1 204) 3 headers in 131 bytes (1 switches on core 0) [pid: 7|app: 0|req: 1187/2471] 10.0.0.189 () {32 vars in 774 bytes} [Fri Jul 17 05:01:46 2026] GET /v2.0/security-groups?tenant_id=52045b8753e2449f8ccf01c908a84009&name=default => generated 2929 bytes in 294 msecs (HTTP/1.1 200) 4 headers in 158 bytes (1 switches on core 0)
2026-07-17 05:01:46.518 8 INFO neutron.db.segments_db [None req-7bf6b956-1a7a-4253-8f8c-7884f21aa13d d6caae3e148f42a9b7328962ddbfc1a4 592bff9c15e24fe0a03d8cfef2d11182 - - default default] Added segment d59c1930-774e-48df-be85-a3b186e0ea68 of type geneve for network b1f06712-4347-4c94-a1d7-3e9bccb08015 [pid: 7|app: 0|req: 1188/2472] 10.0.0.189 () {32 vars in 740 bytes} [Fri Jul 17 05:01:46 2026] DELETE /v2.0/security-groups/29237001-64b8-4768-80a5-70f8c49d84cc => generated 0 bytes in 150 msecs (HTTP/1.1 204) 2 headers in 112 bytes (1 switches on core 0)
2026-07-17 05:01:46.662 8 INFO neutron.db.ovn_revision_numbers_db [None req-7bf6b956-1a7a-4253-8f8c-7884f21aa13d d6caae3e148f42a9b7328962ddbfc1a4 592bff9c15e24fe0a03d8cfef2d11182 - - default default] Successfully bumped revision number for resource b1f06712-4347-4c94-a1d7-3e9bccb08015 (type: networks) to 1
2026-07-17 05:01:46.705 7 WARNING neutron.db.securitygroups_db [None req-d4c92bd1-b2c5-49b2-8352-198733c9cacc e3c81812568747ff9cfec0c27b1dbeff aa514930302d4309a556a37e4aff512e - - default default] project_id key not found in filters, using tenant_id instead. This support has been deprecated and will be removed in a future release.
2026-07-17 05:01:46.825 8 WARNING neutron.scheduler.dhcp_agent_scheduler [None req-7bf6b956-1a7a-4253-8f8c-7884f21aa13d d6caae3e148f42a9b7328962ddbfc1a4 592bff9c15e24fe0a03d8cfef2d11182 - - default default] No more DHCP agents
2026-07-17 05:01:46.829 8 WARNING neutron.api.rpc.agentnotifiers.dhcp_rpc_agent_api [None req-7bf6b956-1a7a-4253-8f8c-7884f21aa13d d6caae3e148f42a9b7328962ddbfc1a4 592bff9c15e24fe0a03d8cfef2d11182 - - default default] Unable to schedule network b1f06712-4347-4c94-a1d7-3e9bccb08015: no agents available; will retry on subsequent port and subnet creation events.
2026-07-17 05:01:46.834 7 INFO neutron.db.ovn_revision_numbers_db [None req-d4c92bd1-b2c5-49b2-8352-198733c9cacc e3c81812568747ff9cfec0c27b1dbeff aa514930302d4309a556a37e4aff512e - - default default] Successfully bumped revision number for resource b4d074ac-482d-453c-9be1-26e78be58066 (type: security_groups) to 1
2026-07-17 05:01:46.862 7 INFO neutron.db.ovn_revision_numbers_db [None req-d4c92bd1-b2c5-49b2-8352-198733c9cacc e3c81812568747ff9cfec0c27b1dbeff aa514930302d4309a556a37e4aff512e - - default default] Successfully bumped revision number for resource 475bf5b6-0dae-4514-80dc-ef81a7c312d0 (type: security_group_rules) to 0
2026-07-17 05:01:46.872 7 INFO neutron.db.ovn_revision_numbers_db [None req-d4c92bd1-b2c5-49b2-8352-198733c9cacc e3c81812568747ff9cfec0c27b1dbeff aa514930302d4309a556a37e4aff512e - - default default] Successfully bumped revision number for resource 4c744a8e-7077-4a2f-8658-f1943d16a2c0 (type: security_group_rules) to 0
2026-07-17 05:01:46.899 7 INFO neutron.db.ovn_revision_numbers_db [None req-d4c92bd1-b2c5-49b2-8352-198733c9cacc e3c81812568747ff9cfec0c27b1dbeff aa514930302d4309a556a37e4aff512e - - default default] Successfully bumped revision number for resource 8de31950-4f83-41a1-b47b-98825da2fdf9 (type: security_group_rules) to 0
2026-07-17 05:01:46.916 7 INFO neutron.plugins.ml2.drivers.ovn.mech_driver.mech_driver [None req-7442700e-ee5d-4728-8074-8f65372146aa - - - - - -] OVN reports status down for port: cf4dce2a-94e7-4f2e-8673-08f25cd234f2
2026-07-17 05:01:46.917 7 INFO neutron.db.ovn_revision_numbers_db [None req-d4c92bd1-b2c5-49b2-8352-198733c9cacc e3c81812568747ff9cfec0c27b1dbeff aa514930302d4309a556a37e4aff512e - - default default] Successfully bumped revision number for resource d1b65dc4-6ba9-47ee-99ee-77945f6e4ad0 (type: security_group_rules) to 0
2026-07-17 05:01:46.930 8 INFO neutron.db.ovn_revision_numbers_db [None req-7bf6b956-1a7a-4253-8f8c-7884f21aa13d d6caae3e148f42a9b7328962ddbfc1a4 592bff9c15e24fe0a03d8cfef2d11182 - - default default] Successfully bumped revision number for resource cf4dce2a-94e7-4f2e-8673-08f25cd234f2 (type: ports) to 1 [pid: 8|app: 0|req: 1285/2473] 10.0.0.189 () {34 vars in 670 bytes} [Fri Jul 17 05:01:46 2026] POST /v2.0/networks => generated 768 bytes in 526 msecs (HTTP/1.1 201) 4 headers in 162 bytes (1 switches on core 0) [pid: 7|app: 0|req: 1189/2474] 10.0.0.189 () {32 vars in 774 bytes} [Fri Jul 17 05:01:46 2026] GET /v2.0/security-groups?tenant_id=e97d2c6a02e144d2a9f9b32894de5197&name=default => generated 2929 bytes in 275 msecs (HTTP/1.1 200) 4 headers in 158 bytes (1 switches on core 0)
2026-07-17 05:01:47.098 8 WARNING neutron.scheduler.dhcp_agent_scheduler [None req-d421acc0-43bf-4ba2-a427-bef6152886bf d6caae3e148f42a9b7328962ddbfc1a4 592bff9c15e24fe0a03d8cfef2d11182 - - default default] No more DHCP agents
2026-07-17 05:01:47.100 8 WARNING neutron.api.rpc.agentnotifiers.dhcp_rpc_agent_api [None req-d421acc0-43bf-4ba2-a427-bef6152886bf d6caae3e148f42a9b7328962ddbfc1a4 592bff9c15e24fe0a03d8cfef2d11182 - - default default] Unable to schedule network b1f06712-4347-4c94-a1d7-3e9bccb08015: no agents available; will retry on subsequent port and subnet creation events. [pid: 7|app: 0|req: 1190/2475] 10.0.0.189 () {32 vars in 740 bytes} [Fri Jul 17 05:01:46 2026] DELETE /v2.0/security-groups/b4d074ac-482d-453c-9be1-26e78be58066 => generated 0 bytes in 178 msecs (HTTP/1.1 204) 2 headers in 112 bytes (1 switches on core 0)
2026-07-17 05:01:47.299 7 WARNING neutron.db.securitygroups_db [None req-039b3047-edb1-4ff6-a8f6-d453b94453cd e3c81812568747ff9cfec0c27b1dbeff aa514930302d4309a556a37e4aff512e - - default default] project_id key not found in filters, using tenant_id instead. This support has been deprecated and will be removed in a future release.
2026-07-17 05:01:47.413 7 INFO neutron.db.ovn_revision_numbers_db [None req-039b3047-edb1-4ff6-a8f6-d453b94453cd e3c81812568747ff9cfec0c27b1dbeff aa514930302d4309a556a37e4aff512e - - default default] Successfully bumped revision number for resource f1eca0c1-4610-4107-8b38-12689d765918 (type: security_groups) to 1
2026-07-17 05:01:47.431 7 INFO neutron.db.ovn_revision_numbers_db [None req-039b3047-edb1-4ff6-a8f6-d453b94453cd e3c81812568747ff9cfec0c27b1dbeff aa514930302d4309a556a37e4aff512e - - default default] Successfully bumped revision number for resource 3f2bbb61-174e-48fd-ac35-a716c4f2f764 (type: security_group_rules) to 0
2026-07-17 05:01:47.436 8 INFO neutron.services.segments.plugin [-] Segment 085c17d8-1918-4e02-89a3-d4efc30d5ebe resource provider aggregate not found
2026-07-17 05:01:47.439 8 INFO neutron.services.segments.plugin [-] Segment 085c17d8-1918-4e02-89a3-d4efc30d5ebe resource provider aggregate not found
2026-07-17 05:01:47.444 7 INFO neutron.db.ovn_revision_numbers_db [None req-039b3047-edb1-4ff6-a8f6-d453b94453cd e3c81812568747ff9cfec0c27b1dbeff aa514930302d4309a556a37e4aff512e - - default default] Successfully bumped revision number for resource 4a3be767-1578-4f81-9112-150378003fe4 (type: security_group_rules) to 0
2026-07-17 05:01:47.454 7 INFO neutron.db.ovn_revision_numbers_db [None req-039b3047-edb1-4ff6-a8f6-d453b94453cd e3c81812568747ff9cfec0c27b1dbeff aa514930302d4309a556a37e4aff512e - - default default] Successfully bumped revision number for resource e42b29a6-09dc-4417-9987-2479e2e02c30 (type: security_group_rules) to 0
2026-07-17 05:01:47.455 8 INFO neutron.services.segments.plugin [-] Client error retrieving segment 085c17d8-1918-4e02-89a3-d4efc30d5ebe resource provider; error: Placement Client Error (4xx): {"errors": [{"status": 404, "title": "Not Found", "detail": "The resource could not be found.\n\n No resource provider with uuid 085c17d8-1918-4e02-89a3-d4efc30d5ebe found for delete ", "request_id": "req-216aee79-ce1b-4ba9-af2a-72c201eefeb4"}]}
2026-07-17 05:01:47.456 8 INFO neutron.services.segments.plugin [-] Client error retrieving segment 085c17d8-1918-4e02-89a3-d4efc30d5ebe resource provider; error: Placement Client Error (4xx): {"errors": [{"status": 404, "title": "Not Found", "detail": "The resource could not be found.\n\n No resource provider with uuid 085c17d8-1918-4e02-89a3-d4efc30d5ebe found for delete ", "request_id": "req-b1753327-f157-438f-b655-ee2547fc9ba5"}]}
2026-07-17 05:01:47.464 7 INFO neutron.db.ovn_revision_numbers_db [None req-039b3047-edb1-4ff6-a8f6-d453b94453cd e3c81812568747ff9cfec0c27b1dbeff aa514930302d4309a556a37e4aff512e - - default default] Successfully bumped revision number for resource f5243e25-df5c-4a87-9d66-48f8aa12b5df (type: security_group_rules) to 0 [pid: 7|app: 0|req: 1191/2476] 10.0.0.189 () {32 vars in 774 bytes} [Fri Jul 17 05:01:47 2026] GET /v2.0/security-groups?tenant_id=ad14a51272d9461bbaabcf95cb0134a5&name=default => generated 2929 bytes in 202 msecs (HTTP/1.1 200) 4 headers in 158 bytes (1 switches on core 0)
2026-07-17 05:01:47.598 8 INFO neutron.db.ovn_revision_numbers_db [None req-d421acc0-43bf-4ba2-a427-bef6152886bf d6caae3e148f42a9b7328962ddbfc1a4 592bff9c15e24fe0a03d8cfef2d11182 - - default default] Successfully bumped revision number for resource cf4dce2a-94e7-4f2e-8673-08f25cd234f2 (type: ports) to 2
2026-07-17 05:01:47.642 8 INFO neutron.db.ovn_revision_numbers_db [None req-d421acc0-43bf-4ba2-a427-bef6152886bf d6caae3e148f42a9b7328962ddbfc1a4 592bff9c15e24fe0a03d8cfef2d11182 - - default default] Successfully bumped revision number for resource c120b8b7-9442-451d-8697-84cc5d4075d8 (type: subnets) to 0 [pid: 8|app: 0|req: 1286/2477] 10.0.0.189 () {34 vars in 669 bytes} [Fri Jul 17 05:01:46 2026] POST /v2.0/subnets => generated 647 bytes in 700 msecs (HTTP/1.1 201) 4 headers in 162 bytes (1 switches on core 0)
2026-07-17 05:01:47.669 8 WARNING neutron.api.v2.base [None req-7ff153a3-856f-4e1e-aef9-89f7e73853d0 d6caae3e148f42a9b7328962ddbfc1a4 592bff9c15e24fe0a03d8cfef2d11182 - - default default] An exception happened while processing the request body. The exception message is [Invalid input for target_tenant. Reason: '1234123412341234123412341234123412341234123412341234123412341234123412341234123412341234123412341234123412341234123412341234123412341234123412341234123412341234123412341234123412341234123412341234123412341234123412341234123412341234123412341234123412341234123412341234123412341234123412341234123412341234123412341234123412341234123412341234123412341234123412341234123412341234123412341234123412341234' exceeds maximum length of 255.].: webob.exc.HTTPBadRequest: Invalid input for target_tenant. Reason: '1234123412341234123412341234123412341234123412341234123412341234123412341234123412341234123412341234123412341234123412341234123412341234123412341234123412341234123412341234123412341234123412341234123412341234123412341234123412341234123412341234123412341234123412341234123412341234123412341234123412341234123412341234123412341234123412341234123412341234123412341234123412341234123412341234123412341234' exceeds maximum length of 255.
2026-07-17 05:01:47.670 8 INFO neutron.api.v2.resource [None req-7ff153a3-856f-4e1e-aef9-89f7e73853d0 d6caae3e148f42a9b7328962ddbfc1a4 592bff9c15e24fe0a03d8cfef2d11182 - - default default] create failed (client error): Invalid input for target_tenant. Reason: '1234123412341234123412341234123412341234123412341234123412341234123412341234123412341234123412341234123412341234123412341234123412341234123412341234123412341234123412341234123412341234123412341234123412341234123412341234123412341234123412341234123412341234123412341234123412341234123412341234123412341234123412341234123412341234123412341234123412341234123412341234123412341234123412341234123412341234' exceeds maximum length of 255. [pid: 8|app: 0|req: 1287/2478] 10.0.0.189 () {34 vars in 681 bytes} [Fri Jul 17 05:01:47 2026] POST /v2.0/rbac-policies => generated 547 bytes in 7 msecs (HTTP/1.1 400) 4 headers in 166 bytes (1 switches on core 0) [pid: 7|app: 0|req: 1192/2479] 10.0.0.189 () {32 vars in 740 bytes} [Fri Jul 17 05:01:47 2026] DELETE /v2.0/security-groups/f1eca0c1-4610-4107-8b38-12689d765918 => generated 0 bytes in 179 msecs (HTTP/1.1 204) 2 headers in 112 bytes (1 switches on core 0)
2026-07-17 05:01:47.817 8 INFO neutron_taas.services.taas.taas_plugin [None req-4514f1d1-72ef-4ba9-b902-b1a192abe9cb d6caae3e148f42a9b7328962ddbfc1a4 592bff9c15e24fe0a03d8cfef2d11182 - - default default] TaaS: Handle Delete Port: cf4dce2a-94e7-4f2e-8673-08f25cd234f2
2026-07-17 05:01:47.819 8 INFO neutron_taas.services.taas.tap_mirror_plugin [None req-4514f1d1-72ef-4ba9-b902-b1a192abe9cb d6caae3e148f42a9b7328962ddbfc1a4 592bff9c15e24fe0a03d8cfef2d11182 - - default default] Tap Mirror: Handle Delete Port: cf4dce2a-94e7-4f2e-8673-08f25cd234f2
2026-07-17 05:01:47.832 7 WARNING neutron.db.securitygroups_db [None req-a7732091-8f86-4cc9-970d-13827a4d116b e3c81812568747ff9cfec0c27b1dbeff aa514930302d4309a556a37e4aff512e - - default default] project_id key not found in filters, using tenant_id instead. This support has been deprecated and will be removed in a future release. [pid: 7|app: 0|req: 1193/2480] 10.0.0.189 () {32 vars in 774 bytes} [Fri Jul 17 05:01:47 2026] GET /v2.0/security-groups?tenant_id=1bffdba3a94e4923af13bed764eaedaa&name=default => generated 2925 bytes in 30 msecs (HTTP/1.1 200) 4 headers in 158 bytes (1 switches on core 0) [pid: 7|app: 0|req: 1194/2481] 10.0.0.189 () {32 vars in 740 bytes} [Fri Jul 17 05:01:47 2026] DELETE /v2.0/security-groups/64d78b1b-e38d-456e-9927-06adb06ec48f => generated 0 bytes in 188 msecs (HTTP/1.1 204) 2 headers in 112 bytes (1 switches on core 0) [pid: 8|app: 0|req: 1288/2482] 10.0.0.189 () {32 vars in 726 bytes} [Fri Jul 17 05:01:47 2026] DELETE /v2.0/networks/b1f06712-4347-4c94-a1d7-3e9bccb08015 => generated 0 bytes in 512 msecs (HTTP/1.1 204) 3 headers in 131 bytes (1 switches on core 0)
2026-07-17 05:01:48.200 7 WARNING neutron.db.securitygroups_db [None req-3f44019b-aa6b-4a76-b7d4-6520d154da17 e3c81812568747ff9cfec0c27b1dbeff aa514930302d4309a556a37e4aff512e - - default default] project_id key not found in filters, using tenant_id instead. This support has been deprecated and will be removed in a future release.
2026-07-17 05:01:48.278 8 INFO neutron.db.segments_db [None req-9b253b81-99d1-443e-9d44-ae57be85d1e3 d6caae3e148f42a9b7328962ddbfc1a4 592bff9c15e24fe0a03d8cfef2d11182 - - default default] Added segment 32c9f8cd-c4fe-4be3-8ba8-138bdde8b342 of type geneve for network 3e492f0c-a664-46f3-8215-89ca0059ff26
2026-07-17 05:01:48.322 7 INFO neutron.db.ovn_revision_numbers_db [None req-3f44019b-aa6b-4a76-b7d4-6520d154da17 e3c81812568747ff9cfec0c27b1dbeff aa514930302d4309a556a37e4aff512e - - default default] Successfully bumped revision number for resource 1f967d13-5e40-4717-95b8-4fab3d0a819b (type: security_groups) to 1
2026-07-17 05:01:48.332 7 INFO neutron.db.ovn_revision_numbers_db [None req-3f44019b-aa6b-4a76-b7d4-6520d154da17 e3c81812568747ff9cfec0c27b1dbeff aa514930302d4309a556a37e4aff512e - - default default] Successfully bumped revision number for resource 14e452b6-4aba-4f4f-8cbf-cca3c0793d24 (type: security_group_rules) to 0
2026-07-17 05:01:48.344 7 INFO neutron.db.ovn_revision_numbers_db [None req-3f44019b-aa6b-4a76-b7d4-6520d154da17 e3c81812568747ff9cfec0c27b1dbeff aa514930302d4309a556a37e4aff512e - - default default] Successfully bumped revision number for resource 3699a618-3b6c-4a0f-b65c-c2315daf1d17 (type: security_group_rules) to 0
2026-07-17 05:01:48.358 7 INFO neutron.db.ovn_revision_numbers_db [None req-3f44019b-aa6b-4a76-b7d4-6520d154da17 e3c81812568747ff9cfec0c27b1dbeff aa514930302d4309a556a37e4aff512e - - default default] Successfully bumped revision number for resource 41b295e2-3eee-470c-bd22-1b5ff34fc2c9 (type: security_group_rules) to 0
