2026-07-17 04:58:53.457 7 INFO neutron_taas.services.taas.tap_mirror_plugin [None req-bfd1ff80-ed38-458c-9e68-9491cf63b0c9 e3c81812568747ff9cfec0c27b1dbeff aa514930302d4309a556a37e4aff512e - - default default] Tap Mirror: Handle Delete Port: 90ce748a-cfde-412c-b213-9bad4abead0a
2026-07-17 04:58:53.642 7 INFO neutron.services.segments.plugin [-] Segment ab75b476-e055-4379-acd0-2c1faf9aa03d resource provider aggregate not found
2026-07-17 04:58:53.647 7 INFO neutron.services.segments.plugin [-] Segment ab75b476-e055-4379-acd0-2c1faf9aa03d resource provider aggregate not found
2026-07-17 04:58:53.661 7 INFO neutron.services.segments.plugin [-] Client error retrieving segment ab75b476-e055-4379-acd0-2c1faf9aa03d resource provider; error: Placement Client Error (4xx): {"errors": [{"status": 404, "title": "Not Found", "detail": "The resource could not be found.\n\n No resource provider with uuid ab75b476-e055-4379-acd0-2c1faf9aa03d found for delete ", "request_id": "req-15b124bb-5e23-48b3-a9da-0f4a3669fff9"}]}
2026-07-17 04:58:53.664 7 INFO neutron.services.segments.plugin [-] Client error retrieving segment ab75b476-e055-4379-acd0-2c1faf9aa03d resource provider; error: Placement Client Error (4xx): {"errors": [{"status": 404, "title": "Not Found", "detail": "The resource could not be found.\n\n No resource provider with uuid ab75b476-e055-4379-acd0-2c1faf9aa03d found for delete ", "request_id": "req-57d736bf-2986-411a-88a4-5220cfd8eefb"}]} [pid: 7|app: 0|req: 589/1171] 10.0.0.189 () {32 vars in 726 bytes} [Fri Jul 17 04:58:53 2026] DELETE /v2.0/networks/17386dfc-5a7a-40c0-aa31-3d2fe832ea0e => generated 0 bytes in 356 msecs (HTTP/1.1 204) 3 headers in 131 bytes (1 switches on core 0)
2026-07-17 04:58:53.866 8 WARNING neutron.db.securitygroups_db [None req-64a2af86-e46f-4fed-90de-fa84c4a2627b e3c81812568747ff9cfec0c27b1dbeff aa514930302d4309a556a37e4aff512e - - default default] project_id key not found in filters, using tenant_id instead. This support has been deprecated and will be removed in a future release. [pid: 8|app: 0|req: 583/1172] 10.0.0.189 () {32 vars in 774 bytes} [Fri Jul 17 04:58:53 2026] GET /v2.0/security-groups?tenant_id=5aca19b3bcd94dd79a1ab7fcb98f07dc&name=default => generated 2925 bytes in 31 msecs (HTTP/1.1 200) 4 headers in 158 bytes (1 switches on core 0) [pid: 7|app: 0|req: 590/1173] 10.0.0.189 () {32 vars in 740 bytes} [Fri Jul 17 04:58:53 2026] DELETE /v2.0/security-groups/338d61b2-1f92-4b8f-8f88-83af5d6af369 => generated 0 bytes in 166 msecs (HTTP/1.1 204) 2 headers in 112 bytes (1 switches on core 0)
2026-07-17 04:58:54.420 8 WARNING neutron.db.securitygroups_db [None req-70c03781-4a3f-493e-b1f3-4528cf355943 e3c81812568747ff9cfec0c27b1dbeff aa514930302d4309a556a37e4aff512e - - default default] project_id key not found in filters, using tenant_id instead. This support has been deprecated and will be removed in a future release.
2026-07-17 04:58:54.560 8 INFO neutron.db.ovn_revision_numbers_db [None req-70c03781-4a3f-493e-b1f3-4528cf355943 e3c81812568747ff9cfec0c27b1dbeff aa514930302d4309a556a37e4aff512e - - default default] Successfully bumped revision number for resource 26b94105-d833-4f5f-ae15-54e722a00a8b (type: security_groups) to 1
2026-07-17 04:58:54.573 8 INFO neutron.db.ovn_revision_numbers_db [None req-70c03781-4a3f-493e-b1f3-4528cf355943 e3c81812568747ff9cfec0c27b1dbeff aa514930302d4309a556a37e4aff512e - - default default] Successfully bumped revision number for resource 676f3987-794a-452e-bfcf-061c70891dab (type: security_group_rules) to 0
2026-07-17 04:58:54.586 8 INFO neutron.db.ovn_revision_numbers_db [None req-70c03781-4a3f-493e-b1f3-4528cf355943 e3c81812568747ff9cfec0c27b1dbeff aa514930302d4309a556a37e4aff512e - - default default] Successfully bumped revision number for resource 8d96f39a-b28e-4fe5-8f26-0046cd66868b (type: security_group_rules) to 0
2026-07-17 04:58:54.599 8 INFO neutron.db.ovn_revision_numbers_db [None req-70c03781-4a3f-493e-b1f3-4528cf355943 e3c81812568747ff9cfec0c27b1dbeff aa514930302d4309a556a37e4aff512e - - default default] Successfully bumped revision number for resource d9d61b06-f6ba-4598-aebe-a0fe3d40b195 (type: security_group_rules) to 0
2026-07-17 04:58:54.619 8 INFO neutron.db.ovn_revision_numbers_db [None req-70c03781-4a3f-493e-b1f3-4528cf355943 e3c81812568747ff9cfec0c27b1dbeff aa514930302d4309a556a37e4aff512e - - default default] Successfully bumped revision number for resource f8780786-46ab-4d4a-9d5a-8c209b15a2f3 (type: security_group_rules) to 0 [pid: 8|app: 0|req: 584/1174] 10.0.0.189 () {32 vars in 774 bytes} [Fri Jul 17 04:58:54 2026] GET /v2.0/security-groups?tenant_id=489c108e96b84acd9efea27d97e6755d&name=default => generated 2925 bytes in 457 msecs (HTTP/1.1 200) 4 headers in 158 bytes (1 switches on core 0) [pid: 7|app: 0|req: 591/1175] 10.0.0.189 () {32 vars in 740 bytes} [Fri Jul 17 04:58:54 2026] DELETE /v2.0/security-groups/26b94105-d833-4f5f-ae15-54e722a00a8b => generated 0 bytes in 183 msecs (HTTP/1.1 204) 2 headers in 112 bytes (1 switches on core 0)
2026-07-17 04:58:55.014 8 WARNING neutron.db.securitygroups_db [None req-9fd93c7d-5b93-4308-8a22-3d83976f7797 e3c81812568747ff9cfec0c27b1dbeff aa514930302d4309a556a37e4aff512e - - default default] project_id key not found in filters, using tenant_id instead. This support has been deprecated and will be removed in a future release.
2026-07-17 04:58:55.159 8 INFO neutron.db.ovn_revision_numbers_db [None req-9fd93c7d-5b93-4308-8a22-3d83976f7797 e3c81812568747ff9cfec0c27b1dbeff aa514930302d4309a556a37e4aff512e - - default default] Successfully bumped revision number for resource 8799b105-22c1-46d0-a274-ca10a4931f10 (type: security_groups) to 1
2026-07-17 04:58:55.170 8 INFO neutron.db.ovn_revision_numbers_db [None req-9fd93c7d-5b93-4308-8a22-3d83976f7797 e3c81812568747ff9cfec0c27b1dbeff aa514930302d4309a556a37e4aff512e - - default default] Successfully bumped revision number for resource 62809337-921b-476e-b3a3-3e0be34ee1b8 (type: security_group_rules) to 0
2026-07-17 04:58:55.184 8 INFO neutron.db.ovn_revision_numbers_db [None req-9fd93c7d-5b93-4308-8a22-3d83976f7797 e3c81812568747ff9cfec0c27b1dbeff aa514930302d4309a556a37e4aff512e - - default default] Successfully bumped revision number for resource 709b5ccb-0a6e-4c3e-a247-b00dc29227f7 (type: security_group_rules) to 0
2026-07-17 04:58:55.196 8 INFO neutron.db.ovn_revision_numbers_db [None req-9fd93c7d-5b93-4308-8a22-3d83976f7797 e3c81812568747ff9cfec0c27b1dbeff aa514930302d4309a556a37e4aff512e - - default default] Successfully bumped revision number for resource a51c92a7-1a00-4522-b4da-ed4f674a5418 (type: security_group_rules) to 0
2026-07-17 04:58:55.207 8 INFO neutron.db.ovn_revision_numbers_db [None req-9fd93c7d-5b93-4308-8a22-3d83976f7797 e3c81812568747ff9cfec0c27b1dbeff aa514930302d4309a556a37e4aff512e - - default default] Successfully bumped revision number for resource b140f412-5a3e-46d8-bfb2-5782cea91a53 (type: security_group_rules) to 0 [pid: 8|app: 0|req: 585/1176] 10.0.0.189 () {32 vars in 774 bytes} [Fri Jul 17 04:58:55 2026] GET /v2.0/security-groups?tenant_id=59081cac0d764ce889175096b6c151a7&name=default => generated 2925 bytes in 237 msecs (HTTP/1.1 200) 4 headers in 158 bytes (1 switches on core 0) [pid: 7|app: 0|req: 592/1177] 10.0.0.189 () {32 vars in 740 bytes} [Fri Jul 17 04:58:55 2026] DELETE /v2.0/security-groups/8799b105-22c1-46d0-a274-ca10a4931f10 => generated 0 bytes in 151 msecs (HTTP/1.1 204) 2 headers in 112 bytes (1 switches on core 0)
2026-07-17 04:58:55.594 8 WARNING neutron.db.securitygroups_db [None req-58e6c398-a57f-4e45-acb6-6d6dc7775997 e3c81812568747ff9cfec0c27b1dbeff aa514930302d4309a556a37e4aff512e - - default default] project_id key not found in filters, using tenant_id instead. This support has been deprecated and will be removed in a future release.
2026-07-17 04:58:55.688 8 INFO neutron.db.ovn_revision_numbers_db [None req-58e6c398-a57f-4e45-acb6-6d6dc7775997 e3c81812568747ff9cfec0c27b1dbeff aa514930302d4309a556a37e4aff512e - - default default] Successfully bumped revision number for resource e111c364-cc4c-4d5e-aa3b-ed9b8b014f59 (type: security_groups) to 1
2026-07-17 04:58:55.697 8 INFO neutron.db.ovn_revision_numbers_db [None req-58e6c398-a57f-4e45-acb6-6d6dc7775997 e3c81812568747ff9cfec0c27b1dbeff aa514930302d4309a556a37e4aff512e - - default default] Successfully bumped revision number for resource 17e6b423-03c3-42d8-b63e-eb5f51fef50f (type: security_group_rules) to 0
2026-07-17 04:58:55.707 8 INFO neutron.db.ovn_revision_numbers_db [None req-58e6c398-a57f-4e45-acb6-6d6dc7775997 e3c81812568747ff9cfec0c27b1dbeff aa514930302d4309a556a37e4aff512e - - default default] Successfully bumped revision number for resource 7b1dd028-99dc-4da7-9277-b79d19b4db58 (type: security_group_rules) to 0
2026-07-17 04:58:55.719 8 INFO neutron.db.ovn_revision_numbers_db [None req-58e6c398-a57f-4e45-acb6-6d6dc7775997 e3c81812568747ff9cfec0c27b1dbeff aa514930302d4309a556a37e4aff512e - - default default] Successfully bumped revision number for resource bbf82a30-2465-4af6-bd0b-7735aaedc004 (type: security_group_rules) to 0
2026-07-17 04:58:55.727 8 INFO neutron.db.ovn_revision_numbers_db [None req-58e6c398-a57f-4e45-acb6-6d6dc7775997 e3c81812568747ff9cfec0c27b1dbeff aa514930302d4309a556a37e4aff512e - - default default] Successfully bumped revision number for resource e15df82d-e3ef-420d-9bf0-a586bc3c276a (type: security_group_rules) to 0 [pid: 8|app: 0|req: 586/1178] 10.0.0.189 () {32 vars in 774 bytes} [Fri Jul 17 04:58:55 2026] GET /v2.0/security-groups?tenant_id=1c40c38c8b59457db1a58d54a47590b2&name=default => generated 2925 bytes in 169 msecs (HTTP/1.1 200) 4 headers in 158 bytes (1 switches on core 0)
2026-07-17 04:58:55.837 7 WARNING neutron.db.securitygroups_db [None req-e5a028d8-215e-43fb-97a8-ad50db934337 e3c81812568747ff9cfec0c27b1dbeff aa514930302d4309a556a37e4aff512e - - default default] project_id key not found in filters, using tenant_id instead. This support has been deprecated and will be removed in a future release. [pid: 8|app: 0|req: 587/1179] 10.0.0.189 () {32 vars in 740 bytes} [Fri Jul 17 04:58:55 2026] DELETE /v2.0/security-groups/e111c364-cc4c-4d5e-aa3b-ed9b8b014f59 => generated 0 bytes in 162 msecs (HTTP/1.1 204) 2 headers in 112 bytes (1 switches on core 0)
2026-07-17 04:58:55.971 7 INFO neutron.db.ovn_revision_numbers_db [None req-e5a028d8-215e-43fb-97a8-ad50db934337 e3c81812568747ff9cfec0c27b1dbeff aa514930302d4309a556a37e4aff512e - - default default] Successfully bumped revision number for resource ea1b68d2-8e23-4c6d-b78e-7e922749ba60 (type: security_groups) to 1
2026-07-17 04:58:55.982 7 INFO neutron.db.ovn_revision_numbers_db [None req-e5a028d8-215e-43fb-97a8-ad50db934337 e3c81812568747ff9cfec0c27b1dbeff aa514930302d4309a556a37e4aff512e - - default default] Successfully bumped revision number for resource 6fb954db-de47-4eae-947b-117283dd31e2 (type: security_group_rules) to 0
2026-07-17 04:58:55.994 7 INFO neutron.db.ovn_revision_numbers_db [None req-e5a028d8-215e-43fb-97a8-ad50db934337 e3c81812568747ff9cfec0c27b1dbeff aa514930302d4309a556a37e4aff512e - - default default] Successfully bumped revision number for resource 8eee0f7a-1870-4c46-9a92-5db135cec6a4 (type: security_group_rules) to 0
2026-07-17 04:58:56.005 7 INFO neutron.db.ovn_revision_numbers_db [None req-e5a028d8-215e-43fb-97a8-ad50db934337 e3c81812568747ff9cfec0c27b1dbeff aa514930302d4309a556a37e4aff512e - - default default] Successfully bumped revision number for resource bda5154b-0f7a-4c3b-aae9-631fbdccb230 (type: security_group_rules) to 0
2026-07-17 04:58:56.016 7 INFO neutron.db.ovn_revision_numbers_db [None req-e5a028d8-215e-43fb-97a8-ad50db934337 e3c81812568747ff9cfec0c27b1dbeff aa514930302d4309a556a37e4aff512e - - default default] Successfully bumped revision number for resource e904b13b-0568-47da-893e-2d9ae3a0c32c (type: security_group_rules) to 0 [pid: 7|app: 0|req: 593/1180] 10.0.0.189 () {32 vars in 774 bytes} [Fri Jul 17 04:58:55 2026] GET /v2.0/security-groups?tenant_id=7b1bd103193945179cde8252f734b26d&name=default => generated 2925 bytes in 417 msecs (HTTP/1.1 200) 4 headers in 158 bytes (1 switches on core 0) [pid: 8|app: 0|req: 588/1181] 10.0.0.189 () {32 vars in 740 bytes} [Fri Jul 17 04:58:56 2026] DELETE /v2.0/security-groups/ea1b68d2-8e23-4c6d-b78e-7e922749ba60 => generated 0 bytes in 206 msecs (HTTP/1.1 204) 2 headers in 112 bytes (1 switches on core 0)
2026-07-17 04:58:56.527 7 WARNING neutron.db.securitygroups_db [None req-3b5ffd49-6c62-4c8d-a785-4bc7675bbe0b e3c81812568747ff9cfec0c27b1dbeff aa514930302d4309a556a37e4aff512e - - default default] project_id key not found in filters, using tenant_id instead. This support has been deprecated and will be removed in a future release.
2026-07-17 04:58:56.630 7 INFO neutron.db.ovn_revision_numbers_db [None req-3b5ffd49-6c62-4c8d-a785-4bc7675bbe0b e3c81812568747ff9cfec0c27b1dbeff aa514930302d4309a556a37e4aff512e - - default default] Successfully bumped revision number for resource ab0e87cd-741b-4514-9a38-3bb813c9753a (type: security_groups) to 1
2026-07-17 04:58:56.640 7 INFO neutron.db.ovn_revision_numbers_db [None req-3b5ffd49-6c62-4c8d-a785-4bc7675bbe0b e3c81812568747ff9cfec0c27b1dbeff aa514930302d4309a556a37e4aff512e - - default default] Successfully bumped revision number for resource 44f44526-6211-4526-badb-48d878d99ee6 (type: security_group_rules) to 0
2026-07-17 04:58:56.651 7 INFO neutron.db.ovn_revision_numbers_db [None req-3b5ffd49-6c62-4c8d-a785-4bc7675bbe0b e3c81812568747ff9cfec0c27b1dbeff aa514930302d4309a556a37e4aff512e - - default default] Successfully bumped revision number for resource 6ac93cd0-8c3f-4336-95c0-715a7e40d9d7 (type: security_group_rules) to 0
2026-07-17 04:58:56.662 7 INFO neutron.db.ovn_revision_numbers_db [None req-3b5ffd49-6c62-4c8d-a785-4bc7675bbe0b e3c81812568747ff9cfec0c27b1dbeff aa514930302d4309a556a37e4aff512e - - default default] Successfully bumped revision number for resource e4f3d4a3-03f4-4205-b0e7-95f075336f01 (type: security_group_rules) to 0
2026-07-17 04:58:56.672 7 INFO neutron.db.ovn_revision_numbers_db [None req-3b5ffd49-6c62-4c8d-a785-4bc7675bbe0b e3c81812568747ff9cfec0c27b1dbeff aa514930302d4309a556a37e4aff512e - - default default] Successfully bumped revision number for resource fa2cf5f2-76df-49d8-a2af-4ea87f575fdf (type: security_group_rules) to 0 [pid: 7|app: 0|req: 594/1182] 10.0.0.189 () {32 vars in 774 bytes} [Fri Jul 17 04:58:56 2026] GET /v2.0/security-groups?tenant_id=476b04bff588466a8a412f23e94f0e02&name=default => generated 2925 bytes in 186 msecs (HTTP/1.1 200) 4 headers in 158 bytes (1 switches on core 0) [pid: 8|app: 0|req: 589/1183] 10.0.0.189 () {32 vars in 740 bytes} [Fri Jul 17 04:58:56 2026] DELETE /v2.0/security-groups/ab0e87cd-741b-4514-9a38-3bb813c9753a => generated 0 bytes in 186 msecs (HTTP/1.1 204) 2 headers in 112 bytes (1 switches on core 0)
2026-07-17 04:58:57.592 7 WARNING neutron.db.securitygroups_db [None req-7e7d8721-c23e-4049-8675-c8301c39bb60 e3c81812568747ff9cfec0c27b1dbeff aa514930302d4309a556a37e4aff512e - - default default] project_id key not found in filters, using tenant_id instead. This support has been deprecated and will be removed in a future release.
2026-07-17 04:58:57.699 7 INFO neutron.db.ovn_revision_numbers_db [None req-7e7d8721-c23e-4049-8675-c8301c39bb60 e3c81812568747ff9cfec0c27b1dbeff aa514930302d4309a556a37e4aff512e - - default default] Successfully bumped revision number for resource c75ff110-8884-42f0-9b4a-96d35df1cd08 (type: security_groups) to 1
2026-07-17 04:58:57.711 7 INFO neutron.db.ovn_revision_numbers_db [None req-7e7d8721-c23e-4049-8675-c8301c39bb60 e3c81812568747ff9cfec0c27b1dbeff aa514930302d4309a556a37e4aff512e - - default default] Successfully bumped revision number for resource 3b938d60-b2f5-4159-a2bc-778d57b66d94 (type: security_group_rules) to 0
2026-07-17 04:58:57.723 7 INFO neutron.db.ovn_revision_numbers_db [None req-7e7d8721-c23e-4049-8675-c8301c39bb60 e3c81812568747ff9cfec0c27b1dbeff aa514930302d4309a556a37e4aff512e - - default default] Successfully bumped revision number for resource 68c88afa-dff5-4a4b-b329-72ad89b41afc (type: security_group_rules) to 0
2026-07-17 04:58:57.740 7 INFO neutron.db.ovn_revision_numbers_db [None req-7e7d8721-c23e-4049-8675-c8301c39bb60 e3c81812568747ff9cfec0c27b1dbeff aa514930302d4309a556a37e4aff512e - - default default] Successfully bumped revision number for resource a42a0c11-9cee-4d10-bb4f-d99ee135b193 (type: security_group_rules) to 0
2026-07-17 04:58:57.751 7 INFO neutron.db.ovn_revision_numbers_db [None req-7e7d8721-c23e-4049-8675-c8301c39bb60 e3c81812568747ff9cfec0c27b1dbeff aa514930302d4309a556a37e4aff512e - - default default] Successfully bumped revision number for resource e8a0b9db-81b9-4356-a709-ce5761d14a9b (type: security_group_rules) to 0 [pid: 7|app: 0|req: 595/1184] 10.0.0.189 () {32 vars in 774 bytes} [Fri Jul 17 04:58:57 2026] GET /v2.0/security-groups?tenant_id=c704298f274646339596a7f6ac9546c1&name=default => generated 2925 bytes in 391 msecs (HTTP/1.1 200) 4 headers in 158 bytes (1 switches on core 0) [pid: 8|app: 0|req: 590/1185] 10.0.0.189 () {32 vars in 740 bytes} [Fri Jul 17 04:58:57 2026] DELETE /v2.0/security-groups/c75ff110-8884-42f0-9b4a-96d35df1cd08 => generated 0 bytes in 153 msecs (HTTP/1.1 204) 2 headers in 112 bytes (1 switches on core 0)
2026-07-17 04:58:58.052 7 WARNING neutron.db.securitygroups_db [None req-99baf1fb-5f42-4d3f-bd9f-1b41c36ed47e e3c81812568747ff9cfec0c27b1dbeff aa514930302d4309a556a37e4aff512e - - default default] project_id key not found in filters, using tenant_id instead. This support has been deprecated and will be removed in a future release.
2026-07-17 04:58:58.191 7 INFO neutron.db.ovn_revision_numbers_db [None req-99baf1fb-5f42-4d3f-bd9f-1b41c36ed47e e3c81812568747ff9cfec0c27b1dbeff aa514930302d4309a556a37e4aff512e - - default default] Successfully bumped revision number for resource 335008a7-c610-4f9a-a3a9-227456e35b45 (type: security_groups) to 1
2026-07-17 04:58:58.202 7 INFO neutron.db.ovn_revision_numbers_db [None req-99baf1fb-5f42-4d3f-bd9f-1b41c36ed47e e3c81812568747ff9cfec0c27b1dbeff aa514930302d4309a556a37e4aff512e - - default default] Successfully bumped revision number for resource 4d6b5ecd-b811-4312-a7c3-07d9ff749248 (type: security_group_rules) to 0
2026-07-17 04:58:58.211 7 INFO neutron.db.ovn_revision_numbers_db [None req-99baf1fb-5f42-4d3f-bd9f-1b41c36ed47e e3c81812568747ff9cfec0c27b1dbeff aa514930302d4309a556a37e4aff512e - - default default] Successfully bumped revision number for resource 9ba86f6d-b81f-4a3a-94c1-d3dcb8d469bb (type: security_group_rules) to 0
2026-07-17 04:58:58.223 7 INFO neutron.db.ovn_revision_numbers_db [None req-99baf1fb-5f42-4d3f-bd9f-1b41c36ed47e e3c81812568747ff9cfec0c27b1dbeff aa514930302d4309a556a37e4aff512e - - default default] Successfully bumped revision number for resource dd7d4f2c-02fd-4f9a-bb34-7a668b8788b5 (type: security_group_rules) to 0
2026-07-17 04:58:58.233 7 INFO neutron.db.ovn_revision_numbers_db [None req-99baf1fb-5f42-4d3f-bd9f-1b41c36ed47e e3c81812568747ff9cfec0c27b1dbeff aa514930302d4309a556a37e4aff512e - - default default] Successfully bumped revision number for resource e7e7bbde-fda6-485a-8c61-c7c739583428 (type: security_group_rules) to 0 [pid: 7|app: 0|req: 596/1186] 10.0.0.189 () {32 vars in 774 bytes} [Fri Jul 17 04:58:58 2026] GET /v2.0/security-groups?tenant_id=09b91bfd08254a9392a1a3b0a640bedf&name=default => generated 2925 bytes in 223 msecs (HTTP/1.1 200) 4 headers in 158 bytes (1 switches on core 0) [pid: 8|app: 0|req: 591/1187] 10.0.0.189 () {32 vars in 740 bytes} [Fri Jul 17 04:58:58 2026] DELETE /v2.0/security-groups/335008a7-c610-4f9a-a3a9-227456e35b45 => generated 0 bytes in 138 msecs (HTTP/1.1 204) 2 headers in 112 bytes (1 switches on core 0)
2026-07-17 04:58:59.108 7 WARNING neutron.db.securitygroups_db [None req-1902c484-dfd3-4c85-a326-854d2a72b8b7 e3c81812568747ff9cfec0c27b1dbeff aa514930302d4309a556a37e4aff512e - - default default] project_id key not found in filters, using tenant_id instead. This support has been deprecated and will be removed in a future release.
2026-07-17 04:58:59.222 7 INFO neutron.db.ovn_revision_numbers_db [None req-1902c484-dfd3-4c85-a326-854d2a72b8b7 e3c81812568747ff9cfec0c27b1dbeff aa514930302d4309a556a37e4aff512e - - default default] Successfully bumped revision number for resource b8240817-d051-474d-8f14-1243ec6d5ae1 (type: security_groups) to 1
2026-07-17 04:58:59.234 7 INFO neutron.db.ovn_revision_numbers_db [None req-1902c484-dfd3-4c85-a326-854d2a72b8b7 e3c81812568747ff9cfec0c27b1dbeff aa514930302d4309a556a37e4aff512e - - default default] Successfully bumped revision number for resource 0449d372-ba1b-4b14-86ec-afc2471207e7 (type: security_group_rules) to 0
2026-07-17 04:58:59.245 7 INFO neutron.db.ovn_revision_numbers_db [None req-1902c484-dfd3-4c85-a326-854d2a72b8b7 e3c81812568747ff9cfec0c27b1dbeff aa514930302d4309a556a37e4aff512e - - default default] Successfully bumped revision number for resource 93b31ac9-75ce-46d9-bd74-16e6362bfa3c (type: security_group_rules) to 0
2026-07-17 04:58:59.258 7 INFO neutron.db.ovn_revision_numbers_db [None req-1902c484-dfd3-4c85-a326-854d2a72b8b7 e3c81812568747ff9cfec0c27b1dbeff aa514930302d4309a556a37e4aff512e - - default default] Successfully bumped revision number for resource 96cbcdd5-36d2-41b0-8a21-2ab57351d5c5 (type: security_group_rules) to 0
2026-07-17 04:58:59.270 7 INFO neutron.db.ovn_revision_numbers_db [None req-1902c484-dfd3-4c85-a326-854d2a72b8b7 e3c81812568747ff9cfec0c27b1dbeff aa514930302d4309a556a37e4aff512e - - default default] Successfully bumped revision number for resource fd620089-e5da-4d85-9764-7c67f2fff7d8 (type: security_group_rules) to 0 [pid: 7|app: 0|req: 597/1188] 10.0.0.189 () {32 vars in 774 bytes} [Fri Jul 17 04:58:58 2026] GET /v2.0/security-groups?tenant_id=1eef4a87d6f747ec8ae219c10d9de144&name=default => generated 2925 bytes in 347 msecs (HTTP/1.1 200) 4 headers in 158 bytes (1 switches on core 0) [pid: 8|app: 0|req: 592/1189] 10.0.0.189 () {32 vars in 740 bytes} [Fri Jul 17 04:58:59 2026] DELETE /v2.0/security-groups/b8240817-d051-474d-8f14-1243ec6d5ae1 => generated 0 bytes in 150 msecs (HTTP/1.1 204) 2 headers in 112 bytes (1 switches on core 0)
2026-07-17 04:58:59.547 7 WARNING neutron.db.securitygroups_db [None req-8199e48a-a85d-4249-8c76-e561b77a6753 e3c81812568747ff9cfec0c27b1dbeff aa514930302d4309a556a37e4aff512e - - default default] project_id key not found in filters, using tenant_id instead. This support has been deprecated and will be removed in a future release.
2026-07-17 04:58:59.657 7 INFO neutron.db.ovn_revision_numbers_db [None req-8199e48a-a85d-4249-8c76-e561b77a6753 e3c81812568747ff9cfec0c27b1dbeff aa514930302d4309a556a37e4aff512e - - default default] Successfully bumped revision number for resource 95f7b216-490b-48e1-84ae-7f9146e96537 (type: security_groups) to 1
2026-07-17 04:58:59.667 7 INFO neutron.db.ovn_revision_numbers_db [None req-8199e48a-a85d-4249-8c76-e561b77a6753 e3c81812568747ff9cfec0c27b1dbeff aa514930302d4309a556a37e4aff512e - - default default] Successfully bumped revision number for resource 5aabca6d-3d3e-4722-85f9-9b28d46b6a8f (type: security_group_rules) to 0
2026-07-17 04:58:59.677 7 INFO neutron.db.ovn_revision_numbers_db [None req-8199e48a-a85d-4249-8c76-e561b77a6753 e3c81812568747ff9cfec0c27b1dbeff aa514930302d4309a556a37e4aff512e - - default default] Successfully bumped revision number for resource 5ea91858-9447-499f-9149-d20785e4027f (type: security_group_rules) to 0
2026-07-17 04:58:59.689 7 INFO neutron.db.ovn_revision_numbers_db [None req-8199e48a-a85d-4249-8c76-e561b77a6753 e3c81812568747ff9cfec0c27b1dbeff aa514930302d4309a556a37e4aff512e - - default default] Successfully bumped revision number for resource 6e5c019c-d348-465c-a6e6-05ab27fbbae2 (type: security_group_rules) to 0
2026-07-17 04:58:59.701 7 INFO neutron.db.ovn_revision_numbers_db [None req-8199e48a-a85d-4249-8c76-e561b77a6753 e3c81812568747ff9cfec0c27b1dbeff aa514930302d4309a556a37e4aff512e - - default default] Successfully bumped revision number for resource 861bf12c-2966-4c41-a520-347d44b4391a (type: security_group_rules) to 0 [pid: 7|app: 0|req: 598/1190] 10.0.0.189 () {32 vars in 774 bytes} [Fri Jul 17 04:58:59 2026] GET /v2.0/security-groups?tenant_id=d48de9916d4d4c98abdf082095a6ee1e&name=default => generated 2925 bytes in 195 msecs (HTTP/1.1 200) 4 headers in 158 bytes (1 switches on core 0) [pid: 8|app: 0|req: 593/1191] 10.0.0.189 () {32 vars in 740 bytes} [Fri Jul 17 04:58:59 2026] DELETE /v2.0/security-groups/95f7b216-490b-48e1-84ae-7f9146e96537 => generated 0 bytes in 162 msecs (HTTP/1.1 204) 2 headers in 112 bytes (1 switches on core 0)
2026-07-17 04:59:00.709 7 INFO neutron.db.ovn_revision_numbers_db [None req-f9f09cb6-7c94-4860-a5a4-825cafe383c7 13fea391d3c24f01a8fd7251c6fc4071 be03b84955dc4a8280319ab1c11fa58f - - default default] Successfully bumped revision number for resource 10b90920-15ff-406b-b24d-7639abb586d6 (type: security_groups) to 1
2026-07-17 04:59:00.720 7 INFO neutron.db.ovn_revision_numbers_db [None req-f9f09cb6-7c94-4860-a5a4-825cafe383c7 13fea391d3c24f01a8fd7251c6fc4071 be03b84955dc4a8280319ab1c11fa58f - - default default] Successfully bumped revision number for resource 67a28455-1e1e-464d-b78c-5d424c629bfb (type: security_group_rules) to 0
2026-07-17 04:59:00.730 7 INFO neutron.db.ovn_revision_numbers_db [None req-f9f09cb6-7c94-4860-a5a4-825cafe383c7 13fea391d3c24f01a8fd7251c6fc4071 be03b84955dc4a8280319ab1c11fa58f - - default default] Successfully bumped revision number for resource 9686cc3f-c01b-4135-903c-a4dd69eaf139 (type: security_group_rules) to 0
2026-07-17 04:59:00.739 7 INFO neutron.db.ovn_revision_numbers_db [None req-f9f09cb6-7c94-4860-a5a4-825cafe383c7 13fea391d3c24f01a8fd7251c6fc4071 be03b84955dc4a8280319ab1c11fa58f - - default default] Successfully bumped revision number for resource b01e5f99-765f-4446-9e21-b63346c6b087 (type: security_group_rules) to 0
2026-07-17 04:59:00.749 7 INFO neutron.db.ovn_revision_numbers_db [None req-f9f09cb6-7c94-4860-a5a4-825cafe383c7 13fea391d3c24f01a8fd7251c6fc4071 be03b84955dc4a8280319ab1c11fa58f - - default default] Successfully bumped revision number for resource e75ae2bf-e8ab-41aa-b937-25f653a9b287 (type: security_group_rules) to 0
2026-07-17 04:59:00.833 7 INFO neutron.db.segments_db [None req-f9f09cb6-7c94-4860-a5a4-825cafe383c7 13fea391d3c24f01a8fd7251c6fc4071 be03b84955dc4a8280319ab1c11fa58f - - default default] Added segment 05efcb6a-d86f-45b3-9b9f-b3a7f9d25e82 of type geneve for network d2b85d43-4703-4296-a876-50d2614cba87
2026-07-17 04:59:00.973 7 INFO neutron.db.ovn_revision_numbers_db [None req-f9f09cb6-7c94-4860-a5a4-825cafe383c7 13fea391d3c24f01a8fd7251c6fc4071 be03b84955dc4a8280319ab1c11fa58f - - default default] Successfully bumped revision number for resource d2b85d43-4703-4296-a876-50d2614cba87 (type: networks) to 1
2026-07-17 04:59:01.140 7 WARNING neutron.scheduler.dhcp_agent_scheduler [None req-f9f09cb6-7c94-4860-a5a4-825cafe383c7 13fea391d3c24f01a8fd7251c6fc4071 be03b84955dc4a8280319ab1c11fa58f - - default default] No more DHCP agents
2026-07-17 04:59:01.141 7 WARNING neutron.api.rpc.agentnotifiers.dhcp_rpc_agent_api [None req-f9f09cb6-7c94-4860-a5a4-825cafe383c7 13fea391d3c24f01a8fd7251c6fc4071 be03b84955dc4a8280319ab1c11fa58f - - default default] Unable to schedule network d2b85d43-4703-4296-a876-50d2614cba87: no agents available; will retry on subsequent port and subnet creation events.
2026-07-17 04:59:01.183 8 INFO neutron.plugins.ml2.drivers.ovn.mech_driver.mech_driver [None req-0ff68f13-00a8-4b2d-a156-fd791e275491 - - - - - -] OVN reports status down for port: 1605d08c-8aab-4e4b-aadc-b6b946b8bcd9
2026-07-17 04:59:01.210 7 INFO neutron.db.ovn_revision_numbers_db [None req-f9f09cb6-7c94-4860-a5a4-825cafe383c7 13fea391d3c24f01a8fd7251c6fc4071 be03b84955dc4a8280319ab1c11fa58f - - default default] Successfully bumped revision number for resource 1605d08c-8aab-4e4b-aadc-b6b946b8bcd9 (type: ports) to 1 [pid: 7|app: 0|req: 599/1192] 10.0.0.189 () {34 vars in 670 bytes} [Fri Jul 17 04:59:00 2026] POST /v2.0/networks => generated 670 bytes in 856 msecs (HTTP/1.1 201) 4 headers in 162 bytes (1 switches on core 0)
2026-07-17 04:59:01.339 8 INFO neutron.db.segments_db [None req-83450d64-cdcd-43c2-8fd9-cf107c22a619 13fea391d3c24f01a8fd7251c6fc4071 be03b84955dc4a8280319ab1c11fa58f - - default default] Added segment b7ff77a2-6017-4d91-bbdd-ccd49a8fb21a of type geneve for network 40c8f4fb-d3a4-4aff-bc29-26abebedaa03
2026-07-17 04:59:01.460 8 INFO neutron.db.ovn_revision_numbers_db [None req-83450d64-cdcd-43c2-8fd9-cf107c22a619 13fea391d3c24f01a8fd7251c6fc4071 be03b84955dc4a8280319ab1c11fa58f - - default default] Successfully bumped revision number for resource 40c8f4fb-d3a4-4aff-bc29-26abebedaa03 (type: networks) to 1
2026-07-17 04:59:01.665 8 WARNING neutron.scheduler.dhcp_agent_scheduler [None req-83450d64-cdcd-43c2-8fd9-cf107c22a619 13fea391d3c24f01a8fd7251c6fc4071 be03b84955dc4a8280319ab1c11fa58f - - default default] No more DHCP agents
2026-07-17 04:59:01.667 8 WARNING neutron.api.rpc.agentnotifiers.dhcp_rpc_agent_api [None req-83450d64-cdcd-43c2-8fd9-cf107c22a619 13fea391d3c24f01a8fd7251c6fc4071 be03b84955dc4a8280319ab1c11fa58f - - default default] Unable to schedule network 40c8f4fb-d3a4-4aff-bc29-26abebedaa03: no agents available; will retry on subsequent port and subnet creation events.
2026-07-17 04:59:01.704 7 INFO neutron.plugins.ml2.drivers.ovn.mech_driver.mech_driver [None req-14211015-2743-4c11-898a-1696d0179578 - - - - - -] OVN reports status down for port: 67bee88f-e5e5-441f-b098-38c4a6dfcdbc
2026-07-17 04:59:01.751 8 INFO neutron.db.ovn_revision_numbers_db [None req-83450d64-cdcd-43c2-8fd9-cf107c22a619 13fea391d3c24f01a8fd7251c6fc4071 be03b84955dc4a8280319ab1c11fa58f - - default default] Successfully bumped revision number for resource 67bee88f-e5e5-441f-b098-38c4a6dfcdbc (type: ports) to 1 [pid: 8|app: 0|req: 594/1193] 10.0.0.189 () {34 vars in 670 bytes} [Fri Jul 17 04:59:01 2026] POST /v2.0/networks => generated 670 bytes in 539 msecs (HTTP/1.1 201) 4 headers in 162 bytes (1 switches on core 0)
2026-07-17 04:59:01.900 7 INFO neutron.db.segments_db [None req-16823c7f-174f-4287-acd2-863f472a5c54 13fea391d3c24f01a8fd7251c6fc4071 be03b84955dc4a8280319ab1c11fa58f - - default default] Added segment 01604a13-3bcc-4bde-ad50-2521d81c9ed3 of type geneve for network ba42defe-d90b-4908-bb78-ed00853b56a2
2026-07-17 04:59:02.019 7 INFO neutron.db.ovn_revision_numbers_db [None req-16823c7f-174f-4287-acd2-863f472a5c54 13fea391d3c24f01a8fd7251c6fc4071 be03b84955dc4a8280319ab1c11fa58f - - default default] Successfully bumped revision number for resource ba42defe-d90b-4908-bb78-ed00853b56a2 (type: networks) to 1
2026-07-17 04:59:02.198 7 WARNING neutron.scheduler.dhcp_agent_scheduler [None req-16823c7f-174f-4287-acd2-863f472a5c54 13fea391d3c24f01a8fd7251c6fc4071 be03b84955dc4a8280319ab1c11fa58f - - default default] No more DHCP agents
2026-07-17 04:59:02.199 7 WARNING neutron.api.rpc.agentnotifiers.dhcp_rpc_agent_api [None req-16823c7f-174f-4287-acd2-863f472a5c54 13fea391d3c24f01a8fd7251c6fc4071 be03b84955dc4a8280319ab1c11fa58f - - default default] Unable to schedule network ba42defe-d90b-4908-bb78-ed00853b56a2: no agents available; will retry on subsequent port and subnet creation events.
2026-07-17 04:59:02.233 7 INFO neutron.plugins.ml2.drivers.ovn.mech_driver.mech_driver [None req-14211015-2743-4c11-898a-1696d0179578 - - - - - -] OVN reports status down for port: 85198d41-4df8-4509-b050-7ddfe5f2606a
2026-07-17 04:59:02.287 7 INFO neutron.db.ovn_revision_numbers_db [None req-16823c7f-174f-4287-acd2-863f472a5c54 13fea391d3c24f01a8fd7251c6fc4071 be03b84955dc4a8280319ab1c11fa58f - - default default] Successfully bumped revision number for resource 85198d41-4df8-4509-b050-7ddfe5f2606a (type: ports) to 1 [pid: 7|app: 0|req: 600/1194] 10.0.0.189 () {34 vars in 670 bytes} [Fri Jul 17 04:59:01 2026] POST /v2.0/networks => generated 670 bytes in 532 msecs (HTTP/1.1 201) 4 headers in 162 bytes (1 switches on core 0)
2026-07-17 04:59:02.409 8 INFO neutron.db.segments_db [None req-3a3acc88-5139-4cf6-8e07-68c5f96a4340 13fea391d3c24f01a8fd7251c6fc4071 be03b84955dc4a8280319ab1c11fa58f - - default default] Added segment 395e1350-0491-486e-a546-b76c5e30bda1 of type geneve for network 2e5666a2-bc08-445f-a1b6-727218b39ccf
2026-07-17 04:59:02.525 8 INFO neutron.db.ovn_revision_numbers_db [None req-3a3acc88-5139-4cf6-8e07-68c5f96a4340 13fea391d3c24f01a8fd7251c6fc4071 be03b84955dc4a8280319ab1c11fa58f - - default default] Successfully bumped revision number for resource 2e5666a2-bc08-445f-a1b6-727218b39ccf (type: networks) to 1
2026-07-17 04:59:02.560 7 WARNING neutron.db.securitygroups_db [None req-25005ebb-9e6b-49e1-a5e5-96413084202e e3c81812568747ff9cfec0c27b1dbeff aa514930302d4309a556a37e4aff512e - - default default] project_id key not found in filters, using tenant_id instead. This support has been deprecated and will be removed in a future release.
2026-07-17 04:59:02.681 7 INFO neutron.db.ovn_revision_numbers_db [None req-25005ebb-9e6b-49e1-a5e5-96413084202e e3c81812568747ff9cfec0c27b1dbeff aa514930302d4309a556a37e4aff512e - - default default] Successfully bumped revision number for resource 7fc407ec-ffaa-43f3-bc93-462465aeb199 (type: security_groups) to 1
2026-07-17 04:59:02.693 7 INFO neutron.db.ovn_revision_numbers_db [None req-25005ebb-9e6b-49e1-a5e5-96413084202e e3c81812568747ff9cfec0c27b1dbeff aa514930302d4309a556a37e4aff512e - - default default] Successfully bumped revision number for resource 3c9e96e1-401e-4ebe-8081-8ad75d208027 (type: security_group_rules) to 0
2026-07-17 04:59:02.703 7 INFO neutron.db.ovn_revision_numbers_db [None req-25005ebb-9e6b-49e1-a5e5-96413084202e e3c81812568747ff9cfec0c27b1dbeff aa514930302d4309a556a37e4aff512e - - default default] Successfully bumped revision number for resource 697f86ca-5ac2-4647-90af-4b83911d162a (type: security_group_rules) to 0
2026-07-17 04:59:02.713 7 INFO neutron.db.ovn_revision_numbers_db [None req-25005ebb-9e6b-49e1-a5e5-96413084202e e3c81812568747ff9cfec0c27b1dbeff aa514930302d4309a556a37e4aff512e - - default default] Successfully bumped revision number for resource 9d362a5a-625d-462e-a14c-c938c351d664 (type: security_group_rules) to 0
2026-07-17 04:59:02.724 7 INFO neutron.db.ovn_revision_numbers_db [None req-25005ebb-9e6b-49e1-a5e5-96413084202e e3c81812568747ff9cfec0c27b1dbeff aa514930302d4309a556a37e4aff512e - - default default] Successfully bumped revision number for resource b213dd9b-4a59-4352-b58f-2fe48ecc63f7 (type: security_group_rules) to 0
2026-07-17 04:59:02.732 8 WARNING neutron.scheduler.dhcp_agent_scheduler [None req-3a3acc88-5139-4cf6-8e07-68c5f96a4340 13fea391d3c24f01a8fd7251c6fc4071 be03b84955dc4a8280319ab1c11fa58f - - default default] No more DHCP agents
2026-07-17 04:59:02.734 8 WARNING neutron.api.rpc.agentnotifiers.dhcp_rpc_agent_api [None req-3a3acc88-5139-4cf6-8e07-68c5f96a4340 13fea391d3c24f01a8fd7251c6fc4071 be03b84955dc4a8280319ab1c11fa58f - - default default] Unable to schedule network 2e5666a2-bc08-445f-a1b6-727218b39ccf: no agents available; will retry on subsequent port and subnet creation events. [pid: 7|app: 0|req: 601/1195] 10.0.0.189 () {32 vars in 774 bytes} [Fri Jul 17 04:59:02 2026] GET /v2.0/security-groups?tenant_id=189dd72d59194781836f09a72c8308ce&name=default => generated 2925 bytes in 384 msecs (HTTP/1.1 200) 4 headers in 158 bytes (1 switches on core 0)
2026-07-17 04:59:02.771 8 INFO neutron.plugins.ml2.drivers.ovn.mech_driver.mech_driver [None req-0ff68f13-00a8-4b2d-a156-fd791e275491 - - - - - -] OVN reports status down for port: ad0a86a2-fb42-46b0-b52a-4b465891ef90
2026-07-17 04:59:02.838 8 INFO neutron.db.ovn_revision_numbers_db [None req-3a3acc88-5139-4cf6-8e07-68c5f96a4340 13fea391d3c24f01a8fd7251c6fc4071 be03b84955dc4a8280319ab1c11fa58f - - default default] Successfully bumped revision number for resource ad0a86a2-fb42-46b0-b52a-4b465891ef90 (type: ports) to 1 [pid: 8|app: 0|req: 595/1196] 10.0.0.189 () {34 vars in 670 bytes} [Fri Jul 17 04:59:02 2026] POST /v2.0/networks => generated 669 bytes in 579 msecs (HTTP/1.1 201) 4 headers in 162 bytes (1 switches on core 0) [pid: 7|app: 0|req: 602/1197] 10.0.0.189 () {32 vars in 740 bytes} [Fri Jul 17 04:59:02 2026] DELETE /v2.0/security-groups/7fc407ec-ffaa-43f3-bc93-462465aeb199 => generated 0 bytes in 183 msecs (HTTP/1.1 204) 2 headers in 112 bytes (1 switches on core 0)
2026-07-17 04:59:02.987 8 INFO neutron.db.segments_db [None req-fb3029b6-12b0-4d76-ae07-f345dc58b800 13fea391d3c24f01a8fd7251c6fc4071 be03b84955dc4a8280319ab1c11fa58f - - default default] Added segment b8dacc46-8f1c-4a0c-8f8b-9c355ccb0f92 of type geneve for network 1d1758de-83b1-49bf-97b0-3908e36179f7
2026-07-17 04:59:03.092 8 INFO neutron.db.ovn_revision_numbers_db [None req-fb3029b6-12b0-4d76-ae07-f345dc58b800 13fea391d3c24f01a8fd7251c6fc4071 be03b84955dc4a8280319ab1c11fa58f - - default default] Successfully bumped revision number for resource 1d1758de-83b1-49bf-97b0-3908e36179f7 (type: networks) to 1
2026-07-17 04:59:03.177 7 WARNING neutron.db.securitygroups_db [None req-ed93481d-6a19-4332-a3b0-a5ef16287a08 e3c81812568747ff9cfec0c27b1dbeff aa514930302d4309a556a37e4aff512e - - default default] project_id key not found in filters, using tenant_id instead. This support has been deprecated and will be removed in a future release.
2026-07-17 04:59:03.246 8 WARNING neutron.scheduler.dhcp_agent_scheduler [None req-fb3029b6-12b0-4d76-ae07-f345dc58b800 13fea391d3c24f01a8fd7251c6fc4071 be03b84955dc4a8280319ab1c11fa58f - - default default] No more DHCP agents
2026-07-17 04:59:03.247 8 WARNING neutron.api.rpc.agentnotifiers.dhcp_rpc_agent_api [None req-fb3029b6-12b0-4d76-ae07-f345dc58b800 13fea391d3c24f01a8fd7251c6fc4071 be03b84955dc4a8280319ab1c11fa58f - - default default] Unable to schedule network 1d1758de-83b1-49bf-97b0-3908e36179f7: no agents available; will retry on subsequent port and subnet creation events.
2026-07-17 04:59:03.286 7 INFO neutron.db.ovn_revision_numbers_db [None req-ed93481d-6a19-4332-a3b0-a5ef16287a08 e3c81812568747ff9cfec0c27b1dbeff aa514930302d4309a556a37e4aff512e - - default default] Successfully bumped revision number for resource 0e9695ff-cce2-4c69-abcd-ae8c6ebafa5d (type: security_groups) to 1
2026-07-17 04:59:03.302 7 INFO neutron.plugins.ml2.drivers.ovn.mech_driver.mech_driver [None req-14211015-2743-4c11-898a-1696d0179578 - - - - - -] OVN reports status down for port: 393ecaf6-9a77-4a1e-b6b6-cf696a3ec0c9
2026-07-17 04:59:03.329 7 INFO neutron.db.ovn_revision_numbers_db [None req-ed93481d-6a19-4332-a3b0-a5ef16287a08 e3c81812568747ff9cfec0c27b1dbeff aa514930302d4309a556a37e4aff512e - - default default] Successfully bumped revision number for resource 4c3de47d-6ea4-4279-921f-39262c574526 (type: security_group_rules) to 0
2026-07-17 04:59:03.330 8 INFO neutron.db.ovn_revision_numbers_db [None req-fb3029b6-12b0-4d76-ae07-f345dc58b800 13fea391d3c24f01a8fd7251c6fc4071 be03b84955dc4a8280319ab1c11fa58f - - default default] Successfully bumped revision number for resource 393ecaf6-9a77-4a1e-b6b6-cf696a3ec0c9 (type: ports) to 1
2026-07-17 04:59:03.345 7 INFO neutron.db.ovn_revision_numbers_db [None req-ed93481d-6a19-4332-a3b0-a5ef16287a08 e3c81812568747ff9cfec0c27b1dbeff aa514930302d4309a556a37e4aff512e - - default default] Successfully bumped revision number for resource be29068d-3317-4212-82bd-e5113fa2af18 (type: security_group_rules) to 0 [pid: 8|app: 0|req: 596/1198] 10.0.0.189 () {34 vars in 670 bytes} [Fri Jul 17 04:59:02 2026] POST /v2.0/networks => generated 669 bytes in 447 msecs (HTTP/1.1 201) 4 headers in 162 bytes (1 switches on core 0)
2026-07-17 04:59:03.360 7 INFO neutron.db.ovn_revision_numbers_db [None req-ed93481d-6a19-4332-a3b0-a5ef16287a08 e3c81812568747ff9cfec0c27b1dbeff aa514930302d4309a556a37e4aff512e - - default default] Successfully bumped revision number for resource e10cf807-8350-486a-96c4-552c5e43eb90 (type: security_group_rules) to 0
2026-07-17 04:59:03.361 8 WARNING neutron.db.securitygroups_db [None req-4a8992d7-47b3-4df3-9f05-aa36e6f90c8c e3c81812568747ff9cfec0c27b1dbeff aa514930302d4309a556a37e4aff512e - - default default] project_id key not found in filters, using tenant_id instead. This support has been deprecated and will be removed in a future release.
2026-07-17 04:59:03.382 7 INFO neutron.db.ovn_revision_numbers_db [None req-ed93481d-6a19-4332-a3b0-a5ef16287a08 e3c81812568747ff9cfec0c27b1dbeff aa514930302d4309a556a37e4aff512e - - default default] Successfully bumped revision number for resource f1585490-48ac-4848-8713-9379de5186fb (type: security_group_rules) to 0 [pid: 7|app: 0|req: 603/1199] 10.0.0.189 () {32 vars in 774 bytes} [Fri Jul 17 04:59:02 2026] GET /v2.0/security-groups?tenant_id=2b1150361df5459baa5f1159b8131e5a&name=default => generated 2925 bytes in 451 msecs (HTTP/1.1 200) 4 headers in 158 bytes (1 switches on core 0)
2026-07-17 04:59:03.474 8 INFO neutron.db.ovn_revision_numbers_db [None req-4a8992d7-47b3-4df3-9f05-aa36e6f90c8c e3c81812568747ff9cfec0c27b1dbeff aa514930302d4309a556a37e4aff512e - - default default] Successfully bumped revision number for resource 38d8e0a8-68df-4469-8456-33dcff4f018f (type: security_groups) to 1 [pid: 7|app: 0|req: 604/1200] 10.0.0.189 () {34 vars in 753 bytes} [Fri Jul 17 04:59:03 2026] PUT /v2.0/networks/d2b85d43-4703-4296-a876-50d2614cba87/tags => generated 17 bytes in 72 msecs (HTTP/1.1 200) 4 headers in 156 bytes (1 switches on core 0)
2026-07-17 04:59:03.504 8 INFO neutron.db.ovn_revision_numbers_db [None req-4a8992d7-47b3-4df3-9f05-aa36e6f90c8c e3c81812568747ff9cfec0c27b1dbeff aa514930302d4309a556a37e4aff512e - - default default] Successfully bumped revision number for resource 1befe493-ff47-4e98-ae5f-f8d44360483d (type: security_group_rules) to 0
2026-07-17 04:59:03.517 8 INFO neutron.db.ovn_revision_numbers_db [None req-4a8992d7-47b3-4df3-9f05-aa36e6f90c8c e3c81812568747ff9cfec0c27b1dbeff aa514930302d4309a556a37e4aff512e - - default default] Successfully bumped revision number for resource 6b186b7e-64e2-4191-a846-c05b9c91e5e5 (type: security_group_rules) to 0
2026-07-17 04:59:03.538 8 INFO neutron.db.ovn_revision_numbers_db [None req-4a8992d7-47b3-4df3-9f05-aa36e6f90c8c e3c81812568747ff9cfec0c27b1dbeff aa514930302d4309a556a37e4aff512e - - default default] Successfully bumped revision number for resource 909137ab-0982-4634-89f2-185beb495b12 (type: security_group_rules) to 0
2026-07-17 04:59:03.557 8 INFO neutron.db.ovn_revision_numbers_db [None req-4a8992d7-47b3-4df3-9f05-aa36e6f90c8c e3c81812568747ff9cfec0c27b1dbeff aa514930302d4309a556a37e4aff512e - - default default] Successfully bumped revision number for resource ecd60f40-15d5-4dd4-be9e-a2fe11cdfe10 (type: security_group_rules) to 0 [pid: 8|app: 0|req: 597/1201] 10.0.0.189 () {32 vars in 774 bytes} [Fri Jul 17 04:59:03 2026] GET /v2.0/security-groups?tenant_id=4e59ba5aad2b429d9338b06677521eb2&name=default => generated 2925 bytes in 253 msecs (HTTP/1.1 200) 4 headers in 158 bytes (1 switches on core 0) [pid: 7|app: 0|req: 605/1202] 10.0.0.189 () {32 vars in 740 bytes} [Fri Jul 17 04:59:03 2026] DELETE /v2.0/security-groups/0e9695ff-cce2-4c69-abcd-ae8c6ebafa5d => generated 0 bytes in 161 msecs (HTTP/1.1 204) 2 headers in 112 bytes (1 switches on core 0) [pid: 8|app: 0|req: 598/1203] 10.0.0.189 () {34 vars in 753 bytes} [Fri Jul 17 04:59:03 2026] PUT /v2.0/networks/40c8f4fb-d3a4-4aff-bc29-26abebedaa03/tags => generated 25 bytes in 82 msecs (HTTP/1.1 200) 4 headers in 156 bytes (1 switches on core 0) [pid: 8|app: 0|req: 599/1204] 10.0.0.189 () {34 vars in 753 bytes} [Fri Jul 17 04:59:03 2026] PUT /v2.0/networks/ba42defe-d90b-4908-bb78-ed00853b56a2/tags => generated 34 bytes in 51 msecs (HTTP/1.1 200) 4 headers in 156 bytes (1 switches on core 0) [pid: 7|app: 0|req: 606/1205] 10.0.0.189 () {32 vars in 740 bytes} [Fri Jul 17 04:59:03 2026] DELETE /v2.0/security-groups/38d8e0a8-68df-4469-8456-33dcff4f018f => generated 0 bytes in 157 msecs (HTTP/1.1 204) 2 headers in 112 bytes (1 switches on core 0) [pid: 7|app: 0|req: 607/1206] 10.0.0.189 () {34 vars in 753 bytes} [Fri Jul 17 04:59:03 2026] PUT /v2.0/networks/2e5666a2-bc08-445f-a1b6-727218b39ccf/tags => generated 19 bytes in 57 msecs (HTTP/1.1 200) 4 headers in 156 bytes (1 switches on core 0)
2026-07-17 04:59:03.881 7 WARNING neutron.db.securitygroups_db [None req-77933df7-ca78-4cdb-b36e-ba8f365108ef e3c81812568747ff9cfec0c27b1dbeff aa514930302d4309a556a37e4aff512e - - default default] project_id key not found in filters, using tenant_id instead. This support has been deprecated and will be removed in a future release.
2026-07-17 04:59:03.929 8 WARNING neutron.db.securitygroups_db [None req-71d147f3-a4a4-4fbd-bb5f-64f75a395144 e3c81812568747ff9cfec0c27b1dbeff aa514930302d4309a556a37e4aff512e - - default default] project_id key not found in filters, using tenant_id instead. This support has been deprecated and will be removed in a future release.
2026-07-17 04:59:03.985 7 INFO neutron.db.ovn_revision_numbers_db [None req-77933df7-ca78-4cdb-b36e-ba8f365108ef e3c81812568747ff9cfec0c27b1dbeff aa514930302d4309a556a37e4aff512e - - default default] Successfully bumped revision number for resource 5a701dbc-0e17-4df6-9710-e9e24cf491ae (type: security_groups) to 1
2026-07-17 04:59:03.998 7 INFO neutron.db.ovn_revision_numbers_db [None req-77933df7-ca78-4cdb-b36e-ba8f365108ef e3c81812568747ff9cfec0c27b1dbeff aa514930302d4309a556a37e4aff512e - - default default] Successfully bumped revision number for resource 300837d7-5d35-42af-b84b-cfe09805ac82 (type: security_group_rules) to 0
2026-07-17 04:59:04.009 7 INFO neutron.db.ovn_revision_numbers_db [None req-77933df7-ca78-4cdb-b36e-ba8f365108ef e3c81812568747ff9cfec0c27b1dbeff aa514930302d4309a556a37e4aff512e - - default default] Successfully bumped revision number for resource 442ea8f0-9ace-4446-8775-a362c9cce3aa (type: security_group_rules) to 0
2026-07-17 04:59:04.023 7 INFO neutron.db.ovn_revision_numbers_db [None req-77933df7-ca78-4cdb-b36e-ba8f365108ef e3c81812568747ff9cfec0c27b1dbeff aa514930302d4309a556a37e4aff512e - - default default] Successfully bumped revision number for resource 8694473e-616a-4e81-b0b8-85ad2fabd9fe (type: security_group_rules) to 0
2026-07-17 04:59:04.035 7 INFO neutron.db.ovn_revision_numbers_db [None req-77933df7-ca78-4cdb-b36e-ba8f365108ef e3c81812568747ff9cfec0c27b1dbeff aa514930302d4309a556a37e4aff512e - - default default] Successfully bumped revision number for resource dd7c0ca7-f601-46f8-a708-9148865fcc09 (type: security_group_rules) to 0
2026-07-17 04:59:04.036 8 INFO neutron.db.ovn_revision_numbers_db [None req-71d147f3-a4a4-4fbd-bb5f-64f75a395144 e3c81812568747ff9cfec0c27b1dbeff aa514930302d4309a556a37e4aff512e - - default default] Successfully bumped revision number for resource a2c485f2-9591-4fbd-9b6b-dec3c5260345 (type: security_groups) to 1
2026-07-17 04:59:04.046 8 INFO neutron.db.ovn_revision_numbers_db [None req-71d147f3-a4a4-4fbd-bb5f-64f75a395144 e3c81812568747ff9cfec0c27b1dbeff aa514930302d4309a556a37e4aff512e - - default default] Successfully bumped revision number for resource 32b5e72b-d93d-4a15-80d5-69e5ade0847b (type: security_group_rules) to 0
2026-07-17 04:59:04.058 8 INFO neutron.db.ovn_revision_numbers_db [None req-71d147f3-a4a4-4fbd-bb5f-64f75a395144 e3c81812568747ff9cfec0c27b1dbeff aa514930302d4309a556a37e4aff512e - - default default] Successfully bumped revision number for resource 51612974-f77a-4a09-948a-6d8562aec465 (type: security_group_rules) to 0
2026-07-17 04:59:04.070 8 INFO neutron.db.ovn_revision_numbers_db [None req-71d147f3-a4a4-4fbd-bb5f-64f75a395144 e3c81812568747ff9cfec0c27b1dbeff aa514930302d4309a556a37e4aff512e - - default default] Successfully bumped revision number for resource 6301affb-7749-4fd0-ad5f-e6e8efe34fa7 (type: security_group_rules) to 0 [pid: 7|app: 0|req: 608/1207] 10.0.0.189 () {32 vars in 774 bytes} [Fri Jul 17 04:59:03 2026] GET /v2.0/security-groups?tenant_id=0ce4d83a1b784cbf92048604701a0abe&name=default => generated 2925 bytes in 199 msecs (HTTP/1.1 200) 4 headers in 158 bytes (1 switches on core 0)
