2026-07-17 04:58:08.391 7 INFO neutron_taas.services.taas.taas_plugin [None req-46b62f12-177b-4ecd-8402-a08c5a679273 e3c81812568747ff9cfec0c27b1dbeff aa514930302d4309a556a37e4aff512e - - default default] TaaS: Handle Delete Port: 4029693b-c349-47b1-a7b9-4c8094bddb83
2026-07-17 04:58:08.393 7 INFO neutron_taas.services.taas.tap_mirror_plugin [None req-46b62f12-177b-4ecd-8402-a08c5a679273 e3c81812568747ff9cfec0c27b1dbeff aa514930302d4309a556a37e4aff512e - - default default] Tap Mirror: Handle Delete Port: 4029693b-c349-47b1-a7b9-4c8094bddb83
2026-07-17 04:58:08.416 8 INFO neutron_taas.services.taas.taas_plugin [None req-fed31610-6e48-44ea-a490-38064086fa5a 05fb41b56b284fd2a7517f345159534f b38049dde3c548098a625a82cd2ddf93 - - default default] TaaS: Handle Delete Port: 836e077d-95de-4ebe-9cf0-e43154e7c03c
2026-07-17 04:58:08.420 8 INFO neutron_taas.services.taas.tap_mirror_plugin [None req-fed31610-6e48-44ea-a490-38064086fa5a 05fb41b56b284fd2a7517f345159534f b38049dde3c548098a625a82cd2ddf93 - - default default] Tap Mirror: Handle Delete Port: 836e077d-95de-4ebe-9cf0-e43154e7c03c
2026-07-17 04:58:08.566 7 INFO neutron.services.segments.plugin [-] Segment 0877627f-5a99-4eb1-88e3-61ac4c4e83a7 resource provider aggregate not found
2026-07-17 04:58:08.573 7 INFO neutron.services.segments.plugin [-] Segment 0877627f-5a99-4eb1-88e3-61ac4c4e83a7 resource provider aggregate not found
2026-07-17 04:58:08.589 7 INFO neutron.services.segments.plugin [-] Client error retrieving segment 0877627f-5a99-4eb1-88e3-61ac4c4e83a7 resource provider; error: Placement Client Error (4xx): {"errors": [{"status": 404, "title": "Not Found", "detail": "The resource could not be found.\n\n No resource provider with uuid 0877627f-5a99-4eb1-88e3-61ac4c4e83a7 found for delete ", "request_id": "req-ae1891c2-8b5e-4441-8a8f-420ec81c4032"}]}
2026-07-17 04:58:08.591 7 INFO neutron.services.segments.plugin [-] Client error retrieving segment 0877627f-5a99-4eb1-88e3-61ac4c4e83a7 resource provider; error: Placement Client Error (4xx): {"errors": [{"status": 404, "title": "Not Found", "detail": "The resource could not be found.\n\n No resource provider with uuid 0877627f-5a99-4eb1-88e3-61ac4c4e83a7 found for delete ", "request_id": "req-ae412a53-41bf-49ab-8c05-95b130f92a93"}]} [pid: 8|app: 0|req: 452/870] 10.0.0.189 () {32 vars in 720 bytes} [Fri Jul 17 04:58:08 2026] DELETE /v2.0/ports/836e077d-95de-4ebe-9cf0-e43154e7c03c => generated 0 bytes in 316 msecs (HTTP/1.1 204) 3 headers in 131 bytes (1 switches on core 0) [pid: 7|app: 0|req: 419/871] 10.0.0.189 () {32 vars in 726 bytes} [Fri Jul 17 04:58:08 2026] DELETE /v2.0/networks/baa3fb35-33af-45cd-9d99-2f434ab19b99 => generated 0 bytes in 351 msecs (HTTP/1.1 204) 3 headers in 131 bytes (1 switches on core 0) [pid: 8|app: 0|req: 453/872] 199.204.45.89 () {34 vars in 1011 bytes} [Fri Jul 17 04:58:08 2026] GET /v2.0/networks/477ef960-ddcc-445e-bb35-e5f48e0492c1?fields=segments => generated 14 bytes in 40 msecs (HTTP/1.1 200) 4 headers in 156 bytes (1 switches on core 0) [pid: 8|app: 0|req: 454/873] 199.204.45.89 () {34 vars in 1111 bytes} [Fri Jul 17 04:58:08 2026] GET /v2.0/networks/477ef960-ddcc-445e-bb35-e5f48e0492c1?fields=provider%3Aphysical_network&fields=provider%3Anetwork_type => generated 79 bytes in 34 msecs (HTTP/1.1 200) 4 headers in 156 bytes (1 switches on core 0) [pid: 7|app: 0|req: 420/874] 10.0.0.189 () {32 vars in 736 bytes} [Fri Jul 17 04:58:08 2026] GET /v2.0/ports?device_id=24a74be1-1de3-468b-a18f-8db816dc9569 => generated 944 bytes in 78 msecs (HTTP/1.1 200) 4 headers in 157 bytes (1 switches on core 0)
2026-07-17 04:58:08.804 7 WARNING neutron.db.securitygroups_db [None req-608b9512-c5a3-4810-a429-4d7642d6fde2 e3c81812568747ff9cfec0c27b1dbeff aa514930302d4309a556a37e4aff512e - - default default] project_id key not found in filters, using tenant_id instead. This support has been deprecated and will be removed in a future release. [pid: 7|app: 0|req: 421/875] 10.0.0.189 () {32 vars in 774 bytes} [Fri Jul 17 04:58:08 2026] GET /v2.0/security-groups?tenant_id=dda1b31d3b134ece8452cd925b197509&name=default => generated 2921 bytes in 34 msecs (HTTP/1.1 200) 4 headers in 158 bytes (1 switches on core 0) [pid: 7|app: 0|req: 422/876] 10.0.0.189 () {32 vars in 740 bytes} [Fri Jul 17 04:58:08 2026] DELETE /v2.0/security-groups/14abf6a5-75d7-482c-9961-04d995d6c2f2 => generated 0 bytes in 163 msecs (HTTP/1.1 204) 2 headers in 112 bytes (1 switches on core 0)
2026-07-17 04:58:09.009 8 INFO neutron_taas.services.taas.taas_plugin [None req-ee2d4ae1-19b7-4778-bce3-17a255629b93 05fb41b56b284fd2a7517f345159534f b38049dde3c548098a625a82cd2ddf93 - - default default] TaaS: Handle Delete Port: 43227858-ea4e-462b-bb6f-fb8cd77f89f6
2026-07-17 04:58:09.012 8 INFO neutron_taas.services.taas.tap_mirror_plugin [None req-ee2d4ae1-19b7-4778-bce3-17a255629b93 05fb41b56b284fd2a7517f345159534f b38049dde3c548098a625a82cd2ddf93 - - default default] Tap Mirror: Handle Delete Port: 43227858-ea4e-462b-bb6f-fb8cd77f89f6 [pid: 7|app: 0|req: 423/877] 10.0.0.79 () {34 vars in 1069 bytes} [Fri Jul 17 04:58:09 2026] GET /v2.0/ports?fields=security_groups&fields=device_id&device_id=8ec8c7b9-ea43-4bdd-b30c-907f500eb3bf => generated 123 bytes in 81 msecs (HTTP/1.1 200) 4 headers in 157 bytes (1 switches on core 0) [pid: 7|app: 0|req: 424/878] 10.0.0.79 () {34 vars in 1039 bytes} [Fri Jul 17 04:58:09 2026] GET /v2.0/security-groups?id=8cedc54d-7662-4daf-8a6a-0186eb943eb7&fields=id&fields=name => generated 113 bytes in 37 msecs (HTTP/1.1 200) 4 headers in 157 bytes (1 switches on core 0) [pid: 7|app: 0|req: 425/879] 10.0.0.79 () {34 vars in 1069 bytes} [Fri Jul 17 04:58:09 2026] GET /v2.0/ports?fields=security_groups&fields=device_id&device_id=87c55e9b-9197-442d-af0d-8e32d9278752 => generated 12 bytes in 18 msecs (HTTP/1.1 200) 4 headers in 156 bytes (1 switches on core 0) [pid: 8|app: 0|req: 455/880] 10.0.0.189 () {34 vars in 789 bytes} [Fri Jul 17 04:58:08 2026] PUT /v2.0/routers/24a74be1-1de3-468b-a18f-8db816dc9569/remove_router_interface => generated 310 bytes in 752 msecs (HTTP/1.1 200) 4 headers in 157 bytes (1 switches on core 0)
2026-07-17 04:58:09.497 7 WARNING neutron.plugins.ml2.drivers.ovn.mech_driver.ovsdb.ovn_client [None req-23982126-078e-411b-9b9b-3b5a1a1a067a - - - - - -] No hosting information found for port 4f663c98-d85c-4d7c-b64b-49dcba88d9db: RuntimeError: No hosting information found for port 4f663c98-d85c-4d7c-b64b-49dcba88d9db
2026-07-17 04:58:09.497 7 INFO neutron.plugins.ml2.drivers.ovn.mech_driver.mech_driver [None req-23982126-078e-411b-9b9b-3b5a1a1a067a - - - - - -] OVN reports status down for port: 43227858-ea4e-462b-bb6f-fb8cd77f89f6
2026-07-17 04:58:09.524 7 INFO neutron.plugins.ml2.drivers.ovn.mech_driver.mech_driver [None req-23982126-078e-411b-9b9b-3b5a1a1a067a - - - - - -] OVN reports status up for port: 43227858-ea4e-462b-bb6f-fb8cd77f89f6
2026-07-17 04:58:09.604 7 INFO neutron.common.ovn.utils [None req-23982126-078e-411b-9b9b-3b5a1a1a067a - - - - - -] HA Chassis Group neutron-49103a3b-b6fe-400b-8f3b-abc157bb68d1 synchronized; highest priority chassis a69b94be-7568-4a7b-a227-f3a3fb90f7f6
2026-07-17 04:58:09.883 7 INFO neutron_taas.services.taas.taas_plugin [None req-bcba1cf7-0109-42d9-9416-7cd95ab95eda 05fb41b56b284fd2a7517f345159534f b38049dde3c548098a625a82cd2ddf93 - - default default] TaaS: Handle Delete Port: 4f663c98-d85c-4d7c-b64b-49dcba88d9db
2026-07-17 04:58:09.888 7 INFO neutron_taas.services.taas.tap_mirror_plugin [None req-bcba1cf7-0109-42d9-9416-7cd95ab95eda 05fb41b56b284fd2a7517f345159534f b38049dde3c548098a625a82cd2ddf93 - - default default] Tap Mirror: Handle Delete Port: 4f663c98-d85c-4d7c-b64b-49dcba88d9db [pid: 7|app: 0|req: 426/881] 10.0.0.189 () {32 vars in 724 bytes} [Fri Jul 17 04:58:09 2026] DELETE /v2.0/routers/24a74be1-1de3-468b-a18f-8db816dc9569 => generated 0 bytes in 863 msecs (HTTP/1.1 204) 2 headers in 112 bytes (1 switches on core 0) /var/lib/openstack/lib/python3.12/site-packages/pycadf/identifier.py:70: UserWarning: Invalid uuid: neutron. To ensure interoperability, identifiers should be a valid uuid. warnings.warn(('Invalid uuid: %s. To ensure interoperability, ' /var/lib/openstack/lib/python3.12/site-packages/pycadf/identifier.py:70: UserWarning: Invalid uuid: neutron. To ensure interoperability, identifiers should be a valid uuid. warnings.warn(('Invalid uuid: %s. To ensure interoperability, ' [pid: 7|app: 0|req: 427/882] 10.0.0.79 () {34 vars in 1069 bytes} [Fri Jul 17 04:58:10 2026] GET /v2.0/ports?fields=security_groups&fields=device_id&device_id=8ec8c7b9-ea43-4bdd-b30c-907f500eb3bf => generated 123 bytes in 39 msecs (HTTP/1.1 200) 4 headers in 157 bytes (1 switches on core 0) [pid: 8|app: 0|req: 456/883] 10.0.0.189 () {32 vars in 724 bytes} [Fri Jul 17 04:58:10 2026] DELETE /v2.0/subnets/17b31024-ea63-458a-8f56-8eb746a06eb9 => generated 0 bytes in 178 msecs (HTTP/1.1 204) 3 headers in 131 bytes (1 switches on core 0) [pid: 8|app: 0|req: 457/884] 10.0.0.79 () {34 vars in 1039 bytes} [Fri Jul 17 04:58:10 2026] GET /v2.0/security-groups?id=8cedc54d-7662-4daf-8a6a-0186eb943eb7&fields=id&fields=name => generated 113 bytes in 31 msecs (HTTP/1.1 200) 4 headers in 157 bytes (1 switches on core 0) [pid: 8|app: 0|req: 458/885] 10.0.0.79 () {34 vars in 1069 bytes} [Fri Jul 17 04:58:10 2026] GET /v2.0/ports?fields=security_groups&fields=device_id&device_id=87c55e9b-9197-442d-af0d-8e32d9278752 => generated 12 bytes in 17 msecs (HTTP/1.1 200) 4 headers in 156 bytes (1 switches on core 0)
2026-07-17 04:58:10.682 8 INFO neutron_taas.services.taas.taas_plugin [None req-4d0bdc8e-40a3-4c97-8f4a-a8f58e8c8fd4 05fb41b56b284fd2a7517f345159534f b38049dde3c548098a625a82cd2ddf93 - - default default] TaaS: Handle Delete Port: e2a8fca0-a9c2-4a8b-918c-80005289cb7d [pid: 7|app: 0|req: 428/886] 10.0.0.172 () {34 vars in 990 bytes} [Fri Jul 17 04:58:10 2026] GET /v2.0/ports?device_id=87c55e9b-9197-442d-af0d-8e32d9278752 => generated 12 bytes in 272 msecs (HTTP/1.1 200) 4 headers in 156 bytes (1 switches on core 0)
2026-07-17 04:58:10.686 8 INFO neutron_taas.services.taas.tap_mirror_plugin [None req-4d0bdc8e-40a3-4c97-8f4a-a8f58e8c8fd4 05fb41b56b284fd2a7517f345159534f b38049dde3c548098a625a82cd2ddf93 - - default default] Tap Mirror: Handle Delete Port: e2a8fca0-a9c2-4a8b-918c-80005289cb7d
2026-07-17 04:58:10.927 8 INFO neutron.services.segments.plugin [-] Segment f80ab8ac-f48f-443f-ae93-d8a3d2d85669 resource provider aggregate not found
2026-07-17 04:58:10.928 7 INFO neutron.db.ovn_revision_numbers_db [None req-6dd0993c-1ac1-4a5e-b69b-a98787641a0a e3c81812568747ff9cfec0c27b1dbeff aa514930302d4309a556a37e4aff512e - - default default] Successfully bumped revision number for resource 6487dcc7-5a92-44be-9188-4d43d059dd0e (type: security_groups) to 1
2026-07-17 04:58:10.930 8 INFO neutron.services.segments.plugin [-] Segment f80ab8ac-f48f-443f-ae93-d8a3d2d85669 resource provider aggregate not found
2026-07-17 04:58:10.940 7 INFO neutron.db.ovn_revision_numbers_db [None req-6dd0993c-1ac1-4a5e-b69b-a98787641a0a e3c81812568747ff9cfec0c27b1dbeff aa514930302d4309a556a37e4aff512e - - default default] Successfully bumped revision number for resource 1493fd8b-04d0-4b7a-93e4-915e4baaab92 (type: security_group_rules) to 0
2026-07-17 04:58:10.948 8 INFO neutron.services.segments.plugin [-] Client error retrieving segment f80ab8ac-f48f-443f-ae93-d8a3d2d85669 resource provider; error: Placement Client Error (4xx): {"errors": [{"status": 404, "title": "Not Found", "detail": "The resource could not be found.\n\n No resource provider with uuid f80ab8ac-f48f-443f-ae93-d8a3d2d85669 found for delete ", "request_id": "req-dffce7b6-7aae-4ee6-b55e-611f4a5d1b6d"}]}
2026-07-17 04:58:10.948 8 INFO neutron.services.segments.plugin [-] Client error retrieving segment f80ab8ac-f48f-443f-ae93-d8a3d2d85669 resource provider; error: Placement Client Error (4xx): {"errors": [{"status": 404, "title": "Not Found", "detail": "The resource could not be found.\n\n No resource provider with uuid f80ab8ac-f48f-443f-ae93-d8a3d2d85669 found for delete ", "request_id": "req-0a99ffcc-1d8d-4f85-b658-adc362d968c3"}]}
2026-07-17 04:58:10.952 7 INFO neutron.db.ovn_revision_numbers_db [None req-6dd0993c-1ac1-4a5e-b69b-a98787641a0a e3c81812568747ff9cfec0c27b1dbeff aa514930302d4309a556a37e4aff512e - - default default] Successfully bumped revision number for resource 18d56c44-86d0-4a67-8e44-4cb333d57fca (type: security_group_rules) to 0
2026-07-17 04:58:10.973 7 INFO neutron.db.ovn_revision_numbers_db [None req-6dd0993c-1ac1-4a5e-b69b-a98787641a0a e3c81812568747ff9cfec0c27b1dbeff aa514930302d4309a556a37e4aff512e - - default default] Successfully bumped revision number for resource 3e058bba-c67a-4de4-8a6b-7a5315e243fe (type: security_group_rules) to 0 [pid: 8|app: 0|req: 459/887] 10.0.0.189 () {32 vars in 726 bytes} [Fri Jul 17 04:58:10 2026] DELETE /v2.0/networks/49103a3b-b6fe-400b-8f3b-abc157bb68d1 => generated 0 bytes in 422 msecs (HTTP/1.1 204) 3 headers in 131 bytes (1 switches on core 0)
2026-07-17 04:58:10.985 7 INFO neutron.db.ovn_revision_numbers_db [None req-6dd0993c-1ac1-4a5e-b69b-a98787641a0a e3c81812568747ff9cfec0c27b1dbeff aa514930302d4309a556a37e4aff512e - - default default] Successfully bumped revision number for resource 71a06167-d885-4974-922a-a66f7151cf9f (type: security_group_rules) to 0 [pid: 8|app: 0|req: 460/888] 10.0.0.79 () {34 vars in 989 bytes} [Fri Jul 17 04:58:10 2026] GET /v2.0/ports?device_id=87c55e9b-9197-442d-af0d-8e32d9278752 => generated 12 bytes in 15 msecs (HTTP/1.1 200) 4 headers in 156 bytes (1 switches on core 0)
2026-07-17 04:58:11.063 7 INFO neutron.db.segments_db [None req-6dd0993c-1ac1-4a5e-b69b-a98787641a0a e3c81812568747ff9cfec0c27b1dbeff aa514930302d4309a556a37e4aff512e - - default default] Added segment 5b9f26a6-fcd2-461b-b5a6-a583dc2dc2ad of type geneve for network 3f920a18-0887-4266-94c0-9e777d57313a
2026-07-17 04:58:11.185 7 INFO neutron.db.ovn_revision_numbers_db [None req-6dd0993c-1ac1-4a5e-b69b-a98787641a0a e3c81812568747ff9cfec0c27b1dbeff aa514930302d4309a556a37e4aff512e - - default default] Successfully bumped revision number for resource 3f920a18-0887-4266-94c0-9e777d57313a (type: networks) to 1
2026-07-17 04:58:11.334 7 WARNING neutron.scheduler.dhcp_agent_scheduler [None req-6dd0993c-1ac1-4a5e-b69b-a98787641a0a e3c81812568747ff9cfec0c27b1dbeff aa514930302d4309a556a37e4aff512e - - default default] No more DHCP agents
2026-07-17 04:58:11.336 7 WARNING neutron.api.rpc.agentnotifiers.dhcp_rpc_agent_api [None req-6dd0993c-1ac1-4a5e-b69b-a98787641a0a e3c81812568747ff9cfec0c27b1dbeff aa514930302d4309a556a37e4aff512e - - default default] Unable to schedule network 3f920a18-0887-4266-94c0-9e777d57313a: no agents available; will retry on subsequent port and subnet creation events.
2026-07-17 04:58:11.392 7 INFO neutron.plugins.ml2.drivers.ovn.mech_driver.mech_driver [None req-23982126-078e-411b-9b9b-3b5a1a1a067a - - - - - -] OVN reports status down for port: 0e0578d9-01a5-4184-ad83-dd801399f548
2026-07-17 04:58:11.444 7 INFO neutron.db.ovn_revision_numbers_db [None req-6dd0993c-1ac1-4a5e-b69b-a98787641a0a e3c81812568747ff9cfec0c27b1dbeff aa514930302d4309a556a37e4aff512e - - default default] Successfully bumped revision number for resource 0e0578d9-01a5-4184-ad83-dd801399f548 (type: ports) to 1 [pid: 7|app: 0|req: 429/889] 10.0.0.189 () {34 vars in 671 bytes} [Fri Jul 17 04:58:10 2026] POST /v2.0/networks => generated 789 bytes in 781 msecs (HTTP/1.1 201) 4 headers in 162 bytes (1 switches on core 0)
2026-07-17 04:58:11.536 8 WARNING neutron.db.securitygroups_db [None req-7868c814-d24e-4594-900c-93134df96621 e3c81812568747ff9cfec0c27b1dbeff aa514930302d4309a556a37e4aff512e - - default default] project_id key not found in filters, using tenant_id instead. This support has been deprecated and will be removed in a future release. [pid: 8|app: 0|req: 461/890] 10.0.0.189 () {32 vars in 774 bytes} [Fri Jul 17 04:58:11 2026] GET /v2.0/security-groups?tenant_id=b38049dde3c548098a625a82cd2ddf93&name=default => generated 2925 bytes in 127 msecs (HTTP/1.1 200) 4 headers in 158 bytes (1 switches on core 0)
2026-07-17 04:58:11.619 7 WARNING neutron.scheduler.dhcp_agent_scheduler [None req-6a25f166-681b-41df-9414-1db9cf0d7e44 e3c81812568747ff9cfec0c27b1dbeff aa514930302d4309a556a37e4aff512e - - default default] No more DHCP agents
2026-07-17 04:58:11.620 7 WARNING neutron.api.rpc.agentnotifiers.dhcp_rpc_agent_api [None req-6a25f166-681b-41df-9414-1db9cf0d7e44 e3c81812568747ff9cfec0c27b1dbeff aa514930302d4309a556a37e4aff512e - - default default] Unable to schedule network 3f920a18-0887-4266-94c0-9e777d57313a: no agents available; will retry on subsequent port and subnet creation events. [pid: 8|app: 0|req: 462/891] 10.0.0.189 () {32 vars in 740 bytes} [Fri Jul 17 04:58:11 2026] DELETE /v2.0/security-groups/0de4d374-89d5-4ae2-a583-e8732d887bfe => generated 0 bytes in 194 msecs (HTTP/1.1 204) 2 headers in 112 bytes (1 switches on core 0) [pid: 8|app: 0|req: 463/892] 10.0.0.79 () {34 vars in 1069 bytes} [Fri Jul 17 04:58:11 2026] GET /v2.0/ports?fields=security_groups&fields=device_id&device_id=8ec8c7b9-ea43-4bdd-b30c-907f500eb3bf => generated 123 bytes in 97 msecs (HTTP/1.1 200) 4 headers in 157 bytes (1 switches on core 0) [pid: 8|app: 0|req: 464/893] 10.0.0.189 () {32 vars in 740 bytes} [Fri Jul 17 04:58:11 2026] DELETE /v2.0/security-groups/66ca7c33-f1f3-48eb-b764-3bdd5b6f56e6 => generated 0 bytes in 176 msecs (HTTP/1.1 204) 2 headers in 112 bytes (1 switches on core 0) [pid: 8|app: 0|req: 465/894] 10.0.0.79 () {34 vars in 1039 bytes} [Fri Jul 17 04:58:12 2026] GET /v2.0/security-groups?id=8cedc54d-7662-4daf-8a6a-0186eb943eb7&fields=id&fields=name => generated 113 bytes in 28 msecs (HTTP/1.1 200) 4 headers in 157 bytes (1 switches on core 0)
2026-07-17 04:58:12.093 8 INFO neutron.api.v2.resource [None req-8cb7c83f-f698-40ba-8d1e-5f0ad0897be4 90a9489a17dd4dac9594d9e02f2112d2 7ea23ec9832e4deaaa709a8de2e0170d - - default default] show failed (client error): The resource could not be found. [pid: 8|app: 0|req: 466/895] 10.0.0.189 () {32 vars in 737 bytes} [Fri Jul 17 04:58:12 2026] GET /v2.0/security-groups/66ca7c33-f1f3-48eb-b764-3bdd5b6f56e6 => generated 146 bytes in 32 msecs (HTTP/1.1 404) 4 headers in 164 bytes (1 switches on core 0)
2026-07-17 04:58:12.128 7 INFO neutron.db.ovn_revision_numbers_db [None req-6a25f166-681b-41df-9414-1db9cf0d7e44 e3c81812568747ff9cfec0c27b1dbeff aa514930302d4309a556a37e4aff512e - - default default] Successfully bumped revision number for resource 0e0578d9-01a5-4184-ad83-dd801399f548 (type: ports) to 2
2026-07-17 04:58:12.165 7 INFO neutron.db.ovn_revision_numbers_db [None req-6a25f166-681b-41df-9414-1db9cf0d7e44 e3c81812568747ff9cfec0c27b1dbeff aa514930302d4309a556a37e4aff512e - - default default] Successfully bumped revision number for resource 7108dffd-00e9-48b0-9d76-bfb3e299bbec (type: subnets) to 0 [pid: 7|app: 0|req: 430/896] 10.0.0.189 () {34 vars in 669 bytes} [Fri Jul 17 04:58:11 2026] POST /v2.0/subnets => generated 695 bytes in 689 msecs (HTTP/1.1 201) 4 headers in 162 bytes (1 switches on core 0)
2026-07-17 04:58:12.232 8 INFO neutron_taas.services.taas.taas_plugin [None req-1df2088d-0297-43cd-8862-305aead0eb4a 90a9489a17dd4dac9594d9e02f2112d2 7ea23ec9832e4deaaa709a8de2e0170d - - default default] TaaS: Handle Delete Port: 6888cd83-0f58-450b-8fca-2e7168ee2e5c
2026-07-17 04:58:12.234 8 INFO neutron_taas.services.taas.tap_mirror_plugin [None req-1df2088d-0297-43cd-8862-305aead0eb4a 90a9489a17dd4dac9594d9e02f2112d2 7ea23ec9832e4deaaa709a8de2e0170d - - default default] Tap Mirror: Handle Delete Port: 6888cd83-0f58-450b-8fca-2e7168ee2e5c [pid: 8|app: 0|req: 467/897] 10.0.0.189 () {32 vars in 732 bytes} [Fri Jul 17 04:58:12 2026] DELETE /v2.0/floatingips/11ec1454-eb95-4177-ae62-aac6bb4b71ac => generated 0 bytes in 266 msecs (HTTP/1.1 204) 2 headers in 112 bytes (1 switches on core 0)
2026-07-17 04:58:12.565 7 WARNING neutron.scheduler.dhcp_agent_scheduler [None req-1464566d-b083-471b-9cd9-5a792cd8a275 e3c81812568747ff9cfec0c27b1dbeff aa514930302d4309a556a37e4aff512e - - default default] No more DHCP agents
2026-07-17 04:58:12.566 7 WARNING neutron.api.rpc.agentnotifiers.dhcp_rpc_agent_api [None req-1464566d-b083-471b-9cd9-5a792cd8a275 e3c81812568747ff9cfec0c27b1dbeff aa514930302d4309a556a37e4aff512e - - default default] Unable to schedule network 9b0bce5a-2d75-497b-9855-47f3a4ffb1f8: no agents available; will retry on subsequent port and subnet creation events.
2026-07-17 04:58:12.639 8 INFO neutron_taas.services.taas.taas_plugin [None req-616506e3-aa53-4822-83ba-735bf5159f21 e3c81812568747ff9cfec0c27b1dbeff aa514930302d4309a556a37e4aff512e - - default default] TaaS: Handle Delete Port: 548fe6c1-4557-41bc-9a13-ceba2aa9b02d
2026-07-17 04:58:12.641 8 INFO neutron_taas.services.taas.tap_mirror_plugin [None req-616506e3-aa53-4822-83ba-735bf5159f21 e3c81812568747ff9cfec0c27b1dbeff aa514930302d4309a556a37e4aff512e - - default default] Tap Mirror: Handle Delete Port: 548fe6c1-4557-41bc-9a13-ceba2aa9b02d
2026-07-17 04:58:12.681 7 INFO neutron.plugins.ml2.drivers.ovn.mech_driver.mech_driver [None req-23982126-078e-411b-9b9b-3b5a1a1a067a - - - - - -] OVN reports status down for port: 0451cf10-6281-4dbb-8ddf-b2812587207c
2026-07-17 04:58:12.737 7 INFO neutron.db.ovn_revision_numbers_db [None req-1464566d-b083-471b-9cd9-5a792cd8a275 e3c81812568747ff9cfec0c27b1dbeff aa514930302d4309a556a37e4aff512e - - default default] Successfully bumped revision number for resource 0451cf10-6281-4dbb-8ddf-b2812587207c (type: ports) to 1 [pid: 8|app: 0|req: 468/898] 10.0.0.189 () {34 vars in 789 bytes} [Fri Jul 17 04:58:12 2026] PUT /v2.0/routers/186de42f-36d0-4f85-978d-39134fac18c1/remove_router_interface => generated 310 bytes in 840 msecs (HTTP/1.1 200) 4 headers in 157 bytes (1 switches on core 0) /var/lib/openstack/lib/python3.12/site-packages/pycadf/identifier.py:70: UserWarning: Invalid uuid: neutron. To ensure interoperability, identifiers should be a valid uuid. warnings.warn(('Invalid uuid: %s. To ensure interoperability, ' [pid: 8|app: 0|req: 469/899] 199.204.45.89 () {34 vars in 993 bytes} [Fri Jul 17 04:58:13 2026] GET /v2.0/ports?device_id=8ec8c7b9-ea43-4bdd-b30c-907f500eb3bf => generated 969 bytes in 75 msecs (HTTP/1.1 200) 4 headers in 157 bytes (1 switches on core 0)
2026-07-17 04:58:13.313 7 INFO neutron.plugins.ml2.drivers.ovn.mech_driver.mech_driver [None req-23982126-078e-411b-9b9b-3b5a1a1a067a - - - - - -] OVN reports status up for port: 0451cf10-6281-4dbb-8ddf-b2812587207c
2026-07-17 04:58:13.330 8 INFO neutron.plugins.ml2.drivers.ovn.mech_driver.ovsdb.ovsdb_monitor [None req-d4df417a-2f57-4c87-96d1-d3825a29d527 - - - - - -] Router c9e0edba-b9e8-44f7-854b-efc32d4c2fab is bound to host instance
2026-07-17 04:58:13.345 7 INFO neutron.plugins.ml2.plugin [None req-23982126-078e-411b-9b9b-3b5a1a1a067a - - - - - -] Attempt 1 to provision port 0451cf10-6281-4dbb-8ddf-b2812587207c [pid: 8|app: 0|req: 470/900] 10.0.0.79 () {34 vars in 1069 bytes} [Fri Jul 17 04:58:13 2026] GET /v2.0/ports?fields=security_groups&fields=device_id&device_id=8ec8c7b9-ea43-4bdd-b30c-907f500eb3bf => generated 123 bytes in 65 msecs (HTTP/1.1 200) 4 headers in 157 bytes (1 switches on core 0)
2026-07-17 04:58:13.362 7 INFO neutron.db.ovn_revision_numbers_db [None req-1464566d-b083-471b-9cd9-5a792cd8a275 e3c81812568747ff9cfec0c27b1dbeff aa514930302d4309a556a37e4aff512e - - default default] Successfully bumped revision number for resource 0451cf10-6281-4dbb-8ddf-b2812587207c (type: router_ports) to 1
2026-07-17 04:58:13.474 7 INFO neutron.db.ovn_revision_numbers_db [None req-1464566d-b083-471b-9cd9-5a792cd8a275 e3c81812568747ff9cfec0c27b1dbeff aa514930302d4309a556a37e4aff512e - - default default] Successfully bumped revision number for resource c9e0edba-b9e8-44f7-854b-efc32d4c2fab (type: routers) to 2 [pid: 7|app: 0|req: 431/901] 10.0.0.189 () {34 vars in 669 bytes} [Fri Jul 17 04:58:12 2026] POST /v2.0/routers => generated 994 bytes in 1304 msecs (HTTP/1.1 201) 4 headers in 162 bytes (1 switches on core 0)
2026-07-17 04:58:13.606 7 INFO neutron_taas.services.taas.taas_plugin [req-46ff8cfa-fcf3-4532-bc52-524b96aa7673 req-3156131e-f40d-4018-ba62-301750d9c2e8 eae36f540e53415f98e3fd5ce557462d 5bc071c6a7044cd1a21287ea823846fe - - default default] TaaS: Handle Delete Port: c6a7c861-ee58-48fa-8198-8a8cbf0473c4
2026-07-17 04:58:13.610 7 INFO neutron_taas.services.taas.tap_mirror_plugin [req-46ff8cfa-fcf3-4532-bc52-524b96aa7673 req-3156131e-f40d-4018-ba62-301750d9c2e8 eae36f540e53415f98e3fd5ce557462d 5bc071c6a7044cd1a21287ea823846fe - - default default] Tap Mirror: Handle Delete Port: c6a7c861-ee58-48fa-8198-8a8cbf0473c4 [pid: 7|app: 0|req: 432/902] 199.204.45.89 () {36 vars in 996 bytes} [Fri Jul 17 04:58:13 2026] DELETE /v2.0/ports/c6a7c861-ee58-48fa-8198-8a8cbf0473c4 => generated 0 bytes in 234 msecs (HTTP/1.1 204) 3 headers in 131 bytes (1 switches on core 0) [pid: 7|app: 0|req: 433/903] 10.0.0.79 () {34 vars in 1039 bytes} [Fri Jul 17 04:58:13 2026] GET /v2.0/security-groups?id=8cedc54d-7662-4daf-8a6a-0186eb943eb7&fields=id&fields=name => generated 113 bytes in 47 msecs (HTTP/1.1 200) 4 headers in 157 bytes (1 switches on core 0)
2026-07-17 04:58:13.963 8 INFO neutron_taas.services.taas.taas_plugin [None req-bb1ade69-4a00-4f78-88fd-4d3ee33a3063 e3c81812568747ff9cfec0c27b1dbeff aa514930302d4309a556a37e4aff512e - - default default] TaaS: Handle Delete Port: 839546df-2934-409a-9e71-5e0f81b2327b
2026-07-17 04:58:13.968 8 INFO neutron_taas.services.taas.tap_mirror_plugin [None req-bb1ade69-4a00-4f78-88fd-4d3ee33a3063 e3c81812568747ff9cfec0c27b1dbeff aa514930302d4309a556a37e4aff512e - - default default] Tap Mirror: Handle Delete Port: 839546df-2934-409a-9e71-5e0f81b2327b
2026-07-17 04:58:14.047 7 INFO neutron.db.ovn_revision_numbers_db [None req-4a731f44-8cc7-49a3-8960-d8d7a177cdf2 c0648ed06f9f459aac8ff5b990491fc8 8d925ad25b614f2cbe31ee5ee9f3ea6a - - default default] Successfully bumped revision number for resource 113e93e6-0621-491c-8db5-eb2710c61397 (type: security_groups) to 1
2026-07-17 04:58:14.060 7 INFO neutron.db.ovn_revision_numbers_db [None req-4a731f44-8cc7-49a3-8960-d8d7a177cdf2 c0648ed06f9f459aac8ff5b990491fc8 8d925ad25b614f2cbe31ee5ee9f3ea6a - - default default] Successfully bumped revision number for resource 4332d6fa-cddf-44a9-98d5-a1f31abf0088 (type: security_group_rules) to 0
2026-07-17 04:58:14.075 7 INFO neutron.db.ovn_revision_numbers_db [None req-4a731f44-8cc7-49a3-8960-d8d7a177cdf2 c0648ed06f9f459aac8ff5b990491fc8 8d925ad25b614f2cbe31ee5ee9f3ea6a - - default default] Successfully bumped revision number for resource 73a510b7-17c6-4d50-ae12-4e8b783b7ab3 (type: security_group_rules) to 0
2026-07-17 04:58:14.087 7 INFO neutron.db.ovn_revision_numbers_db [None req-4a731f44-8cc7-49a3-8960-d8d7a177cdf2 c0648ed06f9f459aac8ff5b990491fc8 8d925ad25b614f2cbe31ee5ee9f3ea6a - - default default] Successfully bumped revision number for resource a85f9865-b792-4b05-895d-68a622cc28cc (type: security_group_rules) to 0
2026-07-17 04:58:14.103 7 INFO neutron.db.ovn_revision_numbers_db [None req-4a731f44-8cc7-49a3-8960-d8d7a177cdf2 c0648ed06f9f459aac8ff5b990491fc8 8d925ad25b614f2cbe31ee5ee9f3ea6a - - default default] Successfully bumped revision number for resource fd08a187-c475-488c-9b29-a505be7bb0ce (type: security_group_rules) to 0
2026-07-17 04:58:14.184 7 WARNING neutron.notifiers.nova [-] Nova event matching ['req-f8b06d55-5e56-4657-802e-6ee2f2eb9230']: {'server_uuid': '8ec8c7b9-ea43-4bdd-b30c-907f500eb3bf', 'name': 'network-vif-deleted', 'tag': 'c6a7c861-ee58-48fa-8198-8a8cbf0473c4', 'status': 'failed', 'code': 422} returned with failed status
2026-07-17 04:58:14.198 7 INFO neutron.db.segments_db [None req-4a731f44-8cc7-49a3-8960-d8d7a177cdf2 c0648ed06f9f459aac8ff5b990491fc8 8d925ad25b614f2cbe31ee5ee9f3ea6a - - default default] Added segment 6921c64b-0a67-4419-8747-1cb4e9f2257a of type geneve for network 51cea27c-bbc9-4f8d-be72-cfdcbd70f0db
2026-07-17 04:58:14.337 7 INFO neutron.db.segments_db [None req-4a731f44-8cc7-49a3-8960-d8d7a177cdf2 c0648ed06f9f459aac8ff5b990491fc8 8d925ad25b614f2cbe31ee5ee9f3ea6a - - default default] Added segment 5899ca1f-fabf-4e34-9aba-26034547ba5f of type geneve for network 553eecad-b6fe-4333-9117-7ca8cc91af93
2026-07-17 04:58:14.465 7 INFO neutron.db.ovn_revision_numbers_db [None req-4a731f44-8cc7-49a3-8960-d8d7a177cdf2 c0648ed06f9f459aac8ff5b990491fc8 8d925ad25b614f2cbe31ee5ee9f3ea6a - - default default] Successfully bumped revision number for resource 51cea27c-bbc9-4f8d-be72-cfdcbd70f0db (type: networks) to 1
2026-07-17 04:58:14.692 7 WARNING neutron.scheduler.dhcp_agent_scheduler [None req-4a731f44-8cc7-49a3-8960-d8d7a177cdf2 c0648ed06f9f459aac8ff5b990491fc8 8d925ad25b614f2cbe31ee5ee9f3ea6a - - default default] No more DHCP agents
2026-07-17 04:58:14.694 7 WARNING neutron.api.rpc.agentnotifiers.dhcp_rpc_agent_api [None req-4a731f44-8cc7-49a3-8960-d8d7a177cdf2 c0648ed06f9f459aac8ff5b990491fc8 8d925ad25b614f2cbe31ee5ee9f3ea6a - - default default] Unable to schedule network 51cea27c-bbc9-4f8d-be72-cfdcbd70f0db: no agents available; will retry on subsequent port and subnet creation events.
2026-07-17 04:58:14.796 8 INFO neutron.plugins.ml2.drivers.ovn.mech_driver.mech_driver [None req-922b61d1-790a-486f-87bc-6e6b15be8fb4 - - - - - -] OVN reports status down for port: 5855bc4c-5902-490a-9266-912505f92acb
2026-07-17 04:58:14.843 7 INFO neutron.db.ovn_revision_numbers_db [None req-4a731f44-8cc7-49a3-8960-d8d7a177cdf2 c0648ed06f9f459aac8ff5b990491fc8 8d925ad25b614f2cbe31ee5ee9f3ea6a - - default default] Successfully bumped revision number for resource 5855bc4c-5902-490a-9266-912505f92acb (type: ports) to 1 [pid: 8|app: 0|req: 471/904] 10.0.0.189 () {32 vars in 724 bytes} [Fri Jul 17 04:58:13 2026] DELETE /v2.0/routers/186de42f-36d0-4f85-978d-39134fac18c1 => generated 0 bytes in 1515 msecs (HTTP/1.1 204) 2 headers in 112 bytes (1 switches on core 0)
2026-07-17 04:58:14.935 7 INFO neutron.db.ovn_revision_numbers_db [None req-4a731f44-8cc7-49a3-8960-d8d7a177cdf2 c0648ed06f9f459aac8ff5b990491fc8 8d925ad25b614f2cbe31ee5ee9f3ea6a - - default default] Successfully bumped revision number for resource 553eecad-b6fe-4333-9117-7ca8cc91af93 (type: networks) to 1
2026-07-17 04:58:15.114 7 WARNING neutron.scheduler.dhcp_agent_scheduler [None req-4a731f44-8cc7-49a3-8960-d8d7a177cdf2 c0648ed06f9f459aac8ff5b990491fc8 8d925ad25b614f2cbe31ee5ee9f3ea6a - - default default] No more DHCP agents
2026-07-17 04:58:15.116 7 WARNING neutron.api.rpc.agentnotifiers.dhcp_rpc_agent_api [None req-4a731f44-8cc7-49a3-8960-d8d7a177cdf2 c0648ed06f9f459aac8ff5b990491fc8 8d925ad25b614f2cbe31ee5ee9f3ea6a - - default default] Unable to schedule network 553eecad-b6fe-4333-9117-7ca8cc91af93: no agents available; will retry on subsequent port and subnet creation events.
2026-07-17 04:58:15.133 8 INFO neutron.db.ovn_revision_numbers_db [None req-482ab2a8-26e3-4a8e-ba03-8ac332f7c24c - - - - - -] Successfully bumped revision number for resource 0451cf10-6281-4dbb-8ddf-b2812587207c (type: ports) to 4
2026-07-17 04:58:15.228 7 INFO neutron.db.ovn_revision_numbers_db [None req-4a731f44-8cc7-49a3-8960-d8d7a177cdf2 c0648ed06f9f459aac8ff5b990491fc8 8d925ad25b614f2cbe31ee5ee9f3ea6a - - default default] Successfully bumped revision number for resource c7c2e4e6-68a5-427e-a1dc-24ae9873a973 (type: ports) to 1 [pid: 7|app: 0|req: 434/905] 10.0.0.189 () {34 vars in 670 bytes} [Fri Jul 17 04:58:13 2026] POST /v2.0/networks => generated 1322 bytes in 1481 msecs (HTTP/1.1 201) 4 headers in 163 bytes (1 switches on core 0) [pid: 7|app: 0|req: 435/906] 10.0.0.79 () {34 vars in 1069 bytes} [Fri Jul 17 04:58:15 2026] GET /v2.0/ports?fields=security_groups&fields=device_id&device_id=8ec8c7b9-ea43-4bdd-b30c-907f500eb3bf => generated 12 bytes in 30 msecs (HTTP/1.1 200) 4 headers in 156 bytes (1 switches on core 0) [pid: 7|app: 0|req: 436/907] 10.0.0.189 () {32 vars in 724 bytes} [Fri Jul 17 04:58:15 2026] DELETE /v2.0/subnets/1d7cd1c9-02a6-4e3f-a276-26767e4abe16 => generated 0 bytes in 158 msecs (HTTP/1.1 204) 3 headers in 131 bytes (1 switches on core 0) [pid: 7|app: 0|req: 437/908] 10.0.0.189 () {32 vars in 649 bytes} [Fri Jul 17 04:58:15 2026] GET /v2.0/networks => generated 1971 bytes in 61 msecs (HTTP/1.1 200) 4 headers in 158 bytes (1 switches on core 0)
2026-07-17 04:58:15.613 7 INFO neutron_taas.services.taas.taas_plugin [None req-4023fe3b-b4c5-4501-96ec-45472d7d01ca e3c81812568747ff9cfec0c27b1dbeff aa514930302d4309a556a37e4aff512e - - default default] TaaS: Handle Delete Port: 1f0cc637-6350-4a3c-a4f8-b3b423a5af0c
2026-07-17 04:58:15.616 7 INFO neutron_taas.services.taas.tap_mirror_plugin [None req-4023fe3b-b4c5-4501-96ec-45472d7d01ca e3c81812568747ff9cfec0c27b1dbeff aa514930302d4309a556a37e4aff512e - - default default] Tap Mirror: Handle Delete Port: 1f0cc637-6350-4a3c-a4f8-b3b423a5af0c
2026-07-17 04:58:15.810 7 INFO neutron.plugins.ml2.drivers.ovn.mech_driver.mech_driver [None req-23982126-078e-411b-9b9b-3b5a1a1a067a - - - - - -] OVN reports status down for port: c7c2e4e6-68a5-427e-a1dc-24ae9873a973
2026-07-17 04:58:15.815 8 INFO neutron.db.ovn_revision_numbers_db [None req-482ab2a8-26e3-4a8e-ba03-8ac332f7c24c - - - - - -] Successfully bumped revision number for resource 0451cf10-6281-4dbb-8ddf-b2812587207c (type: ports) to 5
2026-07-17 04:58:15.844 7 INFO neutron.services.segments.plugin [-] Segment f8cb2a2c-60a1-4ff1-9064-d4574143a6e2 resource provider aggregate not found
2026-07-17 04:58:15.846 8 WARNING neutron.scheduler.dhcp_agent_scheduler [None req-22d8448a-b9de-4260-b114-bdcc2c69bc0b e3c81812568747ff9cfec0c27b1dbeff aa514930302d4309a556a37e4aff512e - - default default] No more DHCP agents
2026-07-17 04:58:15.847 8 WARNING neutron.api.rpc.agentnotifiers.dhcp_rpc_agent_api [None req-22d8448a-b9de-4260-b114-bdcc2c69bc0b e3c81812568747ff9cfec0c27b1dbeff aa514930302d4309a556a37e4aff512e - - default default] Unable to schedule network 3f920a18-0887-4266-94c0-9e777d57313a: no agents available; will retry on subsequent port and subnet creation events.
2026-07-17 04:58:15.848 7 INFO neutron.services.segments.plugin [-] Segment f8cb2a2c-60a1-4ff1-9064-d4574143a6e2 resource provider aggregate not found
2026-07-17 04:58:15.870 7 INFO neutron.services.segments.plugin [-] Client error retrieving segment f8cb2a2c-60a1-4ff1-9064-d4574143a6e2 resource provider; error: Placement Client Error (4xx): {"errors": [{"status": 404, "title": "Not Found", "detail": "The resource could not be found.\n\n No resource provider with uuid f8cb2a2c-60a1-4ff1-9064-d4574143a6e2 found for delete ", "request_id": "req-87903555-3dc5-4ace-9dcb-f0ddc6965b01"}]}
2026-07-17 04:58:15.875 7 INFO neutron.services.segments.plugin [-] Client error retrieving segment f8cb2a2c-60a1-4ff1-9064-d4574143a6e2 resource provider; error: Placement Client Error (4xx): {"errors": [{"status": 404, "title": "Not Found", "detail": "The resource could not be found.\n\n No resource provider with uuid f8cb2a2c-60a1-4ff1-9064-d4574143a6e2 found for delete ", "request_id": "req-e6b918fc-4d25-40d7-a7ac-777eeaff5e2f"}]} [pid: 7|app: 0|req: 438/909] 10.0.0.189 () {32 vars in 726 bytes} [Fri Jul 17 04:58:15 2026] DELETE /v2.0/networks/78945123-1d11-4879-a60d-c8e5c45ffb92 => generated 0 bytes in 431 msecs (HTTP/1.1 204) 3 headers in 131 bytes (1 switches on core 0)
2026-07-17 04:58:16.048 7 INFO neutron.plugins.ml2.drivers.ovn.mech_driver.mech_driver [None req-23982126-078e-411b-9b9b-3b5a1a1a067a - - - - - -] OVN reports status down for port: 28e5d43b-bb8e-45bf-8dee-6733cdf79d14
2026-07-17 04:58:16.060 8 INFO neutron.db.ovn_revision_numbers_db [None req-22d8448a-b9de-4260-b114-bdcc2c69bc0b e3c81812568747ff9cfec0c27b1dbeff aa514930302d4309a556a37e4aff512e - - default default] Successfully bumped revision number for resource 28e5d43b-bb8e-45bf-8dee-6733cdf79d14 (type: ports) to 1
2026-07-17 04:58:16.078 7 INFO neutron_taas.services.taas.taas_plugin [None req-32f40367-8e0c-4486-a5c3-1df8318a259d c0648ed06f9f459aac8ff5b990491fc8 8d925ad25b614f2cbe31ee5ee9f3ea6a - - default default] TaaS: Handle Delete Port: 5855bc4c-5902-490a-9266-912505f92acb
2026-07-17 04:58:16.082 7 INFO neutron_taas.services.taas.tap_mirror_plugin [None req-32f40367-8e0c-4486-a5c3-1df8318a259d c0648ed06f9f459aac8ff5b990491fc8 8d925ad25b614f2cbe31ee5ee9f3ea6a - - default default] Tap Mirror: Handle Delete Port: 5855bc4c-5902-490a-9266-912505f92acb [pid: 7|app: 0|req: 439/910] 10.0.0.189 () {32 vars in 726 bytes} [Fri Jul 17 04:58:15 2026] DELETE /v2.0/networks/51cea27c-bbc9-4f8d-be72-cfdcbd70f0db => generated 0 bytes in 406 msecs (HTTP/1.1 204) 3 headers in 131 bytes (1 switches on core 0) [pid: 7|app: 0|req: 440/911] 10.0.0.172 () {34 vars in 990 bytes} [Fri Jul 17 04:58:16 2026] GET /v2.0/ports?device_id=8ec8c7b9-ea43-4bdd-b30c-907f500eb3bf => generated 12 bytes in 17 msecs (HTTP/1.1 200) 4 headers in 156 bytes (1 switches on core 0)
2026-07-17 04:58:16.366 7 WARNING neutron.db.securitygroups_db [None req-d352438c-5f4a-42cd-9960-81e1c0a6d877 e3c81812568747ff9cfec0c27b1dbeff aa514930302d4309a556a37e4aff512e - - default default] project_id key not found in filters, using tenant_id instead. This support has been deprecated and will be removed in a future release. [pid: 7|app: 0|req: 441/912] 10.0.0.189 () {32 vars in 774 bytes} [Fri Jul 17 04:58:16 2026] GET /v2.0/security-groups?tenant_id=7ea23ec9832e4deaaa709a8de2e0170d&name=default => generated 2925 bytes in 19 msecs (HTTP/1.1 200) 4 headers in 158 bytes (1 switches on core 0)
2026-07-17 04:58:16.477 7 INFO neutron_taas.services.taas.taas_plugin [None req-fde14a6f-355c-44d5-b2bf-fb07829865a1 c0648ed06f9f459aac8ff5b990491fc8 8d925ad25b614f2cbe31ee5ee9f3ea6a - - default default] TaaS: Handle Delete Port: c7c2e4e6-68a5-427e-a1dc-24ae9873a973
2026-07-17 04:58:16.482 7 INFO neutron_taas.services.taas.tap_mirror_plugin [None req-fde14a6f-355c-44d5-b2bf-fb07829865a1 c0648ed06f9f459aac8ff5b990491fc8 8d925ad25b614f2cbe31ee5ee9f3ea6a - - default default] Tap Mirror: Handle Delete Port: c7c2e4e6-68a5-427e-a1dc-24ae9873a973
2026-07-17 04:58:16.706 7 INFO neutron.plugins.ml2.drivers.ovn.mech_driver.mech_driver [None req-23982126-078e-411b-9b9b-3b5a1a1a067a - - - - - -] OVN reports status up for port: 28e5d43b-bb8e-45bf-8dee-6733cdf79d14
2026-07-17 04:58:16.720 7 INFO neutron.plugins.ml2.plugin [None req-23982126-078e-411b-9b9b-3b5a1a1a067a - - - - - -] Attempt 1 to provision port 28e5d43b-bb8e-45bf-8dee-6733cdf79d14
2026-07-17 04:58:16.726 8 INFO neutron.plugins.ml2.plugin [None req-22d8448a-b9de-4260-b114-bdcc2c69bc0b e3c81812568747ff9cfec0c27b1dbeff aa514930302d4309a556a37e4aff512e - - default default] Attempt 1 to provision port 28e5d43b-bb8e-45bf-8dee-6733cdf79d14 [pid: 7|app: 0|req: 442/913] 10.0.0.189 () {32 vars in 726 bytes} [Fri Jul 17 04:58:16 2026] DELETE /v2.0/networks/553eecad-b6fe-4333-9117-7ca8cc91af93 => generated 0 bytes in 399 msecs (HTTP/1.1 204) 3 headers in 131 bytes (1 switches on core 0) [pid: 7|app: 0|req: 443/914] 10.0.0.79 () {34 vars in 1069 bytes} [Fri Jul 17 04:58:16 2026] GET /v2.0/ports?fields=security_groups&fields=device_id&device_id=8ec8c7b9-ea43-4bdd-b30c-907f500eb3bf => generated 12 bytes in 39 msecs (HTTP/1.1 200) 4 headers in 156 bytes (1 switches on core 0)
2026-07-17 04:58:16.830 8 WARNING neutron.scheduler.dhcp_agent_scheduler [None req-22d8448a-b9de-4260-b114-bdcc2c69bc0b e3c81812568747ff9cfec0c27b1dbeff aa514930302d4309a556a37e4aff512e - - default default] No more DHCP agents
2026-07-17 04:58:16.832 8 WARNING neutron.api.rpc.agentnotifiers.dhcp_rpc_agent_api [None req-22d8448a-b9de-4260-b114-bdcc2c69bc0b e3c81812568747ff9cfec0c27b1dbeff aa514930302d4309a556a37e4aff512e - - default default] Unable to schedule network 3f920a18-0887-4266-94c0-9e777d57313a: no agents available; will retry on subsequent port and subnet creation events. [pid: 7|app: 0|req: 444/915] 10.0.0.189 () {32 vars in 740 bytes} [Fri Jul 17 04:58:16 2026] DELETE /v2.0/security-groups/2711d3f3-2bb2-4c03-9a68-74a3af6df658 => generated 0 bytes in 338 msecs (HTTP/1.1 204) 2 headers in 112 bytes (1 switches on core 0)
2026-07-17 04:58:17.268 8 INFO neutron.db.ovn_revision_numbers_db [None req-22d8448a-b9de-4260-b114-bdcc2c69bc0b e3c81812568747ff9cfec0c27b1dbeff aa514930302d4309a556a37e4aff512e - - default default] Successfully bumped revision number for resource 28e5d43b-bb8e-45bf-8dee-6733cdf79d14 (type: router_ports) to 1 [pid: 8|app: 0|req: 472/916] 10.0.0.189 () {34 vars in 783 bytes} [Fri Jul 17 04:58:14 2026] PUT /v2.0/routers/c9e0edba-b9e8-44f7-854b-efc32d4c2fab/add_router_interface => generated 310 bytes in 2403 msecs (HTTP/1.1 200) 4 headers in 157 bytes (1 switches on core 0)
2026-07-17 04:58:17.302 8 INFO neutron.common.ovn.utils [None req-922b61d1-790a-486f-87bc-6e6b15be8fb4 - - - - - -] HA Chassis Group neutron-3f920a18-0887-4266-94c0-9e777d57313a synchronized; highest priority chassis a69b94be-7568-4a7b-a227-f3a3fb90f7f6 [pid: 8|app: 0|req: 473/917] 10.0.0.79 () {34 vars in 989 bytes} [Fri Jul 17 04:58:17 2026] GET /v2.0/ports?device_id=8ec8c7b9-ea43-4bdd-b30c-907f500eb3bf => generated 12 bytes in 32 msecs (HTTP/1.1 200) 4 headers in 156 bytes (1 switches on core 0) [pid: 7|app: 0|req: 445/918] 10.0.0.189 () {32 vars in 649 bytes} [Fri Jul 17 04:58:17 2026] GET /v2.0/networks => generated 689 bytes in 285 msecs (HTTP/1.1 200) 4 headers in 157 bytes (1 switches on core 0)
2026-07-17 04:58:17.536 8 INFO neutron.db.segments_db [None req-68ed1c53-ad41-45c6-a2f9-9d9c24a775f6 c0648ed06f9f459aac8ff5b990491fc8 8d925ad25b614f2cbe31ee5ee9f3ea6a - - default default] Added segment 2e2e47a8-4eaa-47b9-b6c5-1a5834524884 of type geneve for network 3e381f80-93a2-456c-9607-b486ced76c2a
2026-07-17 04:58:17.557 7 INFO neutron.db.ovn_revision_numbers_db [None req-23982126-078e-411b-9b9b-3b5a1a1a067a - - - - - -] Successfully bumped revision number for resource 28e5d43b-bb8e-45bf-8dee-6733cdf79d14 (type: ports) to 2
2026-07-17 04:58:17.660 8 INFO neutron.db.ovn_revision_numbers_db [None req-68ed1c53-ad41-45c6-a2f9-9d9c24a775f6 c0648ed06f9f459aac8ff5b990491fc8 8d925ad25b614f2cbe31ee5ee9f3ea6a - - default default] Successfully bumped revision number for resource 3e381f80-93a2-456c-9607-b486ced76c2a (type: networks) to 1 [pid: 7|app: 0|req: 446/919] 10.0.0.189 () {32 vars in 740 bytes} [Fri Jul 17 04:58:17 2026] DELETE /v2.0/security-groups/8cedc54d-7662-4daf-8a6a-0186eb943eb7 => generated 0 bytes in 228 msecs (HTTP/1.1 204) 2 headers in 112 bytes (1 switches on core 0)
2026-07-17 04:58:17.751 7 INFO neutron.api.v2.resource [None req-fe43a4e8-d5c3-4ed6-9bca-90f2a9477ef5 eae36f540e53415f98e3fd5ce557462d 5bc071c6a7044cd1a21287ea823846fe - - default default] show failed (client error): The resource could not be found. [pid: 7|app: 0|req: 447/920] 10.0.0.189 () {32 vars in 737 bytes} [Fri Jul 17 04:58:17 2026] GET /v2.0/security-groups/8cedc54d-7662-4daf-8a6a-0186eb943eb7 => generated 146 bytes in 11 msecs (HTTP/1.1 404) 4 headers in 164 bytes (1 switches on core 0)
2026-07-17 04:58:17.855 8 WARNING neutron.scheduler.dhcp_agent_scheduler [None req-68ed1c53-ad41-45c6-a2f9-9d9c24a775f6 c0648ed06f9f459aac8ff5b990491fc8 8d925ad25b614f2cbe31ee5ee9f3ea6a - - default default] No more DHCP agents
2026-07-17 04:58:17.857 8 WARNING neutron.api.rpc.agentnotifiers.dhcp_rpc_agent_api [None req-68ed1c53-ad41-45c6-a2f9-9d9c24a775f6 c0648ed06f9f459aac8ff5b990491fc8 8d925ad25b614f2cbe31ee5ee9f3ea6a - - default default] Unable to schedule network 3e381f80-93a2-456c-9607-b486ced76c2a: no agents available; will retry on subsequent port and subnet creation events.
2026-07-17 04:58:17.902 7 INFO neutron.services.segments.plugin [-] Segment 6921c64b-0a67-4419-8747-1cb4e9f2257a resource provider aggregate not found
2026-07-17 04:58:17.906 7 INFO neutron.services.segments.plugin [-] Segment 6921c64b-0a67-4419-8747-1cb4e9f2257a resource provider aggregate not found
2026-07-17 04:58:17.934 8 INFO neutron.plugins.ml2.drivers.ovn.mech_driver.mech_driver [None req-922b61d1-790a-486f-87bc-6e6b15be8fb4 - - - - - -] OVN reports status down for port: c0e4d2fd-60bf-4164-9c51-f5a8d67d6f1e
2026-07-17 04:58:17.935 7 INFO neutron_taas.services.taas.taas_plugin [None req-e320b519-cbae-4a9d-9154-971363f30982 eae36f540e53415f98e3fd5ce557462d 5bc071c6a7044cd1a21287ea823846fe - - default default] TaaS: Handle Delete Port: fcf12634-8a68-43f8-9a5e-12467e0be736
2026-07-17 04:58:17.938 7 INFO neutron.services.segments.plugin [-] Client error retrieving segment 6921c64b-0a67-4419-8747-1cb4e9f2257a resource provider; error: Placement Client Error (4xx): {"errors": [{"status": 404, "title": "Not Found", "detail": "The resource could not be found.\n\n No resource provider with uuid 6921c64b-0a67-4419-8747-1cb4e9f2257a found for delete ", "request_id": "req-37b6eb23-0f73-4f7e-85c8-8355121d690f"}]}
2026-07-17 04:58:17.944 7 INFO neutron.services.segments.plugin [-] Client error retrieving segment 6921c64b-0a67-4419-8747-1cb4e9f2257a resource provider; error: Placement Client Error (4xx): {"errors": [{"status": 404, "title": "Not Found", "detail": "The resource could not be found.\n\n No resource provider with uuid 6921c64b-0a67-4419-8747-1cb4e9f2257a found for delete ", "request_id": "req-f6f9d8a7-c3a9-430c-8519-42cc229d657e"}]}
2026-07-17 04:58:17.956 7 INFO neutron_taas.services.taas.tap_mirror_plugin [None req-e320b519-cbae-4a9d-9154-971363f30982 eae36f540e53415f98e3fd5ce557462d 5bc071c6a7044cd1a21287ea823846fe - - default default] Tap Mirror: Handle Delete Port: fcf12634-8a68-43f8-9a5e-12467e0be736
2026-07-17 04:58:17.970 7 INFO neutron.services.segments.plugin [-] Segment 5899ca1f-fabf-4e34-9aba-26034547ba5f resource provider aggregate not found
2026-07-17 04:58:17.973 7 INFO neutron.services.segments.plugin [-] Segment 5899ca1f-fabf-4e34-9aba-26034547ba5f resource provider aggregate not found
2026-07-17 04:58:17.986 7 INFO neutron.services.segments.plugin [-] Client error retrieving segment 5899ca1f-fabf-4e34-9aba-26034547ba5f resource provider; error: Placement Client Error (4xx): {"errors": [{"status": 404, "title": "Not Found", "detail": "The resource could not be found.\n\n No resource provider with uuid 5899ca1f-fabf-4e34-9aba-26034547ba5f found for delete ", "request_id": "req-4aae9f06-b842-4937-ad4b-d3b9a1c71b0a"}]}
2026-07-17 04:58:17.989 7 INFO neutron.services.segments.plugin [-] Client error retrieving segment 5899ca1f-fabf-4e34-9aba-26034547ba5f resource provider; error: Placement Client Error (4xx): {"errors": [{"status": 404, "title": "Not Found", "detail": "The resource could not be found.\n\n No resource provider with uuid 5899ca1f-fabf-4e34-9aba-26034547ba5f found for delete ", "request_id": "req-e0f11e48-2578-4402-a1f6-1fb207516e9f"}]}
2026-07-17 04:58:18.005 8 INFO neutron.db.ovn_revision_numbers_db [None req-68ed1c53-ad41-45c6-a2f9-9d9c24a775f6 c0648ed06f9f459aac8ff5b990491fc8 8d925ad25b614f2cbe31ee5ee9f3ea6a - - default default] Successfully bumped revision number for resource c0e4d2fd-60bf-4164-9c51-f5a8d67d6f1e (type: ports) to 1 [pid: 8|app: 0|req: 474/921] 10.0.0.189 () {34 vars in 670 bytes} [Fri Jul 17 04:58:17 2026] POST /v2.0/networks => generated 687 bytes in 600 msecs (HTTP/1.1 201) 4 headers in 162 bytes (1 switches on core 0) [pid: 7|app: 0|req: 448/922] 10.0.0.189 () {32 vars in 732 bytes} [Fri Jul 17 04:58:17 2026] DELETE /v2.0/floatingips/2909de71-c7f7-4301-a496-d0d4b69e8e52 => generated 0 bytes in 377 msecs (HTTP/1.1 204) 2 headers in 112 bytes (1 switches on core 0)
2026-07-17 04:58:18.172 8 INFO neutron.db.ovn_revision_numbers_db [None req-b106931e-61d2-43f2-89ab-dcc069c72a46 f1b7edc075a346f38a0106d59f03e4fa ea7e56233b03466fba9e26ee59f99e84 - - default default] Successfully bumped revision number for resource 7e28c9ae-4853-4c60-9eec-50f746538109 (type: security_groups) to 1
2026-07-17 04:58:18.185 8 INFO neutron.db.ovn_revision_numbers_db [None req-b106931e-61d2-43f2-89ab-dcc069c72a46 f1b7edc075a346f38a0106d59f03e4fa ea7e56233b03466fba9e26ee59f99e84 - - default default] Successfully bumped revision number for resource 5b1c1a6f-8ce5-4368-a48e-1d87a2950f6d (type: security_group_rules) to 0
2026-07-17 04:58:18.199 8 INFO neutron.db.ovn_revision_numbers_db [None req-b106931e-61d2-43f2-89ab-dcc069c72a46 f1b7edc075a346f38a0106d59f03e4fa ea7e56233b03466fba9e26ee59f99e84 - - default default] Successfully bumped revision number for resource 91272a58-f91f-4d0a-b570-e43bd16286ee (type: security_group_rules) to 0 [pid: 8|app: 0|req: 475/923] 10.0.0.189 () {34 vars in 685 bytes} [Fri Jul 17 04:58:18 2026] POST /v2.0/security-groups => generated 1660 bytes in 189 msecs (HTTP/1.1 201) 4 headers in 163 bytes (1 switches on core 0)
2026-07-17 04:58:18.231 7 INFO neutron.db.segments_db [None req-960bad2d-f6b5-4f43-9989-fecad41384e9 c0648ed06f9f459aac8ff5b990491fc8 8d925ad25b614f2cbe31ee5ee9f3ea6a - - default default] Added segment 5d8696e2-855b-4c8a-bfd1-afd175cb6bd1 of type geneve for network 6da741bf-81dd-47cc-904d-2a978fa6dd4e
2026-07-17 04:58:18.368 7 INFO neutron.db.ovn_revision_numbers_db [None req-960bad2d-f6b5-4f43-9989-fecad41384e9 c0648ed06f9f459aac8ff5b990491fc8 8d925ad25b614f2cbe31ee5ee9f3ea6a - - default default] Successfully bumped revision number for resource 6da741bf-81dd-47cc-904d-2a978fa6dd4e (type: networks) to 1
2026-07-17 04:58:18.505 8 INFO neutron_taas.services.taas.taas_plugin [None req-8b6a3de6-50ff-4bed-be02-879cfc590164 e3c81812568747ff9cfec0c27b1dbeff aa514930302d4309a556a37e4aff512e - - default default] TaaS: Handle Delete Port: ee5d60ce-69bf-41af-ab66-74eaf4616303
2026-07-17 04:58:18.508 8 INFO neutron_taas.services.taas.tap_mirror_plugin [None req-8b6a3de6-50ff-4bed-be02-879cfc590164 e3c81812568747ff9cfec0c27b1dbeff aa514930302d4309a556a37e4aff512e - - default default] Tap Mirror: Handle Delete Port: ee5d60ce-69bf-41af-ab66-74eaf4616303
