2026-07-17 05:00:04.776 8 WARNING neutron.db.securitygroups_db [None req-79c5d309-a204-4b8c-80dc-cc56021eb153 e3c81812568747ff9cfec0c27b1dbeff aa514930302d4309a556a37e4aff512e - - default default] project_id key not found in filters, using tenant_id instead. This support has been deprecated and will be removed in a future release. [pid: 8|app: 0|req: 929/1749] 10.0.0.189 () {32 vars in 774 bytes} [Fri Jul 17 05:00:04 2026] GET /v2.0/security-groups?tenant_id=c027ac403d4745dc9a8c7af88dd659c2&name=default => generated 2925 bytes in 212 msecs (HTTP/1.1 200) 4 headers in 158 bytes (1 switches on core 0)
2026-07-17 05:00:04.939 8 INFO neutron_taas.services.taas.taas_plugin [None req-e3922dab-2163-47bf-8305-5d19f4f73e3a 8a9d275933f84651958f883cd357af9f ab20081af4564684bc92b434644cb8dc - - default default] TaaS: Handle Delete Port: bfb6a04e-c776-477c-a87a-c94ebe390054
2026-07-17 05:00:04.941 8 INFO neutron_taas.services.taas.tap_mirror_plugin [None req-e3922dab-2163-47bf-8305-5d19f4f73e3a 8a9d275933f84651958f883cd357af9f ab20081af4564684bc92b434644cb8dc - - default default] Tap Mirror: Handle Delete Port: bfb6a04e-c776-477c-a87a-c94ebe390054
2026-07-17 05:00:04.954 7 WARNING neutron.plugins.ml2.drivers.ovn.mech_driver.ovsdb.ovn_client [None req-0d30c11e-c3d1-47ba-9392-c8b043bd09ea - - - - - -] No port found with ID 22909b14-e2ec-49ed-9769-6d6217932a6a: RuntimeError: No port found with ID 22909b14-e2ec-49ed-9769-6d6217932a6a
2026-07-17 05:00:04.990 7 INFO neutron.plugins.ml2.drivers.ovn.mech_driver.mech_driver [None req-0d30c11e-c3d1-47ba-9392-c8b043bd09ea - - - - - -] OVN reports status down for port: 8f7a04c5-39a0-4eee-af2e-1f787c3dc940
2026-07-17 05:00:04.998 8 INFO neutron.services.segments.plugin [-] Segment 928475a4-612b-4cb9-b410-dc889bbdc6eb resource provider aggregate not found
2026-07-17 05:00:05.008 8 INFO neutron.services.segments.plugin [-] Segment 928475a4-612b-4cb9-b410-dc889bbdc6eb resource provider aggregate not found
2026-07-17 05:00:05.014 8 INFO neutron.services.segments.plugin [-] Client error retrieving segment 928475a4-612b-4cb9-b410-dc889bbdc6eb resource provider; error: Placement Client Error (4xx): {"errors": [{"status": 404, "title": "Not Found", "detail": "The resource could not be found.\n\n No resource provider with uuid 928475a4-612b-4cb9-b410-dc889bbdc6eb found for delete ", "request_id": "req-b1da162c-c8a0-4a9c-8ebc-bd14ed06c190"}]}
2026-07-17 05:00:05.039 8 INFO neutron.services.segments.plugin [-] Client error retrieving segment 928475a4-612b-4cb9-b410-dc889bbdc6eb resource provider; error: Placement Client Error (4xx): {"errors": [{"status": 404, "title": "Not Found", "detail": "The resource could not be found.\n\n No resource provider with uuid 928475a4-612b-4cb9-b410-dc889bbdc6eb found for delete ", "request_id": "req-0da8d6e6-c16e-4bd4-9663-36313ed943ba"}]}
2026-07-17 05:00:05.041 8 INFO neutron.services.segments.plugin [-] Segment 6b8541a3-b6ea-4fce-b642-5e7174fdfcef resource provider aggregate not found
2026-07-17 05:00:05.058 8 INFO neutron.services.segments.plugin [-] Client error retrieving segment 6b8541a3-b6ea-4fce-b642-5e7174fdfcef resource provider; error: Placement Client Error (4xx): {"errors": [{"status": 404, "title": "Not Found", "detail": "The resource could not be found.\n\n No resource provider with uuid 6b8541a3-b6ea-4fce-b642-5e7174fdfcef found for delete ", "request_id": "req-f08c3861-7f41-4d66-ae1b-13136c1fb9c0"}]}
2026-07-17 05:00:05.063 8 INFO neutron.services.segments.plugin [-] Segment 6b8541a3-b6ea-4fce-b642-5e7174fdfcef resource provider aggregate not found
2026-07-17 05:00:05.078 8 INFO neutron.services.segments.plugin [-] Client error retrieving segment 6b8541a3-b6ea-4fce-b642-5e7174fdfcef resource provider; error: Placement Client Error (4xx): {"errors": [{"status": 404, "title": "Not Found", "detail": "The resource could not be found.\n\n No resource provider with uuid 6b8541a3-b6ea-4fce-b642-5e7174fdfcef found for delete ", "request_id": "req-76433632-a2f8-4cdf-9d39-763f12f51553"}]}
2026-07-17 05:00:05.083 8 INFO neutron.services.segments.plugin [-] Segment e9cad6d2-6ad5-4e1d-8920-b9df27a60969 resource provider aggregate not found
2026-07-17 05:00:05.100 8 INFO neutron.services.segments.plugin [-] Segment e9cad6d2-6ad5-4e1d-8920-b9df27a60969 resource provider aggregate not found
2026-07-17 05:00:05.108 8 INFO neutron.services.segments.plugin [-] Client error retrieving segment e9cad6d2-6ad5-4e1d-8920-b9df27a60969 resource provider; error: Placement Client Error (4xx): {"errors": [{"status": 404, "title": "Not Found", "detail": "The resource could not be found.\n\n No resource provider with uuid e9cad6d2-6ad5-4e1d-8920-b9df27a60969 found for delete ", "request_id": "req-d4395e4b-ebc3-4c9f-8ae3-3ae45e197273"}]}
2026-07-17 05:00:05.125 8 INFO neutron.services.segments.plugin [-] Client error retrieving segment e9cad6d2-6ad5-4e1d-8920-b9df27a60969 resource provider; error: Placement Client Error (4xx): {"errors": [{"status": 404, "title": "Not Found", "detail": "The resource could not be found.\n\n No resource provider with uuid e9cad6d2-6ad5-4e1d-8920-b9df27a60969 found for delete ", "request_id": "req-23b983e6-fea3-4ce2-9dc2-4db9809414c7"}]}
2026-07-17 05:00:05.132 8 INFO neutron.services.segments.plugin [-] Segment 83cd6b99-88fb-462e-960d-f9639b2a35d2 resource provider aggregate not found
2026-07-17 05:00:05.153 8 INFO neutron.services.segments.plugin [-] Segment 83cd6b99-88fb-462e-960d-f9639b2a35d2 resource provider aggregate not found
2026-07-17 05:00:05.154 8 INFO neutron.services.segments.plugin [-] Client error retrieving segment 83cd6b99-88fb-462e-960d-f9639b2a35d2 resource provider; error: Placement Client Error (4xx): {"errors": [{"status": 404, "title": "Not Found", "detail": "The resource could not be found.\n\n No resource provider with uuid 83cd6b99-88fb-462e-960d-f9639b2a35d2 found for delete ", "request_id": "req-f86ef2ca-5141-43e0-bf6f-f194e42f719c"}]}
2026-07-17 05:00:05.187 8 INFO neutron.services.segments.plugin [-] Client error retrieving segment 83cd6b99-88fb-462e-960d-f9639b2a35d2 resource provider; error: Placement Client Error (4xx): {"errors": [{"status": 404, "title": "Not Found", "detail": "The resource could not be found.\n\n No resource provider with uuid 83cd6b99-88fb-462e-960d-f9639b2a35d2 found for delete ", "request_id": "req-4a02b215-54d2-4356-b55e-8b87c14ea0bc"}]} [pid: 8|app: 0|req: 930/1750] 10.0.0.189 () {32 vars in 726 bytes} [Fri Jul 17 05:00:04 2026] DELETE /v2.0/networks/cb5abaad-4672-49cc-8782-fbe784a7ad3c => generated 0 bytes in 476 msecs (HTTP/1.1 204) 3 headers in 131 bytes (1 switches on core 0) [pid: 8|app: 0|req: 931/1751] 10.0.0.189 () {32 vars in 724 bytes} [Fri Jul 17 05:00:05 2026] DELETE /v2.0/routers/9bf226f8-ffec-444c-ae13-5574e2d1974d => generated 0 bytes in 163 msecs (HTTP/1.1 204) 2 headers in 112 bytes (1 switches on core 0) [pid: 8|app: 0|req: 932/1752] 10.0.0.189 () {32 vars in 740 bytes} [Fri Jul 17 05:00:05 2026] DELETE /v2.0/security-groups/4091ae78-1d59-4aaa-8630-e951ce09c193 => generated 0 bytes in 188 msecs (HTTP/1.1 204) 2 headers in 112 bytes (1 switches on core 0)
2026-07-17 05:00:05.764 7 INFO neutron.plugins.ml2.drivers.ovn.mech_driver.mech_driver [None req-0d30c11e-c3d1-47ba-9392-c8b043bd09ea - - - - - -] OVN reports status up for port: 8f7a04c5-39a0-4eee-af2e-1f787c3dc940
2026-07-17 05:00:05.794 8 INFO neutron_taas.services.taas.taas_plugin [None req-efa9459e-41de-4649-bd43-b718c122f5da 8a9d275933f84651958f883cd357af9f ab20081af4564684bc92b434644cb8dc - - default default] TaaS: Handle Delete Port: 57689d00-677d-4707-bd96-a1b62d698391
2026-07-17 05:00:05.797 8 INFO neutron_taas.services.taas.tap_mirror_plugin [None req-efa9459e-41de-4649-bd43-b718c122f5da 8a9d275933f84651958f883cd357af9f ab20081af4564684bc92b434644cb8dc - - default default] Tap Mirror: Handle Delete Port: 57689d00-677d-4707-bd96-a1b62d698391
2026-07-17 05:00:05.804 7 INFO neutron.plugins.ml2.plugin [None req-0d30c11e-c3d1-47ba-9392-c8b043bd09ea - - - - - -] Attempt 1 to provision port 8f7a04c5-39a0-4eee-af2e-1f787c3dc940
2026-07-17 05:00:05.832 7 INFO neutron.db.ovn_revision_numbers_db [None req-d57a0acf-5448-46f7-9bab-2a887407a353 22b612889e4f474e89d111f63ee32508 0096689acae34435a431c5c7897e0c63 - - default default] Successfully bumped revision number for resource 8f7a04c5-39a0-4eee-af2e-1f787c3dc940 (type: router_ports) to 1
2026-07-17 05:00:05.959 7 INFO neutron.db.ovn_revision_numbers_db [None req-d57a0acf-5448-46f7-9bab-2a887407a353 22b612889e4f474e89d111f63ee32508 0096689acae34435a431c5c7897e0c63 - - default default] Successfully bumped revision number for resource 8df980da-b95b-4d2e-902d-0fd8577b5330 (type: routers) to 2 [pid: 7|app: 0|req: 821/1753] 10.0.0.189 () {34 vars in 669 bytes} [Fri Jul 17 05:00:03 2026] POST /v2.0/routers => generated 973 bytes in 1986 msecs (HTTP/1.1 201) 4 headers in 162 bytes (1 switches on core 0) [pid: 8|app: 0|req: 933/1754] 10.0.0.189 () {32 vars in 726 bytes} [Fri Jul 17 05:00:05 2026] DELETE /v2.0/networks/5924c9c3-a2c4-49a2-8499-fe859ea64b00 => generated 0 bytes in 387 msecs (HTTP/1.1 204) 3 headers in 131 bytes (1 switches on core 0)
2026-07-17 05:00:06.028 8 WARNING neutron.db.securitygroups_db [None req-1d1323bc-9b02-445c-9e43-bc33805e1bd1 e3c81812568747ff9cfec0c27b1dbeff aa514930302d4309a556a37e4aff512e - - default default] project_id key not found in filters, using tenant_id instead. This support has been deprecated and will be removed in a future release.
2026-07-17 05:00:06.185 8 INFO neutron.db.ovn_revision_numbers_db [None req-1d1323bc-9b02-445c-9e43-bc33805e1bd1 e3c81812568747ff9cfec0c27b1dbeff aa514930302d4309a556a37e4aff512e - - default default] Successfully bumped revision number for resource 4c2576c6-8193-41f2-9447-e9b3d510e677 (type: security_groups) to 1 [pid: 7|app: 0|req: 822/1755] 10.0.0.189 () {32 vars in 724 bytes} [Fri Jul 17 05:00:05 2026] DELETE /v2.0/subnets/39120969-3374-4c40-83da-76a302e3bd73 => generated 0 bytes in 206 msecs (HTTP/1.1 204) 3 headers in 131 bytes (1 switches on core 0)
2026-07-17 05:00:06.198 8 INFO neutron.db.ovn_revision_numbers_db [None req-1d1323bc-9b02-445c-9e43-bc33805e1bd1 e3c81812568747ff9cfec0c27b1dbeff aa514930302d4309a556a37e4aff512e - - default default] Successfully bumped revision number for resource 01f50197-deb9-43c8-8de6-9d24d7ebd4ee (type: security_group_rules) to 0
2026-07-17 05:00:06.211 8 INFO neutron.db.ovn_revision_numbers_db [None req-1d1323bc-9b02-445c-9e43-bc33805e1bd1 e3c81812568747ff9cfec0c27b1dbeff aa514930302d4309a556a37e4aff512e - - default default] Successfully bumped revision number for resource 16a3121f-0a09-43ab-9067-8789fac2ad4c (type: security_group_rules) to 0
2026-07-17 05:00:06.223 8 INFO neutron.db.ovn_revision_numbers_db [None req-1d1323bc-9b02-445c-9e43-bc33805e1bd1 e3c81812568747ff9cfec0c27b1dbeff aa514930302d4309a556a37e4aff512e - - default default] Successfully bumped revision number for resource 18156b02-c9e0-475c-8e94-912d436d34bf (type: security_group_rules) to 0
2026-07-17 05:00:06.232 8 INFO neutron.db.ovn_revision_numbers_db [None req-1d1323bc-9b02-445c-9e43-bc33805e1bd1 e3c81812568747ff9cfec0c27b1dbeff aa514930302d4309a556a37e4aff512e - - default default] Successfully bumped revision number for resource b584c04d-a5e2-43de-b09c-3301dfa1b73e (type: security_group_rules) to 0 [pid: 7|app: 0|req: 823/1756] 10.0.0.189 () {32 vars in 721 bytes} [Fri Jul 17 05:00:06 2026] GET /v2.0/routers/8df980da-b95b-4d2e-902d-0fd8577b5330 => generated 979 bytes in 52 msecs (HTTP/1.1 200) 4 headers in 157 bytes (1 switches on core 0) [pid: 8|app: 0|req: 934/1759] 10.0.0.189 () {32 vars in 774 bytes} [Fri Jul 17 05:00:06 2026] GET /v2.0/security-groups?tenant_id=2d2a1ad150a04f11b8e58e10dbeacafc&name=default => generated 2925 bytes in 256 msecs (HTTP/1.1 200) 4 headers in 158 bytes (1 switches on core 0) [pid: 8|app: 0|req: 935/1760] 10.0.0.189 () {32 vars in 647 bytes} [Fri Jul 17 05:00:06 2026] GET /v2.0/routers => generated 982 bytes in 74 msecs (HTTP/1.1 200) 4 headers in 157 bytes (1 switches on core 0)
2026-07-17 05:00:06.375 7 INFO neutron_taas.services.taas.taas_plugin [None req-9ad9da35-9cdd-40ea-8cee-32272d44969c 53f07850891f4a7291b8279e23079cee b974c980dbba4936968e609d38035ac1 - - default default] TaaS: Handle Delete Port: 0e1f9eaa-ecb0-4b96-baef-39b57455d339
2026-07-17 05:00:06.377 7 INFO neutron_taas.services.taas.tap_mirror_plugin [None req-9ad9da35-9cdd-40ea-8cee-32272d44969c 53f07850891f4a7291b8279e23079cee b974c980dbba4936968e609d38035ac1 - - default default] Tap Mirror: Handle Delete Port: 0e1f9eaa-ecb0-4b96-baef-39b57455d339 [pid: 8|app: 0|req: 936/1761] 10.0.0.189 () {32 vars in 740 bytes} [Fri Jul 17 05:00:06 2026] DELETE /v2.0/security-groups/4c2576c6-8193-41f2-9447-e9b3d510e677 => generated 0 bytes in 233 msecs (HTTP/1.1 204) 2 headers in 112 bytes (1 switches on core 0)
2026-07-17 05:00:06.636 7 INFO neutron.services.segments.plugin [-] Segment cb56065c-5012-4414-b6fe-83163a7e8b00 resource provider aggregate not found
2026-07-17 05:00:06.640 7 INFO neutron.services.segments.plugin [-] Segment cb56065c-5012-4414-b6fe-83163a7e8b00 resource provider aggregate not found
2026-07-17 05:00:06.655 7 INFO neutron.services.segments.plugin [-] Client error retrieving segment cb56065c-5012-4414-b6fe-83163a7e8b00 resource provider; error: Placement Client Error (4xx): {"errors": [{"status": 404, "title": "Not Found", "detail": "The resource could not be found.\n\n No resource provider with uuid cb56065c-5012-4414-b6fe-83163a7e8b00 found for delete ", "request_id": "req-b439740a-42a1-4f4e-bf5b-9a11e37fb415"}]}
2026-07-17 05:00:06.669 7 INFO neutron.services.segments.plugin [-] Client error retrieving segment cb56065c-5012-4414-b6fe-83163a7e8b00 resource provider; error: Placement Client Error (4xx): {"errors": [{"status": 404, "title": "Not Found", "detail": "The resource could not be found.\n\n No resource provider with uuid cb56065c-5012-4414-b6fe-83163a7e8b00 found for delete ", "request_id": "req-f57f7250-63f1-467e-ad76-2e763c725230"}]} [pid: 7|app: 0|req: 826/1762] 10.0.0.189 () {32 vars in 726 bytes} [Fri Jul 17 05:00:06 2026] DELETE /v2.0/networks/30219a91-6c02-4c88-ac84-70e1a0266428 => generated 0 bytes in 439 msecs (HTTP/1.1 204) 3 headers in 131 bytes (1 switches on core 0)
2026-07-17 05:00:06.820 7 INFO neutron.db.segments_db [None req-2ecc1161-69bd-4d25-8b53-6ff8e0db719d 53f07850891f4a7291b8279e23079cee b974c980dbba4936968e609d38035ac1 - - default default] Added segment 6ee30795-f7a6-4da6-80eb-5189a0d73f44 of type geneve for network df92762c-223a-414e-85c1-7db9438e15a3
2026-07-17 05:00:06.952 7 INFO neutron.db.ovn_revision_numbers_db [None req-2ecc1161-69bd-4d25-8b53-6ff8e0db719d 53f07850891f4a7291b8279e23079cee b974c980dbba4936968e609d38035ac1 - - default default] Successfully bumped revision number for resource df92762c-223a-414e-85c1-7db9438e15a3 (type: networks) to 1
2026-07-17 05:00:06.957 8 INFO neutron.db.ovn_revision_numbers_db [None req-b82256f5-45af-4ee7-abce-3cf28d3286be 22b612889e4f474e89d111f63ee32508 0096689acae34435a431c5c7897e0c63 - - default default] Successfully bumped revision number for resource 8df980da-b95b-4d2e-902d-0fd8577b5330 (type: routers) to 3 [pid: 8|app: 0|req: 937/1763] 10.0.0.189 () {34 vars in 741 bytes} [Fri Jul 17 05:00:06 2026] PUT /v2.0/routers/8df980da-b95b-4d2e-902d-0fd8577b5330 => generated 986 bytes in 373 msecs (HTTP/1.1 200) 4 headers in 157 bytes (1 switches on core 0)
2026-07-17 05:00:06.969 8 WARNING neutron.db.securitygroups_db [None req-63a7ed33-d1c4-48de-a99c-d74668ebe02d e3c81812568747ff9cfec0c27b1dbeff aa514930302d4309a556a37e4aff512e - - default default] project_id key not found in filters, using tenant_id instead. This support has been deprecated and will be removed in a future release.
2026-07-17 05:00:07.116 8 INFO neutron.db.ovn_revision_numbers_db [None req-63a7ed33-d1c4-48de-a99c-d74668ebe02d e3c81812568747ff9cfec0c27b1dbeff aa514930302d4309a556a37e4aff512e - - default default] Successfully bumped revision number for resource d5dc7fd1-3ee9-42e2-b7e4-5a73a9d5a005 (type: security_groups) to 1
2026-07-17 05:00:07.119 7 WARNING neutron.scheduler.dhcp_agent_scheduler [None req-2ecc1161-69bd-4d25-8b53-6ff8e0db719d 53f07850891f4a7291b8279e23079cee b974c980dbba4936968e609d38035ac1 - - default default] No more DHCP agents
2026-07-17 05:00:07.120 7 WARNING neutron.api.rpc.agentnotifiers.dhcp_rpc_agent_api [None req-2ecc1161-69bd-4d25-8b53-6ff8e0db719d 53f07850891f4a7291b8279e23079cee b974c980dbba4936968e609d38035ac1 - - default default] Unable to schedule network df92762c-223a-414e-85c1-7db9438e15a3: no agents available; will retry on subsequent port and subnet creation events.
2026-07-17 05:00:07.128 8 INFO neutron.db.ovn_revision_numbers_db [None req-63a7ed33-d1c4-48de-a99c-d74668ebe02d e3c81812568747ff9cfec0c27b1dbeff aa514930302d4309a556a37e4aff512e - - default default] Successfully bumped revision number for resource 05ca3a41-3cff-4870-8945-d92dcb7bdb2e (type: security_group_rules) to 0
2026-07-17 05:00:07.140 8 INFO neutron.db.ovn_revision_numbers_db [None req-63a7ed33-d1c4-48de-a99c-d74668ebe02d e3c81812568747ff9cfec0c27b1dbeff aa514930302d4309a556a37e4aff512e - - default default] Successfully bumped revision number for resource b1f457f3-affd-4359-adb1-6e1f609a0bd3 (type: security_group_rules) to 0
2026-07-17 05:00:07.158 8 INFO neutron.db.ovn_revision_numbers_db [None req-63a7ed33-d1c4-48de-a99c-d74668ebe02d e3c81812568747ff9cfec0c27b1dbeff aa514930302d4309a556a37e4aff512e - - default default] Successfully bumped revision number for resource ca71f62e-6293-461b-b07a-53e31824dc19 (type: security_group_rules) to 0
2026-07-17 05:00:07.185 8 INFO neutron.db.ovn_revision_numbers_db [None req-63a7ed33-d1c4-48de-a99c-d74668ebe02d e3c81812568747ff9cfec0c27b1dbeff aa514930302d4309a556a37e4aff512e - - default default] Successfully bumped revision number for resource cbcefafa-b8d5-4083-be93-f6dc1c0c5911 (type: security_group_rules) to 0
2026-07-17 05:00:07.188 8 INFO neutron.services.segments.plugin [-] Segment 601c8e9a-6f30-4c39-b37a-c402f54666c3 resource provider aggregate not found
2026-07-17 05:00:07.212 8 INFO neutron.services.segments.plugin [-] Client error retrieving segment 601c8e9a-6f30-4c39-b37a-c402f54666c3 resource provider; error: Placement Client Error (4xx): {"errors": [{"status": 404, "title": "Not Found", "detail": "The resource could not be found.\n\n No resource provider with uuid 601c8e9a-6f30-4c39-b37a-c402f54666c3 found for delete ", "request_id": "req-b200045f-a646-4752-8730-6ad5ab940cf0"}]}
2026-07-17 05:00:07.218 7 INFO neutron.db.ovn_revision_numbers_db [None req-2ecc1161-69bd-4d25-8b53-6ff8e0db719d 53f07850891f4a7291b8279e23079cee b974c980dbba4936968e609d38035ac1 - - default default] Successfully bumped revision number for resource 9faa5b1e-efea-4f2b-a0a9-b51aa78e749f (type: ports) to 1
2026-07-17 05:00:07.219 8 INFO neutron.services.segments.plugin [-] Segment 601c8e9a-6f30-4c39-b37a-c402f54666c3 resource provider aggregate not found
2026-07-17 05:00:07.230 8 INFO neutron.services.segments.plugin [-] Segment 0d967ac8-ce5e-477d-821b-cead753bfa71 resource provider aggregate not found
2026-07-17 05:00:07.239 8 INFO neutron.services.segments.plugin [-] Client error retrieving segment 601c8e9a-6f30-4c39-b37a-c402f54666c3 resource provider; error: Placement Client Error (4xx): {"errors": [{"status": 404, "title": "Not Found", "detail": "The resource could not be found.\n\n No resource provider with uuid 601c8e9a-6f30-4c39-b37a-c402f54666c3 found for delete ", "request_id": "req-6f75c769-c1a6-439f-b7c8-5b34c9f215c6"}]} [pid: 7|app: 0|req: 827/1764] 10.0.0.189 () {34 vars in 670 bytes} [Fri Jul 17 05:00:06 2026] POST /v2.0/networks => generated 667 bytes in 552 msecs (HTTP/1.1 201) 4 headers in 162 bytes (1 switches on core 0)
2026-07-17 05:00:07.254 8 INFO neutron.services.segments.plugin [-] Client error retrieving segment 0d967ac8-ce5e-477d-821b-cead753bfa71 resource provider; error: Placement Client Error (4xx): {"errors": [{"status": 404, "title": "Not Found", "detail": "The resource could not be found.\n\n No resource provider with uuid 0d967ac8-ce5e-477d-821b-cead753bfa71 found for delete ", "request_id": "req-880617a2-5add-48e8-9caf-b2acb4fb2a23"}]}
2026-07-17 05:00:07.260 8 INFO neutron.services.segments.plugin [-] Segment 0d967ac8-ce5e-477d-821b-cead753bfa71 resource provider aggregate not found [pid: 8|app: 0|req: 938/1765] 10.0.0.189 () {32 vars in 774 bytes} [Fri Jul 17 05:00:06 2026] GET /v2.0/security-groups?tenant_id=f3ad7055dd864e56882dc984c888e690&name=default => generated 2925 bytes in 299 msecs (HTTP/1.1 200) 4 headers in 158 bytes (1 switches on core 0)
2026-07-17 05:00:07.284 8 INFO neutron.services.segments.plugin [-] Client error retrieving segment 0d967ac8-ce5e-477d-821b-cead753bfa71 resource provider; error: Placement Client Error (4xx): {"errors": [{"status": 404, "title": "Not Found", "detail": "The resource could not be found.\n\n No resource provider with uuid 0d967ac8-ce5e-477d-821b-cead753bfa71 found for delete ", "request_id": "req-80e93ca4-5a47-432f-b5c1-c5332b88b268"}]} [pid: 8|app: 0|req: 939/1766] 10.0.0.189 () {32 vars in 721 bytes} [Fri Jul 17 05:00:07 2026] GET /v2.0/routers/8df980da-b95b-4d2e-902d-0fd8577b5330 => generated 986 bytes in 64 msecs (HTTP/1.1 200) 4 headers in 157 bytes (1 switches on core 0)
2026-07-17 05:00:07.406 8 WARNING neutron.plugins.ml2.drivers.ovn.mech_driver.ovsdb.ovn_client [None req-80e89a7e-26d8-4509-8f44-cf31b18bc25d - - - - - -] No port found with ID e02a4f90-f33e-47dc-9032-75c687772ec0: RuntimeError: No port found with ID e02a4f90-f33e-47dc-9032-75c687772ec0
2026-07-17 05:00:07.452 7 WARNING neutron.db.securitygroups_db [None req-5e16093a-4cc6-4704-9b66-9da4718528ed e3c81812568747ff9cfec0c27b1dbeff aa514930302d4309a556a37e4aff512e - - default default] project_id key not found in filters, using tenant_id instead. This support has been deprecated and will be removed in a future release.
2026-07-17 05:00:07.522 8 WARNING neutron.scheduler.dhcp_agent_scheduler [None req-8c1d7481-8068-4fea-ab97-9ac99a63cfb7 53f07850891f4a7291b8279e23079cee b974c980dbba4936968e609d38035ac1 - - default default] No more DHCP agents
2026-07-17 05:00:07.523 8 WARNING neutron.api.rpc.agentnotifiers.dhcp_rpc_agent_api [None req-8c1d7481-8068-4fea-ab97-9ac99a63cfb7 53f07850891f4a7291b8279e23079cee b974c980dbba4936968e609d38035ac1 - - default default] Unable to schedule network df92762c-223a-414e-85c1-7db9438e15a3: no agents available; will retry on subsequent port and subnet creation events.
2026-07-17 05:00:07.601 7 INFO neutron.db.ovn_revision_numbers_db [None req-5e16093a-4cc6-4704-9b66-9da4718528ed e3c81812568747ff9cfec0c27b1dbeff aa514930302d4309a556a37e4aff512e - - default default] Successfully bumped revision number for resource d429beae-36d8-43e5-86a2-9cce22912eee (type: security_groups) to 1
2026-07-17 05:00:07.614 7 INFO neutron.db.ovn_revision_numbers_db [None req-5e16093a-4cc6-4704-9b66-9da4718528ed e3c81812568747ff9cfec0c27b1dbeff aa514930302d4309a556a37e4aff512e - - default default] Successfully bumped revision number for resource 020d6554-a809-40a5-b3b7-e8f2e6d7c9e8 (type: security_group_rules) to 0
2026-07-17 05:00:07.628 7 INFO neutron.db.ovn_revision_numbers_db [None req-5e16093a-4cc6-4704-9b66-9da4718528ed e3c81812568747ff9cfec0c27b1dbeff aa514930302d4309a556a37e4aff512e - - default default] Successfully bumped revision number for resource 4343bc91-3f36-455d-a67e-4d6c8a5dcbb8 (type: security_group_rules) to 0
2026-07-17 05:00:07.639 7 INFO neutron.db.ovn_revision_numbers_db [None req-5e16093a-4cc6-4704-9b66-9da4718528ed e3c81812568747ff9cfec0c27b1dbeff aa514930302d4309a556a37e4aff512e - - default default] Successfully bumped revision number for resource 4ca61f7a-65ee-4fd3-a0fe-c3956510def0 (type: security_group_rules) to 0
2026-07-17 05:00:07.650 7 INFO neutron.db.ovn_revision_numbers_db [None req-5e16093a-4cc6-4704-9b66-9da4718528ed e3c81812568747ff9cfec0c27b1dbeff aa514930302d4309a556a37e4aff512e - - default default] Successfully bumped revision number for resource cceb7ff4-c072-45c0-88a7-a410f75fdfa1 (type: security_group_rules) to 0 [pid: 7|app: 0|req: 828/1767] 10.0.0.189 () {32 vars in 774 bytes} [Fri Jul 17 05:00:07 2026] GET /v2.0/security-groups?tenant_id=2a4bcdff1612452082b552e60787ebd4&name=default => generated 2925 bytes in 448 msecs (HTTP/1.1 200) 4 headers in 158 bytes (1 switches on core 0) [pid: 7|app: 0|req: 829/1768] 10.0.0.189 () {32 vars in 740 bytes} [Fri Jul 17 05:00:07 2026] DELETE /v2.0/security-groups/d5dc7fd1-3ee9-42e2-b7e4-5a73a9d5a005 => generated 0 bytes in 198 msecs (HTTP/1.1 204) 2 headers in 112 bytes (1 switches on core 0) [pid: 7|app: 0|req: 830/1769] 10.0.0.189 () {32 vars in 736 bytes} [Fri Jul 17 05:00:07 2026] GET /v2.0/ports?device_id=8df980da-b95b-4d2e-902d-0fd8577b5330 => generated 12 bytes in 32 msecs (HTTP/1.1 200) 4 headers in 156 bytes (1 switches on core 0)
2026-07-17 05:00:07.957 8 INFO neutron.db.ovn_revision_numbers_db [None req-8c1d7481-8068-4fea-ab97-9ac99a63cfb7 53f07850891f4a7291b8279e23079cee b974c980dbba4936968e609d38035ac1 - - default default] Successfully bumped revision number for resource 9faa5b1e-efea-4f2b-a0a9-b51aa78e749f (type: ports) to 2
2026-07-17 05:00:07.990 8 INFO neutron.db.ovn_revision_numbers_db [None req-8c1d7481-8068-4fea-ab97-9ac99a63cfb7 53f07850891f4a7291b8279e23079cee b974c980dbba4936968e609d38035ac1 - - default default] Successfully bumped revision number for resource 6ea180e7-e4ae-447f-989a-26aca1635f80 (type: subnets) to 0 [pid: 8|app: 0|req: 940/1770] 10.0.0.189 () {34 vars in 669 bytes} [Fri Jul 17 05:00:07 2026] POST /v2.0/subnets => generated 626 bytes in 678 msecs (HTTP/1.1 201) 4 headers in 162 bytes (1 switches on core 0) [pid: 7|app: 0|req: 831/1771] 10.0.0.189 () {32 vars in 740 bytes} [Fri Jul 17 05:00:07 2026] DELETE /v2.0/security-groups/d429beae-36d8-43e5-86a2-9cce22912eee => generated 0 bytes in 214 msecs (HTTP/1.1 204) 2 headers in 112 bytes (1 switches on core 0)
2026-07-17 05:00:08.272 7 INFO neutron.db.ovn_revision_numbers_db [None req-fa134e6d-0831-4bf2-b10d-b372e264c3bf 53f07850891f4a7291b8279e23079cee b974c980dbba4936968e609d38035ac1 - - default default] Successfully bumped revision number for resource d9a092c4-3017-4524-a13e-67cdd71658b3 (type: routers) to 1 [pid: 7|app: 0|req: 832/1772] 10.0.0.189 () {34 vars in 669 bytes} [Fri Jul 17 05:00:08 2026] POST /v2.0/routers => generated 621 bytes in 174 msecs (HTTP/1.1 201) 4 headers in 162 bytes (1 switches on core 0)
2026-07-17 05:00:08.354 8 INFO neutron_taas.services.taas.taas_plugin [None req-eed49a7f-95f6-43d2-b124-7b336006bcfa 22b612889e4f474e89d111f63ee32508 0096689acae34435a431c5c7897e0c63 - - default default] TaaS: Handle Delete Port: 8f7a04c5-39a0-4eee-af2e-1f787c3dc940
2026-07-17 05:00:08.356 8 INFO neutron_taas.services.taas.tap_mirror_plugin [None req-eed49a7f-95f6-43d2-b124-7b336006bcfa 22b612889e4f474e89d111f63ee32508 0096689acae34435a431c5c7897e0c63 - - default default] Tap Mirror: Handle Delete Port: 8f7a04c5-39a0-4eee-af2e-1f787c3dc940 [pid: 8|app: 0|req: 941/1773] 10.0.0.189 () {32 vars in 724 bytes} [Fri Jul 17 05:00:08 2026] DELETE /v2.0/routers/8df980da-b95b-4d2e-902d-0fd8577b5330 => generated 0 bytes in 711 msecs (HTTP/1.1 204) 2 headers in 112 bytes (1 switches on core 0)
2026-07-17 05:00:08.723 8 WARNING neutron.db.securitygroups_db [None req-fad37547-7fbd-4097-b659-c406f0566c6f e3c81812568747ff9cfec0c27b1dbeff aa514930302d4309a556a37e4aff512e - - default default] project_id key not found in filters, using tenant_id instead. This support has been deprecated and will be removed in a future release.
2026-07-17 05:00:08.743 7 WARNING neutron.scheduler.dhcp_agent_scheduler [None req-cb00f7f3-dc40-4ca3-a0d5-4960d4befa3d 53f07850891f4a7291b8279e23079cee b974c980dbba4936968e609d38035ac1 - - default default] No more DHCP agents
2026-07-17 05:00:08.744 7 WARNING neutron.api.rpc.agentnotifiers.dhcp_rpc_agent_api [None req-cb00f7f3-dc40-4ca3-a0d5-4960d4befa3d 53f07850891f4a7291b8279e23079cee b974c980dbba4936968e609d38035ac1 - - default default] Unable to schedule network df92762c-223a-414e-85c1-7db9438e15a3: no agents available; will retry on subsequent port and subnet creation events. [pid: 8|app: 0|req: 942/1774] 10.0.0.189 () {32 vars in 774 bytes} [Fri Jul 17 05:00:08 2026] GET /v2.0/security-groups?tenant_id=ab20081af4564684bc92b434644cb8dc&name=default => generated 2925 bytes in 29 msecs (HTTP/1.1 200) 4 headers in 158 bytes (1 switches on core 0) [pid: 8|app: 0|req: 943/1775] 10.0.0.189 () {32 vars in 736 bytes} [Fri Jul 17 05:00:08 2026] GET /v2.0/ports?device_id=8df980da-b95b-4d2e-902d-0fd8577b5330 => generated 12 bytes in 19 msecs (HTTP/1.1 200) 4 headers in 156 bytes (1 switches on core 0)
2026-07-17 05:00:08.949 7 INFO neutron.db.ovn_revision_numbers_db [None req-cb00f7f3-dc40-4ca3-a0d5-4960d4befa3d 53f07850891f4a7291b8279e23079cee b974c980dbba4936968e609d38035ac1 - - default default] Successfully bumped revision number for resource e3a47c83-bad0-4911-b7b4-f1ad315d7c34 (type: ports) to 1 [pid: 8|app: 0|req: 944/1776] 10.0.0.189 () {32 vars in 740 bytes} [Fri Jul 17 05:00:08 2026] DELETE /v2.0/security-groups/1500d59f-eae8-4467-b2a1-5b9d28138c25 => generated 0 bytes in 212 msecs (HTTP/1.1 204) 2 headers in 112 bytes (1 switches on core 0)
2026-07-17 05:00:08.996 8 INFO neutron.api.v2.resource [None req-1100097d-0945-4ae9-afc4-12781f63b3c5 22b612889e4f474e89d111f63ee32508 0096689acae34435a431c5c7897e0c63 - - default default] delete failed (client error): The resource could not be found. [pid: 8|app: 0|req: 945/1777] 10.0.0.189 () {32 vars in 724 bytes} [Fri Jul 17 05:00:08 2026] DELETE /v2.0/routers/8df980da-b95b-4d2e-902d-0fd8577b5330 => generated 135 bytes in 16 msecs (HTTP/1.1 404) 4 headers in 164 bytes (1 switches on core 0) [pid: 8|app: 0|req: 946/1778] 10.0.0.189 () {32 vars in 736 bytes} [Fri Jul 17 05:00:09 2026] GET /v2.0/ports?device_id=c38bcbac-31a9-44da-b997-a63f605c493b => generated 12 bytes in 14 msecs (HTTP/1.1 200) 4 headers in 156 bytes (1 switches on core 0)
2026-07-17 05:00:09.033 8 INFO neutron.api.v2.resource [None req-e39b54ec-112e-4f17-911e-e25dfed13711 22b612889e4f474e89d111f63ee32508 0096689acae34435a431c5c7897e0c63 - - default default] delete failed (client error): The resource could not be found. [pid: 8|app: 0|req: 947/1779] 10.0.0.189 () {32 vars in 724 bytes} [Fri Jul 17 05:00:09 2026] DELETE /v2.0/routers/c38bcbac-31a9-44da-b997-a63f605c493b => generated 135 bytes in 15 msecs (HTTP/1.1 404) 4 headers in 164 bytes (1 switches on core 0)
2026-07-17 05:00:09.052 8 INFO neutron.pecan_wsgi.hooks.translation [None req-7a1fc6dc-24c3-46b7-be15-ac9fac19fcae 22b612889e4f474e89d111f63ee32508 0096689acae34435a431c5c7897e0c63 - - default default] DELETE failed (client error): The resource could not be found. [pid: 8|app: 0|req: 948/1780] 10.0.0.189 () {32 vars in 724 bytes} [Fri Jul 17 05:00:09 2026] DELETE /v2.0/subnets/8b07b8a2-6352-477b-9e60-c168c9ba0e08 => generated 136 bytes in 16 msecs (HTTP/1.1 404) 4 headers in 164 bytes (1 switches on core 0) [pid: 8|app: 0|req: 949/1781] 10.0.0.189 () {32 vars in 736 bytes} [Fri Jul 17 05:00:09 2026] GET /v2.0/ports?device_id=5b1f2a6b-f14d-4391-a33e-19ea4741adb6 => generated 12 bytes in 22 msecs (HTTP/1.1 200) 4 headers in 156 bytes (1 switches on core 0)
2026-07-17 05:00:09.104 8 INFO neutron.api.v2.resource [None req-42c1c1a4-3c01-4c5d-94b5-9005b394908b 22b612889e4f474e89d111f63ee32508 0096689acae34435a431c5c7897e0c63 - - default default] delete failed (client error): The resource could not be found. [pid: 8|app: 0|req: 950/1782] 10.0.0.189 () {32 vars in 724 bytes} [Fri Jul 17 05:00:09 2026] DELETE /v2.0/routers/5b1f2a6b-f14d-4391-a33e-19ea4741adb6 => generated 135 bytes in 14 msecs (HTTP/1.1 404) 4 headers in 164 bytes (1 switches on core 0)
2026-07-17 05:00:09.108 8 WARNING neutron.db.securitygroups_db [None req-5aa4f6eb-8b7a-43d7-93c2-254e83361e47 e3c81812568747ff9cfec0c27b1dbeff aa514930302d4309a556a37e4aff512e - - default default] project_id key not found in filters, using tenant_id instead. This support has been deprecated and will be removed in a future release.
2026-07-17 05:00:09.235 8 INFO neutron.db.ovn_revision_numbers_db [None req-5aa4f6eb-8b7a-43d7-93c2-254e83361e47 e3c81812568747ff9cfec0c27b1dbeff aa514930302d4309a556a37e4aff512e - - default default] Successfully bumped revision number for resource 772c3674-f7e4-49b4-8eb2-6dd843e9e75e (type: security_groups) to 1
2026-07-17 05:00:09.253 8 INFO neutron.db.ovn_revision_numbers_db [None req-5aa4f6eb-8b7a-43d7-93c2-254e83361e47 e3c81812568747ff9cfec0c27b1dbeff aa514930302d4309a556a37e4aff512e - - default default] Successfully bumped revision number for resource 2a3886f9-9cc3-4c89-8f41-12b97cace7a8 (type: security_group_rules) to 0
2026-07-17 05:00:09.264 8 INFO neutron.db.ovn_revision_numbers_db [None req-5aa4f6eb-8b7a-43d7-93c2-254e83361e47 e3c81812568747ff9cfec0c27b1dbeff aa514930302d4309a556a37e4aff512e - - default default] Successfully bumped revision number for resource 587ee849-670e-4187-9b54-ac6db6309178 (type: security_group_rules) to 0
2026-07-17 05:00:09.273 8 INFO neutron.db.ovn_revision_numbers_db [None req-5aa4f6eb-8b7a-43d7-93c2-254e83361e47 e3c81812568747ff9cfec0c27b1dbeff aa514930302d4309a556a37e4aff512e - - default default] Successfully bumped revision number for resource cce23fff-a582-40c5-8769-a557ae5b7ae8 (type: security_group_rules) to 0
2026-07-17 05:00:09.287 8 INFO neutron.db.ovn_revision_numbers_db [None req-5aa4f6eb-8b7a-43d7-93c2-254e83361e47 e3c81812568747ff9cfec0c27b1dbeff aa514930302d4309a556a37e4aff512e - - default default] Successfully bumped revision number for resource d67d3397-d286-4cd9-868f-18d4278803f8 (type: security_group_rules) to 0 [pid: 8|app: 0|req: 951/1783] 10.0.0.189 () {32 vars in 774 bytes} [Fri Jul 17 05:00:09 2026] GET /v2.0/security-groups?tenant_id=43e6acc7880a43478baf44f896bbe2bf&name=default => generated 2925 bytes in 219 msecs (HTTP/1.1 200) 4 headers in 158 bytes (1 switches on core 0)
2026-07-17 05:00:09.335 8 INFO neutron.pecan_wsgi.hooks.translation [None req-624f7066-02bf-4139-9f88-5a84f65b8604 22b612889e4f474e89d111f63ee32508 0096689acae34435a431c5c7897e0c63 - - default default] DELETE failed (client error): The resource could not be found. [pid: 8|app: 0|req: 952/1784] 10.0.0.189 () {32 vars in 724 bytes} [Fri Jul 17 05:00:09 2026] DELETE /v2.0/subnets/eb97b638-fcbe-455d-b162-134cdb6426ad => generated 136 bytes in 12 msecs (HTTP/1.1 404) 4 headers in 164 bytes (1 switches on core 0) [pid: 8|app: 0|req: 953/1785] 10.0.0.189 () {32 vars in 740 bytes} [Fri Jul 17 05:00:09 2026] DELETE /v2.0/security-groups/772c3674-f7e4-49b4-8eb2-6dd843e9e75e => generated 0 bytes in 307 msecs (HTTP/1.1 204) 2 headers in 112 bytes (1 switches on core 0)
2026-07-17 05:00:09.656 7 WARNING neutron.scheduler.dhcp_agent_scheduler [None req-cb00f7f3-dc40-4ca3-a0d5-4960d4befa3d 53f07850891f4a7291b8279e23079cee b974c980dbba4936968e609d38035ac1 - - default default] No more DHCP agents
2026-07-17 05:00:09.658 7 WARNING neutron.api.rpc.agentnotifiers.dhcp_rpc_agent_api [None req-cb00f7f3-dc40-4ca3-a0d5-4960d4befa3d 53f07850891f4a7291b8279e23079cee b974c980dbba4936968e609d38035ac1 - - default default] Unable to schedule network df92762c-223a-414e-85c1-7db9438e15a3: no agents available; will retry on subsequent port and subnet creation events. [pid: 8|app: 0|req: 954/1786] 10.0.0.189 () {32 vars in 736 bytes} [Fri Jul 17 05:00:09 2026] GET /v2.0/ports?device_id=23684a04-44ed-4fe7-ab1f-9068f4dcbc57 => generated 12 bytes in 18 msecs (HTTP/1.1 200) 4 headers in 156 bytes (1 switches on core 0)
2026-07-17 05:00:09.684 8 INFO neutron.api.v2.resource [None req-f0879aa5-cd4c-4625-9368-f0f474f09078 22b612889e4f474e89d111f63ee32508 0096689acae34435a431c5c7897e0c63 - - default default] delete failed (client error): The resource could not be found. [pid: 8|app: 0|req: 955/1787] 10.0.0.189 () {32 vars in 724 bytes} [Fri Jul 17 05:00:09 2026] DELETE /v2.0/routers/23684a04-44ed-4fe7-ab1f-9068f4dcbc57 => generated 135 bytes in 18 msecs (HTTP/1.1 404) 4 headers in 164 bytes (1 switches on core 0)
2026-07-17 05:00:09.701 8 INFO neutron.pecan_wsgi.hooks.translation [None req-9afd251c-a056-4181-b91e-1f9f25eb57b2 22b612889e4f474e89d111f63ee32508 0096689acae34435a431c5c7897e0c63 - - default default] DELETE failed (client error): The resource could not be found. [pid: 8|app: 0|req: 956/1788] 10.0.0.189 () {32 vars in 724 bytes} [Fri Jul 17 05:00:09 2026] DELETE /v2.0/subnets/4dd4b3da-5c05-4d62-b581-62b9986fcfeb => generated 136 bytes in 17 msecs (HTTP/1.1 404) 4 headers in 164 bytes (1 switches on core 0)
2026-07-17 05:00:09.731 8 INFO neutron.pecan_wsgi.hooks.translation [None req-9d840c02-8e76-42c5-997f-53b2e76e6a4d 22b612889e4f474e89d111f63ee32508 0096689acae34435a431c5c7897e0c63 - - default default] DELETE failed (client error): The resource could not be found. [pid: 8|app: 0|req: 957/1789] 10.0.0.189 () {32 vars in 724 bytes} [Fri Jul 17 05:00:09 2026] DELETE /v2.0/subnets/fd2cf2a8-0891-485f-a2f6-ae09e788f417 => generated 136 bytes in 26 msecs (HTTP/1.1 404) 4 headers in 164 bytes (1 switches on core 0)
2026-07-17 05:00:09.985 7 INFO neutron.db.ovn_revision_numbers_db [None req-cb00f7f3-dc40-4ca3-a0d5-4960d4befa3d 53f07850891f4a7291b8279e23079cee b974c980dbba4936968e609d38035ac1 - - default default] Successfully bumped revision number for resource e3a47c83-bad0-4911-b7b4-f1ad315d7c34 (type: router_ports) to 1 [pid: 7|app: 0|req: 833/1790] 10.0.0.189 () {34 vars in 783 bytes} [Fri Jul 17 05:00:08 2026] PUT /v2.0/routers/d9a092c4-3017-4524-a13e-67cdd71658b3/add_router_interface => generated 310 bytes in 1668 msecs (HTTP/1.1 200) 4 headers in 157 bytes (1 switches on core 0) [pid: 8|app: 0|req: 958/1791] 10.0.0.189 () {32 vars in 717 bytes} [Fri Jul 17 05:00:10 2026] GET /v2.0/ports/e3a47c83-bad0-4911-b7b4-f1ad315d7c34 => generated 941 bytes in 38 msecs (HTTP/1.1 200) 4 headers in 157 bytes (1 switches on core 0) [pid: 7|app: 0|req: 834/1792] 10.0.0.189 () {32 vars in 717 bytes} [Fri Jul 17 05:00:10 2026] GET /v2.0/ports/e3a47c83-bad0-4911-b7b4-f1ad315d7c34 => generated 941 bytes in 83 msecs (HTTP/1.1 200) 4 headers in 157 bytes (1 switches on core 0)
2026-07-17 05:00:10.341 8 WARNING neutron.db.securitygroups_db [None req-8b045830-6116-4204-8f8e-7b3e63c39684 e3c81812568747ff9cfec0c27b1dbeff aa514930302d4309a556a37e4aff512e - - default default] project_id key not found in filters, using tenant_id instead. This support has been deprecated and will be removed in a future release. [pid: 8|app: 0|req: 959/1793] 10.0.0.189 () {32 vars in 774 bytes} [Fri Jul 17 05:00:10 2026] GET /v2.0/security-groups?tenant_id=0096689acae34435a431c5c7897e0c63&name=default => generated 2925 bytes in 118 msecs (HTTP/1.1 200) 4 headers in 158 bytes (1 switches on core 0) [pid: 7|app: 0|req: 835/1794] 10.0.0.189 () {32 vars in 740 bytes} [Fri Jul 17 05:00:10 2026] DELETE /v2.0/security-groups/90ccb9da-2f35-4fb5-bb53-e9600159e396 => generated 0 bytes in 212 msecs (HTTP/1.1 204) 2 headers in 112 bytes (1 switches on core 0)
2026-07-17 05:00:11.120 7 WARNING neutron.plugins.ml2.drivers.ovn.mech_driver.ovsdb.ovn_client [None req-0d30c11e-c3d1-47ba-9392-c8b043bd09ea - - - - - -] No port found with ID 8f7a04c5-39a0-4eee-af2e-1f787c3dc940: RuntimeError: No port found with ID 8f7a04c5-39a0-4eee-af2e-1f787c3dc940
2026-07-17 05:00:11.121 7 INFO neutron.plugins.ml2.drivers.ovn.mech_driver.mech_driver [None req-0d30c11e-c3d1-47ba-9392-c8b043bd09ea - - - - - -] OVN reports status down for port: 9faa5b1e-efea-4f2b-a0a9-b51aa78e749f
2026-07-17 05:00:11.174 7 INFO neutron.plugins.ml2.drivers.ovn.mech_driver.mech_driver [None req-0d30c11e-c3d1-47ba-9392-c8b043bd09ea - - - - - -] OVN reports status down for port: e3a47c83-bad0-4911-b7b4-f1ad315d7c34 [pid: 8|app: 0|req: 960/1795] 10.0.0.189 () {32 vars in 717 bytes} [Fri Jul 17 05:00:11 2026] GET /v2.0/ports/e3a47c83-bad0-4911-b7b4-f1ad315d7c34 => generated 941 bytes in 40 msecs (HTTP/1.1 200) 4 headers in 157 bytes (1 switches on core 0)
2026-07-17 05:00:11.223 7 WARNING neutron.plugins.ml2.drivers.ovn.mech_driver.ovsdb.ovn_client [None req-0d30c11e-c3d1-47ba-9392-c8b043bd09ea - - - - - -] Logical_Switch_Port e3a47c83-bad0-4911-b7b4-f1ad315d7c34 host information not removed, the port state is up
2026-07-17 05:00:11.224 7 INFO neutron.plugins.ml2.drivers.ovn.mech_driver.mech_driver [None req-0d30c11e-c3d1-47ba-9392-c8b043bd09ea - - - - - -] OVN reports status up for port: e3a47c83-bad0-4911-b7b4-f1ad315d7c34
2026-07-17 05:00:11.232 7 INFO neutron.plugins.ml2.plugin [None req-0d30c11e-c3d1-47ba-9392-c8b043bd09ea - - - - - -] Attempt 1 to provision port e3a47c83-bad0-4911-b7b4-f1ad315d7c34
2026-07-17 05:00:11.611 7 INFO neutron.db.ovn_revision_numbers_db [None req-0d30c11e-c3d1-47ba-9392-c8b043bd09ea - - - - - -] Successfully bumped revision number for resource e3a47c83-bad0-4911-b7b4-f1ad315d7c34 (type: ports) to 2 [pid: 7|app: 0|req: 836/1796] 10.0.0.189 () {32 vars in 717 bytes} [Fri Jul 17 05:00:12 2026] GET /v2.0/ports/e3a47c83-bad0-4911-b7b4-f1ad315d7c34 => generated 943 bytes in 39 msecs (HTTP/1.1 200) 4 headers in 157 bytes (1 switches on core 0)
2026-07-17 05:00:12.506 8 INFO neutron_taas.services.taas.taas_plugin [None req-c76336f3-0036-46ce-95cb-5c1575e01508 53f07850891f4a7291b8279e23079cee b974c980dbba4936968e609d38035ac1 - - default default] TaaS: Handle Delete Port: e3a47c83-bad0-4911-b7b4-f1ad315d7c34
2026-07-17 05:00:12.510 8 INFO neutron_taas.services.taas.tap_mirror_plugin [None req-c76336f3-0036-46ce-95cb-5c1575e01508 53f07850891f4a7291b8279e23079cee b974c980dbba4936968e609d38035ac1 - - default default] Tap Mirror: Handle Delete Port: e3a47c83-bad0-4911-b7b4-f1ad315d7c34
2026-07-17 05:00:12.613 7 INFO neutron.db.ovn_revision_numbers_db [None req-8a2335a0-db7e-47ab-b8ff-690aa4469ce7 9d2aaaad107246b5bc1c649802bcee1d e77e0f65aafc4a6ab36ed69a698c7fa9 - - default default] Successfully bumped revision number for resource 3c223666-78e7-45bd-9589-ef058633d38e (type: security_groups) to 1
2026-07-17 05:00:12.629 7 INFO neutron.db.ovn_revision_numbers_db [None req-8a2335a0-db7e-47ab-b8ff-690aa4469ce7 9d2aaaad107246b5bc1c649802bcee1d e77e0f65aafc4a6ab36ed69a698c7fa9 - - default default] Successfully bumped revision number for resource 565fbd04-55b8-4c14-a97d-4435b20dba33 (type: security_group_rules) to 0
2026-07-17 05:00:12.642 7 INFO neutron.db.ovn_revision_numbers_db [None req-8a2335a0-db7e-47ab-b8ff-690aa4469ce7 9d2aaaad107246b5bc1c649802bcee1d e77e0f65aafc4a6ab36ed69a698c7fa9 - - default default] Successfully bumped revision number for resource c3dfb851-0bd7-4143-8160-b93af85c221c (type: security_group_rules) to 0
2026-07-17 05:00:12.653 7 INFO neutron.db.ovn_revision_numbers_db [None req-8a2335a0-db7e-47ab-b8ff-690aa4469ce7 9d2aaaad107246b5bc1c649802bcee1d e77e0f65aafc4a6ab36ed69a698c7fa9 - - default default] Successfully bumped revision number for resource d3936cdd-120e-47b4-ae7c-4bf127766b81 (type: security_group_rules) to 0
2026-07-17 05:00:12.674 7 INFO neutron.db.ovn_revision_numbers_db [None req-8a2335a0-db7e-47ab-b8ff-690aa4469ce7 9d2aaaad107246b5bc1c649802bcee1d e77e0f65aafc4a6ab36ed69a698c7fa9 - - default default] Successfully bumped revision number for resource ebe84c9f-ed3f-4fc8-bcd2-3b6afb9b0f2f (type: security_group_rules) to 0 [pid: 8|app: 0|req: 961/1797] 10.0.0.189 () {34 vars in 789 bytes} [Fri Jul 17 05:00:12 2026] PUT /v2.0/routers/d9a092c4-3017-4524-a13e-67cdd71658b3/remove_router_interface => generated 310 bytes in 572 msecs (HTTP/1.1 200) 4 headers in 157 bytes (1 switches on core 0)
2026-07-17 05:00:12.804 7 INFO neutron.db.ovn_revision_numbers_db [None req-8a2335a0-db7e-47ab-b8ff-690aa4469ce7 9d2aaaad107246b5bc1c649802bcee1d e77e0f65aafc4a6ab36ed69a698c7fa9 - - default default] Successfully bumped revision number for resource 275e70e0-7337-4274-988c-bdb1b41a8cf6 (type: security_groups) to 1
2026-07-17 05:00:12.818 7 INFO neutron.db.ovn_revision_numbers_db [None req-8a2335a0-db7e-47ab-b8ff-690aa4469ce7 9d2aaaad107246b5bc1c649802bcee1d e77e0f65aafc4a6ab36ed69a698c7fa9 - - default default] Successfully bumped revision number for resource 5f72240f-9d03-4acd-8a65-3dceb339c930 (type: security_group_rules) to 0
2026-07-17 05:00:12.837 7 INFO neutron.db.ovn_revision_numbers_db [None req-8a2335a0-db7e-47ab-b8ff-690aa4469ce7 9d2aaaad107246b5bc1c649802bcee1d e77e0f65aafc4a6ab36ed69a698c7fa9 - - default default] Successfully bumped revision number for resource 91258534-2498-49bf-a237-57412d8ee310 (type: security_group_rules) to 0 [pid: 7|app: 0|req: 837/1798] 10.0.0.189 () {34 vars in 684 bytes} [Fri Jul 17 05:00:12 2026] POST /v2.0/security-groups => generated 1624 bytes in 560 msecs (HTTP/1.1 201) 4 headers in 163 bytes (1 switches on core 0) [pid: 7|app: 0|req: 838/1799] 10.0.0.189 () {32 vars in 736 bytes} [Fri Jul 17 05:00:12 2026] GET /v2.0/ports?device_id=d9a092c4-3017-4524-a13e-67cdd71658b3 => generated 12 bytes in 26 msecs (HTTP/1.1 200) 4 headers in 156 bytes (1 switches on core 0) [pid: 7|app: 0|req: 839/1800] 10.0.0.189 () {32 vars in 663 bytes} [Fri Jul 17 05:00:12 2026] GET /v2.0/security-groups => generated 4529 bytes in 29 msecs (HTTP/1.1 200) 4 headers in 158 bytes (1 switches on core 0) /var/lib/openstack/lib/python3.12/site-packages/pycadf/identifier.py:70: UserWarning: Invalid uuid: neutron. To ensure interoperability, identifiers should be a valid uuid. warnings.warn(('Invalid uuid: %s. To ensure interoperability, ' [pid: 7|app: 0|req: 840/1801] 10.0.0.189 () {32 vars in 724 bytes} [Fri Jul 17 05:00:12 2026] DELETE /v2.0/routers/d9a092c4-3017-4524-a13e-67cdd71658b3 => generated 0 bytes in 163 msecs (HTTP/1.1 204) 2 headers in 112 bytes (1 switches on core 0)
2026-07-17 05:00:13.183 8 INFO neutron.db.ovn_revision_numbers_db [None req-5350428b-21c5-4a6c-beb9-edbf484af0a9 0f4e8a90a75e417bb5d01b9709e866ab 8d05838f1600448fb1480b2e8a23ac61 - - default default] Successfully bumped revision number for resource d6d6d87f-05d1-4d3f-a6d0-e8f784a2d592 (type: security_groups) to 1
2026-07-17 05:00:13.198 8 INFO neutron.db.ovn_revision_numbers_db [None req-5350428b-21c5-4a6c-beb9-edbf484af0a9 0f4e8a90a75e417bb5d01b9709e866ab 8d05838f1600448fb1480b2e8a23ac61 - - default default] Successfully bumped revision number for resource 8b07cc32-15a0-4339-a7ba-9dfa44c1f060 (type: security_group_rules) to 0
2026-07-17 05:00:13.205 7 INFO neutron.db.ovn_revision_numbers_db [None req-e10a973e-ffcb-4c20-b261-fd5565fb9de7 9d2aaaad107246b5bc1c649802bcee1d e77e0f65aafc4a6ab36ed69a698c7fa9 - - default default] Successfully bumped revision number for resource 275e70e0-7337-4274-988c-bdb1b41a8cf6 (type: security_groups) to 2
2026-07-17 05:00:13.211 8 INFO neutron.db.ovn_revision_numbers_db [None req-5350428b-21c5-4a6c-beb9-edbf484af0a9 0f4e8a90a75e417bb5d01b9709e866ab 8d05838f1600448fb1480b2e8a23ac61 - - default default] Successfully bumped revision number for resource 903ccbf0-d94e-4bd7-b1e4-c1c695a4054e (type: security_group_rules) to 0 [pid: 7|app: 0|req: 841/1802] 10.0.0.189 () {34 vars in 758 bytes} [Fri Jul 17 05:00:13 2026] PUT /v2.0/security-groups/275e70e0-7337-4274-988c-bdb1b41a8cf6 => generated 1663 bytes in 110 msecs (HTTP/1.1 200) 4 headers in 158 bytes (1 switches on core 0)
2026-07-17 05:00:13.229 8 INFO neutron.db.ovn_revision_numbers_db [None req-5350428b-21c5-4a6c-beb9-edbf484af0a9 0f4e8a90a75e417bb5d01b9709e866ab 8d05838f1600448fb1480b2e8a23ac61 - - default default] Successfully bumped revision number for resource 96d9bd3a-4888-4b47-87da-b928149d33c6 (type: security_group_rules) to 0
2026-07-17 05:00:13.247 8 INFO neutron.db.ovn_revision_numbers_db [None req-5350428b-21c5-4a6c-beb9-edbf484af0a9 0f4e8a90a75e417bb5d01b9709e866ab 8d05838f1600448fb1480b2e8a23ac61 - - default default] Successfully bumped revision number for resource e50c3136-a6a2-4c17-a8d6-477bd9298f37 (type: security_group_rules) to 0
2026-07-17 05:00:13.333 8 INFO neutron.db.segments_db [None req-5350428b-21c5-4a6c-beb9-edbf484af0a9 0f4e8a90a75e417bb5d01b9709e866ab 8d05838f1600448fb1480b2e8a23ac61 - - default default] Added segment 03e582c2-72e2-46d2-84bb-8b0589f85342 of type geneve for network 2c0f5145-4419-46d4-9649-191d7ff4f4ba [pid: 7|app: 0|req: 842/1803] 10.0.0.189 () {32 vars in 724 bytes} [Fri Jul 17 05:00:13 2026] DELETE /v2.0/subnets/6ea180e7-e4ae-447f-989a-26aca1635f80 => generated 0 bytes in 133 msecs (HTTP/1.1 204) 3 headers in 131 bytes (1 switches on core 0) [pid: 7|app: 0|req: 843/1804] 10.0.0.189 () {32 vars in 737 bytes} [Fri Jul 17 05:00:13 2026] GET /v2.0/security-groups/275e70e0-7337-4274-988c-bdb1b41a8cf6 => generated 1663 bytes in 20 msecs (HTTP/1.1 200) 4 headers in 158 bytes (1 switches on core 0)
2026-07-17 05:00:13.475 8 INFO neutron.db.ovn_revision_numbers_db [None req-5350428b-21c5-4a6c-beb9-edbf484af0a9 0f4e8a90a75e417bb5d01b9709e866ab 8d05838f1600448fb1480b2e8a23ac61 - - default default] Successfully bumped revision number for resource 2c0f5145-4419-46d4-9649-191d7ff4f4ba (type: networks) to 1
2026-07-17 05:00:13.518 7 INFO neutron_taas.services.taas.taas_plugin [None req-320e27e9-5bbd-44b0-abd6-ab29c1d62782 53f07850891f4a7291b8279e23079cee b974c980dbba4936968e609d38035ac1 - - default default] TaaS: Handle Delete Port: 9faa5b1e-efea-4f2b-a0a9-b51aa78e749f
2026-07-17 05:00:13.534 7 INFO neutron_taas.services.taas.tap_mirror_plugin [None req-320e27e9-5bbd-44b0-abd6-ab29c1d62782 53f07850891f4a7291b8279e23079cee b974c980dbba4936968e609d38035ac1 - - default default] Tap Mirror: Handle Delete Port: 9faa5b1e-efea-4f2b-a0a9-b51aa78e749f
2026-07-17 05:00:13.666 8 WARNING neutron.scheduler.dhcp_agent_scheduler [None req-5350428b-21c5-4a6c-beb9-edbf484af0a9 0f4e8a90a75e417bb5d01b9709e866ab 8d05838f1600448fb1480b2e8a23ac61 - - default default] No more DHCP agents
