2026-07-17 04:59:56.192 8 INFO neutron_taas.services.taas.tap_mirror_plugin [None req-76aac431-136b-4447-a351-63f69ade59ba 22b612889e4f474e89d111f63ee32508 0096689acae34435a431c5c7897e0c63 - - default default] Tap Mirror: Handle Delete Port: 75f1212a-bedc-4a2d-85eb-ec7673970d0a [pid: 7|app: 0|req: 794/1694] 10.0.0.189 () {32 vars in 660 bytes} [Fri Jul 17 04:59:56 2026] GET /v2.0/ports?tags=red => generated 2253 bytes in 134 msecs (HTTP/1.1 200) 4 headers in 158 bytes (1 switches on core 0)
2026-07-17 04:59:56.359 8 INFO neutron.services.segments.plugin [-] Segment 098d17b9-0e8e-46cf-b05a-15ba64712956 resource provider aggregate not found
2026-07-17 04:59:56.360 8 INFO neutron.services.segments.plugin [-] Segment 098d17b9-0e8e-46cf-b05a-15ba64712956 resource provider aggregate not found
2026-07-17 04:59:56.386 8 INFO neutron.services.segments.plugin [-] Client error retrieving segment 098d17b9-0e8e-46cf-b05a-15ba64712956 resource provider; error: Placement Client Error (4xx): {"errors": [{"status": 404, "title": "Not Found", "detail": "The resource could not be found.\n\n No resource provider with uuid 098d17b9-0e8e-46cf-b05a-15ba64712956 found for delete ", "request_id": "req-73aca32c-a4e0-499d-ac46-97d6b886c145"}]}
2026-07-17 04:59:56.396 8 INFO neutron.services.segments.plugin [-] Client error retrieving segment 098d17b9-0e8e-46cf-b05a-15ba64712956 resource provider; error: Placement Client Error (4xx): {"errors": [{"status": 404, "title": "Not Found", "detail": "The resource could not be found.\n\n No resource provider with uuid 098d17b9-0e8e-46cf-b05a-15ba64712956 found for delete ", "request_id": "req-7499bbae-2277-4ade-8215-bec44d412597"}]} [pid: 7|app: 0|req: 795/1695] 10.0.0.189 () {32 vars in 724 bytes} [Fri Jul 17 04:59:56 2026] DELETE /v2.0/subnets/36eeb873-32f3-45df-b36e-96bcf49b8407 => generated 0 bytes in 189 msecs (HTTP/1.1 204) 3 headers in 131 bytes (1 switches on core 0) [pid: 8|app: 0|req: 901/1696] 10.0.0.189 () {32 vars in 726 bytes} [Fri Jul 17 04:59:56 2026] DELETE /v2.0/networks/35c033a2-f087-43e1-9e23-82302c18c45d => generated 0 bytes in 382 msecs (HTTP/1.1 204) 3 headers in 131 bytes (1 switches on core 0) [pid: 7|app: 0|req: 796/1697] 10.0.0.189 () {32 vars in 686 bytes} [Fri Jul 17 04:59:56 2026] GET /v2.0/subnets?tags-any=red%2Cblue => generated 1904 bytes in 37 msecs (HTTP/1.1 200) 4 headers in 158 bytes (1 switches on core 0) [pid: 8|app: 0|req: 902/1698] 10.0.0.189 () {32 vars in 674 bytes} [Fri Jul 17 04:59:56 2026] GET /v2.0/ports?tags=red%2Cblue => generated 1513 bytes in 111 msecs (HTTP/1.1 200) 4 headers in 158 bytes (1 switches on core 0)
2026-07-17 04:59:56.555 7 INFO neutron_taas.services.taas.taas_plugin [None req-e4e9eea8-6574-4c34-9c3f-5e2196ef6425 53f07850891f4a7291b8279e23079cee b974c980dbba4936968e609d38035ac1 - - default default] TaaS: Handle Delete Port: 60367371-0b9c-46c8-b30c-078a31b5ba7a
2026-07-17 04:59:56.560 7 INFO neutron_taas.services.taas.tap_mirror_plugin [None req-e4e9eea8-6574-4c34-9c3f-5e2196ef6425 53f07850891f4a7291b8279e23079cee b974c980dbba4936968e609d38035ac1 - - default default] Tap Mirror: Handle Delete Port: 60367371-0b9c-46c8-b30c-078a31b5ba7a
2026-07-17 04:59:56.634 8 INFO neutron.db.segments_db [None req-7061eaaf-b9ca-4801-977f-37f65e566333 22b612889e4f474e89d111f63ee32508 0096689acae34435a431c5c7897e0c63 - - default default] Added segment 928475a4-612b-4cb9-b410-dc889bbdc6eb of type geneve for network 32bb9f5a-91d9-4c31-8d65-be2c79625182
2026-07-17 04:59:56.735 7 INFO neutron.services.segments.plugin [-] Segment 9144e8d2-0a8f-45c0-a6c9-210321543858 resource provider aggregate not found
2026-07-17 04:59:56.740 7 INFO neutron.services.segments.plugin [-] Segment 9144e8d2-0a8f-45c0-a6c9-210321543858 resource provider aggregate not found
2026-07-17 04:59:56.756 8 INFO neutron.db.ovn_revision_numbers_db [None req-7061eaaf-b9ca-4801-977f-37f65e566333 22b612889e4f474e89d111f63ee32508 0096689acae34435a431c5c7897e0c63 - - default default] Successfully bumped revision number for resource 32bb9f5a-91d9-4c31-8d65-be2c79625182 (type: networks) to 1
2026-07-17 04:59:56.758 7 INFO neutron.services.segments.plugin [-] Client error retrieving segment 9144e8d2-0a8f-45c0-a6c9-210321543858 resource provider; error: Placement Client Error (4xx): {"errors": [{"status": 404, "title": "Not Found", "detail": "The resource could not be found.\n\n No resource provider with uuid 9144e8d2-0a8f-45c0-a6c9-210321543858 found for delete ", "request_id": "req-c0278550-2ca2-4848-80d6-aba66da1e579"}]}
2026-07-17 04:59:56.761 7 INFO neutron.services.segments.plugin [-] Client error retrieving segment 9144e8d2-0a8f-45c0-a6c9-210321543858 resource provider; error: Placement Client Error (4xx): {"errors": [{"status": 404, "title": "Not Found", "detail": "The resource could not be found.\n\n No resource provider with uuid 9144e8d2-0a8f-45c0-a6c9-210321543858 found for delete ", "request_id": "req-818c36e7-aec6-4289-892c-fa1e1e70f900"}]} [pid: 7|app: 0|req: 797/1699] 10.0.0.189 () {32 vars in 726 bytes} [Fri Jul 17 04:59:56 2026] DELETE /v2.0/networks/2b6855d9-282a-4996-97bc-b4bf70621401 => generated 0 bytes in 348 msecs (HTTP/1.1 204) 3 headers in 131 bytes (1 switches on core 0) [pid: 7|app: 0|req: 798/1700] 10.0.0.189 () {32 vars in 672 bytes} [Fri Jul 17 04:59:56 2026] GET /v2.0/subnets?not-tags=red => generated 1894 bytes in 35 msecs (HTTP/1.1 200) 4 headers in 158 bytes (1 switches on core 0) [pid: 7|app: 0|req: 799/1701] 10.0.0.189 () {32 vars in 670 bytes} [Fri Jul 17 04:59:56 2026] GET /v2.0/ports?tags-any=blue => generated 1513 bytes in 73 msecs (HTTP/1.1 200) 4 headers in 158 bytes (1 switches on core 0)
2026-07-17 04:59:56.953 8 WARNING neutron.scheduler.dhcp_agent_scheduler [None req-7061eaaf-b9ca-4801-977f-37f65e566333 22b612889e4f474e89d111f63ee32508 0096689acae34435a431c5c7897e0c63 - - default default] No more DHCP agents
2026-07-17 04:59:56.955 8 WARNING neutron.api.rpc.agentnotifiers.dhcp_rpc_agent_api [None req-7061eaaf-b9ca-4801-977f-37f65e566333 22b612889e4f474e89d111f63ee32508 0096689acae34435a431c5c7897e0c63 - - default default] Unable to schedule network 32bb9f5a-91d9-4c31-8d65-be2c79625182: no agents available; will retry on subsequent port and subnet creation events.
2026-07-17 04:59:57.005 7 INFO neutron.plugins.ml2.drivers.ovn.mech_driver.mech_driver [None req-67b5e449-af4a-48dc-bce3-eae45aa95cf6 - - - - - -] OVN reports status down for port: 3c23b85f-a304-43c8-b3e8-c1cc4941e03a
2026-07-17 04:59:57.030 8 INFO neutron.db.ovn_revision_numbers_db [None req-7061eaaf-b9ca-4801-977f-37f65e566333 22b612889e4f474e89d111f63ee32508 0096689acae34435a431c5c7897e0c63 - - default default] Successfully bumped revision number for resource 3c23b85f-a304-43c8-b3e8-c1cc4941e03a (type: ports) to 1
2026-07-17 04:59:57.046 7 INFO neutron_taas.services.taas.taas_plugin [None req-7a420538-3d90-46d0-a294-c75026721b8a 53f07850891f4a7291b8279e23079cee b974c980dbba4936968e609d38035ac1 - - default default] TaaS: Handle Delete Port: 52cb1d1f-83e8-4d34-a1a7-53f8be2834e8
2026-07-17 04:59:57.050 7 INFO neutron_taas.services.taas.tap_mirror_plugin [None req-7a420538-3d90-46d0-a294-c75026721b8a 53f07850891f4a7291b8279e23079cee b974c980dbba4936968e609d38035ac1 - - default default] Tap Mirror: Handle Delete Port: 52cb1d1f-83e8-4d34-a1a7-53f8be2834e8 [pid: 8|app: 0|req: 903/1702] 10.0.0.189 () {34 vars in 670 bytes} [Fri Jul 17 04:59:56 2026] POST /v2.0/networks => generated 672 bytes in 519 msecs (HTTP/1.1 201) 4 headers in 162 bytes (1 switches on core 0) [pid: 8|app: 0|req: 904/1703] 10.0.0.189 () {32 vars in 686 bytes} [Fri Jul 17 04:59:57 2026] GET /v2.0/subnets?not-tags=red%2Cblue => generated 2515 bytes in 52 msecs (HTTP/1.1 200) 4 headers in 158 bytes (1 switches on core 0) [pid: 8|app: 0|req: 905/1704] 10.0.0.189 () {32 vars in 682 bytes} [Fri Jul 17 04:59:57 2026] GET /v2.0/ports?tags-any=red%2Cblue => generated 2253 bytes in 105 msecs (HTTP/1.1 200) 4 headers in 158 bytes (1 switches on core 0) [pid: 7|app: 0|req: 800/1705] 10.0.0.189 () {32 vars in 726 bytes} [Fri Jul 17 04:59:56 2026] DELETE /v2.0/networks/a187374e-4574-43a0-9a41-40344ffd2088 => generated 0 bytes in 375 msecs (HTTP/1.1 204) 3 headers in 131 bytes (1 switches on core 0) [pid: 7|app: 0|req: 801/1706] 10.0.0.189 () {32 vars in 682 bytes} [Fri Jul 17 04:59:57 2026] GET /v2.0/subnets?not-tags-any=blue => generated 2515 bytes in 44 msecs (HTTP/1.1 200) 4 headers in 158 bytes (1 switches on core 0)
2026-07-17 04:59:57.376 8 WARNING neutron.scheduler.dhcp_agent_scheduler [None req-b7061a79-5499-4c9c-b3e5-365f49246c1e 22b612889e4f474e89d111f63ee32508 0096689acae34435a431c5c7897e0c63 - - default default] No more DHCP agents
2026-07-17 04:59:57.377 8 WARNING neutron.api.rpc.agentnotifiers.dhcp_rpc_agent_api [None req-b7061a79-5499-4c9c-b3e5-365f49246c1e 22b612889e4f474e89d111f63ee32508 0096689acae34435a431c5c7897e0c63 - - default default] Unable to schedule network 32bb9f5a-91d9-4c31-8d65-be2c79625182: no agents available; will retry on subsequent port and subnet creation events.
2026-07-17 04:59:57.403 8 INFO neutron.db.ovn_revision_numbers_db [None req-b7061a79-5499-4c9c-b3e5-365f49246c1e 22b612889e4f474e89d111f63ee32508 0096689acae34435a431c5c7897e0c63 - - default default] Successfully bumped revision number for resource 8b07b8a2-6352-477b-9e60-c168c9ba0e08 (type: subnets) to 0 [pid: 7|app: 0|req: 802/1707] 10.0.0.189 () {32 vars in 668 bytes} [Fri Jul 17 04:59:57 2026] GET /v2.0/ports?not-tags=red => generated 5268 bytes in 94 msecs (HTTP/1.1 200) 4 headers in 158 bytes (1 switches on core 0) [pid: 8|app: 0|req: 906/1708] 10.0.0.189 () {34 vars in 669 bytes} [Fri Jul 17 04:59:57 2026] POST /v2.0/subnets => generated 646 bytes in 203 msecs (HTTP/1.1 201) 4 headers in 162 bytes (1 switches on core 0) [pid: 8|app: 0|req: 907/1709] 10.0.0.189 () {32 vars in 694 bytes} [Fri Jul 17 04:59:57 2026] GET /v2.0/subnets?not-tags-any=red%2Cblue => generated 1894 bytes in 40 msecs (HTTP/1.1 200) 4 headers in 158 bytes (1 switches on core 0)
2026-07-17 04:59:57.500 7 INFO neutron.db.segments_db [None req-2e14b5e0-789e-4d91-9a8a-b0735ac4751a 53f07850891f4a7291b8279e23079cee b974c980dbba4936968e609d38035ac1 - - default default] Added segment cb56065c-5012-4414-b6fe-83163a7e8b00 of type geneve for network 30219a91-6c02-4c88-ac84-70e1a0266428 [pid: 8|app: 0|req: 908/1710] 10.0.0.189 () {32 vars in 682 bytes} [Fri Jul 17 04:59:57 2026] GET /v2.0/ports?not-tags=red%2Cblue => generated 6008 bytes in 120 msecs (HTTP/1.1 200) 4 headers in 158 bytes (1 switches on core 0)
2026-07-17 04:59:57.612 7 INFO neutron.db.ovn_revision_numbers_db [None req-2e14b5e0-789e-4d91-9a8a-b0735ac4751a 53f07850891f4a7291b8279e23079cee b974c980dbba4936968e609d38035ac1 - - default default] Successfully bumped revision number for resource 30219a91-6c02-4c88-ac84-70e1a0266428 (type: networks) to 1
2026-07-17 04:59:57.696 8 INFO neutron.db.ovn_revision_numbers_db [None req-458919ff-a0e9-4895-b81e-c508b3421278 22b612889e4f474e89d111f63ee32508 0096689acae34435a431c5c7897e0c63 - - default default] Successfully bumped revision number for resource c38bcbac-31a9-44da-b997-a63f605c493b (type: routers) to 1 [pid: 8|app: 0|req: 909/1711] 10.0.0.189 () {34 vars in 669 bytes} [Fri Jul 17 04:59:57 2026] POST /v2.0/routers => generated 627 bytes in 131 msecs (HTTP/1.1 201) 4 headers in 162 bytes (1 switches on core 0)
2026-07-17 04:59:57.782 7 WARNING neutron.scheduler.dhcp_agent_scheduler [None req-2e14b5e0-789e-4d91-9a8a-b0735ac4751a 53f07850891f4a7291b8279e23079cee b974c980dbba4936968e609d38035ac1 - - default default] No more DHCP agents
2026-07-17 04:59:57.784 7 WARNING neutron.api.rpc.agentnotifiers.dhcp_rpc_agent_api [None req-2e14b5e0-789e-4d91-9a8a-b0735ac4751a 53f07850891f4a7291b8279e23079cee b974c980dbba4936968e609d38035ac1 - - default default] Unable to schedule network 30219a91-6c02-4c88-ac84-70e1a0266428: no agents available; will retry on subsequent port and subnet creation events.
2026-07-17 04:59:57.847 7 INFO neutron.plugins.ml2.drivers.ovn.mech_driver.mech_driver [None req-67b5e449-af4a-48dc-bce3-eae45aa95cf6 - - - - - -] OVN reports status down for port: 0e1f9eaa-ecb0-4b96-baef-39b57455d339 [pid: 8|app: 0|req: 910/1712] 10.0.0.189 () {32 vars in 724 bytes} [Fri Jul 17 04:59:57 2026] DELETE /v2.0/subnets/84e70871-deb9-4e20-9149-1e29a5959ad3 => generated 0 bytes in 198 msecs (HTTP/1.1 204) 3 headers in 131 bytes (1 switches on core 0)
2026-07-17 04:59:57.911 7 INFO neutron.db.ovn_revision_numbers_db [None req-2e14b5e0-789e-4d91-9a8a-b0735ac4751a 53f07850891f4a7291b8279e23079cee b974c980dbba4936968e609d38035ac1 - - default default] Successfully bumped revision number for resource 0e1f9eaa-ecb0-4b96-baef-39b57455d339 (type: ports) to 1 [pid: 7|app: 0|req: 803/1713] 10.0.0.189 () {34 vars in 670 bytes} [Fri Jul 17 04:59:57 2026] POST /v2.0/networks => generated 668 bytes in 537 msecs (HTTP/1.1 201) 4 headers in 162 bytes (1 switches on core 0) [pid: 8|app: 0|req: 911/1714] 10.0.0.189 () {32 vars in 678 bytes} [Fri Jul 17 04:59:57 2026] GET /v2.0/ports?not-tags-any=blue => generated 6008 bytes in 72 msecs (HTTP/1.1 200) 4 headers in 158 bytes (1 switches on core 0)
2026-07-17 04:59:58.055 8 WARNING neutron.plugins.ml2.drivers.ovn.mech_driver.ovsdb.ovn_client [None req-1236b1a2-f531-44b4-bdd1-b665b497542f - - - - - -] No port found with ID aa9a2b0b-ff89-43ac-964e-fa02221d602e: RuntimeError: No port found with ID aa9a2b0b-ff89-43ac-964e-fa02221d602e
2026-07-17 04:59:58.070 8 INFO neutron.plugins.ml2.drivers.ovn.mech_driver.mech_driver [None req-1236b1a2-f531-44b4-bdd1-b665b497542f - - - - - -] OVN reports status down for port: 215b7a2b-6ae3-40fc-abc2-7cc950c0ec20 [pid: 8|app: 0|req: 912/1715] 10.0.0.189 () {32 vars in 724 bytes} [Fri Jul 17 04:59:57 2026] DELETE /v2.0/subnets/6e91331a-1d0e-45d6-9371-9c6abc9a39e4 => generated 0 bytes in 206 msecs (HTTP/1.1 204) 3 headers in 131 bytes (1 switches on core 0)
2026-07-17 04:59:58.191 8 INFO neutron.plugins.ml2.drivers.ovn.mech_driver.mech_driver [None req-1236b1a2-f531-44b4-bdd1-b665b497542f - - - - - -] OVN reports status down for port: 75f1212a-bedc-4a2d-85eb-ec7673970d0a
2026-07-17 04:59:58.221 8 INFO neutron.plugins.ml2.drivers.ovn.mech_driver.mech_driver [None req-1236b1a2-f531-44b4-bdd1-b665b497542f - - - - - -] OVN reports status down for port: f05d2e04-5296-49c9-b3b4-19ee9f67489c
2026-07-17 04:59:58.289 7 WARNING neutron.scheduler.dhcp_agent_scheduler [None req-966ccf0e-3ca8-4bd7-8d8e-197f0142bb29 22b612889e4f474e89d111f63ee32508 0096689acae34435a431c5c7897e0c63 - - default default] No more DHCP agents
2026-07-17 04:59:58.291 7 WARNING neutron.api.rpc.agentnotifiers.dhcp_rpc_agent_api [None req-966ccf0e-3ca8-4bd7-8d8e-197f0142bb29 22b612889e4f474e89d111f63ee32508 0096689acae34435a431c5c7897e0c63 - - default default] Unable to schedule network 32bb9f5a-91d9-4c31-8d65-be2c79625182: no agents available; will retry on subsequent port and subnet creation events.
2026-07-17 04:59:58.329 8 INFO neutron.plugins.ml2.drivers.ovn.mech_driver.mech_driver [None req-1236b1a2-f531-44b4-bdd1-b665b497542f - - - - - -] OVN reports status down for port: 9c5feb36-5b3c-4eb3-a1f9-18cc92bb3dc2
2026-07-17 04:59:58.365 7 INFO neutron.plugins.ml2.drivers.ovn.mech_driver.mech_driver [None req-67b5e449-af4a-48dc-bce3-eae45aa95cf6 - - - - - -] OVN reports status down for port: 22909b14-e2ec-49ed-9769-6d6217932a6a
2026-07-17 04:59:58.417 7 INFO neutron.db.ovn_revision_numbers_db [None req-966ccf0e-3ca8-4bd7-8d8e-197f0142bb29 22b612889e4f474e89d111f63ee32508 0096689acae34435a431c5c7897e0c63 - - default default] Successfully bumped revision number for resource 22909b14-e2ec-49ed-9769-6d6217932a6a (type: ports) to 1
2026-07-17 04:59:58.438 8 INFO neutron.plugins.ml2.drivers.ovn.mech_driver.mech_driver [None req-1236b1a2-f531-44b4-bdd1-b665b497542f - - - - - -] OVN reports status down for port: e6800b93-58e4-4385-bf0e-ce2268ae91b0
2026-07-17 04:59:58.490 8 WARNING neutron.scheduler.dhcp_agent_scheduler [None req-97aa5c4b-ecb3-4908-81e2-8100ea5864b9 53f07850891f4a7291b8279e23079cee b974c980dbba4936968e609d38035ac1 - - default default] No more DHCP agents
2026-07-17 04:59:58.497 8 WARNING neutron.api.rpc.agentnotifiers.dhcp_rpc_agent_api [None req-97aa5c4b-ecb3-4908-81e2-8100ea5864b9 53f07850891f4a7291b8279e23079cee b974c980dbba4936968e609d38035ac1 - - default default] Unable to schedule network 30219a91-6c02-4c88-ac84-70e1a0266428: no agents available; will retry on subsequent port and subnet creation events.
2026-07-17 04:59:58.527 8 INFO neutron.plugins.ml2.drivers.ovn.mech_driver.mech_driver [None req-1236b1a2-f531-44b4-bdd1-b665b497542f - - - - - -] OVN reports status down for port: 9548b80a-78ab-48cc-97a0-091590d8e413
2026-07-17 04:59:58.544 8 INFO neutron.plugins.ml2.drivers.ovn.mech_driver.mech_driver [None req-1236b1a2-f531-44b4-bdd1-b665b497542f - - - - - -] OVN reports status down for port: 80d6d93f-c351-4e5f-85de-f46f5495dafa
2026-07-17 04:59:58.648 8 INFO neutron.plugins.ml2.drivers.ovn.mech_driver.mech_driver [None req-1236b1a2-f531-44b4-bdd1-b665b497542f - - - - - -] OVN reports status up for port: 9548b80a-78ab-48cc-97a0-091590d8e413
2026-07-17 04:59:58.712 8 INFO neutron.plugins.ml2.drivers.ovn.mech_driver.mech_driver [None req-1236b1a2-f531-44b4-bdd1-b665b497542f - - - - - -] OVN reports status down for port: 8b746d78-ecd3-40c9-a582-ab4626a04755
2026-07-17 04:59:58.777 7 INFO neutron.services.segments.plugin [-] Segment a43362e2-4642-49f2-b453-f0af6772f9d7 resource provider aggregate not found
2026-07-17 04:59:58.784 7 INFO neutron.services.segments.plugin [-] Segment a43362e2-4642-49f2-b453-f0af6772f9d7 resource provider aggregate not found
2026-07-17 04:59:58.794 7 INFO neutron.services.segments.plugin [-] Client error retrieving segment a43362e2-4642-49f2-b453-f0af6772f9d7 resource provider; error: Placement Client Error (4xx): {"errors": [{"status": 404, "title": "Not Found", "detail": "The resource could not be found.\n\n No resource provider with uuid a43362e2-4642-49f2-b453-f0af6772f9d7 found for delete ", "request_id": "req-22da7e20-3930-4b4f-92f5-5c76c27e9fb9"}]}
2026-07-17 04:59:58.804 7 INFO neutron.services.segments.plugin [-] Client error retrieving segment a43362e2-4642-49f2-b453-f0af6772f9d7 resource provider; error: Placement Client Error (4xx): {"errors": [{"status": 404, "title": "Not Found", "detail": "The resource could not be found.\n\n No resource provider with uuid a43362e2-4642-49f2-b453-f0af6772f9d7 found for delete ", "request_id": "req-edd7250a-9981-420f-b7f9-ecb3347c742a"}]}
2026-07-17 04:59:58.834 8 INFO neutron.plugins.ml2.drivers.ovn.mech_driver.mech_driver [None req-1236b1a2-f531-44b4-bdd1-b665b497542f - - - - - -] OVN reports status down for port: bfb6a04e-c776-477c-a87a-c94ebe390054
2026-07-17 04:59:58.936 7 INFO neutron.plugins.ml2.drivers.ovn.mech_driver.mech_driver [None req-67b5e449-af4a-48dc-bce3-eae45aa95cf6 - - - - - -] OVN reports status up for port: 22909b14-e2ec-49ed-9769-6d6217932a6a
2026-07-17 04:59:58.962 7 INFO neutron.plugins.ml2.plugin [None req-67b5e449-af4a-48dc-bce3-eae45aa95cf6 - - - - - -] Attempt 1 to provision port 22909b14-e2ec-49ed-9769-6d6217932a6a
2026-07-17 04:59:58.975 8 INFO neutron.plugins.ml2.drivers.ovn.mech_driver.mech_driver [None req-1236b1a2-f531-44b4-bdd1-b665b497542f - - - - - -] OVN reports status down for port: 1781be5b-219c-4f65-84e8-5c9cc3a4a042
2026-07-17 04:59:59.057 7 WARNING neutron.scheduler.dhcp_agent_scheduler [None req-966ccf0e-3ca8-4bd7-8d8e-197f0142bb29 22b612889e4f474e89d111f63ee32508 0096689acae34435a431c5c7897e0c63 - - default default] No more DHCP agents
2026-07-17 04:59:59.059 7 WARNING neutron.api.rpc.agentnotifiers.dhcp_rpc_agent_api [None req-966ccf0e-3ca8-4bd7-8d8e-197f0142bb29 22b612889e4f474e89d111f63ee32508 0096689acae34435a431c5c7897e0c63 - - default default] Unable to schedule network 32bb9f5a-91d9-4c31-8d65-be2c79625182: no agents available; will retry on subsequent port and subnet creation events.
2026-07-17 04:59:59.087 8 INFO neutron.plugins.ml2.drivers.ovn.mech_driver.mech_driver [None req-1236b1a2-f531-44b4-bdd1-b665b497542f - - - - - -] OVN reports status down for port: e6a52b50-98d0-458d-9179-8f82f22cc7da
2026-07-17 04:59:59.219 8 INFO neutron.db.ovn_revision_numbers_db [None req-97aa5c4b-ecb3-4908-81e2-8100ea5864b9 53f07850891f4a7291b8279e23079cee b974c980dbba4936968e609d38035ac1 - - default default] Successfully bumped revision number for resource 0e1f9eaa-ecb0-4b96-baef-39b57455d339 (type: ports) to 2
2026-07-17 04:59:59.252 8 INFO neutron.db.ovn_revision_numbers_db [None req-97aa5c4b-ecb3-4908-81e2-8100ea5864b9 53f07850891f4a7291b8279e23079cee b974c980dbba4936968e609d38035ac1 - - default default] Successfully bumped revision number for resource 39120969-3374-4c40-83da-76a302e3bd73 (type: subnets) to 0 [pid: 8|app: 0|req: 913/1716] 10.0.0.189 () {34 vars in 669 bytes} [Fri Jul 17 04:59:58 2026] POST /v2.0/subnets => generated 626 bytes in 1080 msecs (HTTP/1.1 201) 4 headers in 162 bytes (1 switches on core 0) [pid: 8|app: 0|req: 914/1717] 10.0.0.189 () {32 vars in 690 bytes} [Fri Jul 17 04:59:59 2026] GET /v2.0/ports?not-tags-any=red%2Cblue => generated 5268 bytes in 42 msecs (HTTP/1.1 200) 4 headers in 158 bytes (1 switches on core 0) [pid: 8|app: 0|req: 915/1718] 10.0.0.189 () {32 vars in 724 bytes} [Fri Jul 17 04:59:59 2026] DELETE /v2.0/subnets/fb127c8a-b569-4201-8f39-9d7d04667269 => generated 0 bytes in 176 msecs (HTTP/1.1 204) 3 headers in 131 bytes (1 switches on core 0)
2026-07-17 04:59:59.492 7 INFO neutron.db.ovn_revision_numbers_db [None req-966ccf0e-3ca8-4bd7-8d8e-197f0142bb29 22b612889e4f474e89d111f63ee32508 0096689acae34435a431c5c7897e0c63 - - default default] Successfully bumped revision number for resource 22909b14-e2ec-49ed-9769-6d6217932a6a (type: router_ports) to 1 [pid: 7|app: 0|req: 804/1719] 10.0.0.189 () {34 vars in 783 bytes} [Fri Jul 17 04:59:57 2026] PUT /v2.0/routers/c38bcbac-31a9-44da-b997-a63f605c493b/add_router_interface => generated 310 bytes in 1553 msecs (HTTP/1.1 200) 4 headers in 157 bytes (1 switches on core 0)
2026-07-17 04:59:59.622 8 INFO neutron.db.ovn_revision_numbers_db [None req-1ac53b4b-c3c6-4204-9d02-61894e1497be 53f07850891f4a7291b8279e23079cee b974c980dbba4936968e609d38035ac1 - - default default] Successfully bumped revision number for resource 9bf226f8-ffec-444c-ae13-5574e2d1974d (type: routers) to 1 [pid: 8|app: 0|req: 916/1720] 10.0.0.189 () {34 vars in 669 bytes} [Fri Jul 17 04:59:59 2026] POST /v2.0/routers => generated 622 bytes in 147 msecs (HTTP/1.1 201) 4 headers in 162 bytes (1 switches on core 0)
2026-07-17 04:59:59.654 7 INFO neutron.db.ovn_revision_numbers_db [None req-67b5e449-af4a-48dc-bce3-eae45aa95cf6 - - - - - -] Successfully bumped revision number for resource 22909b14-e2ec-49ed-9769-6d6217932a6a (type: ports) to 2
2026-07-17 04:59:59.747 7 INFO neutron_taas.services.taas.taas_plugin [None req-39e173fa-be81-40b8-81bc-6a43dcedf399 8a9d275933f84651958f883cd357af9f ab20081af4564684bc92b434644cb8dc - - default default] TaaS: Handle Delete Port: e6800b93-58e4-4385-bf0e-ce2268ae91b0
2026-07-17 04:59:59.750 7 INFO neutron_taas.services.taas.tap_mirror_plugin [None req-39e173fa-be81-40b8-81bc-6a43dcedf399 8a9d275933f84651958f883cd357af9f ab20081af4564684bc92b434644cb8dc - - default default] Tap Mirror: Handle Delete Port: e6800b93-58e4-4385-bf0e-ce2268ae91b0 [pid: 8|app: 0|req: 917/1721] 10.0.0.189 () {32 vars in 724 bytes} [Fri Jul 17 04:59:59 2026] DELETE /v2.0/subnets/a83abfe7-99b7-4fd3-8127-e50c028b7bfc => generated 0 bytes in 156 msecs (HTTP/1.1 204) 3 headers in 131 bytes (1 switches on core 0) [pid: 8|app: 0|req: 918/1722] 10.0.0.189 () {32 vars in 717 bytes} [Fri Jul 17 04:59:59 2026] GET /v2.0/ports/22909b14-e2ec-49ed-9769-6d6217932a6a => generated 947 bytes in 36 msecs (HTTP/1.1 200) 4 headers in 157 bytes (1 switches on core 0) [pid: 7|app: 0|req: 805/1723] 10.0.0.189 () {32 vars in 720 bytes} [Fri Jul 17 04:59:59 2026] DELETE /v2.0/ports/e6800b93-58e4-4385-bf0e-ce2268ae91b0 => generated 0 bytes in 372 msecs (HTTP/1.1 204) 3 headers in 131 bytes (1 switches on core 0) [pid: 7|app: 0|req: 806/1724] 10.0.0.189 () {32 vars in 724 bytes} [Fri Jul 17 04:59:59 2026] DELETE /v2.0/subnets/a4664642-f9cc-4a6e-b64e-847666604db0 => generated 0 bytes in 156 msecs (HTTP/1.1 204) 3 headers in 131 bytes (1 switches on core 0)
2026-07-17 05:00:00.072 8 WARNING neutron.scheduler.dhcp_agent_scheduler [None req-69571c55-a073-4175-9157-c2c90d0e809c 53f07850891f4a7291b8279e23079cee b974c980dbba4936968e609d38035ac1 - - default default] No more DHCP agents
2026-07-17 05:00:00.073 8 WARNING neutron.api.rpc.agentnotifiers.dhcp_rpc_agent_api [None req-69571c55-a073-4175-9157-c2c90d0e809c 53f07850891f4a7291b8279e23079cee b974c980dbba4936968e609d38035ac1 - - default default] Unable to schedule network 30219a91-6c02-4c88-ac84-70e1a0266428: no agents available; will retry on subsequent port and subnet creation events. [pid: 7|app: 0|req: 807/1725] 10.0.0.189 () {32 vars in 717 bytes} [Fri Jul 17 05:00:00 2026] GET /v2.0/ports/22909b14-e2ec-49ed-9769-6d6217932a6a => generated 947 bytes in 66 msecs (HTTP/1.1 200) 4 headers in 157 bytes (1 switches on core 0)
2026-07-17 05:00:00.188 8 INFO neutron.plugins.ml2.drivers.ovn.mech_driver.mech_driver [None req-1236b1a2-f531-44b4-bdd1-b665b497542f - - - - - -] OVN reports status down for port: e02a4f90-f33e-47dc-9032-75c687772ec0
2026-07-17 05:00:00.239 7 INFO neutron_taas.services.taas.taas_plugin [None req-c2e440c5-9df9-4954-b9b9-97e1c325b52e 8a9d275933f84651958f883cd357af9f ab20081af4564684bc92b434644cb8dc - - default default] TaaS: Handle Delete Port: 80d6d93f-c351-4e5f-85de-f46f5495dafa
2026-07-17 05:00:00.242 7 INFO neutron_taas.services.taas.tap_mirror_plugin [None req-c2e440c5-9df9-4954-b9b9-97e1c325b52e 8a9d275933f84651958f883cd357af9f ab20081af4564684bc92b434644cb8dc - - default default] Tap Mirror: Handle Delete Port: 80d6d93f-c351-4e5f-85de-f46f5495dafa
2026-07-17 05:00:00.242 8 INFO neutron.db.ovn_revision_numbers_db [None req-69571c55-a073-4175-9157-c2c90d0e809c 53f07850891f4a7291b8279e23079cee b974c980dbba4936968e609d38035ac1 - - default default] Successfully bumped revision number for resource e02a4f90-f33e-47dc-9032-75c687772ec0 (type: ports) to 1 [pid: 8|app: 0|req: 919/1726] 10.0.0.189 () {34 vars in 665 bytes} [Fri Jul 17 04:59:59 2026] POST /v2.0/ports => generated 951 bytes in 458 msecs (HTTP/1.1 201) 4 headers in 162 bytes (1 switches on core 0) /var/lib/openstack/lib/python3.12/site-packages/pycadf/identifier.py:70: UserWarning: Invalid uuid: neutron. To ensure interoperability, identifiers should be a valid uuid. warnings.warn(('Invalid uuid: %s. To ensure interoperability, ' [pid: 7|app: 0|req: 808/1727] 10.0.0.189 () {32 vars in 720 bytes} [Fri Jul 17 05:00:00 2026] DELETE /v2.0/ports/80d6d93f-c351-4e5f-85de-f46f5495dafa => generated 0 bytes in 235 msecs (HTTP/1.1 204) 3 headers in 131 bytes (1 switches on core 0)
2026-07-17 05:00:00.413 8 INFO neutron_taas.services.taas.taas_plugin [None req-52146c35-e5f6-4d2d-a3dd-71781b9a9f7f 11f179028c2a4dd4bda18eaec3d63570 c027ac403d4745dc9a8c7af88dd659c2 - - default default] TaaS: Handle Delete Port: 44223476-def6-4ff8-8160-288259e96298
2026-07-17 05:00:00.415 8 INFO neutron_taas.services.taas.tap_mirror_plugin [None req-52146c35-e5f6-4d2d-a3dd-71781b9a9f7f 11f179028c2a4dd4bda18eaec3d63570 c027ac403d4745dc9a8c7af88dd659c2 - - default default] Tap Mirror: Handle Delete Port: 44223476-def6-4ff8-8160-288259e96298
2026-07-17 05:00:00.596 7 INFO neutron_taas.services.taas.taas_plugin [None req-4b916ae7-5227-4fc0-906c-eb7bbe7a5a65 22b612889e4f474e89d111f63ee32508 0096689acae34435a431c5c7897e0c63 - - default default] TaaS: Handle Delete Port: 22909b14-e2ec-49ed-9769-6d6217932a6a
2026-07-17 05:00:00.600 7 INFO neutron_taas.services.taas.tap_mirror_plugin [None req-4b916ae7-5227-4fc0-906c-eb7bbe7a5a65 22b612889e4f474e89d111f63ee32508 0096689acae34435a431c5c7897e0c63 - - default default] Tap Mirror: Handle Delete Port: 22909b14-e2ec-49ed-9769-6d6217932a6a
2026-07-17 05:00:00.642 8 INFO neutron.services.segments.plugin [-] Segment ce283bc8-7d99-4ecd-9afd-e06d38ce9aa5 resource provider aggregate not found
2026-07-17 05:00:00.644 8 INFO neutron.services.segments.plugin [-] Segment ce283bc8-7d99-4ecd-9afd-e06d38ce9aa5 resource provider aggregate not found
2026-07-17 05:00:00.668 8 INFO neutron.services.segments.plugin [-] Client error retrieving segment ce283bc8-7d99-4ecd-9afd-e06d38ce9aa5 resource provider; error: Placement Client Error (4xx): {"errors": [{"status": 404, "title": "Not Found", "detail": "The resource could not be found.\n\n No resource provider with uuid ce283bc8-7d99-4ecd-9afd-e06d38ce9aa5 found for delete ", "request_id": "req-52771d85-b032-43cc-bd80-ca92ff7be23e"}]}
2026-07-17 05:00:00.669 8 INFO neutron.services.segments.plugin [-] Client error retrieving segment ce283bc8-7d99-4ecd-9afd-e06d38ce9aa5 resource provider; error: Placement Client Error (4xx): {"errors": [{"status": 404, "title": "Not Found", "detail": "The resource could not be found.\n\n No resource provider with uuid ce283bc8-7d99-4ecd-9afd-e06d38ce9aa5 found for delete ", "request_id": "req-4119a4e1-fe53-42f8-a7b1-6cf5abb329a7"}]} [pid: 8|app: 0|req: 920/1728] 10.0.0.189 () {32 vars in 726 bytes} [Fri Jul 17 05:00:00 2026] DELETE /v2.0/networks/73edd5c2-ff33-4c5f-997f-0ccdf386f383 => generated 0 bytes in 414 msecs (HTTP/1.1 204) 3 headers in 131 bytes (1 switches on core 0) [pid: 7|app: 0|req: 809/1729] 10.0.0.189 () {34 vars in 789 bytes} [Fri Jul 17 05:00:00 2026] PUT /v2.0/routers/c38bcbac-31a9-44da-b997-a63f605c493b/remove_router_interface => generated 310 bytes in 557 msecs (HTTP/1.1 200) 4 headers in 157 bytes (1 switches on core 0) /var/lib/openstack/lib/python3.12/site-packages/pycadf/identifier.py:70: UserWarning: Invalid uuid: neutron. To ensure interoperability, identifiers should be a valid uuid. warnings.warn(('Invalid uuid: %s. To ensure interoperability, '
2026-07-17 05:00:01.014 7 INFO neutron_taas.services.taas.taas_plugin [None req-29b6949c-2719-4430-b8c6-c58c7e91252a 8a9d275933f84651958f883cd357af9f ab20081af4564684bc92b434644cb8dc - - default default] TaaS: Handle Delete Port: 2704712b-c55c-4c57-bb39-7144a112edb3
2026-07-17 05:00:01.018 7 INFO neutron_taas.services.taas.tap_mirror_plugin [None req-29b6949c-2719-4430-b8c6-c58c7e91252a 8a9d275933f84651958f883cd357af9f ab20081af4564684bc92b434644cb8dc - - default default] Tap Mirror: Handle Delete Port: 2704712b-c55c-4c57-bb39-7144a112edb3 [pid: 7|app: 0|req: 810/1730] 10.0.0.189 () {32 vars in 720 bytes} [Fri Jul 17 05:00:00 2026] DELETE /v2.0/ports/2704712b-c55c-4c57-bb39-7144a112edb3 => generated 0 bytes in 239 msecs (HTTP/1.1 204) 3 headers in 131 bytes (1 switches on core 0)
2026-07-17 05:00:01.254 8 INFO neutron.plugins.ml2.drivers.ovn.mech_driver.mech_driver [None req-1236b1a2-f531-44b4-bdd1-b665b497542f - - - - - -] OVN reports status up for port: e02a4f90-f33e-47dc-9032-75c687772ec0
2026-07-17 05:00:01.294 7 INFO neutron_taas.services.taas.taas_plugin [None req-8aeb57ed-45fc-4004-a2f5-7897503595f1 11f179028c2a4dd4bda18eaec3d63570 c027ac403d4745dc9a8c7af88dd659c2 - - default default] TaaS: Handle Delete Port: 215b7a2b-6ae3-40fc-abc2-7cc950c0ec20
2026-07-17 05:00:01.295 8 INFO neutron.plugins.ml2.plugin [None req-1236b1a2-f531-44b4-bdd1-b665b497542f - - - - - -] Attempt 1 to provision port e02a4f90-f33e-47dc-9032-75c687772ec0
2026-07-17 05:00:01.298 7 INFO neutron_taas.services.taas.tap_mirror_plugin [None req-8aeb57ed-45fc-4004-a2f5-7897503595f1 11f179028c2a4dd4bda18eaec3d63570 c027ac403d4745dc9a8c7af88dd659c2 - - default default] Tap Mirror: Handle Delete Port: 215b7a2b-6ae3-40fc-abc2-7cc950c0ec20
2026-07-17 05:00:01.325 8 INFO neutron.db.ovn_revision_numbers_db [None req-c8457993-04b0-4a4a-a484-b049837ddd75 53f07850891f4a7291b8279e23079cee b974c980dbba4936968e609d38035ac1 - - default default] Successfully bumped revision number for resource e02a4f90-f33e-47dc-9032-75c687772ec0 (type: ports) to 2
2026-07-17 05:00:01.504 7 INFO neutron.services.segments.plugin [-] Segment 0ca6be2d-889a-4ac7-a58a-b2ebe74fcb61 resource provider aggregate not found
2026-07-17 05:00:01.511 7 INFO neutron.services.segments.plugin [-] Segment 0ca6be2d-889a-4ac7-a58a-b2ebe74fcb61 resource provider aggregate not found
2026-07-17 05:00:01.531 7 INFO neutron.services.segments.plugin [-] Client error retrieving segment 0ca6be2d-889a-4ac7-a58a-b2ebe74fcb61 resource provider; error: Placement Client Error (4xx): {"errors": [{"status": 404, "title": "Not Found", "detail": "The resource could not be found.\n\n No resource provider with uuid 0ca6be2d-889a-4ac7-a58a-b2ebe74fcb61 found for delete ", "request_id": "req-5502dc51-d20e-4640-ab9e-9b1ecccf5b88"}]}
2026-07-17 05:00:01.554 7 INFO neutron.services.segments.plugin [-] Client error retrieving segment 0ca6be2d-889a-4ac7-a58a-b2ebe74fcb61 resource provider; error: Placement Client Error (4xx): {"errors": [{"status": 404, "title": "Not Found", "detail": "The resource could not be found.\n\n No resource provider with uuid 0ca6be2d-889a-4ac7-a58a-b2ebe74fcb61 found for delete ", "request_id": "req-19deb6ac-25d3-4675-ba20-0391f81433b5"}]} [pid: 7|app: 0|req: 811/1731] 10.0.0.189 () {32 vars in 726 bytes} [Fri Jul 17 05:00:01 2026] DELETE /v2.0/networks/30ebfd14-4db2-4719-9042-6700a1f46e9e => generated 0 bytes in 431 msecs (HTTP/1.1 204) 3 headers in 131 bytes (1 switches on core 0) [pid: 7|app: 0|req: 812/1732] 10.0.0.189 () {32 vars in 736 bytes} [Fri Jul 17 05:00:01 2026] GET /v2.0/ports?device_id=c38bcbac-31a9-44da-b997-a63f605c493b => generated 12 bytes in 26 msecs (HTTP/1.1 200) 4 headers in 156 bytes (1 switches on core 0)
2026-07-17 05:00:01.773 7 INFO neutron_taas.services.taas.taas_plugin [None req-6f2ec5ea-0f71-4047-b795-303d29ae3fcf 8a9d275933f84651958f883cd357af9f ab20081af4564684bc92b434644cb8dc - - default default] TaaS: Handle Delete Port: 1781be5b-219c-4f65-84e8-5c9cc3a4a042
2026-07-17 05:00:01.777 7 INFO neutron_taas.services.taas.tap_mirror_plugin [None req-6f2ec5ea-0f71-4047-b795-303d29ae3fcf 8a9d275933f84651958f883cd357af9f ab20081af4564684bc92b434644cb8dc - - default default] Tap Mirror: Handle Delete Port: 1781be5b-219c-4f65-84e8-5c9cc3a4a042 [pid: 7|app: 0|req: 813/1733] 10.0.0.189 () {32 vars in 720 bytes} [Fri Jul 17 05:00:01 2026] DELETE /v2.0/ports/1781be5b-219c-4f65-84e8-5c9cc3a4a042 => generated 0 bytes in 300 msecs (HTTP/1.1 204) 3 headers in 131 bytes (1 switches on core 0)
2026-07-17 05:00:02.037 7 INFO neutron_taas.services.taas.taas_plugin [None req-dcea3a21-586d-407b-baf4-170b7c5385ab 11f179028c2a4dd4bda18eaec3d63570 c027ac403d4745dc9a8c7af88dd659c2 - - default default] TaaS: Handle Delete Port: f05d2e04-5296-49c9-b3b4-19ee9f67489c
2026-07-17 05:00:02.041 8 INFO neutron.db.ovn_revision_numbers_db [None req-1236b1a2-f531-44b4-bdd1-b665b497542f - - - - - -] Successfully bumped revision number for resource e02a4f90-f33e-47dc-9032-75c687772ec0 (type: ports) to 3
2026-07-17 05:00:02.043 7 INFO neutron_taas.services.taas.tap_mirror_plugin [None req-dcea3a21-586d-407b-baf4-170b7c5385ab 11f179028c2a4dd4bda18eaec3d63570 c027ac403d4745dc9a8c7af88dd659c2 - - default default] Tap Mirror: Handle Delete Port: f05d2e04-5296-49c9-b3b4-19ee9f67489c [pid: 7|app: 0|req: 814/1734] 10.0.0.189 () {32 vars in 726 bytes} [Fri Jul 17 05:00:01 2026] DELETE /v2.0/networks/f0703f68-2bf9-487c-af7a-313323d9c485 => generated 0 bytes in 375 msecs (HTTP/1.1 204) 3 headers in 131 bytes (1 switches on core 0)
2026-07-17 05:00:02.356 8 WARNING neutron.scheduler.dhcp_agent_scheduler [None req-c8457993-04b0-4a4a-a484-b049837ddd75 53f07850891f4a7291b8279e23079cee b974c980dbba4936968e609d38035ac1 - - default default] No more DHCP agents
2026-07-17 05:00:02.357 8 WARNING neutron.api.rpc.agentnotifiers.dhcp_rpc_agent_api [None req-c8457993-04b0-4a4a-a484-b049837ddd75 53f07850891f4a7291b8279e23079cee b974c980dbba4936968e609d38035ac1 - - default default] Unable to schedule network 30219a91-6c02-4c88-ac84-70e1a0266428: no agents available; will retry on subsequent port and subnet creation events. [pid: 7|app: 0|req: 815/1735] 10.0.0.189 () {32 vars in 724 bytes} [Fri Jul 17 05:00:02 2026] DELETE /v2.0/routers/c38bcbac-31a9-44da-b997-a63f605c493b => generated 0 bytes in 209 msecs (HTTP/1.1 204) 2 headers in 112 bytes (1 switches on core 0)
2026-07-17 05:00:02.612 8 INFO neutron.db.ovn_revision_numbers_db [None req-c8457993-04b0-4a4a-a484-b049837ddd75 53f07850891f4a7291b8279e23079cee b974c980dbba4936968e609d38035ac1 - - default default] Successfully bumped revision number for resource e02a4f90-f33e-47dc-9032-75c687772ec0 (type: router_ports) to 3
2026-07-17 05:00:02.617 7 INFO neutron_taas.services.taas.taas_plugin [None req-86906637-5577-4c66-98ce-050aa6adab4b 8a9d275933f84651958f883cd357af9f ab20081af4564684bc92b434644cb8dc - - default default] TaaS: Handle Delete Port: e6a52b50-98d0-458d-9179-8f82f22cc7da
2026-07-17 05:00:02.620 7 INFO neutron_taas.services.taas.tap_mirror_plugin [None req-86906637-5577-4c66-98ce-050aa6adab4b 8a9d275933f84651958f883cd357af9f ab20081af4564684bc92b434644cb8dc - - default default] Tap Mirror: Handle Delete Port: e6a52b50-98d0-458d-9179-8f82f22cc7da [pid: 8|app: 0|req: 921/1736] 10.0.0.189 () {34 vars in 783 bytes} [Fri Jul 17 05:00:00 2026] PUT /v2.0/routers/9bf226f8-ffec-444c-ae13-5574e2d1974d/add_router_interface => generated 310 bytes in 1916 msecs (HTTP/1.1 200) 4 headers in 157 bytes (1 switches on core 0) /var/lib/openstack/lib/python3.12/site-packages/pycadf/identifier.py:70: UserWarning: Invalid uuid: neutron. To ensure interoperability, identifiers should be a valid uuid. warnings.warn(('Invalid uuid: %s. To ensure interoperability, ' [pid: 7|app: 0|req: 816/1737] 10.0.0.189 () {32 vars in 720 bytes} [Fri Jul 17 05:00:02 2026] DELETE /v2.0/ports/e6a52b50-98d0-458d-9179-8f82f22cc7da => generated 0 bytes in 245 msecs (HTTP/1.1 204) 3 headers in 131 bytes (1 switches on core 0)
2026-07-17 05:00:02.731 8 INFO neutron_taas.services.taas.taas_plugin [None req-9c03922a-6bb9-401a-abef-9e0b05ca21c8 11f179028c2a4dd4bda18eaec3d63570 c027ac403d4745dc9a8c7af88dd659c2 - - default default] TaaS: Handle Delete Port: 13cfb103-6331-4043-97e6-c35eb41e21f6
2026-07-17 05:00:02.734 8 INFO neutron_taas.services.taas.tap_mirror_plugin [None req-9c03922a-6bb9-401a-abef-9e0b05ca21c8 11f179028c2a4dd4bda18eaec3d63570 c027ac403d4745dc9a8c7af88dd659c2 - - default default] Tap Mirror: Handle Delete Port: 13cfb103-6331-4043-97e6-c35eb41e21f6 [pid: 7|app: 0|req: 817/1738] 10.0.0.189 () {32 vars in 724 bytes} [Fri Jul 17 05:00:02 2026] DELETE /v2.0/subnets/8b07b8a2-6352-477b-9e60-c168c9ba0e08 => generated 0 bytes in 152 msecs (HTTP/1.1 204) 3 headers in 131 bytes (1 switches on core 0)
2026-07-17 05:00:02.947 8 INFO neutron.services.segments.plugin [-] Segment 095d76df-ba38-4acf-85d9-c5753c61df50 resource provider aggregate not found
2026-07-17 05:00:02.951 8 INFO neutron.services.segments.plugin [-] Segment 095d76df-ba38-4acf-85d9-c5753c61df50 resource provider aggregate not found [pid: 7|app: 0|req: 818/1739] 10.0.0.189 () {32 vars in 717 bytes} [Fri Jul 17 05:00:02 2026] GET /v2.0/ports/e02a4f90-f33e-47dc-9032-75c687772ec0 => generated 1013 bytes in 84 msecs (HTTP/1.1 200) 4 headers in 158 bytes (1 switches on core 0)
2026-07-17 05:00:02.976 8 INFO neutron.services.segments.plugin [-] Client error retrieving segment 095d76df-ba38-4acf-85d9-c5753c61df50 resource provider; error: Placement Client Error (4xx): {"errors": [{"status": 404, "title": "Not Found", "detail": "The resource could not be found.\n\n No resource provider with uuid 095d76df-ba38-4acf-85d9-c5753c61df50 found for delete ", "request_id": "req-e6c2da9a-4a97-466d-8a9e-0beca104c1cb"}]}
2026-07-17 05:00:02.976 8 INFO neutron.services.segments.plugin [-] Client error retrieving segment 095d76df-ba38-4acf-85d9-c5753c61df50 resource provider; error: Placement Client Error (4xx): {"errors": [{"status": 404, "title": "Not Found", "detail": "The resource could not be found.\n\n No resource provider with uuid 095d76df-ba38-4acf-85d9-c5753c61df50 found for delete ", "request_id": "req-9dd60efa-6021-48f8-884d-2e52e9d80819"}]} [pid: 8|app: 0|req: 922/1740] 10.0.0.189 () {32 vars in 726 bytes} [Fri Jul 17 05:00:02 2026] DELETE /v2.0/networks/15bf8385-cf3b-4af2-bb42-b7b2dd13ca93 => generated 0 bytes in 371 msecs (HTTP/1.1 204) 3 headers in 131 bytes (1 switches on core 0)
2026-07-17 05:00:03.074 7 INFO neutron_taas.services.taas.taas_plugin [None req-9b1824bd-85cf-4663-afd6-b48b548aa083 8a9d275933f84651958f883cd357af9f ab20081af4564684bc92b434644cb8dc - - default default] TaaS: Handle Delete Port: 9c5feb36-5b3c-4eb3-a1f9-18cc92bb3dc2
2026-07-17 05:00:03.077 7 INFO neutron_taas.services.taas.tap_mirror_plugin [None req-9b1824bd-85cf-4663-afd6-b48b548aa083 8a9d275933f84651958f883cd357af9f ab20081af4564684bc92b434644cb8dc - - default default] Tap Mirror: Handle Delete Port: 9c5feb36-5b3c-4eb3-a1f9-18cc92bb3dc2
2026-07-17 05:00:03.086 8 INFO neutron_taas.services.taas.taas_plugin [None req-377fd5e6-cf1e-455c-bf0e-e793eb8b40a4 22b612889e4f474e89d111f63ee32508 0096689acae34435a431c5c7897e0c63 - - default default] TaaS: Handle Delete Port: 3c23b85f-a304-43c8-b3e8-c1cc4941e03a
2026-07-17 05:00:03.090 8 INFO neutron_taas.services.taas.tap_mirror_plugin [None req-377fd5e6-cf1e-455c-bf0e-e793eb8b40a4 22b612889e4f474e89d111f63ee32508 0096689acae34435a431c5c7897e0c63 - - default default] Tap Mirror: Handle Delete Port: 3c23b85f-a304-43c8-b3e8-c1cc4941e03a [pid: 7|app: 0|req: 819/1741] 10.0.0.189 () {32 vars in 726 bytes} [Fri Jul 17 05:00:02 2026] DELETE /v2.0/networks/d4b1555e-c292-4ce0-bca4-9cd97ae4a045 => generated 0 bytes in 326 msecs (HTTP/1.1 204) 3 headers in 131 bytes (1 switches on core 0) [pid: 8|app: 0|req: 923/1742] 10.0.0.189 () {32 vars in 726 bytes} [Fri Jul 17 05:00:02 2026] DELETE /v2.0/networks/32bb9f5a-91d9-4c31-8d65-be2c79625182 => generated 0 bytes in 299 msecs (HTTP/1.1 204) 3 headers in 131 bytes (1 switches on core 0)
2026-07-17 05:00:03.464 8 INFO neutron_taas.services.taas.taas_plugin [None req-390f14dc-94cf-447c-8e9b-ddcf9f1dced1 11f179028c2a4dd4bda18eaec3d63570 c027ac403d4745dc9a8c7af88dd659c2 - - default default] TaaS: Handle Delete Port: 8b746d78-ecd3-40c9-a582-ab4626a04755
2026-07-17 05:00:03.469 8 INFO neutron_taas.services.taas.tap_mirror_plugin [None req-390f14dc-94cf-447c-8e9b-ddcf9f1dced1 11f179028c2a4dd4bda18eaec3d63570 c027ac403d4745dc9a8c7af88dd659c2 - - default default] Tap Mirror: Handle Delete Port: 8b746d78-ecd3-40c9-a582-ab4626a04755
2026-07-17 05:00:03.550 7 INFO neutron.services.segments.plugin [-] Segment 10044997-8e07-4e00-aee1-57bd0869ca5d resource provider aggregate not found
2026-07-17 05:00:03.584 7 INFO neutron.services.segments.plugin [-] Client error retrieving segment 10044997-8e07-4e00-aee1-57bd0869ca5d resource provider; error: Placement Client Error (4xx): {"errors": [{"status": 404, "title": "Not Found", "detail": "The resource could not be found.\n\n No resource provider with uuid 10044997-8e07-4e00-aee1-57bd0869ca5d found for delete ", "request_id": "req-a64c6361-2f5c-4e5e-abcd-f23d14871a76"}]}
2026-07-17 05:00:03.586 7 INFO neutron.services.segments.plugin [-] Segment 10044997-8e07-4e00-aee1-57bd0869ca5d resource provider aggregate not found
2026-07-17 05:00:03.598 7 INFO neutron.services.segments.plugin [-] Segment 807f4101-033a-4df1-b74f-371c3ee93096 resource provider aggregate not found
2026-07-17 05:00:03.605 7 INFO neutron.services.segments.plugin [-] Client error retrieving segment 10044997-8e07-4e00-aee1-57bd0869ca5d resource provider; error: Placement Client Error (4xx): {"errors": [{"status": 404, "title": "Not Found", "detail": "The resource could not be found.\n\n No resource provider with uuid 10044997-8e07-4e00-aee1-57bd0869ca5d found for delete ", "request_id": "req-dafa98f3-9e79-40ee-8e65-8b2bcc429f00"}]}
2026-07-17 05:00:03.616 7 INFO neutron.services.segments.plugin [-] Client error retrieving segment 807f4101-033a-4df1-b74f-371c3ee93096 resource provider; error: Placement Client Error (4xx): {"errors": [{"status": 404, "title": "Not Found", "detail": "The resource could not be found.\n\n No resource provider with uuid 807f4101-033a-4df1-b74f-371c3ee93096 found for delete ", "request_id": "req-69c38a2c-f687-4e5f-8500-d4eb7714ec7b"}]}
2026-07-17 05:00:03.636 7 INFO neutron.services.segments.plugin [-] Segment 807f4101-033a-4df1-b74f-371c3ee93096 resource provider aggregate not found
2026-07-17 05:00:03.649 7 INFO neutron_taas.services.taas.taas_plugin [None req-ea599e75-00f2-4712-afbb-bc5e9633df7a 53f07850891f4a7291b8279e23079cee b974c980dbba4936968e609d38035ac1 - - default default] TaaS: Handle Delete Port: e02a4f90-f33e-47dc-9032-75c687772ec0
2026-07-17 05:00:03.652 7 INFO neutron_taas.services.taas.tap_mirror_plugin [None req-ea599e75-00f2-4712-afbb-bc5e9633df7a 53f07850891f4a7291b8279e23079cee b974c980dbba4936968e609d38035ac1 - - default default] Tap Mirror: Handle Delete Port: e02a4f90-f33e-47dc-9032-75c687772ec0
2026-07-17 05:00:03.661 7 INFO neutron.services.segments.plugin [-] Client error retrieving segment 807f4101-033a-4df1-b74f-371c3ee93096 resource provider; error: Placement Client Error (4xx): {"errors": [{"status": 404, "title": "Not Found", "detail": "The resource could not be found.\n\n No resource provider with uuid 807f4101-033a-4df1-b74f-371c3ee93096 found for delete ", "request_id": "req-37051818-f8bc-467e-aa58-c3a3f9180361"}]} [pid: 8|app: 0|req: 924/1743] 10.0.0.189 () {32 vars in 726 bytes} [Fri Jul 17 05:00:03 2026] DELETE /v2.0/networks/3fa238d2-ff31-4140-8fd0-8a24c4bb08f0 => generated 0 bytes in 448 msecs (HTTP/1.1 204) 3 headers in 131 bytes (1 switches on core 0)
2026-07-17 05:00:03.873 8 INFO neutron_taas.services.taas.taas_plugin [None req-9cfa180b-f4d5-45d6-91ae-4356b36e6a5f 8a9d275933f84651958f883cd357af9f ab20081af4564684bc92b434644cb8dc - - default default] TaaS: Handle Delete Port: 26292206-6596-4c6a-b30c-4af40d68eeee
2026-07-17 05:00:03.877 8 INFO neutron_taas.services.taas.tap_mirror_plugin [None req-9cfa180b-f4d5-45d6-91ae-4356b36e6a5f 8a9d275933f84651958f883cd357af9f ab20081af4564684bc92b434644cb8dc - - default default] Tap Mirror: Handle Delete Port: 26292206-6596-4c6a-b30c-4af40d68eeee [pid: 7|app: 0|req: 820/1744] 10.0.0.189 () {34 vars in 789 bytes} [Fri Jul 17 05:00:03 2026] PUT /v2.0/routers/9bf226f8-ffec-444c-ae13-5574e2d1974d/remove_router_interface => generated 310 bytes in 710 msecs (HTTP/1.1 200) 4 headers in 157 bytes (1 switches on core 0) /var/lib/openstack/lib/python3.12/site-packages/pycadf/identifier.py:70: UserWarning: Invalid uuid: neutron. To ensure interoperability, identifiers should be a valid uuid. warnings.warn(('Invalid uuid: %s. To ensure interoperability, ' [pid: 8|app: 0|req: 925/1745] 10.0.0.189 () {32 vars in 726 bytes} [Fri Jul 17 05:00:03 2026] DELETE /v2.0/networks/94eebe97-71b6-4f7f-9b94-8b97971bc460 => generated 0 bytes in 366 msecs (HTTP/1.1 204) 3 headers in 131 bytes (1 switches on core 0)
2026-07-17 05:00:04.189 8 INFO neutron.api.v2.resource [None req-087e2bd9-c7ac-4d57-aca1-506287ad9352 53f07850891f4a7291b8279e23079cee b974c980dbba4936968e609d38035ac1 - - default default] remove_router_interface failed (client error): The resource could not be found. [pid: 8|app: 0|req: 926/1746] 10.0.0.189 () {34 vars in 789 bytes} [Fri Jul 17 05:00:04 2026] PUT /v2.0/routers/9bf226f8-ffec-444c-ae13-5574e2d1974d/remove_router_interface => generated 197 bytes in 83 msecs (HTTP/1.1 404) 4 headers in 164 bytes (1 switches on core 0)
2026-07-17 05:00:04.342 8 INFO neutron_taas.services.taas.taas_plugin [None req-93739fdc-0ad3-4bf2-8f24-6ba278eb701e 8a9d275933f84651958f883cd357af9f ab20081af4564684bc92b434644cb8dc - - default default] TaaS: Handle Delete Port: dfc8a846-411e-4adb-bdba-9384941e1870
2026-07-17 05:00:04.346 8 INFO neutron_taas.services.taas.tap_mirror_plugin [None req-93739fdc-0ad3-4bf2-8f24-6ba278eb701e 8a9d275933f84651958f883cd357af9f ab20081af4564684bc92b434644cb8dc - - default default] Tap Mirror: Handle Delete Port: dfc8a846-411e-4adb-bdba-9384941e1870
2026-07-17 05:00:04.501 7 WARNING neutron.scheduler.dhcp_agent_scheduler [None req-d57a0acf-5448-46f7-9bab-2a887407a353 22b612889e4f474e89d111f63ee32508 0096689acae34435a431c5c7897e0c63 - - default default] No more DHCP agents
2026-07-17 05:00:04.502 7 WARNING neutron.api.rpc.agentnotifiers.dhcp_rpc_agent_api [None req-d57a0acf-5448-46f7-9bab-2a887407a353 22b612889e4f474e89d111f63ee32508 0096689acae34435a431c5c7897e0c63 - - default default] Unable to schedule network 9b0bce5a-2d75-497b-9855-47f3a4ffb1f8: no agents available; will retry on subsequent port and subnet creation events. [pid: 8|app: 0|req: 927/1747] 10.0.0.189 () {32 vars in 726 bytes} [Fri Jul 17 05:00:04 2026] DELETE /v2.0/networks/e4e600b9-28e7-4115-afa4-79bffdaa0a6e => generated 0 bytes in 382 msecs (HTTP/1.1 204) 3 headers in 131 bytes (1 switches on core 0) [pid: 8|app: 0|req: 928/1748] 10.0.0.189 () {32 vars in 736 bytes} [Fri Jul 17 05:00:04 2026] GET /v2.0/ports?device_id=9bf226f8-ffec-444c-ae13-5574e2d1974d => generated 12 bytes in 22 msecs (HTTP/1.1 200) 4 headers in 156 bytes (1 switches on core 0)
2026-07-17 05:00:04.655 7 INFO neutron.db.ovn_revision_numbers_db [None req-d57a0acf-5448-46f7-9bab-2a887407a353 22b612889e4f474e89d111f63ee32508 0096689acae34435a431c5c7897e0c63 - - default default] Successfully bumped revision number for resource 8f7a04c5-39a0-4eee-af2e-1f787c3dc940 (type: ports) to 1
