2026-07-17 05:01:04.447 7 INFO neutron.db.ovn_revision_numbers_db [None req-e36e58aa-cd7f-4046-b6db-39083c5cc128 8166287d9996400f8e3b2b541748a5a6 761c47e1bf454293b5ed1ea17806db7b - - default default] Successfully bumped revision number for resource 95e1572b-c0f8-4bbc-b0b7-ef6d7551aa05 (type: ports) to 1
2026-07-17 05:01:04.589 8 INFO neutron.db.ovn_revision_numbers_db [None req-597d5c71-34d3-4cfb-84c4-4d772baaa528 240bc5dadf314935bf9ba9915746e0f7 1bffdba3a94e4923af13bed764eaedaa - - default default] Successfully bumped revision number for resource 9e1da94c-9227-47d9-88db-b81ea1b506db (type: ports) to 2
2026-07-17 05:01:04.672 8 INFO neutron.db.ovn_revision_numbers_db [None req-597d5c71-34d3-4cfb-84c4-4d772baaa528 240bc5dadf314935bf9ba9915746e0f7 1bffdba3a94e4923af13bed764eaedaa - - default default] Successfully bumped revision number for resource 06644f6c-caea-42ce-ae0b-d7a375e43dbb (type: subnets) to 0
2026-07-17 05:01:04.684 8 INFO neutron.db.ovn_revision_numbers_db [None req-c5e15dce-514e-4939-ae5e-130ef2eafc91 - - - - - -] Successfully bumped revision number for resource 2789ea0b-2106-4f82-8a12-0818f9d84710 (type: ports) to 2 [pid: 8|app: 0|req: 1159/2183] 10.0.0.189 () {34 vars in 669 bytes} [Fri Jul 17 05:01:02 2026] POST /v2.0/subnets => generated 656 bytes in 1755 msecs (HTTP/1.1 201) 4 headers in 162 bytes (1 switches on core 0)
2026-07-17 05:01:04.966 8 WARNING neutron.scheduler.dhcp_agent_scheduler [None req-b95847a4-698e-4194-afef-f88b48ca58bb 240bc5dadf314935bf9ba9915746e0f7 1bffdba3a94e4923af13bed764eaedaa - - default default] No more DHCP agents
2026-07-17 05:01:04.970 8 WARNING neutron.api.rpc.agentnotifiers.dhcp_rpc_agent_api [None req-b95847a4-698e-4194-afef-f88b48ca58bb 240bc5dadf314935bf9ba9915746e0f7 1bffdba3a94e4923af13bed764eaedaa - - default default] Unable to schedule network 41574f37-b26a-413d-84d5-ae2f31f9a1f4: no agents available; will retry on subsequent port and subnet creation events.
2026-07-17 05:01:04.997 8 INFO neutron.db.ovn_revision_numbers_db [None req-b95847a4-698e-4194-afef-f88b48ca58bb 240bc5dadf314935bf9ba9915746e0f7 1bffdba3a94e4923af13bed764eaedaa - - default default] Successfully bumped revision number for resource e2066f5e-c5df-4040-8e4f-64dfbab24000 (type: subnets) to 0 [pid: 8|app: 0|req: 1160/2184] 10.0.0.189 () {34 vars in 669 bytes} [Fri Jul 17 05:01:04 2026] POST /v2.0/subnets => generated 726 bytes in 311 msecs (HTTP/1.1 201) 4 headers in 162 bytes (1 switches on core 0)
2026-07-17 05:01:05.125 7 INFO neutron.plugins.ml2.drivers.ovn.mech_driver.mech_driver [None req-3ec82991-9c3b-4451-866f-530bcb2ea7f9 - - - - - -] OVN reports status up for port: 95e1572b-c0f8-4bbc-b0b7-ef6d7551aa05
2026-07-17 05:01:05.152 7 INFO neutron.plugins.ml2.plugin [None req-3ec82991-9c3b-4451-866f-530bcb2ea7f9 - - - - - -] Attempt 1 to provision port 95e1572b-c0f8-4bbc-b0b7-ef6d7551aa05
2026-07-17 05:01:05.157 8 INFO neutron.plugins.ml2.drivers.ovn.mech_driver.ovsdb.ovsdb_monitor [None req-42ef418b-4894-4a05-9d3b-30371cdbf623 - - - - - -] Router bde1da6a-e173-4a7d-9ec4-b4d13fbdbbfe is bound to host instance
2026-07-17 05:01:05.175 7 INFO neutron.db.ovn_revision_numbers_db [None req-e36e58aa-cd7f-4046-b6db-39083c5cc128 8166287d9996400f8e3b2b541748a5a6 761c47e1bf454293b5ed1ea17806db7b - - default default] Successfully bumped revision number for resource 95e1572b-c0f8-4bbc-b0b7-ef6d7551aa05 (type: router_ports) to 1
2026-07-17 05:01:05.250 8 INFO neutron.db.ovn_revision_numbers_db [None req-52527d8a-36e5-49b5-b64b-78aa05b6f2e8 e3c81812568747ff9cfec0c27b1dbeff aa514930302d4309a556a37e4aff512e - - default default] Successfully bumped revision number for resource 0e1bf17b-2c59-485c-94fa-4a8d061d4fa4 (type: security_groups) to 1
2026-07-17 05:01:05.281 8 INFO neutron.db.ovn_revision_numbers_db [None req-52527d8a-36e5-49b5-b64b-78aa05b6f2e8 e3c81812568747ff9cfec0c27b1dbeff aa514930302d4309a556a37e4aff512e - - default default] Successfully bumped revision number for resource 1c59aebe-f88b-4039-b44c-3018d2d748c0 (type: security_group_rules) to 0
2026-07-17 05:01:05.309 7 INFO neutron.db.ovn_revision_numbers_db [None req-e36e58aa-cd7f-4046-b6db-39083c5cc128 8166287d9996400f8e3b2b541748a5a6 761c47e1bf454293b5ed1ea17806db7b - - default default] Successfully bumped revision number for resource bde1da6a-e173-4a7d-9ec4-b4d13fbdbbfe (type: routers) to 2
2026-07-17 05:01:05.309 8 INFO neutron.db.ovn_revision_numbers_db [None req-52527d8a-36e5-49b5-b64b-78aa05b6f2e8 e3c81812568747ff9cfec0c27b1dbeff aa514930302d4309a556a37e4aff512e - - default default] Successfully bumped revision number for resource 7db34c84-21fe-489f-807a-3cc080390310 (type: security_group_rules) to 0 [pid: 7|app: 0|req: 1025/2185] 10.0.0.189 () {34 vars in 669 bytes} [Fri Jul 17 05:01:03 2026] POST /v2.0/routers => generated 974 bytes in 1564 msecs (HTTP/1.1 201) 4 headers in 162 bytes (1 switches on core 0)
2026-07-17 05:01:05.333 8 INFO neutron.db.ovn_revision_numbers_db [None req-52527d8a-36e5-49b5-b64b-78aa05b6f2e8 e3c81812568747ff9cfec0c27b1dbeff aa514930302d4309a556a37e4aff512e - - default default] Successfully bumped revision number for resource a9c737f0-0e71-4cca-b2c1-faac1a1e00b7 (type: security_group_rules) to 0
2026-07-17 05:01:05.359 8 INFO neutron.db.ovn_revision_numbers_db [None req-52527d8a-36e5-49b5-b64b-78aa05b6f2e8 e3c81812568747ff9cfec0c27b1dbeff aa514930302d4309a556a37e4aff512e - - default default] Successfully bumped revision number for resource da165a98-5c7f-4395-8e12-1cae841704d5 (type: security_group_rules) to 0
2026-07-17 05:01:05.410 7 INFO neutron.db.segments_db [None req-1dca87d2-5a63-439c-87ec-f82767822b13 240bc5dadf314935bf9ba9915746e0f7 1bffdba3a94e4923af13bed764eaedaa - - default default] Added segment 81c7c431-ed0d-4465-ab25-403e76fe0396 of type geneve for network 3bdf1bfa-762b-47a3-8613-fb21128983c8
2026-07-17 05:01:05.487 8 INFO neutron.db.segments_db [None req-52527d8a-36e5-49b5-b64b-78aa05b6f2e8 e3c81812568747ff9cfec0c27b1dbeff aa514930302d4309a556a37e4aff512e - - default default] Added segment b8528123-2e65-45bd-a6cf-4956d7d28c32 of type geneve for network 7cd0c2c5-648d-496d-bf78-88405ed2cf9b
2026-07-17 05:01:05.521 7 INFO neutron.db.ovn_revision_numbers_db [None req-1dca87d2-5a63-439c-87ec-f82767822b13 240bc5dadf314935bf9ba9915746e0f7 1bffdba3a94e4923af13bed764eaedaa - - default default] Successfully bumped revision number for resource 3bdf1bfa-762b-47a3-8613-fb21128983c8 (type: networks) to 1
2026-07-17 05:01:05.694 8 INFO neutron.db.ovn_revision_numbers_db [None req-52527d8a-36e5-49b5-b64b-78aa05b6f2e8 e3c81812568747ff9cfec0c27b1dbeff aa514930302d4309a556a37e4aff512e - - default default] Successfully bumped revision number for resource 7cd0c2c5-648d-496d-bf78-88405ed2cf9b (type: networks) to 1
2026-07-17 05:01:05.705 7 WARNING neutron.scheduler.dhcp_agent_scheduler [None req-1dca87d2-5a63-439c-87ec-f82767822b13 240bc5dadf314935bf9ba9915746e0f7 1bffdba3a94e4923af13bed764eaedaa - - default default] No more DHCP agents
2026-07-17 05:01:05.707 7 WARNING neutron.api.rpc.agentnotifiers.dhcp_rpc_agent_api [None req-1dca87d2-5a63-439c-87ec-f82767822b13 240bc5dadf314935bf9ba9915746e0f7 1bffdba3a94e4923af13bed764eaedaa - - default default] Unable to schedule network 3bdf1bfa-762b-47a3-8613-fb21128983c8: no agents available; will retry on subsequent port and subnet creation events.
2026-07-17 05:01:05.781 7 INFO neutron.db.ovn_revision_numbers_db [None req-1dca87d2-5a63-439c-87ec-f82767822b13 240bc5dadf314935bf9ba9915746e0f7 1bffdba3a94e4923af13bed764eaedaa - - default default] Successfully bumped revision number for resource 33d45ad0-bcba-4c0c-816b-214f6fbcc6a3 (type: ports) to 1 [pid: 7|app: 0|req: 1026/2186] 10.0.0.189 () {34 vars in 670 bytes} [Fri Jul 17 05:01:05 2026] POST /v2.0/networks => generated 676 bytes in 482 msecs (HTTP/1.1 201) 4 headers in 162 bytes (1 switches on core 0)
2026-07-17 05:01:06.016 8 WARNING neutron.scheduler.dhcp_agent_scheduler [None req-52527d8a-36e5-49b5-b64b-78aa05b6f2e8 e3c81812568747ff9cfec0c27b1dbeff aa514930302d4309a556a37e4aff512e - - default default] No more DHCP agents
2026-07-17 05:01:06.020 8 WARNING neutron.api.rpc.agentnotifiers.dhcp_rpc_agent_api [None req-52527d8a-36e5-49b5-b64b-78aa05b6f2e8 e3c81812568747ff9cfec0c27b1dbeff aa514930302d4309a556a37e4aff512e - - default default] Unable to schedule network 7cd0c2c5-648d-496d-bf78-88405ed2cf9b: no agents available; will retry on subsequent port and subnet creation events. [pid: 7|app: 0|req: 1027/2187] 10.0.0.189 () {32 vars in 776 bytes} [Fri Jul 17 05:01:05 2026] GET /v2.0/subnets?project_id=761c47e1bf454293b5ed1ea17806db7b&cidr=10.100.0.0%2F28 => generated 14 bytes in 243 msecs (HTTP/1.1 200) 4 headers in 156 bytes (1 switches on core 0)
2026-07-17 05:01:06.150 8 INFO neutron.db.ovn_revision_numbers_db [None req-52527d8a-36e5-49b5-b64b-78aa05b6f2e8 e3c81812568747ff9cfec0c27b1dbeff aa514930302d4309a556a37e4aff512e - - default default] Successfully bumped revision number for resource c21f502d-9137-4977-a9fb-c31107ed3bcd (type: ports) to 1 [pid: 8|app: 0|req: 1161/2188] 10.0.0.189 () {34 vars in 671 bytes} [Fri Jul 17 05:01:05 2026] POST /v2.0/networks => generated 781 bytes in 1184 msecs (HTTP/1.1 201) 4 headers in 162 bytes (1 switches on core 0)
2026-07-17 05:01:06.227 7 WARNING neutron.scheduler.dhcp_agent_scheduler [None req-048c0a15-2005-4a85-aa5f-dd48b37ea38e 240bc5dadf314935bf9ba9915746e0f7 1bffdba3a94e4923af13bed764eaedaa - - default default] No more DHCP agents
2026-07-17 05:01:06.228 7 WARNING neutron.api.rpc.agentnotifiers.dhcp_rpc_agent_api [None req-048c0a15-2005-4a85-aa5f-dd48b37ea38e 240bc5dadf314935bf9ba9915746e0f7 1bffdba3a94e4923af13bed764eaedaa - - default default] Unable to schedule network 3bdf1bfa-762b-47a3-8613-fb21128983c8: no agents available; will retry on subsequent port and subnet creation events. [pid: 8|app: 0|req: 1162/2189] 10.0.0.189 () {32 vars in 694 bytes} [Fri Jul 17 05:01:06 2026] GET /v2.0/networks?router%3Aexternal=True => generated 791 bytes in 95 msecs (HTTP/1.1 200) 4 headers in 157 bytes (1 switches on core 0)
2026-07-17 05:01:06.581 8 WARNING neutron.scheduler.dhcp_agent_scheduler [None req-60217a30-02fa-4e64-93fc-a73991114d88 e3c81812568747ff9cfec0c27b1dbeff aa514930302d4309a556a37e4aff512e - - default default] No more DHCP agents
2026-07-17 05:01:06.583 8 WARNING neutron.api.rpc.agentnotifiers.dhcp_rpc_agent_api [None req-60217a30-02fa-4e64-93fc-a73991114d88 e3c81812568747ff9cfec0c27b1dbeff aa514930302d4309a556a37e4aff512e - - default default] Unable to schedule network 7cd0c2c5-648d-496d-bf78-88405ed2cf9b: no agents available; will retry on subsequent port and subnet creation events.
2026-07-17 05:01:06.626 8 INFO neutron.db.ovn_revision_numbers_db [None req-b108874e-c02c-4650-96b0-ae800c1e0efc - - - - - -] Successfully bumped revision number for resource 95e1572b-c0f8-4bbc-b0b7-ef6d7551aa05 (type: ports) to 4
2026-07-17 05:01:06.740 7 INFO neutron.db.ovn_revision_numbers_db [None req-048c0a15-2005-4a85-aa5f-dd48b37ea38e 240bc5dadf314935bf9ba9915746e0f7 1bffdba3a94e4923af13bed764eaedaa - - default default] Successfully bumped revision number for resource 33d45ad0-bcba-4c0c-816b-214f6fbcc6a3 (type: ports) to 2
2026-07-17 05:01:06.763 7 INFO neutron.db.ovn_revision_numbers_db [None req-048c0a15-2005-4a85-aa5f-dd48b37ea38e 240bc5dadf314935bf9ba9915746e0f7 1bffdba3a94e4923af13bed764eaedaa - - default default] Successfully bumped revision number for resource 9fcfaec7-a641-490e-b10e-58c8a554d9ab (type: subnets) to 0 [pid: 7|app: 0|req: 1028/2192] 10.0.0.189 () {34 vars in 669 bytes} [Fri Jul 17 05:01:06 2026] POST /v2.0/subnets => generated 655 bytes in 729 msecs (HTTP/1.1 201) 4 headers in 162 bytes (1 switches on core 0) [pid: 7|app: 0|req: 1029/2193] 10.0.0.189 () {32 vars in 784 bytes} [Fri Jul 17 05:01:06 2026] GET /v2.0/subnets?network_id=9b0bce5a-2d75-497b-9855-47f3a4ffb1f8&cidr=10.100.0.0%2F28 => generated 14 bytes in 28 msecs (HTTP/1.1 200) 4 headers in 156 bytes (1 switches on core 0)
2026-07-17 05:01:06.982 7 WARNING neutron.scheduler.dhcp_agent_scheduler [None req-21aa54d4-9877-4ebe-8ada-10c5f58365d1 240bc5dadf314935bf9ba9915746e0f7 1bffdba3a94e4923af13bed764eaedaa - - default default] No more DHCP agents
2026-07-17 05:01:06.983 7 WARNING neutron.api.rpc.agentnotifiers.dhcp_rpc_agent_api [None req-21aa54d4-9877-4ebe-8ada-10c5f58365d1 240bc5dadf314935bf9ba9915746e0f7 1bffdba3a94e4923af13bed764eaedaa - - default default] Unable to schedule network 3bdf1bfa-762b-47a3-8613-fb21128983c8: no agents available; will retry on subsequent port and subnet creation events.
2026-07-17 05:01:07.016 7 INFO neutron.db.ovn_revision_numbers_db [None req-21aa54d4-9877-4ebe-8ada-10c5f58365d1 240bc5dadf314935bf9ba9915746e0f7 1bffdba3a94e4923af13bed764eaedaa - - default default] Successfully bumped revision number for resource 38a15174-641d-4b75-a966-8e6f2eaf06ae (type: subnets) to 0 [pid: 7|app: 0|req: 1030/2194] 10.0.0.189 () {34 vars in 669 bytes} [Fri Jul 17 05:01:06 2026] POST /v2.0/subnets => generated 729 bytes in 221 msecs (HTTP/1.1 201) 4 headers in 162 bytes (1 switches on core 0)
2026-07-17 05:01:07.198 7 WARNING neutron.scheduler.dhcp_agent_scheduler [None req-363239e7-d68b-4e4b-9e91-26983384ceb6 8166287d9996400f8e3b2b541748a5a6 761c47e1bf454293b5ed1ea17806db7b - - default default] No more DHCP agents
2026-07-17 05:01:07.199 7 WARNING neutron.api.rpc.agentnotifiers.dhcp_rpc_agent_api [None req-363239e7-d68b-4e4b-9e91-26983384ceb6 8166287d9996400f8e3b2b541748a5a6 761c47e1bf454293b5ed1ea17806db7b - - default default] Unable to schedule network 8e1707db-26ef-401f-8359-f302a3f65ee2: no agents available; will retry on subsequent port and subnet creation events.
2026-07-17 05:01:07.200 8 INFO neutron.db.ovn_revision_numbers_db [None req-b108874e-c02c-4650-96b0-ae800c1e0efc - - - - - -] Successfully bumped revision number for resource 95e1572b-c0f8-4bbc-b0b7-ef6d7551aa05 (type: ports) to 5
2026-07-17 05:01:07.322 8 INFO neutron.db.ovn_revision_numbers_db [None req-60217a30-02fa-4e64-93fc-a73991114d88 e3c81812568747ff9cfec0c27b1dbeff aa514930302d4309a556a37e4aff512e - - default default] Successfully bumped revision number for resource c21f502d-9137-4977-a9fb-c31107ed3bcd (type: ports) to 2
2026-07-17 05:01:07.353 8 INFO neutron.db.ovn_revision_numbers_db [None req-60217a30-02fa-4e64-93fc-a73991114d88 e3c81812568747ff9cfec0c27b1dbeff aa514930302d4309a556a37e4aff512e - - default default] Successfully bumped revision number for resource ba0e4983-68a4-4e0a-b07e-91889b1f5474 (type: subnets) to 0 [pid: 8|app: 0|req: 1165/2195] 10.0.0.189 () {34 vars in 669 bytes} [Fri Jul 17 05:01:06 2026] POST /v2.0/subnets => generated 687 bytes in 1070 msecs (HTTP/1.1 201) 4 headers in 162 bytes (1 switches on core 0)
2026-07-17 05:01:07.633 7 INFO neutron.db.ovn_revision_numbers_db [None req-363239e7-d68b-4e4b-9e91-26983384ceb6 8166287d9996400f8e3b2b541748a5a6 761c47e1bf454293b5ed1ea17806db7b - - default default] Successfully bumped revision number for resource fadc45c4-3421-4279-8e7e-5e5dd591c882 (type: ports) to 2
2026-07-17 05:01:07.668 7 INFO neutron.db.ovn_revision_numbers_db [None req-363239e7-d68b-4e4b-9e91-26983384ceb6 8166287d9996400f8e3b2b541748a5a6 761c47e1bf454293b5ed1ea17806db7b - - default default] Successfully bumped revision number for resource 4655a0a8-9a11-48df-929d-ee0671fbdd16 (type: subnets) to 0 [pid: 7|app: 0|req: 1031/2196] 10.0.0.189 () {34 vars in 669 bytes} [Fri Jul 17 05:01:07 2026] POST /v2.0/subnets => generated 656 bytes in 652 msecs (HTTP/1.1 201) 4 headers in 162 bytes (1 switches on core 0)
2026-07-17 05:01:07.780 8 WARNING neutron.scheduler.dhcp_agent_scheduler [None req-56e6cf8b-b266-4d07-8d1c-5d1ebc7f3a24 240bc5dadf314935bf9ba9915746e0f7 1bffdba3a94e4923af13bed764eaedaa - - default default] No more DHCP agents
2026-07-17 05:01:07.783 8 WARNING neutron.api.rpc.agentnotifiers.dhcp_rpc_agent_api [None req-56e6cf8b-b266-4d07-8d1c-5d1ebc7f3a24 240bc5dadf314935bf9ba9915746e0f7 1bffdba3a94e4923af13bed764eaedaa - - default default] Unable to schedule network 9b0bce5a-2d75-497b-9855-47f3a4ffb1f8: no agents available; will retry on subsequent port and subnet creation events.
2026-07-17 05:01:07.922 8 INFO neutron.db.ovn_revision_numbers_db [None req-56e6cf8b-b266-4d07-8d1c-5d1ebc7f3a24 240bc5dadf314935bf9ba9915746e0f7 1bffdba3a94e4923af13bed764eaedaa - - default default] Successfully bumped revision number for resource f3e67c23-b973-4b76-9c10-b50a798c6f6f (type: ports) to 1
2026-07-17 05:01:07.952 7 INFO neutron.plugins.ml2.drivers.ovn.mech_driver.mech_driver [None req-3ec82991-9c3b-4451-866f-530bcb2ea7f9 - - - - - -] OVN reports status down for port: f3e67c23-b973-4b76-9c10-b50a798c6f6f
2026-07-17 05:01:08.192 7 WARNING neutron.scheduler.dhcp_agent_scheduler [None req-e2a53b9d-98df-4cf2-a0fb-ee3374ca995d e3c81812568747ff9cfec0c27b1dbeff aa514930302d4309a556a37e4aff512e - - default default] No more DHCP agents
2026-07-17 05:01:08.194 7 WARNING neutron.api.rpc.agentnotifiers.dhcp_rpc_agent_api [None req-e2a53b9d-98df-4cf2-a0fb-ee3374ca995d e3c81812568747ff9cfec0c27b1dbeff aa514930302d4309a556a37e4aff512e - - default default] Unable to schedule network 9b0bce5a-2d75-497b-9855-47f3a4ffb1f8: no agents available; will retry on subsequent port and subnet creation events.
2026-07-17 05:01:08.328 7 INFO neutron.db.ovn_revision_numbers_db [None req-e2a53b9d-98df-4cf2-a0fb-ee3374ca995d e3c81812568747ff9cfec0c27b1dbeff aa514930302d4309a556a37e4aff512e - - default default] Successfully bumped revision number for resource 1a43bf5a-6aac-4e7e-8e0f-f950aca8b99d (type: ports) to 1
2026-07-17 05:01:08.427 8 INFO neutron.plugins.ml2.drivers.ovn.mech_driver.ovsdb.ovsdb_monitor [None req-b108874e-c02c-4650-96b0-ae800c1e0efc - - - - - -] Router 81fd5230-d21a-4bd0-9a1a-d73bf699907e is bound to host instance
2026-07-17 05:01:08.478 7 INFO neutron.plugins.ml2.drivers.ovn.mech_driver.mech_driver [None req-3ec82991-9c3b-4451-866f-530bcb2ea7f9 - - - - - -] OVN reports status up for port: f3e67c23-b973-4b76-9c10-b50a798c6f6f
2026-07-17 05:01:08.488 8 INFO neutron.db.ovn_revision_numbers_db [None req-56e6cf8b-b266-4d07-8d1c-5d1ebc7f3a24 240bc5dadf314935bf9ba9915746e0f7 1bffdba3a94e4923af13bed764eaedaa - - default default] Successfully bumped revision number for resource f3e67c23-b973-4b76-9c10-b50a798c6f6f (type: router_ports) to 1
2026-07-17 05:01:08.519 7 INFO neutron.plugins.ml2.plugin [None req-3ec82991-9c3b-4451-866f-530bcb2ea7f9 - - - - - -] Attempt 1 to provision port f3e67c23-b973-4b76-9c10-b50a798c6f6f
2026-07-17 05:01:08.621 8 INFO neutron.db.ovn_revision_numbers_db [None req-56e6cf8b-b266-4d07-8d1c-5d1ebc7f3a24 240bc5dadf314935bf9ba9915746e0f7 1bffdba3a94e4923af13bed764eaedaa - - default default] Successfully bumped revision number for resource 81fd5230-d21a-4bd0-9a1a-d73bf699907e (type: routers) to 2 [pid: 8|app: 0|req: 1166/2197] 10.0.0.189 () {34 vars in 669 bytes} [Fri Jul 17 05:01:07 2026] POST /v2.0/routers => generated 965 bytes in 1276 msecs (HTTP/1.1 201) 4 headers in 162 bytes (1 switches on core 0)
2026-07-17 05:01:08.996 7 INFO neutron.db.ovn_revision_numbers_db [None req-e2a53b9d-98df-4cf2-a0fb-ee3374ca995d e3c81812568747ff9cfec0c27b1dbeff aa514930302d4309a556a37e4aff512e - - default default] Successfully bumped revision number for resource 1a43bf5a-6aac-4e7e-8e0f-f950aca8b99d (type: router_ports) to 1
2026-07-17 05:01:09.065 7 INFO neutron.db.ovn_revision_numbers_db [None req-e2a53b9d-98df-4cf2-a0fb-ee3374ca995d e3c81812568747ff9cfec0c27b1dbeff aa514930302d4309a556a37e4aff512e - - default default] Successfully bumped revision number for resource 904ee18f-e2ef-4ede-8607-d973ade78f35 (type: routers) to 2 [pid: 7|app: 0|req: 1032/2198] 10.0.0.189 () {34 vars in 669 bytes} [Fri Jul 17 05:01:07 2026] POST /v2.0/routers => generated 986 bytes in 1397 msecs (HTTP/1.1 201) 4 headers in 162 bytes (1 switches on core 0)
2026-07-17 05:01:09.590 7 WARNING neutron.scheduler.dhcp_agent_scheduler [None req-46fe85d6-0ced-4a00-9572-f264a9bc4c4b 240bc5dadf314935bf9ba9915746e0f7 1bffdba3a94e4923af13bed764eaedaa - - default default] No more DHCP agents
2026-07-17 05:01:09.591 7 WARNING neutron.api.rpc.agentnotifiers.dhcp_rpc_agent_api [None req-46fe85d6-0ced-4a00-9572-f264a9bc4c4b 240bc5dadf314935bf9ba9915746e0f7 1bffdba3a94e4923af13bed764eaedaa - - default default] Unable to schedule network 3c59e666-ed31-409f-85ea-17865f5e89fa: no agents available; will retry on subsequent port and subnet creation events.
2026-07-17 05:01:09.631 8 WARNING neutron.scheduler.dhcp_agent_scheduler [None req-4361d68f-b2e5-4b4d-b397-39c7e27ca9f1 8166287d9996400f8e3b2b541748a5a6 761c47e1bf454293b5ed1ea17806db7b - - default default] No more DHCP agents
2026-07-17 05:01:09.633 8 WARNING neutron.api.rpc.agentnotifiers.dhcp_rpc_agent_api [None req-4361d68f-b2e5-4b4d-b397-39c7e27ca9f1 8166287d9996400f8e3b2b541748a5a6 761c47e1bf454293b5ed1ea17806db7b - - default default] Unable to schedule network 8e1707db-26ef-401f-8359-f302a3f65ee2: no agents available; will retry on subsequent port and subnet creation events.
2026-07-17 05:01:09.745 7 INFO neutron.db.ovn_revision_numbers_db [None req-46fe85d6-0ced-4a00-9572-f264a9bc4c4b 240bc5dadf314935bf9ba9915746e0f7 1bffdba3a94e4923af13bed764eaedaa - - default default] Successfully bumped revision number for resource c9342f9d-62f8-4759-bc3d-b218ada5eb05 (type: ports) to 1
2026-07-17 05:01:09.974 8 WARNING neutron.plugins.ml2.drivers.ovn.mech_driver.ovsdb.ovn_client [None req-01b8778c-aa8f-4493-bba9-2ddf5f9fde4d - - - - - -] No hosting information found for port 2789ea0b-2106-4f82-8a12-0818f9d84710: RuntimeError: No hosting information found for port 2789ea0b-2106-4f82-8a12-0818f9d84710
2026-07-17 05:01:10.002 8 INFO neutron.db.ovn_revision_numbers_db [None req-4361d68f-b2e5-4b4d-b397-39c7e27ca9f1 8166287d9996400f8e3b2b541748a5a6 761c47e1bf454293b5ed1ea17806db7b - - default default] Successfully bumped revision number for resource 63ecd4e4-e38d-4ecd-8fa4-500ba340facd (type: ports) to 1
2026-07-17 05:01:10.089 8 INFO neutron.common.ovn.utils [None req-01b8778c-aa8f-4493-bba9-2ddf5f9fde4d - - - - - -] HA Chassis Group neutron-709ae3b2-cdf1-45c1-a4c7-5c0f3ed4e9eb synchronized; highest priority chassis a69b94be-7568-4a7b-a227-f3a3fb90f7f6
2026-07-17 05:01:10.090 8 INFO neutron.db.ovn_revision_numbers_db [None req-55c4cdcd-c2cd-457d-a6ce-88cd11a0f3a6 - - - - - -] Successfully bumped revision number for resource f3e67c23-b973-4b76-9c10-b50a798c6f6f (type: ports) to 4
2026-07-17 05:01:10.393 8 INFO neutron.db.ovn_revision_numbers_db [None req-01b8778c-aa8f-4493-bba9-2ddf5f9fde4d - - - - - -] Successfully bumped revision number for resource 2789ea0b-2106-4f82-8a12-0818f9d84710 (type: router_ports) to 2
2026-07-17 05:01:10.536 7 WARNING neutron.scheduler.dhcp_agent_scheduler [None req-46fe85d6-0ced-4a00-9572-f264a9bc4c4b 240bc5dadf314935bf9ba9915746e0f7 1bffdba3a94e4923af13bed764eaedaa - - default default] No more DHCP agents
2026-07-17 05:01:10.537 7 WARNING neutron.api.rpc.agentnotifiers.dhcp_rpc_agent_api [None req-46fe85d6-0ced-4a00-9572-f264a9bc4c4b 240bc5dadf314935bf9ba9915746e0f7 1bffdba3a94e4923af13bed764eaedaa - - default default] Unable to schedule network 3c59e666-ed31-409f-85ea-17865f5e89fa: no agents available; will retry on subsequent port and subnet creation events.
2026-07-17 05:01:10.599 8 INFO neutron.plugins.ml2.drivers.ovn.mech_driver.mech_driver [None req-01b8778c-aa8f-4493-bba9-2ddf5f9fde4d - - - - - -] OVN reports status down for port: 33d45ad0-bcba-4c0c-816b-214f6fbcc6a3
2026-07-17 05:01:10.799 7 INFO neutron.db.ovn_revision_numbers_db [None req-46fe85d6-0ced-4a00-9572-f264a9bc4c4b 240bc5dadf314935bf9ba9915746e0f7 1bffdba3a94e4923af13bed764eaedaa - - default default] Successfully bumped revision number for resource c9342f9d-62f8-4759-bc3d-b218ada5eb05 (type: router_ports) to 1 [pid: 7|app: 0|req: 1033/2199] 10.0.0.189 () {34 vars in 783 bytes} [Fri Jul 17 05:01:09 2026] PUT /v2.0/routers/81fd5230-d21a-4bd0-9a1a-d73bf699907e/add_router_interface => generated 310 bytes in 1720 msecs (HTTP/1.1 200) 4 headers in 157 bytes (1 switches on core 0)
2026-07-17 05:01:10.929 8 INFO neutron.plugins.ml2.drivers.ovn.mech_driver.mech_driver [None req-01b8778c-aa8f-4493-bba9-2ddf5f9fde4d - - - - - -] OVN reports status down for port: c21f502d-9137-4977-a9fb-c31107ed3bcd
2026-07-17 05:01:11.155 8 INFO neutron.plugins.ml2.drivers.ovn.mech_driver.mech_driver [None req-01b8778c-aa8f-4493-bba9-2ddf5f9fde4d - - - - - -] OVN reports status down for port: 1a43bf5a-6aac-4e7e-8e0f-f950aca8b99d
2026-07-17 05:01:11.276 8 INFO neutron.db.ovn_revision_numbers_db [None req-55c4cdcd-c2cd-457d-a6ce-88cd11a0f3a6 - - - - - -] Successfully bumped revision number for resource f3e67c23-b973-4b76-9c10-b50a798c6f6f (type: ports) to 5
2026-07-17 05:01:11.319 8 WARNING neutron.plugins.ml2.drivers.ovn.mech_driver.ovsdb.ovn_client [None req-01b8778c-aa8f-4493-bba9-2ddf5f9fde4d - - - - - -] Logical_Switch_Port 1a43bf5a-6aac-4e7e-8e0f-f950aca8b99d host information not removed, the port state is up
2026-07-17 05:01:11.320 8 INFO neutron.plugins.ml2.drivers.ovn.mech_driver.mech_driver [None req-01b8778c-aa8f-4493-bba9-2ddf5f9fde4d - - - - - -] OVN reports status up for port: 1a43bf5a-6aac-4e7e-8e0f-f950aca8b99d
2026-07-17 05:01:11.325 7 INFO neutron.plugins.ml2.drivers.ovn.mech_driver.mech_driver [None req-3ec82991-9c3b-4451-866f-530bcb2ea7f9 - - - - - -] OVN reports status down for port: 63ecd4e4-e38d-4ecd-8fa4-500ba340facd
2026-07-17 05:01:11.347 8 INFO neutron.plugins.ml2.plugin [None req-01b8778c-aa8f-4493-bba9-2ddf5f9fde4d - - - - - -] Attempt 1 to provision port 1a43bf5a-6aac-4e7e-8e0f-f950aca8b99d
2026-07-17 05:01:11.376 7 WARNING neutron.scheduler.dhcp_agent_scheduler [None req-424ae368-42f0-4454-ac27-64472d9c7f78 e3c81812568747ff9cfec0c27b1dbeff aa514930302d4309a556a37e4aff512e - - default default] No more DHCP agents
2026-07-17 05:01:11.378 7 WARNING neutron.api.rpc.agentnotifiers.dhcp_rpc_agent_api [None req-424ae368-42f0-4454-ac27-64472d9c7f78 e3c81812568747ff9cfec0c27b1dbeff aa514930302d4309a556a37e4aff512e - - default default] Unable to schedule network 7cd0c2c5-648d-496d-bf78-88405ed2cf9b: no agents available; will retry on subsequent port and subnet creation events.
2026-07-17 05:01:11.479 7 INFO neutron.common.ovn.utils [None req-3ec82991-9c3b-4451-866f-530bcb2ea7f9 - - - - - -] HA Chassis Group neutron-3c59e666-ed31-409f-85ea-17865f5e89fa synchronized; highest priority chassis a69b94be-7568-4a7b-a227-f3a3fb90f7f6
2026-07-17 05:01:11.547 8 INFO neutron.plugins.ml2.drivers.ovn.mech_driver.ovsdb.ovsdb_monitor [None req-55c4cdcd-c2cd-457d-a6ce-88cd11a0f3a6 - - - - - -] Router 904ee18f-e2ef-4ede-8607-d973ade78f35 is bound to host instance
2026-07-17 05:01:11.590 7 INFO neutron.db.ovn_revision_numbers_db [None req-424ae368-42f0-4454-ac27-64472d9c7f78 e3c81812568747ff9cfec0c27b1dbeff aa514930302d4309a556a37e4aff512e - - default default] Successfully bumped revision number for resource febfdf42-3709-415a-9753-e064984b3fcf (type: ports) to 1
2026-07-17 05:01:11.854 7 INFO neutron.plugins.ml2.drivers.ovn.mech_driver.mech_driver [None req-3ec82991-9c3b-4451-866f-530bcb2ea7f9 - - - - - -] OVN reports status up for port: 63ecd4e4-e38d-4ecd-8fa4-500ba340facd
2026-07-17 05:01:11.891 7 INFO neutron.plugins.ml2.plugin [None req-3ec82991-9c3b-4451-866f-530bcb2ea7f9 - - - - - -] Attempt 1 to provision port 63ecd4e4-e38d-4ecd-8fa4-500ba340facd
2026-07-17 05:01:11.912 8 INFO neutron.plugins.ml2.plugin [None req-4361d68f-b2e5-4b4d-b397-39c7e27ca9f1 8166287d9996400f8e3b2b541748a5a6 761c47e1bf454293b5ed1ea17806db7b - - default default] Attempt 1 to provision port 63ecd4e4-e38d-4ecd-8fa4-500ba340facd
2026-07-17 05:01:12.051 8 WARNING neutron.scheduler.dhcp_agent_scheduler [None req-4361d68f-b2e5-4b4d-b397-39c7e27ca9f1 8166287d9996400f8e3b2b541748a5a6 761c47e1bf454293b5ed1ea17806db7b - - default default] No more DHCP agents
2026-07-17 05:01:12.055 8 WARNING neutron.api.rpc.agentnotifiers.dhcp_rpc_agent_api [None req-4361d68f-b2e5-4b4d-b397-39c7e27ca9f1 8166287d9996400f8e3b2b541748a5a6 761c47e1bf454293b5ed1ea17806db7b - - default default] Unable to schedule network 8e1707db-26ef-401f-8359-f302a3f65ee2: no agents available; will retry on subsequent port and subnet creation events.
2026-07-17 05:01:12.548 8 INFO neutron.db.ovn_revision_numbers_db [None req-4361d68f-b2e5-4b4d-b397-39c7e27ca9f1 8166287d9996400f8e3b2b541748a5a6 761c47e1bf454293b5ed1ea17806db7b - - default default] Successfully bumped revision number for resource 63ecd4e4-e38d-4ecd-8fa4-500ba340facd (type: router_ports) to 1 [pid: 8|app: 0|req: 1167/2200] 10.0.0.189 () {34 vars in 783 bytes} [Fri Jul 17 05:01:08 2026] PUT /v2.0/routers/bde1da6a-e173-4a7d-9ec4-b4d13fbdbbfe/add_router_interface => generated 310 bytes in 3910 msecs (HTTP/1.1 200) 4 headers in 157 bytes (1 switches on core 0)
2026-07-17 05:01:12.611 7 WARNING neutron.scheduler.dhcp_agent_scheduler [None req-424ae368-42f0-4454-ac27-64472d9c7f78 e3c81812568747ff9cfec0c27b1dbeff aa514930302d4309a556a37e4aff512e - - default default] No more DHCP agents
2026-07-17 05:01:12.622 7 WARNING neutron.api.rpc.agentnotifiers.dhcp_rpc_agent_api [None req-424ae368-42f0-4454-ac27-64472d9c7f78 e3c81812568747ff9cfec0c27b1dbeff aa514930302d4309a556a37e4aff512e - - default default] Unable to schedule network 7cd0c2c5-648d-496d-bf78-88405ed2cf9b: no agents available; will retry on subsequent port and subnet creation events.
2026-07-17 05:01:12.773 7 INFO neutron.db.ovn_revision_numbers_db [None req-3ec82991-9c3b-4451-866f-530bcb2ea7f9 - - - - - -] Successfully bumped revision number for resource 63ecd4e4-e38d-4ecd-8fa4-500ba340facd (type: ports) to 2
2026-07-17 05:01:13.185 7 INFO neutron.db.ovn_revision_numbers_db [None req-424ae368-42f0-4454-ac27-64472d9c7f78 e3c81812568747ff9cfec0c27b1dbeff aa514930302d4309a556a37e4aff512e - - default default] Successfully bumped revision number for resource febfdf42-3709-415a-9753-e064984b3fcf (type: router_ports) to 1 [pid: 7|app: 0|req: 1034/2201] 10.0.0.189 () {34 vars in 783 bytes} [Fri Jul 17 05:01:10 2026] PUT /v2.0/routers/904ee18f-e2ef-4ede-8607-d973ade78f35/add_router_interface => generated 310 bytes in 2386 msecs (HTTP/1.1 200) 4 headers in 157 bytes (1 switches on core 0)
2026-07-17 05:01:13.204 8 INFO neutron.db.ovn_revision_numbers_db [None req-57bcc908-e1a1-4241-8119-a0b612435cef - - - - - -] Successfully bumped revision number for resource 1a43bf5a-6aac-4e7e-8e0f-f950aca8b99d (type: ports) to 4 [pid: 7|app: 0|req: 1035/2202] 10.0.0.189 () {32 vars in 649 bytes} [Fri Jul 17 05:01:13 2026] GET /v2.0/networks => generated 7142 bytes in 55 msecs (HTTP/1.1 200) 4 headers in 158 bytes (1 switches on core 0) [pid: 7|app: 0|req: 1036/2203] 10.0.0.189 () {32 vars in 647 bytes} [Fri Jul 17 05:01:13 2026] GET /v2.0/subnets => generated 7529 bytes in 34 msecs (HTTP/1.1 200) 4 headers in 158 bytes (1 switches on core 0) [pid: 7|app: 0|req: 1037/2204] 10.0.0.189 () {32 vars in 647 bytes} [Fri Jul 17 05:01:13 2026] GET /v2.0/routers => generated 3933 bytes in 83 msecs (HTTP/1.1 200) 4 headers in 158 bytes (1 switches on core 0)
2026-07-17 05:01:13.577 8 WARNING neutron.scheduler.dhcp_agent_scheduler [None req-73b64b02-fccd-416b-b419-2fa55e8b85c2 240bc5dadf314935bf9ba9915746e0f7 1bffdba3a94e4923af13bed764eaedaa - - default default] No more DHCP agents
2026-07-17 05:01:13.578 8 WARNING neutron.api.rpc.agentnotifiers.dhcp_rpc_agent_api [None req-73b64b02-fccd-416b-b419-2fa55e8b85c2 240bc5dadf314935bf9ba9915746e0f7 1bffdba3a94e4923af13bed764eaedaa - - default default] Unable to schedule network 41574f37-b26a-413d-84d5-ae2f31f9a1f4: no agents available; will retry on subsequent port and subnet creation events.
2026-07-17 05:01:13.585 7 INFO neutron.db.ovn_revision_numbers_db [None req-04ff41ce-f505-475a-b1ba-6f437828e4db 8166287d9996400f8e3b2b541748a5a6 761c47e1bf454293b5ed1ea17806db7b - - default default] Successfully bumped revision number for resource 6d5f5b9f-5980-4126-a4c2-1ace28f219a2 (type: security_groups) to 1
2026-07-17 05:01:13.597 7 INFO neutron.db.ovn_revision_numbers_db [None req-04ff41ce-f505-475a-b1ba-6f437828e4db 8166287d9996400f8e3b2b541748a5a6 761c47e1bf454293b5ed1ea17806db7b - - default default] Successfully bumped revision number for resource 1b17b077-7409-44d9-be75-54971b273133 (type: security_group_rules) to 0
2026-07-17 05:01:13.608 7 INFO neutron.db.ovn_revision_numbers_db [None req-04ff41ce-f505-475a-b1ba-6f437828e4db 8166287d9996400f8e3b2b541748a5a6 761c47e1bf454293b5ed1ea17806db7b - - default default] Successfully bumped revision number for resource 424cf38a-3d2c-4577-b6f2-c2252f5b2f2d (type: security_group_rules) to 0 [pid: 7|app: 0|req: 1038/2205] 10.0.0.189 () {34 vars in 685 bytes} [Fri Jul 17 05:01:13 2026] POST /v2.0/security-groups => generated 1677 bytes in 195 msecs (HTTP/1.1 201) 4 headers in 163 bytes (1 switches on core 0)
2026-07-17 05:01:13.796 7 INFO neutron.db.ovn_revision_numbers_db [None req-8a0328ea-992b-4c47-83fb-1e833c6e0669 8166287d9996400f8e3b2b541748a5a6 761c47e1bf454293b5ed1ea17806db7b - - default default] Successfully bumped revision number for resource e54f7722-81e0-4bb1-a900-9644e3a48c41 (type: security_group_rules) to 0 [pid: 7|app: 0|req: 1039/2206] 10.0.0.189 () {34 vars in 695 bytes} [Fri Jul 17 05:01:13 2026] POST /v2.0/security-group-rules => generated 597 bytes in 187 msecs (HTTP/1.1 201) 4 headers in 162 bytes (1 switches on core 0)
2026-07-17 05:01:13.843 8 INFO neutron.db.ovn_revision_numbers_db [None req-73b64b02-fccd-416b-b419-2fa55e8b85c2 240bc5dadf314935bf9ba9915746e0f7 1bffdba3a94e4923af13bed764eaedaa - - default default] Successfully bumped revision number for resource fb75eb24-291d-4e4b-9bda-94a32b89ca4c (type: ports) to 1
2026-07-17 05:01:13.967 7 INFO neutron.db.ovn_revision_numbers_db [None req-67fdafe9-9428-4fed-9116-764df769b53a 7fdd433f0dfe4bcc80febc45e5a1f4ab c702392a9e264373b63fb8abd820a661 - - default default] Successfully bumped revision number for resource 08313839-ca68-42a1-bd43-caeffd90d781 (type: security_groups) to 1
2026-07-17 05:01:13.974 8 INFO neutron.db.ovn_revision_numbers_db [None req-57bcc908-e1a1-4241-8119-a0b612435cef - - - - - -] Successfully bumped revision number for resource 1a43bf5a-6aac-4e7e-8e0f-f950aca8b99d (type: ports) to 5
2026-07-17 05:01:13.978 7 INFO neutron.db.ovn_revision_numbers_db [None req-67fdafe9-9428-4fed-9116-764df769b53a 7fdd433f0dfe4bcc80febc45e5a1f4ab c702392a9e264373b63fb8abd820a661 - - default default] Successfully bumped revision number for resource 0014c9c7-cad0-4771-8eb7-0903cf71ddcf (type: security_group_rules) to 0
2026-07-17 05:01:13.990 7 INFO neutron.db.ovn_revision_numbers_db [None req-67fdafe9-9428-4fed-9116-764df769b53a 7fdd433f0dfe4bcc80febc45e5a1f4ab c702392a9e264373b63fb8abd820a661 - - default default] Successfully bumped revision number for resource fc505771-25a3-4df2-bc12-9b68676d4e49 (type: security_group_rules) to 0 [pid: 7|app: 0|req: 1040/2207] 10.0.0.189 () {34 vars in 685 bytes} [Fri Jul 17 05:01:13 2026] POST /v2.0/security-groups => generated 1675 bytes in 185 msecs (HTTP/1.1 201) 4 headers in 163 bytes (1 switches on core 0)
2026-07-17 05:01:14.134 7 INFO neutron.db.ovn_revision_numbers_db [None req-d2298c08-5c2b-491c-946b-7e412413ed62 8166287d9996400f8e3b2b541748a5a6 761c47e1bf454293b5ed1ea17806db7b - - default default] Successfully bumped revision number for resource e3f9c81c-f7ec-4f07-8227-63c427359ac4 (type: security_group_rules) to 0
2026-07-17 05:01:14.143 8 INFO neutron.plugins.ml2.drivers.ovn.mech_driver.mech_driver [None req-01b8778c-aa8f-4493-bba9-2ddf5f9fde4d - - - - - -] OVN reports status down for port: c9342f9d-62f8-4759-bc3d-b218ada5eb05 [pid: 7|app: 0|req: 1041/2208] 10.0.0.189 () {34 vars in 695 bytes} [Fri Jul 17 05:01:14 2026] POST /v2.0/security-group-rules => generated 596 bytes in 141 msecs (HTTP/1.1 201) 4 headers in 162 bytes (1 switches on core 0)
2026-07-17 05:01:14.257 8 WARNING neutron.plugins.ml2.drivers.ovn.mech_driver.ovsdb.ovn_client [None req-01b8778c-aa8f-4493-bba9-2ddf5f9fde4d - - - - - -] Logical_Switch_Port c9342f9d-62f8-4759-bc3d-b218ada5eb05 host information not removed, the port state is up
2026-07-17 05:01:14.258 8 INFO neutron.plugins.ml2.drivers.ovn.mech_driver.mech_driver [None req-01b8778c-aa8f-4493-bba9-2ddf5f9fde4d - - - - - -] OVN reports status up for port: c9342f9d-62f8-4759-bc3d-b218ada5eb05
2026-07-17 05:01:14.298 7 INFO neutron.db.ovn_revision_numbers_db [None req-cf7ed1f3-082e-42ce-bb17-7169b8af079b 7fdd433f0dfe4bcc80febc45e5a1f4ab c702392a9e264373b63fb8abd820a661 - - default default] Successfully bumped revision number for resource 5d3a69f7-560f-415b-af6b-b7873d81a7ce (type: security_group_rules) to 0
2026-07-17 05:01:14.304 8 INFO neutron.plugins.ml2.plugin [None req-01b8778c-aa8f-4493-bba9-2ddf5f9fde4d - - - - - -] Attempt 1 to provision port c9342f9d-62f8-4759-bc3d-b218ada5eb05 [pid: 7|app: 0|req: 1042/2209] 10.0.0.189 () {34 vars in 695 bytes} [Fri Jul 17 05:01:14 2026] POST /v2.0/security-group-rules => generated 597 bytes in 161 msecs (HTTP/1.1 201) 4 headers in 162 bytes (1 switches on core 0)
2026-07-17 05:01:14.429 7 INFO neutron.db.ovn_revision_numbers_db [None req-1dfaf0b4-040c-45b7-b3c1-46e5680b5057 8166287d9996400f8e3b2b541748a5a6 761c47e1bf454293b5ed1ea17806db7b - - default default] Successfully bumped revision number for resource 3b2e16b5-d1af-49ef-a5d5-be6ee2f10973 (type: security_group_rules) to 0 [pid: 7|app: 0|req: 1043/2210] 10.0.0.189 () {34 vars in 695 bytes} [Fri Jul 17 05:01:14 2026] POST /v2.0/security-group-rules => generated 602 bytes in 131 msecs (HTTP/1.1 201) 4 headers in 162 bytes (1 switches on core 0)
2026-07-17 05:01:14.585 7 INFO neutron.db.ovn_revision_numbers_db [None req-3eb422fb-1801-425e-a009-ecaa9e8687b2 7fdd433f0dfe4bcc80febc45e5a1f4ab c702392a9e264373b63fb8abd820a661 - - default default] Successfully bumped revision number for resource 6b3c9fac-6df1-40f8-859e-b50df6628785 (type: security_group_rules) to 0 [pid: 7|app: 0|req: 1044/2211] 10.0.0.189 () {34 vars in 695 bytes} [Fri Jul 17 05:01:14 2026] POST /v2.0/security-group-rules => generated 596 bytes in 155 msecs (HTTP/1.1 201) 4 headers in 162 bytes (1 switches on core 0)
2026-07-17 05:01:14.722 7 INFO neutron.db.ovn_revision_numbers_db [None req-73a4a030-996c-4eb9-9266-9ff4ba4d885b 8166287d9996400f8e3b2b541748a5a6 761c47e1bf454293b5ed1ea17806db7b - - default default] Successfully bumped revision number for resource 6badac38-0a07-45e1-af93-7810f8889ff4 (type: security_group_rules) to 0 [pid: 7|app: 0|req: 1045/2212] 10.0.0.189 () {34 vars in 695 bytes} [Fri Jul 17 05:01:14 2026] POST /v2.0/security-group-rules => generated 601 bytes in 135 msecs (HTTP/1.1 201) 4 headers in 162 bytes (1 switches on core 0)
2026-07-17 05:01:14.863 7 INFO neutron.db.ovn_revision_numbers_db [None req-1b7800ad-8973-4e4a-b8cd-f888e8965e53 7fdd433f0dfe4bcc80febc45e5a1f4ab c702392a9e264373b63fb8abd820a661 - - default default] Successfully bumped revision number for resource e93ef016-3b04-4d2b-8a12-8a0d99bd6e82 (type: security_group_rules) to 0 [pid: 7|app: 0|req: 1046/2213] 10.0.0.189 () {34 vars in 695 bytes} [Fri Jul 17 05:01:14 2026] POST /v2.0/security-group-rules => generated 602 bytes in 146 msecs (HTTP/1.1 201) 4 headers in 162 bytes (1 switches on core 0)
2026-07-17 05:01:14.933 7 INFO neutron.db.securitygroups_db [None req-84053ca1-12f4-4d7f-9fed-7b182132083e 8166287d9996400f8e3b2b541748a5a6 761c47e1bf454293b5ed1ea17806db7b - - default default] Project 761c47e1bf454293b5ed1ea17806db7b added a security group rule with legacy IPv6 ICMP protocol name icmp, ipv6-icmp should be used instead. It was automatically converted.
2026-07-17 05:01:15.017 7 INFO neutron.db.ovn_revision_numbers_db [None req-84053ca1-12f4-4d7f-9fed-7b182132083e 8166287d9996400f8e3b2b541748a5a6 761c47e1bf454293b5ed1ea17806db7b - - default default] Successfully bumped revision number for resource b91429fa-2a86-4af0-a195-fc8e742ea82a (type: security_group_rules) to 0 [pid: 7|app: 0|req: 1047/2214] 10.0.0.189 () {34 vars in 695 bytes} [Fri Jul 17 05:01:14 2026] POST /v2.0/security-group-rules => generated 607 bytes in 149 msecs (HTTP/1.1 201) 4 headers in 162 bytes (1 switches on core 0)
2026-07-17 05:01:15.147 8 INFO neutron.db.ovn_revision_numbers_db [None req-01b8778c-aa8f-4493-bba9-2ddf5f9fde4d - - - - - -] Successfully bumped revision number for resource c9342f9d-62f8-4759-bc3d-b218ada5eb05 (type: ports) to 2
2026-07-17 05:01:15.187 7 INFO neutron.db.ovn_revision_numbers_db [None req-3a4d2562-5220-42ab-a4e2-d0184550ea41 7fdd433f0dfe4bcc80febc45e5a1f4ab c702392a9e264373b63fb8abd820a661 - - default default] Successfully bumped revision number for resource 9c707c72-247e-4f56-aaa8-ca697c7f933b (type: security_group_rules) to 0 [pid: 7|app: 0|req: 1048/2215] 10.0.0.189 () {34 vars in 695 bytes} [Fri Jul 17 05:01:15 2026] POST /v2.0/security-group-rules => generated 601 bytes in 168 msecs (HTTP/1.1 201) 4 headers in 162 bytes (1 switches on core 0)
2026-07-17 05:01:15.237 8 WARNING neutron.scheduler.dhcp_agent_scheduler [None req-73b64b02-fccd-416b-b419-2fa55e8b85c2 240bc5dadf314935bf9ba9915746e0f7 1bffdba3a94e4923af13bed764eaedaa - - default default] No more DHCP agents
2026-07-17 05:01:15.239 8 WARNING neutron.api.rpc.agentnotifiers.dhcp_rpc_agent_api [None req-73b64b02-fccd-416b-b419-2fa55e8b85c2 240bc5dadf314935bf9ba9915746e0f7 1bffdba3a94e4923af13bed764eaedaa - - default default] Unable to schedule network 41574f37-b26a-413d-84d5-ae2f31f9a1f4: no agents available; will retry on subsequent port and subnet creation events.
2026-07-17 05:01:15.258 7 INFO neutron.db.securitygroups_db [None req-51583dac-6b8c-4d18-957c-470e9c26dcbe 8166287d9996400f8e3b2b541748a5a6 761c47e1bf454293b5ed1ea17806db7b - - default default] Project 761c47e1bf454293b5ed1ea17806db7b added a security group rule with legacy IPv6 ICMP protocol name icmp, ipv6-icmp should be used instead. It was automatically converted.
2026-07-17 05:01:15.343 7 INFO neutron.db.ovn_revision_numbers_db [None req-51583dac-6b8c-4d18-957c-470e9c26dcbe 8166287d9996400f8e3b2b541748a5a6 761c47e1bf454293b5ed1ea17806db7b - - default default] Successfully bumped revision number for resource 2b117c79-e6ce-484a-b07f-8f8346fcc776 (type: security_group_rules) to 0 [pid: 7|app: 0|req: 1049/2216] 10.0.0.189 () {34 vars in 695 bytes} [Fri Jul 17 05:01:15 2026] POST /v2.0/security-group-rules => generated 606 bytes in 157 msecs (HTTP/1.1 201) 4 headers in 162 bytes (1 switches on core 0)
2026-07-17 05:01:15.404 7 INFO neutron.db.securitygroups_db [None req-304389aa-a795-40c7-92b2-ac91f8620fd6 7fdd433f0dfe4bcc80febc45e5a1f4ab c702392a9e264373b63fb8abd820a661 - - default default] Project c702392a9e264373b63fb8abd820a661 added a security group rule with legacy IPv6 ICMP protocol name icmp, ipv6-icmp should be used instead. It was automatically converted.
2026-07-17 05:01:15.479 7 INFO neutron.db.ovn_revision_numbers_db [None req-304389aa-a795-40c7-92b2-ac91f8620fd6 7fdd433f0dfe4bcc80febc45e5a1f4ab c702392a9e264373b63fb8abd820a661 - - default default] Successfully bumped revision number for resource 6aaf9ab0-ec1e-436a-8989-3859084613ee (type: security_group_rules) to 0 [pid: 7|app: 0|req: 1050/2217] 10.0.0.189 () {34 vars in 695 bytes} [Fri Jul 17 05:01:15 2026] POST /v2.0/security-group-rules => generated 607 bytes in 159 msecs (HTTP/1.1 201) 4 headers in 162 bytes (1 switches on core 0)
2026-07-17 05:01:15.560 8 INFO neutron.db.ovn_revision_numbers_db [None req-73b64b02-fccd-416b-b419-2fa55e8b85c2 240bc5dadf314935bf9ba9915746e0f7 1bffdba3a94e4923af13bed764eaedaa - - default default] Successfully bumped revision number for resource fb75eb24-291d-4e4b-9bda-94a32b89ca4c (type: router_ports) to 1 [pid: 8|app: 0|req: 1168/2218] 10.0.0.189 () {34 vars in 783 bytes} [Fri Jul 17 05:01:12 2026] PUT /v2.0/routers/81fd5230-d21a-4bd0-9a1a-d73bf699907e/add_router_interface => generated 310 bytes in 3008 msecs (HTTP/1.1 200) 4 headers in 157 bytes (1 switches on core 0)
2026-07-17 05:01:15.635 7 INFO neutron.db.securitygroups_db [None req-a58221e5-fc0e-4a6a-b041-4a11aadce165 7fdd433f0dfe4bcc80febc45e5a1f4ab c702392a9e264373b63fb8abd820a661 - - default default] Project c702392a9e264373b63fb8abd820a661 added a security group rule with legacy IPv6 ICMP protocol name icmp, ipv6-icmp should be used instead. It was automatically converted.
2026-07-17 05:01:15.752 7 INFO neutron.db.ovn_revision_numbers_db [None req-a58221e5-fc0e-4a6a-b041-4a11aadce165 7fdd433f0dfe4bcc80febc45e5a1f4ab c702392a9e264373b63fb8abd820a661 - - default default] Successfully bumped revision number for resource ce83bf6a-4be0-4f4d-b1af-27a96d7155f6 (type: security_group_rules) to 0 [pid: 7|app: 0|req: 1051/2219] 10.0.0.189 () {34 vars in 695 bytes} [Fri Jul 17 05:01:15 2026] POST /v2.0/security-group-rules => generated 606 bytes in 251 msecs (HTTP/1.1 201) 4 headers in 162 bytes (1 switches on core 0) [pid: 7|app: 0|req: 1052/2220] 10.0.0.189 () {32 vars in 649 bytes} [Fri Jul 17 05:01:15 2026] GET /v2.0/networks => generated 1374 bytes in 99 msecs (HTTP/1.1 200) 4 headers in 158 bytes (1 switches on core 0)
2026-07-17 05:01:15.968 7 WARNING neutron.db.securitygroups_db [req-7b26527d-e3fa-4588-bcf0-5785a48a0d7a req-94e43de6-bad6-4a46-94c6-cd0489b87165 8166287d9996400f8e3b2b541748a5a6 761c47e1bf454293b5ed1ea17806db7b - - default default] project_id key not found in filters, using tenant_id instead. This support has been deprecated and will be removed in a future release. [pid: 7|app: 0|req: 1053/2221] 10.0.0.79 () {34 vars in 1099 bytes} [Fri Jul 17 05:01:15 2026] GET /v2.0/security-groups?name=tempest-secgroup-smoke-1274601921&fields=id&tenant_id=761c47e1bf454293b5ed1ea17806db7b => generated 69 bytes in 31 msecs (HTTP/1.1 200) 4 headers in 156 bytes (1 switches on core 0) [pid: 7|app: 0|req: 1054/2222] 10.0.0.79 () {34 vars in 981 bytes} [Fri Jul 17 05:01:16 2026] GET /v2.0/networks?id=8e1707db-26ef-401f-8359-f302a3f65ee2 => generated 699 bytes in 42 msecs (HTTP/1.1 200) 4 headers in 157 bytes (1 switches on core 0) [pid: 7|app: 0|req: 1055/2223] 10.0.0.79 () {34 vars in 964 bytes} [Fri Jul 17 05:01:16 2026] GET /v2.0/quotas/761c47e1bf454293b5ed1ea17806db7b => generated 312 bytes in 9 msecs (HTTP/1.1 200) 4 headers in 157 bytes (1 switches on core 0)
2026-07-17 05:01:16.122 8 WARNING neutron.scheduler.dhcp_agent_scheduler [None req-b31d75dd-6d00-4f62-9999-c02665bdcca2 240bc5dadf314935bf9ba9915746e0f7 1bffdba3a94e4923af13bed764eaedaa - - default default] No more DHCP agents
2026-07-17 05:01:16.124 8 WARNING neutron.api.rpc.agentnotifiers.dhcp_rpc_agent_api [None req-b31d75dd-6d00-4f62-9999-c02665bdcca2 240bc5dadf314935bf9ba9915746e0f7 1bffdba3a94e4923af13bed764eaedaa - - default default] Unable to schedule network 3bdf1bfa-762b-47a3-8613-fb21128983c8: no agents available; will retry on subsequent port and subnet creation events. [pid: 7|app: 0|req: 1056/2224] 10.0.0.79 () {34 vars in 1001 bytes} [Fri Jul 17 05:01:16 2026] GET /v2.0/ports?tenant_id=761c47e1bf454293b5ed1ea17806db7b&fields=id => generated 103 bytes in 65 msecs (HTTP/1.1 200) 4 headers in 157 bytes (1 switches on core 0) [pid: 7|app: 0|req: 1057/2225] 10.0.0.79 () {34 vars in 1007 bytes} [Fri Jul 17 05:01:16 2026] GET /v2.0/networks/8e1707db-26ef-401f-8359-f302a3f65ee2?fields=segments => generated 14 bytes in 36 msecs (HTTP/1.1 200) 4 headers in 156 bytes (1 switches on core 0)
2026-07-17 05:01:16.294 8 INFO neutron.db.ovn_revision_numbers_db [None req-b31d75dd-6d00-4f62-9999-c02665bdcca2 240bc5dadf314935bf9ba9915746e0f7 1bffdba3a94e4923af13bed764eaedaa - - default default] Successfully bumped revision number for resource eae4be23-b578-4728-a7b8-92c43b88a17a (type: ports) to 1
2026-07-17 05:01:16.305 7 INFO neutron.db.ovn_revision_numbers_db [None req-9f794738-51a4-4625-b619-fec1f2febdad 7fdd433f0dfe4bcc80febc45e5a1f4ab c702392a9e264373b63fb8abd820a661 - - default default] Successfully bumped revision number for resource 6136c99c-7b2e-4e4d-b1a1-72aa38c3c1f2 (type: security_groups) to 1
2026-07-17 05:01:16.314 7 INFO neutron.db.ovn_revision_numbers_db [None req-9f794738-51a4-4625-b619-fec1f2febdad 7fdd433f0dfe4bcc80febc45e5a1f4ab c702392a9e264373b63fb8abd820a661 - - default default] Successfully bumped revision number for resource 4e1b4791-baac-4de2-919d-00567f944363 (type: security_group_rules) to 0
2026-07-17 05:01:16.324 7 INFO neutron.db.ovn_revision_numbers_db [None req-9f794738-51a4-4625-b619-fec1f2febdad 7fdd433f0dfe4bcc80febc45e5a1f4ab c702392a9e264373b63fb8abd820a661 - - default default] Successfully bumped revision number for resource f51b77ed-4f3e-4872-a407-edd099e3c4e3 (type: security_group_rules) to 0 [pid: 7|app: 0|req: 1058/2226] 10.0.0.189 () {34 vars in 685 bytes} [Fri Jul 17 05:01:16 2026] POST /v2.0/security-groups => generated 1662 bytes in 178 msecs (HTTP/1.1 201) 4 headers in 163 bytes (1 switches on core 0) [pid: 7|app: 0|req: 1059/2227] 10.0.0.79 () {34 vars in 1107 bytes} [Fri Jul 17 05:01:16 2026] GET /v2.0/networks/8e1707db-26ef-401f-8359-f302a3f65ee2?fields=provider%3Aphysical_network&fields=provider%3Anetwork_type => generated 79 bytes in 39 msecs (HTTP/1.1 200) 4 headers in 156 bytes (1 switches on core 0)
2026-07-17 05:01:16.512 7 INFO neutron.db.ovn_revision_numbers_db [None req-d2a0078e-0831-4b8f-9b40-c41e35606d44 7fdd433f0dfe4bcc80febc45e5a1f4ab c702392a9e264373b63fb8abd820a661 - - default default] Successfully bumped revision number for resource 47b0aa9e-2c94-4ab0-9a6a-05d989af0dc4 (type: security_group_rules) to 0 [pid: 7|app: 0|req: 1060/2228] 10.0.0.189 () {34 vars in 695 bytes} [Fri Jul 17 05:01:16 2026] POST /v2.0/security-group-rules => generated 597 bytes in 157 msecs (HTTP/1.1 201) 4 headers in 162 bytes (1 switches on core 0) [pid: 7|app: 0|req: 1061/2229] 10.0.0.79 () {34 vars in 1069 bytes} [Fri Jul 17 05:01:16 2026] GET /v2.0/ports?fields=security_groups&fields=device_id&device_id=0b8b8401-2d3a-424a-be28-fa9f98a92ba7 => generated 12 bytes in 17 msecs (HTTP/1.1 200) 4 headers in 156 bytes (1 switches on core 0)
