2026-07-17 04:58:18.527 7 WARNING neutron.scheduler.dhcp_agent_scheduler [None req-960bad2d-f6b5-4f43-9989-fecad41384e9 c0648ed06f9f459aac8ff5b990491fc8 8d925ad25b614f2cbe31ee5ee9f3ea6a - - default default] No more DHCP agents
2026-07-17 04:58:18.529 7 WARNING neutron.api.rpc.agentnotifiers.dhcp_rpc_agent_api [None req-960bad2d-f6b5-4f43-9989-fecad41384e9 c0648ed06f9f459aac8ff5b990491fc8 8d925ad25b614f2cbe31ee5ee9f3ea6a - - default default] Unable to schedule network 6da741bf-81dd-47cc-904d-2a978fa6dd4e: no agents available; will retry on subsequent port and subnet creation events.
2026-07-17 04:58:18.595 8 INFO neutron.plugins.ml2.drivers.ovn.mech_driver.mech_driver [None req-922b61d1-790a-486f-87bc-6e6b15be8fb4 - - - - - -] OVN reports status down for port: f369bd18-6339-4aed-ba9b-75cb3f64d601
2026-07-17 04:58:18.608 7 INFO neutron.db.ovn_revision_numbers_db [None req-960bad2d-f6b5-4f43-9989-fecad41384e9 c0648ed06f9f459aac8ff5b990491fc8 8d925ad25b614f2cbe31ee5ee9f3ea6a - - default default] Successfully bumped revision number for resource f369bd18-6339-4aed-ba9b-75cb3f64d601 (type: ports) to 1 [pid: 7|app: 0|req: 449/924] 10.0.0.189 () {34 vars in 670 bytes} [Fri Jul 17 04:58:18 2026] POST /v2.0/networks => generated 688 bytes in 494 msecs (HTTP/1.1 201) 4 headers in 162 bytes (1 switches on core 0)
2026-07-17 04:58:18.739 7 INFO neutron.db.ovn_revision_numbers_db [None req-011da4d7-6a2a-424d-a5ea-63d6fbfeb433 f1b7edc075a346f38a0106d59f03e4fa ea7e56233b03466fba9e26ee59f99e84 - - default default] Successfully bumped revision number for resource 31cde422-9200-44c2-9c98-ecf76d142374 (type: security_group_rules) to 0 [pid: 7|app: 0|req: 450/925] 10.0.0.189 () {34 vars in 695 bytes} [Fri Jul 17 04:58:18 2026] POST /v2.0/security-group-rules => generated 597 bytes in 155 msecs (HTTP/1.1 201) 4 headers in 162 bytes (1 switches on core 0) [pid: 8|app: 0|req: 476/926] 10.0.0.189 () {34 vars in 789 bytes} [Fri Jul 17 04:58:18 2026] PUT /v2.0/routers/fc17ec39-e61c-477f-ab4a-1c749246af31/remove_router_interface => generated 310 bytes in 922 msecs (HTTP/1.1 200) 4 headers in 157 bytes (1 switches on core 0) /var/lib/openstack/lib/python3.12/site-packages/pycadf/identifier.py:70: UserWarning: Invalid uuid: neutron. To ensure interoperability, identifiers should be a valid uuid. warnings.warn(('Invalid uuid: %s. To ensure interoperability, '
2026-07-17 04:58:19.237 7 WARNING neutron.scheduler.dhcp_agent_scheduler [None req-a27a86e3-7bef-4b4f-8e7e-c85a231d1880 c0648ed06f9f459aac8ff5b990491fc8 8d925ad25b614f2cbe31ee5ee9f3ea6a - - default default] No more DHCP agents
2026-07-17 04:58:19.238 7 WARNING neutron.api.rpc.agentnotifiers.dhcp_rpc_agent_api [None req-a27a86e3-7bef-4b4f-8e7e-c85a231d1880 c0648ed06f9f459aac8ff5b990491fc8 8d925ad25b614f2cbe31ee5ee9f3ea6a - - default default] Unable to schedule network 3e381f80-93a2-456c-9607-b486ced76c2a: no agents available; will retry on subsequent port and subnet creation events.
2026-07-17 04:58:19.322 8 INFO neutron.db.ovn_revision_numbers_db [None req-3dea21dc-ed51-4657-816f-ffd0aebb0f64 f1b7edc075a346f38a0106d59f03e4fa ea7e56233b03466fba9e26ee59f99e84 - - default default] Successfully bumped revision number for resource 97ba2d04-9fb6-48d5-b7ee-79aeadd03999 (type: security_group_rules) to 0
2026-07-17 04:58:19.343 7 INFO neutron.db.ovn_revision_numbers_db [None req-a27a86e3-7bef-4b4f-8e7e-c85a231d1880 c0648ed06f9f459aac8ff5b990491fc8 8d925ad25b614f2cbe31ee5ee9f3ea6a - - default default] Successfully bumped revision number for resource 29bb62c6-83a9-4d32-b8a1-53b17126099b (type: ports) to 1 [pid: 8|app: 0|req: 477/927] 10.0.0.189 () {34 vars in 695 bytes} [Fri Jul 17 04:58:19 2026] POST /v2.0/security-group-rules => generated 602 bytes in 222 msecs (HTTP/1.1 201) 4 headers in 162 bytes (1 switches on core 0)
2026-07-17 04:58:19.393 7 WARNING neutron.scheduler.dhcp_agent_scheduler [None req-a27a86e3-7bef-4b4f-8e7e-c85a231d1880 c0648ed06f9f459aac8ff5b990491fc8 8d925ad25b614f2cbe31ee5ee9f3ea6a - - default default] No more DHCP agents
2026-07-17 04:58:19.394 7 WARNING neutron.api.rpc.agentnotifiers.dhcp_rpc_agent_api [None req-a27a86e3-7bef-4b4f-8e7e-c85a231d1880 c0648ed06f9f459aac8ff5b990491fc8 8d925ad25b614f2cbe31ee5ee9f3ea6a - - default default] Unable to schedule network 6da741bf-81dd-47cc-904d-2a978fa6dd4e: no agents available; will retry on subsequent port and subnet creation events.
2026-07-17 04:58:19.456 8 INFO neutron.plugins.ml2.drivers.ovn.mech_driver.mech_driver [None req-922b61d1-790a-486f-87bc-6e6b15be8fb4 - - - - - -] OVN reports status down for port: a61de004-b569-48b2-83d1-39f667587cb1
2026-07-17 04:58:19.496 7 INFO neutron.db.ovn_revision_numbers_db [None req-a27a86e3-7bef-4b4f-8e7e-c85a231d1880 c0648ed06f9f459aac8ff5b990491fc8 8d925ad25b614f2cbe31ee5ee9f3ea6a - - default default] Successfully bumped revision number for resource a61de004-b569-48b2-83d1-39f667587cb1 (type: ports) to 1 [pid: 7|app: 0|req: 451/928] 10.0.0.189 () {34 vars in 665 bytes} [Fri Jul 17 04:58:18 2026] POST /v2.0/ports => generated 1505 bytes in 741 msecs (HTTP/1.1 201) 4 headers in 163 bytes (1 switches on core 0) /var/lib/openstack/lib/python3.12/site-packages/pycadf/identifier.py:70: UserWarning: Invalid uuid: neutron. To ensure interoperability, identifiers should be a valid uuid. warnings.warn(('Invalid uuid: %s. To ensure interoperability, '
2026-07-17 04:58:19.727 8 INFO neutron.db.ovn_revision_numbers_db [None req-d23d026a-2c23-47fb-b0ac-0d7a684553e9 e3c81812568747ff9cfec0c27b1dbeff aa514930302d4309a556a37e4aff512e - - default default] Successfully bumped revision number for resource 9f1b2667-2b1b-4fa1-9fc2-66f6823fbf62 (type: security_groups) to 1
2026-07-17 04:58:19.745 8 INFO neutron.db.ovn_revision_numbers_db [None req-d23d026a-2c23-47fb-b0ac-0d7a684553e9 e3c81812568747ff9cfec0c27b1dbeff aa514930302d4309a556a37e4aff512e - - default default] Successfully bumped revision number for resource 11235eeb-50f9-47ea-84d4-df258d0509a9 (type: security_group_rules) to 0
2026-07-17 04:58:19.760 8 INFO neutron.db.ovn_revision_numbers_db [None req-d23d026a-2c23-47fb-b0ac-0d7a684553e9 e3c81812568747ff9cfec0c27b1dbeff aa514930302d4309a556a37e4aff512e - - default default] Successfully bumped revision number for resource 27f36f11-fdbe-4958-9497-8419c31e2f47 (type: security_group_rules) to 0
2026-07-17 04:58:19.774 8 INFO neutron.db.ovn_revision_numbers_db [None req-d23d026a-2c23-47fb-b0ac-0d7a684553e9 e3c81812568747ff9cfec0c27b1dbeff aa514930302d4309a556a37e4aff512e - - default default] Successfully bumped revision number for resource 354a2503-a055-4331-bb46-10c84300a4aa (type: security_group_rules) to 0
2026-07-17 04:58:19.792 8 INFO neutron.db.ovn_revision_numbers_db [None req-d23d026a-2c23-47fb-b0ac-0d7a684553e9 e3c81812568747ff9cfec0c27b1dbeff aa514930302d4309a556a37e4aff512e - - default default] Successfully bumped revision number for resource f103eed8-62ed-4b1b-bdb6-4bf85baeb658 (type: security_group_rules) to 0
2026-07-17 04:58:19.887 8 INFO neutron.db.segments_db [None req-d23d026a-2c23-47fb-b0ac-0d7a684553e9 e3c81812568747ff9cfec0c27b1dbeff aa514930302d4309a556a37e4aff512e - - default default] Added segment bf5eb3b4-ef4f-4302-81b1-732b9505ccb6 of type geneve for network 1b4c9ab3-ec69-48b0-b408-d260189fdabf
2026-07-17 04:58:19.893 7 INFO neutron_taas.services.taas.taas_plugin [None req-d05c8f1f-7dbc-4c72-8285-258bd1388b28 e3c81812568747ff9cfec0c27b1dbeff aa514930302d4309a556a37e4aff512e - - default default] TaaS: Handle Delete Port: 7670ddfd-429b-43f5-ba8c-742536d46ebb
2026-07-17 04:58:19.896 7 INFO neutron_taas.services.taas.tap_mirror_plugin [None req-d05c8f1f-7dbc-4c72-8285-258bd1388b28 e3c81812568747ff9cfec0c27b1dbeff aa514930302d4309a556a37e4aff512e - - default default] Tap Mirror: Handle Delete Port: 7670ddfd-429b-43f5-ba8c-742536d46ebb
2026-07-17 04:58:19.999 8 INFO neutron.db.ovn_revision_numbers_db [None req-d23d026a-2c23-47fb-b0ac-0d7a684553e9 e3c81812568747ff9cfec0c27b1dbeff aa514930302d4309a556a37e4aff512e - - default default] Successfully bumped revision number for resource 1b4c9ab3-ec69-48b0-b408-d260189fdabf (type: networks) to 1
2026-07-17 04:58:20.173 8 WARNING neutron.scheduler.dhcp_agent_scheduler [None req-d23d026a-2c23-47fb-b0ac-0d7a684553e9 e3c81812568747ff9cfec0c27b1dbeff aa514930302d4309a556a37e4aff512e - - default default] No more DHCP agents
2026-07-17 04:58:20.175 8 WARNING neutron.api.rpc.agentnotifiers.dhcp_rpc_agent_api [None req-d23d026a-2c23-47fb-b0ac-0d7a684553e9 e3c81812568747ff9cfec0c27b1dbeff aa514930302d4309a556a37e4aff512e - - default default] Unable to schedule network 1b4c9ab3-ec69-48b0-b408-d260189fdabf: no agents available; will retry on subsequent port and subnet creation events.
2026-07-17 04:58:20.262 8 INFO neutron.db.ovn_revision_numbers_db [None req-d23d026a-2c23-47fb-b0ac-0d7a684553e9 e3c81812568747ff9cfec0c27b1dbeff aa514930302d4309a556a37e4aff512e - - default default] Successfully bumped revision number for resource 80b93199-0cf7-41a0-9657-0667cd5ed38e (type: ports) to 1 [pid: 7|app: 0|req: 452/929] 10.0.0.189 () {32 vars in 724 bytes} [Fri Jul 17 04:58:19 2026] DELETE /v2.0/routers/fc17ec39-e61c-477f-ab4a-1c749246af31 => generated 0 bytes in 763 msecs (HTTP/1.1 204) 2 headers in 112 bytes (1 switches on core 0) [pid: 8|app: 0|req: 478/930] 10.0.0.189 () {34 vars in 671 bytes} [Fri Jul 17 04:58:19 2026] POST /v2.0/networks => generated 785 bytes in 929 msecs (HTTP/1.1 201) 4 headers in 162 bytes (1 switches on core 0) [pid: 8|app: 0|req: 479/931] 10.0.0.189 () {32 vars in 643 bytes} [Fri Jul 17 04:58:20 2026] GET /v2.0/ports => generated 3017 bytes in 107 msecs (HTTP/1.1 200) 4 headers in 158 bytes (1 switches on core 0)
2026-07-17 04:58:20.551 7 WARNING neutron.scheduler.dhcp_agent_scheduler [None req-ea34adfb-6166-4865-b059-57cd9008c274 f1b7edc075a346f38a0106d59f03e4fa ea7e56233b03466fba9e26ee59f99e84 - - default default] No more DHCP agents
2026-07-17 04:58:20.553 7 WARNING neutron.api.rpc.agentnotifiers.dhcp_rpc_agent_api [None req-ea34adfb-6166-4865-b059-57cd9008c274 f1b7edc075a346f38a0106d59f03e4fa ea7e56233b03466fba9e26ee59f99e84 - - default default] Unable to schedule network 9b0bce5a-2d75-497b-9855-47f3a4ffb1f8: no agents available; will retry on subsequent port and subnet creation events. [pid: 8|app: 0|req: 480/932] 10.0.0.189 () {32 vars in 724 bytes} [Fri Jul 17 04:58:20 2026] DELETE /v2.0/subnets/590d0f3a-c804-41d2-8fa7-71cee4c8fb94 => generated 0 bytes in 161 msecs (HTTP/1.1 204) 3 headers in 131 bytes (1 switches on core 0)
2026-07-17 04:58:20.699 8 WARNING neutron.scheduler.dhcp_agent_scheduler [None req-2c0a1b74-0daa-4d06-be72-3386f1897304 e3c81812568747ff9cfec0c27b1dbeff aa514930302d4309a556a37e4aff512e - - default default] No more DHCP agents
2026-07-17 04:58:20.701 8 WARNING neutron.api.rpc.agentnotifiers.dhcp_rpc_agent_api [None req-2c0a1b74-0daa-4d06-be72-3386f1897304 e3c81812568747ff9cfec0c27b1dbeff aa514930302d4309a556a37e4aff512e - - default default] Unable to schedule network 1b4c9ab3-ec69-48b0-b408-d260189fdabf: no agents available; will retry on subsequent port and subnet creation events. [pid: 7|app: 0|req: 453/933] 10.0.0.189 () {34 vars in 676 bytes} [Fri Jul 17 04:58:20 2026] POST /v2.0/floatingips => generated 552 bytes in 571 msecs (HTTP/1.1 201) 4 headers in 162 bytes (1 switches on core 0)
2026-07-17 04:58:20.984 7 INFO neutron_taas.services.taas.taas_plugin [None req-20fe1155-98cb-4931-b5f3-fae037d7885f c0648ed06f9f459aac8ff5b990491fc8 8d925ad25b614f2cbe31ee5ee9f3ea6a - - default default] TaaS: Handle Delete Port: 29bb62c6-83a9-4d32-b8a1-53b17126099b
2026-07-17 04:58:20.988 7 INFO neutron_taas.services.taas.tap_mirror_plugin [None req-20fe1155-98cb-4931-b5f3-fae037d7885f c0648ed06f9f459aac8ff5b990491fc8 8d925ad25b614f2cbe31ee5ee9f3ea6a - - default default] Tap Mirror: Handle Delete Port: 29bb62c6-83a9-4d32-b8a1-53b17126099b [pid: 7|app: 0|req: 454/934] 10.0.0.189 () {32 vars in 720 bytes} [Fri Jul 17 04:58:20 2026] DELETE /v2.0/ports/29bb62c6-83a9-4d32-b8a1-53b17126099b => generated 0 bytes in 237 msecs (HTTP/1.1 204) 3 headers in 131 bytes (1 switches on core 0)
2026-07-17 04:58:21.194 8 INFO neutron.db.ovn_revision_numbers_db [None req-2c0a1b74-0daa-4d06-be72-3386f1897304 e3c81812568747ff9cfec0c27b1dbeff aa514930302d4309a556a37e4aff512e - - default default] Successfully bumped revision number for resource 80b93199-0cf7-41a0-9657-0667cd5ed38e (type: ports) to 2
2026-07-17 04:58:21.218 8 INFO neutron.db.ovn_revision_numbers_db [None req-2c0a1b74-0daa-4d06-be72-3386f1897304 e3c81812568747ff9cfec0c27b1dbeff aa514930302d4309a556a37e4aff512e - - default default] Successfully bumped revision number for resource c56f19b8-7b59-4442-aa23-52eb366ef503 (type: subnets) to 0
2026-07-17 04:58:21.227 7 INFO neutron_taas.services.taas.taas_plugin [None req-7875de9c-1a1e-4d3c-afe4-1f5347c59fce e3c81812568747ff9cfec0c27b1dbeff aa514930302d4309a556a37e4aff512e - - default default] TaaS: Handle Delete Port: 4381bb05-a7f5-4e9e-8ad4-45067293c233
2026-07-17 04:58:21.233 7 INFO neutron_taas.services.taas.tap_mirror_plugin [None req-7875de9c-1a1e-4d3c-afe4-1f5347c59fce e3c81812568747ff9cfec0c27b1dbeff aa514930302d4309a556a37e4aff512e - - default default] Tap Mirror: Handle Delete Port: 4381bb05-a7f5-4e9e-8ad4-45067293c233 [pid: 8|app: 0|req: 481/935] 10.0.0.189 () {34 vars in 669 bytes} [Fri Jul 17 04:58:20 2026] POST /v2.0/subnets => generated 692 bytes in 663 msecs (HTTP/1.1 201) 4 headers in 162 bytes (1 switches on core 0)
2026-07-17 04:58:21.368 8 INFO neutron_taas.services.taas.taas_plugin [None req-0cddb9d7-29ea-4416-9315-dab0bad11879 c0648ed06f9f459aac8ff5b990491fc8 8d925ad25b614f2cbe31ee5ee9f3ea6a - - default default] TaaS: Handle Delete Port: a61de004-b569-48b2-83d1-39f667587cb1
2026-07-17 04:58:21.371 8 INFO neutron_taas.services.taas.tap_mirror_plugin [None req-0cddb9d7-29ea-4416-9315-dab0bad11879 c0648ed06f9f459aac8ff5b990491fc8 8d925ad25b614f2cbe31ee5ee9f3ea6a - - default default] Tap Mirror: Handle Delete Port: a61de004-b569-48b2-83d1-39f667587cb1
2026-07-17 04:58:21.406 7 INFO neutron.services.segments.plugin [-] Segment 66337012-f7c6-4522-a54d-2fbb580126fa resource provider aggregate not found
2026-07-17 04:58:21.410 7 INFO neutron.services.segments.plugin [-] Segment 66337012-f7c6-4522-a54d-2fbb580126fa resource provider aggregate not found
2026-07-17 04:58:21.428 7 INFO neutron.services.segments.plugin [-] Client error retrieving segment 66337012-f7c6-4522-a54d-2fbb580126fa resource provider; error: Placement Client Error (4xx): {"errors": [{"status": 404, "title": "Not Found", "detail": "The resource could not be found.\n\n No resource provider with uuid 66337012-f7c6-4522-a54d-2fbb580126fa found for delete ", "request_id": "req-b32c8d6e-5243-492e-b853-b768f4192c7a"}]}
2026-07-17 04:58:21.432 7 INFO neutron.services.segments.plugin [-] Client error retrieving segment 66337012-f7c6-4522-a54d-2fbb580126fa resource provider; error: Placement Client Error (4xx): {"errors": [{"status": 404, "title": "Not Found", "detail": "The resource could not be found.\n\n No resource provider with uuid 66337012-f7c6-4522-a54d-2fbb580126fa found for delete ", "request_id": "req-5cde5140-bb81-4358-af09-ecaee61ab1d7"}]} [pid: 7|app: 0|req: 455/936] 10.0.0.189 () {32 vars in 726 bytes} [Fri Jul 17 04:58:21 2026] DELETE /v2.0/networks/477ef960-ddcc-445e-bb35-e5f48e0492c1 => generated 0 bytes in 354 msecs (HTTP/1.1 204) 3 headers in 131 bytes (1 switches on core 0) [pid: 8|app: 0|req: 482/939] 10.0.0.189 () {32 vars in 720 bytes} [Fri Jul 17 04:58:21 2026] DELETE /v2.0/ports/a61de004-b569-48b2-83d1-39f667587cb1 => generated 0 bytes in 276 msecs (HTTP/1.1 204) 3 headers in 131 bytes (1 switches on core 0) [pid: 8|app: 0|req: 483/940] 10.0.0.189 () {32 vars in 643 bytes} [Fri Jul 17 04:58:21 2026] GET /v2.0/ports => generated 1523 bytes in 38 msecs (HTTP/1.1 200) 4 headers in 158 bytes (1 switches on core 0)
2026-07-17 04:58:21.566 8 WARNING neutron.db.securitygroups_db [None req-4e19fa9c-ff5e-4df1-a540-4d7cf81ecb3a e3c81812568747ff9cfec0c27b1dbeff aa514930302d4309a556a37e4aff512e - - default default] project_id key not found in filters, using tenant_id instead. This support has been deprecated and will be removed in a future release. [pid: 8|app: 0|req: 484/941] 10.0.0.189 () {32 vars in 774 bytes} [Fri Jul 17 04:58:21 2026] GET /v2.0/security-groups?tenant_id=5bc071c6a7044cd1a21287ea823846fe&name=default => generated 2925 bytes in 31 msecs (HTTP/1.1 200) 4 headers in 158 bytes (1 switches on core 0)
2026-07-17 04:58:21.688 8 INFO neutron.db.segments_db [None req-dedcd84d-e8b9-41a2-bee2-50e6d96e088a c0648ed06f9f459aac8ff5b990491fc8 8d925ad25b614f2cbe31ee5ee9f3ea6a - - default default] Added segment 9b25b957-82ea-42d3-8492-c1acbd40a3e5 of type geneve for network a1e782fc-bd35-4e36-b5e8-55a1e69c5694
2026-07-17 04:58:21.844 8 INFO neutron.db.ovn_revision_numbers_db [None req-dedcd84d-e8b9-41a2-bee2-50e6d96e088a c0648ed06f9f459aac8ff5b990491fc8 8d925ad25b614f2cbe31ee5ee9f3ea6a - - default default] Successfully bumped revision number for resource a1e782fc-bd35-4e36-b5e8-55a1e69c5694 (type: networks) to 1
2026-07-17 04:58:22.021 8 WARNING neutron.scheduler.dhcp_agent_scheduler [None req-dedcd84d-e8b9-41a2-bee2-50e6d96e088a c0648ed06f9f459aac8ff5b990491fc8 8d925ad25b614f2cbe31ee5ee9f3ea6a - - default default] No more DHCP agents
2026-07-17 04:58:22.024 8 WARNING neutron.api.rpc.agentnotifiers.dhcp_rpc_agent_api [None req-dedcd84d-e8b9-41a2-bee2-50e6d96e088a c0648ed06f9f459aac8ff5b990491fc8 8d925ad25b614f2cbe31ee5ee9f3ea6a - - default default] Unable to schedule network a1e782fc-bd35-4e36-b5e8-55a1e69c5694: no agents available; will retry on subsequent port and subnet creation events.
2026-07-17 04:58:22.080 8 INFO neutron.plugins.ml2.drivers.ovn.mech_driver.mech_driver [None req-922b61d1-790a-486f-87bc-6e6b15be8fb4 - - - - - -] OVN reports status down for port: 19758211-ba93-4737-92df-95907c8c9c82
2026-07-17 04:58:22.136 8 INFO neutron.db.ovn_revision_numbers_db [None req-dedcd84d-e8b9-41a2-bee2-50e6d96e088a c0648ed06f9f459aac8ff5b990491fc8 8d925ad25b614f2cbe31ee5ee9f3ea6a - - default default] Successfully bumped revision number for resource 19758211-ba93-4737-92df-95907c8c9c82 (type: ports) to 1 [pid: 8|app: 0|req: 485/942] 10.0.0.189 () {34 vars in 670 bytes} [Fri Jul 17 04:58:21 2026] POST /v2.0/networks => generated 688 bytes in 568 msecs (HTTP/1.1 201) 4 headers in 162 bytes (1 switches on core 0)
2026-07-17 04:58:22.296 7 WARNING neutron.scheduler.dhcp_agent_scheduler [None req-a0eca53d-b85a-489c-9b8d-510f461ef301 e3c81812568747ff9cfec0c27b1dbeff aa514930302d4309a556a37e4aff512e - - default default] No more DHCP agents
2026-07-17 04:58:22.298 7 WARNING neutron.api.rpc.agentnotifiers.dhcp_rpc_agent_api [None req-a0eca53d-b85a-489c-9b8d-510f461ef301 e3c81812568747ff9cfec0c27b1dbeff aa514930302d4309a556a37e4aff512e - - default default] Unable to schedule network 9b0bce5a-2d75-497b-9855-47f3a4ffb1f8: no agents available; will retry on subsequent port and subnet creation events. [pid: 8|app: 0|req: 486/943] 10.0.0.189 () {32 vars in 740 bytes} [Fri Jul 17 04:58:22 2026] DELETE /v2.0/security-groups/b5a16089-bbb8-485b-b3ae-98879792dc4f => generated 0 bytes in 153 msecs (HTTP/1.1 204) 2 headers in 112 bytes (1 switches on core 0)
2026-07-17 04:58:22.389 7 WARNING neutron.plugins.ml2.drivers.ovn.mech_driver.ovsdb.ovn_client [None req-14211015-2743-4c11-898a-1696d0179578 - - - - - -] No hosting information found for port 28e5d43b-bb8e-45bf-8dee-6733cdf79d14: RuntimeError: No hosting information found for port 28e5d43b-bb8e-45bf-8dee-6733cdf79d14
2026-07-17 04:58:22.409 8 INFO neutron.db.segments_db [None req-19868f24-c28b-4405-afc1-7fcba5d0766e c0648ed06f9f459aac8ff5b990491fc8 8d925ad25b614f2cbe31ee5ee9f3ea6a - - default default] Added segment a2b26cc5-9e91-42be-9064-8380786b01b6 of type geneve for network 61b6eac3-6498-49ef-9855-87837be51850
2026-07-17 04:58:22.472 8 INFO neutron.plugins.ml2.drivers.ovn.mech_driver.mech_driver [None req-922b61d1-790a-486f-87bc-6e6b15be8fb4 - - - - - -] OVN reports status down for port: 84eb9a28-fb66-4d87-a7fa-eb7f4738d8f3
2026-07-17 04:58:22.491 7 INFO neutron.db.ovn_revision_numbers_db [None req-a0eca53d-b85a-489c-9b8d-510f461ef301 e3c81812568747ff9cfec0c27b1dbeff aa514930302d4309a556a37e4aff512e - - default default] Successfully bumped revision number for resource 84eb9a28-fb66-4d87-a7fa-eb7f4738d8f3 (type: ports) to 1
2026-07-17 04:58:22.568 7 INFO neutron.db.ovn_revision_numbers_db [None req-14211015-2743-4c11-898a-1696d0179578 - - - - - -] Successfully bumped revision number for resource 28e5d43b-bb8e-45bf-8dee-6733cdf79d14 (type: router_ports) to 2
2026-07-17 04:58:22.594 8 INFO neutron.db.ovn_revision_numbers_db [None req-19868f24-c28b-4405-afc1-7fcba5d0766e c0648ed06f9f459aac8ff5b990491fc8 8d925ad25b614f2cbe31ee5ee9f3ea6a - - default default] Successfully bumped revision number for resource 61b6eac3-6498-49ef-9855-87837be51850 (type: networks) to 1
2026-07-17 04:58:22.659 7 INFO neutron.plugins.ml2.drivers.ovn.mech_driver.mech_driver [None req-14211015-2743-4c11-898a-1696d0179578 - - - - - -] OVN reports status down for port: 29bb62c6-83a9-4d32-b8a1-53b17126099b
2026-07-17 04:58:22.703 7 INFO neutron.plugins.ml2.drivers.ovn.mech_driver.mech_driver [None req-14211015-2743-4c11-898a-1696d0179578 - - - - - -] OVN reports status down for port: 80b93199-0cf7-41a0-9657-0667cd5ed38e
2026-07-17 04:58:22.778 8 WARNING neutron.scheduler.dhcp_agent_scheduler [None req-19868f24-c28b-4405-afc1-7fcba5d0766e c0648ed06f9f459aac8ff5b990491fc8 8d925ad25b614f2cbe31ee5ee9f3ea6a - - default default] No more DHCP agents
2026-07-17 04:58:22.780 8 WARNING neutron.api.rpc.agentnotifiers.dhcp_rpc_agent_api [None req-19868f24-c28b-4405-afc1-7fcba5d0766e c0648ed06f9f459aac8ff5b990491fc8 8d925ad25b614f2cbe31ee5ee9f3ea6a - - default default] Unable to schedule network 61b6eac3-6498-49ef-9855-87837be51850: no agents available; will retry on subsequent port and subnet creation events.
2026-07-17 04:58:22.840 8 INFO neutron.plugins.ml2.drivers.ovn.mech_driver.mech_driver [None req-922b61d1-790a-486f-87bc-6e6b15be8fb4 - - - - - -] OVN reports status down for port: b288c86e-2a2a-47b4-8509-ecc3f10f2115
2026-07-17 04:58:22.919 8 INFO neutron.db.ovn_revision_numbers_db [None req-19868f24-c28b-4405-afc1-7fcba5d0766e c0648ed06f9f459aac8ff5b990491fc8 8d925ad25b614f2cbe31ee5ee9f3ea6a - - default default] Successfully bumped revision number for resource b288c86e-2a2a-47b4-8509-ecc3f10f2115 (type: ports) to 1 [pid: 8|app: 0|req: 487/944] 10.0.0.189 () {34 vars in 670 bytes} [Fri Jul 17 04:58:22 2026] POST /v2.0/networks => generated 688 bytes in 635 msecs (HTTP/1.1 201) 4 headers in 162 bytes (1 switches on core 0)
2026-07-17 04:58:23.311 8 WARNING neutron.scheduler.dhcp_agent_scheduler [None req-c4fc5167-eb9e-4370-b282-06a492f5f86c c0648ed06f9f459aac8ff5b990491fc8 8d925ad25b614f2cbe31ee5ee9f3ea6a - - default default] No more DHCP agents
2026-07-17 04:58:23.314 8 WARNING neutron.api.rpc.agentnotifiers.dhcp_rpc_agent_api [None req-c4fc5167-eb9e-4370-b282-06a492f5f86c c0648ed06f9f459aac8ff5b990491fc8 8d925ad25b614f2cbe31ee5ee9f3ea6a - - default default] Unable to schedule network a1e782fc-bd35-4e36-b5e8-55a1e69c5694: no agents available; will retry on subsequent port and subnet creation events.
2026-07-17 04:58:23.326 7 INFO neutron.db.ovn_revision_numbers_db [None req-a0eca53d-b85a-489c-9b8d-510f461ef301 e3c81812568747ff9cfec0c27b1dbeff aa514930302d4309a556a37e4aff512e - - default default] Successfully bumped revision number for resource 84eb9a28-fb66-4d87-a7fa-eb7f4738d8f3 (type: router_ports) to 1
2026-07-17 04:58:23.373 8 INFO neutron.plugins.ml2.drivers.ovn.mech_driver.mech_driver [None req-922b61d1-790a-486f-87bc-6e6b15be8fb4 - - - - - -] OVN reports status up for port: 84eb9a28-fb66-4d87-a7fa-eb7f4738d8f3
2026-07-17 04:58:23.396 8 INFO neutron.plugins.ml2.drivers.ovn.mech_driver.ovsdb.ovsdb_monitor [None req-482ab2a8-26e3-4a8e-ba03-8ac332f7c24c - - - - - -] Router 2f6f24c6-cb57-48f0-99a4-d096ecfbef1c is bound to host instance
2026-07-17 04:58:23.401 8 INFO neutron.plugins.ml2.plugin [None req-922b61d1-790a-486f-87bc-6e6b15be8fb4 - - - - - -] Attempt 1 to provision port 84eb9a28-fb66-4d87-a7fa-eb7f4738d8f3
2026-07-17 04:58:23.413 7 INFO neutron.db.ovn_revision_numbers_db [None req-a0eca53d-b85a-489c-9b8d-510f461ef301 e3c81812568747ff9cfec0c27b1dbeff aa514930302d4309a556a37e4aff512e - - default default] Successfully bumped revision number for resource 2f6f24c6-cb57-48f0-99a4-d096ecfbef1c (type: routers) to 2 [pid: 7|app: 0|req: 458/945] 10.0.0.189 () {34 vars in 669 bytes} [Fri Jul 17 04:58:21 2026] POST /v2.0/routers => generated 991 bytes in 1973 msecs (HTTP/1.1 201) 4 headers in 162 bytes (1 switches on core 0)
2026-07-17 04:58:23.917 7 WARNING neutron.scheduler.dhcp_agent_scheduler [None req-c8f39221-3fd8-4086-a342-a188c36d846b e3c81812568747ff9cfec0c27b1dbeff aa514930302d4309a556a37e4aff512e - - default default] No more DHCP agents
2026-07-17 04:58:23.918 7 WARNING neutron.api.rpc.agentnotifiers.dhcp_rpc_agent_api [None req-c8f39221-3fd8-4086-a342-a188c36d846b e3c81812568747ff9cfec0c27b1dbeff aa514930302d4309a556a37e4aff512e - - default default] Unable to schedule network 1b4c9ab3-ec69-48b0-b408-d260189fdabf: no agents available; will retry on subsequent port and subnet creation events.
2026-07-17 04:58:24.074 7 INFO neutron.db.ovn_revision_numbers_db [None req-c8f39221-3fd8-4086-a342-a188c36d846b e3c81812568747ff9cfec0c27b1dbeff aa514930302d4309a556a37e4aff512e - - default default] Successfully bumped revision number for resource e33ff2c3-de4d-47b2-808d-d192d6a01479 (type: ports) to 1
2026-07-17 04:58:24.222 8 INFO neutron.db.ovn_revision_numbers_db [None req-c4fc5167-eb9e-4370-b282-06a492f5f86c c0648ed06f9f459aac8ff5b990491fc8 8d925ad25b614f2cbe31ee5ee9f3ea6a - - default default] Successfully bumped revision number for resource 19758211-ba93-4737-92df-95907c8c9c82 (type: ports) to 2
2026-07-17 04:58:24.285 8 INFO neutron.db.ovn_revision_numbers_db [None req-c4fc5167-eb9e-4370-b282-06a492f5f86c c0648ed06f9f459aac8ff5b990491fc8 8d925ad25b614f2cbe31ee5ee9f3ea6a - - default default] Successfully bumped revision number for resource c4805ea8-f6aa-4956-84d4-49fb882f1deb (type: subnets) to 0
2026-07-17 04:58:24.368 8 WARNING neutron.scheduler.dhcp_agent_scheduler [None req-c4fc5167-eb9e-4370-b282-06a492f5f86c c0648ed06f9f459aac8ff5b990491fc8 8d925ad25b614f2cbe31ee5ee9f3ea6a - - default default] No more DHCP agents
2026-07-17 04:58:24.373 8 WARNING neutron.api.rpc.agentnotifiers.dhcp_rpc_agent_api [None req-c4fc5167-eb9e-4370-b282-06a492f5f86c c0648ed06f9f459aac8ff5b990491fc8 8d925ad25b614f2cbe31ee5ee9f3ea6a - - default default] Unable to schedule network 61b6eac3-6498-49ef-9855-87837be51850: no agents available; will retry on subsequent port and subnet creation events.
2026-07-17 04:58:24.731 7 WARNING neutron.scheduler.dhcp_agent_scheduler [None req-c8f39221-3fd8-4086-a342-a188c36d846b e3c81812568747ff9cfec0c27b1dbeff aa514930302d4309a556a37e4aff512e - - default default] No more DHCP agents
2026-07-17 04:58:24.733 7 WARNING neutron.api.rpc.agentnotifiers.dhcp_rpc_agent_api [None req-c8f39221-3fd8-4086-a342-a188c36d846b e3c81812568747ff9cfec0c27b1dbeff aa514930302d4309a556a37e4aff512e - - default default] Unable to schedule network 1b4c9ab3-ec69-48b0-b408-d260189fdabf: no agents available; will retry on subsequent port and subnet creation events.
2026-07-17 04:58:25.066 7 INFO neutron.db.ovn_revision_numbers_db [None req-c8f39221-3fd8-4086-a342-a188c36d846b e3c81812568747ff9cfec0c27b1dbeff aa514930302d4309a556a37e4aff512e - - default default] Successfully bumped revision number for resource e33ff2c3-de4d-47b2-808d-d192d6a01479 (type: router_ports) to 1 [pid: 7|app: 0|req: 459/946] 10.0.0.189 () {34 vars in 783 bytes} [Fri Jul 17 04:58:23 2026] PUT /v2.0/routers/2f6f24c6-cb57-48f0-99a4-d096ecfbef1c/add_router_interface => generated 310 bytes in 1632 msecs (HTTP/1.1 200) 4 headers in 157 bytes (1 switches on core 0)
2026-07-17 04:58:25.196 8 INFO neutron.db.ovn_revision_numbers_db [None req-4a4ae741-0dd0-4b7d-9b74-a27c41cbbf20 - - - - - -] Successfully bumped revision number for resource 84eb9a28-fb66-4d87-a7fa-eb7f4738d8f3 (type: ports) to 4
2026-07-17 04:58:25.379 8 INFO neutron.db.ovn_revision_numbers_db [None req-c4fc5167-eb9e-4370-b282-06a492f5f86c c0648ed06f9f459aac8ff5b990491fc8 8d925ad25b614f2cbe31ee5ee9f3ea6a - - default default] Successfully bumped revision number for resource b288c86e-2a2a-47b4-8509-ecc3f10f2115 (type: ports) to 2
2026-07-17 04:58:25.393 7 INFO neutron.db.ovn_revision_numbers_db [None req-d26dfc83-e4db-411e-9ef9-8d22c45dc613 e3c81812568747ff9cfec0c27b1dbeff aa514930302d4309a556a37e4aff512e - - default default] Successfully bumped revision number for resource 338d61b2-1f92-4b8f-8f88-83af5d6af369 (type: security_groups) to 1
2026-07-17 04:58:25.407 7 INFO neutron.db.ovn_revision_numbers_db [None req-d26dfc83-e4db-411e-9ef9-8d22c45dc613 e3c81812568747ff9cfec0c27b1dbeff aa514930302d4309a556a37e4aff512e - - default default] Successfully bumped revision number for resource 083db679-fe1e-4d87-a081-e3625379b9eb (type: security_group_rules) to 0
2026-07-17 04:58:25.418 7 INFO neutron.db.ovn_revision_numbers_db [None req-d26dfc83-e4db-411e-9ef9-8d22c45dc613 e3c81812568747ff9cfec0c27b1dbeff aa514930302d4309a556a37e4aff512e - - default default] Successfully bumped revision number for resource 5e3298d5-18c2-4646-988f-fee029bfdbe1 (type: security_group_rules) to 0
2026-07-17 04:58:25.427 7 INFO neutron.db.ovn_revision_numbers_db [None req-d26dfc83-e4db-411e-9ef9-8d22c45dc613 e3c81812568747ff9cfec0c27b1dbeff aa514930302d4309a556a37e4aff512e - - default default] Successfully bumped revision number for resource 96b7d845-f3c1-4336-a8ec-5205db072cf3 (type: security_group_rules) to 0
2026-07-17 04:58:25.437 7 INFO neutron.db.ovn_revision_numbers_db [None req-d26dfc83-e4db-411e-9ef9-8d22c45dc613 e3c81812568747ff9cfec0c27b1dbeff aa514930302d4309a556a37e4aff512e - - default default] Successfully bumped revision number for resource ca03bc96-f59f-4728-a3e4-09142c5d95eb (type: security_group_rules) to 0
2026-07-17 04:58:25.478 8 INFO neutron.db.ovn_revision_numbers_db [None req-c4fc5167-eb9e-4370-b282-06a492f5f86c c0648ed06f9f459aac8ff5b990491fc8 8d925ad25b614f2cbe31ee5ee9f3ea6a - - default default] Successfully bumped revision number for resource 6da697f2-79b4-4476-aa9a-8dd4af2ab43a (type: subnets) to 0
2026-07-17 04:58:25.502 7 INFO neutron.db.segments_db [None req-d26dfc83-e4db-411e-9ef9-8d22c45dc613 e3c81812568747ff9cfec0c27b1dbeff aa514930302d4309a556a37e4aff512e - - default default] Added segment ab75b476-e055-4379-acd0-2c1faf9aa03d of type geneve for network 17386dfc-5a7a-40c0-aa31-3d2fe832ea0e [pid: 8|app: 0|req: 488/947] 10.0.0.189 () {34 vars in 669 bytes} [Fri Jul 17 04:58:22 2026] POST /v2.0/subnets => generated 1274 bytes in 2521 msecs (HTTP/1.1 201) 4 headers in 163 bytes (1 switches on core 0) [pid: 8|app: 0|req: 489/948] 10.0.0.189 () {32 vars in 647 bytes} [Fri Jul 17 04:58:25 2026] GET /v2.0/subnets => generated 1910 bytes in 72 msecs (HTTP/1.1 200) 4 headers in 158 bytes (1 switches on core 0)
2026-07-17 04:58:25.620 7 INFO neutron.db.ovn_revision_numbers_db [None req-d26dfc83-e4db-411e-9ef9-8d22c45dc613 e3c81812568747ff9cfec0c27b1dbeff aa514930302d4309a556a37e4aff512e - - default default] Successfully bumped revision number for resource 17386dfc-5a7a-40c0-aa31-3d2fe832ea0e (type: networks) to 1
2026-07-17 04:58:25.766 7 WARNING neutron.scheduler.dhcp_agent_scheduler [None req-d26dfc83-e4db-411e-9ef9-8d22c45dc613 e3c81812568747ff9cfec0c27b1dbeff aa514930302d4309a556a37e4aff512e - - default default] No more DHCP agents
2026-07-17 04:58:25.767 7 WARNING neutron.api.rpc.agentnotifiers.dhcp_rpc_agent_api [None req-d26dfc83-e4db-411e-9ef9-8d22c45dc613 e3c81812568747ff9cfec0c27b1dbeff aa514930302d4309a556a37e4aff512e - - default default] Unable to schedule network 17386dfc-5a7a-40c0-aa31-3d2fe832ea0e: no agents available; will retry on subsequent port and subnet creation events.
2026-07-17 04:58:25.837 7 INFO neutron.plugins.ml2.drivers.ovn.mech_driver.mech_driver [None req-14211015-2743-4c11-898a-1696d0179578 - - - - - -] OVN reports status down for port: 90ce748a-cfde-412c-b213-9bad4abead0a
2026-07-17 04:58:25.916 8 INFO neutron.db.ovn_revision_numbers_db [None req-4a4ae741-0dd0-4b7d-9b74-a27c41cbbf20 - - - - - -] Successfully bumped revision number for resource 84eb9a28-fb66-4d87-a7fa-eb7f4738d8f3 (type: ports) to 5
2026-07-17 04:58:25.921 7 INFO neutron.db.ovn_revision_numbers_db [None req-d26dfc83-e4db-411e-9ef9-8d22c45dc613 e3c81812568747ff9cfec0c27b1dbeff aa514930302d4309a556a37e4aff512e - - default default] Successfully bumped revision number for resource 90ce748a-cfde-412c-b213-9bad4abead0a (type: ports) to 1 [pid: 8|app: 0|req: 490/949] 10.0.0.189 () {32 vars in 724 bytes} [Fri Jul 17 04:58:25 2026] DELETE /v2.0/subnets/c4805ea8-f6aa-4956-84d4-49fb882f1deb => generated 0 bytes in 346 msecs (HTTP/1.1 204) 3 headers in 131 bytes (1 switches on core 0)
2026-07-17 04:58:25.943 8 WARNING neutron.db.securitygroups_db [req-b5c0281c-3ba8-46d1-9caa-171048897925 req-c833d40b-9e56-4536-b39f-e24640bd9d8d f1b7edc075a346f38a0106d59f03e4fa ea7e56233b03466fba9e26ee59f99e84 - - default default] project_id key not found in filters, using tenant_id instead. This support has been deprecated and will be removed in a future release. [pid: 7|app: 0|req: 460/950] 10.0.0.189 () {34 vars in 671 bytes} [Fri Jul 17 04:58:25 2026] POST /v2.0/networks => generated 784 bytes in 904 msecs (HTTP/1.1 201) 4 headers in 162 bytes (1 switches on core 0) [pid: 8|app: 0|req: 491/951] 10.0.0.79 () {34 vars in 1097 bytes} [Fri Jul 17 04:58:25 2026] GET /v2.0/security-groups?name=tempest-securitygroup--569790750&fields=id&tenant_id=ea7e56233b03466fba9e26ee59f99e84 => generated 69 bytes in 68 msecs (HTTP/1.1 200) 4 headers in 156 bytes (1 switches on core 0)
2026-07-17 04:58:26.037 8 INFO neutron.plugins.ml2.drivers.ovn.mech_driver.mech_driver [None req-922b61d1-790a-486f-87bc-6e6b15be8fb4 - - - - - -] OVN reports status down for port: e33ff2c3-de4d-47b2-808d-d192d6a01479 [pid: 8|app: 0|req: 492/952] 10.0.0.79 () {34 vars in 981 bytes} [Fri Jul 17 04:58:26 2026] GET /v2.0/networks?id=1b4c9ab3-ec69-48b0-b408-d260189fdabf => generated 715 bytes in 151 msecs (HTTP/1.1 200) 4 headers in 157 bytes (1 switches on core 0) [pid: 7|app: 0|req: 461/953] 10.0.0.189 () {32 vars in 724 bytes} [Fri Jul 17 04:58:25 2026] DELETE /v2.0/subnets/6da697f2-79b4-4476-aa9a-8dd4af2ab43a => generated 0 bytes in 179 msecs (HTTP/1.1 204) 3 headers in 131 bytes (1 switches on core 0) [pid: 7|app: 0|req: 462/954] 10.0.0.79 () {34 vars in 981 bytes} [Fri Jul 17 04:58:26 2026] GET /v2.0/networks?id=3f920a18-0887-4266-94c0-9e777d57313a => generated 718 bytes in 55 msecs (HTTP/1.1 200) 4 headers in 157 bytes (1 switches on core 0)
2026-07-17 04:58:26.212 8 WARNING neutron.plugins.ml2.drivers.ovn.mech_driver.ovsdb.ovn_client [None req-922b61d1-790a-486f-87bc-6e6b15be8fb4 - - - - - -] Logical_Switch_Port e33ff2c3-de4d-47b2-808d-d192d6a01479 host information not removed, the port state is up
2026-07-17 04:58:26.215 8 INFO neutron.plugins.ml2.drivers.ovn.mech_driver.mech_driver [None req-922b61d1-790a-486f-87bc-6e6b15be8fb4 - - - - - -] OVN reports status up for port: e33ff2c3-de4d-47b2-808d-d192d6a01479
2026-07-17 04:58:26.239 8 INFO neutron.plugins.ml2.plugin [None req-922b61d1-790a-486f-87bc-6e6b15be8fb4 - - - - - -] Attempt 1 to provision port e33ff2c3-de4d-47b2-808d-d192d6a01479 [pid: 7|app: 0|req: 463/955] 10.0.0.189 () {32 vars in 647 bytes} [Fri Jul 17 04:58:26 2026] GET /v2.0/subnets => generated 649 bytes in 43 msecs (HTTP/1.1 200) 4 headers in 157 bytes (1 switches on core 0) [pid: 7|app: 0|req: 464/956] 10.0.0.79 () {34 vars in 964 bytes} [Fri Jul 17 04:58:26 2026] GET /v2.0/quotas/4eae98bbab0a4f0f9eb46fcec79cbb50 => generated 312 bytes in 9 msecs (HTTP/1.1 200) 4 headers in 157 bytes (1 switches on core 0) [pid: 7|app: 0|req: 465/957] 10.0.0.79 () {34 vars in 964 bytes} [Fri Jul 17 04:58:26 2026] GET /v2.0/quotas/ea7e56233b03466fba9e26ee59f99e84 => generated 312 bytes in 7 msecs (HTTP/1.1 200) 4 headers in 157 bytes (1 switches on core 0)
2026-07-17 04:58:26.374 7 INFO neutron_taas.services.taas.taas_plugin [None req-d5162506-b243-4421-af98-dc4c7fc8777b c0648ed06f9f459aac8ff5b990491fc8 8d925ad25b614f2cbe31ee5ee9f3ea6a - - default default] TaaS: Handle Delete Port: b288c86e-2a2a-47b4-8509-ecc3f10f2115
2026-07-17 04:58:26.377 7 INFO neutron_taas.services.taas.tap_mirror_plugin [None req-d5162506-b243-4421-af98-dc4c7fc8777b c0648ed06f9f459aac8ff5b990491fc8 8d925ad25b614f2cbe31ee5ee9f3ea6a - - default default] Tap Mirror: Handle Delete Port: b288c86e-2a2a-47b4-8509-ecc3f10f2115
2026-07-17 04:58:26.393 8 WARNING neutron.scheduler.dhcp_agent_scheduler [None req-b522eb14-df24-492b-9395-53074f42d857 e3c81812568747ff9cfec0c27b1dbeff aa514930302d4309a556a37e4aff512e - - default default] No more DHCP agents
2026-07-17 04:58:26.394 8 WARNING neutron.api.rpc.agentnotifiers.dhcp_rpc_agent_api [None req-b522eb14-df24-492b-9395-53074f42d857 e3c81812568747ff9cfec0c27b1dbeff aa514930302d4309a556a37e4aff512e - - default default] Unable to schedule network 17386dfc-5a7a-40c0-aa31-3d2fe832ea0e: no agents available; will retry on subsequent port and subnet creation events.
2026-07-17 04:58:26.563 7 INFO neutron.services.segments.plugin [-] Segment a2b26cc5-9e91-42be-9064-8380786b01b6 resource provider aggregate not found
2026-07-17 04:58:26.569 7 INFO neutron.services.segments.plugin [-] Segment a2b26cc5-9e91-42be-9064-8380786b01b6 resource provider aggregate not found
2026-07-17 04:58:26.588 7 INFO neutron.services.segments.plugin [-] Client error retrieving segment a2b26cc5-9e91-42be-9064-8380786b01b6 resource provider; error: Placement Client Error (4xx): {"errors": [{"status": 404, "title": "Not Found", "detail": "The resource could not be found.\n\n No resource provider with uuid a2b26cc5-9e91-42be-9064-8380786b01b6 found for delete ", "request_id": "req-6bc40d35-c7ad-45de-b494-7deaf1db53b8"}]}
2026-07-17 04:58:26.590 7 INFO neutron.services.segments.plugin [-] Client error retrieving segment a2b26cc5-9e91-42be-9064-8380786b01b6 resource provider; error: Placement Client Error (4xx): {"errors": [{"status": 404, "title": "Not Found", "detail": "The resource could not be found.\n\n No resource provider with uuid a2b26cc5-9e91-42be-9064-8380786b01b6 found for delete ", "request_id": "req-f7ef98ed-3d56-44b6-8820-b822a92dc037"}]} [pid: 7|app: 0|req: 466/958] 10.0.0.189 () {32 vars in 726 bytes} [Fri Jul 17 04:58:26 2026] DELETE /v2.0/networks/61b6eac3-6498-49ef-9855-87837be51850 => generated 0 bytes in 341 msecs (HTTP/1.1 204) 3 headers in 131 bytes (1 switches on core 0) [pid: 7|app: 0|req: 467/959] 10.0.0.79 () {34 vars in 1001 bytes} [Fri Jul 17 04:58:26 2026] GET /v2.0/ports?tenant_id=4eae98bbab0a4f0f9eb46fcec79cbb50&fields=id => generated 103 bytes in 67 msecs (HTTP/1.1 200) 4 headers in 157 bytes (1 switches on core 0) [pid: 7|app: 0|req: 468/960] 10.0.0.79 () {34 vars in 1001 bytes} [Fri Jul 17 04:58:26 2026] GET /v2.0/ports?tenant_id=ea7e56233b03466fba9e26ee59f99e84&fields=id => generated 103 bytes in 67 msecs (HTTP/1.1 200) 4 headers in 157 bytes (1 switches on core 0)
2026-07-17 04:58:26.894 7 INFO neutron_taas.services.taas.taas_plugin [None req-9cb5a1cc-5488-40a4-aaff-9fe30e61459d c0648ed06f9f459aac8ff5b990491fc8 8d925ad25b614f2cbe31ee5ee9f3ea6a - - default default] TaaS: Handle Delete Port: 19758211-ba93-4737-92df-95907c8c9c82
2026-07-17 04:58:26.898 7 INFO neutron_taas.services.taas.tap_mirror_plugin [None req-9cb5a1cc-5488-40a4-aaff-9fe30e61459d c0648ed06f9f459aac8ff5b990491fc8 8d925ad25b614f2cbe31ee5ee9f3ea6a - - default default] Tap Mirror: Handle Delete Port: 19758211-ba93-4737-92df-95907c8c9c82
2026-07-17 04:58:27.026 8 INFO neutron.db.ovn_revision_numbers_db [None req-922b61d1-790a-486f-87bc-6e6b15be8fb4 - - - - - -] Successfully bumped revision number for resource e33ff2c3-de4d-47b2-808d-d192d6a01479 (type: ports) to 2 [pid: 7|app: 0|req: 469/961] 10.0.0.189 () {32 vars in 726 bytes} [Fri Jul 17 04:58:26 2026] DELETE /v2.0/networks/a1e782fc-bd35-4e36-b5e8-55a1e69c5694 => generated 0 bytes in 353 msecs (HTTP/1.1 204) 3 headers in 131 bytes (1 switches on core 0) [pid: 7|app: 0|req: 470/962] 10.0.0.79 () {34 vars in 1007 bytes} [Fri Jul 17 04:58:27 2026] GET /v2.0/networks/1b4c9ab3-ec69-48b0-b408-d260189fdabf?fields=segments => generated 14 bytes in 35 msecs (HTTP/1.1 200) 4 headers in 156 bytes (1 switches on core 0) [pid: 7|app: 0|req: 471/963] 10.0.0.79 () {34 vars in 1007 bytes} [Fri Jul 17 04:58:27 2026] GET /v2.0/networks/3f920a18-0887-4266-94c0-9e777d57313a?fields=segments => generated 14 bytes in 41 msecs (HTTP/1.1 200) 4 headers in 156 bytes (1 switches on core 0)
2026-07-17 04:58:27.226 8 INFO neutron.db.ovn_revision_numbers_db [None req-b522eb14-df24-492b-9395-53074f42d857 e3c81812568747ff9cfec0c27b1dbeff aa514930302d4309a556a37e4aff512e - - default default] Successfully bumped revision number for resource 90ce748a-cfde-412c-b213-9bad4abead0a (type: ports) to 2
2026-07-17 04:58:27.263 8 INFO neutron.db.ovn_revision_numbers_db [None req-b522eb14-df24-492b-9395-53074f42d857 e3c81812568747ff9cfec0c27b1dbeff aa514930302d4309a556a37e4aff512e - - default default] Successfully bumped revision number for resource fd00841e-5cfe-413b-a3e6-f35796a00179 (type: subnets) to 0 [pid: 8|app: 0|req: 493/964] 10.0.0.189 () {34 vars in 669 bytes} [Fri Jul 17 04:58:26 2026] POST /v2.0/subnets => generated 690 bytes in 1133 msecs (HTTP/1.1 201) 4 headers in 162 bytes (1 switches on core 0)
2026-07-17 04:58:27.313 7 INFO neutron_taas.services.taas.taas_plugin [None req-93cb989e-48f9-46ae-861b-286f2670c1e6 c0648ed06f9f459aac8ff5b990491fc8 8d925ad25b614f2cbe31ee5ee9f3ea6a - - default default] TaaS: Handle Delete Port: f369bd18-6339-4aed-ba9b-75cb3f64d601
2026-07-17 04:58:27.316 7 INFO neutron_taas.services.taas.tap_mirror_plugin [None req-93cb989e-48f9-46ae-861b-286f2670c1e6 c0648ed06f9f459aac8ff5b990491fc8 8d925ad25b614f2cbe31ee5ee9f3ea6a - - default default] Tap Mirror: Handle Delete Port: f369bd18-6339-4aed-ba9b-75cb3f64d601 [pid: 8|app: 0|req: 494/965] 10.0.0.79 () {34 vars in 1107 bytes} [Fri Jul 17 04:58:27 2026] GET /v2.0/networks/1b4c9ab3-ec69-48b0-b408-d260189fdabf?fields=provider%3Aphysical_network&fields=provider%3Anetwork_type => generated 79 bytes in 46 msecs (HTTP/1.1 200) 4 headers in 156 bytes (1 switches on core 0) [pid: 8|app: 0|req: 495/966] 10.0.0.79 () {34 vars in 1107 bytes} [Fri Jul 17 04:58:27 2026] GET /v2.0/networks/3f920a18-0887-4266-94c0-9e777d57313a?fields=provider%3Aphysical_network&fields=provider%3Anetwork_type => generated 79 bytes in 45 msecs (HTTP/1.1 200) 4 headers in 156 bytes (1 switches on core 0) [pid: 7|app: 0|req: 472/967] 10.0.0.189 () {32 vars in 726 bytes} [Fri Jul 17 04:58:27 2026] DELETE /v2.0/networks/6da741bf-81dd-47cc-904d-2a978fa6dd4e => generated 0 bytes in 424 msecs (HTTP/1.1 204) 3 headers in 131 bytes (1 switches on core 0) [pid: 7|app: 0|req: 473/968] 10.0.0.79 () {34 vars in 1069 bytes} [Fri Jul 17 04:58:27 2026] GET /v2.0/ports?fields=security_groups&fields=device_id&device_id=d39e4947-75f5-4041-9b94-f758a881b0cc => generated 12 bytes in 15 msecs (HTTP/1.1 200) 4 headers in 156 bytes (1 switches on core 0)
2026-07-17 04:58:27.721 7 INFO neutron_taas.services.taas.taas_plugin [None req-9b3fa58a-c7e8-4cda-a8ea-2eaf9dd067de c0648ed06f9f459aac8ff5b990491fc8 8d925ad25b614f2cbe31ee5ee9f3ea6a - - default default] TaaS: Handle Delete Port: c0e4d2fd-60bf-4164-9c51-f5a8d67d6f1e
2026-07-17 04:58:27.723 7 INFO neutron_taas.services.taas.tap_mirror_plugin [None req-9b3fa58a-c7e8-4cda-a8ea-2eaf9dd067de c0648ed06f9f459aac8ff5b990491fc8 8d925ad25b614f2cbe31ee5ee9f3ea6a - - default default] Tap Mirror: Handle Delete Port: c0e4d2fd-60bf-4164-9c51-f5a8d67d6f1e
2026-07-17 04:58:27.839 8 WARNING neutron.scheduler.dhcp_agent_scheduler [None req-4cfedda1-aaa9-4db1-ae9a-d73916cfebed e3c81812568747ff9cfec0c27b1dbeff aa514930302d4309a556a37e4aff512e - - default default] No more DHCP agents
2026-07-17 04:58:27.844 8 WARNING neutron.api.rpc.agentnotifiers.dhcp_rpc_agent_api [None req-4cfedda1-aaa9-4db1-ae9a-d73916cfebed e3c81812568747ff9cfec0c27b1dbeff aa514930302d4309a556a37e4aff512e - - default default] Unable to schedule network 9b0bce5a-2d75-497b-9855-47f3a4ffb1f8: no agents available; will retry on subsequent port and subnet creation events. [pid: 7|app: 0|req: 474/969] 10.0.0.189 () {32 vars in 726 bytes} [Fri Jul 17 04:58:27 2026] DELETE /v2.0/networks/3e381f80-93a2-456c-9607-b486ced76c2a => generated 0 bytes in 335 msecs (HTTP/1.1 204) 3 headers in 131 bytes (1 switches on core 0) [pid: 7|app: 0|req: 475/970] 10.0.0.79 () {34 vars in 1069 bytes} [Fri Jul 17 04:58:27 2026] GET /v2.0/ports?fields=security_groups&fields=device_id&device_id=dc9c04d7-620b-499e-af7e-dd244e5e36c3 => generated 12 bytes in 32 msecs (HTTP/1.1 200) 4 headers in 156 bytes (1 switches on core 0)
2026-07-17 04:58:28.017 8 INFO neutron.db.ovn_revision_numbers_db [None req-4cfedda1-aaa9-4db1-ae9a-d73916cfebed e3c81812568747ff9cfec0c27b1dbeff aa514930302d4309a556a37e4aff512e - - default default] Successfully bumped revision number for resource e4bcb243-9311-48d8-bf58-bee73e8e20aa (type: ports) to 1
2026-07-17 04:58:28.513 7 INFO neutron.plugins.ml2.drivers.ovn.mech_driver.ovsdb.ovsdb_monitor [None req-b43c84c7-10ec-4a1c-bc6a-62902c98ce09 - - - - - -] Router f51f9dbb-f31b-44b9-b4a7-17fbb723c4d2 is bound to host instance
2026-07-17 04:58:28.520 7 WARNING neutron.db.securitygroups_db [None req-b4e9cf47-ef75-49b6-bf82-f19d1207255f e3c81812568747ff9cfec0c27b1dbeff aa514930302d4309a556a37e4aff512e - - default default] project_id key not found in filters, using tenant_id instead. This support has been deprecated and will be removed in a future release.
2026-07-17 04:58:28.563 8 INFO neutron.db.ovn_revision_numbers_db [None req-4cfedda1-aaa9-4db1-ae9a-d73916cfebed e3c81812568747ff9cfec0c27b1dbeff aa514930302d4309a556a37e4aff512e - - default default] Successfully bumped revision number for resource e4bcb243-9311-48d8-bf58-bee73e8e20aa (type: router_ports) to 1 [pid: 7|app: 0|req: 476/971] 10.0.0.189 () {32 vars in 774 bytes} [Fri Jul 17 04:58:28 2026] GET /v2.0/security-groups?tenant_id=8d925ad25b614f2cbe31ee5ee9f3ea6a&name=default => generated 2925 bytes in 192 msecs (HTTP/1.1 200) 4 headers in 158 bytes (1 switches on core 0)
2026-07-17 04:58:28.618 7 INFO neutron.services.segments.plugin [-] Segment 9b25b957-82ea-42d3-8492-c1acbd40a3e5 resource provider aggregate not found
2026-07-17 04:58:28.623 7 INFO neutron.services.segments.plugin [-] Segment 9b25b957-82ea-42d3-8492-c1acbd40a3e5 resource provider aggregate not found
2026-07-17 04:58:28.640 8 INFO neutron.db.ovn_revision_numbers_db [None req-4cfedda1-aaa9-4db1-ae9a-d73916cfebed e3c81812568747ff9cfec0c27b1dbeff aa514930302d4309a556a37e4aff512e - - default default] Successfully bumped revision number for resource f51f9dbb-f31b-44b9-b4a7-17fbb723c4d2 (type: routers) to 2
2026-07-17 04:58:28.641 7 INFO neutron.services.segments.plugin [-] Client error retrieving segment 9b25b957-82ea-42d3-8492-c1acbd40a3e5 resource provider; error: Placement Client Error (4xx): {"errors": [{"status": 404, "title": "Not Found", "detail": "The resource could not be found.\n\n No resource provider with uuid 9b25b957-82ea-42d3-8492-c1acbd40a3e5 found for delete ", "request_id": "req-ee7ef1ca-e3da-4f8b-b53f-6e65e0f69efe"}]}
2026-07-17 04:58:28.647 7 INFO neutron.services.segments.plugin [-] Client error retrieving segment 9b25b957-82ea-42d3-8492-c1acbd40a3e5 resource provider; error: Placement Client Error (4xx): {"errors": [{"status": 404, "title": "Not Found", "detail": "The resource could not be found.\n\n No resource provider with uuid 9b25b957-82ea-42d3-8492-c1acbd40a3e5 found for delete ", "request_id": "req-6236ab56-6246-47c6-a914-c7c74949a238"}]} [pid: 8|app: 0|req: 496/972] 10.0.0.189 () {34 vars in 669 bytes} [Fri Jul 17 04:58:27 2026] POST /v2.0/routers => generated 989 bytes in 1284 msecs (HTTP/1.1 201) 4 headers in 162 bytes (1 switches on core 0)
2026-07-17 04:58:28.664 7 INFO neutron.services.segments.plugin [-] Segment 5d8696e2-855b-4c8a-bfd1-afd175cb6bd1 resource provider aggregate not found
2026-07-17 04:58:28.671 7 INFO neutron.services.segments.plugin [-] Segment 5d8696e2-855b-4c8a-bfd1-afd175cb6bd1 resource provider aggregate not found
2026-07-17 04:58:28.687 7 INFO neutron.services.segments.plugin [-] Client error retrieving segment 5d8696e2-855b-4c8a-bfd1-afd175cb6bd1 resource provider; error: Placement Client Error (4xx): {"errors": [{"status": 404, "title": "Not Found", "detail": "The resource could not be found.\n\n No resource provider with uuid 5d8696e2-855b-4c8a-bfd1-afd175cb6bd1 found for delete ", "request_id": "req-82f041ee-0691-478b-9ab9-60150294eb19"}]}
2026-07-17 04:58:28.690 7 INFO neutron.services.segments.plugin [-] Client error retrieving segment 5d8696e2-855b-4c8a-bfd1-afd175cb6bd1 resource provider; error: Placement Client Error (4xx): {"errors": [{"status": 404, "title": "Not Found", "detail": "The resource could not be found.\n\n No resource provider with uuid 5d8696e2-855b-4c8a-bfd1-afd175cb6bd1 found for delete ", "request_id": "req-2e4b52fd-806b-40ff-9df1-1a466cffd960"}]}
2026-07-17 04:58:28.712 7 INFO neutron.services.segments.plugin [-] Segment 2e2e47a8-4eaa-47b9-b6c5-1a5834524884 resource provider aggregate not found
2026-07-17 04:58:28.714 7 INFO neutron.services.segments.plugin [-] Segment 2e2e47a8-4eaa-47b9-b6c5-1a5834524884 resource provider aggregate not found
