2026-07-17 04:59:36.408 7 INFO neutron.pecan_wsgi.hooks.translation [None req-9061a9e7-a0d3-412c-89ae-c5decc9f9c59 bef073af3ad54b67a415777482a391cb 831c8b8147654a099e1f951b53c4454a - - default default] DELETE failed (client error): The resource could not be found. [pid: 7|app: 0|req: 724/1583] 10.0.0.189 () {32 vars in 726 bytes} [Fri Jul 17 04:59:36 2026] DELETE /v2.0/networks/340f388e-913d-4b5f-a233-0a7218b27f9c => generated 138 bytes in 13 msecs (HTTP/1.1 404) 4 headers in 164 bytes (1 switches on core 0)
2026-07-17 04:59:36.417 8 WARNING neutron.scheduler.dhcp_agent_scheduler [None req-2ab996fd-d85a-4c41-96b6-f9f446a4bc82 22b612889e4f474e89d111f63ee32508 0096689acae34435a431c5c7897e0c63 - - default default] No more DHCP agents
2026-07-17 04:59:36.418 8 WARNING neutron.api.rpc.agentnotifiers.dhcp_rpc_agent_api [None req-2ab996fd-d85a-4c41-96b6-f9f446a4bc82 22b612889e4f474e89d111f63ee32508 0096689acae34435a431c5c7897e0c63 - - default default] Unable to schedule network 18b45750-6c57-4e4a-aeb7-40716ecd03ec: no agents available; will retry on subsequent port and subnet creation events.
2026-07-17 04:59:36.530 8 INFO neutron.db.ovn_revision_numbers_db [None req-2ab996fd-d85a-4c41-96b6-f9f446a4bc82 22b612889e4f474e89d111f63ee32508 0096689acae34435a431c5c7897e0c63 - - default default] Successfully bumped revision number for resource b2db7348-13c8-41a1-bd95-e29b82bfcfa7 (type: ports) to 1 [pid: 7|app: 0|req: 725/1584] 10.0.0.189 () {32 vars in 740 bytes} [Fri Jul 17 04:59:36 2026] DELETE /v2.0/security-groups/b4d79b19-cda1-4f9f-a39b-49531894b12f => generated 0 bytes in 149 msecs (HTTP/1.1 204) 2 headers in 112 bytes (1 switches on core 0) [pid: 7|app: 0|req: 726/1585] 10.0.0.189 () {32 vars in 724 bytes} [Fri Jul 17 04:59:36 2026] DELETE /v2.0/subnets/06745a38-4af0-43f5-ac5a-d9091b8a436f => generated 0 bytes in 169 msecs (HTTP/1.1 204) 3 headers in 131 bytes (1 switches on core 0)
2026-07-17 04:59:37.148 8 WARNING neutron.scheduler.dhcp_agent_scheduler [None req-2ab996fd-d85a-4c41-96b6-f9f446a4bc82 22b612889e4f474e89d111f63ee32508 0096689acae34435a431c5c7897e0c63 - - default default] No more DHCP agents
2026-07-17 04:59:37.151 8 WARNING neutron.api.rpc.agentnotifiers.dhcp_rpc_agent_api [None req-2ab996fd-d85a-4c41-96b6-f9f446a4bc82 22b612889e4f474e89d111f63ee32508 0096689acae34435a431c5c7897e0c63 - - default default] Unable to schedule network 18b45750-6c57-4e4a-aeb7-40716ecd03ec: no agents available; will retry on subsequent port and subnet creation events.
2026-07-17 04:59:37.342 8 INFO neutron.db.ovn_revision_numbers_db [None req-2ab996fd-d85a-4c41-96b6-f9f446a4bc82 22b612889e4f474e89d111f63ee32508 0096689acae34435a431c5c7897e0c63 - - default default] Successfully bumped revision number for resource b2db7348-13c8-41a1-bd95-e29b82bfcfa7 (type: router_ports) to 1 [pid: 8|app: 0|req: 860/1586] 10.0.0.189 () {34 vars in 783 bytes} [Fri Jul 17 04:59:35 2026] PUT /v2.0/routers/23684a04-44ed-4fe7-ab1f-9068f4dcbc57/add_router_interface => generated 310 bytes in 1348 msecs (HTTP/1.1 200) 4 headers in 157 bytes (1 switches on core 0) [pid: 7|app: 0|req: 727/1587] 10.0.0.189 () {32 vars in 740 bytes} [Fri Jul 17 04:59:36 2026] DELETE /v2.0/security-groups/8a153447-4156-4f79-8a9e-989585c57fac => generated 0 bytes in 675 msecs (HTTP/1.1 204) 2 headers in 112 bytes (1 switches on core 0)
2026-07-17 04:59:37.476 8 INFO neutron_taas.services.taas.taas_plugin [None req-caafd5b9-0615-4352-b083-440efeda11ba bef073af3ad54b67a415777482a391cb 831c8b8147654a099e1f951b53c4454a - - default default] TaaS: Handle Delete Port: 3fae391a-561c-4389-ac11-462e9e11e01b [pid: 7|app: 0|req: 728/1588] 10.0.0.189 () {32 vars in 717 bytes} [Fri Jul 17 04:59:37 2026] GET /v2.0/ports/b2db7348-13c8-41a1-bd95-e29b82bfcfa7 => generated 953 bytes in 75 msecs (HTTP/1.1 200) 4 headers in 157 bytes (1 switches on core 0)
2026-07-17 04:59:37.486 8 INFO neutron_taas.services.taas.tap_mirror_plugin [None req-caafd5b9-0615-4352-b083-440efeda11ba bef073af3ad54b67a415777482a391cb 831c8b8147654a099e1f951b53c4454a - - default default] Tap Mirror: Handle Delete Port: 3fae391a-561c-4389-ac11-462e9e11e01b [pid: 7|app: 0|req: 729/1589] 10.0.0.189 () {32 vars in 740 bytes} [Fri Jul 17 04:59:37 2026] DELETE /v2.0/security-groups/c74287dc-c24d-4406-8072-bb1d028277e7 => generated 0 bytes in 152 msecs (HTTP/1.1 204) 2 headers in 112 bytes (1 switches on core 0) [pid: 7|app: 0|req: 730/1590] 10.0.0.189 () {32 vars in 717 bytes} [Fri Jul 17 04:59:37 2026] GET /v2.0/ports/b2db7348-13c8-41a1-bd95-e29b82bfcfa7 => generated 953 bytes in 34 msecs (HTTP/1.1 200) 4 headers in 157 bytes (1 switches on core 0)
2026-07-17 04:59:37.684 8 INFO neutron.services.segments.plugin [-] Segment 54381139-ebda-4617-858e-c9d1071cc711 resource provider aggregate not found
2026-07-17 04:59:37.690 8 INFO neutron.services.segments.plugin [-] Segment 54381139-ebda-4617-858e-c9d1071cc711 resource provider aggregate not found
2026-07-17 04:59:37.702 8 INFO neutron.services.segments.plugin [-] Client error retrieving segment 54381139-ebda-4617-858e-c9d1071cc711 resource provider; error: Placement Client Error (4xx): {"errors": [{"status": 404, "title": "Not Found", "detail": "The resource could not be found.\n\n No resource provider with uuid 54381139-ebda-4617-858e-c9d1071cc711 found for delete ", "request_id": "req-f244173a-69d7-4618-b755-beac5a12c9a2"}]}
2026-07-17 04:59:37.704 8 INFO neutron.services.segments.plugin [-] Client error retrieving segment 54381139-ebda-4617-858e-c9d1071cc711 resource provider; error: Placement Client Error (4xx): {"errors": [{"status": 404, "title": "Not Found", "detail": "The resource could not be found.\n\n No resource provider with uuid 54381139-ebda-4617-858e-c9d1071cc711 found for delete ", "request_id": "req-8af03382-837f-472f-a094-53cd8a32fbca"}]} [pid: 8|app: 0|req: 861/1591] 10.0.0.189 () {32 vars in 726 bytes} [Fri Jul 17 04:59:37 2026] DELETE /v2.0/networks/115aec78-a372-4a52-9281-48ef54832e66 => generated 0 bytes in 395 msecs (HTTP/1.1 204) 3 headers in 131 bytes (1 switches on core 0) [pid: 7|app: 0|req: 731/1592] 10.0.0.189 () {32 vars in 740 bytes} [Fri Jul 17 04:59:37 2026] DELETE /v2.0/security-groups/a484e6af-fc49-4422-af58-77141f51853e => generated 0 bytes in 131 msecs (HTTP/1.1 204) 2 headers in 112 bytes (1 switches on core 0)
2026-07-17 04:59:38.459 8 WARNING neutron.db.securitygroups_db [None req-4964c63a-625c-4d31-9b6b-bb7d3b52d440 e3c81812568747ff9cfec0c27b1dbeff aa514930302d4309a556a37e4aff512e - - default default] project_id key not found in filters, using tenant_id instead. This support has been deprecated and will be removed in a future release. [pid: 8|app: 0|req: 862/1593] 10.0.0.189 () {32 vars in 774 bytes} [Fri Jul 17 04:59:38 2026] GET /v2.0/security-groups?tenant_id=831c8b8147654a099e1f951b53c4454a&name=default => generated 2925 bytes in 247 msecs (HTTP/1.1 200) 4 headers in 158 bytes (1 switches on core 0) [pid: 7|app: 0|req: 732/1594] 10.0.0.189 () {32 vars in 740 bytes} [Fri Jul 17 04:59:38 2026] DELETE /v2.0/security-groups/9fd589bc-572b-43df-8a75-69b7d4b8ccbd => generated 0 bytes in 189 msecs (HTTP/1.1 204) 2 headers in 112 bytes (1 switches on core 0) [pid: 7|app: 0|req: 733/1595] 10.0.0.189 () {32 vars in 717 bytes} [Fri Jul 17 04:59:38 2026] GET /v2.0/ports/b2db7348-13c8-41a1-bd95-e29b82bfcfa7 => generated 953 bytes in 33 msecs (HTTP/1.1 200) 4 headers in 157 bytes (1 switches on core 0)
2026-07-17 04:59:38.763 8 WARNING neutron.db.securitygroups_db [None req-72825c78-385d-492d-9724-db6132ab9b85 e3c81812568747ff9cfec0c27b1dbeff aa514930302d4309a556a37e4aff512e - - default default] project_id key not found in filters, using tenant_id instead. This support has been deprecated and will be removed in a future release.
2026-07-17 04:59:38.895 8 INFO neutron.db.ovn_revision_numbers_db [None req-72825c78-385d-492d-9724-db6132ab9b85 e3c81812568747ff9cfec0c27b1dbeff aa514930302d4309a556a37e4aff512e - - default default] Successfully bumped revision number for resource 63d2ac99-e82f-4fb6-8a54-7875c7a53200 (type: security_groups) to 1
2026-07-17 04:59:38.905 8 INFO neutron.db.ovn_revision_numbers_db [None req-72825c78-385d-492d-9724-db6132ab9b85 e3c81812568747ff9cfec0c27b1dbeff aa514930302d4309a556a37e4aff512e - - default default] Successfully bumped revision number for resource 42faade8-fdf2-40eb-bd82-c738d3f62f50 (type: security_group_rules) to 0
2026-07-17 04:59:38.927 8 INFO neutron.db.ovn_revision_numbers_db [None req-72825c78-385d-492d-9724-db6132ab9b85 e3c81812568747ff9cfec0c27b1dbeff aa514930302d4309a556a37e4aff512e - - default default] Successfully bumped revision number for resource 435d8b6e-f3a4-46fd-9d1d-10d772f036dc (type: security_group_rules) to 0
2026-07-17 04:59:38.938 8 INFO neutron.db.ovn_revision_numbers_db [None req-72825c78-385d-492d-9724-db6132ab9b85 e3c81812568747ff9cfec0c27b1dbeff aa514930302d4309a556a37e4aff512e - - default default] Successfully bumped revision number for resource 512cdfb0-66b9-4c7f-83b7-610ea1b9b35c (type: security_group_rules) to 0
2026-07-17 04:59:38.957 8 INFO neutron.db.ovn_revision_numbers_db [None req-72825c78-385d-492d-9724-db6132ab9b85 e3c81812568747ff9cfec0c27b1dbeff aa514930302d4309a556a37e4aff512e - - default default] Successfully bumped revision number for resource f491f9e7-9582-4e3d-8baf-1ead2dd966ab (type: security_group_rules) to 0 [pid: 8|app: 0|req: 863/1596] 10.0.0.189 () {32 vars in 774 bytes} [Fri Jul 17 04:59:38 2026] GET /v2.0/security-groups?tenant_id=c858a8470a4b48ec80170939e14c4e6f&name=default => generated 2925 bytes in 419 msecs (HTTP/1.1 200) 4 headers in 158 bytes (1 switches on core 0)
2026-07-17 04:59:39.140 8 WARNING neutron.db.securitygroups_db [None req-b9ed928c-8fec-462e-a1dc-a9a4ae57f80b e3c81812568747ff9cfec0c27b1dbeff aa514930302d4309a556a37e4aff512e - - default default] project_id key not found in filters, using tenant_id instead. This support has been deprecated and will be removed in a future release.
2026-07-17 04:59:39.251 8 INFO neutron.db.ovn_revision_numbers_db [None req-b9ed928c-8fec-462e-a1dc-a9a4ae57f80b e3c81812568747ff9cfec0c27b1dbeff aa514930302d4309a556a37e4aff512e - - default default] Successfully bumped revision number for resource 2006cd7d-1ac0-4125-a606-633d78d98a90 (type: security_groups) to 1 [pid: 7|app: 0|req: 734/1597] 10.0.0.189 () {32 vars in 740 bytes} [Fri Jul 17 04:59:39 2026] DELETE /v2.0/security-groups/63d2ac99-e82f-4fb6-8a54-7875c7a53200 => generated 0 bytes in 249 msecs (HTTP/1.1 204) 2 headers in 112 bytes (1 switches on core 0)
2026-07-17 04:59:39.263 8 INFO neutron.db.ovn_revision_numbers_db [None req-b9ed928c-8fec-462e-a1dc-a9a4ae57f80b e3c81812568747ff9cfec0c27b1dbeff aa514930302d4309a556a37e4aff512e - - default default] Successfully bumped revision number for resource a63c426e-11d1-4e4e-bf53-fa68deafe931 (type: security_group_rules) to 0
2026-07-17 04:59:39.274 8 INFO neutron.db.ovn_revision_numbers_db [None req-b9ed928c-8fec-462e-a1dc-a9a4ae57f80b e3c81812568747ff9cfec0c27b1dbeff aa514930302d4309a556a37e4aff512e - - default default] Successfully bumped revision number for resource ca676891-156c-4fd3-af4f-4873792bd7c3 (type: security_group_rules) to 0
2026-07-17 04:59:39.286 8 INFO neutron.db.ovn_revision_numbers_db [None req-b9ed928c-8fec-462e-a1dc-a9a4ae57f80b e3c81812568747ff9cfec0c27b1dbeff aa514930302d4309a556a37e4aff512e - - default default] Successfully bumped revision number for resource d360fc0e-4a7d-4b44-aa9e-d03231065828 (type: security_group_rules) to 0
2026-07-17 04:59:39.298 8 INFO neutron.db.ovn_revision_numbers_db [None req-b9ed928c-8fec-462e-a1dc-a9a4ae57f80b e3c81812568747ff9cfec0c27b1dbeff aa514930302d4309a556a37e4aff512e - - default default] Successfully bumped revision number for resource d6dfde8b-e812-4337-909f-ce74f0f8ae86 (type: security_group_rules) to 0 [pid: 8|app: 0|req: 864/1598] 10.0.0.189 () {32 vars in 774 bytes} [Fri Jul 17 04:59:39 2026] GET /v2.0/security-groups?tenant_id=2cb7c84dc8044bbc91c347838f891d87&name=default => generated 2925 bytes in 291 msecs (HTTP/1.1 200) 4 headers in 158 bytes (1 switches on core 0)
2026-07-17 04:59:39.346 8 WARNING neutron.db.securitygroups_db [None req-b213ebfa-4826-4d99-9d7d-af6e096fb852 e3c81812568747ff9cfec0c27b1dbeff aa514930302d4309a556a37e4aff512e - - default default] project_id key not found in filters, using tenant_id instead. This support has been deprecated and will be removed in a future release. [pid: 8|app: 0|req: 865/1599] 10.0.0.189 () {32 vars in 774 bytes} [Fri Jul 17 04:59:39 2026] GET /v2.0/security-groups?tenant_id=04fe2b71a9df4844a896b172ff678e54&name=default => generated 2925 bytes in 25 msecs (HTTP/1.1 200) 4 headers in 158 bytes (1 switches on core 0) [pid: 7|app: 0|req: 735/1600] 10.0.0.189 () {32 vars in 740 bytes} [Fri Jul 17 04:59:39 2026] DELETE /v2.0/security-groups/2006cd7d-1ac0-4125-a606-633d78d98a90 => generated 0 bytes in 207 msecs (HTTP/1.1 204) 2 headers in 112 bytes (1 switches on core 0) [pid: 8|app: 0|req: 866/1601] 10.0.0.189 () {32 vars in 740 bytes} [Fri Jul 17 04:59:39 2026] DELETE /v2.0/security-groups/de8caf2d-1791-4af3-a923-d0367afa3d65 => generated 0 bytes in 218 msecs (HTTP/1.1 204) 2 headers in 112 bytes (1 switches on core 0)
2026-07-17 04:59:39.756 8 WARNING neutron.db.securitygroups_db [None req-31ecce46-3772-473a-922d-708d739a7703 e3c81812568747ff9cfec0c27b1dbeff aa514930302d4309a556a37e4aff512e - - default default] project_id key not found in filters, using tenant_id instead. This support has been deprecated and will be removed in a future release. [pid: 7|app: 0|req: 736/1602] 10.0.0.189 () {32 vars in 717 bytes} [Fri Jul 17 04:59:39 2026] GET /v2.0/ports/b2db7348-13c8-41a1-bd95-e29b82bfcfa7 => generated 953 bytes in 45 msecs (HTTP/1.1 200) 4 headers in 157 bytes (1 switches on core 0)
2026-07-17 04:59:39.886 8 INFO neutron.db.ovn_revision_numbers_db [None req-31ecce46-3772-473a-922d-708d739a7703 e3c81812568747ff9cfec0c27b1dbeff aa514930302d4309a556a37e4aff512e - - default default] Successfully bumped revision number for resource 8a8cd9a4-41a5-4273-b975-1568f824e533 (type: security_groups) to 1
2026-07-17 04:59:39.898 8 INFO neutron.db.ovn_revision_numbers_db [None req-31ecce46-3772-473a-922d-708d739a7703 e3c81812568747ff9cfec0c27b1dbeff aa514930302d4309a556a37e4aff512e - - default default] Successfully bumped revision number for resource 2475e103-4d1e-4f39-9c91-545871f4c198 (type: security_group_rules) to 0
2026-07-17 04:59:39.907 8 INFO neutron.db.ovn_revision_numbers_db [None req-31ecce46-3772-473a-922d-708d739a7703 e3c81812568747ff9cfec0c27b1dbeff aa514930302d4309a556a37e4aff512e - - default default] Successfully bumped revision number for resource 65e908ff-55dd-4ca7-9f32-e3475353f534 (type: security_group_rules) to 0
2026-07-17 04:59:39.921 8 INFO neutron.db.ovn_revision_numbers_db [None req-31ecce46-3772-473a-922d-708d739a7703 e3c81812568747ff9cfec0c27b1dbeff aa514930302d4309a556a37e4aff512e - - default default] Successfully bumped revision number for resource 9884219c-fbc5-4017-9fa9-ecf77bd13836 (type: security_group_rules) to 0
2026-07-17 04:59:39.933 8 INFO neutron.db.ovn_revision_numbers_db [None req-31ecce46-3772-473a-922d-708d739a7703 e3c81812568747ff9cfec0c27b1dbeff aa514930302d4309a556a37e4aff512e - - default default] Successfully bumped revision number for resource d8e2af30-8e7e-4ad5-a37c-07590ba58a6c (type: security_group_rules) to 0 [pid: 8|app: 0|req: 867/1603] 10.0.0.189 () {32 vars in 774 bytes} [Fri Jul 17 04:59:39 2026] GET /v2.0/security-groups?tenant_id=f7288a63f0754f948cd0f78e147f6a86&name=default => generated 2925 bytes in 230 msecs (HTTP/1.1 200) 4 headers in 158 bytes (1 switches on core 0) [pid: 7|app: 0|req: 737/1604] 10.0.0.189 () {32 vars in 740 bytes} [Fri Jul 17 04:59:39 2026] DELETE /v2.0/security-groups/8a8cd9a4-41a5-4273-b975-1568f824e533 => generated 0 bytes in 169 msecs (HTTP/1.1 204) 2 headers in 112 bytes (1 switches on core 0)
2026-07-17 04:59:40.808 8 INFO neutron.db.ovn_revision_numbers_db [None req-9b726ac5-ac8b-4cd7-bf1e-7b45db53bf95 53f07850891f4a7291b8279e23079cee b974c980dbba4936968e609d38035ac1 - - default default] Successfully bumped revision number for resource 68a265ad-1347-47df-ba94-3a655f6ff9d5 (type: security_groups) to 1
2026-07-17 04:59:40.823 8 INFO neutron.db.ovn_revision_numbers_db [None req-9b726ac5-ac8b-4cd7-bf1e-7b45db53bf95 53f07850891f4a7291b8279e23079cee b974c980dbba4936968e609d38035ac1 - - default default] Successfully bumped revision number for resource 1ea7d900-6221-45e9-bb47-2506edb3fa4b (type: security_group_rules) to 0 [pid: 7|app: 0|req: 738/1605] 10.0.0.189 () {32 vars in 717 bytes} [Fri Jul 17 04:59:40 2026] GET /v2.0/ports/b2db7348-13c8-41a1-bd95-e29b82bfcfa7 => generated 953 bytes in 61 msecs (HTTP/1.1 200) 4 headers in 157 bytes (1 switches on core 0)
2026-07-17 04:59:40.834 8 INFO neutron.db.ovn_revision_numbers_db [None req-9b726ac5-ac8b-4cd7-bf1e-7b45db53bf95 53f07850891f4a7291b8279e23079cee b974c980dbba4936968e609d38035ac1 - - default default] Successfully bumped revision number for resource 53ec63f1-dfa9-40b4-8a8a-6b29a0eb148f (type: security_group_rules) to 0
2026-07-17 04:59:40.848 8 INFO neutron.db.ovn_revision_numbers_db [None req-9b726ac5-ac8b-4cd7-bf1e-7b45db53bf95 53f07850891f4a7291b8279e23079cee b974c980dbba4936968e609d38035ac1 - - default default] Successfully bumped revision number for resource 9cde3356-76f1-461a-ac7a-5f6e8c9d7e8e (type: security_group_rules) to 0
2026-07-17 04:59:40.862 8 INFO neutron.db.ovn_revision_numbers_db [None req-9b726ac5-ac8b-4cd7-bf1e-7b45db53bf95 53f07850891f4a7291b8279e23079cee b974c980dbba4936968e609d38035ac1 - - default default] Successfully bumped revision number for resource b9e9cc69-963b-4bae-beeb-7f1bfa52d073 (type: security_group_rules) to 0
2026-07-17 04:59:40.941 8 INFO neutron.db.segments_db [None req-9b726ac5-ac8b-4cd7-bf1e-7b45db53bf95 53f07850891f4a7291b8279e23079cee b974c980dbba4936968e609d38035ac1 - - default default] Added segment a43362e2-4642-49f2-b453-f0af6772f9d7 of type geneve for network a187374e-4574-43a0-9a41-40344ffd2088
2026-07-17 04:59:41.052 8 INFO neutron.db.ovn_revision_numbers_db [None req-9b726ac5-ac8b-4cd7-bf1e-7b45db53bf95 53f07850891f4a7291b8279e23079cee b974c980dbba4936968e609d38035ac1 - - default default] Successfully bumped revision number for resource a187374e-4574-43a0-9a41-40344ffd2088 (type: networks) to 1
2026-07-17 04:59:41.209 8 WARNING neutron.scheduler.dhcp_agent_scheduler [None req-9b726ac5-ac8b-4cd7-bf1e-7b45db53bf95 53f07850891f4a7291b8279e23079cee b974c980dbba4936968e609d38035ac1 - - default default] No more DHCP agents
2026-07-17 04:59:41.211 8 WARNING neutron.api.rpc.agentnotifiers.dhcp_rpc_agent_api [None req-9b726ac5-ac8b-4cd7-bf1e-7b45db53bf95 53f07850891f4a7291b8279e23079cee b974c980dbba4936968e609d38035ac1 - - default default] Unable to schedule network a187374e-4574-43a0-9a41-40344ffd2088: no agents available; will retry on subsequent port and subnet creation events.
2026-07-17 04:59:41.282 8 INFO neutron.db.ovn_revision_numbers_db [None req-9b726ac5-ac8b-4cd7-bf1e-7b45db53bf95 53f07850891f4a7291b8279e23079cee b974c980dbba4936968e609d38035ac1 - - default default] Successfully bumped revision number for resource 52cb1d1f-83e8-4d34-a1a7-53f8be2834e8 (type: ports) to 1 [pid: 8|app: 0|req: 868/1606] 10.0.0.189 () {34 vars in 670 bytes} [Fri Jul 17 04:59:40 2026] POST /v2.0/networks => generated 668 bytes in 809 msecs (HTTP/1.1 201) 4 headers in 162 bytes (1 switches on core 0)
2026-07-17 04:59:41.390 7 INFO neutron.db.segments_db [None req-566bfe5a-de1f-4c00-97d3-63a7a6151a81 53f07850891f4a7291b8279e23079cee b974c980dbba4936968e609d38035ac1 - - default default] Added segment 9144e8d2-0a8f-45c0-a6c9-210321543858 of type geneve for network 2b6855d9-282a-4996-97bc-b4bf70621401
2026-07-17 04:59:41.504 7 INFO neutron.db.ovn_revision_numbers_db [None req-566bfe5a-de1f-4c00-97d3-63a7a6151a81 53f07850891f4a7291b8279e23079cee b974c980dbba4936968e609d38035ac1 - - default default] Successfully bumped revision number for resource 2b6855d9-282a-4996-97bc-b4bf70621401 (type: networks) to 1
2026-07-17 04:59:41.667 7 WARNING neutron.scheduler.dhcp_agent_scheduler [None req-566bfe5a-de1f-4c00-97d3-63a7a6151a81 53f07850891f4a7291b8279e23079cee b974c980dbba4936968e609d38035ac1 - - default default] No more DHCP agents
2026-07-17 04:59:41.669 7 WARNING neutron.api.rpc.agentnotifiers.dhcp_rpc_agent_api [None req-566bfe5a-de1f-4c00-97d3-63a7a6151a81 53f07850891f4a7291b8279e23079cee b974c980dbba4936968e609d38035ac1 - - default default] Unable to schedule network 2b6855d9-282a-4996-97bc-b4bf70621401: no agents available; will retry on subsequent port and subnet creation events.
2026-07-17 04:59:41.722 8 INFO neutron.plugins.ml2.drivers.ovn.mech_driver.mech_driver [None req-0ff68f13-00a8-4b2d-a156-fd791e275491 - - - - - -] OVN reports status down for port: 60367371-0b9c-46c8-b30c-078a31b5ba7a
2026-07-17 04:59:41.742 7 INFO neutron.db.ovn_revision_numbers_db [None req-566bfe5a-de1f-4c00-97d3-63a7a6151a81 53f07850891f4a7291b8279e23079cee b974c980dbba4936968e609d38035ac1 - - default default] Successfully bumped revision number for resource 60367371-0b9c-46c8-b30c-078a31b5ba7a (type: ports) to 1 [pid: 7|app: 0|req: 739/1607] 10.0.0.189 () {34 vars in 670 bytes} [Fri Jul 17 04:59:41 2026] POST /v2.0/networks => generated 667 bytes in 465 msecs (HTTP/1.1 201) 4 headers in 162 bytes (1 switches on core 0)
2026-07-17 04:59:41.806 7 WARNING neutron.plugins.ml2.drivers.ovn.mech_driver.ovsdb.ovn_client [None req-8e140c74-ac23-42fb-b68c-7eb1a71706f9 - - - - - -] No hosting information found for port 306b7e3e-8f55-4873-be3a-66f41b6f895d: RuntimeError: No hosting information found for port 306b7e3e-8f55-4873-be3a-66f41b6f895d [pid: 7|app: 0|req: 740/1608] 10.0.0.189 () {32 vars in 717 bytes} [Fri Jul 17 04:59:41 2026] GET /v2.0/ports/b2db7348-13c8-41a1-bd95-e29b82bfcfa7 => generated 953 bytes in 74 msecs (HTTP/1.1 200) 4 headers in 157 bytes (1 switches on core 0)
2026-07-17 04:59:41.930 7 INFO neutron.db.ovn_revision_numbers_db [None req-8e140c74-ac23-42fb-b68c-7eb1a71706f9 - - - - - -] Successfully bumped revision number for resource 306b7e3e-8f55-4873-be3a-66f41b6f895d (type: router_ports) to 2
2026-07-17 04:59:41.971 7 INFO neutron.plugins.ml2.drivers.ovn.mech_driver.mech_driver [None req-8e140c74-ac23-42fb-b68c-7eb1a71706f9 - - - - - -] OVN reports status down for port: b2db7348-13c8-41a1-bd95-e29b82bfcfa7
2026-07-17 04:59:41.984 8 WARNING neutron.scheduler.dhcp_agent_scheduler [None req-bbde9567-6ec0-41cd-9258-39a8caa5326b 53f07850891f4a7291b8279e23079cee b974c980dbba4936968e609d38035ac1 - - default default] No more DHCP agents
2026-07-17 04:59:41.987 8 WARNING neutron.api.rpc.agentnotifiers.dhcp_rpc_agent_api [None req-bbde9567-6ec0-41cd-9258-39a8caa5326b 53f07850891f4a7291b8279e23079cee b974c980dbba4936968e609d38035ac1 - - default default] Unable to schedule network a187374e-4574-43a0-9a41-40344ffd2088: no agents available; will retry on subsequent port and subnet creation events.
2026-07-17 04:59:42.030 7 WARNING neutron.plugins.ml2.drivers.ovn.mech_driver.ovsdb.ovn_client [None req-8e140c74-ac23-42fb-b68c-7eb1a71706f9 - - - - - -] Logical_Switch_Port b2db7348-13c8-41a1-bd95-e29b82bfcfa7 host information not removed, the port state is up
2026-07-17 04:59:42.030 7 INFO neutron.plugins.ml2.drivers.ovn.mech_driver.mech_driver [None req-8e140c74-ac23-42fb-b68c-7eb1a71706f9 - - - - - -] OVN reports status up for port: b2db7348-13c8-41a1-bd95-e29b82bfcfa7
2026-07-17 04:59:42.042 7 INFO neutron.plugins.ml2.plugin [None req-8e140c74-ac23-42fb-b68c-7eb1a71706f9 - - - - - -] Attempt 1 to provision port b2db7348-13c8-41a1-bd95-e29b82bfcfa7
2026-07-17 04:59:42.432 8 INFO neutron.db.ovn_revision_numbers_db [None req-bbde9567-6ec0-41cd-9258-39a8caa5326b 53f07850891f4a7291b8279e23079cee b974c980dbba4936968e609d38035ac1 - - default default] Successfully bumped revision number for resource 52cb1d1f-83e8-4d34-a1a7-53f8be2834e8 (type: ports) to 2
2026-07-17 04:59:42.451 7 INFO neutron.db.ovn_revision_numbers_db [None req-8e140c74-ac23-42fb-b68c-7eb1a71706f9 - - - - - -] Successfully bumped revision number for resource b2db7348-13c8-41a1-bd95-e29b82bfcfa7 (type: ports) to 2
2026-07-17 04:59:42.462 8 INFO neutron.db.ovn_revision_numbers_db [None req-bbde9567-6ec0-41cd-9258-39a8caa5326b 53f07850891f4a7291b8279e23079cee b974c980dbba4936968e609d38035ac1 - - default default] Successfully bumped revision number for resource 36eeb873-32f3-45df-b36e-96bcf49b8407 (type: subnets) to 0 [pid: 8|app: 0|req: 869/1609] 10.0.0.189 () {34 vars in 669 bytes} [Fri Jul 17 04:59:41 2026] POST /v2.0/subnets => generated 626 bytes in 702 msecs (HTTP/1.1 201) 4 headers in 162 bytes (1 switches on core 0)
2026-07-17 04:59:42.664 7 WARNING neutron.scheduler.dhcp_agent_scheduler [None req-ec24d17d-b35e-40bd-8c88-7e82fc09eb8e 53f07850891f4a7291b8279e23079cee b974c980dbba4936968e609d38035ac1 - - default default] No more DHCP agents
2026-07-17 04:59:42.665 7 WARNING neutron.api.rpc.agentnotifiers.dhcp_rpc_agent_api [None req-ec24d17d-b35e-40bd-8c88-7e82fc09eb8e 53f07850891f4a7291b8279e23079cee b974c980dbba4936968e609d38035ac1 - - default default] Unable to schedule network 2b6855d9-282a-4996-97bc-b4bf70621401: no agents available; will retry on subsequent port and subnet creation events.
2026-07-17 04:59:43.067 8 WARNING neutron.db.securitygroups_db [None req-e463c34e-7941-4f96-8077-bf0701055d97 e3c81812568747ff9cfec0c27b1dbeff aa514930302d4309a556a37e4aff512e - - default default] project_id key not found in filters, using tenant_id instead. This support has been deprecated and will be removed in a future release.
2026-07-17 04:59:43.134 7 INFO neutron.db.ovn_revision_numbers_db [None req-ec24d17d-b35e-40bd-8c88-7e82fc09eb8e 53f07850891f4a7291b8279e23079cee b974c980dbba4936968e609d38035ac1 - - default default] Successfully bumped revision number for resource 60367371-0b9c-46c8-b30c-078a31b5ba7a (type: ports) to 2
2026-07-17 04:59:43.171 7 INFO neutron.db.ovn_revision_numbers_db [None req-ec24d17d-b35e-40bd-8c88-7e82fc09eb8e 53f07850891f4a7291b8279e23079cee b974c980dbba4936968e609d38035ac1 - - default default] Successfully bumped revision number for resource 8245bbf9-2802-473b-b519-46165ca573a8 (type: subnets) to 0 [pid: 7|app: 0|req: 741/1610] 10.0.0.189 () {34 vars in 669 bytes} [Fri Jul 17 04:59:42 2026] POST /v2.0/subnets => generated 626 bytes in 701 msecs (HTTP/1.1 201) 4 headers in 162 bytes (1 switches on core 0)
2026-07-17 04:59:43.222 8 INFO neutron.db.ovn_revision_numbers_db [None req-e463c34e-7941-4f96-8077-bf0701055d97 e3c81812568747ff9cfec0c27b1dbeff aa514930302d4309a556a37e4aff512e - - default default] Successfully bumped revision number for resource 7b14d603-d43f-46e3-abb0-c5561ec8b88a (type: security_groups) to 1
2026-07-17 04:59:43.235 8 INFO neutron.db.ovn_revision_numbers_db [None req-e463c34e-7941-4f96-8077-bf0701055d97 e3c81812568747ff9cfec0c27b1dbeff aa514930302d4309a556a37e4aff512e - - default default] Successfully bumped revision number for resource 17ec4792-9a76-4e8a-8dfd-2f2a79bce8f5 (type: security_group_rules) to 0
2026-07-17 04:59:43.246 8 INFO neutron.db.ovn_revision_numbers_db [None req-e463c34e-7941-4f96-8077-bf0701055d97 e3c81812568747ff9cfec0c27b1dbeff aa514930302d4309a556a37e4aff512e - - default default] Successfully bumped revision number for resource 8943bbf0-565f-40e2-97cd-f8f7827e34b5 (type: security_group_rules) to 0
2026-07-17 04:59:43.257 8 INFO neutron.db.ovn_revision_numbers_db [None req-e463c34e-7941-4f96-8077-bf0701055d97 e3c81812568747ff9cfec0c27b1dbeff aa514930302d4309a556a37e4aff512e - - default default] Successfully bumped revision number for resource a4039ba7-b0e4-49c6-9e87-eb25153dfcd0 (type: security_group_rules) to 0
2026-07-17 04:59:43.290 8 INFO neutron.db.ovn_revision_numbers_db [None req-e463c34e-7941-4f96-8077-bf0701055d97 e3c81812568747ff9cfec0c27b1dbeff aa514930302d4309a556a37e4aff512e - - default default] Successfully bumped revision number for resource d187053e-2e96-4104-b8dd-5ee9550eb55f (type: security_group_rules) to 0 [pid: 7|app: 0|req: 742/1611] 10.0.0.189 () {32 vars in 717 bytes} [Fri Jul 17 04:59:43 2026] GET /v2.0/ports/b2db7348-13c8-41a1-bd95-e29b82bfcfa7 => generated 955 bytes in 108 msecs (HTTP/1.1 200) 4 headers in 157 bytes (1 switches on core 0) [pid: 8|app: 0|req: 870/1612] 10.0.0.189 () {32 vars in 774 bytes} [Fri Jul 17 04:59:42 2026] GET /v2.0/security-groups?tenant_id=47fff0a0d24f44dbb6ef314cf7cffd19&name=default => generated 2925 bytes in 435 msecs (HTTP/1.1 200) 4 headers in 158 bytes (1 switches on core 0)
2026-07-17 04:59:43.415 7 INFO neutron.db.ovn_revision_numbers_db [None req-940ec2e1-be7f-4063-b628-440d54c1d909 53f07850891f4a7291b8279e23079cee b974c980dbba4936968e609d38035ac1 - - default default] Successfully bumped revision number for resource 33b8dbbc-f41c-44ab-b062-3001e615b73f (type: routers) to 1 [pid: 7|app: 0|req: 743/1613] 10.0.0.189 () {34 vars in 669 bytes} [Fri Jul 17 04:59:43 2026] POST /v2.0/routers => generated 624 bytes in 137 msecs (HTTP/1.1 201) 4 headers in 162 bytes (1 switches on core 0)
2026-07-17 04:59:43.593 8 INFO neutron_taas.services.taas.taas_plugin [None req-70964d8f-036d-47a1-9340-41c3f419e888 22b612889e4f474e89d111f63ee32508 0096689acae34435a431c5c7897e0c63 - - default default] TaaS: Handle Delete Port: b2db7348-13c8-41a1-bd95-e29b82bfcfa7
2026-07-17 04:59:43.597 8 INFO neutron_taas.services.taas.tap_mirror_plugin [None req-70964d8f-036d-47a1-9340-41c3f419e888 22b612889e4f474e89d111f63ee32508 0096689acae34435a431c5c7897e0c63 - - default default] Tap Mirror: Handle Delete Port: b2db7348-13c8-41a1-bd95-e29b82bfcfa7 [pid: 7|app: 0|req: 744/1614] 10.0.0.189 () {32 vars in 740 bytes} [Fri Jul 17 04:59:43 2026] DELETE /v2.0/security-groups/7b14d603-d43f-46e3-abb0-c5561ec8b88a => generated 0 bytes in 171 msecs (HTTP/1.1 204) 2 headers in 112 bytes (1 switches on core 0) [pid: 8|app: 0|req: 871/1615] 10.0.0.189 () {34 vars in 789 bytes} [Fri Jul 17 04:59:43 2026] PUT /v2.0/routers/23684a04-44ed-4fe7-ab1f-9068f4dcbc57/remove_router_interface => generated 310 bytes in 622 msecs (HTTP/1.1 200) 4 headers in 157 bytes (1 switches on core 0) /var/lib/openstack/lib/python3.12/site-packages/pycadf/identifier.py:70: UserWarning: Invalid uuid: neutron. To ensure interoperability, identifiers should be a valid uuid. warnings.warn(('Invalid uuid: %s. To ensure interoperability, '
2026-07-17 04:59:43.975 7 WARNING neutron.scheduler.dhcp_agent_scheduler [None req-63b6e9d9-00f1-4841-86cc-485e5bedf5b9 53f07850891f4a7291b8279e23079cee b974c980dbba4936968e609d38035ac1 - - default default] No more DHCP agents
2026-07-17 04:59:43.977 7 WARNING neutron.api.rpc.agentnotifiers.dhcp_rpc_agent_api [None req-63b6e9d9-00f1-4841-86cc-485e5bedf5b9 53f07850891f4a7291b8279e23079cee b974c980dbba4936968e609d38035ac1 - - default default] Unable to schedule network a187374e-4574-43a0-9a41-40344ffd2088: no agents available; will retry on subsequent port and subnet creation events. [pid: 8|app: 0|req: 872/1616] 10.0.0.189 () {32 vars in 717 bytes} [Fri Jul 17 04:59:43 2026] GET /v2.0/ports/306b7e3e-8f55-4873-be3a-66f41b6f895d => generated 947 bytes in 69 msecs (HTTP/1.1 200) 4 headers in 157 bytes (1 switches on core 0)
2026-07-17 04:59:44.103 8 INFO neutron.plugins.ml2.drivers.ovn.mech_driver.mech_driver [None req-0ff68f13-00a8-4b2d-a156-fd791e275491 - - - - - -] OVN reports status down for port: ad234bde-9e70-426f-80b8-ee651bb11220
2026-07-17 04:59:44.121 7 INFO neutron.db.ovn_revision_numbers_db [None req-63b6e9d9-00f1-4841-86cc-485e5bedf5b9 53f07850891f4a7291b8279e23079cee b974c980dbba4936968e609d38035ac1 - - default default] Successfully bumped revision number for resource ad234bde-9e70-426f-80b8-ee651bb11220 (type: ports) to 1
2026-07-17 04:59:44.399 8 INFO neutron_taas.services.taas.taas_plugin [None req-f1baf067-a436-4d1a-8e40-75d168638ad9 22b612889e4f474e89d111f63ee32508 0096689acae34435a431c5c7897e0c63 - - default default] TaaS: Handle Delete Port: 306b7e3e-8f55-4873-be3a-66f41b6f895d
2026-07-17 04:59:44.403 8 INFO neutron_taas.services.taas.tap_mirror_plugin [None req-f1baf067-a436-4d1a-8e40-75d168638ad9 22b612889e4f474e89d111f63ee32508 0096689acae34435a431c5c7897e0c63 - - default default] Tap Mirror: Handle Delete Port: 306b7e3e-8f55-4873-be3a-66f41b6f895d
2026-07-17 04:59:44.650 8 INFO neutron.plugins.ml2.drivers.ovn.mech_driver.mech_driver [None req-0ff68f13-00a8-4b2d-a156-fd791e275491 - - - - - -] OVN reports status up for port: ad234bde-9e70-426f-80b8-ee651bb11220
2026-07-17 04:59:44.669 8 INFO neutron.plugins.ml2.plugin [None req-0ff68f13-00a8-4b2d-a156-fd791e275491 - - - - - -] Attempt 1 to provision port ad234bde-9e70-426f-80b8-ee651bb11220
2026-07-17 04:59:44.673 7 INFO neutron.plugins.ml2.plugin [None req-63b6e9d9-00f1-4841-86cc-485e5bedf5b9 53f07850891f4a7291b8279e23079cee b974c980dbba4936968e609d38035ac1 - - default default] Attempt 1 to provision port ad234bde-9e70-426f-80b8-ee651bb11220
2026-07-17 04:59:44.746 7 WARNING neutron.scheduler.dhcp_agent_scheduler [None req-63b6e9d9-00f1-4841-86cc-485e5bedf5b9 53f07850891f4a7291b8279e23079cee b974c980dbba4936968e609d38035ac1 - - default default] No more DHCP agents
2026-07-17 04:59:44.747 7 WARNING neutron.api.rpc.agentnotifiers.dhcp_rpc_agent_api [None req-63b6e9d9-00f1-4841-86cc-485e5bedf5b9 53f07850891f4a7291b8279e23079cee b974c980dbba4936968e609d38035ac1 - - default default] Unable to schedule network a187374e-4574-43a0-9a41-40344ffd2088: no agents available; will retry on subsequent port and subnet creation events. [pid: 8|app: 0|req: 873/1617] 10.0.0.189 () {34 vars in 789 bytes} [Fri Jul 17 04:59:44 2026] PUT /v2.0/routers/23684a04-44ed-4fe7-ab1f-9068f4dcbc57/remove_router_interface => generated 310 bytes in 739 msecs (HTTP/1.1 200) 4 headers in 157 bytes (1 switches on core 0)
2026-07-17 04:59:44.924 7 INFO neutron.db.ovn_revision_numbers_db [None req-63b6e9d9-00f1-4841-86cc-485e5bedf5b9 53f07850891f4a7291b8279e23079cee b974c980dbba4936968e609d38035ac1 - - default default] Successfully bumped revision number for resource ad234bde-9e70-426f-80b8-ee651bb11220 (type: router_ports) to 1 [pid: 7|app: 0|req: 745/1618] 10.0.0.189 () {34 vars in 783 bytes} [Fri Jul 17 04:59:43 2026] PUT /v2.0/routers/33b8dbbc-f41c-44ab-b062-3001e615b73f/add_router_interface => generated 310 bytes in 1326 msecs (HTTP/1.1 200) 4 headers in 157 bytes (1 switches on core 0) [pid: 7|app: 0|req: 746/1619] 10.0.0.189 () {32 vars in 736 bytes} [Fri Jul 17 04:59:44 2026] GET /v2.0/ports?device_id=23684a04-44ed-4fe7-ab1f-9068f4dcbc57 => generated 12 bytes in 19 msecs (HTTP/1.1 200) 4 headers in 156 bytes (1 switches on core 0) /var/lib/openstack/lib/python3.12/site-packages/pycadf/identifier.py:70: UserWarning: Invalid uuid: neutron. To ensure interoperability, identifiers should be a valid uuid. warnings.warn(('Invalid uuid: %s. To ensure interoperability, ' [pid: 7|app: 0|req: 747/1620] 10.0.0.189 () {32 vars in 717 bytes} [Fri Jul 17 04:59:44 2026] GET /v2.0/ports/ad234bde-9e70-426f-80b8-ee651bb11220 => generated 943 bytes in 88 msecs (HTTP/1.1 200) 4 headers in 157 bytes (1 switches on core 0) [pid: 7|app: 0|req: 748/1621] 10.0.0.189 () {32 vars in 724 bytes} [Fri Jul 17 04:59:45 2026] DELETE /v2.0/routers/23684a04-44ed-4fe7-ab1f-9068f4dcbc57 => generated 0 bytes in 192 msecs (HTTP/1.1 204) 2 headers in 112 bytes (1 switches on core 0)
2026-07-17 04:59:45.299 8 INFO neutron.db.ovn_revision_numbers_db [None req-0ff68f13-00a8-4b2d-a156-fd791e275491 - - - - - -] Successfully bumped revision number for resource ad234bde-9e70-426f-80b8-ee651bb11220 (type: ports) to 2
2026-07-17 04:59:45.317 8 INFO neutron.db.ovn_revision_numbers_db [None req-adba38cd-185c-43bf-ad3a-5d55940b8197 11f179028c2a4dd4bda18eaec3d63570 c027ac403d4745dc9a8c7af88dd659c2 - - default default] Successfully bumped revision number for resource 4091ae78-1d59-4aaa-8630-e951ce09c193 (type: security_groups) to 1
2026-07-17 04:59:45.345 8 INFO neutron.db.ovn_revision_numbers_db [None req-adba38cd-185c-43bf-ad3a-5d55940b8197 11f179028c2a4dd4bda18eaec3d63570 c027ac403d4745dc9a8c7af88dd659c2 - - default default] Successfully bumped revision number for resource 454f6864-8f73-42e7-906a-d917dac856fa (type: security_group_rules) to 0
2026-07-17 04:59:45.367 8 INFO neutron.db.ovn_revision_numbers_db [None req-adba38cd-185c-43bf-ad3a-5d55940b8197 11f179028c2a4dd4bda18eaec3d63570 c027ac403d4745dc9a8c7af88dd659c2 - - default default] Successfully bumped revision number for resource 5ab77072-2791-4ce7-9299-ffc67b6d7d1a (type: security_group_rules) to 0
2026-07-17 04:59:45.388 8 INFO neutron.db.ovn_revision_numbers_db [None req-adba38cd-185c-43bf-ad3a-5d55940b8197 11f179028c2a4dd4bda18eaec3d63570 c027ac403d4745dc9a8c7af88dd659c2 - - default default] Successfully bumped revision number for resource 7d26c290-45c4-4ea1-8075-ac8c2f60f7b1 (type: security_group_rules) to 0
2026-07-17 04:59:45.407 8 INFO neutron.db.ovn_revision_numbers_db [None req-adba38cd-185c-43bf-ad3a-5d55940b8197 11f179028c2a4dd4bda18eaec3d63570 c027ac403d4745dc9a8c7af88dd659c2 - - default default] Successfully bumped revision number for resource 98e087d1-0e5e-4130-9099-ccaf3f2a56de (type: security_group_rules) to 0
2026-07-17 04:59:45.501 8 INFO neutron.db.segments_db [None req-adba38cd-185c-43bf-ad3a-5d55940b8197 11f179028c2a4dd4bda18eaec3d63570 c027ac403d4745dc9a8c7af88dd659c2 - - default default] Added segment ce283bc8-7d99-4ecd-9afd-e06d38ce9aa5 of type geneve for network 73edd5c2-ff33-4c5f-997f-0ccdf386f383
2026-07-17 04:59:45.611 8 INFO neutron.db.ovn_revision_numbers_db [None req-adba38cd-185c-43bf-ad3a-5d55940b8197 11f179028c2a4dd4bda18eaec3d63570 c027ac403d4745dc9a8c7af88dd659c2 - - default default] Successfully bumped revision number for resource 73edd5c2-ff33-4c5f-997f-0ccdf386f383 (type: networks) to 1
2026-07-17 04:59:45.668 7 WARNING neutron.scheduler.dhcp_agent_scheduler [None req-af8c64ff-c4d1-42c9-88d0-66cc11fb09a5 53f07850891f4a7291b8279e23079cee b974c980dbba4936968e609d38035ac1 - - default default] No more DHCP agents
2026-07-17 04:59:45.669 7 WARNING neutron.api.rpc.agentnotifiers.dhcp_rpc_agent_api [None req-af8c64ff-c4d1-42c9-88d0-66cc11fb09a5 53f07850891f4a7291b8279e23079cee b974c980dbba4936968e609d38035ac1 - - default default] Unable to schedule network 2b6855d9-282a-4996-97bc-b4bf70621401: no agents available; will retry on subsequent port and subnet creation events.
2026-07-17 04:59:45.777 7 INFO neutron.db.ovn_revision_numbers_db [None req-af8c64ff-c4d1-42c9-88d0-66cc11fb09a5 53f07850891f4a7291b8279e23079cee b974c980dbba4936968e609d38035ac1 - - default default] Successfully bumped revision number for resource aa9a2b0b-ff89-43ac-964e-fa02221d602e (type: ports) to 1
2026-07-17 04:59:45.823 8 WARNING neutron.scheduler.dhcp_agent_scheduler [None req-adba38cd-185c-43bf-ad3a-5d55940b8197 11f179028c2a4dd4bda18eaec3d63570 c027ac403d4745dc9a8c7af88dd659c2 - - default default] No more DHCP agents
2026-07-17 04:59:45.824 8 WARNING neutron.api.rpc.agentnotifiers.dhcp_rpc_agent_api [None req-adba38cd-185c-43bf-ad3a-5d55940b8197 11f179028c2a4dd4bda18eaec3d63570 c027ac403d4745dc9a8c7af88dd659c2 - - default default] Unable to schedule network 73edd5c2-ff33-4c5f-997f-0ccdf386f383: no agents available; will retry on subsequent port and subnet creation events.
2026-07-17 04:59:45.928 8 INFO neutron.db.ovn_revision_numbers_db [None req-adba38cd-185c-43bf-ad3a-5d55940b8197 11f179028c2a4dd4bda18eaec3d63570 c027ac403d4745dc9a8c7af88dd659c2 - - default default] Successfully bumped revision number for resource 44223476-def6-4ff8-8160-288259e96298 (type: ports) to 1 [pid: 8|app: 0|req: 874/1622] 10.0.0.189 () {34 vars in 670 bytes} [Fri Jul 17 04:59:44 2026] POST /v2.0/networks => generated 669 bytes in 1179 msecs (HTTP/1.1 201) 4 headers in 162 bytes (1 switches on core 0) [pid: 8|app: 0|req: 875/1623] 10.0.0.189 () {32 vars in 724 bytes} [Fri Jul 17 04:59:45 2026] DELETE /v2.0/subnets/4dd4b3da-5c05-4d62-b581-62b9986fcfeb => generated 0 bytes in 159 msecs (HTTP/1.1 204) 3 headers in 131 bytes (1 switches on core 0)
2026-07-17 04:59:46.280 8 WARNING neutron.scheduler.dhcp_agent_scheduler [None req-32367931-bc71-42e5-a8a3-d0b02d73d5a0 11f179028c2a4dd4bda18eaec3d63570 c027ac403d4745dc9a8c7af88dd659c2 - - default default] No more DHCP agents
2026-07-17 04:59:46.282 8 WARNING neutron.api.rpc.agentnotifiers.dhcp_rpc_agent_api [None req-32367931-bc71-42e5-a8a3-d0b02d73d5a0 11f179028c2a4dd4bda18eaec3d63570 c027ac403d4745dc9a8c7af88dd659c2 - - default default] Unable to schedule network 73edd5c2-ff33-4c5f-997f-0ccdf386f383: no agents available; will retry on subsequent port and subnet creation events.
2026-07-17 04:59:46.508 7 WARNING neutron.scheduler.dhcp_agent_scheduler [None req-af8c64ff-c4d1-42c9-88d0-66cc11fb09a5 53f07850891f4a7291b8279e23079cee b974c980dbba4936968e609d38035ac1 - - default default] No more DHCP agents
2026-07-17 04:59:46.511 7 WARNING neutron.api.rpc.agentnotifiers.dhcp_rpc_agent_api [None req-af8c64ff-c4d1-42c9-88d0-66cc11fb09a5 53f07850891f4a7291b8279e23079cee b974c980dbba4936968e609d38035ac1 - - default default] Unable to schedule network 2b6855d9-282a-4996-97bc-b4bf70621401: no agents available; will retry on subsequent port and subnet creation events.
2026-07-17 04:59:46.698 7 INFO neutron.db.ovn_revision_numbers_db [None req-af8c64ff-c4d1-42c9-88d0-66cc11fb09a5 53f07850891f4a7291b8279e23079cee b974c980dbba4936968e609d38035ac1 - - default default] Successfully bumped revision number for resource aa9a2b0b-ff89-43ac-964e-fa02221d602e (type: router_ports) to 1 [pid: 7|app: 0|req: 749/1624] 10.0.0.189 () {34 vars in 783 bytes} [Fri Jul 17 04:59:45 2026] PUT /v2.0/routers/33b8dbbc-f41c-44ab-b062-3001e615b73f/add_router_interface => generated 310 bytes in 1471 msecs (HTTP/1.1 200) 4 headers in 157 bytes (1 switches on core 0) [pid: 7|app: 0|req: 750/1625] 10.0.0.189 () {32 vars in 724 bytes} [Fri Jul 17 04:59:46 2026] DELETE /v2.0/subnets/fd2cf2a8-0891-485f-a2f6-ae09e788f417 => generated 0 bytes in 166 msecs (HTTP/1.1 204) 3 headers in 131 bytes (1 switches on core 0)
2026-07-17 04:59:46.895 8 INFO neutron.db.ovn_revision_numbers_db [None req-32367931-bc71-42e5-a8a3-d0b02d73d5a0 11f179028c2a4dd4bda18eaec3d63570 c027ac403d4745dc9a8c7af88dd659c2 - - default default] Successfully bumped revision number for resource 44223476-def6-4ff8-8160-288259e96298 (type: ports) to 2 [pid: 7|app: 0|req: 751/1626] 10.0.0.189 () {32 vars in 717 bytes} [Fri Jul 17 04:59:46 2026] GET /v2.0/ports/aa9a2b0b-ff89-43ac-964e-fa02221d602e => generated 941 bytes in 54 msecs (HTTP/1.1 200) 4 headers in 157 bytes (1 switches on core 0)
2026-07-17 04:59:46.929 8 INFO neutron.db.ovn_revision_numbers_db [None req-32367931-bc71-42e5-a8a3-d0b02d73d5a0 11f179028c2a4dd4bda18eaec3d63570 c027ac403d4745dc9a8c7af88dd659c2 - - default default] Successfully bumped revision number for resource 84e70871-deb9-4e20-9149-1e29a5959ad3 (type: subnets) to 0 [pid: 8|app: 0|req: 876/1627] 10.0.0.189 () {34 vars in 669 bytes} [Fri Jul 17 04:59:46 2026] POST /v2.0/subnets => generated 626 bytes in 832 msecs (HTTP/1.1 201) 4 headers in 162 bytes (1 switches on core 0) [pid: 8|app: 0|req: 877/1628] 10.0.0.189 () {32 vars in 717 bytes} [Fri Jul 17 04:59:46 2026] GET /v2.0/ports/aa9a2b0b-ff89-43ac-964e-fa02221d602e => generated 941 bytes in 57 msecs (HTTP/1.1 200) 4 headers in 157 bytes (1 switches on core 0)
2026-07-17 04:59:47.038 7 INFO neutron_taas.services.taas.taas_plugin [None req-83fcc0b3-6932-4a46-959d-d2a059aeec1b 22b612889e4f474e89d111f63ee32508 0096689acae34435a431c5c7897e0c63 - - default default] TaaS: Handle Delete Port: d13b17ae-d0c7-4651-bc07-b8cb9a7e8117
2026-07-17 04:59:47.044 7 INFO neutron_taas.services.taas.tap_mirror_plugin [None req-83fcc0b3-6932-4a46-959d-d2a059aeec1b 22b612889e4f474e89d111f63ee32508 0096689acae34435a431c5c7897e0c63 - - default default] Tap Mirror: Handle Delete Port: d13b17ae-d0c7-4651-bc07-b8cb9a7e8117
2026-07-17 04:59:47.080 8 INFO neutron.db.segments_db [None req-6977b667-2cb6-4754-a940-7bc2d9c26d29 11f179028c2a4dd4bda18eaec3d63570 c027ac403d4745dc9a8c7af88dd659c2 - - default default] Added segment 0ca6be2d-889a-4ac7-a58a-b2ebe74fcb61 of type geneve for network 30ebfd14-4db2-4719-9042-6700a1f46e9e
2026-07-17 04:59:47.187 8 INFO neutron.db.ovn_revision_numbers_db [None req-6977b667-2cb6-4754-a940-7bc2d9c26d29 11f179028c2a4dd4bda18eaec3d63570 c027ac403d4745dc9a8c7af88dd659c2 - - default default] Successfully bumped revision number for resource 30ebfd14-4db2-4719-9042-6700a1f46e9e (type: networks) to 1
2026-07-17 04:59:47.238 7 INFO neutron.services.segments.plugin [-] Segment 2c1d0ee6-8925-4ba5-9c5f-b40646f6469d resource provider aggregate not found
2026-07-17 04:59:47.245 7 INFO neutron.services.segments.plugin [-] Segment 2c1d0ee6-8925-4ba5-9c5f-b40646f6469d resource provider aggregate not found
2026-07-17 04:59:47.264 7 INFO neutron.services.segments.plugin [-] Client error retrieving segment 2c1d0ee6-8925-4ba5-9c5f-b40646f6469d resource provider; error: Placement Client Error (4xx): {"errors": [{"status": 404, "title": "Not Found", "detail": "The resource could not be found.\n\n No resource provider with uuid 2c1d0ee6-8925-4ba5-9c5f-b40646f6469d found for delete ", "request_id": "req-eeeb01b0-7aac-48c1-bb55-fa3ea008b0d1"}]}
2026-07-17 04:59:47.276 7 INFO neutron.services.segments.plugin [-] Client error retrieving segment 2c1d0ee6-8925-4ba5-9c5f-b40646f6469d resource provider; error: Placement Client Error (4xx): {"errors": [{"status": 404, "title": "Not Found", "detail": "The resource could not be found.\n\n No resource provider with uuid 2c1d0ee6-8925-4ba5-9c5f-b40646f6469d found for delete ", "request_id": "req-b3b34166-630f-46fa-817a-34ef4f20f331"}]} [pid: 7|app: 0|req: 752/1629] 10.0.0.189 () {32 vars in 726 bytes} [Fri Jul 17 04:59:46 2026] DELETE /v2.0/networks/18b45750-6c57-4e4a-aeb7-40716ecd03ec => generated 0 bytes in 381 msecs (HTTP/1.1 204) 3 headers in 131 bytes (1 switches on core 0)
2026-07-17 04:59:47.386 8 WARNING neutron.scheduler.dhcp_agent_scheduler [None req-6977b667-2cb6-4754-a940-7bc2d9c26d29 11f179028c2a4dd4bda18eaec3d63570 c027ac403d4745dc9a8c7af88dd659c2 - - default default] No more DHCP agents
2026-07-17 04:59:47.388 8 WARNING neutron.api.rpc.agentnotifiers.dhcp_rpc_agent_api [None req-6977b667-2cb6-4754-a940-7bc2d9c26d29 11f179028c2a4dd4bda18eaec3d63570 c027ac403d4745dc9a8c7af88dd659c2 - - default default] Unable to schedule network 30ebfd14-4db2-4719-9042-6700a1f46e9e: no agents available; will retry on subsequent port and subnet creation events.
2026-07-17 04:59:47.458 7 INFO neutron_taas.services.taas.taas_plugin [None req-f524b2cf-ec3a-4bb1-9507-7c7ee68f54d5 22b612889e4f474e89d111f63ee32508 0096689acae34435a431c5c7897e0c63 - - default default] TaaS: Handle Delete Port: 03001ba5-ef2e-4b80-a251-b2895baf6b9e
2026-07-17 04:59:47.461 7 INFO neutron_taas.services.taas.tap_mirror_plugin [None req-f524b2cf-ec3a-4bb1-9507-7c7ee68f54d5 22b612889e4f474e89d111f63ee32508 0096689acae34435a431c5c7897e0c63 - - default default] Tap Mirror: Handle Delete Port: 03001ba5-ef2e-4b80-a251-b2895baf6b9e
2026-07-17 04:59:47.484 8 INFO neutron.db.ovn_revision_numbers_db [None req-6977b667-2cb6-4754-a940-7bc2d9c26d29 11f179028c2a4dd4bda18eaec3d63570 c027ac403d4745dc9a8c7af88dd659c2 - - default default] Successfully bumped revision number for resource 215b7a2b-6ae3-40fc-abc2-7cc950c0ec20 (type: ports) to 1 [pid: 8|app: 0|req: 878/1630] 10.0.0.189 () {34 vars in 670 bytes} [Fri Jul 17 04:59:47 2026] POST /v2.0/networks => generated 670 bytes in 507 msecs (HTTP/1.1 201) 4 headers in 162 bytes (1 switches on core 0) [pid: 7|app: 0|req: 753/1631] 10.0.0.189 () {32 vars in 726 bytes} [Fri Jul 17 04:59:47 2026] DELETE /v2.0/networks/0fd3218c-a203-4de8-b3b7-e8f52962d80b => generated 0 bytes in 353 msecs (HTTP/1.1 204) 3 headers in 131 bytes (1 switches on core 0)
2026-07-17 04:59:47.678 8 WARNING neutron.scheduler.dhcp_agent_scheduler [None req-d671f42f-f392-4dc1-81a5-d53f3da07865 11f179028c2a4dd4bda18eaec3d63570 c027ac403d4745dc9a8c7af88dd659c2 - - default default] No more DHCP agents
2026-07-17 04:59:47.680 8 WARNING neutron.api.rpc.agentnotifiers.dhcp_rpc_agent_api [None req-d671f42f-f392-4dc1-81a5-d53f3da07865 11f179028c2a4dd4bda18eaec3d63570 c027ac403d4745dc9a8c7af88dd659c2 - - default default] Unable to schedule network 30ebfd14-4db2-4719-9042-6700a1f46e9e: no agents available; will retry on subsequent port and subnet creation events.
2026-07-17 04:59:47.755 7 INFO neutron.db.segments_db [None req-b9966f7f-1f7f-4d05-8869-f3e2c7f4e38d 22b612889e4f474e89d111f63ee32508 0096689acae34435a431c5c7897e0c63 - - default default] Added segment 098d17b9-0e8e-46cf-b05a-15ba64712956 of type geneve for network 35c033a2-f087-43e1-9e23-82302c18c45d
2026-07-17 04:59:47.792 7 WARNING neutron.plugins.ml2.drivers.ovn.mech_driver.ovsdb.ovn_client [None req-67b5e449-af4a-48dc-bce3-eae45aa95cf6 - - - - - -] No port found with ID b2db7348-13c8-41a1-bd95-e29b82bfcfa7: RuntimeError: No port found with ID b2db7348-13c8-41a1-bd95-e29b82bfcfa7
2026-07-17 04:59:47.813 7 INFO neutron.plugins.ml2.drivers.ovn.mech_driver.mech_driver [None req-67b5e449-af4a-48dc-bce3-eae45aa95cf6 - - - - - -] OVN reports status down for port: 52cb1d1f-83e8-4d34-a1a7-53f8be2834e8
2026-07-17 04:59:47.968 7 INFO neutron.db.ovn_revision_numbers_db [None req-b9966f7f-1f7f-4d05-8869-f3e2c7f4e38d 22b612889e4f474e89d111f63ee32508 0096689acae34435a431c5c7897e0c63 - - default default] Successfully bumped revision number for resource 35c033a2-f087-43e1-9e23-82302c18c45d (type: networks) to 1
2026-07-17 04:59:48.121 8 INFO neutron.db.ovn_revision_numbers_db [None req-d671f42f-f392-4dc1-81a5-d53f3da07865 11f179028c2a4dd4bda18eaec3d63570 c027ac403d4745dc9a8c7af88dd659c2 - - default default] Successfully bumped revision number for resource 215b7a2b-6ae3-40fc-abc2-7cc950c0ec20 (type: ports) to 2
