2026-07-17 05:00:21.116 7 INFO neutron.db.ovn_revision_numbers_db [None req-cddf2ca0-e54a-4862-9d00-6d7039a4d639 e3c81812568747ff9cfec0c27b1dbeff aa514930302d4309a556a37e4aff512e - - default default] Successfully bumped revision number for resource b7a0bffb-a8c1-4dc3-a06d-f5c474b28ddf (type: security_group_rules) to 0
2026-07-17 05:00:21.131 7 INFO neutron.db.ovn_revision_numbers_db [None req-cddf2ca0-e54a-4862-9d00-6d7039a4d639 e3c81812568747ff9cfec0c27b1dbeff aa514930302d4309a556a37e4aff512e - - default default] Successfully bumped revision number for resource e4122056-02c6-4a4e-a075-d8c2a120a92c (type: security_group_rules) to 0 [pid: 8|app: 0|req: 1019/1897] 10.0.0.189 () {32 vars in 684 bytes} [Fri Jul 17 05:00:21 2026] GET /v2.0/trunks?tags-any=red%2Cblue => generated 1252 bytes in 16 msecs (HTTP/1.1 200) 4 headers in 158 bytes (1 switches on core 0) [pid: 8|app: 0|req: 1020/1898] 10.0.0.189 () {32 vars in 670 bytes} [Fri Jul 17 05:00:21 2026] GET /v2.0/trunks?not-tags=red => generated 819 bytes in 16 msecs (HTTP/1.1 200) 4 headers in 157 bytes (1 switches on core 0) [pid: 7|app: 0|req: 879/1899] 10.0.0.189 () {32 vars in 774 bytes} [Fri Jul 17 05:00:20 2026] GET /v2.0/security-groups?tenant_id=8d44404191d6444eb0d264cae3578cf0&name=default => generated 2925 bytes in 260 msecs (HTTP/1.1 200) 4 headers in 158 bytes (1 switches on core 0) [pid: 8|app: 0|req: 1021/1902] 10.0.0.189 () {32 vars in 684 bytes} [Fri Jul 17 05:00:21 2026] GET /v2.0/trunks?not-tags=red%2Cblue => generated 1224 bytes in 19 msecs (HTTP/1.1 200) 4 headers in 158 bytes (1 switches on core 0) [pid: 8|app: 0|req: 1022/1903] 10.0.0.189 () {32 vars in 680 bytes} [Fri Jul 17 05:00:21 2026] GET /v2.0/trunks?not-tags-any=blue => generated 1224 bytes in 16 msecs (HTTP/1.1 200) 4 headers in 158 bytes (1 switches on core 0) [pid: 8|app: 0|req: 1023/1904] 10.0.0.189 () {32 vars in 692 bytes} [Fri Jul 17 05:00:21 2026] GET /v2.0/trunks?not-tags-any=red%2Cblue => generated 819 bytes in 15 msecs (HTTP/1.1 200) 4 headers in 157 bytes (1 switches on core 0) [pid: 8|app: 0|req: 1024/1905] 10.0.0.189 () {32 vars in 719 bytes} [Fri Jul 17 05:00:21 2026] GET /v2.0/trunks/d0600c01-7e0c-413d-9c8d-03d297699682 => generated 414 bytes in 13 msecs (HTTP/1.1 200) 4 headers in 157 bytes (1 switches on core 0) [pid: 8|app: 0|req: 1025/1906] 10.0.0.189 () {32 vars in 717 bytes} [Fri Jul 17 05:00:21 2026] GET /v2.0/ports/f407aa3b-e1f6-4cea-b711-d7791fdb0f89 => generated 826 bytes in 119 msecs (HTTP/1.1 200) 4 headers in 157 bytes (1 switches on core 0) [pid: 7|app: 0|req: 882/1907] 10.0.0.189 () {32 vars in 740 bytes} [Fri Jul 17 05:00:21 2026] DELETE /v2.0/security-groups/0c4e1aa8-77af-4530-951e-0739e6849c74 => generated 0 bytes in 200 msecs (HTTP/1.1 204) 2 headers in 112 bytes (1 switches on core 0) [pid: 8|app: 0|req: 1026/1908] 10.0.0.189 () {32 vars in 722 bytes} [Fri Jul 17 05:00:21 2026] DELETE /v2.0/trunks/d0600c01-7e0c-413d-9c8d-03d297699682 => generated 0 bytes in 65 msecs (HTTP/1.1 204) 2 headers in 112 bytes (1 switches on core 0) [pid: 7|app: 0|req: 883/1909] 10.0.0.189 () {32 vars in 719 bytes} [Fri Jul 17 05:00:21 2026] GET /v2.0/trunks/a13da0d9-7796-4350-a0d8-68c280d26dc1 => generated 422 bytes in 17 msecs (HTTP/1.1 200) 4 headers in 157 bytes (1 switches on core 0)
2026-07-17 05:00:21.529 7 WARNING neutron.db.securitygroups_db [None req-e1339b71-9539-4097-94d7-ec675d2cb058 e3c81812568747ff9cfec0c27b1dbeff aa514930302d4309a556a37e4aff512e - - default default] project_id key not found in filters, using tenant_id instead. This support has been deprecated and will be removed in a future release. [pid: 8|app: 0|req: 1027/1910] 10.0.0.189 () {32 vars in 717 bytes} [Fri Jul 17 05:00:21 2026] GET /v2.0/ports/425350ed-25dd-457d-b443-2448375109d0 => generated 826 bytes in 86 msecs (HTTP/1.1 200) 4 headers in 157 bytes (1 switches on core 0) [pid: 8|app: 0|req: 1028/1911] 10.0.0.189 () {32 vars in 722 bytes} [Fri Jul 17 05:00:21 2026] DELETE /v2.0/trunks/a13da0d9-7796-4350-a0d8-68c280d26dc1 => generated 0 bytes in 81 msecs (HTTP/1.1 204) 2 headers in 112 bytes (1 switches on core 0)
2026-07-17 05:00:21.670 7 INFO neutron.db.ovn_revision_numbers_db [None req-e1339b71-9539-4097-94d7-ec675d2cb058 e3c81812568747ff9cfec0c27b1dbeff aa514930302d4309a556a37e4aff512e - - default default] Successfully bumped revision number for resource 88f158c2-ede8-4854-86d0-862d329a0244 (type: security_groups) to 1
2026-07-17 05:00:21.693 7 INFO neutron.db.ovn_revision_numbers_db [None req-e1339b71-9539-4097-94d7-ec675d2cb058 e3c81812568747ff9cfec0c27b1dbeff aa514930302d4309a556a37e4aff512e - - default default] Successfully bumped revision number for resource 1a6f03e6-d912-48c1-ac8a-22f1a2a4df3f (type: security_group_rules) to 0
2026-07-17 05:00:21.708 7 INFO neutron.db.ovn_revision_numbers_db [None req-e1339b71-9539-4097-94d7-ec675d2cb058 e3c81812568747ff9cfec0c27b1dbeff aa514930302d4309a556a37e4aff512e - - default default] Successfully bumped revision number for resource 25633c65-f07c-445d-a120-4ce9bc665938 (type: security_group_rules) to 0
2026-07-17 05:00:21.722 7 INFO neutron.db.ovn_revision_numbers_db [None req-e1339b71-9539-4097-94d7-ec675d2cb058 e3c81812568747ff9cfec0c27b1dbeff aa514930302d4309a556a37e4aff512e - - default default] Successfully bumped revision number for resource 3144d0c7-fb35-4bef-a55c-c492d6921d9e (type: security_group_rules) to 0
2026-07-17 05:00:21.739 7 INFO neutron.db.ovn_revision_numbers_db [None req-e1339b71-9539-4097-94d7-ec675d2cb058 e3c81812568747ff9cfec0c27b1dbeff aa514930302d4309a556a37e4aff512e - - default default] Successfully bumped revision number for resource 7ea7fc9a-45cf-4764-9575-83dceb486b3e (type: security_group_rules) to 0 [pid: 7|app: 0|req: 884/1912] 10.0.0.189 () {32 vars in 774 bytes} [Fri Jul 17 05:00:21 2026] GET /v2.0/security-groups?tenant_id=6f483e25e10b49818051ae43266d52ff&name=default => generated 2925 bytes in 273 msecs (HTTP/1.1 200) 4 headers in 158 bytes (1 switches on core 0) [pid: 7|app: 0|req: 885/1913] 10.0.0.189 () {32 vars in 719 bytes} [Fri Jul 17 05:00:21 2026] GET /v2.0/trunks/458b40ca-816a-430a-aca0-786c26d0d845 => generated 431 bytes in 24 msecs (HTTP/1.1 200) 4 headers in 157 bytes (1 switches on core 0) [pid: 8|app: 0|req: 1029/1914] 10.0.0.189 () {34 vars in 677 bytes} [Fri Jul 17 05:00:21 2026] POST /v2.0/subnetpools => generated 549 bytes in 191 msecs (HTTP/1.1 201) 4 headers in 162 bytes (1 switches on core 0) [pid: 8|app: 0|req: 1030/1915] 10.0.0.189 () {32 vars in 717 bytes} [Fri Jul 17 05:00:21 2026] GET /v2.0/ports/df2ecbb7-4336-4130-b61c-75bff7e4f583 => generated 826 bytes in 89 msecs (HTTP/1.1 200) 4 headers in 157 bytes (1 switches on core 0) [pid: 8|app: 0|req: 1031/1916] 10.0.0.189 () {32 vars in 729 bytes} [Fri Jul 17 05:00:21 2026] GET /v2.0/subnetpools/fd5bc057-fd07-4659-91bf-03910d7972c5 => generated 549 bytes in 13 msecs (HTTP/1.1 200) 4 headers in 157 bytes (1 switches on core 0) [pid: 7|app: 0|req: 886/1917] 10.0.0.189 () {32 vars in 740 bytes} [Fri Jul 17 05:00:21 2026] DELETE /v2.0/security-groups/88f158c2-ede8-4854-86d0-862d329a0244 => generated 0 bytes in 187 msecs (HTTP/1.1 204) 2 headers in 112 bytes (1 switches on core 0) [pid: 8|app: 0|req: 1032/1918] 10.0.0.189 () {32 vars in 722 bytes} [Fri Jul 17 05:00:21 2026] DELETE /v2.0/trunks/458b40ca-816a-430a-aca0-786c26d0d845 => generated 0 bytes in 99 msecs (HTTP/1.1 204) 2 headers in 112 bytes (1 switches on core 0) [pid: 8|app: 0|req: 1033/1919] 10.0.0.189 () {32 vars in 719 bytes} [Fri Jul 17 05:00:22 2026] GET /v2.0/trunks/d824ab0d-55ad-4b94-a2c4-f728e28dca9f => generated 416 bytes in 12 msecs (HTTP/1.1 200) 4 headers in 157 bytes (1 switches on core 0) [pid: 7|app: 0|req: 887/1920] 10.0.0.189 () {34 vars in 749 bytes} [Fri Jul 17 05:00:22 2026] PUT /v2.0/subnetpools/fd5bc057-fd07-4659-91bf-03910d7972c5 => generated 500 bytes in 75 msecs (HTTP/1.1 200) 4 headers in 157 bytes (1 switches on core 0) [pid: 8|app: 0|req: 1034/1921] 10.0.0.189 () {32 vars in 717 bytes} [Fri Jul 17 05:00:22 2026] GET /v2.0/ports/d07e7eda-9025-4dc9-94d2-1f3047582da2 => generated 826 bytes in 44 msecs (HTTP/1.1 200) 4 headers in 157 bytes (1 switches on core 0) [pid: 7|app: 0|req: 888/1922] 10.0.0.189 () {32 vars in 732 bytes} [Fri Jul 17 05:00:22 2026] DELETE /v2.0/subnetpools/fd5bc057-fd07-4659-91bf-03910d7972c5 => generated 0 bytes in 69 msecs (HTTP/1.1 204) 2 headers in 112 bytes (1 switches on core 0) [pid: 8|app: 0|req: 1035/1923] 10.0.0.189 () {32 vars in 722 bytes} [Fri Jul 17 05:00:22 2026] DELETE /v2.0/trunks/d824ab0d-55ad-4b94-a2c4-f728e28dca9f => generated 0 bytes in 77 msecs (HTTP/1.1 204) 2 headers in 112 bytes (1 switches on core 0)
2026-07-17 05:00:22.175 7 INFO neutron.api.v2.resource [None req-d0cc26b3-7f37-4886-99f7-aea6435a7d0a cb3757d8b1b74d66816263e65cc6cd82 d89240ee1c1d45258d0b046e5f14fe81 - - default default] show failed (client error): The resource could not be found. [pid: 7|app: 0|req: 889/1924] 10.0.0.189 () {32 vars in 729 bytes} [Fri Jul 17 05:00:22 2026] GET /v2.0/subnetpools/fd5bc057-fd07-4659-91bf-03910d7972c5 => generated 145 bytes in 14 msecs (HTTP/1.1 404) 4 headers in 164 bytes (1 switches on core 0)
2026-07-17 05:00:22.194 7 INFO neutron.api.v2.resource [None req-c3f55246-d831-4657-90b9-58af9c76717d cb3757d8b1b74d66816263e65cc6cd82 d89240ee1c1d45258d0b046e5f14fe81 - - default default] delete failed (client error): The resource could not be found. [pid: 7|app: 0|req: 890/1925] 10.0.0.189 () {32 vars in 732 bytes} [Fri Jul 17 05:00:22 2026] DELETE /v2.0/subnetpools/fd5bc057-fd07-4659-91bf-03910d7972c5 => generated 145 bytes in 13 msecs (HTTP/1.1 404) 4 headers in 164 bytes (1 switches on core 0) [pid: 8|app: 0|req: 1036/1926] 10.0.0.189 () {32 vars in 719 bytes} [Fri Jul 17 05:00:22 2026] GET /v2.0/trunks/a627c5cc-6395-4f10-b837-bde4a597087e => generated 409 bytes in 17 msecs (HTTP/1.1 200) 4 headers in 157 bytes (1 switches on core 0) [pid: 7|app: 0|req: 891/1927] 10.0.0.189 () {32 vars in 717 bytes} [Fri Jul 17 05:00:22 2026] GET /v2.0/ports/0e179dde-edd5-42ea-971e-698fc9f5561e => generated 826 bytes in 77 msecs (HTTP/1.1 200) 4 headers in 157 bytes (1 switches on core 0) [pid: 8|app: 0|req: 1037/1928] 10.0.0.189 () {32 vars in 722 bytes} [Fri Jul 17 05:00:22 2026] DELETE /v2.0/trunks/a627c5cc-6395-4f10-b837-bde4a597087e => generated 0 bytes in 104 msecs (HTTP/1.1 204) 2 headers in 112 bytes (1 switches on core 0)
2026-07-17 05:00:22.542 7 INFO neutron_taas.services.taas.taas_plugin [None req-936ff84f-145e-47a4-b068-8e5b25d67bb0 0f4e8a90a75e417bb5d01b9709e866ab 8d05838f1600448fb1480b2e8a23ac61 - - default default] TaaS: Handle Delete Port: f407aa3b-e1f6-4cea-b711-d7791fdb0f89
2026-07-17 05:00:22.546 7 INFO neutron_taas.services.taas.tap_mirror_plugin [None req-936ff84f-145e-47a4-b068-8e5b25d67bb0 0f4e8a90a75e417bb5d01b9709e866ab 8d05838f1600448fb1480b2e8a23ac61 - - default default] Tap Mirror: Handle Delete Port: f407aa3b-e1f6-4cea-b711-d7791fdb0f89 [pid: 7|app: 0|req: 892/1929] 10.0.0.189 () {32 vars in 720 bytes} [Fri Jul 17 05:00:22 2026] DELETE /v2.0/ports/f407aa3b-e1f6-4cea-b711-d7791fdb0f89 => generated 0 bytes in 318 msecs (HTTP/1.1 204) 3 headers in 131 bytes (1 switches on core 0)
2026-07-17 05:00:22.913 7 INFO neutron_taas.services.taas.taas_plugin [None req-2609b580-710f-4171-9cd0-4a57d2e8ed44 0f4e8a90a75e417bb5d01b9709e866ab 8d05838f1600448fb1480b2e8a23ac61 - - default default] TaaS: Handle Delete Port: 425350ed-25dd-457d-b443-2448375109d0
2026-07-17 05:00:22.916 7 INFO neutron_taas.services.taas.tap_mirror_plugin [None req-2609b580-710f-4171-9cd0-4a57d2e8ed44 0f4e8a90a75e417bb5d01b9709e866ab 8d05838f1600448fb1480b2e8a23ac61 - - default default] Tap Mirror: Handle Delete Port: 425350ed-25dd-457d-b443-2448375109d0
2026-07-17 05:00:22.992 8 WARNING neutron.db.securitygroups_db [None req-377a1bd6-6114-4eab-8127-deee9b202d9f e3c81812568747ff9cfec0c27b1dbeff aa514930302d4309a556a37e4aff512e - - default default] project_id key not found in filters, using tenant_id instead. This support has been deprecated and will be removed in a future release. [pid: 7|app: 0|req: 893/1930] 10.0.0.189 () {32 vars in 720 bytes} [Fri Jul 17 05:00:22 2026] DELETE /v2.0/ports/425350ed-25dd-457d-b443-2448375109d0 => generated 0 bytes in 336 msecs (HTTP/1.1 204) 3 headers in 131 bytes (1 switches on core 0)
2026-07-17 05:00:23.207 7 INFO neutron_taas.services.taas.taas_plugin [None req-4778f80b-b8d1-43a4-94d8-4f8ee4e072ac 0f4e8a90a75e417bb5d01b9709e866ab 8d05838f1600448fb1480b2e8a23ac61 - - default default] TaaS: Handle Delete Port: df2ecbb7-4336-4130-b61c-75bff7e4f583
2026-07-17 05:00:23.212 7 INFO neutron_taas.services.taas.tap_mirror_plugin [None req-4778f80b-b8d1-43a4-94d8-4f8ee4e072ac 0f4e8a90a75e417bb5d01b9709e866ab 8d05838f1600448fb1480b2e8a23ac61 - - default default] Tap Mirror: Handle Delete Port: df2ecbb7-4336-4130-b61c-75bff7e4f583
2026-07-17 05:00:23.214 8 INFO neutron.db.ovn_revision_numbers_db [None req-377a1bd6-6114-4eab-8127-deee9b202d9f e3c81812568747ff9cfec0c27b1dbeff aa514930302d4309a556a37e4aff512e - - default default] Successfully bumped revision number for resource 9484df76-648f-4a24-961a-96d2335be6d2 (type: security_groups) to 1
2026-07-17 05:00:23.228 8 INFO neutron.db.ovn_revision_numbers_db [None req-377a1bd6-6114-4eab-8127-deee9b202d9f e3c81812568747ff9cfec0c27b1dbeff aa514930302d4309a556a37e4aff512e - - default default] Successfully bumped revision number for resource 6e6f19c7-d79e-41c3-b9db-0936435dfefa (type: security_group_rules) to 0
2026-07-17 05:00:23.240 8 INFO neutron.db.ovn_revision_numbers_db [None req-377a1bd6-6114-4eab-8127-deee9b202d9f e3c81812568747ff9cfec0c27b1dbeff aa514930302d4309a556a37e4aff512e - - default default] Successfully bumped revision number for resource a730a26e-981d-4ade-a455-62e3f5624569 (type: security_group_rules) to 0
2026-07-17 05:00:23.254 8 INFO neutron.db.ovn_revision_numbers_db [None req-377a1bd6-6114-4eab-8127-deee9b202d9f e3c81812568747ff9cfec0c27b1dbeff aa514930302d4309a556a37e4aff512e - - default default] Successfully bumped revision number for resource b646be07-7dda-4425-9a5d-29f6fc8a2fcb (type: security_group_rules) to 0
2026-07-17 05:00:23.268 8 INFO neutron.db.ovn_revision_numbers_db [None req-377a1bd6-6114-4eab-8127-deee9b202d9f e3c81812568747ff9cfec0c27b1dbeff aa514930302d4309a556a37e4aff512e - - default default] Successfully bumped revision number for resource faf568b9-a3eb-497f-887e-b659dad7a6e6 (type: security_group_rules) to 0 [pid: 8|app: 0|req: 1038/1931] 10.0.0.189 () {32 vars in 774 bytes} [Fri Jul 17 05:00:22 2026] GET /v2.0/security-groups?tenant_id=d89240ee1c1d45258d0b046e5f14fe81&name=default => generated 2925 bytes in 628 msecs (HTTP/1.1 200) 4 headers in 158 bytes (1 switches on core 0) [pid: 7|app: 0|req: 894/1932] 10.0.0.189 () {32 vars in 720 bytes} [Fri Jul 17 05:00:23 2026] DELETE /v2.0/ports/df2ecbb7-4336-4130-b61c-75bff7e4f583 => generated 0 bytes in 278 msecs (HTTP/1.1 204) 3 headers in 131 bytes (1 switches on core 0)
2026-07-17 05:00:23.499 7 INFO neutron_taas.services.taas.taas_plugin [None req-f31e7d9e-e2e3-4b1e-b327-884fd4a30963 0f4e8a90a75e417bb5d01b9709e866ab 8d05838f1600448fb1480b2e8a23ac61 - - default default] TaaS: Handle Delete Port: d07e7eda-9025-4dc9-94d2-1f3047582da2
2026-07-17 05:00:23.503 7 INFO neutron_taas.services.taas.tap_mirror_plugin [None req-f31e7d9e-e2e3-4b1e-b327-884fd4a30963 0f4e8a90a75e417bb5d01b9709e866ab 8d05838f1600448fb1480b2e8a23ac61 - - default default] Tap Mirror: Handle Delete Port: d07e7eda-9025-4dc9-94d2-1f3047582da2 [pid: 8|app: 0|req: 1039/1933] 10.0.0.189 () {32 vars in 740 bytes} [Fri Jul 17 05:00:23 2026] DELETE /v2.0/security-groups/9484df76-648f-4a24-961a-96d2335be6d2 => generated 0 bytes in 226 msecs (HTTP/1.1 204) 2 headers in 112 bytes (1 switches on core 0) [pid: 7|app: 0|req: 895/1934] 10.0.0.189 () {32 vars in 720 bytes} [Fri Jul 17 05:00:23 2026] DELETE /v2.0/ports/d07e7eda-9025-4dc9-94d2-1f3047582da2 => generated 0 bytes in 295 msecs (HTTP/1.1 204) 3 headers in 131 bytes (1 switches on core 0)
2026-07-17 05:00:23.826 8 INFO neutron_taas.services.taas.taas_plugin [None req-b6086978-8248-48af-bcc4-c1e4d280a8c0 0f4e8a90a75e417bb5d01b9709e866ab 8d05838f1600448fb1480b2e8a23ac61 - - default default] TaaS: Handle Delete Port: 0e179dde-edd5-42ea-971e-698fc9f5561e
2026-07-17 05:00:23.830 8 INFO neutron_taas.services.taas.tap_mirror_plugin [None req-b6086978-8248-48af-bcc4-c1e4d280a8c0 0f4e8a90a75e417bb5d01b9709e866ab 8d05838f1600448fb1480b2e8a23ac61 - - default default] Tap Mirror: Handle Delete Port: 0e179dde-edd5-42ea-971e-698fc9f5561e [pid: 8|app: 0|req: 1040/1935] 10.0.0.189 () {32 vars in 720 bytes} [Fri Jul 17 05:00:23 2026] DELETE /v2.0/ports/0e179dde-edd5-42ea-971e-698fc9f5561e => generated 0 bytes in 321 msecs (HTTP/1.1 204) 3 headers in 131 bytes (1 switches on core 0)
2026-07-17 05:00:24.085 7 INFO neutron_taas.services.taas.taas_plugin [None req-d84b5d2f-3abc-45f2-ae65-38a700a815b8 0f4e8a90a75e417bb5d01b9709e866ab 8d05838f1600448fb1480b2e8a23ac61 - - default default] TaaS: Handle Delete Port: b6d509f8-f91b-40cf-93bc-95b7b4d88653
2026-07-17 05:00:24.089 7 INFO neutron_taas.services.taas.tap_mirror_plugin [None req-d84b5d2f-3abc-45f2-ae65-38a700a815b8 0f4e8a90a75e417bb5d01b9709e866ab 8d05838f1600448fb1480b2e8a23ac61 - - default default] Tap Mirror: Handle Delete Port: b6d509f8-f91b-40cf-93bc-95b7b4d88653
2026-07-17 05:00:24.313 7 INFO neutron.services.segments.plugin [-] Segment 03e582c2-72e2-46d2-84bb-8b0589f85342 resource provider aggregate not found
2026-07-17 05:00:24.317 7 INFO neutron.services.segments.plugin [-] Segment 03e582c2-72e2-46d2-84bb-8b0589f85342 resource provider aggregate not found
2026-07-17 05:00:24.335 7 INFO neutron.services.segments.plugin [-] Client error retrieving segment 03e582c2-72e2-46d2-84bb-8b0589f85342 resource provider; error: Placement Client Error (4xx): {"errors": [{"status": 404, "title": "Not Found", "detail": "The resource could not be found.\n\n No resource provider with uuid 03e582c2-72e2-46d2-84bb-8b0589f85342 found for delete ", "request_id": "req-14d70e6d-b1fe-4a16-b932-876f07ac99d0"}]}
2026-07-17 05:00:24.335 7 INFO neutron.services.segments.plugin [-] Client error retrieving segment 03e582c2-72e2-46d2-84bb-8b0589f85342 resource provider; error: Placement Client Error (4xx): {"errors": [{"status": 404, "title": "Not Found", "detail": "The resource could not be found.\n\n No resource provider with uuid 03e582c2-72e2-46d2-84bb-8b0589f85342 found for delete ", "request_id": "req-8ab44465-2765-4bd4-a093-c83f45337847"}]} [pid: 7|app: 0|req: 896/1936] 10.0.0.189 () {32 vars in 726 bytes} [Fri Jul 17 05:00:23 2026] DELETE /v2.0/networks/2c0f5145-4419-46d4-9649-191d7ff4f4ba => generated 0 bytes in 417 msecs (HTTP/1.1 204) 3 headers in 131 bytes (1 switches on core 0)
2026-07-17 05:00:24.534 8 INFO neutron_taas.services.taas.taas_plugin [None req-b3747705-850f-4c95-b525-a04436d124bf 0f4e8a90a75e417bb5d01b9709e866ab 8d05838f1600448fb1480b2e8a23ac61 - - default default] TaaS: Handle Delete Port: 89e6f270-6689-424a-81da-ab5aa0d5b76e
2026-07-17 05:00:24.538 8 INFO neutron_taas.services.taas.tap_mirror_plugin [None req-b3747705-850f-4c95-b525-a04436d124bf 0f4e8a90a75e417bb5d01b9709e866ab 8d05838f1600448fb1480b2e8a23ac61 - - default default] Tap Mirror: Handle Delete Port: 89e6f270-6689-424a-81da-ab5aa0d5b76e
2026-07-17 05:00:24.724 8 INFO neutron.services.segments.plugin [-] Segment a8bb3a62-ed1f-4a06-be1d-ee517de27a90 resource provider aggregate not found
2026-07-17 05:00:24.726 8 INFO neutron.services.segments.plugin [-] Segment a8bb3a62-ed1f-4a06-be1d-ee517de27a90 resource provider aggregate not found
2026-07-17 05:00:24.736 8 INFO neutron.services.segments.plugin [-] Client error retrieving segment a8bb3a62-ed1f-4a06-be1d-ee517de27a90 resource provider; error: Placement Client Error (4xx): {"errors": [{"status": 404, "title": "Not Found", "detail": "The resource could not be found.\n\n No resource provider with uuid a8bb3a62-ed1f-4a06-be1d-ee517de27a90 found for delete ", "request_id": "req-de924317-66d5-4f9f-aae8-e55d4db64d23"}]}
2026-07-17 05:00:24.739 8 INFO neutron.services.segments.plugin [-] Client error retrieving segment a8bb3a62-ed1f-4a06-be1d-ee517de27a90 resource provider; error: Placement Client Error (4xx): {"errors": [{"status": 404, "title": "Not Found", "detail": "The resource could not be found.\n\n No resource provider with uuid a8bb3a62-ed1f-4a06-be1d-ee517de27a90 found for delete ", "request_id": "req-f567e864-d081-4902-8a86-85a8b2d00458"}]} [pid: 8|app: 0|req: 1041/1937] 10.0.0.189 () {32 vars in 726 bytes} [Fri Jul 17 05:00:24 2026] DELETE /v2.0/networks/4902e709-a324-4b8d-a0c1-ca096b356e8a => generated 0 bytes in 403 msecs (HTTP/1.1 204) 3 headers in 131 bytes (1 switches on core 0)
2026-07-17 05:00:24.907 7 INFO neutron_taas.services.taas.taas_plugin [None req-892be174-c4da-4475-82fd-daedd168ff4b 0f4e8a90a75e417bb5d01b9709e866ab 8d05838f1600448fb1480b2e8a23ac61 - - default default] TaaS: Handle Delete Port: d27457b5-1d2e-4192-91d6-1b747c923de6
2026-07-17 05:00:24.909 7 INFO neutron_taas.services.taas.tap_mirror_plugin [None req-892be174-c4da-4475-82fd-daedd168ff4b 0f4e8a90a75e417bb5d01b9709e866ab 8d05838f1600448fb1480b2e8a23ac61 - - default default] Tap Mirror: Handle Delete Port: d27457b5-1d2e-4192-91d6-1b747c923de6
2026-07-17 05:00:25.010 8 WARNING neutron.db.securitygroups_db [None req-e7516c9e-9933-4471-9146-e277dd6a8d92 e3c81812568747ff9cfec0c27b1dbeff aa514930302d4309a556a37e4aff512e - - default default] project_id key not found in filters, using tenant_id instead. This support has been deprecated and will be removed in a future release. [pid: 7|app: 0|req: 897/1938] 10.0.0.189 () {32 vars in 726 bytes} [Fri Jul 17 05:00:24 2026] DELETE /v2.0/networks/4c2c9551-cd63-4ccc-9aab-a34970f89ce1 => generated 0 bytes in 325 msecs (HTTP/1.1 204) 3 headers in 131 bytes (1 switches on core 0)
2026-07-17 05:00:25.186 8 INFO neutron.db.ovn_revision_numbers_db [None req-e7516c9e-9933-4471-9146-e277dd6a8d92 e3c81812568747ff9cfec0c27b1dbeff aa514930302d4309a556a37e4aff512e - - default default] Successfully bumped revision number for resource 412d5374-386b-4e44-a47e-f90c63a5ec81 (type: security_groups) to 1
2026-07-17 05:00:25.200 8 INFO neutron.db.ovn_revision_numbers_db [None req-e7516c9e-9933-4471-9146-e277dd6a8d92 e3c81812568747ff9cfec0c27b1dbeff aa514930302d4309a556a37e4aff512e - - default default] Successfully bumped revision number for resource 778758e0-7a31-4345-9ee3-595ed4aa8057 (type: security_group_rules) to 0
2026-07-17 05:00:25.212 8 INFO neutron.db.ovn_revision_numbers_db [None req-e7516c9e-9933-4471-9146-e277dd6a8d92 e3c81812568747ff9cfec0c27b1dbeff aa514930302d4309a556a37e4aff512e - - default default] Successfully bumped revision number for resource 8c0eed17-2cb7-4ba7-ae3a-0338f5cc767f (type: security_group_rules) to 0
2026-07-17 05:00:25.225 8 INFO neutron.db.ovn_revision_numbers_db [None req-e7516c9e-9933-4471-9146-e277dd6a8d92 e3c81812568747ff9cfec0c27b1dbeff aa514930302d4309a556a37e4aff512e - - default default] Successfully bumped revision number for resource aaa9850f-c174-4250-9dc6-737f6bdd92a9 (type: security_group_rules) to 0
2026-07-17 05:00:25.236 8 INFO neutron.db.ovn_revision_numbers_db [None req-e7516c9e-9933-4471-9146-e277dd6a8d92 e3c81812568747ff9cfec0c27b1dbeff aa514930302d4309a556a37e4aff512e - - default default] Successfully bumped revision number for resource e70ab1da-795a-4376-9501-063d84750baa (type: security_group_rules) to 0
2026-07-17 05:00:25.252 7 INFO neutron_taas.services.taas.taas_plugin [None req-6fe743b6-51e8-492d-9482-975171b05f5f 0f4e8a90a75e417bb5d01b9709e866ab 8d05838f1600448fb1480b2e8a23ac61 - - default default] TaaS: Handle Delete Port: 6088ed25-9581-49a9-bed8-59de6549435c
2026-07-17 05:00:25.254 7 INFO neutron_taas.services.taas.tap_mirror_plugin [None req-6fe743b6-51e8-492d-9482-975171b05f5f 0f4e8a90a75e417bb5d01b9709e866ab 8d05838f1600448fb1480b2e8a23ac61 - - default default] Tap Mirror: Handle Delete Port: 6088ed25-9581-49a9-bed8-59de6549435c [pid: 8|app: 0|req: 1042/1939] 10.0.0.189 () {32 vars in 774 bytes} [Fri Jul 17 05:00:24 2026] GET /v2.0/security-groups?tenant_id=4054a57d60cd472a96e68cc22cd1159e&name=default => generated 2925 bytes in 407 msecs (HTTP/1.1 200) 4 headers in 158 bytes (1 switches on core 0) [pid: 7|app: 0|req: 898/1940] 10.0.0.189 () {32 vars in 726 bytes} [Fri Jul 17 05:00:25 2026] DELETE /v2.0/networks/51906886-00e1-4969-8c95-d4b8cba0bf30 => generated 0 bytes in 322 msecs (HTTP/1.1 204) 3 headers in 131 bytes (1 switches on core 0) [pid: 8|app: 0|req: 1043/1941] 10.0.0.189 () {32 vars in 740 bytes} [Fri Jul 17 05:00:25 2026] DELETE /v2.0/security-groups/412d5374-386b-4e44-a47e-f90c63a5ec81 => generated 0 bytes in 177 msecs (HTTP/1.1 204) 2 headers in 112 bytes (1 switches on core 0)
2026-07-17 05:00:25.583 7 INFO neutron_taas.services.taas.taas_plugin [None req-21e143be-71ac-40f6-b818-9d25abfbccac 0f4e8a90a75e417bb5d01b9709e866ab 8d05838f1600448fb1480b2e8a23ac61 - - default default] TaaS: Handle Delete Port: ec5ffaf6-e67d-47ba-bb31-88c2c8920b5b
2026-07-17 05:00:25.585 7 INFO neutron_taas.services.taas.tap_mirror_plugin [None req-21e143be-71ac-40f6-b818-9d25abfbccac 0f4e8a90a75e417bb5d01b9709e866ab 8d05838f1600448fb1480b2e8a23ac61 - - default default] Tap Mirror: Handle Delete Port: ec5ffaf6-e67d-47ba-bb31-88c2c8920b5b [pid: 7|app: 0|req: 899/1942] 10.0.0.189 () {32 vars in 726 bytes} [Fri Jul 17 05:00:25 2026] DELETE /v2.0/networks/03e9d683-8a15-40de-87af-4defb81dbb7a => generated 0 bytes in 316 msecs (HTTP/1.1 204) 3 headers in 131 bytes (1 switches on core 0)
2026-07-17 05:00:25.770 7 WARNING neutron.db.securitygroups_db [None req-c22e1d48-56a4-43d0-8223-90248f26e538 e3c81812568747ff9cfec0c27b1dbeff aa514930302d4309a556a37e4aff512e - - default default] project_id key not found in filters, using tenant_id instead. This support has been deprecated and will be removed in a future release.
2026-07-17 05:00:25.871 7 INFO neutron.db.ovn_revision_numbers_db [None req-c22e1d48-56a4-43d0-8223-90248f26e538 e3c81812568747ff9cfec0c27b1dbeff aa514930302d4309a556a37e4aff512e - - default default] Successfully bumped revision number for resource dd6e1703-bbe7-4ee8-948a-cfccd99a6c98 (type: security_groups) to 1
2026-07-17 05:00:25.892 7 INFO neutron.db.ovn_revision_numbers_db [None req-c22e1d48-56a4-43d0-8223-90248f26e538 e3c81812568747ff9cfec0c27b1dbeff aa514930302d4309a556a37e4aff512e - - default default] Successfully bumped revision number for resource 862fb40c-f907-4618-8cf0-2daefea36acd (type: security_group_rules) to 0
2026-07-17 05:00:25.919 7 INFO neutron.db.ovn_revision_numbers_db [None req-c22e1d48-56a4-43d0-8223-90248f26e538 e3c81812568747ff9cfec0c27b1dbeff aa514930302d4309a556a37e4aff512e - - default default] Successfully bumped revision number for resource 9a16bc36-4b7c-4058-a843-b14b211d6d46 (type: security_group_rules) to 0
2026-07-17 05:00:25.930 7 INFO neutron.db.ovn_revision_numbers_db [None req-c22e1d48-56a4-43d0-8223-90248f26e538 e3c81812568747ff9cfec0c27b1dbeff aa514930302d4309a556a37e4aff512e - - default default] Successfully bumped revision number for resource b370aac8-36f1-43ec-bfcd-43d6376808b1 (type: security_group_rules) to 0
2026-07-17 05:00:25.941 7 INFO neutron.db.ovn_revision_numbers_db [None req-c22e1d48-56a4-43d0-8223-90248f26e538 e3c81812568747ff9cfec0c27b1dbeff aa514930302d4309a556a37e4aff512e - - default default] Successfully bumped revision number for resource db1c265e-9522-43d0-b80d-57e4e262c246 (type: security_group_rules) to 0 [pid: 7|app: 0|req: 900/1943] 10.0.0.189 () {32 vars in 774 bytes} [Fri Jul 17 05:00:25 2026] GET /v2.0/security-groups?tenant_id=a7cd048dbd1b4e128870ad336029d216&name=default => generated 2925 bytes in 213 msecs (HTTP/1.1 200) 4 headers in 158 bytes (1 switches on core 0)
2026-07-17 05:00:26.079 8 WARNING neutron.scheduler.dhcp_agent_scheduler [None req-07f176c9-7cc7-4c88-bec1-fc2ae8629844 d37278956f5a407395c9c3b2f06fec76 4948281b7ab0454bae42b2056d7bbd2c - - default default] No more DHCP agents
2026-07-17 05:00:26.084 8 WARNING neutron.api.rpc.agentnotifiers.dhcp_rpc_agent_api [None req-07f176c9-7cc7-4c88-bec1-fc2ae8629844 d37278956f5a407395c9c3b2f06fec76 4948281b7ab0454bae42b2056d7bbd2c - - default default] Unable to schedule network 9b0bce5a-2d75-497b-9855-47f3a4ffb1f8: no agents available; will retry on subsequent port and subnet creation events. [pid: 7|app: 0|req: 901/1944] 10.0.0.189 () {32 vars in 740 bytes} [Fri Jul 17 05:00:25 2026] DELETE /v2.0/security-groups/dd6e1703-bbe7-4ee8-948a-cfccd99a6c98 => generated 0 bytes in 173 msecs (HTTP/1.1 204) 2 headers in 112 bytes (1 switches on core 0)
2026-07-17 05:00:26.358 7 INFO neutron.services.segments.plugin [-] Segment 715b7322-01f2-4d6e-92b6-c0002b0c2b53 resource provider aggregate not found
2026-07-17 05:00:26.360 7 INFO neutron.services.segments.plugin [-] Segment 715b7322-01f2-4d6e-92b6-c0002b0c2b53 resource provider aggregate not found
2026-07-17 05:00:26.376 7 INFO neutron.services.segments.plugin [-] Client error retrieving segment 715b7322-01f2-4d6e-92b6-c0002b0c2b53 resource provider; error: Placement Client Error (4xx): {"errors": [{"status": 404, "title": "Not Found", "detail": "The resource could not be found.\n\n No resource provider with uuid 715b7322-01f2-4d6e-92b6-c0002b0c2b53 found for delete ", "request_id": "req-67441115-8bd3-4295-acd3-26a4874bd82b"}]}
2026-07-17 05:00:26.381 7 INFO neutron.services.segments.plugin [-] Client error retrieving segment 715b7322-01f2-4d6e-92b6-c0002b0c2b53 resource provider; error: Placement Client Error (4xx): {"errors": [{"status": 404, "title": "Not Found", "detail": "The resource could not be found.\n\n No resource provider with uuid 715b7322-01f2-4d6e-92b6-c0002b0c2b53 found for delete ", "request_id": "req-ee6a79a0-7bef-4aea-a599-ec16635a66f0"}]}
2026-07-17 05:00:26.394 7 INFO neutron.services.segments.plugin [-] Segment bca5c2e1-89da-40c2-ba57-78d6ab6bda6a resource provider aggregate not found
2026-07-17 05:00:26.398 7 INFO neutron.services.segments.plugin [-] Segment bca5c2e1-89da-40c2-ba57-78d6ab6bda6a resource provider aggregate not found
2026-07-17 05:00:26.408 7 INFO neutron.services.segments.plugin [-] Client error retrieving segment bca5c2e1-89da-40c2-ba57-78d6ab6bda6a resource provider; error: Placement Client Error (4xx): {"errors": [{"status": 404, "title": "Not Found", "detail": "The resource could not be found.\n\n No resource provider with uuid bca5c2e1-89da-40c2-ba57-78d6ab6bda6a found for delete ", "request_id": "req-e63d0ca5-6578-4f09-af11-7b46a1066866"}]}
2026-07-17 05:00:26.413 7 INFO neutron.services.segments.plugin [-] Client error retrieving segment bca5c2e1-89da-40c2-ba57-78d6ab6bda6a resource provider; error: Placement Client Error (4xx): {"errors": [{"status": 404, "title": "Not Found", "detail": "The resource could not be found.\n\n No resource provider with uuid bca5c2e1-89da-40c2-ba57-78d6ab6bda6a found for delete ", "request_id": "req-c182ee60-14f1-463f-ac4d-878047c6608d"}]} [pid: 8|app: 0|req: 1044/1945] 10.0.0.189 () {34 vars in 676 bytes} [Fri Jul 17 05:00:25 2026] POST /v2.0/floatingips => generated 552 bytes in 896 msecs (HTTP/1.1 201) 4 headers in 162 bytes (1 switches on core 0)
2026-07-17 05:00:26.428 7 INFO neutron.services.segments.plugin [-] Segment 8a8fc348-824f-4991-8a8a-c8dbf0b5922a resource provider aggregate not found
2026-07-17 05:00:26.437 7 INFO neutron.services.segments.plugin [-] Segment 8a8fc348-824f-4991-8a8a-c8dbf0b5922a resource provider aggregate not found
2026-07-17 05:00:26.450 7 INFO neutron.services.segments.plugin [-] Client error retrieving segment 8a8fc348-824f-4991-8a8a-c8dbf0b5922a resource provider; error: Placement Client Error (4xx): {"errors": [{"status": 404, "title": "Not Found", "detail": "The resource could not be found.\n\n No resource provider with uuid 8a8fc348-824f-4991-8a8a-c8dbf0b5922a found for delete ", "request_id": "req-a0d8693f-54fd-4c79-923a-723b7628eb52"}]}
2026-07-17 05:00:26.455 7 INFO neutron.services.segments.plugin [-] Client error retrieving segment 8a8fc348-824f-4991-8a8a-c8dbf0b5922a resource provider; error: Placement Client Error (4xx): {"errors": [{"status": 404, "title": "Not Found", "detail": "The resource could not be found.\n\n No resource provider with uuid 8a8fc348-824f-4991-8a8a-c8dbf0b5922a found for delete ", "request_id": "req-6153b77d-7406-4992-8b9b-0bdd61ba389d"}]}
2026-07-17 05:00:26.469 7 WARNING tagging [None req-35353589-2b64-4bb5-bbbf-0177ad6f1315 d37278956f5a407395c9c3b2f06fec76 4948281b7ab0454bae42b2056d7bbd2c - - default default] project_id key not found in request, using tenant_id instead. This support has been deprecated and will be removed in a future release. [pid: 7|app: 0|req: 902/1946] 10.0.0.189 () {34 vars in 759 bytes} [Fri Jul 17 05:00:26 2026] PUT /v2.0/floatingips/2fcdfb59-2335-4eb2-bb25-6f6ff6701230/tags => generated 25 bytes in 63 msecs (HTTP/1.1 200) 4 headers in 156 bytes (1 switches on core 0)
2026-07-17 05:00:26.531 8 WARNING tagging [None req-0923b46f-92b1-43c0-8124-ba97c31977b3 d37278956f5a407395c9c3b2f06fec76 4948281b7ab0454bae42b2056d7bbd2c - - default default] project_id key not found in request, using tenant_id instead. This support has been deprecated and will be removed in a future release. [pid: 8|app: 0|req: 1045/1947] 10.0.0.189 () {32 vars in 739 bytes} [Fri Jul 17 05:00:26 2026] GET /v2.0/floatingips/2fcdfb59-2335-4eb2-bb25-6f6ff6701230/tags => generated 25 bytes in 70 msecs (HTTP/1.1 200) 4 headers in 156 bytes (1 switches on core 0)
2026-07-17 05:00:26.596 7 WARNING tagging [None req-b8a60c80-6534-40d4-b161-67db99a74103 d37278956f5a407395c9c3b2f06fec76 4948281b7ab0454bae42b2056d7bbd2c - - default default] project_id key not found in request, using tenant_id instead. This support has been deprecated and will be removed in a future release. [pid: 7|app: 0|req: 903/1948] 10.0.0.189 () {34 vars in 770 bytes} [Fri Jul 17 05:00:26 2026] PUT /v2.0/floatingips/2fcdfb59-2335-4eb2-bb25-6f6ff6701230/tags/green => generated 4 bytes in 60 msecs (HTTP/1.1 201) 4 headers in 160 bytes (1 switches on core 0)
2026-07-17 05:00:26.665 8 WARNING tagging [None req-fed0d0b2-575b-42c1-9952-8acca10c2e1e d37278956f5a407395c9c3b2f06fec76 4948281b7ab0454bae42b2056d7bbd2c - - default default] project_id key not found in request, using tenant_id instead. This support has been deprecated and will be removed in a future release. [pid: 8|app: 0|req: 1046/1949] 10.0.0.189 () {32 vars in 739 bytes} [Fri Jul 17 05:00:26 2026] GET /v2.0/floatingips/2fcdfb59-2335-4eb2-bb25-6f6ff6701230/tags => generated 34 bytes in 42 msecs (HTTP/1.1 200) 4 headers in 156 bytes (1 switches on core 0)
2026-07-17 05:00:26.711 8 WARNING tagging [None req-bdb30ec7-3712-41fb-9e33-3a3c9a9deb57 d37278956f5a407395c9c3b2f06fec76 4948281b7ab0454bae42b2056d7bbd2c - - default default] project_id key not found in request, using tenant_id instead. This support has been deprecated and will be removed in a future release. [pid: 8|app: 0|req: 1047/1950] 10.0.0.189 () {34 vars in 766 bytes} [Fri Jul 17 05:00:26 2026] PUT /v2.0/floatingips/2fcdfb59-2335-4eb2-bb25-6f6ff6701230/tags/red => generated 4 bytes in 63 msecs (HTTP/1.1 201) 4 headers in 160 bytes (1 switches on core 0)
2026-07-17 05:00:26.781 8 WARNING tagging [None req-ff597aed-7eda-4c4c-a9f7-10828393beff d37278956f5a407395c9c3b2f06fec76 4948281b7ab0454bae42b2056d7bbd2c - - default default] project_id key not found in request, using tenant_id instead. This support has been deprecated and will be removed in a future release. [pid: 8|app: 0|req: 1048/1951] 10.0.0.189 () {32 vars in 739 bytes} [Fri Jul 17 05:00:26 2026] GET /v2.0/floatingips/2fcdfb59-2335-4eb2-bb25-6f6ff6701230/tags => generated 34 bytes in 54 msecs (HTTP/1.1 200) 4 headers in 156 bytes (1 switches on core 0)
2026-07-17 05:00:26.861 8 WARNING tagging [None req-de26bbde-bd1a-4f81-b1d1-003d13212e97 d37278956f5a407395c9c3b2f06fec76 4948281b7ab0454bae42b2056d7bbd2c - - default default] project_id key not found in request, using tenant_id instead. This support has been deprecated and will be removed in a future release.
2026-07-17 05:00:26.877 7 WARNING neutron.db.securitygroups_db [None req-9540746b-9e2d-4826-9383-3f2186801e28 e3c81812568747ff9cfec0c27b1dbeff aa514930302d4309a556a37e4aff512e - - default default] project_id key not found in filters, using tenant_id instead. This support has been deprecated and will be removed in a future release. [pid: 8|app: 0|req: 1049/1952] 10.0.0.189 () {34 vars in 788 bytes} [Fri Jul 17 05:00:26 2026] PUT /v2.0/floatingips/2fcdfb59-2335-4eb2-bb25-6f6ff6701230/tags/black.or.white => generated 4 bytes in 114 msecs (HTTP/1.1 201) 4 headers in 160 bytes (1 switches on core 0)
2026-07-17 05:00:26.961 8 WARNING tagging [None req-3d897cd7-42f6-4f28-991f-f9d9aef024b5 d37278956f5a407395c9c3b2f06fec76 4948281b7ab0454bae42b2056d7bbd2c - - default default] project_id key not found in request, using tenant_id instead. This support has been deprecated and will be removed in a future release. [pid: 8|app: 0|req: 1050/1953] 10.0.0.189 () {32 vars in 739 bytes} [Fri Jul 17 05:00:26 2026] GET /v2.0/floatingips/2fcdfb59-2335-4eb2-bb25-6f6ff6701230/tags => generated 52 bytes in 48 msecs (HTTP/1.1 200) 4 headers in 156 bytes (1 switches on core 0)
2026-07-17 05:00:27.024 8 WARNING tagging [None req-e6657a16-058f-48a7-b8d1-9acf046051ca d37278956f5a407395c9c3b2f06fec76 4948281b7ab0454bae42b2056d7bbd2c - - default default] project_id key not found in request, using tenant_id instead. This support has been deprecated and will be removed in a future release.
2026-07-17 05:00:27.038 7 INFO neutron.db.ovn_revision_numbers_db [None req-9540746b-9e2d-4826-9383-3f2186801e28 e3c81812568747ff9cfec0c27b1dbeff aa514930302d4309a556a37e4aff512e - - default default] Successfully bumped revision number for resource 7e9f9d86-52bf-4442-a0d3-0d3c5dd98ecf (type: security_groups) to 1
2026-07-17 05:00:27.049 7 INFO neutron.db.ovn_revision_numbers_db [None req-9540746b-9e2d-4826-9383-3f2186801e28 e3c81812568747ff9cfec0c27b1dbeff aa514930302d4309a556a37e4aff512e - - default default] Successfully bumped revision number for resource 0a36d662-f4aa-46a7-bc66-ec445ab559b7 (type: security_group_rules) to 0 [pid: 8|app: 0|req: 1051/1954] 10.0.0.189 () {34 vars in 759 bytes} [Fri Jul 17 05:00:26 2026] PUT /v2.0/floatingips/2fcdfb59-2335-4eb2-bb25-6f6ff6701230/tags => generated 37 bytes in 71 msecs (HTTP/1.1 200) 4 headers in 156 bytes (1 switches on core 0)
2026-07-17 05:00:27.066 7 INFO neutron.db.ovn_revision_numbers_db [None req-9540746b-9e2d-4826-9383-3f2186801e28 e3c81812568747ff9cfec0c27b1dbeff aa514930302d4309a556a37e4aff512e - - default default] Successfully bumped revision number for resource 4a6f452e-797b-4046-a5da-6d6412f3bbbe (type: security_group_rules) to 0
2026-07-17 05:00:27.076 7 INFO neutron.db.ovn_revision_numbers_db [None req-9540746b-9e2d-4826-9383-3f2186801e28 e3c81812568747ff9cfec0c27b1dbeff aa514930302d4309a556a37e4aff512e - - default default] Successfully bumped revision number for resource dd7e2e64-e51b-4bbb-b2ca-e1f6935f12ff (type: security_group_rules) to 0
2026-07-17 05:00:27.088 7 INFO neutron.db.ovn_revision_numbers_db [None req-9540746b-9e2d-4826-9383-3f2186801e28 e3c81812568747ff9cfec0c27b1dbeff aa514930302d4309a556a37e4aff512e - - default default] Successfully bumped revision number for resource f5ecd607-4742-44b1-b69b-0add4865068f (type: security_group_rules) to 0
2026-07-17 05:00:27.093 8 WARNING tagging [None req-d6ba0ac1-6a57-4fcf-a5e5-8a130b966eec d37278956f5a407395c9c3b2f06fec76 4948281b7ab0454bae42b2056d7bbd2c - - default default] project_id key not found in request, using tenant_id instead. This support has been deprecated and will be removed in a future release. [pid: 8|app: 0|req: 1052/1955] 10.0.0.189 () {32 vars in 739 bytes} [Fri Jul 17 05:00:27 2026] GET /v2.0/floatingips/2fcdfb59-2335-4eb2-bb25-6f6ff6701230/tags => generated 37 bytes in 39 msecs (HTTP/1.1 200) 4 headers in 156 bytes (1 switches on core 0) [pid: 7|app: 0|req: 904/1956] 10.0.0.189 () {32 vars in 774 bytes} [Fri Jul 17 05:00:26 2026] GET /v2.0/security-groups?tenant_id=a60d0e47caa649cab0b6076f4e7407ae&name=default => generated 2925 bytes in 468 msecs (HTTP/1.1 200) 4 headers in 158 bytes (1 switches on core 0)
2026-07-17 05:00:27.144 8 WARNING tagging [None req-813b08fa-d372-4b81-9fc3-ae9e7599b7e4 d37278956f5a407395c9c3b2f06fec76 4948281b7ab0454bae42b2056d7bbd2c - - default default] project_id key not found in request, using tenant_id instead. This support has been deprecated and will be removed in a future release. [pid: 8|app: 0|req: 1053/1957] 10.0.0.189 () {32 vars in 747 bytes} [Fri Jul 17 05:00:27 2026] GET /v2.0/floatingips/2fcdfb59-2335-4eb2-bb25-6f6ff6701230/tags/red => generated 0 bytes in 49 msecs (HTTP/1.1 204) 2 headers in 112 bytes (1 switches on core 0)
2026-07-17 05:00:27.188 8 WARNING tagging [None req-2ee98589-37f8-4616-ae59-063f893496b8 d37278956f5a407395c9c3b2f06fec76 4948281b7ab0454bae42b2056d7bbd2c - - default default] project_id key not found in request, using tenant_id instead. This support has been deprecated and will be removed in a future release.
2026-07-17 05:00:27.200 8 INFO neutron.api.v2.resource [None req-2ee98589-37f8-4616-ae59-063f893496b8 d37278956f5a407395c9c3b2f06fec76 4948281b7ab0454bae42b2056d7bbd2c - - default default] show failed (client error): The resource could not be found. [pid: 8|app: 0|req: 1054/1958] 10.0.0.189 () {32 vars in 751 bytes} [Fri Jul 17 05:00:27 2026] GET /v2.0/floatingips/2fcdfb59-2335-4eb2-bb25-6f6ff6701230/tags/green => generated 99 bytes in 36 msecs (HTTP/1.1 404) 4 headers in 163 bytes (1 switches on core 0)
2026-07-17 05:00:27.221 8 WARNING tagging [None req-33eaa0a6-d3e5-41a1-8398-8ad098901663 d37278956f5a407395c9c3b2f06fec76 4948281b7ab0454bae42b2056d7bbd2c - - default default] project_id key not found in request, using tenant_id instead. This support has been deprecated and will be removed in a future release. [pid: 8|app: 0|req: 1055/1959] 10.0.0.189 () {32 vars in 750 bytes} [Fri Jul 17 05:00:27 2026] DELETE /v2.0/floatingips/2fcdfb59-2335-4eb2-bb25-6f6ff6701230/tags/red => generated 0 bytes in 49 msecs (HTTP/1.1 204) 2 headers in 112 bytes (1 switches on core 0)
2026-07-17 05:00:27.294 8 WARNING tagging [None req-c8a862eb-1c80-461f-aa75-520449ec092e d37278956f5a407395c9c3b2f06fec76 4948281b7ab0454bae42b2056d7bbd2c - - default default] project_id key not found in request, using tenant_id instead. This support has been deprecated and will be removed in a future release. [pid: 8|app: 0|req: 1056/1960] 10.0.0.189 () {32 vars in 739 bytes} [Fri Jul 17 05:00:27 2026] GET /v2.0/floatingips/2fcdfb59-2335-4eb2-bb25-6f6ff6701230/tags => generated 30 bytes in 36 msecs (HTTP/1.1 200) 4 headers in 156 bytes (1 switches on core 0) [pid: 7|app: 0|req: 905/1961] 10.0.0.189 () {32 vars in 740 bytes} [Fri Jul 17 05:00:27 2026] DELETE /v2.0/security-groups/7e9f9d86-52bf-4442-a0d3-0d3c5dd98ecf => generated 0 bytes in 180 msecs (HTTP/1.1 204) 2 headers in 112 bytes (1 switches on core 0)
2026-07-17 05:00:27.337 8 WARNING tagging [None req-7f86bc6f-13ec-4ae5-a35c-50d5c347f8ee d37278956f5a407395c9c3b2f06fec76 4948281b7ab0454bae42b2056d7bbd2c - - default default] project_id key not found in request, using tenant_id instead. This support has been deprecated and will be removed in a future release.
2026-07-17 05:00:27.357 8 INFO neutron.api.v2.resource [None req-7f86bc6f-13ec-4ae5-a35c-50d5c347f8ee d37278956f5a407395c9c3b2f06fec76 4948281b7ab0454bae42b2056d7bbd2c - - default default] delete failed (client error): The resource could not be found. [pid: 8|app: 0|req: 1057/1962] 10.0.0.189 () {32 vars in 754 bytes} [Fri Jul 17 05:00:27 2026] DELETE /v2.0/floatingips/2fcdfb59-2335-4eb2-bb25-6f6ff6701230/tags/green => generated 99 bytes in 42 msecs (HTTP/1.1 404) 4 headers in 163 bytes (1 switches on core 0)
2026-07-17 05:00:27.402 7 WARNING tagging [None req-ff8adae2-945d-48bf-aaec-f3a54ace3db8 d37278956f5a407395c9c3b2f06fec76 4948281b7ab0454bae42b2056d7bbd2c - - default default] project_id key not found in request, using tenant_id instead. This support has been deprecated and will be removed in a future release. [pid: 7|app: 0|req: 906/1963] 10.0.0.189 () {32 vars in 742 bytes} [Fri Jul 17 05:00:27 2026] DELETE /v2.0/floatingips/2fcdfb59-2335-4eb2-bb25-6f6ff6701230/tags => generated 0 bytes in 83 msecs (HTTP/1.1 204) 2 headers in 112 bytes (1 switches on core 0)
2026-07-17 05:00:27.452 8 WARNING neutron.db.securitygroups_db [None req-5abe93f4-e01c-4c67-bcb7-1383fd3c275d e3c81812568747ff9cfec0c27b1dbeff aa514930302d4309a556a37e4aff512e - - default default] project_id key not found in filters, using tenant_id instead. This support has been deprecated and will be removed in a future release.
2026-07-17 05:00:27.471 7 WARNING tagging [None req-6a31a68c-0759-4934-b36f-54f13f735527 d37278956f5a407395c9c3b2f06fec76 4948281b7ab0454bae42b2056d7bbd2c - - default default] project_id key not found in request, using tenant_id instead. This support has been deprecated and will be removed in a future release. [pid: 7|app: 0|req: 907/1964] 10.0.0.189 () {32 vars in 739 bytes} [Fri Jul 17 05:00:27 2026] GET /v2.0/floatingips/2fcdfb59-2335-4eb2-bb25-6f6ff6701230/tags => generated 12 bytes in 35 msecs (HTTP/1.1 200) 4 headers in 156 bytes (1 switches on core 0)
2026-07-17 05:00:27.592 8 INFO neutron.db.ovn_revision_numbers_db [None req-5abe93f4-e01c-4c67-bcb7-1383fd3c275d e3c81812568747ff9cfec0c27b1dbeff aa514930302d4309a556a37e4aff512e - - default default] Successfully bumped revision number for resource e4427e7c-d87b-474e-bb5f-f66a6cce387f (type: security_groups) to 1
2026-07-17 05:00:27.603 8 INFO neutron.db.ovn_revision_numbers_db [None req-5abe93f4-e01c-4c67-bcb7-1383fd3c275d e3c81812568747ff9cfec0c27b1dbeff aa514930302d4309a556a37e4aff512e - - default default] Successfully bumped revision number for resource 4c4f03ac-0195-48b6-8f33-457c2f1a3e00 (type: security_group_rules) to 0
2026-07-17 05:00:27.614 8 INFO neutron.db.ovn_revision_numbers_db [None req-5abe93f4-e01c-4c67-bcb7-1383fd3c275d e3c81812568747ff9cfec0c27b1dbeff aa514930302d4309a556a37e4aff512e - - default default] Successfully bumped revision number for resource 56204f85-453e-4ade-84b7-e3aa125fcef1 (type: security_group_rules) to 0
2026-07-17 05:00:27.632 8 INFO neutron.db.ovn_revision_numbers_db [None req-5abe93f4-e01c-4c67-bcb7-1383fd3c275d e3c81812568747ff9cfec0c27b1dbeff aa514930302d4309a556a37e4aff512e - - default default] Successfully bumped revision number for resource 6ec10c2d-4f13-4879-8e14-71e00d3a54f0 (type: security_group_rules) to 0
2026-07-17 05:00:27.637 7 INFO neutron_taas.services.taas.taas_plugin [None req-62605ea7-368e-435e-a373-6802aa10d448 d37278956f5a407395c9c3b2f06fec76 4948281b7ab0454bae42b2056d7bbd2c - - default default] TaaS: Handle Delete Port: 7d48c622-ccc2-4001-9496-b4e00c7549f8
2026-07-17 05:00:27.639 7 INFO neutron_taas.services.taas.tap_mirror_plugin [None req-62605ea7-368e-435e-a373-6802aa10d448 d37278956f5a407395c9c3b2f06fec76 4948281b7ab0454bae42b2056d7bbd2c - - default default] Tap Mirror: Handle Delete Port: 7d48c622-ccc2-4001-9496-b4e00c7549f8
2026-07-17 05:00:27.644 8 INFO neutron.db.ovn_revision_numbers_db [None req-5abe93f4-e01c-4c67-bcb7-1383fd3c275d e3c81812568747ff9cfec0c27b1dbeff aa514930302d4309a556a37e4aff512e - - default default] Successfully bumped revision number for resource a3ad8e06-027d-454d-a1e9-799717f76b83 (type: security_group_rules) to 0 [pid: 8|app: 0|req: 1058/1965] 10.0.0.189 () {32 vars in 774 bytes} [Fri Jul 17 05:00:27 2026] GET /v2.0/security-groups?tenant_id=409a6fa26d394408bc2519ea08722e6e&name=default => generated 2925 bytes in 241 msecs (HTTP/1.1 200) 4 headers in 158 bytes (1 switches on core 0) [pid: 7|app: 0|req: 908/1966] 10.0.0.189 () {32 vars in 732 bytes} [Fri Jul 17 05:00:27 2026] DELETE /v2.0/floatingips/2fcdfb59-2335-4eb2-bb25-6f6ff6701230 => generated 0 bytes in 355 msecs (HTTP/1.1 204) 2 headers in 112 bytes (1 switches on core 0) [pid: 8|app: 0|req: 1059/1967] 10.0.0.189 () {32 vars in 740 bytes} [Fri Jul 17 05:00:27 2026] DELETE /v2.0/security-groups/e4427e7c-d87b-474e-bb5f-f66a6cce387f => generated 0 bytes in 225 msecs (HTTP/1.1 204) 2 headers in 112 bytes (1 switches on core 0)
2026-07-17 05:00:28.076 8 WARNING neutron.db.securitygroups_db [None req-d8f0bd7d-391b-4950-b791-ebde6e1f84e8 e3c81812568747ff9cfec0c27b1dbeff aa514930302d4309a556a37e4aff512e - - default default] project_id key not found in filters, using tenant_id instead. This support has been deprecated and will be removed in a future release. [pid: 8|app: 0|req: 1060/1968] 10.0.0.189 () {32 vars in 774 bytes} [Fri Jul 17 05:00:28 2026] GET /v2.0/security-groups?tenant_id=8d05838f1600448fb1480b2e8a23ac61&name=default => generated 2925 bytes in 30 msecs (HTTP/1.1 200) 4 headers in 158 bytes (1 switches on core 0) [pid: 8|app: 0|req: 1061/1969] 10.0.0.189 () {32 vars in 740 bytes} [Fri Jul 17 05:00:28 2026] DELETE /v2.0/security-groups/d6d6d87f-05d1-4d3f-a6d0-e8f784a2d592 => generated 0 bytes in 180 msecs (HTTP/1.1 204) 2 headers in 112 bytes (1 switches on core 0)
2026-07-17 05:00:28.335 7 INFO neutron.db.ovn_revision_numbers_db [None req-5c9fdbba-ca98-4f4d-a372-e4c78a6df99f e3c81812568747ff9cfec0c27b1dbeff aa514930302d4309a556a37e4aff512e - - default default] Successfully bumped revision number for resource 9ddf3b91-07b6-4fbf-81c6-c1cae7388a6c (type: security_groups) to 1
2026-07-17 05:00:28.347 7 INFO neutron.db.ovn_revision_numbers_db [None req-5c9fdbba-ca98-4f4d-a372-e4c78a6df99f e3c81812568747ff9cfec0c27b1dbeff aa514930302d4309a556a37e4aff512e - - default default] Successfully bumped revision number for resource 8678bea4-4af7-4e9b-a1cd-e830d969ec8c (type: security_group_rules) to 0
