2026-07-17 04:59:23.223 8 INFO neutron_taas.services.taas.taas_plugin [None req-3798e3a7-a61e-45fe-987a-f30c00a6e629 9859ecee80b1401f9b5b53cf13a8021c 09d624a02d5f4ad8ac1bbfe7d8614280 - - default default] TaaS: Handle Delete Port: 00aa386a-0e93-4bc7-876e-73f37be4a24e
2026-07-17 04:59:23.228 8 INFO neutron_taas.services.taas.tap_mirror_plugin [None req-3798e3a7-a61e-45fe-987a-f30c00a6e629 9859ecee80b1401f9b5b53cf13a8021c 09d624a02d5f4ad8ac1bbfe7d8614280 - - default default] Tap Mirror: Handle Delete Port: 00aa386a-0e93-4bc7-876e-73f37be4a24e [pid: 7|app: 0|req: 673/1455] 10.0.0.189 () {32 vars in 721 bytes} [Fri Jul 17 04:59:23 2026] GET /v2.0/routers/5200dbe4-7c2b-459c-a763-3e690bfeb7d2 => generated 597 bytes in 41 msecs (HTTP/1.1 200) 4 headers in 157 bytes (1 switches on core 0) [pid: 7|app: 0|req: 674/1456] 10.0.0.189 () {32 vars in 643 bytes} [Fri Jul 17 04:59:23 2026] GET /v2.0/ports => generated 1533 bytes in 38 msecs (HTTP/1.1 200) 4 headers in 158 bytes (1 switches on core 0)
2026-07-17 04:59:23.371 7 INFO neutron.db.segments_db [None req-575ca6c0-c1fe-428a-8c60-affabd5cbe5c 1ffb1c39ee33414bb77d8abcba6e32f8 456e04d627bf475ca174379f82b22f6b - - default default] Added segment 97060950-bf18-4aa4-a2c1-9353990da2ae of type geneve for network 8e95a2fc-33a5-44e6-ada8-11aa11714220
2026-07-17 04:59:23.465 8 INFO neutron.services.segments.plugin [-] Segment 807102ac-8c2e-4729-9b11-038c873304d7 resource provider aggregate not found
2026-07-17 04:59:23.470 8 INFO neutron.services.segments.plugin [-] Segment 807102ac-8c2e-4729-9b11-038c873304d7 resource provider aggregate not found
2026-07-17 04:59:23.475 7 INFO neutron.db.ovn_revision_numbers_db [None req-575ca6c0-c1fe-428a-8c60-affabd5cbe5c 1ffb1c39ee33414bb77d8abcba6e32f8 456e04d627bf475ca174379f82b22f6b - - default default] Successfully bumped revision number for resource 8e95a2fc-33a5-44e6-ada8-11aa11714220 (type: networks) to 1
2026-07-17 04:59:23.487 8 INFO neutron.services.segments.plugin [-] Client error retrieving segment 807102ac-8c2e-4729-9b11-038c873304d7 resource provider; error: Placement Client Error (4xx): {"errors": [{"status": 404, "title": "Not Found", "detail": "The resource could not be found.\n\n No resource provider with uuid 807102ac-8c2e-4729-9b11-038c873304d7 found for delete ", "request_id": "req-57ce9c13-e327-4574-ab0b-96e59388a57e"}]}
2026-07-17 04:59:23.490 8 INFO neutron.services.segments.plugin [-] Client error retrieving segment 807102ac-8c2e-4729-9b11-038c873304d7 resource provider; error: Placement Client Error (4xx): {"errors": [{"status": 404, "title": "Not Found", "detail": "The resource could not be found.\n\n No resource provider with uuid 807102ac-8c2e-4729-9b11-038c873304d7 found for delete ", "request_id": "req-290752e8-8fae-4fbf-ae9e-f4607257cd57"}]} [pid: 8|app: 0|req: 783/1457] 10.0.0.189 () {32 vars in 726 bytes} [Fri Jul 17 04:59:23 2026] DELETE /v2.0/networks/20346edc-c13d-48bd-84c8-cd28ae83a1f5 => generated 0 bytes in 474 msecs (HTTP/1.1 204) 3 headers in 131 bytes (1 switches on core 0)
2026-07-17 04:59:23.646 7 WARNING neutron.scheduler.dhcp_agent_scheduler [None req-575ca6c0-c1fe-428a-8c60-affabd5cbe5c 1ffb1c39ee33414bb77d8abcba6e32f8 456e04d627bf475ca174379f82b22f6b - - default default] No more DHCP agents
2026-07-17 04:59:23.647 7 WARNING neutron.api.rpc.agentnotifiers.dhcp_rpc_agent_api [None req-575ca6c0-c1fe-428a-8c60-affabd5cbe5c 1ffb1c39ee33414bb77d8abcba6e32f8 456e04d627bf475ca174379f82b22f6b - - default default] Unable to schedule network 8e95a2fc-33a5-44e6-ada8-11aa11714220: no agents available; will retry on subsequent port and subnet creation events.
2026-07-17 04:59:23.722 8 INFO neutron.plugins.ml2.drivers.ovn.mech_driver.mech_driver [None req-0ff68f13-00a8-4b2d-a156-fd791e275491 - - - - - -] OVN reports status down for port: c14695fb-df3e-4711-9d9e-e18840669070
2026-07-17 04:59:23.727 7 INFO neutron.db.ovn_revision_numbers_db [None req-575ca6c0-c1fe-428a-8c60-affabd5cbe5c 1ffb1c39ee33414bb77d8abcba6e32f8 456e04d627bf475ca174379f82b22f6b - - default default] Successfully bumped revision number for resource c14695fb-df3e-4711-9d9e-e18840669070 (type: ports) to 1 [pid: 7|app: 0|req: 675/1458] 10.0.0.189 () {34 vars in 670 bytes} [Fri Jul 17 04:59:23 2026] POST /v2.0/networks => generated 692 bytes in 463 msecs (HTTP/1.1 201) 4 headers in 162 bytes (1 switches on core 0) [pid: 7|app: 0|req: 676/1459] 10.0.0.189 () {32 vars in 717 bytes} [Fri Jul 17 04:59:23 2026] GET /v2.0/ports/b78a870b-5a74-41c1-bf67-e434a1ea94fd => generated 774 bytes in 45 msecs (HTTP/1.1 200) 4 headers in 157 bytes (1 switches on core 0) [pid: 8|app: 0|req: 784/1460] 10.0.0.189 () {34 vars in 742 bytes} [Fri Jul 17 04:59:23 2026] PUT /v2.0/routers/5200dbe4-7c2b-459c-a763-3e690bfeb7d2 => generated 597 bytes in 299 msecs (HTTP/1.1 200) 4 headers in 157 bytes (1 switches on core 0)
2026-07-17 04:59:23.854 8 INFO neutron.pecan_wsgi.hooks.translation [None req-e39f2e9a-1abc-4cc3-88a8-1a67038591b1 e754e5b4978946f8a5b9f48abe169445 8a0c6961a3d445fa8d4545c88be3e1e6 - - default default] DELETE failed (client error): The resource could not be found. [pid: 8|app: 0|req: 785/1461] 10.0.0.189 () {32 vars in 720 bytes} [Fri Jul 17 04:59:23 2026] DELETE /v2.0/ports/add8323a-4861-403c-a477-557583c1935e => generated 132 bytes in 26 msecs (HTTP/1.1 404) 4 headers in 164 bytes (1 switches on core 0) [pid: 8|app: 0|req: 786/1462] 10.0.0.189 () {32 vars in 736 bytes} [Fri Jul 17 04:59:23 2026] GET /v2.0/ports?device_id=5200dbe4-7c2b-459c-a763-3e690bfeb7d2 => generated 12 bytes in 31 msecs (HTTP/1.1 200) 4 headers in 156 bytes (1 switches on core 0)
2026-07-17 04:59:23.896 7 INFO neutron.db.segments_db [None req-02e8571a-8e11-4848-a129-4820462451e9 9859ecee80b1401f9b5b53cf13a8021c 09d624a02d5f4ad8ac1bbfe7d8614280 - - default default] Added segment c755c4ef-36fe-4b9b-8695-5f8d8038c897 of type geneve for network 1eddfe96-2ee1-45c3-9335-7f7d4f9129fc
2026-07-17 04:59:23.906 8 INFO neutron.pecan_wsgi.hooks.translation [None req-75c55275-dc97-47c1-8b7e-db563b58db11 e754e5b4978946f8a5b9f48abe169445 8a0c6961a3d445fa8d4545c88be3e1e6 - - default default] DELETE failed (client error): The resource could not be found. [pid: 8|app: 0|req: 787/1463] 10.0.0.189 () {32 vars in 724 bytes} [Fri Jul 17 04:59:23 2026] DELETE /v2.0/subnets/43e6800f-e64a-4073-b52e-f22155d7a633 => generated 136 bytes in 21 msecs (HTTP/1.1 404) 4 headers in 164 bytes (1 switches on core 0)
2026-07-17 04:59:23.992 7 INFO neutron.db.ovn_revision_numbers_db [None req-02e8571a-8e11-4848-a129-4820462451e9 9859ecee80b1401f9b5b53cf13a8021c 09d624a02d5f4ad8ac1bbfe7d8614280 - - default default] Successfully bumped revision number for resource 1eddfe96-2ee1-45c3-9335-7f7d4f9129fc (type: networks) to 1 [pid: 8|app: 0|req: 788/1464] 10.0.0.189 () {32 vars in 724 bytes} [Fri Jul 17 04:59:23 2026] DELETE /v2.0/routers/5200dbe4-7c2b-459c-a763-3e690bfeb7d2 => generated 0 bytes in 194 msecs (HTTP/1.1 204) 2 headers in 112 bytes (1 switches on core 0)
2026-07-17 04:59:24.118 8 INFO neutron.pecan_wsgi.hooks.translation [None req-7f925632-1fd0-4c71-b87e-131674a0555d e754e5b4978946f8a5b9f48abe169445 8a0c6961a3d445fa8d4545c88be3e1e6 - - default default] DELETE failed (client error): The resource could not be found. [pid: 8|app: 0|req: 789/1465] 10.0.0.189 () {32 vars in 724 bytes} [Fri Jul 17 04:59:24 2026] DELETE /v2.0/subnets/9010a627-13d5-41e9-8c8a-ac550aabc808 => generated 136 bytes in 15 msecs (HTTP/1.1 404) 4 headers in 164 bytes (1 switches on core 0)
2026-07-17 04:59:24.162 7 WARNING neutron.scheduler.dhcp_agent_scheduler [None req-02e8571a-8e11-4848-a129-4820462451e9 9859ecee80b1401f9b5b53cf13a8021c 09d624a02d5f4ad8ac1bbfe7d8614280 - - default default] No more DHCP agents
2026-07-17 04:59:24.166 7 WARNING neutron.api.rpc.agentnotifiers.dhcp_rpc_agent_api [None req-02e8571a-8e11-4848-a129-4820462451e9 9859ecee80b1401f9b5b53cf13a8021c 09d624a02d5f4ad8ac1bbfe7d8614280 - - default default] Unable to schedule network 1eddfe96-2ee1-45c3-9335-7f7d4f9129fc: no agents available; will retry on subsequent port and subnet creation events.
2026-07-17 04:59:24.241 8 INFO neutron.plugins.ml2.drivers.ovn.mech_driver.mech_driver [None req-0ff68f13-00a8-4b2d-a156-fd791e275491 - - - - - -] OVN reports status down for port: b34cbc59-df84-41b1-bf8a-28129210ec6d
2026-07-17 04:59:24.242 7 INFO neutron.db.ovn_revision_numbers_db [None req-02e8571a-8e11-4848-a129-4820462451e9 9859ecee80b1401f9b5b53cf13a8021c 09d624a02d5f4ad8ac1bbfe7d8614280 - - default default] Successfully bumped revision number for resource b34cbc59-df84-41b1-bf8a-28129210ec6d (type: ports) to 1 [pid: 7|app: 0|req: 677/1466] 10.0.0.189 () {34 vars in 670 bytes} [Fri Jul 17 04:59:23 2026] POST /v2.0/networks => generated 673 bytes in 467 msecs (HTTP/1.1 201) 4 headers in 162 bytes (1 switches on core 0)
2026-07-17 04:59:24.266 8 INFO neutron_taas.services.taas.taas_plugin [None req-82e384fb-fa6d-47dc-8a98-206c0d06f464 e754e5b4978946f8a5b9f48abe169445 8a0c6961a3d445fa8d4545c88be3e1e6 - - default default] TaaS: Handle Delete Port: b78a870b-5a74-41c1-bf67-e434a1ea94fd
2026-07-17 04:59:24.279 8 INFO neutron_taas.services.taas.tap_mirror_plugin [None req-82e384fb-fa6d-47dc-8a98-206c0d06f464 e754e5b4978946f8a5b9f48abe169445 8a0c6961a3d445fa8d4545c88be3e1e6 - - default default] Tap Mirror: Handle Delete Port: b78a870b-5a74-41c1-bf67-e434a1ea94fd [pid: 8|app: 0|req: 790/1467] 10.0.0.189 () {32 vars in 720 bytes} [Fri Jul 17 04:59:24 2026] DELETE /v2.0/ports/b78a870b-5a74-41c1-bf67-e434a1ea94fd => generated 0 bytes in 296 msecs (HTTP/1.1 204) 3 headers in 131 bytes (1 switches on core 0)
2026-07-17 04:59:24.584 8 WARNING neutron.scheduler.dhcp_agent_scheduler [None req-626237d5-d751-4381-933c-2381c9d8a4bc 9859ecee80b1401f9b5b53cf13a8021c 09d624a02d5f4ad8ac1bbfe7d8614280 - - default default] No more DHCP agents
2026-07-17 04:59:24.585 8 WARNING neutron.api.rpc.agentnotifiers.dhcp_rpc_agent_api [None req-626237d5-d751-4381-933c-2381c9d8a4bc 9859ecee80b1401f9b5b53cf13a8021c 09d624a02d5f4ad8ac1bbfe7d8614280 - - default default] Unable to schedule network 1eddfe96-2ee1-45c3-9335-7f7d4f9129fc: no agents available; will retry on subsequent port and subnet creation events.
2026-07-17 04:59:24.586 7 WARNING neutron.scheduler.dhcp_agent_scheduler [None req-8862a78f-f9a8-4df3-9a72-bfdef298218b 1ffb1c39ee33414bb77d8abcba6e32f8 456e04d627bf475ca174379f82b22f6b - - default default] No more DHCP agents
2026-07-17 04:59:24.591 7 WARNING neutron.api.rpc.agentnotifiers.dhcp_rpc_agent_api [None req-8862a78f-f9a8-4df3-9a72-bfdef298218b 1ffb1c39ee33414bb77d8abcba6e32f8 456e04d627bf475ca174379f82b22f6b - - default default] Unable to schedule network 4bcbc4a0-c5b1-4991-b5e1-67aaa73a945f: no agents available; will retry on subsequent port and subnet creation events.
2026-07-17 04:59:24.619 7 INFO neutron.db.ovn_revision_numbers_db [None req-8862a78f-f9a8-4df3-9a72-bfdef298218b 1ffb1c39ee33414bb77d8abcba6e32f8 456e04d627bf475ca174379f82b22f6b - - default default] Successfully bumped revision number for resource a9e835a7-b00f-4391-a999-174147303f13 (type: subnets) to 0
2026-07-17 04:59:24.626 8 INFO neutron.db.ovn_revision_numbers_db [None req-626237d5-d751-4381-933c-2381c9d8a4bc 9859ecee80b1401f9b5b53cf13a8021c 09d624a02d5f4ad8ac1bbfe7d8614280 - - default default] Successfully bumped revision number for resource 18fc8944-aaa6-4419-92e2-76d6b4b8adf3 (type: subnets) to 0 [pid: 8|app: 0|req: 791/1468] 10.0.0.189 () {34 vars in 669 bytes} [Fri Jul 17 04:59:24 2026] POST /v2.0/subnets => generated 646 bytes in 224 msecs (HTTP/1.1 201) 4 headers in 162 bytes (1 switches on core 0)
2026-07-17 04:59:24.648 7 WARNING neutron.scheduler.dhcp_agent_scheduler [None req-8862a78f-f9a8-4df3-9a72-bfdef298218b 1ffb1c39ee33414bb77d8abcba6e32f8 456e04d627bf475ca174379f82b22f6b - - default default] No more DHCP agents
2026-07-17 04:59:24.650 7 WARNING neutron.api.rpc.agentnotifiers.dhcp_rpc_agent_api [None req-8862a78f-f9a8-4df3-9a72-bfdef298218b 1ffb1c39ee33414bb77d8abcba6e32f8 456e04d627bf475ca174379f82b22f6b - - default default] Unable to schedule network 8e95a2fc-33a5-44e6-ada8-11aa11714220: no agents available; will retry on subsequent port and subnet creation events.
2026-07-17 04:59:24.676 7 INFO neutron.db.ovn_revision_numbers_db [None req-8862a78f-f9a8-4df3-9a72-bfdef298218b 1ffb1c39ee33414bb77d8abcba6e32f8 456e04d627bf475ca174379f82b22f6b - - default default] Successfully bumped revision number for resource 34114df9-fc63-4561-ac05-be66c19b0792 (type: subnets) to 0 [pid: 7|app: 0|req: 678/1469] 10.0.0.189 () {34 vars in 669 bytes} [Fri Jul 17 04:59:24 2026] POST /v2.0/subnets => generated 1323 bytes in 428 msecs (HTTP/1.1 201) 4 headers in 163 bytes (1 switches on core 0)
2026-07-17 04:59:24.767 8 INFO neutron_taas.services.taas.taas_plugin [None req-df037d51-b69f-4c3c-837d-c26cb92e0943 e754e5b4978946f8a5b9f48abe169445 8a0c6961a3d445fa8d4545c88be3e1e6 - - default default] TaaS: Handle Delete Port: fb077585-c3c2-4711-b9c5-0cc815a9197b
2026-07-17 04:59:24.771 8 INFO neutron_taas.services.taas.tap_mirror_plugin [None req-df037d51-b69f-4c3c-837d-c26cb92e0943 e754e5b4978946f8a5b9f48abe169445 8a0c6961a3d445fa8d4545c88be3e1e6 - - default default] Tap Mirror: Handle Delete Port: fb077585-c3c2-4711-b9c5-0cc815a9197b
2026-07-17 04:59:24.950 7 WARNING neutron.scheduler.dhcp_agent_scheduler [None req-8c48476c-6c45-4465-9fae-7e58a5f0273d 9859ecee80b1401f9b5b53cf13a8021c 09d624a02d5f4ad8ac1bbfe7d8614280 - - default default] No more DHCP agents
2026-07-17 04:59:24.951 7 WARNING neutron.api.rpc.agentnotifiers.dhcp_rpc_agent_api [None req-8c48476c-6c45-4465-9fae-7e58a5f0273d 9859ecee80b1401f9b5b53cf13a8021c 09d624a02d5f4ad8ac1bbfe7d8614280 - - default default] Unable to schedule network 1eddfe96-2ee1-45c3-9335-7f7d4f9129fc: no agents available; will retry on subsequent port and subnet creation events. [pid: 8|app: 0|req: 792/1470] 10.0.0.189 () {32 vars in 726 bytes} [Fri Jul 17 04:59:24 2026] DELETE /v2.0/networks/13d6f733-e997-4798-89ee-e187c4b3b9bd => generated 0 bytes in 366 msecs (HTTP/1.1 204) 3 headers in 131 bytes (1 switches on core 0)
2026-07-17 04:59:25.053 7 INFO neutron.plugins.ml2.drivers.ovn.mech_driver.mech_driver [None req-14211015-2743-4c11-898a-1696d0179578 - - - - - -] OVN reports status down for port: 5e1a1b4a-6f99-4138-80b9-9aa2a9d810c6 [pid: 8|app: 0|req: 793/1471] 10.0.0.189 () {32 vars in 647 bytes} [Fri Jul 17 04:59:25 2026] GET /v2.0/subnets => generated 1959 bytes in 67 msecs (HTTP/1.1 200) 4 headers in 158 bytes (1 switches on core 0)
2026-07-17 04:59:25.119 7 INFO neutron.db.ovn_revision_numbers_db [None req-8c48476c-6c45-4465-9fae-7e58a5f0273d 9859ecee80b1401f9b5b53cf13a8021c 09d624a02d5f4ad8ac1bbfe7d8614280 - - default default] Successfully bumped revision number for resource 5e1a1b4a-6f99-4138-80b9-9aa2a9d810c6 (type: ports) to 1 [pid: 7|app: 0|req: 679/1472] 10.0.0.189 () {34 vars in 665 bytes} [Fri Jul 17 04:59:24 2026] POST /v2.0/ports => generated 928 bytes in 499 msecs (HTTP/1.1 201) 4 headers in 162 bytes (1 switches on core 0) [pid: 7|app: 0|req: 680/1473] 10.0.0.189 () {32 vars in 724 bytes} [Fri Jul 17 04:59:25 2026] DELETE /v2.0/subnets/a9e835a7-b00f-4391-a999-174147303f13 => generated 0 bytes in 131 msecs (HTTP/1.1 204) 3 headers in 131 bytes (1 switches on core 0)
2026-07-17 04:59:25.339 8 WARNING neutron.db.securitygroups_db [None req-34f87528-e9dc-4b07-b282-e0bcb48a56a6 e3c81812568747ff9cfec0c27b1dbeff aa514930302d4309a556a37e4aff512e - - default default] project_id key not found in filters, using tenant_id instead. This support has been deprecated and will be removed in a future release.
2026-07-17 04:59:25.446 8 INFO neutron.db.ovn_revision_numbers_db [None req-34f87528-e9dc-4b07-b282-e0bcb48a56a6 e3c81812568747ff9cfec0c27b1dbeff aa514930302d4309a556a37e4aff512e - - default default] Successfully bumped revision number for resource 097b7b18-ffac-4591-9453-846a06ca4efc (type: security_groups) to 1
2026-07-17 04:59:25.456 8 INFO neutron.db.ovn_revision_numbers_db [None req-34f87528-e9dc-4b07-b282-e0bcb48a56a6 e3c81812568747ff9cfec0c27b1dbeff aa514930302d4309a556a37e4aff512e - - default default] Successfully bumped revision number for resource 0063f40c-387f-465b-baae-8d33bda84c61 (type: security_group_rules) to 0
2026-07-17 04:59:25.467 7 INFO neutron_taas.services.taas.taas_plugin [None req-df957f76-3722-40db-8b42-394a2c969518 9859ecee80b1401f9b5b53cf13a8021c 09d624a02d5f4ad8ac1bbfe7d8614280 - - default default] TaaS: Handle Delete Port: 5e1a1b4a-6f99-4138-80b9-9aa2a9d810c6
2026-07-17 04:59:25.470 8 INFO neutron.db.ovn_revision_numbers_db [None req-34f87528-e9dc-4b07-b282-e0bcb48a56a6 e3c81812568747ff9cfec0c27b1dbeff aa514930302d4309a556a37e4aff512e - - default default] Successfully bumped revision number for resource 1fac40ed-fbf7-4418-9bec-ef49b9f7c675 (type: security_group_rules) to 0
2026-07-17 04:59:25.471 7 INFO neutron_taas.services.taas.tap_mirror_plugin [None req-df957f76-3722-40db-8b42-394a2c969518 9859ecee80b1401f9b5b53cf13a8021c 09d624a02d5f4ad8ac1bbfe7d8614280 - - default default] Tap Mirror: Handle Delete Port: 5e1a1b4a-6f99-4138-80b9-9aa2a9d810c6
2026-07-17 04:59:25.483 8 INFO neutron.db.ovn_revision_numbers_db [None req-34f87528-e9dc-4b07-b282-e0bcb48a56a6 e3c81812568747ff9cfec0c27b1dbeff aa514930302d4309a556a37e4aff512e - - default default] Successfully bumped revision number for resource 3d5a513a-739e-4ae6-bac8-b01551e8f9da (type: security_group_rules) to 0
2026-07-17 04:59:25.501 8 INFO neutron.db.ovn_revision_numbers_db [None req-34f87528-e9dc-4b07-b282-e0bcb48a56a6 e3c81812568747ff9cfec0c27b1dbeff aa514930302d4309a556a37e4aff512e - - default default] Successfully bumped revision number for resource 59a4e1e8-5fba-4628-9a4b-9e6b0ab2dac7 (type: security_group_rules) to 0
2026-07-17 04:59:25.507 8 INFO neutron.services.segments.plugin [-] Segment 27089a5d-dbb8-46d2-a370-1001f463af8e resource provider aggregate not found
2026-07-17 04:59:25.508 8 INFO neutron.services.segments.plugin [-] Segment 27089a5d-dbb8-46d2-a370-1001f463af8e resource provider aggregate not found
2026-07-17 04:59:25.530 8 INFO neutron.services.segments.plugin [-] Client error retrieving segment 27089a5d-dbb8-46d2-a370-1001f463af8e resource provider; error: Placement Client Error (4xx): {"errors": [{"status": 404, "title": "Not Found", "detail": "The resource could not be found.\n\n No resource provider with uuid 27089a5d-dbb8-46d2-a370-1001f463af8e found for delete ", "request_id": "req-98b4ede1-713e-4a93-8bc1-15f55c5256d4"}]}
2026-07-17 04:59:25.531 8 INFO neutron.services.segments.plugin [-] Client error retrieving segment 27089a5d-dbb8-46d2-a370-1001f463af8e resource provider; error: Placement Client Error (4xx): {"errors": [{"status": 404, "title": "Not Found", "detail": "The resource could not be found.\n\n No resource provider with uuid 27089a5d-dbb8-46d2-a370-1001f463af8e found for delete ", "request_id": "req-cc4c0468-146b-410a-90ba-f62f7e031465"}]} [pid: 8|app: 0|req: 794/1474] 10.0.0.189 () {32 vars in 774 bytes} [Fri Jul 17 04:59:25 2026] GET /v2.0/security-groups?tenant_id=45ed4c64216f469489b8fece06e04b7b&name=default => generated 2925 bytes in 476 msecs (HTTP/1.1 200) 4 headers in 158 bytes (1 switches on core 0) [pid: 7|app: 0|req: 681/1475] 10.0.0.189 () {32 vars in 720 bytes} [Fri Jul 17 04:59:25 2026] DELETE /v2.0/ports/5e1a1b4a-6f99-4138-80b9-9aa2a9d810c6 => generated 0 bytes in 263 msecs (HTTP/1.1 204) 3 headers in 131 bytes (1 switches on core 0)
2026-07-17 04:59:25.682 7 WARNING neutron.db.securitygroups_db [None req-3c4dd6bf-5dce-48cd-ae42-d20d18c85f1f e3c81812568747ff9cfec0c27b1dbeff aa514930302d4309a556a37e4aff512e - - default default] project_id key not found in filters, using tenant_id instead. This support has been deprecated and will be removed in a future release. [pid: 7|app: 0|req: 682/1476] 10.0.0.189 () {32 vars in 774 bytes} [Fri Jul 17 04:59:25 2026] GET /v2.0/security-groups?tenant_id=8a0c6961a3d445fa8d4545c88be3e1e6&name=default => generated 2925 bytes in 120 msecs (HTTP/1.1 200) 4 headers in 158 bytes (1 switches on core 0) [pid: 8|app: 0|req: 795/1477] 10.0.0.189 () {32 vars in 724 bytes} [Fri Jul 17 04:59:25 2026] DELETE /v2.0/subnets/34114df9-fc63-4561-ac05-be66c19b0792 => generated 0 bytes in 157 msecs (HTTP/1.1 204) 3 headers in 131 bytes (1 switches on core 0)
2026-07-17 04:59:25.727 8 INFO neutron.pecan_wsgi.hooks.translation [None req-b1a3ef5f-c092-47fa-b6e9-898f32c40bff 9859ecee80b1401f9b5b53cf13a8021c 09d624a02d5f4ad8ac1bbfe7d8614280 - - default default] GET failed (client error): The resource could not be found. [pid: 8|app: 0|req: 796/1478] 10.0.0.189 () {32 vars in 717 bytes} [Fri Jul 17 04:59:25 2026] GET /v2.0/ports/5e1a1b4a-6f99-4138-80b9-9aa2a9d810c6 => generated 132 bytes in 14 msecs (HTTP/1.1 404) 4 headers in 164 bytes (1 switches on core 0) [pid: 7|app: 0|req: 683/1479] 10.0.0.189 () {32 vars in 740 bytes} [Fri Jul 17 04:59:25 2026] DELETE /v2.0/security-groups/097b7b18-ffac-4591-9453-846a06ca4efc => generated 0 bytes in 167 msecs (HTTP/1.1 204) 2 headers in 112 bytes (1 switches on core 0) [pid: 7|app: 0|req: 684/1480] 10.0.0.189 () {32 vars in 647 bytes} [Fri Jul 17 04:59:25 2026] GET /v2.0/subnets => generated 649 bytes in 26 msecs (HTTP/1.1 200) 4 headers in 157 bytes (1 switches on core 0) [pid: 8|app: 0|req: 797/1481] 10.0.0.189 () {32 vars in 740 bytes} [Fri Jul 17 04:59:25 2026] DELETE /v2.0/security-groups/eb58325e-61cd-4c07-8b62-831a2fcbf16b => generated 0 bytes in 207 msecs (HTTP/1.1 204) 2 headers in 112 bytes (1 switches on core 0)
2026-07-17 04:59:26.058 8 INFO neutron_taas.services.taas.taas_plugin [None req-d35f73d1-c4bc-4fb9-bc44-5e2f6248b517 1ffb1c39ee33414bb77d8abcba6e32f8 456e04d627bf475ca174379f82b22f6b - - default default] TaaS: Handle Delete Port: c14695fb-df3e-4711-9d9e-e18840669070
2026-07-17 04:59:26.061 8 INFO neutron_taas.services.taas.tap_mirror_plugin [None req-d35f73d1-c4bc-4fb9-bc44-5e2f6248b517 1ffb1c39ee33414bb77d8abcba6e32f8 456e04d627bf475ca174379f82b22f6b - - default default] Tap Mirror: Handle Delete Port: c14695fb-df3e-4711-9d9e-e18840669070 [pid: 7|app: 0|req: 685/1482] 10.0.0.189 () {32 vars in 724 bytes} [Fri Jul 17 04:59:25 2026] DELETE /v2.0/subnets/18fc8944-aaa6-4419-92e2-76d6b4b8adf3 => generated 0 bytes in 171 msecs (HTTP/1.1 204) 3 headers in 131 bytes (1 switches on core 0)
2026-07-17 04:59:26.079 7 WARNING neutron.db.securitygroups_db [None req-8d4b527f-b6e8-4605-9ce8-d820ef5d750a e3c81812568747ff9cfec0c27b1dbeff aa514930302d4309a556a37e4aff512e - - default default] project_id key not found in filters, using tenant_id instead. This support has been deprecated and will be removed in a future release.
2026-07-17 04:59:26.270 7 INFO neutron.db.ovn_revision_numbers_db [None req-8d4b527f-b6e8-4605-9ce8-d820ef5d750a e3c81812568747ff9cfec0c27b1dbeff aa514930302d4309a556a37e4aff512e - - default default] Successfully bumped revision number for resource 959ede0e-212c-4541-9094-133ac6db2aac (type: security_groups) to 1
2026-07-17 04:59:26.281 7 INFO neutron.db.ovn_revision_numbers_db [None req-8d4b527f-b6e8-4605-9ce8-d820ef5d750a e3c81812568747ff9cfec0c27b1dbeff aa514930302d4309a556a37e4aff512e - - default default] Successfully bumped revision number for resource 28b1b7b9-f746-479d-a6c7-06a53e3b0ed5 (type: security_group_rules) to 0
2026-07-17 04:59:26.292 7 INFO neutron.db.ovn_revision_numbers_db [None req-8d4b527f-b6e8-4605-9ce8-d820ef5d750a e3c81812568747ff9cfec0c27b1dbeff aa514930302d4309a556a37e4aff512e - - default default] Successfully bumped revision number for resource 5241349d-474b-4622-85bb-696d082ceef4 (type: security_group_rules) to 0
2026-07-17 04:59:26.309 7 INFO neutron.db.ovn_revision_numbers_db [None req-8d4b527f-b6e8-4605-9ce8-d820ef5d750a e3c81812568747ff9cfec0c27b1dbeff aa514930302d4309a556a37e4aff512e - - default default] Successfully bumped revision number for resource 680424cc-e434-47b1-838f-2d9d5df67b33 (type: security_group_rules) to 0
2026-07-17 04:59:26.322 7 INFO neutron.db.ovn_revision_numbers_db [None req-8d4b527f-b6e8-4605-9ce8-d820ef5d750a e3c81812568747ff9cfec0c27b1dbeff aa514930302d4309a556a37e4aff512e - - default default] Successfully bumped revision number for resource dfbb0aa7-3447-4fe2-b9dd-20ec7cd5ce30 (type: security_group_rules) to 0 [pid: 8|app: 0|req: 798/1483] 10.0.0.189 () {32 vars in 726 bytes} [Fri Jul 17 04:59:25 2026] DELETE /v2.0/networks/8e95a2fc-33a5-44e6-ada8-11aa11714220 => generated 0 bytes in 394 msecs (HTTP/1.1 204) 3 headers in 131 bytes (1 switches on core 0) [pid: 7|app: 0|req: 686/1484] 10.0.0.189 () {32 vars in 774 bytes} [Fri Jul 17 04:59:26 2026] GET /v2.0/security-groups?tenant_id=4779ce6add764e6e8c5f893ebc4c8c4a&name=default => generated 2925 bytes in 286 msecs (HTTP/1.1 200) 4 headers in 158 bytes (1 switches on core 0)
2026-07-17 04:59:26.454 8 INFO neutron_taas.services.taas.taas_plugin [None req-b7185778-0dcd-4370-b911-2d277cb8615b 9859ecee80b1401f9b5b53cf13a8021c 09d624a02d5f4ad8ac1bbfe7d8614280 - - default default] TaaS: Handle Delete Port: b34cbc59-df84-41b1-bf8a-28129210ec6d
2026-07-17 04:59:26.456 8 INFO neutron_taas.services.taas.tap_mirror_plugin [None req-b7185778-0dcd-4370-b911-2d277cb8615b 9859ecee80b1401f9b5b53cf13a8021c 09d624a02d5f4ad8ac1bbfe7d8614280 - - default default] Tap Mirror: Handle Delete Port: b34cbc59-df84-41b1-bf8a-28129210ec6d
2026-07-17 04:59:26.476 7 INFO neutron_taas.services.taas.taas_plugin [None req-5d9a9dc2-eb0d-4efc-8132-a446d1786f54 1ffb1c39ee33414bb77d8abcba6e32f8 456e04d627bf475ca174379f82b22f6b - - default default] TaaS: Handle Delete Port: e2387664-bd5a-43c8-a59e-8021da619bd3
2026-07-17 04:59:26.479 7 INFO neutron_taas.services.taas.tap_mirror_plugin [None req-5d9a9dc2-eb0d-4efc-8132-a446d1786f54 1ffb1c39ee33414bb77d8abcba6e32f8 456e04d627bf475ca174379f82b22f6b - - default default] Tap Mirror: Handle Delete Port: e2387664-bd5a-43c8-a59e-8021da619bd3
2026-07-17 04:59:26.680 7 INFO neutron.services.segments.plugin [-] Segment 6c05b8db-e71e-48ee-a99f-370d1590ad0b resource provider aggregate not found
2026-07-17 04:59:26.684 7 INFO neutron.services.segments.plugin [-] Segment 6c05b8db-e71e-48ee-a99f-370d1590ad0b resource provider aggregate not found [pid: 8|app: 0|req: 799/1485] 10.0.0.189 () {32 vars in 726 bytes} [Fri Jul 17 04:59:26 2026] DELETE /v2.0/networks/1eddfe96-2ee1-45c3-9335-7f7d4f9129fc => generated 0 bytes in 363 msecs (HTTP/1.1 204) 3 headers in 131 bytes (1 switches on core 0)
2026-07-17 04:59:26.707 7 INFO neutron.services.segments.plugin [-] Client error retrieving segment 6c05b8db-e71e-48ee-a99f-370d1590ad0b resource provider; error: Placement Client Error (4xx): {"errors": [{"status": 404, "title": "Not Found", "detail": "The resource could not be found.\n\n No resource provider with uuid 6c05b8db-e71e-48ee-a99f-370d1590ad0b found for delete ", "request_id": "req-c678b78e-890e-43eb-a799-eaaafec9c24c"}]}
2026-07-17 04:59:26.708 7 INFO neutron.services.segments.plugin [-] Client error retrieving segment 6c05b8db-e71e-48ee-a99f-370d1590ad0b resource provider; error: Placement Client Error (4xx): {"errors": [{"status": 404, "title": "Not Found", "detail": "The resource could not be found.\n\n No resource provider with uuid 6c05b8db-e71e-48ee-a99f-370d1590ad0b found for delete ", "request_id": "req-0451ce0e-0dcb-4bc3-a067-6e976b4b03e1"}]} [pid: 7|app: 0|req: 687/1486] 10.0.0.189 () {32 vars in 726 bytes} [Fri Jul 17 04:59:26 2026] DELETE /v2.0/networks/4bcbc4a0-c5b1-4991-b5e1-67aaa73a945f => generated 0 bytes in 384 msecs (HTTP/1.1 204) 3 headers in 131 bytes (1 switches on core 0) [pid: 8|app: 0|req: 800/1487] 10.0.0.189 () {32 vars in 740 bytes} [Fri Jul 17 04:59:26 2026] DELETE /v2.0/security-groups/959ede0e-212c-4541-9094-133ac6db2aac => generated 0 bytes in 203 msecs (HTTP/1.1 204) 2 headers in 112 bytes (1 switches on core 0)
2026-07-17 04:59:26.986 7 WARNING neutron.scheduler.dhcp_agent_scheduler [None req-034f6eca-a359-4287-80fc-38c15e9396d9 9859ecee80b1401f9b5b53cf13a8021c 09d624a02d5f4ad8ac1bbfe7d8614280 - - default default] No more DHCP agents
2026-07-17 04:59:26.987 7 WARNING neutron.api.rpc.agentnotifiers.dhcp_rpc_agent_api [None req-034f6eca-a359-4287-80fc-38c15e9396d9 9859ecee80b1401f9b5b53cf13a8021c 09d624a02d5f4ad8ac1bbfe7d8614280 - - default default] Unable to schedule network 11876bef-727d-4924-b813-1dbbbbb3ef8e: no agents available; will retry on subsequent port and subnet creation events.
2026-07-17 04:59:27.005 8 INFO neutron_taas.services.taas.taas_plugin [None req-ef63a532-290f-4b34-be1e-ab57e1e04fb0 1ffb1c39ee33414bb77d8abcba6e32f8 456e04d627bf475ca174379f82b22f6b - - default default] TaaS: Handle Delete Port: 48a66507-65f2-4450-a40e-c164c0197f1a
2026-07-17 04:59:27.007 8 INFO neutron_taas.services.taas.tap_mirror_plugin [None req-ef63a532-290f-4b34-be1e-ab57e1e04fb0 1ffb1c39ee33414bb77d8abcba6e32f8 456e04d627bf475ca174379f82b22f6b - - default default] Tap Mirror: Handle Delete Port: 48a66507-65f2-4450-a40e-c164c0197f1a
2026-07-17 04:59:27.040 7 INFO neutron.plugins.ml2.drivers.ovn.mech_driver.mech_driver [None req-14211015-2743-4c11-898a-1696d0179578 - - - - - -] OVN reports status down for port: 1a06b02f-ccc4-4668-a1de-1564a7624384
2026-07-17 04:59:27.098 7 INFO neutron.db.ovn_revision_numbers_db [None req-034f6eca-a359-4287-80fc-38c15e9396d9 9859ecee80b1401f9b5b53cf13a8021c 09d624a02d5f4ad8ac1bbfe7d8614280 - - default default] Successfully bumped revision number for resource 1a06b02f-ccc4-4668-a1de-1564a7624384 (type: ports) to 1 [pid: 7|app: 0|req: 688/1488] 10.0.0.189 () {34 vars in 665 bytes} [Fri Jul 17 04:59:26 2026] POST /v2.0/ports => generated 779 bytes in 420 msecs (HTTP/1.1 201) 4 headers in 162 bytes (1 switches on core 0) /var/lib/openstack/lib/python3.12/site-packages/pycadf/identifier.py:70: UserWarning: Invalid uuid: neutron. To ensure interoperability, identifiers should be a valid uuid. warnings.warn(('Invalid uuid: %s. To ensure interoperability, '
2026-07-17 04:59:27.171 7 WARNING neutron.db.securitygroups_db [None req-81423e0c-27f4-4341-bd24-a95cbc84d4da e3c81812568747ff9cfec0c27b1dbeff aa514930302d4309a556a37e4aff512e - - default default] project_id key not found in filters, using tenant_id instead. This support has been deprecated and will be removed in a future release. [pid: 8|app: 0|req: 801/1489] 10.0.0.189 () {32 vars in 726 bytes} [Fri Jul 17 04:59:26 2026] DELETE /v2.0/networks/89dfedad-5a14-429d-ad0c-1b5f61302673 => generated 0 bytes in 332 msecs (HTTP/1.1 204) 3 headers in 131 bytes (1 switches on core 0)
2026-07-17 04:59:27.303 7 INFO neutron.db.ovn_revision_numbers_db [None req-81423e0c-27f4-4341-bd24-a95cbc84d4da e3c81812568747ff9cfec0c27b1dbeff aa514930302d4309a556a37e4aff512e - - default default] Successfully bumped revision number for resource 7b832a93-6056-4778-bcd5-ebf275aea09a (type: security_groups) to 1
2026-07-17 04:59:27.315 7 INFO neutron.db.ovn_revision_numbers_db [None req-81423e0c-27f4-4341-bd24-a95cbc84d4da e3c81812568747ff9cfec0c27b1dbeff aa514930302d4309a556a37e4aff512e - - default default] Successfully bumped revision number for resource 33cf225f-6efc-4e6d-b3d9-146ad4b83acf (type: security_group_rules) to 0
2026-07-17 04:59:27.327 7 INFO neutron.db.ovn_revision_numbers_db [None req-81423e0c-27f4-4341-bd24-a95cbc84d4da e3c81812568747ff9cfec0c27b1dbeff aa514930302d4309a556a37e4aff512e - - default default] Successfully bumped revision number for resource 7516cead-2fde-462b-b974-037516583f7e (type: security_group_rules) to 0
2026-07-17 04:59:27.338 7 INFO neutron.db.ovn_revision_numbers_db [None req-81423e0c-27f4-4341-bd24-a95cbc84d4da e3c81812568747ff9cfec0c27b1dbeff aa514930302d4309a556a37e4aff512e - - default default] Successfully bumped revision number for resource bfa873bb-21e7-4683-8b92-795c1808b4f8 (type: security_group_rules) to 0
2026-07-17 04:59:27.356 7 INFO neutron.db.ovn_revision_numbers_db [None req-81423e0c-27f4-4341-bd24-a95cbc84d4da e3c81812568747ff9cfec0c27b1dbeff aa514930302d4309a556a37e4aff512e - - default default] Successfully bumped revision number for resource f23ab54b-209b-4f44-81fb-c802f1949303 (type: security_group_rules) to 0 [pid: 7|app: 0|req: 689/1490] 10.0.0.189 () {32 vars in 774 bytes} [Fri Jul 17 04:59:27 2026] GET /v2.0/security-groups?tenant_id=46b451a105e348788dc13f66ddcf90c7&name=default => generated 2925 bytes in 275 msecs (HTTP/1.1 200) 4 headers in 158 bytes (1 switches on core 0)
2026-07-17 04:59:27.469 7 INFO neutron.plugins.ml2.drivers.ovn.mech_driver.mech_driver [None req-14211015-2743-4c11-898a-1696d0179578 - - - - - -] OVN reports status down for port: 1a06b02f-ccc4-4668-a1de-1564a7624384
2026-07-17 04:59:27.478 8 INFO neutron.db.ovn_revision_numbers_db [None req-04eadaaf-dbef-404d-b413-a10bdb5498c4 9859ecee80b1401f9b5b53cf13a8021c 09d624a02d5f4ad8ac1bbfe7d8614280 - - default default] Successfully bumped revision number for resource 1a06b02f-ccc4-4668-a1de-1564a7624384 (type: ports) to 2 [pid: 8|app: 0|req: 802/1491] 10.0.0.189 () {34 vars in 737 bytes} [Fri Jul 17 04:59:27 2026] PUT /v2.0/ports/1a06b02f-ccc4-4668-a1de-1564a7624384 => generated 752 bytes in 286 msecs (HTTP/1.1 200) 4 headers in 157 bytes (1 switches on core 0) /var/lib/openstack/lib/python3.12/site-packages/pycadf/identifier.py:70: UserWarning: Invalid uuid: neutron. To ensure interoperability, identifiers should be a valid uuid. warnings.warn(('Invalid uuid: %s. To ensure interoperability, '
2026-07-17 04:59:27.562 8 INFO neutron.services.segments.plugin [-] Segment 97060950-bf18-4aa4-a2c1-9353990da2ae resource provider aggregate not found
2026-07-17 04:59:27.563 8 INFO neutron.services.segments.plugin [-] Segment 97060950-bf18-4aa4-a2c1-9353990da2ae resource provider aggregate not found
2026-07-17 04:59:27.585 8 INFO neutron.services.segments.plugin [-] Client error retrieving segment 97060950-bf18-4aa4-a2c1-9353990da2ae resource provider; error: Placement Client Error (4xx): {"errors": [{"status": 404, "title": "Not Found", "detail": "The resource could not be found.\n\n No resource provider with uuid 97060950-bf18-4aa4-a2c1-9353990da2ae found for delete ", "request_id": "req-ec37c4bc-f0f7-4a24-9587-79f8cd4af0c8"}]}
2026-07-17 04:59:27.588 8 INFO neutron.services.segments.plugin [-] Client error retrieving segment 97060950-bf18-4aa4-a2c1-9353990da2ae resource provider; error: Placement Client Error (4xx): {"errors": [{"status": 404, "title": "Not Found", "detail": "The resource could not be found.\n\n No resource provider with uuid 97060950-bf18-4aa4-a2c1-9353990da2ae found for delete ", "request_id": "req-48aa20ff-86fc-4729-a1a9-2999472bec64"}]}
2026-07-17 04:59:27.606 8 INFO neutron.services.segments.plugin [-] Segment c755c4ef-36fe-4b9b-8695-5f8d8038c897 resource provider aggregate not found
2026-07-17 04:59:27.610 8 INFO neutron.services.segments.plugin [-] Segment c755c4ef-36fe-4b9b-8695-5f8d8038c897 resource provider aggregate not found
2026-07-17 04:59:27.610 7 INFO neutron_taas.services.taas.taas_plugin [None req-e2567cd8-b534-4be6-a74d-e560c5334b25 1ffb1c39ee33414bb77d8abcba6e32f8 456e04d627bf475ca174379f82b22f6b - - default default] TaaS: Handle Delete Port: f53810c2-68da-4a33-a225-d982ecc97231
2026-07-17 04:59:27.613 7 INFO neutron_taas.services.taas.tap_mirror_plugin [None req-e2567cd8-b534-4be6-a74d-e560c5334b25 1ffb1c39ee33414bb77d8abcba6e32f8 456e04d627bf475ca174379f82b22f6b - - default default] Tap Mirror: Handle Delete Port: f53810c2-68da-4a33-a225-d982ecc97231
2026-07-17 04:59:27.628 8 INFO neutron.services.segments.plugin [-] Client error retrieving segment c755c4ef-36fe-4b9b-8695-5f8d8038c897 resource provider; error: Placement Client Error (4xx): {"errors": [{"status": 404, "title": "Not Found", "detail": "The resource could not be found.\n\n No resource provider with uuid c755c4ef-36fe-4b9b-8695-5f8d8038c897 found for delete ", "request_id": "req-017672eb-953d-4b61-8a93-70e84dc4fbf8"}]}
2026-07-17 04:59:27.633 8 INFO neutron.services.segments.plugin [-] Client error retrieving segment c755c4ef-36fe-4b9b-8695-5f8d8038c897 resource provider; error: Placement Client Error (4xx): {"errors": [{"status": 404, "title": "Not Found", "detail": "The resource could not be found.\n\n No resource provider with uuid c755c4ef-36fe-4b9b-8695-5f8d8038c897 found for delete ", "request_id": "req-21fb5906-ca26-47a8-9ba4-e1814f5bea2b"}]}
2026-07-17 04:59:27.647 8 INFO neutron.services.segments.plugin [-] Segment 1e2f39d8-bb83-4c54-ae71-972730cff3ac resource provider aggregate not found
2026-07-17 04:59:27.656 8 INFO neutron.services.segments.plugin [-] Segment 1e2f39d8-bb83-4c54-ae71-972730cff3ac resource provider aggregate not found
2026-07-17 04:59:27.666 8 INFO neutron.services.segments.plugin [-] Client error retrieving segment 1e2f39d8-bb83-4c54-ae71-972730cff3ac resource provider; error: Placement Client Error (4xx): {"errors": [{"status": 404, "title": "Not Found", "detail": "The resource could not be found.\n\n No resource provider with uuid 1e2f39d8-bb83-4c54-ae71-972730cff3ac found for delete ", "request_id": "req-097da4d5-796c-4f9d-9f26-f381ea3a6ca5"}]}
2026-07-17 04:59:27.681 8 INFO neutron.services.segments.plugin [-] Client error retrieving segment 1e2f39d8-bb83-4c54-ae71-972730cff3ac resource provider; error: Placement Client Error (4xx): {"errors": [{"status": 404, "title": "Not Found", "detail": "The resource could not be found.\n\n No resource provider with uuid 1e2f39d8-bb83-4c54-ae71-972730cff3ac found for delete ", "request_id": "req-e96bb946-cfe7-4f8e-8ce7-7135fa813dbe"}]} [pid: 8|app: 0|req: 803/1492] 10.0.0.189 () {32 vars in 740 bytes} [Fri Jul 17 04:59:27 2026] DELETE /v2.0/security-groups/7b832a93-6056-4778-bcd5-ebf275aea09a => generated 0 bytes in 251 msecs (HTTP/1.1 204) 2 headers in 112 bytes (1 switches on core 0) [pid: 7|app: 0|req: 690/1493] 10.0.0.189 () {32 vars in 726 bytes} [Fri Jul 17 04:59:27 2026] DELETE /v2.0/networks/51ee5cea-eda0-4a41-ba2e-ad7177d9823e => generated 0 bytes in 426 msecs (HTTP/1.1 204) 3 headers in 131 bytes (1 switches on core 0)
2026-07-17 04:59:27.896 8 INFO neutron_taas.services.taas.taas_plugin [None req-70d1b5bd-dd84-4b4e-8d45-4e8ea2241228 9859ecee80b1401f9b5b53cf13a8021c 09d624a02d5f4ad8ac1bbfe7d8614280 - - default default] TaaS: Handle Delete Port: 1a06b02f-ccc4-4668-a1de-1564a7624384
2026-07-17 04:59:27.904 8 INFO neutron_taas.services.taas.tap_mirror_plugin [None req-70d1b5bd-dd84-4b4e-8d45-4e8ea2241228 9859ecee80b1401f9b5b53cf13a8021c 09d624a02d5f4ad8ac1bbfe7d8614280 - - default default] Tap Mirror: Handle Delete Port: 1a06b02f-ccc4-4668-a1de-1564a7624384 [pid: 8|app: 0|req: 804/1494] 10.0.0.189 () {32 vars in 720 bytes} [Fri Jul 17 04:59:27 2026] DELETE /v2.0/ports/1a06b02f-ccc4-4668-a1de-1564a7624384 => generated 0 bytes in 256 msecs (HTTP/1.1 204) 3 headers in 131 bytes (1 switches on core 0) [pid: 8|app: 0|req: 805/1495] 10.0.0.189 () {32 vars in 643 bytes} [Fri Jul 17 04:59:28 2026] GET /v2.0/ports => generated 1537 bytes in 36 msecs (HTTP/1.1 200) 4 headers in 158 bytes (1 switches on core 0)
2026-07-17 04:59:28.084 8 INFO neutron.pecan_wsgi.hooks.translation [None req-54d19f48-7fd8-40b0-aa3c-eb7e36d1e520 9859ecee80b1401f9b5b53cf13a8021c 09d624a02d5f4ad8ac1bbfe7d8614280 - - default default] GET failed (client error): The resource could not be found. [pid: 8|app: 0|req: 806/1496] 10.0.0.189 () {32 vars in 717 bytes} [Fri Jul 17 04:59:28 2026] GET /v2.0/ports/1a06b02f-ccc4-4668-a1de-1564a7624384 => generated 132 bytes in 13 msecs (HTTP/1.1 404) 4 headers in 164 bytes (1 switches on core 0) [pid: 8|app: 0|req: 807/1497] 10.0.0.189 () {32 vars in 643 bytes} [Fri Jul 17 04:59:28 2026] GET /v2.0/ports => generated 1537 bytes in 36 msecs (HTTP/1.1 200) 4 headers in 158 bytes (1 switches on core 0) [pid: 8|app: 0|req: 808/1498] 10.0.0.189 () {32 vars in 717 bytes} [Fri Jul 17 04:59:28 2026] GET /v2.0/ports/72ee794d-b40d-4ff8-9732-070243e15498 => generated 778 bytes in 30 msecs (HTTP/1.1 200) 4 headers in 157 bytes (1 switches on core 0)
2026-07-17 04:59:28.173 8 INFO neutron.pecan_wsgi.hooks.translation [None req-9160ce66-c4bf-49fb-b468-813b2a2a5626 9859ecee80b1401f9b5b53cf13a8021c 09d624a02d5f4ad8ac1bbfe7d8614280 - - default default] DELETE failed (client error): The resource could not be found. [pid: 8|app: 0|req: 809/1499] 10.0.0.189 () {32 vars in 720 bytes} [Fri Jul 17 04:59:28 2026] DELETE /v2.0/ports/5e1a1b4a-6f99-4138-80b9-9aa2a9d810c6 => generated 132 bytes in 14 msecs (HTTP/1.1 404) 4 headers in 164 bytes (1 switches on core 0)
2026-07-17 04:59:28.191 8 INFO neutron.pecan_wsgi.hooks.translation [None req-ebb746ed-b773-4148-b70e-fa111149d647 9859ecee80b1401f9b5b53cf13a8021c 09d624a02d5f4ad8ac1bbfe7d8614280 - - default default] DELETE failed (client error): The resource could not be found. [pid: 8|app: 0|req: 810/1500] 10.0.0.189 () {32 vars in 724 bytes} [Fri Jul 17 04:59:28 2026] DELETE /v2.0/subnets/18fc8944-aaa6-4419-92e2-76d6b4b8adf3 => generated 136 bytes in 15 msecs (HTTP/1.1 404) 4 headers in 164 bytes (1 switches on core 0)
2026-07-17 04:59:28.210 8 INFO neutron.pecan_wsgi.hooks.translation [None req-4c6a1462-30f7-45cf-8eb2-6e679d391542 9859ecee80b1401f9b5b53cf13a8021c 09d624a02d5f4ad8ac1bbfe7d8614280 - - default default] DELETE failed (client error): The resource could not be found. [pid: 8|app: 0|req: 811/1501] 10.0.0.189 () {32 vars in 724 bytes} [Fri Jul 17 04:59:28 2026] DELETE /v2.0/subnets/473316a3-147b-43ec-beba-4f9886c0c3e3 => generated 136 bytes in 18 msecs (HTTP/1.1 404) 4 headers in 164 bytes (1 switches on core 0)
2026-07-17 04:59:28.264 7 INFO neutron.db.ovn_revision_numbers_db [None req-9ebab2ed-be88-499f-a5cf-84a97a267aa1 413efc1c659d4befbc64e0c0aef931ee 66c381bcfbeb4c1695c71fc447354fb1 - - default default] Successfully bumped revision number for resource be24a22b-1ee2-4e8d-ad9f-36180d361d84 (type: security_groups) to 1
2026-07-17 04:59:28.276 7 INFO neutron.db.ovn_revision_numbers_db [None req-9ebab2ed-be88-499f-a5cf-84a97a267aa1 413efc1c659d4befbc64e0c0aef931ee 66c381bcfbeb4c1695c71fc447354fb1 - - default default] Successfully bumped revision number for resource 079b84ce-1d9f-40e6-a009-6c950cdd4c65 (type: security_group_rules) to 0
2026-07-17 04:59:28.291 7 INFO neutron.db.ovn_revision_numbers_db [None req-9ebab2ed-be88-499f-a5cf-84a97a267aa1 413efc1c659d4befbc64e0c0aef931ee 66c381bcfbeb4c1695c71fc447354fb1 - - default default] Successfully bumped revision number for resource 36bde6a8-ecfc-49ce-90b2-2c468aaa9b0b (type: security_group_rules) to 0
2026-07-17 04:59:28.308 7 INFO neutron.db.ovn_revision_numbers_db [None req-9ebab2ed-be88-499f-a5cf-84a97a267aa1 413efc1c659d4befbc64e0c0aef931ee 66c381bcfbeb4c1695c71fc447354fb1 - - default default] Successfully bumped revision number for resource 549cadd8-b57c-4275-a65e-2a83821cc486 (type: security_group_rules) to 0
2026-07-17 04:59:28.320 7 INFO neutron.db.ovn_revision_numbers_db [None req-9ebab2ed-be88-499f-a5cf-84a97a267aa1 413efc1c659d4befbc64e0c0aef931ee 66c381bcfbeb4c1695c71fc447354fb1 - - default default] Successfully bumped revision number for resource b2a3bf9a-1da4-49c0-ba19-4499adf0c3c3 (type: security_group_rules) to 0
2026-07-17 04:59:28.342 8 INFO neutron_taas.services.taas.taas_plugin [None req-e3e7e471-7dc2-436c-82cc-3b4ded0097dc 9859ecee80b1401f9b5b53cf13a8021c 09d624a02d5f4ad8ac1bbfe7d8614280 - - default default] TaaS: Handle Delete Port: 72ee794d-b40d-4ff8-9732-070243e15498
2026-07-17 04:59:28.345 8 INFO neutron_taas.services.taas.tap_mirror_plugin [None req-e3e7e471-7dc2-436c-82cc-3b4ded0097dc 9859ecee80b1401f9b5b53cf13a8021c 09d624a02d5f4ad8ac1bbfe7d8614280 - - default default] Tap Mirror: Handle Delete Port: 72ee794d-b40d-4ff8-9732-070243e15498
2026-07-17 04:59:28.435 7 INFO neutron.db.ovn_revision_numbers_db [None req-9ebab2ed-be88-499f-a5cf-84a97a267aa1 413efc1c659d4befbc64e0c0aef931ee 66c381bcfbeb4c1695c71fc447354fb1 - - default default] Successfully bumped revision number for resource 4de5799a-2a1c-4d67-9f1f-61acb7f3294d (type: security_groups) to 1
2026-07-17 04:59:28.457 7 INFO neutron.db.ovn_revision_numbers_db [None req-9ebab2ed-be88-499f-a5cf-84a97a267aa1 413efc1c659d4befbc64e0c0aef931ee 66c381bcfbeb4c1695c71fc447354fb1 - - default default] Successfully bumped revision number for resource 83622cb8-37e1-47f3-8b05-95352539ac06 (type: security_group_rules) to 0 [pid: 8|app: 0|req: 812/1502] 10.0.0.189 () {32 vars in 720 bytes} [Fri Jul 17 04:59:28 2026] DELETE /v2.0/ports/72ee794d-b40d-4ff8-9732-070243e15498 => generated 0 bytes in 251 msecs (HTTP/1.1 204) 3 headers in 131 bytes (1 switches on core 0)
2026-07-17 04:59:28.472 7 INFO neutron.db.ovn_revision_numbers_db [None req-9ebab2ed-be88-499f-a5cf-84a97a267aa1 413efc1c659d4befbc64e0c0aef931ee 66c381bcfbeb4c1695c71fc447354fb1 - - default default] Successfully bumped revision number for resource 99f7a6b6-17a3-43db-a6a1-9c886f041803 (type: security_group_rules) to 0 [pid: 7|app: 0|req: 691/1503] 10.0.0.189 () {34 vars in 684 bytes} [Fri Jul 17 04:59:27 2026] POST /v2.0/security-groups => generated 1625 bytes in 676 msecs (HTTP/1.1 201) 4 headers in 163 bytes (1 switches on core 0)
2026-07-17 04:59:28.591 8 WARNING neutron.db.securitygroups_db [None req-817a20e3-8d60-4854-853c-e353e65761d0 e3c81812568747ff9cfec0c27b1dbeff aa514930302d4309a556a37e4aff512e - - default default] project_id key not found in filters, using tenant_id instead. This support has been deprecated and will be removed in a future release. [pid: 8|app: 0|req: 813/1504] 10.0.0.189 () {32 vars in 774 bytes} [Fri Jul 17 04:59:28 2026] GET /v2.0/security-groups?tenant_id=456e04d627bf475ca174379f82b22f6b&name=default => generated 2925 bytes in 142 msecs (HTTP/1.1 200) 4 headers in 158 bytes (1 switches on core 0) [pid: 8|app: 0|req: 814/1505] 10.0.0.189 () {32 vars in 663 bytes} [Fri Jul 17 04:59:28 2026] GET /v2.0/security-groups => generated 4530 bytes in 35 msecs (HTTP/1.1 200) 4 headers in 158 bytes (1 switches on core 0)
2026-07-17 04:59:28.653 7 INFO neutron_taas.services.taas.taas_plugin [None req-c9be56d3-4032-49ab-9a17-8c746e9915f1 9859ecee80b1401f9b5b53cf13a8021c 09d624a02d5f4ad8ac1bbfe7d8614280 - - default default] TaaS: Handle Delete Port: 3b411ef5-dcd4-446e-a9a4-6ac799205e2f
2026-07-17 04:59:28.660 7 INFO neutron_taas.services.taas.tap_mirror_plugin [None req-c9be56d3-4032-49ab-9a17-8c746e9915f1 9859ecee80b1401f9b5b53cf13a8021c 09d624a02d5f4ad8ac1bbfe7d8614280 - - default default] Tap Mirror: Handle Delete Port: 3b411ef5-dcd4-446e-a9a4-6ac799205e2f
2026-07-17 04:59:28.731 7 INFO neutron.services.segments.plugin [-] Segment 994ed94f-7011-4f7b-8dbf-da01cbe236ce resource provider aggregate not found
2026-07-17 04:59:28.743 7 INFO neutron.services.segments.plugin [-] Segment 994ed94f-7011-4f7b-8dbf-da01cbe236ce resource provider aggregate not found
2026-07-17 04:59:28.760 7 INFO neutron.services.segments.plugin [-] Client error retrieving segment 994ed94f-7011-4f7b-8dbf-da01cbe236ce resource provider; error: Placement Client Error (4xx): {"errors": [{"status": 404, "title": "Not Found", "detail": "The resource could not be found.\n\n No resource provider with uuid 994ed94f-7011-4f7b-8dbf-da01cbe236ce found for delete ", "request_id": "req-bd59b516-5898-450d-ad2a-3a9dc70d9bed"}]}
2026-07-17 04:59:28.772 7 INFO neutron.services.segments.plugin [-] Client error retrieving segment 994ed94f-7011-4f7b-8dbf-da01cbe236ce resource provider; error: Placement Client Error (4xx): {"errors": [{"status": 404, "title": "Not Found", "detail": "The resource could not be found.\n\n No resource provider with uuid 994ed94f-7011-4f7b-8dbf-da01cbe236ce found for delete ", "request_id": "req-9eb88bc4-3204-4be1-a734-bb9fcfe4ed7e"}]} [pid: 8|app: 0|req: 815/1506] 10.0.0.189 () {32 vars in 740 bytes} [Fri Jul 17 04:59:28 2026] DELETE /v2.0/security-groups/d91d01b6-9d93-4de6-b576-f732077adaf2 => generated 0 bytes in 191 msecs (HTTP/1.1 204) 2 headers in 112 bytes (1 switches on core 0)
2026-07-17 04:59:28.909 8 INFO neutron.db.ovn_revision_numbers_db [None req-1496130f-abb6-4599-a700-b6581417f1c6 413efc1c659d4befbc64e0c0aef931ee 66c381bcfbeb4c1695c71fc447354fb1 - - default default] Successfully bumped revision number for resource 4de5799a-2a1c-4d67-9f1f-61acb7f3294d (type: security_groups) to 2 [pid: 8|app: 0|req: 816/1507] 10.0.0.189 () {34 vars in 758 bytes} [Fri Jul 17 04:59:28 2026] PUT /v2.0/security-groups/4de5799a-2a1c-4d67-9f1f-61acb7f3294d => generated 1663 bytes in 95 msecs (HTTP/1.1 200) 4 headers in 158 bytes (1 switches on core 0) [pid: 8|app: 0|req: 817/1508] 10.0.0.189 () {32 vars in 737 bytes} [Fri Jul 17 04:59:28 2026] GET /v2.0/security-groups/4de5799a-2a1c-4d67-9f1f-61acb7f3294d => generated 1663 bytes in 27 msecs (HTTP/1.1 200) 4 headers in 158 bytes (1 switches on core 0) [pid: 7|app: 0|req: 692/1509] 10.0.0.189 () {32 vars in 726 bytes} [Fri Jul 17 04:59:28 2026] DELETE /v2.0/networks/11876bef-727d-4924-b813-1dbbbbb3ef8e => generated 0 bytes in 434 msecs (HTTP/1.1 204) 3 headers in 131 bytes (1 switches on core 0) [pid: 8|app: 0|req: 818/1510] 10.0.0.189 () {32 vars in 740 bytes} [Fri Jul 17 04:59:28 2026] DELETE /v2.0/security-groups/4de5799a-2a1c-4d67-9f1f-61acb7f3294d => generated 0 bytes in 106 msecs (HTTP/1.1 204) 2 headers in 112 bytes (1 switches on core 0) [pid: 7|app: 0|req: 693/1511] 10.0.0.189 () {32 vars in 663 bytes} [Fri Jul 17 04:59:29 2026] GET /v2.0/security-groups => generated 2925 bytes in 48 msecs (HTTP/1.1 200) 4 headers in 158 bytes (1 switches on core 0)
2026-07-17 04:59:29.152 8 INFO neutron.api.v2.resource [None req-481007a0-1ae3-4df1-adcb-ff8be8ed2e9c 413efc1c659d4befbc64e0c0aef931ee 66c381bcfbeb4c1695c71fc447354fb1 - - default default] delete failed (client error): The resource could not be found. [pid: 8|app: 0|req: 819/1512] 10.0.0.189 () {32 vars in 740 bytes} [Fri Jul 17 04:59:29 2026] DELETE /v2.0/security-groups/4de5799a-2a1c-4d67-9f1f-61acb7f3294d => generated 146 bytes in 13 msecs (HTTP/1.1 404) 4 headers in 164 bytes (1 switches on core 0)
