2026-07-17 05:01:57.961 7 WARNING tagging [None req-30be69f5-c63f-4dbd-909b-9026f1effed3 84de9f11d5164b49850f5d1ca0712d15 d5e96905a6774a5f8e3a0d5ab30e9189 - - default default] project_id key not found in request, using tenant_id instead. This support has been deprecated and will be removed in a future release. [pid: 7|app: 0|req: 1227/2555] 10.0.0.189 () {32 vars in 747 bytes} [Fri Jul 17 05:01:57 2026] GET /v2.0/security-groups/32797343-c57e-46d8-a9fc-732cc89ccbef/tags => generated 34 bytes in 38 msecs (HTTP/1.1 200) 4 headers in 156 bytes (1 switches on core 0)
2026-07-17 05:01:57.989 8 INFO neutron.services.segments.plugin [-] Segment dbc5603c-84b9-43ff-8167-84694297b023 resource provider aggregate not found
2026-07-17 05:01:57.994 8 INFO neutron.services.segments.plugin [-] Segment dbc5603c-84b9-43ff-8167-84694297b023 resource provider aggregate not found
2026-07-17 05:01:58.011 7 WARNING tagging [None req-be686d9d-b6e4-4c39-a2f9-bfbe215de482 84de9f11d5164b49850f5d1ca0712d15 d5e96905a6774a5f8e3a0d5ab30e9189 - - default default] project_id key not found in request, using tenant_id instead. This support has been deprecated and will be removed in a future release.
2026-07-17 05:01:58.014 8 INFO neutron.services.segments.plugin [-] Client error retrieving segment dbc5603c-84b9-43ff-8167-84694297b023 resource provider; error: Placement Client Error (4xx): {"errors": [{"status": 404, "title": "Not Found", "detail": "The resource could not be found.\n\n No resource provider with uuid dbc5603c-84b9-43ff-8167-84694297b023 found for delete ", "request_id": "req-11b64c6c-04f3-41f4-8e22-edbafb6c69f0"}]}
2026-07-17 05:01:58.015 8 INFO neutron.services.segments.plugin [-] Client error retrieving segment dbc5603c-84b9-43ff-8167-84694297b023 resource provider; error: Placement Client Error (4xx): {"errors": [{"status": 404, "title": "Not Found", "detail": "The resource could not be found.\n\n No resource provider with uuid dbc5603c-84b9-43ff-8167-84694297b023 found for delete ", "request_id": "req-3de2cbdb-48d5-4055-8735-2505fab1012c"}]} [pid: 8|app: 0|req: 1329/2556] 10.0.0.189 () {32 vars in 726 bytes} [Fri Jul 17 05:01:57 2026] DELETE /v2.0/networks/f6f37310-f253-4dd0-b994-7d3a001a5239 => generated 0 bytes in 368 msecs (HTTP/1.1 204) 3 headers in 131 bytes (1 switches on core 0) [pid: 7|app: 0|req: 1228/2557] 10.0.0.189 () {34 vars in 796 bytes} [Fri Jul 17 05:01:57 2026] PUT /v2.0/security-groups/32797343-c57e-46d8-a9fc-732cc89ccbef/tags/black.or.white => generated 4 bytes in 57 msecs (HTTP/1.1 201) 4 headers in 160 bytes (1 switches on core 0)
2026-07-17 05:01:58.067 7 WARNING tagging [None req-ecad3021-8db3-4162-99c9-f53efda6e353 84de9f11d5164b49850f5d1ca0712d15 d5e96905a6774a5f8e3a0d5ab30e9189 - - default default] project_id key not found in request, using tenant_id instead. This support has been deprecated and will be removed in a future release. [pid: 7|app: 0|req: 1229/2558] 10.0.0.189 () {32 vars in 747 bytes} [Fri Jul 17 05:01:58 2026] GET /v2.0/security-groups/32797343-c57e-46d8-a9fc-732cc89ccbef/tags => generated 52 bytes in 30 msecs (HTTP/1.1 200) 4 headers in 156 bytes (1 switches on core 0)
2026-07-17 05:01:58.100 7 WARNING tagging [None req-b2425dba-bd88-45db-8d8a-19eec0d60a14 84de9f11d5164b49850f5d1ca0712d15 d5e96905a6774a5f8e3a0d5ab30e9189 - - default default] project_id key not found in request, using tenant_id instead. This support has been deprecated and will be removed in a future release. [pid: 7|app: 0|req: 1230/2559] 10.0.0.189 () {34 vars in 767 bytes} [Fri Jul 17 05:01:58 2026] PUT /v2.0/security-groups/32797343-c57e-46d8-a9fc-732cc89ccbef/tags => generated 37 bytes in 48 msecs (HTTP/1.1 200) 4 headers in 156 bytes (1 switches on core 0)
2026-07-17 05:01:58.129 8 INFO neutron_taas.services.taas.taas_plugin [None req-e1f1d5fa-5073-4328-b78a-e5fc5b37d9cf da07dedd720743c99106f896cff57dab 5a986e00525f4583a94b7ef7c04443e3 - - default default] TaaS: Handle Delete Port: 0dcff8ba-8350-471c-9c6d-20b2b9e2d08d
2026-07-17 05:01:58.131 8 INFO neutron_taas.services.taas.tap_mirror_plugin [None req-e1f1d5fa-5073-4328-b78a-e5fc5b37d9cf da07dedd720743c99106f896cff57dab 5a986e00525f4583a94b7ef7c04443e3 - - default default] Tap Mirror: Handle Delete Port: 0dcff8ba-8350-471c-9c6d-20b2b9e2d08d
2026-07-17 05:01:58.156 7 WARNING tagging [None req-f3175be5-520a-4844-b487-40df208531b9 84de9f11d5164b49850f5d1ca0712d15 d5e96905a6774a5f8e3a0d5ab30e9189 - - default default] project_id key not found in request, using tenant_id instead. This support has been deprecated and will be removed in a future release. [pid: 7|app: 0|req: 1231/2560] 10.0.0.189 () {32 vars in 747 bytes} [Fri Jul 17 05:01:58 2026] GET /v2.0/security-groups/32797343-c57e-46d8-a9fc-732cc89ccbef/tags => generated 37 bytes in 32 msecs (HTTP/1.1 200) 4 headers in 156 bytes (1 switches on core 0)
2026-07-17 05:01:58.187 7 WARNING tagging [None req-2a280a9e-a6e7-4fcc-8fc4-a618a85fc152 84de9f11d5164b49850f5d1ca0712d15 d5e96905a6774a5f8e3a0d5ab30e9189 - - default default] project_id key not found in request, using tenant_id instead. This support has been deprecated and will be removed in a future release. [pid: 7|app: 0|req: 1232/2561] 10.0.0.189 () {32 vars in 755 bytes} [Fri Jul 17 05:01:58 2026] GET /v2.0/security-groups/32797343-c57e-46d8-a9fc-732cc89ccbef/tags/red => generated 0 bytes in 29 msecs (HTTP/1.1 204) 2 headers in 112 bytes (1 switches on core 0)
2026-07-17 05:01:58.224 7 WARNING tagging [None req-d7b7c5c1-f33a-40d3-9c6b-e9e477c92a49 84de9f11d5164b49850f5d1ca0712d15 d5e96905a6774a5f8e3a0d5ab30e9189 - - default default] project_id key not found in request, using tenant_id instead. This support has been deprecated and will be removed in a future release.
2026-07-17 05:01:58.234 7 INFO neutron.api.v2.resource [None req-d7b7c5c1-f33a-40d3-9c6b-e9e477c92a49 84de9f11d5164b49850f5d1ca0712d15 d5e96905a6774a5f8e3a0d5ab30e9189 - - default default] show failed (client error): The resource could not be found. [pid: 7|app: 0|req: 1233/2562] 10.0.0.189 () {32 vars in 759 bytes} [Fri Jul 17 05:01:58 2026] GET /v2.0/security-groups/32797343-c57e-46d8-a9fc-732cc89ccbef/tags/green => generated 99 bytes in 33 msecs (HTTP/1.1 404) 4 headers in 163 bytes (1 switches on core 0)
2026-07-17 05:01:58.278 7 WARNING tagging [None req-218df260-2697-4203-8987-b2a18800d065 84de9f11d5164b49850f5d1ca0712d15 d5e96905a6774a5f8e3a0d5ab30e9189 - - default default] project_id key not found in request, using tenant_id instead. This support has been deprecated and will be removed in a future release. [pid: 7|app: 0|req: 1234/2563] 10.0.0.189 () {32 vars in 758 bytes} [Fri Jul 17 05:01:58 2026] DELETE /v2.0/security-groups/32797343-c57e-46d8-a9fc-732cc89ccbef/tags/red => generated 0 bytes in 70 msecs (HTTP/1.1 204) 2 headers in 112 bytes (1 switches on core 0) [pid: 8|app: 0|req: 1330/2564] 10.0.0.189 () {32 vars in 726 bytes} [Fri Jul 17 05:01:58 2026] DELETE /v2.0/networks/b2b87261-2369-4668-a1ea-9831610e5eb5 => generated 0 bytes in 289 msecs (HTTP/1.1 204) 3 headers in 131 bytes (1 switches on core 0)
2026-07-17 05:01:58.334 7 WARNING tagging [None req-2a515c47-92f1-4dd0-bb6d-4af54abcc18b 84de9f11d5164b49850f5d1ca0712d15 d5e96905a6774a5f8e3a0d5ab30e9189 - - default default] project_id key not found in request, using tenant_id instead. This support has been deprecated and will be removed in a future release. [pid: 7|app: 0|req: 1235/2565] 10.0.0.189 () {32 vars in 747 bytes} [Fri Jul 17 05:01:58 2026] GET /v2.0/security-groups/32797343-c57e-46d8-a9fc-732cc89ccbef/tags => generated 30 bytes in 29 msecs (HTTP/1.1 200) 4 headers in 156 bytes (1 switches on core 0)
2026-07-17 05:01:58.373 8 WARNING tagging [None req-70febafd-90ce-4c83-b535-00096d5837ce 84de9f11d5164b49850f5d1ca0712d15 d5e96905a6774a5f8e3a0d5ab30e9189 - - default default] project_id key not found in request, using tenant_id instead. This support has been deprecated and will be removed in a future release.
2026-07-17 05:01:58.386 8 INFO neutron.api.v2.resource [None req-70febafd-90ce-4c83-b535-00096d5837ce 84de9f11d5164b49850f5d1ca0712d15 d5e96905a6774a5f8e3a0d5ab30e9189 - - default default] delete failed (client error): The resource could not be found. [pid: 8|app: 0|req: 1331/2566] 10.0.0.189 () {32 vars in 762 bytes} [Fri Jul 17 05:01:58 2026] DELETE /v2.0/security-groups/32797343-c57e-46d8-a9fc-732cc89ccbef/tags/green => generated 99 bytes in 36 msecs (HTTP/1.1 404) 4 headers in 163 bytes (1 switches on core 0)
2026-07-17 05:01:58.424 7 WARNING tagging [None req-0c2e526c-8a57-4c34-88d2-b9b1eda9cf3d 84de9f11d5164b49850f5d1ca0712d15 d5e96905a6774a5f8e3a0d5ab30e9189 - - default default] project_id key not found in request, using tenant_id instead. This support has been deprecated and will be removed in a future release. [pid: 7|app: 0|req: 1236/2567] 10.0.0.189 () {32 vars in 750 bytes} [Fri Jul 17 05:01:58 2026] DELETE /v2.0/security-groups/32797343-c57e-46d8-a9fc-732cc89ccbef/tags => generated 0 bytes in 70 msecs (HTTP/1.1 204) 2 headers in 112 bytes (1 switches on core 0)
2026-07-17 05:01:58.496 8 WARNING tagging [None req-f76d79f6-8398-439f-8def-53322dbb4434 84de9f11d5164b49850f5d1ca0712d15 d5e96905a6774a5f8e3a0d5ab30e9189 - - default default] project_id key not found in request, using tenant_id instead. This support has been deprecated and will be removed in a future release. [pid: 8|app: 0|req: 1332/2568] 10.0.0.189 () {32 vars in 747 bytes} [Fri Jul 17 05:01:58 2026] GET /v2.0/security-groups/32797343-c57e-46d8-a9fc-732cc89ccbef/tags => generated 12 bytes in 38 msecs (HTTP/1.1 200) 4 headers in 156 bytes (1 switches on core 0) [pid: 7|app: 0|req: 1237/2569] 10.0.0.189 () {32 vars in 740 bytes} [Fri Jul 17 05:01:58 2026] DELETE /v2.0/security-groups/32797343-c57e-46d8-a9fc-732cc89ccbef => generated 0 bytes in 153 msecs (HTTP/1.1 204) 2 headers in 112 bytes (1 switches on core 0)
2026-07-17 05:01:59.207 8 WARNING neutron.db.securitygroups_db [None req-91cf40c0-3b6c-4f83-9b45-11ad8686af62 e3c81812568747ff9cfec0c27b1dbeff aa514930302d4309a556a37e4aff512e - - default default] project_id key not found in filters, using tenant_id instead. This support has been deprecated and will be removed in a future release.
2026-07-17 05:01:59.322 8 INFO neutron.db.ovn_revision_numbers_db [None req-91cf40c0-3b6c-4f83-9b45-11ad8686af62 e3c81812568747ff9cfec0c27b1dbeff aa514930302d4309a556a37e4aff512e - - default default] Successfully bumped revision number for resource c3003151-bdf5-4431-a79e-aafd4d93f08e (type: security_groups) to 1
2026-07-17 05:01:59.335 8 INFO neutron.db.ovn_revision_numbers_db [None req-91cf40c0-3b6c-4f83-9b45-11ad8686af62 e3c81812568747ff9cfec0c27b1dbeff aa514930302d4309a556a37e4aff512e - - default default] Successfully bumped revision number for resource 2009e244-0b28-4415-88d1-305b9455de8d (type: security_group_rules) to 0
2026-07-17 05:01:59.350 8 INFO neutron.db.ovn_revision_numbers_db [None req-91cf40c0-3b6c-4f83-9b45-11ad8686af62 e3c81812568747ff9cfec0c27b1dbeff aa514930302d4309a556a37e4aff512e - - default default] Successfully bumped revision number for resource 4e204ac7-d88d-45b5-9d64-c27ea5908c50 (type: security_group_rules) to 0
2026-07-17 05:01:59.367 8 INFO neutron.db.ovn_revision_numbers_db [None req-91cf40c0-3b6c-4f83-9b45-11ad8686af62 e3c81812568747ff9cfec0c27b1dbeff aa514930302d4309a556a37e4aff512e - - default default] Successfully bumped revision number for resource 6e92d9ea-4498-4659-886a-435fd1532101 (type: security_group_rules) to 0
2026-07-17 05:01:59.378 8 INFO neutron.db.ovn_revision_numbers_db [None req-91cf40c0-3b6c-4f83-9b45-11ad8686af62 e3c81812568747ff9cfec0c27b1dbeff aa514930302d4309a556a37e4aff512e - - default default] Successfully bumped revision number for resource ee0a54fa-ba08-4e99-8f59-353da437640f (type: security_group_rules) to 0 [pid: 8|app: 0|req: 1333/2570] 10.0.0.189 () {32 vars in 774 bytes} [Fri Jul 17 05:01:58 2026] GET /v2.0/security-groups?tenant_id=8e9ca60472f74cea803b942c1eff7885&name=default => generated 2929 bytes in 447 msecs (HTTP/1.1 200) 4 headers in 158 bytes (1 switches on core 0)
2026-07-17 05:01:59.439 7 WARNING neutron.db.securitygroups_db [None req-78750c4e-bd76-4c51-a91a-0cbfa72d9213 e3c81812568747ff9cfec0c27b1dbeff aa514930302d4309a556a37e4aff512e - - default default] project_id key not found in filters, using tenant_id instead. This support has been deprecated and will be removed in a future release.
2026-07-17 05:01:59.555 7 INFO neutron.db.ovn_revision_numbers_db [None req-78750c4e-bd76-4c51-a91a-0cbfa72d9213 e3c81812568747ff9cfec0c27b1dbeff aa514930302d4309a556a37e4aff512e - - default default] Successfully bumped revision number for resource dadb17d9-9d14-40d9-af21-ecfc1ba80569 (type: security_groups) to 1
2026-07-17 05:01:59.569 7 INFO neutron.db.ovn_revision_numbers_db [None req-78750c4e-bd76-4c51-a91a-0cbfa72d9213 e3c81812568747ff9cfec0c27b1dbeff aa514930302d4309a556a37e4aff512e - - default default] Successfully bumped revision number for resource 0f37af0e-fa4e-4f01-a3c9-d1327fc51531 (type: security_group_rules) to 0
2026-07-17 05:01:59.580 7 INFO neutron.db.ovn_revision_numbers_db [None req-78750c4e-bd76-4c51-a91a-0cbfa72d9213 e3c81812568747ff9cfec0c27b1dbeff aa514930302d4309a556a37e4aff512e - - default default] Successfully bumped revision number for resource 3d1d659a-df9a-465b-a9fb-ba5e018b0824 (type: security_group_rules) to 0 [pid: 8|app: 0|req: 1334/2571] 10.0.0.189 () {32 vars in 740 bytes} [Fri Jul 17 05:01:59 2026] DELETE /v2.0/security-groups/c3003151-bdf5-4431-a79e-aafd4d93f08e => generated 0 bytes in 164 msecs (HTTP/1.1 204) 2 headers in 112 bytes (1 switches on core 0)
2026-07-17 05:01:59.592 7 INFO neutron.db.ovn_revision_numbers_db [None req-78750c4e-bd76-4c51-a91a-0cbfa72d9213 e3c81812568747ff9cfec0c27b1dbeff aa514930302d4309a556a37e4aff512e - - default default] Successfully bumped revision number for resource 4bf6a833-e9d2-4ef0-8b3e-c17761166d3b (type: security_group_rules) to 0
2026-07-17 05:01:59.603 7 INFO neutron.db.ovn_revision_numbers_db [None req-78750c4e-bd76-4c51-a91a-0cbfa72d9213 e3c81812568747ff9cfec0c27b1dbeff aa514930302d4309a556a37e4aff512e - - default default] Successfully bumped revision number for resource daf7cfda-d137-4a0b-8049-7ce4abaf9c7b (type: security_group_rules) to 0 [pid: 7|app: 0|req: 1238/2572] 10.0.0.189 () {32 vars in 774 bytes} [Fri Jul 17 05:01:59 2026] GET /v2.0/security-groups?tenant_id=fc82dd39c50342e1b3f0c84c7fae29ce&name=default => generated 2929 bytes in 286 msecs (HTTP/1.1 200) 4 headers in 158 bytes (1 switches on core 0)
2026-07-17 05:01:59.677 7 WARNING neutron.db.securitygroups_db [None req-85b5ff68-dbc5-4dc5-a5fa-0a795362d108 e3c81812568747ff9cfec0c27b1dbeff aa514930302d4309a556a37e4aff512e - - default default] project_id key not found in filters, using tenant_id instead. This support has been deprecated and will be removed in a future release. [pid: 7|app: 0|req: 1239/2573] 10.0.0.189 () {32 vars in 774 bytes} [Fri Jul 17 05:01:59 2026] GET /v2.0/security-groups?tenant_id=5a986e00525f4583a94b7ef7c04443e3&name=default => generated 2929 bytes in 27 msecs (HTTP/1.1 200) 4 headers in 158 bytes (1 switches on core 0) [pid: 8|app: 0|req: 1335/2574] 10.0.0.189 () {32 vars in 740 bytes} [Fri Jul 17 05:01:59 2026] DELETE /v2.0/security-groups/dadb17d9-9d14-40d9-af21-ecfc1ba80569 => generated 0 bytes in 221 msecs (HTTP/1.1 204) 2 headers in 112 bytes (1 switches on core 0) [pid: 7|app: 0|req: 1240/2575] 10.0.0.189 () {32 vars in 740 bytes} [Fri Jul 17 05:01:59 2026] DELETE /v2.0/security-groups/97d2b5ab-bde1-4fd5-8872-0dd15d29bdc1 => generated 0 bytes in 211 msecs (HTTP/1.1 204) 2 headers in 112 bytes (1 switches on core 0)
2026-07-17 05:02:00.009 8 WARNING neutron.db.securitygroups_db [None req-d505bbee-428d-4b02-8d4a-25ddbfd7150a e3c81812568747ff9cfec0c27b1dbeff aa514930302d4309a556a37e4aff512e - - default default] project_id key not found in filters, using tenant_id instead. This support has been deprecated and will be removed in a future release.
2026-07-17 05:02:00.041 8 INFO neutron.services.segments.plugin [-] Segment 4e3a9cd7-7126-4b3f-ae2d-30df8964c87b resource provider aggregate not found
2026-07-17 05:02:00.048 8 INFO neutron.services.segments.plugin [-] Segment 4e3a9cd7-7126-4b3f-ae2d-30df8964c87b resource provider aggregate not found [pid: 8|app: 0|req: 1336/2576] 10.0.0.189 () {32 vars in 774 bytes} [Fri Jul 17 05:02:00 2026] GET /v2.0/security-groups?tenant_id=d5e96905a6774a5f8e3a0d5ab30e9189&name=default => generated 2929 bytes in 58 msecs (HTTP/1.1 200) 4 headers in 158 bytes (1 switches on core 0)
2026-07-17 05:02:00.065 8 INFO neutron.services.segments.plugin [-] Client error retrieving segment 4e3a9cd7-7126-4b3f-ae2d-30df8964c87b resource provider; error: Placement Client Error (4xx): {"errors": [{"status": 404, "title": "Not Found", "detail": "The resource could not be found.\n\n No resource provider with uuid 4e3a9cd7-7126-4b3f-ae2d-30df8964c87b found for delete ", "request_id": "req-ad9c890b-8e8f-4a8d-9834-daba787041ab"}]}
2026-07-17 05:02:00.068 8 INFO neutron.services.segments.plugin [-] Client error retrieving segment 4e3a9cd7-7126-4b3f-ae2d-30df8964c87b resource provider; error: Placement Client Error (4xx): {"errors": [{"status": 404, "title": "Not Found", "detail": "The resource could not be found.\n\n No resource provider with uuid 4e3a9cd7-7126-4b3f-ae2d-30df8964c87b found for delete ", "request_id": "req-c94082a1-d5a5-4bdb-9995-6081e4b359c6"}]} [pid: 7|app: 0|req: 1241/2577] 10.0.0.189 () {32 vars in 740 bytes} [Fri Jul 17 05:02:00 2026] DELETE /v2.0/security-groups/4565bbc1-9a2d-4302-acce-691758dd162c => generated 0 bytes in 156 msecs (HTTP/1.1 204) 2 headers in 112 bytes (1 switches on core 0)
2026-07-17 05:02:03.593 8 INFO neutron.db.ovn_revision_numbers_db [None req-cf6ac89b-810c-4013-9cc3-a219e95f07b7 972c02c8224b444289f0ae0fdb01d5fb e7adc7db5d1c40239ab8d6f2199d2621 - - default default] Successfully bumped revision number for resource c54f0033-2bec-4fde-9ab4-ef73eb8a0a4f (type: security_groups) to 1
2026-07-17 05:02:03.613 8 INFO neutron.db.ovn_revision_numbers_db [None req-cf6ac89b-810c-4013-9cc3-a219e95f07b7 972c02c8224b444289f0ae0fdb01d5fb e7adc7db5d1c40239ab8d6f2199d2621 - - default default] Successfully bumped revision number for resource 19990252-1a12-49f6-bc93-0e0551ca705e (type: security_group_rules) to 0
2026-07-17 05:02:03.629 8 INFO neutron.db.ovn_revision_numbers_db [None req-cf6ac89b-810c-4013-9cc3-a219e95f07b7 972c02c8224b444289f0ae0fdb01d5fb e7adc7db5d1c40239ab8d6f2199d2621 - - default default] Successfully bumped revision number for resource ac707ab1-44bf-4586-84ac-cb56972177e3 (type: security_group_rules) to 0
2026-07-17 05:02:03.646 8 INFO neutron.db.ovn_revision_numbers_db [None req-cf6ac89b-810c-4013-9cc3-a219e95f07b7 972c02c8224b444289f0ae0fdb01d5fb e7adc7db5d1c40239ab8d6f2199d2621 - - default default] Successfully bumped revision number for resource ce125d4d-fe39-477c-9970-c6ac3e87a139 (type: security_group_rules) to 0
2026-07-17 05:02:03.667 8 INFO neutron.db.ovn_revision_numbers_db [None req-cf6ac89b-810c-4013-9cc3-a219e95f07b7 972c02c8224b444289f0ae0fdb01d5fb e7adc7db5d1c40239ab8d6f2199d2621 - - default default] Successfully bumped revision number for resource fb966bac-a1bb-4036-8e6d-34fe9e397395 (type: security_group_rules) to 0
2026-07-17 05:02:03.736 8 INFO neutron.db.segments_db [None req-cf6ac89b-810c-4013-9cc3-a219e95f07b7 972c02c8224b444289f0ae0fdb01d5fb e7adc7db5d1c40239ab8d6f2199d2621 - - default default] Added segment 84a396e4-aeaf-4c78-ba4b-d6fcc748b121 of type geneve for network 5d99667f-6740-4377-9fcf-6494bfd5f504
2026-07-17 05:02:03.870 8 INFO neutron.db.ovn_revision_numbers_db [None req-cf6ac89b-810c-4013-9cc3-a219e95f07b7 972c02c8224b444289f0ae0fdb01d5fb e7adc7db5d1c40239ab8d6f2199d2621 - - default default] Successfully bumped revision number for resource 5d99667f-6740-4377-9fcf-6494bfd5f504 (type: networks) to 1
2026-07-17 05:02:04.010 8 WARNING neutron.scheduler.dhcp_agent_scheduler [None req-cf6ac89b-810c-4013-9cc3-a219e95f07b7 972c02c8224b444289f0ae0fdb01d5fb e7adc7db5d1c40239ab8d6f2199d2621 - - default default] No more DHCP agents
2026-07-17 05:02:04.011 8 WARNING neutron.api.rpc.agentnotifiers.dhcp_rpc_agent_api [None req-cf6ac89b-810c-4013-9cc3-a219e95f07b7 972c02c8224b444289f0ae0fdb01d5fb e7adc7db5d1c40239ab8d6f2199d2621 - - default default] Unable to schedule network 5d99667f-6740-4377-9fcf-6494bfd5f504: no agents available; will retry on subsequent port and subnet creation events.
2026-07-17 05:02:04.053 8 INFO neutron.plugins.ml2.drivers.ovn.mech_driver.mech_driver [None req-98972177-301a-4cca-879d-807c2ad87b42 - - - - - -] OVN reports status down for port: 3f54bc7d-6dce-4ad8-99cc-7b1fc7a04d04
2026-07-17 05:02:04.111 8 INFO neutron.db.ovn_revision_numbers_db [None req-cf6ac89b-810c-4013-9cc3-a219e95f07b7 972c02c8224b444289f0ae0fdb01d5fb e7adc7db5d1c40239ab8d6f2199d2621 - - default default] Successfully bumped revision number for resource 3f54bc7d-6dce-4ad8-99cc-7b1fc7a04d04 (type: ports) to 1 [pid: 8|app: 0|req: 1337/2578] 10.0.0.189 () {34 vars in 670 bytes} [Fri Jul 17 05:02:03 2026] POST /v2.0/networks => generated 669 bytes in 826 msecs (HTTP/1.1 201) 4 headers in 162 bytes (1 switches on core 0)
2026-07-17 05:02:04.353 7 WARNING neutron.scheduler.dhcp_agent_scheduler [None req-bb2e3eb2-783e-4b1c-81f6-04856c069c2a 972c02c8224b444289f0ae0fdb01d5fb e7adc7db5d1c40239ab8d6f2199d2621 - - default default] No more DHCP agents
2026-07-17 05:02:04.354 7 WARNING neutron.api.rpc.agentnotifiers.dhcp_rpc_agent_api [None req-bb2e3eb2-783e-4b1c-81f6-04856c069c2a 972c02c8224b444289f0ae0fdb01d5fb e7adc7db5d1c40239ab8d6f2199d2621 - - default default] Unable to schedule network 5d99667f-6740-4377-9fcf-6494bfd5f504: no agents available; will retry on subsequent port and subnet creation events.
2026-07-17 05:02:04.391 8 INFO neutron.plugins.ml2.drivers.ovn.mech_driver.mech_driver [None req-98972177-301a-4cca-879d-807c2ad87b42 - - - - - -] OVN reports status down for port: 632dbd82-1ea8-4694-a87d-b15ab78934b3
2026-07-17 05:02:04.419 7 INFO neutron.db.ovn_revision_numbers_db [None req-bb2e3eb2-783e-4b1c-81f6-04856c069c2a 972c02c8224b444289f0ae0fdb01d5fb e7adc7db5d1c40239ab8d6f2199d2621 - - default default] Successfully bumped revision number for resource 632dbd82-1ea8-4694-a87d-b15ab78934b3 (type: ports) to 1 [pid: 7|app: 0|req: 1242/2579] 10.0.0.189 () {34 vars in 664 bytes} [Fri Jul 17 05:02:04 2026] POST /v2.0/ports => generated 743 bytes in 291 msecs (HTTP/1.1 201) 4 headers in 162 bytes (1 switches on core 0) [pid: 8|app: 0|req: 1338/2580] 10.0.0.189 () {34 vars in 666 bytes} [Fri Jul 17 05:02:04 2026] POST /v2.0/trunks => generated 409 bytes in 190 msecs (HTTP/1.1 201) 4 headers in 162 bytes (1 switches on core 0) /var/lib/openstack/lib/python3.12/site-packages/pycadf/identifier.py:70: UserWarning: Invalid uuid: neutron. To ensure interoperability, identifiers should be a valid uuid. warnings.warn(('Invalid uuid: %s. To ensure interoperability, '
2026-07-17 05:02:04.659 7 WARNING tagging [None req-a0dbd2c7-ea98-42c4-904f-22c6d1783444 972c02c8224b444289f0ae0fdb01d5fb e7adc7db5d1c40239ab8d6f2199d2621 - - default default] project_id key not found in request, using tenant_id instead. This support has been deprecated and will be removed in a future release. [pid: 7|app: 0|req: 1243/2581] 10.0.0.189 () {34 vars in 749 bytes} [Fri Jul 17 05:02:04 2026] PUT /v2.0/trunks/c41b3c39-4595-4b57-a24e-02a8d6e8451d/tags => generated 25 bytes in 40 msecs (HTTP/1.1 200) 4 headers in 156 bytes (1 switches on core 0)
2026-07-17 05:02:04.699 8 WARNING tagging [None req-a2ab3ef1-2f3a-48f0-9ae4-36a4b9ea8a74 972c02c8224b444289f0ae0fdb01d5fb e7adc7db5d1c40239ab8d6f2199d2621 - - default default] project_id key not found in request, using tenant_id instead. This support has been deprecated and will be removed in a future release. [pid: 8|app: 0|req: 1339/2582] 10.0.0.189 () {32 vars in 729 bytes} [Fri Jul 17 05:02:04 2026] GET /v2.0/trunks/c41b3c39-4595-4b57-a24e-02a8d6e8451d/tags => generated 25 bytes in 20 msecs (HTTP/1.1 200) 4 headers in 156 bytes (1 switches on core 0)
2026-07-17 05:02:04.725 7 WARNING tagging [None req-113daef6-2cf4-480d-ab99-9afcec83c6cd 972c02c8224b444289f0ae0fdb01d5fb e7adc7db5d1c40239ab8d6f2199d2621 - - default default] project_id key not found in request, using tenant_id instead. This support has been deprecated and will be removed in a future release. [pid: 7|app: 0|req: 1244/2583] 10.0.0.189 () {34 vars in 760 bytes} [Fri Jul 17 05:02:04 2026] PUT /v2.0/trunks/c41b3c39-4595-4b57-a24e-02a8d6e8451d/tags/green => generated 4 bytes in 46 msecs (HTTP/1.1 201) 4 headers in 160 bytes (1 switches on core 0)
2026-07-17 05:02:04.775 8 WARNING tagging [None req-da83ed5a-9ec9-4f27-a28f-a9395ee5286b 972c02c8224b444289f0ae0fdb01d5fb e7adc7db5d1c40239ab8d6f2199d2621 - - default default] project_id key not found in request, using tenant_id instead. This support has been deprecated and will be removed in a future release. [pid: 8|app: 0|req: 1340/2584] 10.0.0.189 () {32 vars in 729 bytes} [Fri Jul 17 05:02:04 2026] GET /v2.0/trunks/c41b3c39-4595-4b57-a24e-02a8d6e8451d/tags => generated 34 bytes in 23 msecs (HTTP/1.1 200) 4 headers in 156 bytes (1 switches on core 0)
2026-07-17 05:02:04.800 7 WARNING tagging [None req-ebb8ea16-7007-4538-b537-294953a3466c 972c02c8224b444289f0ae0fdb01d5fb e7adc7db5d1c40239ab8d6f2199d2621 - - default default] project_id key not found in request, using tenant_id instead. This support has been deprecated and will be removed in a future release. [pid: 7|app: 0|req: 1245/2585] 10.0.0.189 () {34 vars in 756 bytes} [Fri Jul 17 05:02:04 2026] PUT /v2.0/trunks/c41b3c39-4595-4b57-a24e-02a8d6e8451d/tags/red => generated 4 bytes in 36 msecs (HTTP/1.1 201) 4 headers in 160 bytes (1 switches on core 0)
2026-07-17 05:02:04.849 8 WARNING tagging [None req-3e349392-e4ae-4a90-9203-11613a88a401 972c02c8224b444289f0ae0fdb01d5fb e7adc7db5d1c40239ab8d6f2199d2621 - - default default] project_id key not found in request, using tenant_id instead. This support has been deprecated and will be removed in a future release. [pid: 8|app: 0|req: 1341/2586] 10.0.0.189 () {32 vars in 729 bytes} [Fri Jul 17 05:02:04 2026] GET /v2.0/trunks/c41b3c39-4595-4b57-a24e-02a8d6e8451d/tags => generated 34 bytes in 28 msecs (HTTP/1.1 200) 4 headers in 156 bytes (1 switches on core 0)
2026-07-17 05:02:04.878 7 WARNING tagging [None req-7ab654b3-9c9d-4ffb-ba68-17a7ff1bf23c 972c02c8224b444289f0ae0fdb01d5fb e7adc7db5d1c40239ab8d6f2199d2621 - - default default] project_id key not found in request, using tenant_id instead. This support has been deprecated and will be removed in a future release. [pid: 7|app: 0|req: 1246/2587] 10.0.0.189 () {34 vars in 778 bytes} [Fri Jul 17 05:02:04 2026] PUT /v2.0/trunks/c41b3c39-4595-4b57-a24e-02a8d6e8451d/tags/black.or.white => generated 4 bytes in 45 msecs (HTTP/1.1 201) 4 headers in 160 bytes (1 switches on core 0)
2026-07-17 05:02:04.926 8 WARNING tagging [None req-7d93e830-1695-4bd0-a57e-81a6ca639401 972c02c8224b444289f0ae0fdb01d5fb e7adc7db5d1c40239ab8d6f2199d2621 - - default default] project_id key not found in request, using tenant_id instead. This support has been deprecated and will be removed in a future release. [pid: 8|app: 0|req: 1342/2588] 10.0.0.189 () {32 vars in 729 bytes} [Fri Jul 17 05:02:04 2026] GET /v2.0/trunks/c41b3c39-4595-4b57-a24e-02a8d6e8451d/tags => generated 52 bytes in 23 msecs (HTTP/1.1 200) 4 headers in 156 bytes (1 switches on core 0)
2026-07-17 05:02:04.952 7 WARNING tagging [None req-56720f63-1393-4ee2-a30b-e9221460f7ee 972c02c8224b444289f0ae0fdb01d5fb e7adc7db5d1c40239ab8d6f2199d2621 - - default default] project_id key not found in request, using tenant_id instead. This support has been deprecated and will be removed in a future release. [pid: 7|app: 0|req: 1247/2589] 10.0.0.189 () {34 vars in 749 bytes} [Fri Jul 17 05:02:04 2026] PUT /v2.0/trunks/c41b3c39-4595-4b57-a24e-02a8d6e8451d/tags => generated 37 bytes in 36 msecs (HTTP/1.1 200) 4 headers in 156 bytes (1 switches on core 0)
2026-07-17 05:02:04.997 8 WARNING tagging [None req-8cd3d46e-1b5f-4e19-a894-c555e3831400 972c02c8224b444289f0ae0fdb01d5fb e7adc7db5d1c40239ab8d6f2199d2621 - - default default] project_id key not found in request, using tenant_id instead. This support has been deprecated and will be removed in a future release. [pid: 8|app: 0|req: 1343/2590] 10.0.0.189 () {32 vars in 729 bytes} [Fri Jul 17 05:02:04 2026] GET /v2.0/trunks/c41b3c39-4595-4b57-a24e-02a8d6e8451d/tags => generated 37 bytes in 26 msecs (HTTP/1.1 200) 4 headers in 156 bytes (1 switches on core 0)
2026-07-17 05:02:05.024 7 WARNING tagging [None req-fbb3cd3b-a3eb-41f6-9824-43cac1a7c963 972c02c8224b444289f0ae0fdb01d5fb e7adc7db5d1c40239ab8d6f2199d2621 - - default default] project_id key not found in request, using tenant_id instead. This support has been deprecated and will be removed in a future release. [pid: 7|app: 0|req: 1248/2591] 10.0.0.189 () {32 vars in 737 bytes} [Fri Jul 17 05:02:05 2026] GET /v2.0/trunks/c41b3c39-4595-4b57-a24e-02a8d6e8451d/tags/red => generated 0 bytes in 20 msecs (HTTP/1.1 204) 2 headers in 112 bytes (1 switches on core 0)
2026-07-17 05:02:05.049 8 WARNING tagging [None req-ef5904a2-dae2-41cf-a2ee-4e15cdfc850e 972c02c8224b444289f0ae0fdb01d5fb e7adc7db5d1c40239ab8d6f2199d2621 - - default default] project_id key not found in request, using tenant_id instead. This support has been deprecated and will be removed in a future release.
2026-07-17 05:02:05.073 8 INFO neutron.api.v2.resource [None req-ef5904a2-dae2-41cf-a2ee-4e15cdfc850e 972c02c8224b444289f0ae0fdb01d5fb e7adc7db5d1c40239ab8d6f2199d2621 - - default default] show failed (client error): The resource could not be found. [pid: 8|app: 0|req: 1344/2592] 10.0.0.189 () {32 vars in 741 bytes} [Fri Jul 17 05:02:05 2026] GET /v2.0/trunks/c41b3c39-4595-4b57-a24e-02a8d6e8451d/tags/green => generated 99 bytes in 40 msecs (HTTP/1.1 404) 4 headers in 163 bytes (1 switches on core 0)
2026-07-17 05:02:05.090 7 WARNING tagging [None req-09712341-5ffb-4f4a-9994-61bd7dcfdf57 972c02c8224b444289f0ae0fdb01d5fb e7adc7db5d1c40239ab8d6f2199d2621 - - default default] project_id key not found in request, using tenant_id instead. This support has been deprecated and will be removed in a future release. [pid: 7|app: 0|req: 1249/2593] 10.0.0.189 () {32 vars in 740 bytes} [Fri Jul 17 05:02:05 2026] DELETE /v2.0/trunks/c41b3c39-4595-4b57-a24e-02a8d6e8451d/tags/red => generated 0 bytes in 36 msecs (HTTP/1.1 204) 2 headers in 112 bytes (1 switches on core 0)
2026-07-17 05:02:05.135 8 WARNING tagging [None req-03209352-458b-47cd-ac71-b7bcfc6a4fef 972c02c8224b444289f0ae0fdb01d5fb e7adc7db5d1c40239ab8d6f2199d2621 - - default default] project_id key not found in request, using tenant_id instead. This support has been deprecated and will be removed in a future release. [pid: 8|app: 0|req: 1345/2594] 10.0.0.189 () {32 vars in 729 bytes} [Fri Jul 17 05:02:05 2026] GET /v2.0/trunks/c41b3c39-4595-4b57-a24e-02a8d6e8451d/tags => generated 30 bytes in 32 msecs (HTTP/1.1 200) 4 headers in 156 bytes (1 switches on core 0)
2026-07-17 05:02:05.171 7 WARNING tagging [None req-187540d3-fdf5-42c1-9a54-4e2e94e09f04 972c02c8224b444289f0ae0fdb01d5fb e7adc7db5d1c40239ab8d6f2199d2621 - - default default] project_id key not found in request, using tenant_id instead. This support has been deprecated and will be removed in a future release.
2026-07-17 05:02:05.181 7 INFO neutron.api.v2.resource [None req-187540d3-fdf5-42c1-9a54-4e2e94e09f04 972c02c8224b444289f0ae0fdb01d5fb e7adc7db5d1c40239ab8d6f2199d2621 - - default default] delete failed (client error): The resource could not be found. [pid: 7|app: 0|req: 1250/2595] 10.0.0.189 () {32 vars in 744 bytes} [Fri Jul 17 05:02:05 2026] DELETE /v2.0/trunks/c41b3c39-4595-4b57-a24e-02a8d6e8451d/tags/green => generated 99 bytes in 27 msecs (HTTP/1.1 404) 4 headers in 163 bytes (1 switches on core 0)
2026-07-17 05:02:05.196 8 WARNING tagging [None req-53c2d827-bb4d-4a0e-8846-e27d089fa051 972c02c8224b444289f0ae0fdb01d5fb e7adc7db5d1c40239ab8d6f2199d2621 - - default default] project_id key not found in request, using tenant_id instead. This support has been deprecated and will be removed in a future release. [pid: 8|app: 0|req: 1346/2596] 10.0.0.189 () {32 vars in 732 bytes} [Fri Jul 17 05:02:05 2026] DELETE /v2.0/trunks/c41b3c39-4595-4b57-a24e-02a8d6e8451d/tags => generated 0 bytes in 31 msecs (HTTP/1.1 204) 2 headers in 112 bytes (1 switches on core 0)
2026-07-17 05:02:05.238 7 WARNING tagging [None req-50fd743e-297e-4f3e-a2c4-0a70477755a6 972c02c8224b444289f0ae0fdb01d5fb e7adc7db5d1c40239ab8d6f2199d2621 - - default default] project_id key not found in request, using tenant_id instead. This support has been deprecated and will be removed in a future release. [pid: 7|app: 0|req: 1251/2597] 10.0.0.189 () {32 vars in 729 bytes} [Fri Jul 17 05:02:05 2026] GET /v2.0/trunks/c41b3c39-4595-4b57-a24e-02a8d6e8451d/tags => generated 12 bytes in 23 msecs (HTTP/1.1 200) 4 headers in 156 bytes (1 switches on core 0) [pid: 8|app: 0|req: 1347/2598] 10.0.0.189 () {32 vars in 719 bytes} [Fri Jul 17 05:02:05 2026] GET /v2.0/trunks/c41b3c39-4595-4b57-a24e-02a8d6e8451d => generated 409 bytes in 17 msecs (HTTP/1.1 200) 4 headers in 157 bytes (1 switches on core 0) [pid: 7|app: 0|req: 1252/2599] 10.0.0.189 () {32 vars in 717 bytes} [Fri Jul 17 05:02:05 2026] GET /v2.0/ports/632dbd82-1ea8-4694-a87d-b15ab78934b3 => generated 826 bytes in 40 msecs (HTTP/1.1 200) 4 headers in 157 bytes (1 switches on core 0) [pid: 8|app: 0|req: 1348/2600] 10.0.0.189 () {32 vars in 722 bytes} [Fri Jul 17 05:02:05 2026] DELETE /v2.0/trunks/c41b3c39-4595-4b57-a24e-02a8d6e8451d => generated 0 bytes in 57 msecs (HTTP/1.1 204) 2 headers in 112 bytes (1 switches on core 0)
2026-07-17 05:02:05.498 7 INFO neutron_taas.services.taas.taas_plugin [None req-864265ab-4272-4f39-8b9b-75ae529bd0ec 972c02c8224b444289f0ae0fdb01d5fb e7adc7db5d1c40239ab8d6f2199d2621 - - default default] TaaS: Handle Delete Port: 632dbd82-1ea8-4694-a87d-b15ab78934b3
2026-07-17 05:02:05.501 7 INFO neutron_taas.services.taas.tap_mirror_plugin [None req-864265ab-4272-4f39-8b9b-75ae529bd0ec 972c02c8224b444289f0ae0fdb01d5fb e7adc7db5d1c40239ab8d6f2199d2621 - - default default] Tap Mirror: Handle Delete Port: 632dbd82-1ea8-4694-a87d-b15ab78934b3 [pid: 7|app: 0|req: 1253/2601] 10.0.0.189 () {32 vars in 720 bytes} [Fri Jul 17 05:02:05 2026] DELETE /v2.0/ports/632dbd82-1ea8-4694-a87d-b15ab78934b3 => generated 0 bytes in 218 msecs (HTTP/1.1 204) 3 headers in 131 bytes (1 switches on core 0)
2026-07-17 05:02:05.719 8 INFO neutron_taas.services.taas.taas_plugin [None req-b3f095c4-7f01-447d-9fa1-a89ecf1ef54d 972c02c8224b444289f0ae0fdb01d5fb e7adc7db5d1c40239ab8d6f2199d2621 - - default default] TaaS: Handle Delete Port: 3f54bc7d-6dce-4ad8-99cc-7b1fc7a04d04
2026-07-17 05:02:05.722 8 INFO neutron_taas.services.taas.tap_mirror_plugin [None req-b3f095c4-7f01-447d-9fa1-a89ecf1ef54d 972c02c8224b444289f0ae0fdb01d5fb e7adc7db5d1c40239ab8d6f2199d2621 - - default default] Tap Mirror: Handle Delete Port: 3f54bc7d-6dce-4ad8-99cc-7b1fc7a04d04
2026-07-17 05:02:05.917 8 INFO neutron.services.segments.plugin [-] Segment 84a396e4-aeaf-4c78-ba4b-d6fcc748b121 resource provider aggregate not found
2026-07-17 05:02:05.922 8 INFO neutron.services.segments.plugin [-] Segment 84a396e4-aeaf-4c78-ba4b-d6fcc748b121 resource provider aggregate not found
2026-07-17 05:02:05.937 8 INFO neutron.services.segments.plugin [-] Client error retrieving segment 84a396e4-aeaf-4c78-ba4b-d6fcc748b121 resource provider; error: Placement Client Error (4xx): {"errors": [{"status": 404, "title": "Not Found", "detail": "The resource could not be found.\n\n No resource provider with uuid 84a396e4-aeaf-4c78-ba4b-d6fcc748b121 found for delete ", "request_id": "req-336d4e03-c000-4ea4-913f-17565d968a49"}]}
2026-07-17 05:02:05.941 8 INFO neutron.services.segments.plugin [-] Client error retrieving segment 84a396e4-aeaf-4c78-ba4b-d6fcc748b121 resource provider; error: Placement Client Error (4xx): {"errors": [{"status": 404, "title": "Not Found", "detail": "The resource could not be found.\n\n No resource provider with uuid 84a396e4-aeaf-4c78-ba4b-d6fcc748b121 found for delete ", "request_id": "req-843b8d68-d263-4110-8e32-2bf88cae4a69"}]} [pid: 8|app: 0|req: 1349/2602] 10.0.0.189 () {32 vars in 726 bytes} [Fri Jul 17 05:02:05 2026] DELETE /v2.0/networks/5d99667f-6740-4377-9fcf-6494bfd5f504 => generated 0 bytes in 355 msecs (HTTP/1.1 204) 3 headers in 131 bytes (1 switches on core 0)
2026-07-17 05:02:06.681 7 WARNING neutron.db.securitygroups_db [None req-1d8cc428-3a77-4928-a94e-3a1476e5b49a e3c81812568747ff9cfec0c27b1dbeff aa514930302d4309a556a37e4aff512e - - default default] project_id key not found in filters, using tenant_id instead. This support has been deprecated and will be removed in a future release.
2026-07-17 05:02:06.808 7 INFO neutron.db.ovn_revision_numbers_db [None req-1d8cc428-3a77-4928-a94e-3a1476e5b49a e3c81812568747ff9cfec0c27b1dbeff aa514930302d4309a556a37e4aff512e - - default default] Successfully bumped revision number for resource 1d1c45da-5a3b-4792-b179-46abb85f7912 (type: security_groups) to 1
2026-07-17 05:02:06.822 7 INFO neutron.db.ovn_revision_numbers_db [None req-1d8cc428-3a77-4928-a94e-3a1476e5b49a e3c81812568747ff9cfec0c27b1dbeff aa514930302d4309a556a37e4aff512e - - default default] Successfully bumped revision number for resource 51dc2083-a4f7-46c6-aa6b-12bf1a335a3a (type: security_group_rules) to 0
2026-07-17 05:02:06.837 7 INFO neutron.db.ovn_revision_numbers_db [None req-1d8cc428-3a77-4928-a94e-3a1476e5b49a e3c81812568747ff9cfec0c27b1dbeff aa514930302d4309a556a37e4aff512e - - default default] Successfully bumped revision number for resource 89dca7ff-4fa0-41b2-bf7b-484cfef86e8e (type: security_group_rules) to 0
2026-07-17 05:02:06.850 7 INFO neutron.db.ovn_revision_numbers_db [None req-1d8cc428-3a77-4928-a94e-3a1476e5b49a e3c81812568747ff9cfec0c27b1dbeff aa514930302d4309a556a37e4aff512e - - default default] Successfully bumped revision number for resource 9756c3d6-257f-49d0-9164-9ddeca8b59a1 (type: security_group_rules) to 0
2026-07-17 05:02:06.862 7 INFO neutron.db.ovn_revision_numbers_db [None req-1d8cc428-3a77-4928-a94e-3a1476e5b49a e3c81812568747ff9cfec0c27b1dbeff aa514930302d4309a556a37e4aff512e - - default default] Successfully bumped revision number for resource 9ac9b76b-5584-4024-8a5b-297ef608b39b (type: security_group_rules) to 0 [pid: 7|app: 0|req: 1255/2605] 10.0.0.189 () {32 vars in 774 bytes} [Fri Jul 17 05:02:06 2026] GET /v2.0/security-groups?tenant_id=f981d8b0fd1d436aaabe31ed52fdb33f&name=default => generated 2929 bytes in 314 msecs (HTTP/1.1 200) 4 headers in 158 bytes (1 switches on core 0) [pid: 8|app: 0|req: 1351/2606] 10.0.0.189 () {32 vars in 740 bytes} [Fri Jul 17 05:02:06 2026] DELETE /v2.0/security-groups/1d1c45da-5a3b-4792-b179-46abb85f7912 => generated 0 bytes in 156 msecs (HTTP/1.1 204) 2 headers in 112 bytes (1 switches on core 0)
2026-07-17 05:02:07.159 7 WARNING neutron.db.securitygroups_db [None req-24f8a6c0-220b-4df2-b224-78561ff8ccc5 e3c81812568747ff9cfec0c27b1dbeff aa514930302d4309a556a37e4aff512e - - default default] project_id key not found in filters, using tenant_id instead. This support has been deprecated and will be removed in a future release. [pid: 7|app: 0|req: 1256/2607] 10.0.0.189 () {32 vars in 774 bytes} [Fri Jul 17 05:02:07 2026] GET /v2.0/security-groups?tenant_id=e7adc7db5d1c40239ab8d6f2199d2621&name=default => generated 2929 bytes in 32 msecs (HTTP/1.1 200) 4 headers in 158 bytes (1 switches on core 0) [pid: 8|app: 0|req: 1352/2608] 10.0.0.189 () {32 vars in 740 bytes} [Fri Jul 17 05:02:07 2026] DELETE /v2.0/security-groups/c54f0033-2bec-4fde-9ab4-ef73eb8a0a4f => generated 0 bytes in 149 msecs (HTTP/1.1 204) 2 headers in 112 bytes (1 switches on core 0)
2026-07-17 05:02:10.687 7 INFO neutron.db.ovn_revision_numbers_db [None req-defbbde2-416d-41b5-9b18-8c48438550f3 4ef10da6ee9249cf8e21fed85f2bfb3b 14b2ec3c0398478191f62f9716bd343f - - default default] Successfully bumped revision number for resource 8e8b624e-772a-4ede-9135-a439ab7eddd9 (type: security_groups) to 1
2026-07-17 05:02:10.698 7 INFO neutron.db.ovn_revision_numbers_db [None req-defbbde2-416d-41b5-9b18-8c48438550f3 4ef10da6ee9249cf8e21fed85f2bfb3b 14b2ec3c0398478191f62f9716bd343f - - default default] Successfully bumped revision number for resource 07b54d16-e378-4593-adef-d05993da4be2 (type: security_group_rules) to 0
2026-07-17 05:02:10.708 7 INFO neutron.db.ovn_revision_numbers_db [None req-defbbde2-416d-41b5-9b18-8c48438550f3 4ef10da6ee9249cf8e21fed85f2bfb3b 14b2ec3c0398478191f62f9716bd343f - - default default] Successfully bumped revision number for resource 5eccad5f-1159-4489-b9e8-8065c939b753 (type: security_group_rules) to 0
2026-07-17 05:02:10.720 7 INFO neutron.db.ovn_revision_numbers_db [None req-defbbde2-416d-41b5-9b18-8c48438550f3 4ef10da6ee9249cf8e21fed85f2bfb3b 14b2ec3c0398478191f62f9716bd343f - - default default] Successfully bumped revision number for resource a55568ca-359d-408b-a4a2-2526c232900f (type: security_group_rules) to 0
2026-07-17 05:02:10.734 7 INFO neutron.db.ovn_revision_numbers_db [None req-defbbde2-416d-41b5-9b18-8c48438550f3 4ef10da6ee9249cf8e21fed85f2bfb3b 14b2ec3c0398478191f62f9716bd343f - - default default] Successfully bumped revision number for resource eaae747b-6d62-4653-ab2d-6bfa8b0158e5 (type: security_group_rules) to 0
2026-07-17 05:02:10.815 7 INFO neutron.db.segments_db [None req-defbbde2-416d-41b5-9b18-8c48438550f3 4ef10da6ee9249cf8e21fed85f2bfb3b 14b2ec3c0398478191f62f9716bd343f - - default default] Added segment ad3d33db-b327-4f68-a6ce-7556be3dac19 of type geneve for network aaa8c3d1-7832-415b-979c-1f856a751262
2026-07-17 05:02:10.931 7 INFO neutron.db.ovn_revision_numbers_db [None req-defbbde2-416d-41b5-9b18-8c48438550f3 4ef10da6ee9249cf8e21fed85f2bfb3b 14b2ec3c0398478191f62f9716bd343f - - default default] Successfully bumped revision number for resource aaa8c3d1-7832-415b-979c-1f856a751262 (type: networks) to 1
2026-07-17 05:02:11.086 7 WARNING neutron.scheduler.dhcp_agent_scheduler [None req-defbbde2-416d-41b5-9b18-8c48438550f3 4ef10da6ee9249cf8e21fed85f2bfb3b 14b2ec3c0398478191f62f9716bd343f - - default default] No more DHCP agents
2026-07-17 05:02:11.087 7 WARNING neutron.api.rpc.agentnotifiers.dhcp_rpc_agent_api [None req-defbbde2-416d-41b5-9b18-8c48438550f3 4ef10da6ee9249cf8e21fed85f2bfb3b 14b2ec3c0398478191f62f9716bd343f - - default default] Unable to schedule network aaa8c3d1-7832-415b-979c-1f856a751262: no agents available; will retry on subsequent port and subnet creation events.
2026-07-17 05:02:11.137 8 INFO neutron.plugins.ml2.drivers.ovn.mech_driver.mech_driver [None req-98972177-301a-4cca-879d-807c2ad87b42 - - - - - -] OVN reports status down for port: e38c9fbd-3f3c-4a6b-9560-6cf0d489702c
2026-07-17 05:02:11.159 7 INFO neutron.db.ovn_revision_numbers_db [None req-defbbde2-416d-41b5-9b18-8c48438550f3 4ef10da6ee9249cf8e21fed85f2bfb3b 14b2ec3c0398478191f62f9716bd343f - - default default] Successfully bumped revision number for resource e38c9fbd-3f3c-4a6b-9560-6cf0d489702c (type: ports) to 1 [pid: 7|app: 0|req: 1257/2609] 10.0.0.189 () {34 vars in 670 bytes} [Fri Jul 17 05:02:10 2026] POST /v2.0/networks => generated 664 bytes in 781 msecs (HTTP/1.1 201) 4 headers in 162 bytes (1 switches on core 0)
2026-07-17 05:02:11.356 8 WARNING neutron.scheduler.dhcp_agent_scheduler [None req-fa557582-9d86-446a-8682-1c3c0e2e80b5 4ef10da6ee9249cf8e21fed85f2bfb3b 14b2ec3c0398478191f62f9716bd343f - - default default] No more DHCP agents
2026-07-17 05:02:11.358 8 WARNING neutron.api.rpc.agentnotifiers.dhcp_rpc_agent_api [None req-fa557582-9d86-446a-8682-1c3c0e2e80b5 4ef10da6ee9249cf8e21fed85f2bfb3b 14b2ec3c0398478191f62f9716bd343f - - default default] Unable to schedule network aaa8c3d1-7832-415b-979c-1f856a751262: no agents available; will retry on subsequent port and subnet creation events.
2026-07-17 05:02:11.803 8 INFO neutron.db.ovn_revision_numbers_db [None req-fa557582-9d86-446a-8682-1c3c0e2e80b5 4ef10da6ee9249cf8e21fed85f2bfb3b 14b2ec3c0398478191f62f9716bd343f - - default default] Successfully bumped revision number for resource e38c9fbd-3f3c-4a6b-9560-6cf0d489702c (type: ports) to 2
2026-07-17 05:02:11.839 8 INFO neutron.db.ovn_revision_numbers_db [None req-fa557582-9d86-446a-8682-1c3c0e2e80b5 4ef10da6ee9249cf8e21fed85f2bfb3b 14b2ec3c0398478191f62f9716bd343f - - default default] Successfully bumped revision number for resource 8462ded4-123c-43ff-b329-2a19e470af21 (type: subnets) to 0 [pid: 8|app: 0|req: 1353/2610] 10.0.0.189 () {34 vars in 669 bytes} [Fri Jul 17 05:02:11 2026] POST /v2.0/subnets => generated 626 bytes in 676 msecs (HTTP/1.1 201) 4 headers in 162 bytes (1 switches on core 0)
2026-07-17 05:02:12.267 7 WARNING neutron.scheduler.dhcp_agent_scheduler [None req-76f7da73-bd47-4dd0-889a-569533998c90 4ef10da6ee9249cf8e21fed85f2bfb3b 14b2ec3c0398478191f62f9716bd343f - - default default] No more DHCP agents
2026-07-17 05:02:12.268 7 WARNING neutron.api.rpc.agentnotifiers.dhcp_rpc_agent_api [None req-76f7da73-bd47-4dd0-889a-569533998c90 4ef10da6ee9249cf8e21fed85f2bfb3b 14b2ec3c0398478191f62f9716bd343f - - default default] Unable to schedule network 9b0bce5a-2d75-497b-9855-47f3a4ffb1f8: no agents available; will retry on subsequent port and subnet creation events.
2026-07-17 05:02:12.415 8 INFO neutron.plugins.ml2.drivers.ovn.mech_driver.mech_driver [None req-98972177-301a-4cca-879d-807c2ad87b42 - - - - - -] OVN reports status down for port: 4e253f9d-b29e-4fd7-98ab-d7de7525b2c7
2026-07-17 05:02:12.435 7 INFO neutron.db.ovn_revision_numbers_db [None req-76f7da73-bd47-4dd0-889a-569533998c90 4ef10da6ee9249cf8e21fed85f2bfb3b 14b2ec3c0398478191f62f9716bd343f - - default default] Successfully bumped revision number for resource 4e253f9d-b29e-4fd7-98ab-d7de7525b2c7 (type: ports) to 1
2026-07-17 05:02:12.982 8 INFO neutron.plugins.ml2.drivers.ovn.mech_driver.mech_driver [None req-98972177-301a-4cca-879d-807c2ad87b42 - - - - - -] OVN reports status up for port: 4e253f9d-b29e-4fd7-98ab-d7de7525b2c7
2026-07-17 05:02:12.994 8 INFO neutron.plugins.ml2.plugin [None req-98972177-301a-4cca-879d-807c2ad87b42 - - - - - -] Attempt 1 to provision port 4e253f9d-b29e-4fd7-98ab-d7de7525b2c7
2026-07-17 05:02:13.029 7 INFO neutron.db.ovn_revision_numbers_db [None req-76f7da73-bd47-4dd0-889a-569533998c90 4ef10da6ee9249cf8e21fed85f2bfb3b 14b2ec3c0398478191f62f9716bd343f - - default default] Successfully bumped revision number for resource 4e253f9d-b29e-4fd7-98ab-d7de7525b2c7 (type: router_ports) to 1
2026-07-17 05:02:13.080 7 INFO neutron.db.ovn_revision_numbers_db [None req-76f7da73-bd47-4dd0-889a-569533998c90 4ef10da6ee9249cf8e21fed85f2bfb3b 14b2ec3c0398478191f62f9716bd343f - - default default] Successfully bumped revision number for resource fa2e053e-04e1-4757-8e08-07154de5b9ce (type: routers) to 2 [pid: 7|app: 0|req: 1258/2611] 10.0.0.189 () {34 vars in 669 bytes} [Fri Jul 17 05:02:11 2026] POST /v2.0/routers => generated 955 bytes in 1226 msecs (HTTP/1.1 201) 4 headers in 162 bytes (1 switches on core 0)
2026-07-17 05:02:13.563 8 WARNING neutron.scheduler.dhcp_agent_scheduler [None req-92cc424f-d0ee-4ae3-9b80-aa4f080edb83 4ef10da6ee9249cf8e21fed85f2bfb3b 14b2ec3c0398478191f62f9716bd343f - - default default] No more DHCP agents
2026-07-17 05:02:13.564 8 WARNING neutron.api.rpc.agentnotifiers.dhcp_rpc_agent_api [None req-92cc424f-d0ee-4ae3-9b80-aa4f080edb83 4ef10da6ee9249cf8e21fed85f2bfb3b 14b2ec3c0398478191f62f9716bd343f - - default default] Unable to schedule network aaa8c3d1-7832-415b-979c-1f856a751262: no agents available; will retry on subsequent port and subnet creation events.
2026-07-17 05:02:13.729 8 INFO neutron.db.ovn_revision_numbers_db [None req-92cc424f-d0ee-4ae3-9b80-aa4f080edb83 4ef10da6ee9249cf8e21fed85f2bfb3b 14b2ec3c0398478191f62f9716bd343f - - default default] Successfully bumped revision number for resource 7bd397d2-494f-461a-811e-847a81c3000d (type: ports) to 1
2026-07-17 05:02:14.476 8 WARNING neutron.scheduler.dhcp_agent_scheduler [None req-92cc424f-d0ee-4ae3-9b80-aa4f080edb83 4ef10da6ee9249cf8e21fed85f2bfb3b 14b2ec3c0398478191f62f9716bd343f - - default default] No more DHCP agents
2026-07-17 05:02:14.477 8 WARNING neutron.api.rpc.agentnotifiers.dhcp_rpc_agent_api [None req-92cc424f-d0ee-4ae3-9b80-aa4f080edb83 4ef10da6ee9249cf8e21fed85f2bfb3b 14b2ec3c0398478191f62f9716bd343f - - default default] Unable to schedule network aaa8c3d1-7832-415b-979c-1f856a751262: no agents available; will retry on subsequent port and subnet creation events.
2026-07-17 05:02:14.795 8 INFO neutron.db.ovn_revision_numbers_db [None req-92cc424f-d0ee-4ae3-9b80-aa4f080edb83 4ef10da6ee9249cf8e21fed85f2bfb3b 14b2ec3c0398478191f62f9716bd343f - - default default] Successfully bumped revision number for resource 7bd397d2-494f-461a-811e-847a81c3000d (type: router_ports) to 1 [pid: 8|app: 0|req: 1354/2612] 10.0.0.189 () {34 vars in 783 bytes} [Fri Jul 17 05:02:13 2026] PUT /v2.0/routers/fa2e053e-04e1-4757-8e08-07154de5b9ce/add_router_interface => generated 310 bytes in 1701 msecs (HTTP/1.1 200) 4 headers in 157 bytes (1 switches on core 0)
2026-07-17 05:02:15.411 7 WARNING neutron.scheduler.dhcp_agent_scheduler [None req-d593d5d4-9705-4a1f-9207-32f0d777a8c1 - - - - - -] No more DHCP agents
2026-07-17 05:02:15.412 7 WARNING neutron.api.rpc.agentnotifiers.dhcp_rpc_agent_api [None req-d593d5d4-9705-4a1f-9207-32f0d777a8c1 - - - - - -] Unable to schedule network 9b0bce5a-2d75-497b-9855-47f3a4ffb1f8: no agents available; will retry on subsequent port and subnet creation events.
2026-07-17 05:02:15.549 7 INFO neutron.db.ovn_revision_numbers_db [None req-d593d5d4-9705-4a1f-9207-32f0d777a8c1 - - - - - -] Successfully bumped revision number for resource f9846e55-71a7-4763-aa36-2faf41373a74 (type: ports) to 1
