+ COMMAND=start + start + for KEYSTONE_WSGI_SCRIPT in keystone-wsgi-public ++ type -p keystone-wsgi-public + cp -a /var/lib/openstack/bin/keystone-wsgi-public /var/www/cgi-bin/keystone/ + '[' -f /etc/apache2/envvars ']' + source /etc/apache2/envvars ++ unset HOME ++ '[' '' '!=' '' ']' ++ SUFFIX= ++ export APACHE_RUN_USER=www-data ++ APACHE_RUN_USER=www-data ++ export APACHE_RUN_GROUP=www-data ++ APACHE_RUN_GROUP=www-data ++ export APACHE_PID_FILE=/var/run/apache2/apache2.pid ++ APACHE_PID_FILE=/var/run/apache2/apache2.pid ++ export APACHE_RUN_DIR=/var/run/apache2 ++ APACHE_RUN_DIR=/var/run/apache2 ++ export APACHE_LOCK_DIR=/var/lock/apache2 ++ APACHE_LOCK_DIR=/var/lock/apache2 ++ export APACHE_LOG_DIR=/var/log/apache2 ++ APACHE_LOG_DIR=/var/log/apache2 ++ export LANG=C ++ LANG=C ++ export LANG + '[' -f /var/run/apache2/apache2.pid ']' + exec apache2 -DFOREGROUND AH00558: apache2: Could not reliably determine the server's fully qualified domain name, using 10.0.0.105. Set the 'ServerName' directive globally to suppress this message AH00558: apache2: Could not reliably determine the server's fully qualified domain name, using 10.0.0.105. Set the 'ServerName' directive globally to suppress this message
[Tue Jul 21 06:50:53.832031 2026] [mpm_event:notice] [pid 1:tid 140180619356032] AH00489: Apache/2.4.58 (Ubuntu) mod_wsgi/5.0.0 Python/3.12 configured -- resuming normal operations
[Tue Jul 21 06:50:53.832166 2026] [core:notice] [pid 1:tid 140180619356032] AH00094: Command line: 'apache2 -D FOREGROUND'
[Tue Jul 21 06:51:55.270343 2026] [wsgi:error] [pid 9:tid 140179981534912] /var/lib/openstack/lib/python3.12/site-packages/oslo_utils/importutils.py:77: EventletDeprecationWarning:
[Tue Jul 21 06:51:55.270390 2026] [wsgi:error] [pid 9:tid 140179981534912] Eventlet is deprecated. It is currently being maintained in bugfix mode, and
[Tue Jul 21 06:51:55.270392 2026] [wsgi:error] [pid 9:tid 140179981534912] we strongly recommend against using it for new projects.
[Tue Jul 21 06:51:55.270393 2026] [wsgi:error] [pid 9:tid 140179981534912]
[Tue Jul 21 06:51:55.270394 2026] [wsgi:error] [pid 9:tid 140179981534912] If you are already using Eventlet, we recommend migrating to a different
[Tue Jul 21 06:51:55.270396 2026] [wsgi:error] [pid 9:tid 140179981534912] framework. For more detail see
[Tue Jul 21 06:51:55.270397 2026] [wsgi:error] [pid 9:tid 140179981534912] https://eventlet.readthedocs.io/en/latest/asyncio/migration.html
[Tue Jul 21 06:51:55.270398 2026] [wsgi:error] [pid 9:tid 140179981534912]
[Tue Jul 21 06:51:55.270399 2026] [wsgi:error] [pid 9:tid 140179981534912] __import__(import_str)
[Tue Jul 21 06:51:55.286841 2026] [wsgi:error] [pid 10:tid 140179981534912] /var/lib/openstack/lib/python3.12/site-packages/oslo_utils/importutils.py:77: EventletDeprecationWarning:
[Tue Jul 21 06:51:55.286886 2026] [wsgi:error] [pid 10:tid 140179981534912] Eventlet is deprecated. It is currently being maintained in bugfix mode, and
[Tue Jul 21 06:51:55.286888 2026] [wsgi:error] [pid 10:tid 140179981534912] we strongly recommend against using it for new projects.
[Tue Jul 21 06:51:55.286889 2026] [wsgi:error] [pid 10:tid 140179981534912]
[Tue Jul 21 06:51:55.286890 2026] [wsgi:error] [pid 10:tid 140179981534912] If you are already using Eventlet, we recommend migrating to a different
[Tue Jul 21 06:51:55.286892 2026] [wsgi:error] [pid 10:tid 140179981534912] framework. For more detail see
[Tue Jul 21 06:51:55.286893 2026] [wsgi:error] [pid 10:tid 140179981534912] https://eventlet.readthedocs.io/en/latest/asyncio/migration.html
[Tue Jul 21 06:51:55.286894 2026] [wsgi:error] [pid 10:tid 140179981534912]
[Tue Jul 21 06:51:55.286895 2026] [wsgi:error] [pid 10:tid 140179981534912] __import__(import_str) 10.0.0.24 - - [21/Jul/2026:06:51:54 +0000] "GET /v3/ HTTP/1.1" 200 250 10.0.0.24 - - [21/Jul/2026:06:51:54 +0000] "GET /v3/ HTTP/1.1" 200 250
[Tue Jul 21 06:52:08.838051 2026] [wsgi:error] [pid 12:tid 140179981534912] /var/lib/openstack/lib/python3.12/site-packages/oslo_utils/importutils.py:77: EventletDeprecationWarning:
[Tue Jul 21 06:52:08.838098 2026] [wsgi:error] [pid 12:tid 140179981534912] Eventlet is deprecated. It is currently being maintained in bugfix mode, and
[Tue Jul 21 06:52:08.838100 2026] [wsgi:error] [pid 12:tid 140179981534912] we strongly recommend against using it for new projects.
[Tue Jul 21 06:52:08.838101 2026] [wsgi:error] [pid 12:tid 140179981534912]
[Tue Jul 21 06:52:08.838102 2026] [wsgi:error] [pid 12:tid 140179981534912] If you are already using Eventlet, we recommend migrating to a different
[Tue Jul 21 06:52:08.838104 2026] [wsgi:error] [pid 12:tid 140179981534912] framework. For more detail see
[Tue Jul 21 06:52:08.838105 2026] [wsgi:error] [pid 12:tid 140179981534912] https://eventlet.readthedocs.io/en/latest/asyncio/migration.html
[Tue Jul 21 06:52:08.838106 2026] [wsgi:error] [pid 12:tid 140179981534912]
[Tue Jul 21 06:52:08.838107 2026] [wsgi:error] [pid 12:tid 140179981534912] __import__(import_str) 10.0.0.68 - - [21/Jul/2026:06:52:07 +0000] "GET / HTTP/1.1" 300 295
[Tue Jul 21 06:52:14.384166 2026] [wsgi:error] [pid 11:tid 140179981534912] /var/lib/openstack/lib/python3.12/site-packages/oslo_utils/importutils.py:77: EventletDeprecationWarning:
[Tue Jul 21 06:52:14.384204 2026] [wsgi:error] [pid 11:tid 140179981534912] Eventlet is deprecated. It is currently being maintained in bugfix mode, and
[Tue Jul 21 06:52:14.384206 2026] [wsgi:error] [pid 11:tid 140179981534912] we strongly recommend against using it for new projects.
[Tue Jul 21 06:52:14.384208 2026] [wsgi:error] [pid 11:tid 140179981534912]
[Tue Jul 21 06:52:14.384209 2026] [wsgi:error] [pid 11:tid 140179981534912] If you are already using Eventlet, we recommend migrating to a different
[Tue Jul 21 06:52:14.384211 2026] [wsgi:error] [pid 11:tid 140179981534912] framework. For more detail see
[Tue Jul 21 06:52:14.384212 2026] [wsgi:error] [pid 11:tid 140179981534912] https://eventlet.readthedocs.io/en/latest/asyncio/migration.html
[Tue Jul 21 06:52:14.384213 2026] [wsgi:error] [pid 11:tid 140179981534912]
[Tue Jul 21 06:52:14.384214 2026] [wsgi:error] [pid 11:tid 140179981534912] __import__(import_str)
[Tue Jul 21 06:52:19.184217 2026] [wsgi:error] [pid 11:tid 140179981534912] [remote 10.0.0.68:41150] 2026-07-21 06:52:19.180 11 WARNING keystone.identity.core [None req-a6894a86-0abd-4c6c-ad78-bfe58b956f51 - - - - - -] Invalid domain name (atmosphere) found in config file name: keystone.exception.DomainNotFound: Could not find domain: atmosphere.
[Tue Jul 21 06:52:19.246960 2026] [wsgi:error] [pid 11:tid 140179981534912] [remote 10.0.0.68:41150] 2026-07-21 06:52:19.246 11 WARNING keystone.common.password_hashing [None req-a6894a86-0abd-4c6c-ad78-bfe58b956f51 - - - - - -] Truncating password to algorithm specific maximum length 72 characters.
[Tue Jul 21 06:52:19.527767 2026] [wsgi:error] [pid 11:tid 140179981534912] [remote 10.0.0.68:41150] 2026-07-21 06:52:19.527 11 WARNING keystone.common.fernet_utils [None req-a6894a86-0abd-4c6c-ad78-bfe58b956f51 - - - - - -] key_repository is world readable: /etc/keystone/fernet-keys/ 10.0.0.68 - - [21/Jul/2026:06:52:13 +0000] "POST /v3/auth/tokens HTTP/1.1" 201 1359
[Tue Jul 21 06:52:19.919993 2026] [wsgi:error] [pid 9:tid 140179981534912] [remote 10.0.0.68:41150] 2026-07-21 06:52:19.917 9 WARNING keystone.identity.core [None req-2f006f90-ba70-468b-bdc9-c6e531b4fe08 - - - - - -] Invalid domain name (atmosphere) found in config file name: keystone.exception.DomainNotFound: Could not find domain: atmosphere. 10.0.0.68 - - [21/Jul/2026:06:52:19 +0000] "POST /v3/domains HTTP/1.1" 201 261 10.0.0.232 - - [21/Jul/2026:06:52:32 +0000] "GET / HTTP/1.1" 300 295
[Tue Jul 21 06:52:32.674728 2026] [wsgi:error] [pid 12:tid 140179981534912] [remote 10.0.0.232:47920] 2026-07-21 06:52:32.674 12 WARNING keystone.common.password_hashing [None req-bc6c0817-9084-423f-90b7-aacfc20fd1b6 - - - - - -] Truncating password to algorithm specific maximum length 72 characters.
[Tue Jul 21 06:52:32.956783 2026] [wsgi:error] [pid 12:tid 140179981534912] [remote 10.0.0.232:47920] 2026-07-21 06:52:32.956 12 WARNING keystone.common.fernet_utils [None req-bc6c0817-9084-423f-90b7-aacfc20fd1b6 - - - - - -] key_repository is world readable: /etc/keystone/fernet-keys/ 10.0.0.232 - - [21/Jul/2026:06:52:32 +0000] "POST /v3/auth/tokens HTTP/1.1" 201 1359 10.0.0.232 - - [21/Jul/2026:06:52:33 +0000] "GET /v3/roles/admin HTTP/1.1" 404 83
[Tue Jul 21 06:52:33.221236 2026] [wsgi:error] [pid 9:tid 140179981534912] [remote 10.0.0.232:47920] 2026-07-21 06:52:33.220 9 WARNING keystone.common.rbac_enforcer.enforcer [None req-0d1f2ce0-5eb3-4ad6-ac11-d89517f34ce0 69089283d0d541e189d1e1fcb3351685 0dd71d0c4b33455ab175aca7c86f288e - - default default] Deprecated policy rules found. Use oslopolicy-policy-generator and oslopolicy-policy-upgrade to detect and resolve deprecated policies in your configuration. 10.0.0.232 - - [21/Jul/2026:06:52:33 +0000] "GET /v3/roles?name=admin HTTP/1.1" 200 389
[Tue Jul 21 06:52:33.731325 2026] [wsgi:error] [pid 10:tid 140179981534912] [remote 10.0.0.232:47920] 2026-07-21 06:52:33.731 10 WARNING keystone.common.rbac_enforcer.enforcer [None req-ab220a1b-471b-4966-8a38-1859c34d7d43 69089283d0d541e189d1e1fcb3351685 0dd71d0c4b33455ab175aca7c86f288e - - default default] Deprecated policy rules found. Use oslopolicy-policy-generator and oslopolicy-policy-upgrade to detect and resolve deprecated policies in your configuration. 10.0.0.232 - - [21/Jul/2026:06:52:33 +0000] "GET /v3/users/admin-RegionOne HTTP/1.1" 404 93
[Tue Jul 21 06:52:33.896964 2026] [wsgi:error] [pid 12:tid 140179981534912] [remote 10.0.0.232:47920] 2026-07-21 06:52:33.896 12 WARNING keystone.common.rbac_enforcer.enforcer [None req-de7b13de-ae98-4272-8c56-76b138c979f5 69089283d0d541e189d1e1fcb3351685 0dd71d0c4b33455ab175aca7c86f288e - - default default] Deprecated policy rules found. Use oslopolicy-policy-generator and oslopolicy-policy-upgrade to detect and resolve deprecated policies in your configuration. 10.0.0.232 - - [21/Jul/2026:06:52:33 +0000] "GET /v3/users?name=admin-RegionOne HTTP/1.1" 200 422
[Tue Jul 21 06:52:34.061513 2026] [wsgi:error] [pid 11:tid 140179981534912] [remote 10.0.0.232:47920] 2026-07-21 06:52:34.061 11 WARNING keystone.common.rbac_enforcer.enforcer [None req-a49e3ec3-fdd3-4138-9e7c-3377b92d817e 69089283d0d541e189d1e1fcb3351685 0dd71d0c4b33455ab175aca7c86f288e - - default default] Deprecated policy rules found. Use oslopolicy-policy-generator and oslopolicy-policy-upgrade to detect and resolve deprecated policies in your configuration. 10.0.0.232 - - [21/Jul/2026:06:52:33 +0000] "GET /v3/domains/default HTTP/1.1" 200 224 10.0.0.232 - - [21/Jul/2026:06:52:34 +0000] "PUT /v3/domains/default/users/69089283d0d541e189d1e1fcb3351685/roles/984c72be2a7a43aea0c34be6fb324900 HTTP/1.1" 204 - 10.0.0.24 - - [21/Jul/2026:06:52:44 +0000] "GET / HTTP/1.1" 300 280 10.0.0.24 - - [21/Jul/2026:06:52:45 +0000] "GET /v3 HTTP/1.1" 200 265
[Tue Jul 21 06:52:45.644577 2026] [wsgi:error] [pid 11:tid 140179981534912] [remote 10.0.0.24:34732] 2026-07-21 06:52:45.644 11 WARNING keystone.common.password_hashing [None req-a58b7f02-a9b6-4318-9457-b0b2423fa952 - - - - - -] Truncating password to algorithm specific maximum length 72 characters.
[Tue Jul 21 06:52:45.939283 2026] [wsgi:error] [pid 11:tid 140179981534912] [remote 10.0.0.24:34732] 2026-07-21 06:52:45.939 11 WARNING keystone.common.fernet_utils [None req-a58b7f02-a9b6-4318-9457-b0b2423fa952 - - - - - -] key_repository is world readable: /etc/keystone/fernet-keys/ 10.0.0.24 - - [21/Jul/2026:06:52:45 +0000] "POST /v3/auth/tokens HTTP/1.1" 201 1359 10.0.0.24 - - [21/Jul/2026:06:52:45 +0000] "GET / HTTP/1.1" 300 280 10.0.0.24 - - [21/Jul/2026:06:52:46 +0000] "GET /v3/domains/atmosphere HTTP/1.1" 404 90 10.0.0.24 - - [21/Jul/2026:06:52:46 +0000] "GET /v3/domains?name=atmosphere HTTP/1.1" 200 368 10.0.0.24 - - [21/Jul/2026:06:52:46 +0000] "GET /v3/domains/397b502b167040ef80174150343bcdec HTTP/1.1" 200 246 10.0.0.24 - - [21/Jul/2026:06:52:47 +0000] "GET /v3 HTTP/1.1" 200 265
[Tue Jul 21 06:52:47.051375 2026] [wsgi:error] [pid 10:tid 140179981534912] [remote 10.0.0.24:34732] 2026-07-21 06:52:47.050 10 WARNING keystone.common.password_hashing [None req-e8d6b1ee-53c1-477b-8fff-ed02e1ece57e - - - - - -] Truncating password to algorithm specific maximum length 72 characters.
[Tue Jul 21 06:52:47.323198 2026] [wsgi:error] [pid 10:tid 140179981534912] [remote 10.0.0.24:34732] 2026-07-21 06:52:47.323 10 WARNING keystone.common.fernet_utils [None req-e8d6b1ee-53c1-477b-8fff-ed02e1ece57e - - - - - -] key_repository is world readable: /etc/keystone/fernet-keys/ 10.0.0.24 - - [21/Jul/2026:06:52:47 +0000] "POST /v3/auth/tokens HTTP/1.1" 201 1359 10.0.0.24 - - [21/Jul/2026:06:52:47 +0000] "GET / HTTP/1.1" 300 280 10.0.0.24 - - [21/Jul/2026:06:52:47 +0000] "GET /v3/OS-FEDERATION/identity_providers/atmosphere HTTP/1.1" 404 101 10.0.0.24 - - [21/Jul/2026:06:52:47 +0000] "GET /v3/OS-FEDERATION/identity_providers HTTP/1.1" 200 155 10.0.0.24 - - [21/Jul/2026:06:52:47 +0000] "PUT /v3/OS-FEDERATION/identity_providers/atmosphere HTTP/1.1" 201 340 10.0.0.24 - - [21/Jul/2026:06:52:48 +0000] "GET /v3 HTTP/1.1" 200 265
[Tue Jul 21 06:52:48.081089 2026] [wsgi:error] [pid 11:tid 140179981534912] [remote 10.0.0.24:34732] 2026-07-21 06:52:48.080 11 WARNING keystone.common.password_hashing [None req-d8ecda73-6551-4ddd-a9af-c088e0e7fc4b - - - - - -] Truncating password to algorithm specific maximum length 72 characters.
[Tue Jul 21 06:52:48.363134 2026] [wsgi:error] [pid 11:tid 140179981534912] [remote 10.0.0.24:34732] 2026-07-21 06:52:48.362 11 WARNING keystone.common.fernet_utils [None req-d8ecda73-6551-4ddd-a9af-c088e0e7fc4b - - - - - -] key_repository is world readable: /etc/keystone/fernet-keys/ 10.0.0.24 - - [21/Jul/2026:06:52:48 +0000] "POST /v3/auth/tokens HTTP/1.1" 201 1359 10.0.0.24 - - [21/Jul/2026:06:52:48 +0000] "GET / HTTP/1.1" 300 280 10.0.0.24 - - [21/Jul/2026:06:52:48 +0000] "GET /v3/OS-FEDERATION/mappings/atmosphere-openid HTTP/1.1" 404 98 10.0.0.24 - - [21/Jul/2026:06:52:48 +0000] "GET /v3/OS-FEDERATION/mappings HTTP/1.1" 200 135 10.0.0.24 - - [21/Jul/2026:06:52:48 +0000] "PUT /v3/OS-FEDERATION/mappings/atmosphere-openid HTTP/1.1" 201 356 10.0.0.24 - - [21/Jul/2026:06:52:49 +0000] "GET /v3 HTTP/1.1" 200 265
[Tue Jul 21 06:52:49.117558 2026] [wsgi:error] [pid 10:tid 140179981534912] [remote 10.0.0.24:34732] 2026-07-21 06:52:49.117 10 WARNING keystone.common.password_hashing [None req-77d06028-d620-4d6b-a917-17b58f034c52 - - - - - -] Truncating password to algorithm specific maximum length 72 characters.
[Tue Jul 21 06:52:49.393657 2026] [wsgi:error] [pid 10:tid 140179981534912] [remote 10.0.0.24:34732] 2026-07-21 06:52:49.393 10 WARNING keystone.common.fernet_utils [None req-77d06028-d620-4d6b-a917-17b58f034c52 - - - - - -] key_repository is world readable: /etc/keystone/fernet-keys/ 10.0.0.24 - - [21/Jul/2026:06:52:49 +0000] "POST /v3/auth/tokens HTTP/1.1" 201 1359 10.0.0.24 - - [21/Jul/2026:06:52:49 +0000] "GET / HTTP/1.1" 300 280 10.0.0.24 - - [21/Jul/2026:06:52:49 +0000] "GET /v3/OS-FEDERATION/identity_providers/atmosphere/protocols/openid?idp_id=atmosphere HTTP/1.1" 404 131 10.0.0.24 - - [21/Jul/2026:06:52:49 +0000] "GET /v3/OS-FEDERATION/identity_providers/atmosphere/protocols HTTP/1.1" 200 167 10.0.0.24 - - [21/Jul/2026:06:52:49 +0000] "PUT /v3/OS-FEDERATION/identity_providers/atmosphere/protocols/openid HTTP/1.1" 201 222 10.0.0.24 - - [21/Jul/2026:06:52:54 +0000] "GET /v3/ HTTP/1.1" 200 250 10.0.0.24 - - [21/Jul/2026:06:52:54 +0000] "GET /v3/ HTTP/1.1" 200 250 10.0.0.24 - - [21/Jul/2026:06:53:54 +0000] "GET /v3/ HTTP/1.1" 200 250 10.0.0.24 - - [21/Jul/2026:06:53:54 +0000] "GET /v3/ HTTP/1.1" 200 250 10.0.0.45 - - [21/Jul/2026:06:54:12 +0000] "GET / HTTP/1.1" 300 295
[Tue Jul 21 06:54:12.060309 2026] [wsgi:error] [pid 11:tid 140179981534912] [remote 10.0.0.45:37652] 2026-07-21 06:54:12.060 11 WARNING keystone.common.password_hashing [None req-a906e549-617c-451e-8385-f9a6802b1ec0 - - - - - -] Truncating password to algorithm specific maximum length 72 characters.
[Tue Jul 21 06:54:12.342332 2026] [wsgi:error] [pid 11:tid 140179981534912] [remote 10.0.0.45:37652] 2026-07-21 06:54:12.342 11 WARNING keystone.common.fernet_utils [None req-a906e549-617c-451e-8385-f9a6802b1ec0 - - - - - -] key_repository is world readable: /etc/keystone/fernet-keys/ 10.0.0.45 - - [21/Jul/2026:06:54:12 +0000] "POST /v3/auth/tokens HTTP/1.1" 201 1359 10.0.0.45 - - [21/Jul/2026:06:54:12 +0000] "GET /v3/services HTTP/1.1" 200 355 10.0.0.45 - - [21/Jul/2026:06:54:15 +0000] "GET / HTTP/1.1" 300 295
[Tue Jul 21 06:54:16.014990 2026] [wsgi:error] [pid 12:tid 140179981534912] [remote 10.0.0.45:44142] 2026-07-21 06:54:16.014 12 WARNING keystone.common.password_hashing [None req-97e84614-cfed-4590-ad08-dcf52419206e - - - - - -] Truncating password to algorithm specific maximum length 72 characters.
[Tue Jul 21 06:54:16.304514 2026] [wsgi:error] [pid 12:tid 140179981534912] [remote 10.0.0.45:44142] 2026-07-21 06:54:16.304 12 WARNING keystone.common.fernet_utils [None req-97e84614-cfed-4590-ad08-dcf52419206e - - - - - -] key_repository is world readable: /etc/keystone/fernet-keys/ 10.0.0.45 - - [21/Jul/2026:06:54:16 +0000] "POST /v3/auth/tokens HTTP/1.1" 201 1359 10.0.0.45 - - [21/Jul/2026:06:54:16 +0000] "GET /v3/services HTTP/1.1" 200 355 10.0.0.45 - - [21/Jul/2026:06:54:19 +0000] "GET / HTTP/1.1" 300 295
[Tue Jul 21 06:54:19.998147 2026] [wsgi:error] [pid 10:tid 140179981534912] [remote 10.0.0.45:44150] 2026-07-21 06:54:19.997 10 WARNING keystone.common.password_hashing [None req-a2eb8d61-c83f-41e1-b50c-a1c9db0f8206 - - - - - -] Truncating password to algorithm specific maximum length 72 characters.
[Tue Jul 21 06:54:20.280620 2026] [wsgi:error] [pid 10:tid 140179981534912] [remote 10.0.0.45:44150] 2026-07-21 06:54:20.280 10 WARNING keystone.common.fernet_utils [None req-a2eb8d61-c83f-41e1-b50c-a1c9db0f8206 - - - - - -] key_repository is world readable: /etc/keystone/fernet-keys/ 10.0.0.45 - - [21/Jul/2026:06:54:19 +0000] "POST /v3/auth/tokens HTTP/1.1" 201 1359 10.0.0.45 - - [21/Jul/2026:06:54:20 +0000] "GET /v3/services HTTP/1.1" 200 355 10.0.0.45 - - [21/Jul/2026:06:54:23 +0000] "GET / HTTP/1.1" 300 295
[Tue Jul 21 06:54:23.905346 2026] [wsgi:error] [pid 9:tid 140179981534912] [remote 10.0.0.45:34206] 2026-07-21 06:54:23.904 9 WARNING keystone.common.password_hashing [None req-c681e426-89de-4232-b832-b0da20143886 - - - - - -] Truncating password to algorithm specific maximum length 72 characters.
[Tue Jul 21 06:54:24.194443 2026] [wsgi:error] [pid 9:tid 140179981534912] [remote 10.0.0.45:34206] 2026-07-21 06:54:24.194 9 WARNING keystone.common.fernet_utils [None req-c681e426-89de-4232-b832-b0da20143886 - - - - - -] key_repository is world readable: /etc/keystone/fernet-keys/ 10.0.0.45 - - [21/Jul/2026:06:54:23 +0000] "POST /v3/auth/tokens HTTP/1.1" 201 1359 10.0.0.45 - - [21/Jul/2026:06:54:24 +0000] "POST /v3/services HTTP/1.1" 201 296 10.0.0.71 - - [21/Jul/2026:06:54:36 +0000] "GET / HTTP/1.1" 300 295
[Tue Jul 21 06:54:36.564333 2026] [wsgi:error] [pid 11:tid 140179981534912] [remote 10.0.0.71:35612] 2026-07-21 06:54:36.564 11 WARNING keystone.common.password_hashing [None req-d31c466f-a93f-4019-bcc8-b55c8cb8a3be - - - - - -] Truncating password to algorithm specific maximum length 72 characters. 10.0.0.71 - - [21/Jul/2026:06:54:36 +0000] "GET / HTTP/1.1" 300 295
[Tue Jul 21 06:54:36.620470 2026] [wsgi:error] [pid 10:tid 140179981534912] [remote 10.0.0.71:35616] 2026-07-21 06:54:36.620 10 WARNING keystone.common.password_hashing [None req-44547580-9d65-4cce-b6de-359d1596ae6f - - - - - -] Truncating password to algorithm specific maximum length 72 characters. 10.0.0.71 - - [21/Jul/2026:06:54:36 +0000] "GET / HTTP/1.1" 300 295
[Tue Jul 21 06:54:36.737717 2026] [wsgi:error] [pid 9:tid 140179981534912] [remote 10.0.0.71:35632] 2026-07-21 06:54:36.737 9 WARNING keystone.common.password_hashing [None req-90002353-8fa6-4010-8619-686233614398 - - - - - -] Truncating password to algorithm specific maximum length 72 characters.
[Tue Jul 21 06:54:36.850561 2026] [wsgi:error] [pid 11:tid 140179981534912] [remote 10.0.0.71:35612] 2026-07-21 06:54:36.850 11 WARNING keystone.common.fernet_utils [None req-d31c466f-a93f-4019-bcc8-b55c8cb8a3be - - - - - -] key_repository is world readable: /etc/keystone/fernet-keys/ 10.0.0.71 - - [21/Jul/2026:06:54:36 +0000] "POST /v3/auth/tokens HTTP/1.1" 201 1463
[Tue Jul 21 06:54:36.906530 2026] [wsgi:error] [pid 10:tid 140179981534912] [remote 10.0.0.71:35616] 2026-07-21 06:54:36.906 10 WARNING keystone.common.fernet_utils [None req-44547580-9d65-4cce-b6de-359d1596ae6f - - - - - -] key_repository is world readable: /etc/keystone/fernet-keys/ 10.0.0.71 - - [21/Jul/2026:06:54:36 +0000] "POST /v3/auth/tokens HTTP/1.1" 201 1463 10.0.0.71 - - [21/Jul/2026:06:54:36 +0000] "GET /v3/services HTTP/1.1" 200 639
[Tue Jul 21 06:54:37.020560 2026] [wsgi:error] [pid 9:tid 140179981534912] [remote 10.0.0.71:35632] 2026-07-21 06:54:37.020 9 WARNING keystone.common.fernet_utils [None req-90002353-8fa6-4010-8619-686233614398 - - - - - -] key_repository is world readable: /etc/keystone/fernet-keys/ 10.0.0.71 - - [21/Jul/2026:06:54:36 +0000] "POST /v3/auth/tokens HTTP/1.1" 201 1463 10.0.0.71 - - [21/Jul/2026:06:54:37 +0000] "GET /v3/services HTTP/1.1" 200 639 10.0.0.71 - - [21/Jul/2026:06:54:37 +0000] "GET /v3/services HTTP/1.1" 200 639 10.0.0.71 - - [21/Jul/2026:06:54:38 +0000] "GET / HTTP/1.1" 300 295 10.0.0.71 - - [21/Jul/2026:06:54:38 +0000] "GET / HTTP/1.1" 300 295
[Tue Jul 21 06:54:38.624846 2026] [wsgi:error] [pid 9:tid 140179981534912] [remote 10.0.0.71:35634] 2026-07-21 06:54:38.624 9 WARNING keystone.common.password_hashing [None req-9e73ee6f-5d86-479f-b94c-8f3040893033 - - - - - -] Truncating password to algorithm specific maximum length 72 characters.
[Tue Jul 21 06:54:38.640008 2026] [wsgi:error] [pid 10:tid 140179981534912] [remote 10.0.0.71:35642] 2026-07-21 06:54:38.639 10 WARNING keystone.common.password_hashing [None req-b5c3eef8-341e-4c2d-9f27-5f0dda2a7c93 - - - - - -] Truncating password to algorithm specific maximum length 72 characters. 10.0.0.71 - - [21/Jul/2026:06:54:38 +0000] "GET / HTTP/1.1" 300 295
[Tue Jul 21 06:54:38.746441 2026] [wsgi:error] [pid 11:tid 140179981534912] [remote 10.0.0.71:35656] 2026-07-21 06:54:38.746 11 WARNING keystone.common.password_hashing [None req-d052d815-2099-4f78-a4fb-4d91c7637498 - - - - - -] Truncating password to algorithm specific maximum length 72 characters.
[Tue Jul 21 06:54:38.925733 2026] [wsgi:error] [pid 9:tid 140179981534912] [remote 10.0.0.71:35634] 2026-07-21 06:54:38.925 9 WARNING keystone.common.fernet_utils [None req-9e73ee6f-5d86-479f-b94c-8f3040893033 - - - - - -] key_repository is world readable: /etc/keystone/fernet-keys/
[Tue Jul 21 06:54:38.927416 2026] [wsgi:error] [pid 10:tid 140179981534912] [remote 10.0.0.71:35642] 2026-07-21 06:54:38.927 10 WARNING keystone.common.fernet_utils [None req-b5c3eef8-341e-4c2d-9f27-5f0dda2a7c93 - - - - - -] key_repository is world readable: /etc/keystone/fernet-keys/ 10.0.0.71 - - [21/Jul/2026:06:54:38 +0000] "POST /v3/auth/tokens HTTP/1.1" 201 1463 10.0.0.71 - - [21/Jul/2026:06:54:38 +0000] "POST /v3/auth/tokens HTTP/1.1" 201 1463
[Tue Jul 21 06:54:39.034493 2026] [wsgi:error] [pid 11:tid 140179981534912] [remote 10.0.0.71:35656] 2026-07-21 06:54:39.034 11 WARNING keystone.common.fernet_utils [None req-d052d815-2099-4f78-a4fb-4d91c7637498 - - - - - -] key_repository is world readable: /etc/keystone/fernet-keys/ 10.0.0.71 - - [21/Jul/2026:06:54:38 +0000] "POST /v3/auth/tokens HTTP/1.1" 201 1463 10.0.0.71 - - [21/Jul/2026:06:54:39 +0000] "GET /v3/endpoints HTTP/1.1" 200 1226 10.0.0.71 - - [21/Jul/2026:06:54:39 +0000] "GET /v3/endpoints HTTP/1.1" 200 1226 10.0.0.71 - - [21/Jul/2026:06:54:39 +0000] "GET /v3/services/5b6c1b66dc6745ae92a39433aa746d46 HTTP/1.1" 200 233 10.0.0.71 - - [21/Jul/2026:06:54:39 +0000] "GET /v3/services/5b6c1b66dc6745ae92a39433aa746d46 HTTP/1.1" 200 233 10.0.0.71 - - [21/Jul/2026:06:54:39 +0000] "GET /v3/services/5b6c1b66dc6745ae92a39433aa746d46 HTTP/1.1" 200 233 10.0.0.71 - - [21/Jul/2026:06:54:39 +0000] "GET /v3/services/5b6c1b66dc6745ae92a39433aa746d46 HTTP/1.1" 200 233 10.0.0.71 - - [21/Jul/2026:06:54:39 +0000] "GET /v3/services/5b6c1b66dc6745ae92a39433aa746d46 HTTP/1.1" 200 233 10.0.0.71 - - [21/Jul/2026:06:54:39 +0000] "GET /v3/services/5b6c1b66dc6745ae92a39433aa746d46 HTTP/1.1" 200 233 10.0.0.71 - - [21/Jul/2026:06:54:39 +0000] "GET /v3/endpoints HTTP/1.1" 200 1226 10.0.0.71 - - [21/Jul/2026:06:54:39 +0000] "GET /v3/services/5b6c1b66dc6745ae92a39433aa746d46 HTTP/1.1" 200 233 10.0.0.71 - - [21/Jul/2026:06:54:39 +0000] "GET /v3/services/5b6c1b66dc6745ae92a39433aa746d46 HTTP/1.1" 200 233 10.0.0.71 - - [21/Jul/2026:06:54:39 +0000] "GET /v3/services/5b6c1b66dc6745ae92a39433aa746d46 HTTP/1.1" 200 233 10.0.0.71 - - [21/Jul/2026:06:54:40 +0000] "GET / HTTP/1.1" 300 295
[Tue Jul 21 06:54:40.591702 2026] [wsgi:error] [pid 12:tid 140179981534912] [remote 10.0.0.71:35670] 2026-07-21 06:54:40.591 12 WARNING keystone.common.password_hashing [None req-1aa86fb4-0f8f-4e24-a29d-a79010792e72 - - - - - -] Truncating password to algorithm specific maximum length 72 characters. 10.0.0.71 - - [21/Jul/2026:06:54:40 +0000] "GET / HTTP/1.1" 300 295
[Tue Jul 21 06:54:40.629984 2026] [wsgi:error] [pid 10:tid 140179981534912] [remote 10.0.0.71:35680] 2026-07-21 06:54:40.629 10 WARNING keystone.common.password_hashing [None req-70bab512-c6b3-471b-961b-8b725488cf25 - - - - - -] Truncating password to algorithm specific maximum length 72 characters. 10.0.0.71 - - [21/Jul/2026:06:54:40 +0000] "GET / HTTP/1.1" 300 295
[Tue Jul 21 06:54:40.745280 2026] [wsgi:error] [pid 9:tid 140179981534912] [remote 10.0.0.71:35688] 2026-07-21 06:54:40.745 9 WARNING keystone.common.password_hashing [None req-8cc63d80-581f-4ee4-ab48-89f6aa08bb34 - - - - - -] Truncating password to algorithm specific maximum length 72 characters.
[Tue Jul 21 06:54:40.872127 2026] [wsgi:error] [pid 12:tid 140179981534912] [remote 10.0.0.71:35670] 2026-07-21 06:54:40.871 12 WARNING keystone.common.fernet_utils [None req-1aa86fb4-0f8f-4e24-a29d-a79010792e72 - - - - - -] key_repository is world readable: /etc/keystone/fernet-keys/ 10.0.0.71 - - [21/Jul/2026:06:54:40 +0000] "POST /v3/auth/tokens HTTP/1.1" 201 1463
[Tue Jul 21 06:54:40.915146 2026] [wsgi:error] [pid 10:tid 140179981534912] [remote 10.0.0.71:35680] 2026-07-21 06:54:40.914 10 WARNING keystone.common.fernet_utils [None req-70bab512-c6b3-471b-961b-8b725488cf25 - - - - - -] key_repository is world readable: /etc/keystone/fernet-keys/ 10.0.0.71 - - [21/Jul/2026:06:54:40 +0000] "POST /v3/auth/tokens HTTP/1.1" 201 1463 10.0.0.71 - - [21/Jul/2026:06:54:40 +0000] "GET /v3/services/7a12ef6b691143fe9e4c7abc6eff2527 HTTP/1.1" 200 296 10.0.0.71 - - [21/Jul/2026:06:54:41 +0000] "GET /v3/regions/RegionOne HTTP/1.1" 200 173 10.0.0.71 - - [21/Jul/2026:06:54:41 +0000] "GET /v3/services/7a12ef6b691143fe9e4c7abc6eff2527 HTTP/1.1" 200 296
[Tue Jul 21 06:54:41.046973 2026] [wsgi:error] [pid 9:tid 140179981534912] [remote 10.0.0.71:35688] 2026-07-21 06:54:41.046 9 WARNING keystone.common.fernet_utils [None req-8cc63d80-581f-4ee4-ab48-89f6aa08bb34 - - - - - -] key_repository is world readable: /etc/keystone/fernet-keys/ 10.0.0.71 - - [21/Jul/2026:06:54:41 +0000] "GET /v3/regions/RegionOne HTTP/1.1" 200 173 10.0.0.71 - - [21/Jul/2026:06:54:40 +0000] "POST /v3/auth/tokens HTTP/1.1" 201 1463 10.0.0.71 - - [21/Jul/2026:06:54:41 +0000] "GET /v3/services/7a12ef6b691143fe9e4c7abc6eff2527 HTTP/1.1" 200 296 10.0.0.71 - - [21/Jul/2026:06:54:41 +0000] "POST /v3/endpoints HTTP/1.1" 201 383 10.0.0.71 - - [21/Jul/2026:06:54:41 +0000] "POST /v3/endpoints HTTP/1.1" 201 380 10.0.0.71 - - [21/Jul/2026:06:54:41 +0000] "GET /v3/regions/RegionOne HTTP/1.1" 200 173 10.0.0.71 - - [21/Jul/2026:06:54:41 +0000] "POST /v3/endpoints HTTP/1.1" 201 369 10.0.0.71 - - [21/Jul/2026:06:54:42 +0000] "GET / HTTP/1.1" 300 295 10.0.0.71 - - [21/Jul/2026:06:54:42 +0000] "GET / HTTP/1.1" 300 295
[Tue Jul 21 06:54:42.788116 2026] [wsgi:error] [pid 9:tid 140179981534912] [remote 10.0.0.71:46134] 2026-07-21 06:54:42.787 9 WARNING keystone.common.password_hashing [None req-ffdceabf-c58d-4613-b902-b83012658a0e - - - - - -] Truncating password to algorithm specific maximum length 72 characters.
[Tue Jul 21 06:54:42.791061 2026] [wsgi:error] [pid 10:tid 140179981534912] [remote 10.0.0.71:46146] 2026-07-21 06:54:42.790 10 WARNING keystone.common.password_hashing [None req-43003a1f-ec87-47fb-a6a0-f2147fdf7435 - - - - - -] Truncating password to algorithm specific maximum length 72 characters. 10.0.0.71 - - [21/Jul/2026:06:54:42 +0000] "GET / HTTP/1.1" 300 295
[Tue Jul 21 06:54:42.808700 2026] [wsgi:error] [pid 12:tid 140179981534912] [remote 10.0.0.71:46160] 2026-07-21 06:54:42.808 12 WARNING keystone.common.password_hashing [None req-38e499e5-da0b-426f-bb68-e610f87ba9a6 - - - - - -] Truncating password to algorithm specific maximum length 72 characters.
[Tue Jul 21 06:54:43.064776 2026] [wsgi:error] [pid 10:tid 140179981534912] [remote 10.0.0.71:46146] 2026-07-21 06:54:43.064 10 WARNING keystone.common.fernet_utils [None req-43003a1f-ec87-47fb-a6a0-f2147fdf7435 - - - - - -] key_repository is world readable: /etc/keystone/fernet-keys/
[Tue Jul 21 06:54:43.072311 2026] [wsgi:error] [pid 9:tid 140179981534912] [remote 10.0.0.71:46134] 2026-07-21 06:54:43.072 9 WARNING keystone.common.fernet_utils [None req-ffdceabf-c58d-4613-b902-b83012658a0e - - - - - -] key_repository is world readable: /etc/keystone/fernet-keys/ 10.0.0.71 - - [21/Jul/2026:06:54:42 +0000] "POST /v3/auth/tokens HTTP/1.1" 201 1990 10.0.0.71 - - [21/Jul/2026:06:54:42 +0000] "POST /v3/auth/tokens HTTP/1.1" 201 1990
[Tue Jul 21 06:54:43.081095 2026] [wsgi:error] [pid 12:tid 140179981534912] [remote 10.0.0.71:46160] 2026-07-21 06:54:43.080 12 WARNING keystone.common.fernet_utils [None req-38e499e5-da0b-426f-bb68-e610f87ba9a6 - - - - - -] key_repository is world readable: /etc/keystone/fernet-keys/ 10.0.0.71 - - [21/Jul/2026:06:54:42 +0000] "POST /v3/auth/tokens HTTP/1.1" 201 1990 10.0.0.71 - - [21/Jul/2026:06:54:43 +0000] "GET /v3/endpoints/8a940e9228da4ffca86d23dfc06888a3 HTTP/1.1" 200 380 10.0.0.71 - - [21/Jul/2026:06:54:43 +0000] "GET /v3/endpoints/852bbeac4ec942ea9a10e34c60fc3121 HTTP/1.1" 200 383 10.0.0.71 - - [21/Jul/2026:06:54:43 +0000] "GET /v3/endpoints/bc5826b9b3d1483f93312ffc2ac8951a HTTP/1.1" 200 369 10.0.0.71 - - [21/Jul/2026:06:54:43 +0000] "GET /v3/services/7a12ef6b691143fe9e4c7abc6eff2527 HTTP/1.1" 200 296 10.0.0.71 - - [21/Jul/2026:06:54:43 +0000] "GET /v3/services/7a12ef6b691143fe9e4c7abc6eff2527 HTTP/1.1" 200 296 10.0.0.71 - - [21/Jul/2026:06:54:43 +0000] "GET /v3/services/7a12ef6b691143fe9e4c7abc6eff2527 HTTP/1.1" 200 296 10.0.0.24 - - [21/Jul/2026:06:54:54 +0000] "GET /v3/ HTTP/1.1" 200 250 10.0.0.24 - - [21/Jul/2026:06:54:54 +0000] "GET /v3/ HTTP/1.1" 200 250 10.0.0.239 - - [21/Jul/2026:06:54:54 +0000] "GET / HTTP/1.1" 300 295
[Tue Jul 21 06:54:54.516697 2026] [wsgi:error] [pid 11:tid 140179981534912] [remote 10.0.0.239:48964] 2026-07-21 06:54:54.516 11 WARNING keystone.common.password_hashing [None req-1ccf80e2-8ed6-4c74-9846-2ee8eed6706e - - - - - -] Truncating password to algorithm specific maximum length 72 characters.
[Tue Jul 21 06:54:54.799036 2026] [wsgi:error] [pid 11:tid 140179981534912] [remote 10.0.0.239:48964] 2026-07-21 06:54:54.798 11 WARNING keystone.common.fernet_utils [None req-1ccf80e2-8ed6-4c74-9846-2ee8eed6706e - - - - - -] key_repository is world readable: /etc/keystone/fernet-keys/ 10.0.0.239 - - [21/Jul/2026:06:54:54 +0000] "POST /v3/auth/tokens HTTP/1.1" 201 1990 10.0.0.239 - - [21/Jul/2026:06:54:54 +0000] "POST /v3/domains HTTP/1.1" 201 284 10.0.0.239 - - [21/Jul/2026:06:54:56 +0000] "GET / HTTP/1.1" 300 295
[Tue Jul 21 06:54:56.546733 2026] [wsgi:error] [pid 10:tid 140179981534912] [remote 10.0.0.239:48974] 2026-07-21 06:54:56.546 10 WARNING keystone.common.password_hashing [None req-4f3df1ed-cf3c-418f-ae68-8d816a6dbc20 - - - - - -] Truncating password to algorithm specific maximum length 72 characters.
[Tue Jul 21 06:54:56.849822 2026] [wsgi:error] [pid 10:tid 140179981534912] [remote 10.0.0.239:48974] 2026-07-21 06:54:56.849 10 WARNING keystone.common.fernet_utils [None req-4f3df1ed-cf3c-418f-ae68-8d816a6dbc20 - - - - - -] key_repository is world readable: /etc/keystone/fernet-keys/ 10.0.0.239 - - [21/Jul/2026:06:54:56 +0000] "POST /v3/auth/tokens HTTP/1.1" 201 1990
[Tue Jul 21 06:54:57.054149 2026] [wsgi:error] [pid 11:tid 140179981534912] [remote 10.0.0.239:48974] 2026-07-21 06:54:57.037 11 ERROR keystone.server.flask.application [None req-8a96f0be-d13d-4fd8-9494-473b53b49b59 69089283d0d541e189d1e1fcb3351685 0dd71d0c4b33455ab175aca7c86f288e - - default default] Conflict occurred attempting to store project - it is not permitted to have two projects acting as domains with the same name: service.: keystone.exception.Conflict: Conflict occurred attempting to store project - it is not permitted to have two projects acting as domains with the same name: service.
[Tue Jul 21 06:54:57.054170 2026] [wsgi:error] [pid 11:tid 140179981534912] [remote 10.0.0.239:48974] 2026-07-21 06:54:57.037 11 ERROR keystone.server.flask.application
Traceback (most recent call last):
[Tue Jul 21 06:54:57.054172 2026] [wsgi:error] [pid 11:tid 140179981534912] [remote 10.0.0.239:48974] 2026-07-21 06:54:57.037 11 ERROR keystone.server.flask.application
File "/var/lib/openstack/lib/python3.12/site-packages/sqlalchemy/engine/base.py", line 1969, in _exec_single_context
[Tue Jul 21 06:54:57.054174 2026] [wsgi:error] [pid 11:tid 140179981534912] [remote 10.0.0.239:48974] 2026-07-21 06:54:57.037 11 ERROR keystone.server.flask.application self.dialect.do_execute(
[Tue Jul 21 06:54:57.054176 2026] [wsgi:error] [pid 11:tid 140179981534912] [remote 10.0.0.239:48974] 2026-07-21 06:54:57.037 11 ERROR keystone.server.flask.application
File "/var/lib/openstack/lib/python3.12/site-packages/sqlalchemy/engine/default.py", line 952, in do_execute
[Tue Jul 21 06:54:57.054178 2026] [wsgi:error] [pid 11:tid 140179981534912] [remote 10.0.0.239:48974] 2026-07-21 06:54:57.037 11 ERROR keystone.server.flask.application cursor.execute(statement, parameters)
[Tue Jul 21 06:54:57.054180 2026] [wsgi:error] [pid 11:tid 140179981534912] [remote 10.0.0.239:48974] 2026-07-21 06:54:57.037 11 ERROR keystone.server.flask.application
File "/var/lib/openstack/lib/python3.12/site-packages/pymysql/cursors.py", line 159, in execute
[Tue Jul 21 06:54:57.054181 2026] [wsgi:error] [pid 11:tid 140179981534912] [remote 10.0.0.239:48974] 2026-07-21 06:54:57.037 11 ERROR keystone.server.flask.application result = self._query(query)
[Tue Jul 21 06:54:57.054183 2026] [wsgi:error] [pid 11:tid 140179981534912] [remote 10.0.0.239:48974] 2026-07-21 06:54:57.037 11 ERROR keystone.server.flask.application ^^^^^^^^^^^^^^^^^^
[Tue Jul 21 06:54:57.054184 2026] [wsgi:error] [pid 11:tid 140179981534912] [remote 10.0.0.239:48974] 2026-07-21 06:54:57.037 11 ERROR keystone.server.flask.application
File "/var/lib/openstack/lib/python3.12/site-packages/pymysql/cursors.py", line 330, in _query
[Tue Jul 21 06:54:57.054186 2026] [wsgi:error] [pid 11:tid 140179981534912] [remote 10.0.0.239:48974] 2026-07-21 06:54:57.037 11 ERROR keystone.server.flask.application conn.query(q)
[Tue Jul 21 06:54:57.054187 2026] [wsgi:error] [pid 11:tid 140179981534912] [remote 10.0.0.239:48974] 2026-07-21 06:54:57.037 11 ERROR keystone.server.flask.application
File "/var/lib/openstack/lib/python3.12/site-packages/pymysql/connections.py", line 582, in query
[Tue Jul 21 06:54:57.054189 2026] [wsgi:error] [pid 11:tid 140179981534912] [remote 10.0.0.239:48974] 2026-07-21 06:54:57.037 11 ERROR keystone.server.flask.application self._affected_rows = self._read_query_result(unbuffered=unbuffered)
[Tue Jul 21 06:54:57.054191 2026] [wsgi:error] [pid 11:tid 140179981534912] [remote 10.0.0.239:48974] 2026-07-21 06:54:57.037 11 ERROR keystone.server.flask.application ^^^^^^^^^^^^^^^^^^^^^^^^^^^^^^^^^^^^^^^^^^^^^^
[Tue Jul 21 06:54:57.054192 2026] [wsgi:error] [pid 11:tid 140179981534912] [remote 10.0.0.239:48974] 2026-07-21 06:54:57.037 11 ERROR keystone.server.flask.application
File "/var/lib/openstack/lib/python3.12/site-packages/pymysql/connections.py", line 847, in _read_query_result
[Tue Jul 21 06:54:57.054194 2026] [wsgi:error] [pid 11:tid 140179981534912] [remote 10.0.0.239:48974] 2026-07-21 06:54:57.037 11 ERROR keystone.server.flask.application result.read()
[Tue Jul 21 06:54:57.054197 2026] [wsgi:error] [pid 11:tid 140179981534912] [remote 10.0.0.239:48974] 2026-07-21 06:54:57.037 11 ERROR keystone.server.flask.application
File "/var/lib/openstack/lib/python3.12/site-packages/pymysql/connections.py", line 1245, in read
[Tue Jul 21 06:54:57.054198 2026] [wsgi:error] [pid 11:tid 140179981534912] [remote 10.0.0.239:48974] 2026-07-21 06:54:57.037 11 ERROR keystone.server.flask.application first_packet = self.connection._read_packet()
[Tue Jul 21 06:54:57.054200 2026] [wsgi:error] [pid 11:tid 140179981534912] [remote 10.0.0.239:48974] 2026-07-21 06:54:57.037 11 ERROR keystone.server.flask.application ^^^^^^^^^^^^^^^^^^^^^^^^^^^^^^
[Tue Jul 21 06:54:57.054201 2026] [wsgi:error] [pid 11:tid 140179981534912] [remote 10.0.0.239:48974] 2026-07-21 06:54:57.037 11 ERROR keystone.server.flask.application
File "/var/lib/openstack/lib/python3.12/site-packages/pymysql/connections.py", line 803, in _read_packet
[Tue Jul 21 06:54:57.054202 2026] [wsgi:error] [pid 11:tid 140179981534912] [remote 10.0.0.239:48974] 2026-07-21 06:54:57.037 11 ERROR keystone.server.flask.application packet.raise_for_error()
[Tue Jul 21 06:54:57.054204 2026] [wsgi:error] [pid 11:tid 140179981534912] [remote 10.0.0.239:48974] 2026-07-21 06:54:57.037 11 ERROR keystone.server.flask.application
File "/var/lib/openstack/lib/python3.12/site-packages/pymysql/protocol.py", line 219, in raise_for_error
[Tue Jul 21 06:54:57.054206 2026] [wsgi:error] [pid 11:tid 140179981534912] [remote 10.0.0.239:48974] 2026-07-21 06:54:57.037 11 ERROR keystone.server.flask.application err.raise_mysql_exception(self._data)
[Tue Jul 21 06:54:57.054207 2026] [wsgi:error] [pid 11:tid 140179981534912] [remote 10.0.0.239:48974] 2026-07-21 06:54:57.037 11 ERROR keystone.server.flask.application
File "/var/lib/openstack/lib/python3.12/site-packages/pymysql/err.py", line 154, in raise_mysql_exception
[Tue Jul 21 06:54:57.054209 2026] [wsgi:error] [pid 11:tid 140179981534912] [remote 10.0.0.239:48974] 2026-07-21 06:54:57.037 11 ERROR keystone.server.flask.application raise errorclass(errno, errval, sqlstate=sqlstate)
[Tue Jul 21 06:54:57.054210 2026] [wsgi:error] [pid 11:tid 140179981534912] [remote 10.0.0.239:48974] 2026-07-21 06:54:57.037 11 ERROR keystone.server.flask.application pymysql.err.IntegrityError: (1062, "Duplicate entry '<>-service' for key 'project.ixu_project_name_domain_id'")
[Tue Jul 21 06:54:57.054212 2026] [wsgi:error] [pid 11:tid 140179981534912] [remote 10.0.0.239:48974] 2026-07-21 06:54:57.037 11 ERROR keystone.server.flask.application
[Tue Jul 21 06:54:57.054214 2026] [wsgi:error] [pid 11:tid 140179981534912] [remote 10.0.0.239:48974] 2026-07-21 06:54:57.037 11 ERROR keystone.server.flask.application The above exception was the direct cause of the following exception:
[Tue Jul 21 06:54:57.054215 2026] [wsgi:error] [pid 11:tid 140179981534912] [remote 10.0.0.239:48974] 2026-07-21 06:54:57.037 11 ERROR keystone.server.flask.application
[Tue Jul 21 06:54:57.054216 2026] [wsgi:error] [pid 11:tid 140179981534912] [remote 10.0.0.239:48974] 2026-07-21 06:54:57.037 11 ERROR keystone.server.flask.application
Traceback (most recent call last):
[Tue Jul 21 06:54:57.054218 2026] [wsgi:error] [pid 11:tid 140179981534912] [remote 10.0.0.239:48974] 2026-07-21 06:54:57.037 11 ERROR keystone.server.flask.application
File "/var/lib/openstack/lib/python3.12/site-packages/keystone/common/sql/core.py", line 575, in wrapper
[Tue Jul 21 06:54:57.054219 2026] [wsgi:error] [pid 11:tid 140179981534912] [remote 10.0.0.239:48974] 2026-07-21 06:54:57.037 11 ERROR keystone.server.flask.application return method(*args, **kwargs)
[Tue Jul 21 06:54:57.054221 2026] [wsgi:error] [pid 11:tid 140179981534912] [remote 10.0.0.239:48974] 2026-07-21 06:54:57.037 11 ERROR keystone.server.flask.application ^^^^^^^^^^^^^^^^^^^^^^^
[Tue Jul 21 06:54:57.054223 2026] [wsgi:error] [pid 11:tid 140179981534912] [remote 10.0.0.239:48974] 2026-07-21 06:54:57.037 11 ERROR keystone.server.flask.application
File "/var/lib/openstack/lib/python3.12/site-packages/keystone/resource/backends/sql.py", line 278, in create_project
[Tue Jul 21 06:54:57.054224 2026] [wsgi:error] [pid 11:tid 140179981534912] [remote 10.0.0.239:48974] 2026-07-21 06:54:57.037 11 ERROR keystone.server.flask.application with sql.session_for_write() as session:
[Tue Jul 21 06:54:57.054225 2026] [wsgi:error] [pid 11:tid 140179981534912] [remote 10.0.0.239:48974] 2026-07-21 06:54:57.037 11 ERROR keystone.server.flask.application
File "/usr/lib/python3.12/contextlib.py", line 144, in __exit__
[Tue Jul 21 06:54:57.054227 2026] [wsgi:error] [pid 11:tid 140179981534912] [remote 10.0.0.239:48974] 2026-07-21 06:54:57.037 11 ERROR keystone.server.flask.application next(self.gen)
[Tue Jul 21 06:54:57.054228 2026] [wsgi:error] [pid 11:tid 140179981534912] [remote 10.0.0.239:48974] 2026-07-21 06:54:57.037 11 ERROR keystone.server.flask.application
File "/var/lib/openstack/lib/python3.12/site-packages/oslo_db/sqlalchemy/enginefacade.py", line 1175, in _transaction_scope
[Tue Jul 21 06:54:57.054230 2026] [wsgi:error] [pid 11:tid 140179981534912] [remote 10.0.0.239:48974] 2026-07-21 06:54:57.037 11 ERROR keystone.server.flask.application with current._produce_block(
[Tue Jul 21 06:54:57.054231 2026] [wsgi:error] [pid 11:tid 140179981534912] [remote 10.0.0.239:48974] 2026-07-21 06:54:57.037 11 ERROR keystone.server.flask.application
File "/usr/lib/python3.12/contextlib.py", line 144, in __exit__
[Tue Jul 21 06:54:57.054232 2026] [wsgi:error] [pid 11:tid 140179981534912] [remote 10.0.0.239:48974] 2026-07-21 06:54:57.037 11 ERROR keystone.server.flask.application next(self.gen)
[Tue Jul 21 06:54:57.054234 2026] [wsgi:error] [pid 11:tid 140179981534912] [remote 10.0.0.239:48974] 2026-07-21 06:54:57.037 11 ERROR keystone.server.flask.application
File "/var/lib/openstack/lib/python3.12/site-packages/oslo_db/sqlalchemy/enginefacade.py", line 837, in _session
[Tue Jul 21 06:54:57.054235 2026] [wsgi:error] [pid 11:tid 140179981534912] [remote 10.0.0.239:48974] 2026-07-21 06:54:57.037 11 ERROR keystone.server.flask.application with excutils.save_and_reraise_exception():
[Tue Jul 21 06:54:57.054237 2026] [wsgi:error] [pid 11:tid 140179981534912] [remote 10.0.0.239:48974] 2026-07-21 06:54:57.037 11 ERROR keystone.server.flask.application
File "/var/lib/openstack/lib/python3.12/site-packages/oslo_utils/excutils.py", line 266, in __exit__
[Tue Jul 21 06:54:57.054238 2026] [wsgi:error] [pid 11:tid 140179981534912] [remote 10.0.0.239:48974] 2026-07-21 06:54:57.037 11 ERROR keystone.server.flask.application self.force_reraise()
[Tue Jul 21 06:54:57.054239 2026] [wsgi:error] [pid 11:tid 140179981534912] [remote 10.0.0.239:48974] 2026-07-21 06:54:57.037 11 ERROR keystone.server.flask.application
File "/var/lib/openstack/lib/python3.12/site-packages/oslo_utils/excutils.py", line 232, in force_reraise
[Tue Jul 21 06:54:57.054241 2026] [wsgi:error] [pid 11:tid 140179981534912] [remote 10.0.0.239:48974] 2026-07-21 06:54:57.037 11 ERROR keystone.server.flask.application raise self.value
[Tue Jul 21 06:54:57.054242 2026] [wsgi:error] [pid 11:tid 140179981534912] [remote 10.0.0.239:48974] 2026-07-21 06:54:57.037 11 ERROR keystone.server.flask.application
File "/var/lib/openstack/lib/python3.12/site-packages/oslo_db/sqlalchemy/enginefacade.py", line 835, in _session
[Tue Jul 21 06:54:57.054282 2026] [wsgi:error] [pid 11:tid 140179981534912] [remote 10.0.0.239:48974] 2026-07-21 06:54:57.037 11 ERROR keystone.server.flask.application self._end_session_transaction(self.session)
[Tue Jul 21 06:54:57.054284 2026] [wsgi:error] [pid 11:tid 140179981534912] [remote 10.0.0.239:48974] 2026-07-21 06:54:57.037 11 ERROR keystone.server.flask.application
File "/var/lib/openstack/lib/python3.12/site-packages/oslo_db/sqlalchemy/enginefacade.py", line 748, in _end_session_transaction
[Tue Jul 21 06:54:57.054285 2026] [wsgi:error] [pid 11:tid 140179981534912] [remote 10.0.0.239:48974] 2026-07-21 06:54:57.037 11 ERROR keystone.server.flask.application session.commit()
[Tue Jul 21 06:54:57.054287 2026] [wsgi:error] [pid 11:tid 140179981534912] [remote 10.0.0.239:48974] 2026-07-21 06:54:57.037 11 ERROR keystone.server.flask.application
File "/var/lib/openstack/lib/python3.12/site-packages/sqlalchemy/orm/session.py", line 2034, in commit
[Tue Jul 21 06:54:57.054288 2026] [wsgi:error] [pid 11:tid 140179981534912] [remote 10.0.0.239:48974] 2026-07-21 06:54:57.037 11 ERROR keystone.server.flask.application trans.commit(_to_root=True)
[Tue Jul 21 06:54:57.054290 2026] [wsgi:error] [pid 11:tid 140179981534912] [remote 10.0.0.239:48974] 2026-07-21 06:54:57.037 11 ERROR keystone.server.flask.application File "", line 2, in commit
[Tue Jul 21 06:54:57.054291 2026] [wsgi:error] [pid 11:tid 140179981534912] [remote 10.0.0.239:48974] 2026-07-21 06:54:57.037 11 ERROR keystone.server.flask.application
File "/var/lib/openstack/lib/python3.12/site-packages/sqlalchemy/orm/state_changes.py", line 137, in _go
[Tue Jul 21 06:54:57.054293 2026] [wsgi:error] [pid 11:tid 140179981534912] [remote 10.0.0.239:48974] 2026-07-21 06:54:57.037 11 ERROR keystone.server.flask.application ret_value = fn(self, *arg, **kw)
[Tue Jul 21 06:54:57.054294 2026] [wsgi:error] [pid 11:tid 140179981534912] [remote 10.0.0.239:48974] 2026-07-21 06:54:57.037 11 ERROR keystone.server.flask.application ^^^^^^^^^^^^^^^^^^^^
[Tue Jul 21 06:54:57.054296 2026] [wsgi:error] [pid 11:tid 140179981534912] [remote 10.0.0.239:48974] 2026-07-21 06:54:57.037 11 ERROR keystone.server.flask.application
File "/var/lib/openstack/lib/python3.12/site-packages/sqlalchemy/orm/session.py", line 1315, in commit
[Tue Jul 21 06:54:57.054297 2026] [wsgi:error] [pid 11:tid 140179981534912] [remote 10.0.0.239:48974] 2026-07-21 06:54:57.037 11 ERROR keystone.server.flask.application self._prepare_impl()
[Tue Jul 21 06:54:57.054299 2026] [wsgi:error] [pid 11:tid 140179981534912] [remote 10.0.0.239:48974] 2026-07-21 06:54:57.037 11 ERROR keystone.server.flask.application File "", line 2, in _prepare_impl
[Tue Jul 21 06:54:57.054300 2026] [wsgi:error] [pid 11:tid 140179981534912] [remote 10.0.0.239:48974] 2026-07-21 06:54:57.037 11 ERROR keystone.server.flask.application
File "/var/lib/openstack/lib/python3.12/site-packages/sqlalchemy/orm/state_changes.py", line 137, in _go
[Tue Jul 21 06:54:57.054302 2026] [wsgi:error] [pid 11:tid 140179981534912] [remote 10.0.0.239:48974] 2026-07-21 06:54:57.037 11 ERROR keystone.server.flask.application ret_value = fn(self, *arg, **kw)
[Tue Jul 21 06:54:57.054303 2026] [wsgi:error] [pid 11:tid 140179981534912] [remote 10.0.0.239:48974] 2026-07-21 06:54:57.037 11 ERROR keystone.server.flask.application ^^^^^^^^^^^^^^^^^^^^
[Tue Jul 21 06:54:57.054305 2026] [wsgi:error] [pid 11:tid 140179981534912] [remote 10.0.0.239:48974] 2026-07-21 06:54:57.037 11 ERROR keystone.server.flask.application
File "/var/lib/openstack/lib/python3.12/site-packages/sqlalchemy/orm/session.py", line 1290, in _prepare_impl
[Tue Jul 21 06:54:57.054306 2026] [wsgi:error] [pid 11:tid 140179981534912] [remote 10.0.0.239:48974] 2026-07-21 06:54:57.037 11 ERROR keystone.server.flask.application self.session.flush()
[Tue Jul 21 06:54:57.054309 2026] [wsgi:error] [pid 11:tid 140179981534912] [remote 10.0.0.239:48974] 2026-07-21 06:54:57.037 11 ERROR keystone.server.flask.application
File "/var/lib/openstack/lib/python3.12/site-packages/sqlalchemy/orm/session.py", line 4352, in flush
[Tue Jul 21 06:54:57.054310 2026] [wsgi:error] [pid 11:tid 140179981534912] [remote 10.0.0.239:48974] 2026-07-21 06:54:57.037 11 ERROR keystone.server.flask.application self._flush(objects)
[Tue Jul 21 06:54:57.054315 2026] [wsgi:error] [pid 11:tid 140179981534912] [remote 10.0.0.239:48974] 2026-07-21 06:54:57.037 11 ERROR keystone.server.flask.application
File "/var/lib/openstack/lib/python3.12/site-packages/sqlalchemy/orm/session.py", line 4487, in _flush
[Tue Jul 21 06:54:57.054316 2026] [wsgi:error] [pid 11:tid 140179981534912] [remote 10.0.0.239:48974] 2026-07-21 06:54:57.037 11 ERROR keystone.server.flask.application with util.safe_reraise():
[Tue Jul 21 06:54:57.054318 2026] [wsgi:error] [pid 11:tid 140179981534912] [remote 10.0.0.239:48974] 2026-07-21 06:54:57.037 11 ERROR keystone.server.flask.application
File "/var/lib/openstack/lib/python3.12/site-packages/sqlalchemy/util/langhelpers.py", line 122, in __exit__
[Tue Jul 21 06:54:57.054320 2026] [wsgi:error] [pid 11:tid 140179981534912] [remote 10.0.0.239:48974] 2026-07-21 06:54:57.037 11 ERROR keystone.server.flask.application raise exc_value.with_traceback(exc_tb)
[Tue Jul 21 06:54:57.054321 2026] [wsgi:error] [pid 11:tid 140179981534912] [remote 10.0.0.239:48974] 2026-07-21 06:54:57.037 11 ERROR keystone.server.flask.application
File "/var/lib/openstack/lib/python3.12/site-packages/sqlalchemy/orm/session.py", line 4448, in _flush
[Tue Jul 21 06:54:57.054324 2026] [wsgi:error] [pid 11:tid 140179981534912] [remote 10.0.0.239:48974] 2026-07-21 06:54:57.037 11 ERROR keystone.server.flask.application flush_context.execute()
[Tue Jul 21 06:54:57.054326 2026] [wsgi:error] [pid 11:tid 140179981534912] [remote 10.0.0.239:48974] 2026-07-21 06:54:57.037 11 ERROR keystone.server.flask.application
