Jul 23 05:31:24.928838 np0000186250 systemd[1]: Starting devstack@n-api-meta.service - Devstack devstack@n-api-meta.service...
Jul 23 05:31:24.933986 np0000186250 devstack@n-api-meta.service[106655]: [uWSGI] getting INI configuration from /etc/nova/nova-metadata-uwsgi.ini
Jul 23 05:31:24.936326 np0000186250 devstack@n-api-meta.service[106655]: *** Starting uWSGI 2.0.24-debian (64bit) on [Thu Jul 23 05:31:24 2026] ***
Jul 23 05:31:24.936326 np0000186250 devstack@n-api-meta.service[106655]: compiled with version: 13.2.0 on 17 April 2024 16:23:48
Jul 23 05:31:24.936326 np0000186250 devstack@n-api-meta.service[106655]: os: Linux-6.8.0-134-generic #134-Ubuntu SMP PREEMPT_DYNAMIC Fri Jun 26 18:43:11 UTC 2026
Jul 23 05:31:24.936326 np0000186250 devstack@n-api-meta.service[106655]: nodename: np0000186250
Jul 23 05:31:24.936326 np0000186250 devstack@n-api-meta.service[106655]: machine: x86_64
Jul 23 05:31:24.936326 np0000186250 devstack@n-api-meta.service[106655]: clock source: unix
Jul 23 05:31:24.936326 np0000186250 devstack@n-api-meta.service[106655]: pcre jit disabled
Jul 23 05:31:24.936326 np0000186250 devstack@n-api-meta.service[106655]: detected number of CPU cores: 16
Jul 23 05:31:24.936326 np0000186250 devstack@n-api-meta.service[106655]: current working directory: /
Jul 23 05:31:24.936326 np0000186250 devstack@n-api-meta.service[106655]: detected binary path: /usr/bin/uwsgi-core
Jul 23 05:31:24.936326 np0000186250 devstack@n-api-meta.service[106655]: your processes number limit is 256916
Jul 23 05:31:24.936326 np0000186250 devstack@n-api-meta.service[106655]: your memory page size is 4096 bytes
Jul 23 05:31:24.936326 np0000186250 devstack@n-api-meta.service[106655]: detected max file descriptor number: 2048
Jul 23 05:31:24.936326 np0000186250 devstack@n-api-meta.service[106655]: lock engine: pthread robust mutexes
Jul 23 05:31:24.937046 np0000186250 devstack@n-api-meta.service[106655]: thunder lock: enabled
Jul 23 05:31:24.937046 np0000186250 devstack@n-api-meta.service[106655]: uWSGI http bound on 0.0.0.0:8775 fd 5
Jul 23 05:31:24.937046 np0000186250 devstack@n-api-meta.service[106655]: uwsgi socket 0 bound to TCP address 127.0.0.1:43937 (port auto-assigned) fd 4
Jul 23 05:31:24.937046 np0000186250 devstack@n-api-meta.service[106655]: Python version: 3.12.3 (main, Jun 19 2026, 12:46:00) [GCC 13.3.0]
Jul 23 05:31:24.937046 np0000186250 devstack@n-api-meta.service[106655]: PEP 405 virtualenv detected: /opt/stack/data/venv
Jul 23 05:31:24.937046 np0000186250 devstack@n-api-meta.service[106655]: Set PythonHome to /opt/stack/data/venv
Jul 23 05:31:24.970605 np0000186250 devstack@n-api-meta.service[106655]: Python main interpreter initialized at 0x70929d6a4668
Jul 23 05:31:24.970605 np0000186250 devstack@n-api-meta.service[106655]: python threads support enabled
Jul 23 05:31:24.970605 np0000186250 devstack@n-api-meta.service[106655]: your server socket listen backlog is limited to 100 connections
Jul 23 05:31:24.970605 np0000186250 devstack@n-api-meta.service[106655]: your mercy for graceful operations on workers is 80 seconds
Jul 23 05:31:24.971117 np0000186250 devstack@n-api-meta.service[106655]: mapped 671795 bytes (656 KB) for 4 cores
Jul 23 05:31:24.971227 np0000186250 devstack@n-api-meta.service[106655]: *** Operational MODE: preforking ***
Jul 23 05:31:24.971382 np0000186250 devstack@n-api-meta.service[106655]: *** uWSGI is running in multiple interpreter mode ***
Jul 23 05:31:24.971382 np0000186250 devstack@n-api-meta.service[106655]: spawned uWSGI master process (pid: 106655)
Jul 23 05:31:24.971548 np0000186250 systemd[1]: Started devstack@n-api-meta.service - Devstack devstack@n-api-meta.service.
Jul 23 05:31:24.972001 np0000186250 devstack@n-api-meta.service[106655]: spawned uWSGI worker 1 (pid: 106656, cores: 1)
Jul 23 05:31:24.972624 np0000186250 devstack@n-api-meta.service[106655]: spawned uWSGI worker 2 (pid: 106657, cores: 1)
Jul 23 05:31:24.973110 np0000186250 devstack@n-api-meta.service[106655]: spawned uWSGI worker 3 (pid: 106658, cores: 1)
Jul 23 05:31:24.973583 np0000186250 devstack@n-api-meta.service[106655]: spawned uWSGI worker 4 (pid: 106659, cores: 1)
Jul 23 05:31:24.974112 np0000186250 devstack@n-api-meta.service[106655]: spawned uWSGI http 1 (pid: 106660)
Jul 23 05:31:24.974112 np0000186250 devstack@n-api-meta.service[106655]: running "unix_signal:15 gracefully_kill_them_all" (master-start)...
Jul 23 05:31:26.626629 np0000186250 devstack@n-api-meta.service[106656]: INFO dbcounter [None req-4a4631a7-b944-4e53-bb8b-a923bc14b1a0 None None] Registered counter for database nova_api
Jul 23 05:31:26.671552 np0000186250 devstack@n-api-meta.service[106658]: INFO dbcounter [None req-227000c2-36e3-47e4-85c6-5862f6e2a0da None None] Registered counter for database nova_api
Jul 23 05:31:26.672140 np0000186250 devstack@n-api-meta.service[106656]: DEBUG oslo_db.sqlalchemy.engines [None req-4a4631a7-b944-4e53-bb8b-a923bc14b1a0 None None] MySQL server mode set to STRICT_TRANS_TABLES,STRICT_ALL_TABLES,NO_ZERO_IN_DATE,NO_ZERO_DATE,ERROR_FOR_DIVISION_BY_ZERO,TRADITIONAL,NO_ENGINE_SUBSTITUTION {{(pid=106656) _check_effective_sql_mode /opt/stack/data/venv/lib/python3.12/site-packages/oslo_db/sqlalchemy/engines.py:325}}
Jul 23 05:31:26.703988 np0000186250 devstack@n-api-meta.service[106657]: INFO dbcounter [None req-1f209433-e9b1-42b9-bf9e-c14cd3fd4617 None None] Registered counter for database nova_api
Jul 23 05:31:26.706071 np0000186250 devstack@n-api-meta.service[106656]: DEBUG dbcounter [-] [106656] Writer thread running {{(pid=106656) stat_writer /opt/stack/data/venv/lib/python3.12/site-packages/dbcounter.py:102}}
Jul 23 05:31:26.708399 np0000186250 devstack@n-api-meta.service[106656]: DEBUG nova.context [None req-4a4631a7-b944-4e53-bb8b-a923bc14b1a0 None None] Found 2 cells: 00000000-0000-0000-0000-000000000000(cell0),0ebe9bf6-937c-4ddc-9fe1-8fd99e264b52(cell1) {{(pid=106656) load_cells /opt/stack/nova/nova/context.py:509}}
Jul 23 05:31:26.708580 np0000186250 devstack@n-api-meta.service[106659]: INFO dbcounter [None req-84ce142d-3613-45bb-8c4b-4e86e0ae1a59 None None] Registered counter for database nova_api
Jul 23 05:31:26.709106 np0000186250 devstack@n-api-meta.service[106656]: INFO nova.utils [None req-4a4631a7-b944-4e53-bb8b-a923bc14b1a0 None None] The cell worker thread pool MainProcess.cell_worker is initialized
Jul 23 05:31:26.710375 np0000186250 devstack@n-api-meta.service[106656]: DEBUG oslo_concurrency.lockutils [None req-4a4631a7-b944-4e53-bb8b-a923bc14b1a0 None None] Acquiring lock "00000000-0000-0000-0000-000000000000" by "nova.context.set_target_cell..get_or_set_cached_cell_and_set_connections" {{(pid=106656) inner /opt/stack/data/venv/lib/python3.12/site-packages/oslo_concurrency/lockutils.py:512}}
Jul 23 05:31:26.710543 np0000186250 devstack@n-api-meta.service[106656]: DEBUG oslo_concurrency.lockutils [None req-4a4631a7-b944-4e53-bb8b-a923bc14b1a0 None None] Lock "00000000-0000-0000-0000-000000000000" acquired by "nova.context.set_target_cell..get_or_set_cached_cell_and_set_connections" :: waited 0.000s {{(pid=106656) inner /opt/stack/data/venv/lib/python3.12/site-packages/oslo_concurrency/lockutils.py:525}}
Jul 23 05:31:26.710897 np0000186250 devstack@n-api-meta.service[106656]: DEBUG oslo_concurrency.lockutils [None req-4a4631a7-b944-4e53-bb8b-a923bc14b1a0 None None] Lock "00000000-0000-0000-0000-000000000000" "released" by "nova.context.set_target_cell..get_or_set_cached_cell_and_set_connections" :: held 0.000s {{(pid=106656) inner /opt/stack/data/venv/lib/python3.12/site-packages/oslo_concurrency/lockutils.py:544}}
Jul 23 05:31:26.711782 np0000186250 devstack@n-api-meta.service[106656]: DEBUG oslo_concurrency.lockutils [None req-4a4631a7-b944-4e53-bb8b-a923bc14b1a0 None None] Acquiring lock "0ebe9bf6-937c-4ddc-9fe1-8fd99e264b52" by "nova.context.set_target_cell..get_or_set_cached_cell_and_set_connections" {{(pid=106656) inner /opt/stack/data/venv/lib/python3.12/site-packages/oslo_concurrency/lockutils.py:512}}
Jul 23 05:31:26.711926 np0000186250 devstack@n-api-meta.service[106656]: DEBUG oslo_concurrency.lockutils [None req-4a4631a7-b944-4e53-bb8b-a923bc14b1a0 None None] Lock "0ebe9bf6-937c-4ddc-9fe1-8fd99e264b52" acquired by "nova.context.set_target_cell..get_or_set_cached_cell_and_set_connections" :: waited 0.000s {{(pid=106656) inner /opt/stack/data/venv/lib/python3.12/site-packages/oslo_concurrency/lockutils.py:525}}
Jul 23 05:31:26.712795 np0000186250 devstack@n-api-meta.service[106656]: DEBUG oslo_concurrency.lockutils [None req-4a4631a7-b944-4e53-bb8b-a923bc14b1a0 None None] Lock "0ebe9bf6-937c-4ddc-9fe1-8fd99e264b52" "released" by "nova.context.set_target_cell..get_or_set_cached_cell_and_set_connections" :: held 0.001s {{(pid=106656) inner /opt/stack/data/venv/lib/python3.12/site-packages/oslo_concurrency/lockutils.py:544}}
Jul 23 05:31:26.716996 np0000186250 devstack@n-api-meta.service[106656]: INFO dbcounter [None req-4a4631a7-b944-4e53-bb8b-a923bc14b1a0 None None] Registered counter for database nova_cell0
Jul 23 05:31:26.719937 np0000186250 devstack@n-api-meta.service[106658]: DEBUG oslo_db.sqlalchemy.engines [None req-227000c2-36e3-47e4-85c6-5862f6e2a0da None None] MySQL server mode set to STRICT_TRANS_TABLES,STRICT_ALL_TABLES,NO_ZERO_IN_DATE,NO_ZERO_DATE,ERROR_FOR_DIVISION_BY_ZERO,TRADITIONAL,NO_ENGINE_SUBSTITUTION {{(pid=106658) _check_effective_sql_mode /opt/stack/data/venv/lib/python3.12/site-packages/oslo_db/sqlalchemy/engines.py:325}}
Jul 23 05:31:26.723604 np0000186250 devstack@n-api-meta.service[106656]: INFO dbcounter [None req-4a4631a7-b944-4e53-bb8b-a923bc14b1a0 None None] Registered counter for database nova_cell1
Jul 23 05:31:26.751784 np0000186250 devstack@n-api-meta.service[106657]: DEBUG oslo_db.sqlalchemy.engines [None req-1f209433-e9b1-42b9-bf9e-c14cd3fd4617 None None] MySQL server mode set to STRICT_TRANS_TABLES,STRICT_ALL_TABLES,NO_ZERO_IN_DATE,NO_ZERO_DATE,ERROR_FOR_DIVISION_BY_ZERO,TRADITIONAL,NO_ENGINE_SUBSTITUTION {{(pid=106657) _check_effective_sql_mode /opt/stack/data/venv/lib/python3.12/site-packages/oslo_db/sqlalchemy/engines.py:325}}
Jul 23 05:31:26.755747 np0000186250 devstack@n-api-meta.service[106659]: DEBUG oslo_db.sqlalchemy.engines [None req-84ce142d-3613-45bb-8c4b-4e86e0ae1a59 None None] MySQL server mode set to STRICT_TRANS_TABLES,STRICT_ALL_TABLES,NO_ZERO_IN_DATE,NO_ZERO_DATE,ERROR_FOR_DIVISION_BY_ZERO,TRADITIONAL,NO_ENGINE_SUBSTITUTION {{(pid=106659) _check_effective_sql_mode /opt/stack/data/venv/lib/python3.12/site-packages/oslo_db/sqlalchemy/engines.py:325}}
Jul 23 05:31:26.758388 np0000186250 devstack@n-api-meta.service[106658]: DEBUG dbcounter [-] [106658] Writer thread running {{(pid=106658) stat_writer /opt/stack/data/venv/lib/python3.12/site-packages/dbcounter.py:102}}
Jul 23 05:31:26.760750 np0000186250 devstack@n-api-meta.service[106658]: DEBUG nova.context [None req-227000c2-36e3-47e4-85c6-5862f6e2a0da None None] Found 2 cells: 00000000-0000-0000-0000-000000000000(cell0),0ebe9bf6-937c-4ddc-9fe1-8fd99e264b52(cell1) {{(pid=106658) load_cells /opt/stack/nova/nova/context.py:509}}
Jul 23 05:31:26.761034 np0000186250 devstack@n-api-meta.service[106658]: INFO nova.utils [None req-227000c2-36e3-47e4-85c6-5862f6e2a0da None None] The cell worker thread pool MainProcess.cell_worker is initialized
Jul 23 05:31:26.762743 np0000186250 devstack@n-api-meta.service[106658]: DEBUG oslo_concurrency.lockutils [None req-227000c2-36e3-47e4-85c6-5862f6e2a0da None None] Acquiring lock "00000000-0000-0000-0000-000000000000" by "nova.context.set_target_cell..get_or_set_cached_cell_and_set_connections" {{(pid=106658) inner /opt/stack/data/venv/lib/python3.12/site-packages/oslo_concurrency/lockutils.py:512}}
Jul 23 05:31:26.762911 np0000186250 devstack@n-api-meta.service[106658]: DEBUG oslo_concurrency.lockutils [None req-227000c2-36e3-47e4-85c6-5862f6e2a0da None None] Lock "00000000-0000-0000-0000-000000000000" acquired by "nova.context.set_target_cell..get_or_set_cached_cell_and_set_connections" :: waited 0.000s {{(pid=106658) inner /opt/stack/data/venv/lib/python3.12/site-packages/oslo_concurrency/lockutils.py:525}}
Jul 23 05:31:26.763250 np0000186250 devstack@n-api-meta.service[106658]: DEBUG oslo_concurrency.lockutils [None req-227000c2-36e3-47e4-85c6-5862f6e2a0da None None] Lock "00000000-0000-0000-0000-000000000000" "released" by "nova.context.set_target_cell..get_or_set_cached_cell_and_set_connections" :: held 0.000s {{(pid=106658) inner /opt/stack/data/venv/lib/python3.12/site-packages/oslo_concurrency/lockutils.py:544}}
Jul 23 05:31:26.764023 np0000186250 devstack@n-api-meta.service[106658]: DEBUG oslo_concurrency.lockutils [None req-227000c2-36e3-47e4-85c6-5862f6e2a0da None None] Acquiring lock "0ebe9bf6-937c-4ddc-9fe1-8fd99e264b52" by "nova.context.set_target_cell..get_or_set_cached_cell_and_set_connections" {{(pid=106658) inner /opt/stack/data/venv/lib/python3.12/site-packages/oslo_concurrency/lockutils.py:512}}
Jul 23 05:31:26.764165 np0000186250 devstack@n-api-meta.service[106658]: DEBUG oslo_concurrency.lockutils [None req-227000c2-36e3-47e4-85c6-5862f6e2a0da None None] Lock "0ebe9bf6-937c-4ddc-9fe1-8fd99e264b52" acquired by "nova.context.set_target_cell..get_or_set_cached_cell_and_set_connections" :: waited 0.000s {{(pid=106658) inner /opt/stack/data/venv/lib/python3.12/site-packages/oslo_concurrency/lockutils.py:525}}
Jul 23 05:31:26.765052 np0000186250 devstack@n-api-meta.service[106658]: DEBUG oslo_concurrency.lockutils [None req-227000c2-36e3-47e4-85c6-5862f6e2a0da None None] Lock "0ebe9bf6-937c-4ddc-9fe1-8fd99e264b52" "released" by "nova.context.set_target_cell..get_or_set_cached_cell_and_set_connections" :: held 0.001s {{(pid=106658) inner /opt/stack/data/venv/lib/python3.12/site-packages/oslo_concurrency/lockutils.py:544}}
Jul 23 05:31:26.768973 np0000186250 devstack@n-api-meta.service[106658]: INFO dbcounter [None req-227000c2-36e3-47e4-85c6-5862f6e2a0da None None] Registered counter for database nova_cell0
Jul 23 05:31:26.772886 np0000186250 devstack@n-api-meta.service[106658]: INFO dbcounter [None req-227000c2-36e3-47e4-85c6-5862f6e2a0da None None] Registered counter for database nova_cell1
Jul 23 05:31:26.781891 np0000186250 devstack@n-api-meta.service[106656]: DEBUG oslo_db.sqlalchemy.engines [None req-4a4631a7-b944-4e53-bb8b-a923bc14b1a0 None None] MySQL server mode set to STRICT_TRANS_TABLES,STRICT_ALL_TABLES,NO_ZERO_IN_DATE,NO_ZERO_DATE,ERROR_FOR_DIVISION_BY_ZERO,TRADITIONAL,NO_ENGINE_SUBSTITUTION {{(pid=106656) _check_effective_sql_mode /opt/stack/data/venv/lib/python3.12/site-packages/oslo_db/sqlalchemy/engines.py:325}}
Jul 23 05:31:26.787867 np0000186250 devstack@n-api-meta.service[106659]: DEBUG dbcounter [-] [106659] Writer thread running {{(pid=106659) stat_writer /opt/stack/data/venv/lib/python3.12/site-packages/dbcounter.py:102}}
Jul 23 05:31:26.788588 np0000186250 devstack@n-api-meta.service[106657]: DEBUG dbcounter [-] [106657] Writer thread running {{(pid=106657) stat_writer /opt/stack/data/venv/lib/python3.12/site-packages/dbcounter.py:102}}
Jul 23 05:31:26.789978 np0000186250 devstack@n-api-meta.service[106659]: DEBUG nova.context [None req-84ce142d-3613-45bb-8c4b-4e86e0ae1a59 None None] Found 2 cells: 00000000-0000-0000-0000-000000000000(cell0),0ebe9bf6-937c-4ddc-9fe1-8fd99e264b52(cell1) {{(pid=106659) load_cells /opt/stack/nova/nova/context.py:509}}
Jul 23 05:31:26.790211 np0000186250 devstack@n-api-meta.service[106659]: INFO nova.utils [None req-84ce142d-3613-45bb-8c4b-4e86e0ae1a59 None None] The cell worker thread pool MainProcess.cell_worker is initialized
Jul 23 05:31:26.791091 np0000186250 devstack@n-api-meta.service[106657]: DEBUG nova.context [None req-1f209433-e9b1-42b9-bf9e-c14cd3fd4617 None None] Found 2 cells: 00000000-0000-0000-0000-000000000000(cell0),0ebe9bf6-937c-4ddc-9fe1-8fd99e264b52(cell1) {{(pid=106657) load_cells /opt/stack/nova/nova/context.py:509}}
Jul 23 05:31:26.791325 np0000186250 devstack@n-api-meta.service[106657]: INFO nova.utils [None req-1f209433-e9b1-42b9-bf9e-c14cd3fd4617 None None] The cell worker thread pool MainProcess.cell_worker is initialized
Jul 23 05:31:26.791955 np0000186250 devstack@n-api-meta.service[106659]: DEBUG oslo_concurrency.lockutils [None req-84ce142d-3613-45bb-8c4b-4e86e0ae1a59 None None] Acquiring lock "00000000-0000-0000-0000-000000000000" by "nova.context.set_target_cell..get_or_set_cached_cell_and_set_connections" {{(pid=106659) inner /opt/stack/data/venv/lib/python3.12/site-packages/oslo_concurrency/lockutils.py:512}}
Jul 23 05:31:26.792120 np0000186250 devstack@n-api-meta.service[106659]: DEBUG oslo_concurrency.lockutils [None req-84ce142d-3613-45bb-8c4b-4e86e0ae1a59 None None] Lock "00000000-0000-0000-0000-000000000000" acquired by "nova.context.set_target_cell..get_or_set_cached_cell_and_set_connections" :: waited 0.000s {{(pid=106659) inner /opt/stack/data/venv/lib/python3.12/site-packages/oslo_concurrency/lockutils.py:525}}
Jul 23 05:31:26.792486 np0000186250 devstack@n-api-meta.service[106659]: DEBUG oslo_concurrency.lockutils [None req-84ce142d-3613-45bb-8c4b-4e86e0ae1a59 None None] Lock "00000000-0000-0000-0000-000000000000" "released" by "nova.context.set_target_cell..get_or_set_cached_cell_and_set_connections" :: held 0.000s {{(pid=106659) inner /opt/stack/data/venv/lib/python3.12/site-packages/oslo_concurrency/lockutils.py:544}}
Jul 23 05:31:26.793098 np0000186250 devstack@n-api-meta.service[106657]: DEBUG oslo_concurrency.lockutils [None req-1f209433-e9b1-42b9-bf9e-c14cd3fd4617 None None] Acquiring lock "00000000-0000-0000-0000-000000000000" by "nova.context.set_target_cell..get_or_set_cached_cell_and_set_connections" {{(pid=106657) inner /opt/stack/data/venv/lib/python3.12/site-packages/oslo_concurrency/lockutils.py:512}}
Jul 23 05:31:26.793192 np0000186250 devstack@n-api-meta.service[106659]: DEBUG oslo_concurrency.lockutils [None req-84ce142d-3613-45bb-8c4b-4e86e0ae1a59 None None] Acquiring lock "0ebe9bf6-937c-4ddc-9fe1-8fd99e264b52" by "nova.context.set_target_cell..get_or_set_cached_cell_and_set_connections" {{(pid=106659) inner /opt/stack/data/venv/lib/python3.12/site-packages/oslo_concurrency/lockutils.py:512}}
Jul 23 05:31:26.793348 np0000186250 devstack@n-api-meta.service[106657]: DEBUG oslo_concurrency.lockutils [None req-1f209433-e9b1-42b9-bf9e-c14cd3fd4617 None None] Lock "00000000-0000-0000-0000-000000000000" acquired by "nova.context.set_target_cell..get_or_set_cached_cell_and_set_connections" :: waited 0.000s {{(pid=106657) inner /opt/stack/data/venv/lib/python3.12/site-packages/oslo_concurrency/lockutils.py:525}}
Jul 23 05:31:26.793386 np0000186250 devstack@n-api-meta.service[106659]: DEBUG oslo_concurrency.lockutils [None req-84ce142d-3613-45bb-8c4b-4e86e0ae1a59 None None] Lock "0ebe9bf6-937c-4ddc-9fe1-8fd99e264b52" acquired by "nova.context.set_target_cell..get_or_set_cached_cell_and_set_connections" :: waited 0.000s {{(pid=106659) inner /opt/stack/data/venv/lib/python3.12/site-packages/oslo_concurrency/lockutils.py:525}}
Jul 23 05:31:26.793676 np0000186250 devstack@n-api-meta.service[106657]: DEBUG oslo_concurrency.lockutils [None req-1f209433-e9b1-42b9-bf9e-c14cd3fd4617 None None] Lock "00000000-0000-0000-0000-000000000000" "released" by "nova.context.set_target_cell..get_or_set_cached_cell_and_set_connections" :: held 0.000s {{(pid=106657) inner /opt/stack/data/venv/lib/python3.12/site-packages/oslo_concurrency/lockutils.py:544}}
Jul 23 05:31:26.794169 np0000186250 devstack@n-api-meta.service[106659]: DEBUG oslo_concurrency.lockutils [None req-84ce142d-3613-45bb-8c4b-4e86e0ae1a59 None None] Lock "0ebe9bf6-937c-4ddc-9fe1-8fd99e264b52" "released" by "nova.context.set_target_cell..get_or_set_cached_cell_and_set_connections" :: held 0.001s {{(pid=106659) inner /opt/stack/data/venv/lib/python3.12/site-packages/oslo_concurrency/lockutils.py:544}}
Jul 23 05:31:26.794450 np0000186250 devstack@n-api-meta.service[106657]: DEBUG oslo_concurrency.lockutils [None req-1f209433-e9b1-42b9-bf9e-c14cd3fd4617 None None] Acquiring lock "0ebe9bf6-937c-4ddc-9fe1-8fd99e264b52" by "nova.context.set_target_cell..get_or_set_cached_cell_and_set_connections" {{(pid=106657) inner /opt/stack/data/venv/lib/python3.12/site-packages/oslo_concurrency/lockutils.py:512}}
Jul 23 05:31:26.794596 np0000186250 devstack@n-api-meta.service[106657]: DEBUG oslo_concurrency.lockutils [None req-1f209433-e9b1-42b9-bf9e-c14cd3fd4617 None None] Lock "0ebe9bf6-937c-4ddc-9fe1-8fd99e264b52" acquired by "nova.context.set_target_cell..get_or_set_cached_cell_and_set_connections" :: waited 0.000s {{(pid=106657) inner /opt/stack/data/venv/lib/python3.12/site-packages/oslo_concurrency/lockutils.py:525}}
Jul 23 05:31:26.795425 np0000186250 devstack@n-api-meta.service[106657]: DEBUG oslo_concurrency.lockutils [None req-1f209433-e9b1-42b9-bf9e-c14cd3fd4617 None None] Lock "0ebe9bf6-937c-4ddc-9fe1-8fd99e264b52" "released" by "nova.context.set_target_cell..get_or_set_cached_cell_and_set_connections" :: held 0.001s {{(pid=106657) inner /opt/stack/data/venv/lib/python3.12/site-packages/oslo_concurrency/lockutils.py:544}}
Jul 23 05:31:26.797299 np0000186250 devstack@n-api-meta.service[106659]: INFO dbcounter [None req-84ce142d-3613-45bb-8c4b-4e86e0ae1a59 None None] Registered counter for database nova_cell0
Jul 23 05:31:26.798817 np0000186250 devstack@n-api-meta.service[106657]: INFO dbcounter [None req-1f209433-e9b1-42b9-bf9e-c14cd3fd4617 None None] Registered counter for database nova_cell0
Jul 23 05:31:26.804926 np0000186250 devstack@n-api-meta.service[106659]: INFO dbcounter [None req-84ce142d-3613-45bb-8c4b-4e86e0ae1a59 None None] Registered counter for database nova_cell1
Jul 23 05:31:26.805411 np0000186250 devstack@n-api-meta.service[106657]: INFO dbcounter [None req-1f209433-e9b1-42b9-bf9e-c14cd3fd4617 None None] Registered counter for database nova_cell1
Jul 23 05:31:26.828090 np0000186250 devstack@n-api-meta.service[106656]: DEBUG oslo_db.sqlalchemy.engines [None req-4a4631a7-b944-4e53-bb8b-a923bc14b1a0 None None] MySQL server mode set to STRICT_TRANS_TABLES,STRICT_ALL_TABLES,NO_ZERO_IN_DATE,NO_ZERO_DATE,ERROR_FOR_DIVISION_BY_ZERO,TRADITIONAL,NO_ENGINE_SUBSTITUTION {{(pid=106656) _check_effective_sql_mode /opt/stack/data/venv/lib/python3.12/site-packages/oslo_db/sqlalchemy/engines.py:325}}
Jul 23 05:31:26.829320 np0000186250 devstack@n-api-meta.service[106658]: DEBUG oslo_db.sqlalchemy.engines [None req-227000c2-36e3-47e4-85c6-5862f6e2a0da None None] MySQL server mode set to STRICT_TRANS_TABLES,STRICT_ALL_TABLES,NO_ZERO_IN_DATE,NO_ZERO_DATE,ERROR_FOR_DIVISION_BY_ZERO,TRADITIONAL,NO_ENGINE_SUBSTITUTION {{(pid=106658) _check_effective_sql_mode /opt/stack/data/venv/lib/python3.12/site-packages/oslo_db/sqlalchemy/engines.py:325}}
Jul 23 05:31:26.833138 np0000186250 devstack@n-api-meta.service[106658]: DEBUG oslo_db.sqlalchemy.engines [None req-227000c2-36e3-47e4-85c6-5862f6e2a0da None None] MySQL server mode set to STRICT_TRANS_TABLES,STRICT_ALL_TABLES,NO_ZERO_IN_DATE,NO_ZERO_DATE,ERROR_FOR_DIVISION_BY_ZERO,TRADITIONAL,NO_ENGINE_SUBSTITUTION {{(pid=106658) _check_effective_sql_mode /opt/stack/data/venv/lib/python3.12/site-packages/oslo_db/sqlalchemy/engines.py:325}}
Jul 23 05:31:26.858093 np0000186250 devstack@n-api-meta.service[106657]: DEBUG oslo_db.sqlalchemy.engines [None req-1f209433-e9b1-42b9-bf9e-c14cd3fd4617 None None] MySQL server mode set to STRICT_TRANS_TABLES,STRICT_ALL_TABLES,NO_ZERO_IN_DATE,NO_ZERO_DATE,ERROR_FOR_DIVISION_BY_ZERO,TRADITIONAL,NO_ENGINE_SUBSTITUTION {{(pid=106657) _check_effective_sql_mode /opt/stack/data/venv/lib/python3.12/site-packages/oslo_db/sqlalchemy/engines.py:325}}
Jul 23 05:31:26.862324 np0000186250 devstack@n-api-meta.service[106657]: DEBUG oslo_db.sqlalchemy.engines [None req-1f209433-e9b1-42b9-bf9e-c14cd3fd4617 None None] MySQL server mode set to STRICT_TRANS_TABLES,STRICT_ALL_TABLES,NO_ZERO_IN_DATE,NO_ZERO_DATE,ERROR_FOR_DIVISION_BY_ZERO,TRADITIONAL,NO_ENGINE_SUBSTITUTION {{(pid=106657) _check_effective_sql_mode /opt/stack/data/venv/lib/python3.12/site-packages/oslo_db/sqlalchemy/engines.py:325}}
Jul 23 05:31:26.868911 np0000186250 devstack@n-api-meta.service[106659]: DEBUG oslo_db.sqlalchemy.engines [None req-84ce142d-3613-45bb-8c4b-4e86e0ae1a59 None None] MySQL server mode set to STRICT_TRANS_TABLES,STRICT_ALL_TABLES,NO_ZERO_IN_DATE,NO_ZERO_DATE,ERROR_FOR_DIVISION_BY_ZERO,TRADITIONAL,NO_ENGINE_SUBSTITUTION {{(pid=106659) _check_effective_sql_mode /opt/stack/data/venv/lib/python3.12/site-packages/oslo_db/sqlalchemy/engines.py:325}}
Jul 23 05:31:26.875387 np0000186250 devstack@n-api-meta.service[106659]: DEBUG oslo_db.sqlalchemy.engines [None req-84ce142d-3613-45bb-8c4b-4e86e0ae1a59 None None] MySQL server mode set to STRICT_TRANS_TABLES,STRICT_ALL_TABLES,NO_ZERO_IN_DATE,NO_ZERO_DATE,ERROR_FOR_DIVISION_BY_ZERO,TRADITIONAL,NO_ENGINE_SUBSTITUTION {{(pid=106659) _check_effective_sql_mode /opt/stack/data/venv/lib/python3.12/site-packages/oslo_db/sqlalchemy/engines.py:325}}
Jul 23 05:31:26.878403 np0000186250 devstack@n-api-meta.service[106656]: DEBUG dbcounter [-] [106656] Writer thread running {{(pid=106656) stat_writer /opt/stack/data/venv/lib/python3.12/site-packages/dbcounter.py:102}}
Jul 23 05:31:26.886689 np0000186250 devstack@n-api-meta.service[106656]: DEBUG dbcounter [-] [106656] Writer thread running {{(pid=106656) stat_writer /opt/stack/data/venv/lib/python3.12/site-packages/dbcounter.py:102}}
Jul 23 05:31:26.891478 np0000186250 devstack@n-api-meta.service[106656]: INFO dbcounter [None req-4a4631a7-b944-4e53-bb8b-a923bc14b1a0 None None] Registered counter for database nova_cell0
Jul 23 05:31:26.914884 np0000186250 devstack@n-api-meta.service[106658]: DEBUG dbcounter [-] [106658] Writer thread running {{(pid=106658) stat_writer /opt/stack/data/venv/lib/python3.12/site-packages/dbcounter.py:102}}
Jul 23 05:31:26.921732 np0000186250 devstack@n-api-meta.service[106658]: DEBUG dbcounter [-] [106658] Writer thread running {{(pid=106658) stat_writer /opt/stack/data/venv/lib/python3.12/site-packages/dbcounter.py:102}}
Jul 23 05:31:26.927770 np0000186250 devstack@n-api-meta.service[106658]: INFO dbcounter [None req-227000c2-36e3-47e4-85c6-5862f6e2a0da None None] Registered counter for database nova_cell0
Jul 23 05:31:26.933209 np0000186250 devstack@n-api-meta.service[106656]: DEBUG oslo_db.sqlalchemy.engines [None req-4a4631a7-b944-4e53-bb8b-a923bc14b1a0 None None] MySQL server mode set to STRICT_TRANS_TABLES,STRICT_ALL_TABLES,NO_ZERO_IN_DATE,NO_ZERO_DATE,ERROR_FOR_DIVISION_BY_ZERO,TRADITIONAL,NO_ENGINE_SUBSTITUTION {{(pid=106656) _check_effective_sql_mode /opt/stack/data/venv/lib/python3.12/site-packages/oslo_db/sqlalchemy/engines.py:325}}
Jul 23 05:31:26.941537 np0000186250 devstack@n-api-meta.service[106656]: DEBUG dbcounter [-] [106656] Writer thread running {{(pid=106656) stat_writer /opt/stack/data/venv/lib/python3.12/site-packages/dbcounter.py:102}}
Jul 23 05:31:26.945772 np0000186250 devstack@n-api-meta.service[106657]: DEBUG dbcounter [-] [106657] Writer thread running {{(pid=106657) stat_writer /opt/stack/data/venv/lib/python3.12/site-packages/dbcounter.py:102}}
Jul 23 05:31:26.952627 np0000186250 devstack@n-api-meta.service[106657]: DEBUG dbcounter [-] [106657] Writer thread running {{(pid=106657) stat_writer /opt/stack/data/venv/lib/python3.12/site-packages/dbcounter.py:102}}
Jul 23 05:31:26.957890 np0000186250 devstack@n-api-meta.service[106657]: INFO dbcounter [None req-1f209433-e9b1-42b9-bf9e-c14cd3fd4617 None None] Registered counter for database nova_cell0
Jul 23 05:31:26.965948 np0000186250 devstack@n-api-meta.service[106659]: DEBUG dbcounter [-] [106659] Writer thread running {{(pid=106659) stat_writer /opt/stack/data/venv/lib/python3.12/site-packages/dbcounter.py:102}}
Jul 23 05:31:26.973009 np0000186250 devstack@n-api-meta.service[106659]: DEBUG dbcounter [-] [106659] Writer thread running {{(pid=106659) stat_writer /opt/stack/data/venv/lib/python3.12/site-packages/dbcounter.py:102}}
Jul 23 05:31:26.977128 np0000186250 devstack@n-api-meta.service[106659]: INFO dbcounter [None req-84ce142d-3613-45bb-8c4b-4e86e0ae1a59 None None] Registered counter for database nova_cell0
Jul 23 05:31:26.982242 np0000186250 devstack@n-api-meta.service[106658]: DEBUG oslo_db.sqlalchemy.engines [None req-227000c2-36e3-47e4-85c6-5862f6e2a0da None None] MySQL server mode set to STRICT_TRANS_TABLES,STRICT_ALL_TABLES,NO_ZERO_IN_DATE,NO_ZERO_DATE,ERROR_FOR_DIVISION_BY_ZERO,TRADITIONAL,NO_ENGINE_SUBSTITUTION {{(pid=106658) _check_effective_sql_mode /opt/stack/data/venv/lib/python3.12/site-packages/oslo_db/sqlalchemy/engines.py:325}}
Jul 23 05:31:26.987521 np0000186250 devstack@n-api-meta.service[106656]: WARNING nova.api.metadata.handler [None req-4a4631a7-b944-4e53-bb8b-a923bc14b1a0 None None] metadata_proxy_shared_secret is not configured, the metadata information returned by the proxy cannot be trusted
Jul 23 05:31:26.989935 np0000186250 devstack@n-api-meta.service[106656]: DEBUG nova.api.openstack.wsgi_app [None req-4a4631a7-b944-4e53-bb8b-a923bc14b1a0 None None] ******************************************************************************** {{(pid=106656) log_opt_values /opt/stack/data/venv/lib/python3.12/site-packages/oslo_config/cfg.py:3226}}
Jul 23 05:31:26.990022 np0000186250 devstack@n-api-meta.service[106656]: DEBUG nova.api.openstack.wsgi_app [None req-4a4631a7-b944-4e53-bb8b-a923bc14b1a0 None None] Configuration options gathered from: {{(pid=106656) log_opt_values /opt/stack/data/venv/lib/python3.12/site-packages/oslo_config/cfg.py:3227}}
Jul 23 05:31:26.990145 np0000186250 devstack@n-api-meta.service[106656]: DEBUG nova.api.openstack.wsgi_app [None req-4a4631a7-b944-4e53-bb8b-a923bc14b1a0 None None] command line args: [] {{(pid=106656) log_opt_values /opt/stack/data/venv/lib/python3.12/site-packages/oslo_config/cfg.py:3228}}
Jul 23 05:31:26.990323 np0000186250 devstack@n-api-meta.service[106656]: DEBUG nova.api.openstack.wsgi_app [None req-4a4631a7-b944-4e53-bb8b-a923bc14b1a0 None None] config files: ['/etc/nova/api-paste.ini', '/etc/nova/nova.conf'] {{(pid=106656) log_opt_values /opt/stack/data/venv/lib/python3.12/site-packages/oslo_config/cfg.py:3229}}
Jul 23 05:31:26.990442 np0000186250 devstack@n-api-meta.service[106656]: DEBUG nova.api.openstack.wsgi_app [None req-4a4631a7-b944-4e53-bb8b-a923bc14b1a0 None None] ================================================================================ {{(pid=106656) log_opt_values /opt/stack/data/venv/lib/python3.12/site-packages/oslo_config/cfg.py:3234}}
Jul 23 05:31:26.991246 np0000186250 devstack@n-api-meta.service[106656]: DEBUG nova.api.openstack.wsgi_app [None req-4a4631a7-b944-4e53-bb8b-a923bc14b1a0 None None] allow_resize_to_same_host = True {{(pid=106656) log_opt_values /opt/stack/data/venv/lib/python3.12/site-packages/oslo_config/cfg.py:3242}}
Jul 23 05:31:26.991246 np0000186250 devstack@n-api-meta.service[106656]: DEBUG nova.api.openstack.wsgi_app [None req-4a4631a7-b944-4e53-bb8b-a923bc14b1a0 None None] arq_binding_timeout = 300 {{(pid=106656) log_opt_values /opt/stack/data/venv/lib/python3.12/site-packages/oslo_config/cfg.py:3242}}
Jul 23 05:31:26.991246 np0000186250 devstack@n-api-meta.service[106656]: DEBUG nova.api.openstack.wsgi_app [None req-4a4631a7-b944-4e53-bb8b-a923bc14b1a0 None None] block_device_allocate_retries = 60 {{(pid=106656) log_opt_values /opt/stack/data/venv/lib/python3.12/site-packages/oslo_config/cfg.py:3242}}
Jul 23 05:31:26.991246 np0000186250 devstack@n-api-meta.service[106656]: DEBUG nova.api.openstack.wsgi_app [None req-4a4631a7-b944-4e53-bb8b-a923bc14b1a0 None None] block_device_allocate_retries_interval = 3 {{(pid=106656) log_opt_values /opt/stack/data/venv/lib/python3.12/site-packages/oslo_config/cfg.py:3242}}
Jul 23 05:31:26.991246 np0000186250 devstack@n-api-meta.service[106656]: DEBUG nova.api.openstack.wsgi_app [None req-4a4631a7-b944-4e53-bb8b-a923bc14b1a0 None None] cell_worker_thread_pool_size = 5 {{(pid=106656) log_opt_values /opt/stack/data/venv/lib/python3.12/site-packages/oslo_config/cfg.py:3242}}
Jul 23 05:31:26.991540 np0000186250 devstack@n-api-meta.service[106658]: DEBUG dbcounter [-] [106658] Writer thread running {{(pid=106658) stat_writer /opt/stack/data/venv/lib/python3.12/site-packages/dbcounter.py:102}}
Jul 23 05:31:26.991594 np0000186250 devstack@n-api-meta.service[106656]: DEBUG nova.api.openstack.wsgi_app [None req-4a4631a7-b944-4e53-bb8b-a923bc14b1a0 None None] cert = self.pem {{(pid=106656) log_opt_values /opt/stack/data/venv/lib/python3.12/site-packages/oslo_config/cfg.py:3242}}
Jul 23 05:31:26.991594 np0000186250 devstack@n-api-meta.service[106656]: DEBUG nova.api.openstack.wsgi_app [None req-4a4631a7-b944-4e53-bb8b-a923bc14b1a0 None None] compute_driver = libvirt.LibvirtDriver {{(pid=106656) log_opt_values /opt/stack/data/venv/lib/python3.12/site-packages/oslo_config/cfg.py:3242}}
Jul 23 05:31:26.991594 np0000186250 devstack@n-api-meta.service[106656]: DEBUG nova.api.openstack.wsgi_app [None req-4a4631a7-b944-4e53-bb8b-a923bc14b1a0 None None] compute_monitors = [] {{(pid=106656) log_opt_values /opt/stack/data/venv/lib/python3.12/site-packages/oslo_config/cfg.py:3242}}
Jul 23 05:31:26.991758 np0000186250 devstack@n-api-meta.service[106656]: DEBUG nova.api.openstack.wsgi_app [None req-4a4631a7-b944-4e53-bb8b-a923bc14b1a0 None None] concurrency_backend = auto {{(pid=106656) log_opt_values /opt/stack/data/venv/lib/python3.12/site-packages/oslo_config/cfg.py:3242}}
Jul 23 05:31:26.991758 np0000186250 devstack@n-api-meta.service[106656]: DEBUG nova.api.openstack.wsgi_app [None req-4a4631a7-b944-4e53-bb8b-a923bc14b1a0 None None] config_dir = [] {{(pid=106656) log_opt_values /opt/stack/data/venv/lib/python3.12/site-packages/oslo_config/cfg.py:3242}}
Jul 23 05:31:26.991911 np0000186250 devstack@n-api-meta.service[106656]: DEBUG nova.api.openstack.wsgi_app [None req-4a4631a7-b944-4e53-bb8b-a923bc14b1a0 None None] config_drive_format = iso9660 {{(pid=106656) log_opt_values /opt/stack/data/venv/lib/python3.12/site-packages/oslo_config/cfg.py:3242}}
Jul 23 05:31:26.992018 np0000186250 devstack@n-api-meta.service[106656]: DEBUG nova.api.openstack.wsgi_app [None req-4a4631a7-b944-4e53-bb8b-a923bc14b1a0 None None] config_file = ['/etc/nova/api-paste.ini', '/etc/nova/nova.conf'] {{(pid=106656) log_opt_values /opt/stack/data/venv/lib/python3.12/site-packages/oslo_config/cfg.py:3242}}
Jul 23 05:31:26.992161 np0000186250 devstack@n-api-meta.service[106656]: DEBUG nova.api.openstack.wsgi_app [None req-4a4631a7-b944-4e53-bb8b-a923bc14b1a0 None None] config_source = [] {{(pid=106656) log_opt_values /opt/stack/data/venv/lib/python3.12/site-packages/oslo_config/cfg.py:3242}}
Jul 23 05:31:26.992293 np0000186250 devstack@n-api-meta.service[106656]: DEBUG nova.api.openstack.wsgi_app [None req-4a4631a7-b944-4e53-bb8b-a923bc14b1a0 None None] console_host = np0000186250 {{(pid=106656) log_opt_values /opt/stack/data/venv/lib/python3.12/site-packages/oslo_config/cfg.py:3242}}
Jul 23 05:31:26.992596 np0000186250 devstack@n-api-meta.service[106656]: DEBUG nova.api.openstack.wsgi_app [None req-4a4631a7-b944-4e53-bb8b-a923bc14b1a0 None None] control_exchange = nova {{(pid=106656) log_opt_values /opt/stack/data/venv/lib/python3.12/site-packages/oslo_config/cfg.py:3242}}
Jul 23 05:31:26.992596 np0000186250 devstack@n-api-meta.service[106656]: DEBUG nova.api.openstack.wsgi_app [None req-4a4631a7-b944-4e53-bb8b-a923bc14b1a0 None None] cpu_allocation_ratio = None {{(pid=106656) log_opt_values /opt/stack/data/venv/lib/python3.12/site-packages/oslo_config/cfg.py:3242}}
Jul 23 05:31:26.992789 np0000186250 devstack@n-api-meta.service[106656]: DEBUG nova.api.openstack.wsgi_app [None req-4a4631a7-b944-4e53-bb8b-a923bc14b1a0 None None] daemon = False {{(pid=106656) log_opt_values /opt/stack/data/venv/lib/python3.12/site-packages/oslo_config/cfg.py:3242}}
Jul 23 05:31:26.992789 np0000186250 devstack@n-api-meta.service[106656]: DEBUG nova.api.openstack.wsgi_app [None req-4a4631a7-b944-4e53-bb8b-a923bc14b1a0 None None] debug = True {{(pid=106656) log_opt_values /opt/stack/data/venv/lib/python3.12/site-packages/oslo_config/cfg.py:3242}}
Jul 23 05:31:26.992980 np0000186250 devstack@n-api-meta.service[106656]: DEBUG nova.api.openstack.wsgi_app [None req-4a4631a7-b944-4e53-bb8b-a923bc14b1a0 None None] default_access_ip_network_name = None {{(pid=106656) log_opt_values /opt/stack/data/venv/lib/python3.12/site-packages/oslo_config/cfg.py:3242}}
Jul 23 05:31:26.993098 np0000186250 devstack@n-api-meta.service[106656]: DEBUG nova.api.openstack.wsgi_app [None req-4a4631a7-b944-4e53-bb8b-a923bc14b1a0 None None] default_availability_zone = nova {{(pid=106656) log_opt_values /opt/stack/data/venv/lib/python3.12/site-packages/oslo_config/cfg.py:3242}}
Jul 23 05:31:26.993200 np0000186250 devstack@n-api-meta.service[106656]: DEBUG nova.api.openstack.wsgi_app [None req-4a4631a7-b944-4e53-bb8b-a923bc14b1a0 None None] default_ephemeral_format = ext4 {{(pid=106656) log_opt_values /opt/stack/data/venv/lib/python3.12/site-packages/oslo_config/cfg.py:3242}}
Jul 23 05:31:26.993429 np0000186250 devstack@n-api-meta.service[106656]: DEBUG nova.api.openstack.wsgi_app [None req-4a4631a7-b944-4e53-bb8b-a923bc14b1a0 None None] default_green_pool_size = 1000 {{(pid=106656) log_opt_values /opt/stack/data/venv/lib/python3.12/site-packages/oslo_config/cfg.py:3242}}
Jul 23 05:31:26.993605 np0000186250 devstack@n-api-meta.service[106656]: DEBUG nova.api.openstack.wsgi_app [None req-4a4631a7-b944-4e53-bb8b-a923bc14b1a0 None None] default_log_levels = ['amqp=WARN', 'boto=WARN', 'sqlalchemy=WARN', 'suds=INFO', 'oslo.messaging=INFO', 'oslo_messaging=INFO', 'iso8601=WARN', 'requests.packages.urllib3.connectionpool=WARN', 'urllib3.connectionpool=WARN', 'websocket=WARN', 'requests.packages.urllib3.util.retry=WARN', 'urllib3.util.retry=WARN', 'keystonemiddleware=WARN', 'routes.middleware=WARN', 'stevedore=WARN', 'taskflow=WARN', 'keystoneauth=WARN', 'oslo.cache=INFO', 'oslo_policy=INFO', 'dogpile.core.dogpile=INFO', 'glanceclient=WARN', 'oslo.privsep.daemon=INFO'] {{(pid=106656) log_opt_values /opt/stack/data/venv/lib/python3.12/site-packages/oslo_config/cfg.py:3242}}
Jul 23 05:31:26.993743 np0000186250 devstack@n-api-meta.service[106656]: DEBUG nova.api.openstack.wsgi_app [None req-4a4631a7-b944-4e53-bb8b-a923bc14b1a0 None None] default_schedule_zone = None {{(pid=106656) log_opt_values /opt/stack/data/venv/lib/python3.12/site-packages/oslo_config/cfg.py:3242}}
Jul 23 05:31:26.993826 np0000186250 devstack@n-api-meta.service[106656]: DEBUG nova.api.openstack.wsgi_app [None req-4a4631a7-b944-4e53-bb8b-a923bc14b1a0 None None] default_thread_pool_size = 10 {{(pid=106656) log_opt_values /opt/stack/data/venv/lib/python3.12/site-packages/oslo_config/cfg.py:3242}}
Jul 23 05:31:26.993966 np0000186250 devstack@n-api-meta.service[106656]: DEBUG nova.api.openstack.wsgi_app [None req-4a4631a7-b944-4e53-bb8b-a923bc14b1a0 None None] disk_allocation_ratio = None {{(pid=106656) log_opt_values /opt/stack/data/venv/lib/python3.12/site-packages/oslo_config/cfg.py:3242}}
Jul 23 05:31:26.994077 np0000186250 devstack@n-api-meta.service[106656]: DEBUG nova.api.openstack.wsgi_app [None req-4a4631a7-b944-4e53-bb8b-a923bc14b1a0 None None] enable_new_services = True {{(pid=106656) log_opt_values /opt/stack/data/venv/lib/python3.12/site-packages/oslo_config/cfg.py:3242}}
Jul 23 05:31:26.994216 np0000186250 devstack@n-api-meta.service[106656]: DEBUG nova.api.openstack.wsgi_app [None req-4a4631a7-b944-4e53-bb8b-a923bc14b1a0 None None] flat_injected = False {{(pid=106656) log_opt_values /opt/stack/data/venv/lib/python3.12/site-packages/oslo_config/cfg.py:3242}}
Jul 23 05:31:26.994396 np0000186250 devstack@n-api-meta.service[106656]: DEBUG nova.api.openstack.wsgi_app [None req-4a4631a7-b944-4e53-bb8b-a923bc14b1a0 None None] force_config_drive = False {{(pid=106656) log_opt_values /opt/stack/data/venv/lib/python3.12/site-packages/oslo_config/cfg.py:3242}}
Jul 23 05:31:26.994597 np0000186250 devstack@n-api-meta.service[106656]: DEBUG nova.api.openstack.wsgi_app [None req-4a4631a7-b944-4e53-bb8b-a923bc14b1a0 None None] force_raw_images = True {{(pid=106656) log_opt_values /opt/stack/data/venv/lib/python3.12/site-packages/oslo_config/cfg.py:3242}}
Jul 23 05:31:26.994645 np0000186250 devstack@n-api-meta.service[106656]: DEBUG nova.api.openstack.wsgi_app [None req-4a4631a7-b944-4e53-bb8b-a923bc14b1a0 None None] graceful_shutdown_timeout = 5 {{(pid=106656) log_opt_values /opt/stack/data/venv/lib/python3.12/site-packages/oslo_config/cfg.py:3242}}
Jul 23 05:31:26.994788 np0000186250 devstack@n-api-meta.service[106656]: DEBUG nova.api.openstack.wsgi_app [None req-4a4631a7-b944-4e53-bb8b-a923bc14b1a0 None None] heal_instance_info_cache_interval = -1 {{(pid=106656) log_opt_values /opt/stack/data/venv/lib/python3.12/site-packages/oslo_config/cfg.py:3242}}
Jul 23 05:31:26.994977 np0000186250 devstack@n-api-meta.service[106656]: DEBUG nova.api.openstack.wsgi_app [None req-4a4631a7-b944-4e53-bb8b-a923bc14b1a0 None None] host = np0000186250 {{(pid=106656) log_opt_values /opt/stack/data/venv/lib/python3.12/site-packages/oslo_config/cfg.py:3242}}
Jul 23 05:31:26.995106 np0000186250 devstack@n-api-meta.service[106656]: DEBUG nova.api.openstack.wsgi_app [None req-4a4631a7-b944-4e53-bb8b-a923bc14b1a0 None None] initial_cpu_allocation_ratio = 4.0 {{(pid=106656) log_opt_values /opt/stack/data/venv/lib/python3.12/site-packages/oslo_config/cfg.py:3242}}
Jul 23 05:31:26.995241 np0000186250 devstack@n-api-meta.service[106656]: DEBUG nova.api.openstack.wsgi_app [None req-4a4631a7-b944-4e53-bb8b-a923bc14b1a0 None None] initial_disk_allocation_ratio = 1.0 {{(pid=106656) log_opt_values /opt/stack/data/venv/lib/python3.12/site-packages/oslo_config/cfg.py:3242}}
Jul 23 05:31:26.995389 np0000186250 devstack@n-api-meta.service[106656]: DEBUG nova.api.openstack.wsgi_app [None req-4a4631a7-b944-4e53-bb8b-a923bc14b1a0 None None] initial_ram_allocation_ratio = 1.0 {{(pid=106656) log_opt_values /opt/stack/data/venv/lib/python3.12/site-packages/oslo_config/cfg.py:3242}}
Jul 23 05:31:26.995566 np0000186250 devstack@n-api-meta.service[106656]: DEBUG nova.api.openstack.wsgi_app [None req-4a4631a7-b944-4e53-bb8b-a923bc14b1a0 None None] injected_network_template = /opt/stack/nova/nova/virt/interfaces.template {{(pid=106656) log_opt_values /opt/stack/data/venv/lib/python3.12/site-packages/oslo_config/cfg.py:3242}}
Jul 23 05:31:26.995704 np0000186250 devstack@n-api-meta.service[106656]: DEBUG nova.api.openstack.wsgi_app [None req-4a4631a7-b944-4e53-bb8b-a923bc14b1a0 None None] instance_build_timeout = 0 {{(pid=106656) log_opt_values /opt/stack/data/venv/lib/python3.12/site-packages/oslo_config/cfg.py:3242}}
Jul 23 05:31:26.995834 np0000186250 devstack@n-api-meta.service[106656]: DEBUG nova.api.openstack.wsgi_app [None req-4a4631a7-b944-4e53-bb8b-a923bc14b1a0 None None] instance_delete_interval = 300 {{(pid=106656) log_opt_values /opt/stack/data/venv/lib/python3.12/site-packages/oslo_config/cfg.py:3242}}
Jul 23 05:31:26.995969 np0000186250 devstack@n-api-meta.service[106656]: DEBUG nova.api.openstack.wsgi_app [None req-4a4631a7-b944-4e53-bb8b-a923bc14b1a0 None None] instance_format = [instance: %(uuid)s] {{(pid=106656) log_opt_values /opt/stack/data/venv/lib/python3.12/site-packages/oslo_config/cfg.py:3242}}
Jul 23 05:31:26.996101 np0000186250 devstack@n-api-meta.service[106656]: DEBUG nova.api.openstack.wsgi_app [None req-4a4631a7-b944-4e53-bb8b-a923bc14b1a0 None None] instance_name_template = instance-%08x {{(pid=106656) log_opt_values /opt/stack/data/venv/lib/python3.12/site-packages/oslo_config/cfg.py:3242}}
Jul 23 05:31:26.996229 np0000186250 devstack@n-api-meta.service[106656]: DEBUG nova.api.openstack.wsgi_app [None req-4a4631a7-b944-4e53-bb8b-a923bc14b1a0 None None] instance_usage_audit = False {{(pid=106656) log_opt_values /opt/stack/data/venv/lib/python3.12/site-packages/oslo_config/cfg.py:3242}}
Jul 23 05:31:26.996382 np0000186250 devstack@n-api-meta.service[106656]: DEBUG nova.api.openstack.wsgi_app [None req-4a4631a7-b944-4e53-bb8b-a923bc14b1a0 None None] instance_usage_audit_period = month {{(pid=106656) log_opt_values /opt/stack/data/venv/lib/python3.12/site-packages/oslo_config/cfg.py:3242}}
Jul 23 05:31:26.996518 np0000186250 devstack@n-api-meta.service[106656]: DEBUG nova.api.openstack.wsgi_app [None req-4a4631a7-b944-4e53-bb8b-a923bc14b1a0 None None] instance_uuid_format = [instance: %(uuid)s] {{(pid=106656) log_opt_values /opt/stack/data/venv/lib/python3.12/site-packages/oslo_config/cfg.py:3242}}
Jul 23 05:31:26.996705 np0000186250 devstack@n-api-meta.service[106656]: DEBUG nova.api.openstack.wsgi_app [None req-4a4631a7-b944-4e53-bb8b-a923bc14b1a0 None None] instances_path = /opt/stack/data/nova/instances {{(pid=106656) log_opt_values /opt/stack/data/venv/lib/python3.12/site-packages/oslo_config/cfg.py:3242}}
Jul 23 05:31:26.996846 np0000186250 devstack@n-api-meta.service[106656]: DEBUG nova.api.openstack.wsgi_app [None req-4a4631a7-b944-4e53-bb8b-a923bc14b1a0 None None] internal_service_availability_zone = internal {{(pid=106656) log_opt_values /opt/stack/data/venv/lib/python3.12/site-packages/oslo_config/cfg.py:3242}}
Jul 23 05:31:26.996973 np0000186250 devstack@n-api-meta.service[106656]: DEBUG nova.api.openstack.wsgi_app [None req-4a4631a7-b944-4e53-bb8b-a923bc14b1a0 None None] key = None {{(pid=106656) log_opt_values /opt/stack/data/venv/lib/python3.12/site-packages/oslo_config/cfg.py:3242}}
Jul 23 05:31:26.997106 np0000186250 devstack@n-api-meta.service[106656]: DEBUG nova.api.openstack.wsgi_app [None req-4a4631a7-b944-4e53-bb8b-a923bc14b1a0 None None] live_migration_retry_count = 30 {{(pid=106656) log_opt_values /opt/stack/data/venv/lib/python3.12/site-packages/oslo_config/cfg.py:3242}}
Jul 23 05:31:26.997243 np0000186250 devstack@n-api-meta.service[106656]: DEBUG nova.api.openstack.wsgi_app [None req-4a4631a7-b944-4e53-bb8b-a923bc14b1a0 None None] log_color = False {{(pid=106656) log_opt_values /opt/stack/data/venv/lib/python3.12/site-packages/oslo_config/cfg.py:3242}}
Jul 23 05:31:26.997419 np0000186250 devstack@n-api-meta.service[106656]: DEBUG nova.api.openstack.wsgi_app [None req-4a4631a7-b944-4e53-bb8b-a923bc14b1a0 None None] log_config_append = None {{(pid=106656) log_opt_values /opt/stack/data/venv/lib/python3.12/site-packages/oslo_config/cfg.py:3242}}
Jul 23 05:31:26.997558 np0000186250 devstack@n-api-meta.service[106656]: DEBUG nova.api.openstack.wsgi_app [None req-4a4631a7-b944-4e53-bb8b-a923bc14b1a0 None None] log_date_format = %Y-%m-%d %H:%M:%S {{(pid=106656) log_opt_values /opt/stack/data/venv/lib/python3.12/site-packages/oslo_config/cfg.py:3242}}
Jul 23 05:31:26.997689 np0000186250 devstack@n-api-meta.service[106656]: DEBUG nova.api.openstack.wsgi_app [None req-4a4631a7-b944-4e53-bb8b-a923bc14b1a0 None None] log_dir = None {{(pid=106656) log_opt_values /opt/stack/data/venv/lib/python3.12/site-packages/oslo_config/cfg.py:3242}}
Jul 23 05:31:26.997820 np0000186250 devstack@n-api-meta.service[106656]: DEBUG nova.api.openstack.wsgi_app [None req-4a4631a7-b944-4e53-bb8b-a923bc14b1a0 None None] log_file = None {{(pid=106656) log_opt_values /opt/stack/data/venv/lib/python3.12/site-packages/oslo_config/cfg.py:3242}}
Jul 23 05:31:26.997924 np0000186250 devstack@n-api-meta.service[106656]: DEBUG nova.api.openstack.wsgi_app [None req-4a4631a7-b944-4e53-bb8b-a923bc14b1a0 None None] log_options = True {{(pid=106656) log_opt_values /opt/stack/data/venv/lib/python3.12/site-packages/oslo_config/cfg.py:3242}}
Jul 23 05:31:26.998053 np0000186250 devstack@n-api-meta.service[106656]: DEBUG nova.api.openstack.wsgi_app [None req-4a4631a7-b944-4e53-bb8b-a923bc14b1a0 None None] log_rotate_interval = 1 {{(pid=106656) log_opt_values /opt/stack/data/venv/lib/python3.12/site-packages/oslo_config/cfg.py:3242}}
Jul 23 05:31:26.998190 np0000186250 devstack@n-api-meta.service[106656]: DEBUG nova.api.openstack.wsgi_app [None req-4a4631a7-b944-4e53-bb8b-a923bc14b1a0 None None] log_rotate_interval_type = days {{(pid=106656) log_opt_values /opt/stack/data/venv/lib/python3.12/site-packages/oslo_config/cfg.py:3242}}
Jul 23 05:31:26.998345 np0000186250 devstack@n-api-meta.service[106656]: DEBUG nova.api.openstack.wsgi_app [None req-4a4631a7-b944-4e53-bb8b-a923bc14b1a0 None None] log_rotation_type = none {{(pid=106656) log_opt_values /opt/stack/data/venv/lib/python3.12/site-packages/oslo_config/cfg.py:3242}}
Jul 23 05:31:26.998451 np0000186250 devstack@n-api-meta.service[106656]: DEBUG nova.api.openstack.wsgi_app [None req-4a4631a7-b944-4e53-bb8b-a923bc14b1a0 None None] logging_context_format_string = %(color)s%(levelname)s %(name)s [%(global_request_id)s %(request_id)s %(project_name)s %(user_name)s%(color)s] %(instance)s%(color)s%(message)s {{(pid=106656) log_opt_values /opt/stack/data/venv/lib/python3.12/site-packages/oslo_config/cfg.py:3242}}
Jul 23 05:31:26.998556 np0000186250 devstack@n-api-meta.service[106656]: DEBUG nova.api.openstack.wsgi_app [None req-4a4631a7-b944-4e53-bb8b-a923bc14b1a0 None None] logging_debug_format_suffix = {{(pid=%(process)d) %(funcName)s %(pathname)s:%(lineno)d}} {{(pid=106656) log_opt_values /opt/stack/data/venv/lib/python3.12/site-packages/oslo_config/cfg.py:3242}}
Jul 23 05:31:26.998691 np0000186250 devstack@n-api-meta.service[106657]: DEBUG oslo_db.sqlalchemy.engines [None req-1f209433-e9b1-42b9-bf9e-c14cd3fd4617 None None] MySQL server mode set to STRICT_TRANS_TABLES,STRICT_ALL_TABLES,NO_ZERO_IN_DATE,NO_ZERO_DATE,ERROR_FOR_DIVISION_BY_ZERO,TRADITIONAL,NO_ENGINE_SUBSTITUTION {{(pid=106657) _check_effective_sql_mode /opt/stack/data/venv/lib/python3.12/site-packages/oslo_db/sqlalchemy/engines.py:325}}
