2026-07-16 01:39:18.113 7 WARNING neutron.api.v2.base [None req-36cf5df3-aa3f-4e2c-a4c7-fa23018ad7bb 1c8eeef7954349268eb2cc38588e045e 3201f5601a0a4aaa9170a77c3cf90bb9 - - default default] An exception happened while processing the request body. The exception message is [Invalid input for peer_cidrs. Reason: '1.0.0.0/33' is not a valid IP subnet.].: webob.exc.HTTPBadRequest: Invalid input for peer_cidrs. Reason: '1.0.0.0/33' is not a valid IP subnet.
2026-07-16 01:39:18.113 7 INFO neutron.api.v2.resource [None req-36cf5df3-aa3f-4e2c-a4c7-fa23018ad7bb 1c8eeef7954349268eb2cc38588e045e 3201f5601a0a4aaa9170a77c3cf90bb9 - - default default] create failed (client error): Invalid input for peer_cidrs. Reason: '1.0.0.0/33' is not a valid IP subnet. [pid: 7|app: 0|req: 1072/2112] 10.0.0.94 () {34 vars in 706 bytes} [Thu Jul 16 01:39:18 2026] POST /v2.0/vpn/ipsec-site-connections => generated 149 bytes in 7 msecs (HTTP/1.1 400) 4 headers in 166 bytes (1 switches on core 0)
2026-07-16 01:39:18.172 8 INFO neutron_taas.services.taas.taas_plugin [None req-b3a5ae9a-66ee-4e14-a7e3-a7ee03d6b96d 5460a2d41f8d46468ffdeb2f7b3d1e3c f54101ea12eb4c078d962d4e9f0c8b1a - - default default] TaaS: Handle Delete Port: d4e2c1db-363c-4a80-be7e-34f96c25c3d8
2026-07-16 01:39:18.175 8 INFO neutron_taas.services.taas.tap_mirror_plugin [None req-b3a5ae9a-66ee-4e14-a7e3-a7ee03d6b96d 5460a2d41f8d46468ffdeb2f7b3d1e3c f54101ea12eb4c078d962d4e9f0c8b1a - - default default] Tap Mirror: Handle Delete Port: d4e2c1db-363c-4a80-be7e-34f96c25c3d8
2026-07-16 01:39:18.205 7 INFO neutron.db.segments_db [None req-c1b2bf7c-ef48-4ef9-9f44-02eeb549b772 1c8eeef7954349268eb2cc38588e045e 3201f5601a0a4aaa9170a77c3cf90bb9 - - default default] Added segment 070a8f6d-0a0c-43c7-a9e6-b12f058a0f5d of type geneve for network 0ebca7cf-f4fd-45b9-a36c-05835851c3f7
2026-07-16 01:39:18.333 7 INFO neutron.db.ovn_revision_numbers_db [None req-c1b2bf7c-ef48-4ef9-9f44-02eeb549b772 1c8eeef7954349268eb2cc38588e045e 3201f5601a0a4aaa9170a77c3cf90bb9 - - default default] Successfully bumped revision number for resource 0ebca7cf-f4fd-45b9-a36c-05835851c3f7 (type: networks) to 1 [pid: 8|app: 0|req: 1041/2113] 10.0.0.94 () {32 vars in 725 bytes} [Thu Jul 16 01:39:18 2026] DELETE /v2.0/networks/89d59e10-d79a-4c77-920b-d78fc0d2c787 => generated 0 bytes in 323 msecs (HTTP/1.1 204) 3 headers in 131 bytes (1 switches on core 0) [pid: 8|app: 0|req: 1042/2114] 10.0.0.94 () {32 vars in 739 bytes} [Thu Jul 16 01:39:18 2026] DELETE /v2.0/security-groups/97e16a72-b99e-48e5-838b-223be365fd02 => generated 0 bytes in 127 msecs (HTTP/1.1 204) 2 headers in 112 bytes (1 switches on core 0)
2026-07-16 01:39:18.514 7 WARNING neutron.scheduler.dhcp_agent_scheduler [None req-c1b2bf7c-ef48-4ef9-9f44-02eeb549b772 1c8eeef7954349268eb2cc38588e045e 3201f5601a0a4aaa9170a77c3cf90bb9 - - default default] No more DHCP agents
2026-07-16 01:39:18.515 7 WARNING neutron.api.rpc.agentnotifiers.dhcp_rpc_agent_api [None req-c1b2bf7c-ef48-4ef9-9f44-02eeb549b772 1c8eeef7954349268eb2cc38588e045e 3201f5601a0a4aaa9170a77c3cf90bb9 - - default default] Unable to schedule network 0ebca7cf-f4fd-45b9-a36c-05835851c3f7: no agents available; will retry on subsequent port and subnet creation events.
2026-07-16 01:39:18.561 8 INFO neutron.plugins.ml2.drivers.ovn.mech_driver.mech_driver [None req-a0cbdda4-c011-40a9-a66d-8bf9d71fa8ef - - - - - -] OVN reports status down for port: 8d813182-3ec6-4c5d-8afd-a06b7e547862
2026-07-16 01:39:18.581 7 INFO neutron.db.ovn_revision_numbers_db [None req-c1b2bf7c-ef48-4ef9-9f44-02eeb549b772 1c8eeef7954349268eb2cc38588e045e 3201f5601a0a4aaa9170a77c3cf90bb9 - - default default] Successfully bumped revision number for resource 8d813182-3ec6-4c5d-8afd-a06b7e547862 (type: ports) to 1 [pid: 7|app: 0|req: 1073/2115] 10.0.0.94 () {34 vars in 669 bytes} [Thu Jul 16 01:39:18 2026] POST /v2.0/networks => generated 632 bytes in 485 msecs (HTTP/1.1 201) 4 headers in 162 bytes (1 switches on core 0)
2026-07-16 01:39:18.615 7 INFO neutron.api.v2.resource [None req-53e675b0-eaeb-4276-9650-8c3c7c80b08b e0f61cd13ca64d6a94a3e5f452fd3f24 15ac1df065f34f4ba2d6b90024f9ec88 - - default default] show failed (client error): The resource could not be found. [pid: 7|app: 0|req: 1074/2116] 10.0.0.94 () {32 vars in 736 bytes} [Thu Jul 16 01:39:18 2026] GET /v2.0/security-groups/97e16a72-b99e-48e5-838b-223be365fd02 => generated 146 bytes in 9 msecs (HTTP/1.1 404) 4 headers in 164 bytes (1 switches on core 0)
2026-07-16 01:39:18.686 8 INFO neutron_taas.services.taas.taas_plugin [None req-9499b951-2d50-4c90-ad62-fa5e5d284845 5460a2d41f8d46468ffdeb2f7b3d1e3c f54101ea12eb4c078d962d4e9f0c8b1a - - default default] TaaS: Handle Delete Port: a020a58f-7f95-404c-b5d2-acd0c3a519bb
2026-07-16 01:39:18.689 8 INFO neutron_taas.services.taas.tap_mirror_plugin [None req-9499b951-2d50-4c90-ad62-fa5e5d284845 5460a2d41f8d46468ffdeb2f7b3d1e3c f54101ea12eb4c078d962d4e9f0c8b1a - - default default] Tap Mirror: Handle Delete Port: a020a58f-7f95-404c-b5d2-acd0c3a519bb
2026-07-16 01:39:18.809 7 WARNING neutron.scheduler.dhcp_agent_scheduler [None req-78215770-533a-4729-8151-244abf9f3d0b 1c8eeef7954349268eb2cc38588e045e 3201f5601a0a4aaa9170a77c3cf90bb9 - - default default] No more DHCP agents
2026-07-16 01:39:18.810 7 WARNING neutron.api.rpc.agentnotifiers.dhcp_rpc_agent_api [None req-78215770-533a-4729-8151-244abf9f3d0b 1c8eeef7954349268eb2cc38588e045e 3201f5601a0a4aaa9170a77c3cf90bb9 - - default default] Unable to schedule network 0ebca7cf-f4fd-45b9-a36c-05835851c3f7: no agents available; will retry on subsequent port and subnet creation events. [pid: 8|app: 0|req: 1043/2117] 10.0.0.94 () {32 vars in 725 bytes} [Thu Jul 16 01:39:18 2026] DELETE /v2.0/networks/bad408a2-fbe1-4d1f-a9c3-295f22485bc4 => generated 0 bytes in 360 msecs (HTTP/1.1 204) 3 headers in 131 bytes (1 switches on core 0)
2026-07-16 01:39:18.976 8 INFO neutron_taas.services.taas.taas_plugin [None req-0f1a98ac-9f25-412d-b503-8bacc853c091 e0f61cd13ca64d6a94a3e5f452fd3f24 15ac1df065f34f4ba2d6b90024f9ec88 - - default default] TaaS: Handle Delete Port: 252ffedf-7720-4ecb-aecf-cb44c2db4097
2026-07-16 01:39:18.979 8 INFO neutron_taas.services.taas.tap_mirror_plugin [None req-0f1a98ac-9f25-412d-b503-8bacc853c091 e0f61cd13ca64d6a94a3e5f452fd3f24 15ac1df065f34f4ba2d6b90024f9ec88 - - default default] Tap Mirror: Handle Delete Port: 252ffedf-7720-4ecb-aecf-cb44c2db4097 [pid: 8|app: 0|req: 1044/2118] 10.0.0.94 () {32 vars in 731 bytes} [Thu Jul 16 01:39:18 2026] DELETE /v2.0/floatingips/54dd1565-2efc-4d4f-88c1-cc2d369e5a88 => generated 0 bytes in 259 msecs (HTTP/1.1 204) 2 headers in 112 bytes (1 switches on core 0)
2026-07-16 01:39:19.221 7 INFO neutron.db.ovn_revision_numbers_db [None req-20761103-4689-4dc0-88df-43c97937feca - - - - - -] Successfully bumped revision number for resource 8d813182-3ec6-4c5d-8afd-a06b7e547862 (type: ports) to 2
2026-07-16 01:39:19.244 8 INFO neutron_taas.services.taas.taas_plugin [None req-d838bca9-b720-48b5-a183-3d7714da8acd 5460a2d41f8d46468ffdeb2f7b3d1e3c f54101ea12eb4c078d962d4e9f0c8b1a - - default default] TaaS: Handle Delete Port: 76e79386-f27b-4a20-bba7-bcd620ef58c7
2026-07-16 01:39:19.248 8 INFO neutron_taas.services.taas.tap_mirror_plugin [None req-d838bca9-b720-48b5-a183-3d7714da8acd 5460a2d41f8d46468ffdeb2f7b3d1e3c f54101ea12eb4c078d962d4e9f0c8b1a - - default default] Tap Mirror: Handle Delete Port: 76e79386-f27b-4a20-bba7-bcd620ef58c7
2026-07-16 01:39:19.252 7 INFO neutron.db.ovn_revision_numbers_db [None req-20761103-4689-4dc0-88df-43c97937feca - - - - - -] Successfully bumped revision number for resource 9b556993-8a87-4ecd-a372-5a58556c703d (type: subnets) to 0 [pid: 7|app: 0|req: 1075/2119] 10.0.0.94 () {34 vars in 668 bytes} [Thu Jul 16 01:39:18 2026] POST /v2.0/subnets => generated 629 bytes in 656 msecs (HTTP/1.1 201) 4 headers in 162 bytes (1 switches on core 0) [pid: 7|app: 0|req: 1076/2120] 10.0.0.94 () {32 vars in 739 bytes} [Thu Jul 16 01:39:19 2026] DELETE /v2.0/security-groups/b40a3514-46b0-4894-a95b-dffe4d6efe3f => generated 0 bytes in 174 msecs (HTTP/1.1 204) 2 headers in 112 bytes (1 switches on core 0) [pid: 8|app: 0|req: 1045/2121] 10.0.0.94 () {32 vars in 725 bytes} [Thu Jul 16 01:39:19 2026] DELETE /v2.0/networks/07ac0410-9e92-4f7a-9554-d03582f53326 => generated 0 bytes in 342 msecs (HTTP/1.1 204) 3 headers in 131 bytes (1 switches on core 0)
2026-07-16 01:39:19.713 8 INFO neutron_taas.services.taas.taas_plugin [None req-aa5a1a59-5cc4-4a8c-877c-ebbef31334bd ae426aa6fd164f93957901582422f8f2 527ce43dc67d45e9aff5fd03f00f309a - - default default] TaaS: Handle Delete Port: 815d191a-95f8-4415-95e8-37ad79b3e8c9
2026-07-16 01:39:19.715 8 INFO neutron_taas.services.taas.tap_mirror_plugin [None req-aa5a1a59-5cc4-4a8c-877c-ebbef31334bd ae426aa6fd164f93957901582422f8f2 527ce43dc67d45e9aff5fd03f00f309a - - default default] Tap Mirror: Handle Delete Port: 815d191a-95f8-4415-95e8-37ad79b3e8c9
2026-07-16 01:39:19.808 7 WARNING neutron.scheduler.dhcp_agent_scheduler [None req-1ab791e0-9ae0-4ab5-b424-fe133d2330e2 1c8eeef7954349268eb2cc38588e045e 3201f5601a0a4aaa9170a77c3cf90bb9 - - default default] No more DHCP agents
2026-07-16 01:39:19.810 7 WARNING neutron.api.rpc.agentnotifiers.dhcp_rpc_agent_api [None req-1ab791e0-9ae0-4ab5-b424-fe133d2330e2 1c8eeef7954349268eb2cc38588e045e 3201f5601a0a4aaa9170a77c3cf90bb9 - - default default] Unable to schedule network 2e110e65-f334-49cd-b52f-7c0476d9d3bb: no agents available; will retry on subsequent port and subnet creation events.
2026-07-16 01:39:19.956 7 INFO neutron.db.ovn_revision_numbers_db [None req-1ab791e0-9ae0-4ab5-b424-fe133d2330e2 1c8eeef7954349268eb2cc38588e045e 3201f5601a0a4aaa9170a77c3cf90bb9 - - default default] Successfully bumped revision number for resource 42d45d65-5fd0-4aef-9bea-060493560337 (type: ports) to 1
2026-07-16 01:39:19.998 7 WARNING neutron.plugins.ml2.drivers.ovn.mech_driver.ovsdb.ovn_client [None req-0552878d-e379-4829-be09-48a41a1fd32d - - - - - -] No port found with ID 335bbbd5-6775-4577-abb8-c88138cc6d54: RuntimeError: No port found with ID 335bbbd5-6775-4577-abb8-c88138cc6d54
2026-07-16 01:39:20.032 7 INFO neutron.plugins.ml2.drivers.ovn.mech_driver.mech_driver [None req-0552878d-e379-4829-be09-48a41a1fd32d - - - - - -] OVN reports status down for port: 93f5b3fc-d5ce-4c85-b2d6-6834b3fcb0df
2026-07-16 01:39:20.056 7 INFO neutron.plugins.ml2.drivers.ovn.mech_driver.mech_driver [None req-0552878d-e379-4829-be09-48a41a1fd32d - - - - - -] OVN reports status down for port: 42d45d65-5fd0-4aef-9bea-060493560337
2026-07-16 01:39:20.068 8 INFO neutron.services.segments.plugin [-] Segment f4a5d277-c11d-4aa1-b2f0-993aa8f2f1e6 resource provider aggregate not found
2026-07-16 01:39:20.071 8 INFO neutron.services.segments.plugin [-] Segment f4a5d277-c11d-4aa1-b2f0-993aa8f2f1e6 resource provider aggregate not found
2026-07-16 01:39:20.094 8 INFO neutron.services.segments.plugin [-] Client error retrieving segment f4a5d277-c11d-4aa1-b2f0-993aa8f2f1e6 resource provider; error: Placement Client Error (4xx): {"errors": [{"status": 404, "title": "Not Found", "detail": "The resource could not be found.\n\n No resource provider with uuid f4a5d277-c11d-4aa1-b2f0-993aa8f2f1e6 found for delete ", "request_id": "req-0d832595-17f7-4269-b3ae-c67ef135aa9f"}]}
2026-07-16 01:39:20.095 8 INFO neutron.services.segments.plugin [-] Client error retrieving segment f4a5d277-c11d-4aa1-b2f0-993aa8f2f1e6 resource provider; error: Placement Client Error (4xx): {"errors": [{"status": 404, "title": "Not Found", "detail": "The resource could not be found.\n\n No resource provider with uuid f4a5d277-c11d-4aa1-b2f0-993aa8f2f1e6 found for delete ", "request_id": "req-0e351913-0a51-4879-8389-16819c154aa9"}]}
2026-07-16 01:39:20.123 8 INFO neutron.services.segments.plugin [-] Segment dc3a56d2-ca5f-4756-9457-2d253089ba2c resource provider aggregate not found
2026-07-16 01:39:20.123 8 INFO neutron.services.segments.plugin [-] Segment dc3a56d2-ca5f-4756-9457-2d253089ba2c resource provider aggregate not found
2026-07-16 01:39:20.146 8 INFO neutron.services.segments.plugin [-] Client error retrieving segment dc3a56d2-ca5f-4756-9457-2d253089ba2c resource provider; error: Placement Client Error (4xx): {"errors": [{"status": 404, "title": "Not Found", "detail": "The resource could not be found.\n\n No resource provider with uuid dc3a56d2-ca5f-4756-9457-2d253089ba2c found for delete ", "request_id": "req-9fe7f653-b853-441f-b4ea-d1c165a727bb"}]}
2026-07-16 01:39:20.152 8 INFO neutron.services.segments.plugin [-] Client error retrieving segment dc3a56d2-ca5f-4756-9457-2d253089ba2c resource provider; error: Placement Client Error (4xx): {"errors": [{"status": 404, "title": "Not Found", "detail": "The resource could not be found.\n\n No resource provider with uuid dc3a56d2-ca5f-4756-9457-2d253089ba2c found for delete ", "request_id": "req-6130e4dd-0e30-4320-a956-b6d964f8fcbf"}]}
2026-07-16 01:39:20.169 8 INFO neutron.services.segments.plugin [-] Segment 94b0d2ba-5a71-45b2-866f-f323722ef2cf resource provider aggregate not found
2026-07-16 01:39:20.184 8 INFO neutron.services.segments.plugin [-] Segment 94b0d2ba-5a71-45b2-866f-f323722ef2cf resource provider aggregate not found
2026-07-16 01:39:20.189 8 INFO neutron.services.segments.plugin [-] Client error retrieving segment 94b0d2ba-5a71-45b2-866f-f323722ef2cf resource provider; error: Placement Client Error (4xx): {"errors": [{"status": 404, "title": "Not Found", "detail": "The resource could not be found.\n\n No resource provider with uuid 94b0d2ba-5a71-45b2-866f-f323722ef2cf found for delete ", "request_id": "req-c60f28e6-5aa6-47df-b9a6-9d8b8e1cacfd"}]}
2026-07-16 01:39:20.203 8 INFO neutron.services.segments.plugin [-] Client error retrieving segment 94b0d2ba-5a71-45b2-866f-f323722ef2cf resource provider; error: Placement Client Error (4xx): {"errors": [{"status": 404, "title": "Not Found", "detail": "The resource could not be found.\n\n No resource provider with uuid 94b0d2ba-5a71-45b2-866f-f323722ef2cf found for delete ", "request_id": "req-d0b5b98d-7ee5-4e32-b4ef-14f3739b31b8"}]} [pid: 8|app: 0|req: 1046/2122] 10.0.0.94 () {34 vars in 788 bytes} [Thu Jul 16 01:39:19 2026] PUT /v2.0/routers/8312cd15-c8f0-4e1c-9f29-be350e168f47/remove_router_interface => generated 309 bytes in 940 msecs (HTTP/1.1 200) 4 headers in 157 bytes (1 switches on core 0) /var/lib/openstack/lib/python3.12/site-packages/pycadf/identifier.py:70: UserWarning: Invalid uuid: neutron. To ensure interoperability, identifiers should be a valid uuid. warnings.warn(('Invalid uuid: %s. To ensure interoperability, ' [pid: 8|app: 0|req: 1047/2123] 10.0.0.94 () {32 vars in 773 bytes} [Thu Jul 16 01:39:20 2026] GET /v2.0/security-groups?tenant_id=f54101ea12eb4c078d962d4e9f0c8b1a&name=default => generated 2925 bytes in 110 msecs (HTTP/1.1 200) 4 headers in 158 bytes (1 switches on core 0)
2026-07-16 01:39:20.641 7 INFO neutron.plugins.ml2.drivers.ovn.mech_driver.ovsdb.commands [None req-3c74f924-581c-4774-b348-b235e0f53cd1 - - - - - -] Schedule LRP lrp-42d45d65-5fd0-4aef-9bea-060493560337 on gateway e163d3d4-deae-46d3-a9bf-b34340fd4873 with priority 1
2026-07-16 01:39:20.656 7 INFO neutron.plugins.ml2.drivers.ovn.mech_driver.mech_driver [None req-0552878d-e379-4829-be09-48a41a1fd32d - - - - - -] OVN reports status up for port: 42d45d65-5fd0-4aef-9bea-060493560337
2026-07-16 01:39:20.678 7 INFO neutron.plugins.ml2.plugin [None req-0552878d-e379-4829-be09-48a41a1fd32d - - - - - -] Attempt 1 to provision port 42d45d65-5fd0-4aef-9bea-060493560337
2026-07-16 01:39:20.699 7 INFO neutron.db.ovn_revision_numbers_db [None req-1ab791e0-9ae0-4ab5-b424-fe133d2330e2 1c8eeef7954349268eb2cc38588e045e 3201f5601a0a4aaa9170a77c3cf90bb9 - - default default] Successfully bumped revision number for resource 42d45d65-5fd0-4aef-9bea-060493560337 (type: router_ports) to 1
2026-07-16 01:39:20.801 7 INFO neutron.db.ovn_revision_numbers_db [None req-1ab791e0-9ae0-4ab5-b424-fe133d2330e2 1c8eeef7954349268eb2cc38588e045e 3201f5601a0a4aaa9170a77c3cf90bb9 - - default default] Successfully bumped revision number for resource 4b458bb7-5f0d-4240-a6f7-a9dac14302b1 (type: routers) to 2 [pid: 7|app: 0|req: 1077/2124] 10.0.0.94 () {34 vars in 668 bytes} [Thu Jul 16 01:39:19 2026] POST /v2.0/routers => generated 936 bytes in 1369 msecs (HTTP/1.1 201) 4 headers in 162 bytes (1 switches on core 0)
2026-07-16 01:39:20.836 8 INFO neutron_taas.services.taas.taas_plugin [None req-832b7a87-7978-441a-a2fa-96ef08f8c02c ae426aa6fd164f93957901582422f8f2 527ce43dc67d45e9aff5fd03f00f309a - - default default] TaaS: Handle Delete Port: 634493af-5136-4b66-a516-37656d3ef5f8
2026-07-16 01:39:20.839 8 INFO neutron_taas.services.taas.tap_mirror_plugin [None req-832b7a87-7978-441a-a2fa-96ef08f8c02c ae426aa6fd164f93957901582422f8f2 527ce43dc67d45e9aff5fd03f00f309a - - default default] Tap Mirror: Handle Delete Port: 634493af-5136-4b66-a516-37656d3ef5f8 [pid: 7|app: 0|req: 1078/2125] 10.0.0.94 () {32 vars in 739 bytes} [Thu Jul 16 01:39:20 2026] DELETE /v2.0/security-groups/90344967-efb7-4d84-8910-48ed75737034 => generated 0 bytes in 173 msecs (HTTP/1.1 204) 2 headers in 112 bytes (1 switches on core 0)
2026-07-16 01:39:21.083 7 INFO neutron.api.v2.resource [None req-df230fd8-46ef-4e56-9269-452b638d81b1 4fe00a8047b84e8baa0f39820976d202 f8b38fafd15d4b068dc12cadcfb4ff9c - - default default] create failed (client error): The server could not comply with the request since it is either malformed or otherwise incorrect. [pid: 7|app: 0|req: 1079/2126] 10.0.0.94 () {34 vars in 684 bytes} [Thu Jul 16 01:39:20 2026] POST /v2.0/vpn/vpnservices => generated 194 bytes in 93 msecs (HTTP/1.1 400) 4 headers in 166 bytes (1 switches on core 0) [pid: 8|app: 0|req: 1048/2127] 10.0.0.94 () {32 vars in 723 bytes} [Thu Jul 16 01:39:20 2026] DELETE /v2.0/routers/8312cd15-c8f0-4e1c-9f29-be350e168f47 => generated 0 bytes in 656 msecs (HTTP/1.1 204) 2 headers in 112 bytes (1 switches on core 0)
2026-07-16 01:39:21.216 7 INFO neutron_taas.services.taas.taas_plugin [None req-cf03bf0a-19a4-4352-a3c2-8beadec24ca1 4fe00a8047b84e8baa0f39820976d202 f8b38fafd15d4b068dc12cadcfb4ff9c - - default default] TaaS: Handle Delete Port: 8d813182-3ec6-4c5d-8afd-a06b7e547862
2026-07-16 01:39:21.220 7 INFO neutron_taas.services.taas.tap_mirror_plugin [None req-cf03bf0a-19a4-4352-a3c2-8beadec24ca1 4fe00a8047b84e8baa0f39820976d202 f8b38fafd15d4b068dc12cadcfb4ff9c - - default default] Tap Mirror: Handle Delete Port: 8d813182-3ec6-4c5d-8afd-a06b7e547862 [pid: 8|app: 0|req: 1049/2128] 10.0.0.94 () {32 vars in 723 bytes} [Thu Jul 16 01:39:21 2026] DELETE /v2.0/subnets/d070c9ab-505c-4680-b3d6-9465f3ee7b15 => generated 0 bytes in 143 msecs (HTTP/1.1 204) 3 headers in 131 bytes (1 switches on core 0)
2026-07-16 01:39:21.482 8 INFO neutron_taas.services.taas.taas_plugin [None req-fe1139ab-0098-44b6-9696-fb78aab551ee ae426aa6fd164f93957901582422f8f2 527ce43dc67d45e9aff5fd03f00f309a - - default default] TaaS: Handle Delete Port: 93d84e64-b354-4054-a19f-36b4d22b3ef7
2026-07-16 01:39:21.485 8 INFO neutron_taas.services.taas.tap_mirror_plugin [None req-fe1139ab-0098-44b6-9696-fb78aab551ee ae426aa6fd164f93957901582422f8f2 527ce43dc67d45e9aff5fd03f00f309a - - default default] Tap Mirror: Handle Delete Port: 93d84e64-b354-4054-a19f-36b4d22b3ef7
2026-07-16 01:39:21.507 7 INFO neutron.services.segments.plugin [-] Segment 070a8f6d-0a0c-43c7-a9e6-b12f058a0f5d resource provider aggregate not found
2026-07-16 01:39:21.521 7 INFO neutron.services.segments.plugin [-] Segment 070a8f6d-0a0c-43c7-a9e6-b12f058a0f5d resource provider aggregate not found
2026-07-16 01:39:21.526 7 INFO neutron.services.segments.plugin [-] Client error retrieving segment 070a8f6d-0a0c-43c7-a9e6-b12f058a0f5d resource provider; error: Placement Client Error (4xx): {"errors": [{"status": 404, "title": "Not Found", "detail": "The resource could not be found.\n\n No resource provider with uuid 070a8f6d-0a0c-43c7-a9e6-b12f058a0f5d found for delete ", "request_id": "req-3374ff9c-5b06-4f2b-b920-3e144d6d0021"}]}
2026-07-16 01:39:21.539 7 INFO neutron.services.segments.plugin [-] Client error retrieving segment 070a8f6d-0a0c-43c7-a9e6-b12f058a0f5d resource provider; error: Placement Client Error (4xx): {"errors": [{"status": 404, "title": "Not Found", "detail": "The resource could not be found.\n\n No resource provider with uuid 070a8f6d-0a0c-43c7-a9e6-b12f058a0f5d found for delete ", "request_id": "req-74aadd9f-47f8-440d-9770-14f8ae87dc40"}]} [pid: 7|app: 0|req: 1080/2129] 10.0.0.94 () {32 vars in 725 bytes} [Thu Jul 16 01:39:21 2026] DELETE /v2.0/networks/0ebca7cf-f4fd-45b9-a36c-05835851c3f7 => generated 0 bytes in 465 msecs (HTTP/1.1 204) 3 headers in 131 bytes (1 switches on core 0) [pid: 8|app: 0|req: 1050/2130] 10.0.0.94 () {32 vars in 725 bytes} [Thu Jul 16 01:39:21 2026] DELETE /v2.0/networks/3bb08fbb-8453-4e4c-badf-5b0cad15aba0 => generated 0 bytes in 349 msecs (HTTP/1.1 204) 3 headers in 131 bytes (1 switches on core 0)
2026-07-16 01:39:21.908 7 INFO neutron_taas.services.taas.taas_plugin [None req-4476c7c0-7f93-4f49-8bbf-7b9827b78489 4fe00a8047b84e8baa0f39820976d202 f8b38fafd15d4b068dc12cadcfb4ff9c - - default default] TaaS: Handle Delete Port: 42d45d65-5fd0-4aef-9bea-060493560337
2026-07-16 01:39:21.912 7 INFO neutron_taas.services.taas.tap_mirror_plugin [None req-4476c7c0-7f93-4f49-8bbf-7b9827b78489 4fe00a8047b84e8baa0f39820976d202 f8b38fafd15d4b068dc12cadcfb4ff9c - - default default] Tap Mirror: Handle Delete Port: 42d45d65-5fd0-4aef-9bea-060493560337
2026-07-16 01:39:22.004 8 INFO neutron_taas.services.taas.taas_plugin [None req-ec4101d6-ac35-46ba-9600-de2e986e231d ae426aa6fd164f93957901582422f8f2 527ce43dc67d45e9aff5fd03f00f309a - - default default] TaaS: Handle Delete Port: 3f3b4ed3-72c2-4e14-a905-bb58b1a9db43
2026-07-16 01:39:22.006 8 INFO neutron_taas.services.taas.tap_mirror_plugin [None req-ec4101d6-ac35-46ba-9600-de2e986e231d ae426aa6fd164f93957901582422f8f2 527ce43dc67d45e9aff5fd03f00f309a - - default default] Tap Mirror: Handle Delete Port: 3f3b4ed3-72c2-4e14-a905-bb58b1a9db43
2026-07-16 01:39:22.213 8 INFO neutron.services.segments.plugin [-] Segment 4a39e9bd-1d21-4071-94fc-13089ac587c8 resource provider aggregate not found
2026-07-16 01:39:22.235 8 INFO neutron.services.segments.plugin [-] Client error retrieving segment 4a39e9bd-1d21-4071-94fc-13089ac587c8 resource provider; error: Placement Client Error (4xx): {"errors": [{"status": 404, "title": "Not Found", "detail": "The resource could not be found.\n\n No resource provider with uuid 4a39e9bd-1d21-4071-94fc-13089ac587c8 found for delete ", "request_id": "req-b60f0c0f-4148-4621-99a1-d2be13bef929"}]}
2026-07-16 01:39:22.243 8 INFO neutron.services.segments.plugin [-] Segment 4a39e9bd-1d21-4071-94fc-13089ac587c8 resource provider aggregate not found [pid: 7|app: 0|req: 1081/2131] 10.0.0.94 () {32 vars in 723 bytes} [Thu Jul 16 01:39:21 2026] DELETE /v2.0/routers/4b458bb7-5f0d-4240-a6f7-a9dac14302b1 => generated 0 bytes in 674 msecs (HTTP/1.1 204) 2 headers in 112 bytes (1 switches on core 0)
2026-07-16 01:39:22.261 8 INFO neutron.services.segments.plugin [-] Client error retrieving segment 4a39e9bd-1d21-4071-94fc-13089ac587c8 resource provider; error: Placement Client Error (4xx): {"errors": [{"status": 404, "title": "Not Found", "detail": "The resource could not be found.\n\n No resource provider with uuid 4a39e9bd-1d21-4071-94fc-13089ac587c8 found for delete ", "request_id": "req-2bc544c6-f76b-4217-8fcd-d80f0a59bb28"}]}
2026-07-16 01:39:22.262 7 WARNING neutron.api.v2.base [None req-e08e9661-60a7-4ea8-bfcd-b66a7629c34f 1c8eeef7954349268eb2cc38588e045e 3201f5601a0a4aaa9170a77c3cf90bb9 - - default default] An exception happened while processing the request body. The exception message is [Invalid input for description. Reason: 'yyyyyyyyyyyyyyyyyyyyyyyyyyyyyyyyyyyyyyyyyyyyyyyyyyyyyyyyyyyyyyyyyyyyyyyyyyyyyyyyyyyyyyyyyyyyyyyyyyyyyyyyyyyyyyyyyyyyyyyyyyyyyyyyyyyyyyyyyyyyyyyyyyyyyyyyyyyyyyyyyyyyyyyyyyyyyyyyyyyyyyyyyyyyyyyyyyyyyyyyyyyyyyyyyyyyyyyyyyyyyyyyyyyyyyyyyyyyyyyyyyyyyyyyyyyyyyyy' exceeds maximum length of 255.].: webob.exc.HTTPBadRequest: Invalid input for description. Reason: 'yyyyyyyyyyyyyyyyyyyyyyyyyyyyyyyyyyyyyyyyyyyyyyyyyyyyyyyyyyyyyyyyyyyyyyyyyyyyyyyyyyyyyyyyyyyyyyyyyyyyyyyyyyyyyyyyyyyyyyyyyyyyyyyyyyyyyyyyyyyyyyyyyyyyyyyyyyyyyyyyyyyyyyyyyyyyyyyyyyyyyyyyyyyyyyyyyyyyyyyyyyyyyyyyyyyyyyyyyyyyyyyyyyyyyyyyyyyyyyyyyyyyyyyyyyyyyyyy' exceeds maximum length of 255.
2026-07-16 01:39:22.262 7 INFO neutron.api.v2.resource [None req-e08e9661-60a7-4ea8-bfcd-b66a7629c34f 1c8eeef7954349268eb2cc38588e045e 3201f5601a0a4aaa9170a77c3cf90bb9 - - default default] create failed (client error): Invalid input for description. Reason: 'yyyyyyyyyyyyyyyyyyyyyyyyyyyyyyyyyyyyyyyyyyyyyyyyyyyyyyyyyyyyyyyyyyyyyyyyyyyyyyyyyyyyyyyyyyyyyyyyyyyyyyyyyyyyyyyyyyyyyyyyyyyyyyyyyyyyyyyyyyyyyyyyyyyyyyyyyyyyyyyyyyyyyyyyyyyyyyyyyyyyyyyyyyyyyyyyyyyyyyyyyyyyyyyyyyyyyyyyyyyyyyyyyyyyyyyyyyyyyyyyyyyyyyyyyyyyyyyy' exceeds maximum length of 255. [pid: 7|app: 0|req: 1082/2132] 10.0.0.94 () {34 vars in 684 bytes} [Thu Jul 16 01:39:22 2026] POST /v2.0/vpn/vpnservices => generated 401 bytes in 8 msecs (HTTP/1.1 400) 4 headers in 166 bytes (1 switches on core 0)
2026-07-16 01:39:22.273 7 WARNING neutron.api.v2.base [None req-46fdcb66-0587-42d4-8a93-3d6702e5d604 1c8eeef7954349268eb2cc38588e045e 3201f5601a0a4aaa9170a77c3cf90bb9 - - default default] An exception happened while processing the request body. The exception message is [Invalid input for name. Reason: 'xxxxxxxxxxxxxxxxxxxxxxxxxxxxxxxxxxxxxxxxxxxxxxxxxxxxxxxxxxxxxxxxxxxxxxxxxxxxxxxxxxxxxxxxxxxxxxxxxxxxxxxxxxxxxxxxxxxxxxxxxxxxxxxxxxxxxxxxxxxxxxxxxxxxxxxxxxxxxxxxxxxxxxxxxxxxxxxxxxxxxxxxxxxxxxxxxxxxxxxxxxxxxxxxxxxxxxxxxxxxxxxxxxxxxxxxxxxxxxxxxxxxxxxxxxxxxxxx' exceeds maximum length of 255.].: webob.exc.HTTPBadRequest: Invalid input for name. Reason: 'xxxxxxxxxxxxxxxxxxxxxxxxxxxxxxxxxxxxxxxxxxxxxxxxxxxxxxxxxxxxxxxxxxxxxxxxxxxxxxxxxxxxxxxxxxxxxxxxxxxxxxxxxxxxxxxxxxxxxxxxxxxxxxxxxxxxxxxxxxxxxxxxxxxxxxxxxxxxxxxxxxxxxxxxxxxxxxxxxxxxxxxxxxxxxxxxxxxxxxxxxxxxxxxxxxxxxxxxxxxxxxxxxxxxxxxxxxxxxxxxxxxxxxxxxxxxxxxx' exceeds maximum length of 255.
2026-07-16 01:39:22.273 7 INFO neutron.api.v2.resource [None req-46fdcb66-0587-42d4-8a93-3d6702e5d604 1c8eeef7954349268eb2cc38588e045e 3201f5601a0a4aaa9170a77c3cf90bb9 - - default default] create failed (client error): Invalid input for name. Reason: 'xxxxxxxxxxxxxxxxxxxxxxxxxxxxxxxxxxxxxxxxxxxxxxxxxxxxxxxxxxxxxxxxxxxxxxxxxxxxxxxxxxxxxxxxxxxxxxxxxxxxxxxxxxxxxxxxxxxxxxxxxxxxxxxxxxxxxxxxxxxxxxxxxxxxxxxxxxxxxxxxxxxxxxxxxxxxxxxxxxxxxxxxxxxxxxxxxxxxxxxxxxxxxxxxxxxxxxxxxxxxxxxxxxxxxxxxxxxxxxxxxxxxxxxxxxxxxxxx' exceeds maximum length of 255. [pid: 7|app: 0|req: 1083/2133] 10.0.0.94 () {34 vars in 684 bytes} [Thu Jul 16 01:39:22 2026] POST /v2.0/vpn/vpnservices => generated 394 bytes in 6 msecs (HTTP/1.1 400) 4 headers in 166 bytes (1 switches on core 0)
2026-07-16 01:39:22.311 7 INFO neutron.api.v2.resource [None req-2a6a9f48-e448-42ca-8eec-f807c9d0e0e0 1c8eeef7954349268eb2cc38588e045e 3201f5601a0a4aaa9170a77c3cf90bb9 - - default default] create failed (client error): The server could not comply with the request since it is either malformed or otherwise incorrect. [pid: 7|app: 0|req: 1084/2134] 10.0.0.94 () {34 vars in 692 bytes} [Thu Jul 16 01:39:22 2026] POST /v2.0/vpn/endpoint-groups => generated 183 bytes in 33 msecs (HTTP/1.1 400) 4 headers in 166 bytes (1 switches on core 0)
2026-07-16 01:39:22.364 7 INFO neutron.api.v2.resource [None req-27e76878-0087-4aaf-a1b0-97651e7ec01c 1c8eeef7954349268eb2cc38588e045e 3201f5601a0a4aaa9170a77c3cf90bb9 - - default default] create failed (client error): The server could not comply with the request since it is either malformed or otherwise incorrect. [pid: 7|app: 0|req: 1085/2135] 10.0.0.94 () {34 vars in 692 bytes} [Thu Jul 16 01:39:22 2026] POST /v2.0/vpn/endpoint-groups => generated 160 bytes in 45 msecs (HTTP/1.1 400) 4 headers in 166 bytes (1 switches on core 0)
2026-07-16 01:39:22.417 7 INFO neutron.api.v2.resource [None req-104a41a8-0aba-41c8-a5a3-eb3ca5c18ab0 1c8eeef7954349268eb2cc38588e045e 3201f5601a0a4aaa9170a77c3cf90bb9 - - default default] create failed (client error): The server could not comply with the request since it is either malformed or otherwise incorrect. [pid: 7|app: 0|req: 1086/2136] 10.0.0.94 () {34 vars in 692 bytes} [Thu Jul 16 01:39:22 2026] POST /v2.0/vpn/endpoint-groups => generated 154 bytes in 45 msecs (HTTP/1.1 400) 4 headers in 166 bytes (1 switches on core 0) [pid: 7|app: 0|req: 1087/2137] 10.0.0.94 () {32 vars in 662 bytes} [Thu Jul 16 01:39:22 2026] GET /v2.0/vpn/ikepolicies => generated 407 bytes in 9 msecs (HTTP/1.1 200) 4 headers in 157 bytes (1 switches on core 0) [pid: 7|app: 0|req: 1088/2138] 10.0.0.94 () {32 vars in 666 bytes} [Thu Jul 16 01:39:22 2026] GET /v2.0/vpn/ipsecpolicies => generated 417 bytes in 11 msecs (HTTP/1.1 200) 4 headers in 157 bytes (1 switches on core 0) [pid: 7|app: 0|req: 1089/2139] 10.0.0.94 () {32 vars in 684 bytes} [Thu Jul 16 01:39:22 2026] GET /v2.0/vpn/ipsec-site-connections => generated 805 bytes in 19 msecs (HTTP/1.1 200) 4 headers in 157 bytes (1 switches on core 0) [pid: 7|app: 0|req: 1090/2140] 10.0.0.94 () {32 vars in 662 bytes} [Thu Jul 16 01:39:22 2026] GET /v2.0/vpn/vpnservices => generated 870 bytes in 11 msecs (HTTP/1.1 200) 4 headers in 157 bytes (1 switches on core 0) [pid: 7|app: 0|req: 1091/2141] 10.0.0.94 () {32 vars in 744 bytes} [Thu Jul 16 01:39:22 2026] GET /v2.0/vpn/endpoint-groups/2444f170-5663-474b-aa50-d69ef3fa454e => generated 328 bytes in 9 msecs (HTTP/1.1 200) 4 headers in 157 bytes (1 switches on core 0) [pid: 7|app: 0|req: 1092/2142] 10.0.0.94 () {32 vars in 744 bytes} [Thu Jul 16 01:39:22 2026] GET /v2.0/vpn/endpoint-groups/46223837-4432-4f45-9815-e7d723f1cb3f => generated 319 bytes in 8 msecs (HTTP/1.1 200) 4 headers in 157 bytes (1 switches on core 0) [pid: 7|app: 0|req: 1093/2143] 10.0.0.94 () {32 vars in 736 bytes} [Thu Jul 16 01:39:22 2026] GET /v2.0/vpn/ikepolicies/0439e815-522b-4060-b138-fb27d5d1aeaf => generated 403 bytes in 14 msecs (HTTP/1.1 200) 4 headers in 157 bytes (1 switches on core 0) [pid: 7|app: 0|req: 1094/2144] 10.0.0.94 () {32 vars in 740 bytes} [Thu Jul 16 01:39:22 2026] GET /v2.0/vpn/ipsecpolicies/c69530db-32be-42be-bf47-7e6e93e591f5 => generated 413 bytes in 10 msecs (HTTP/1.1 200) 4 headers in 157 bytes (1 switches on core 0) [pid: 7|app: 0|req: 1095/2145] 10.0.0.94 () {32 vars in 736 bytes} [Thu Jul 16 01:39:22 2026] GET /v2.0/vpn/vpnservices/42a9294e-f54a-4d64-a82b-d5827b51ea72 => generated 457 bytes in 11 msecs (HTTP/1.1 200) 4 headers in 157 bytes (1 switches on core 0) [pid: 8|app: 0|req: 1051/2146] 10.0.0.94 () {34 vars in 788 bytes} [Thu Jul 16 01:39:21 2026] PUT /v2.0/routers/3b79791f-c475-4371-b957-40bd9283b2e0/remove_router_interface => generated 309 bytes in 1031 msecs (HTTP/1.1 200) 4 headers in 157 bytes (1 switches on core 0) /var/lib/openstack/lib/python3.12/site-packages/pycadf/identifier.py:70: UserWarning: Invalid uuid: neutron. To ensure interoperability, identifiers should be a valid uuid. warnings.warn(('Invalid uuid: %s. To ensure interoperability, '
2026-07-16 01:39:23.028 8 INFO neutron.db.ovn_revision_numbers_db [None req-dbc9b43c-7027-4cf6-9b39-4e09dce698b4 23999bba6f444779a30024448f9049f8 c61a47e6fd9641b4927792c2e16e8a79 - - default default] Successfully bumped revision number for resource 0d398aba-6dfa-486c-ab07-99fec8184bfe (type: security_groups) to 1
2026-07-16 01:39:23.040 8 INFO neutron.db.ovn_revision_numbers_db [None req-dbc9b43c-7027-4cf6-9b39-4e09dce698b4 23999bba6f444779a30024448f9049f8 c61a47e6fd9641b4927792c2e16e8a79 - - default default] Successfully bumped revision number for resource 3abdaab1-0e69-4ca2-ac9d-729a7d998c0d (type: security_group_rules) to 0
2026-07-16 01:39:23.055 8 INFO neutron.db.ovn_revision_numbers_db [None req-dbc9b43c-7027-4cf6-9b39-4e09dce698b4 23999bba6f444779a30024448f9049f8 c61a47e6fd9641b4927792c2e16e8a79 - - default default] Successfully bumped revision number for resource a1beaa10-15c5-4804-8eb7-deaad3163012 (type: security_group_rules) to 0
2026-07-16 01:39:23.070 8 INFO neutron.db.ovn_revision_numbers_db [None req-dbc9b43c-7027-4cf6-9b39-4e09dce698b4 23999bba6f444779a30024448f9049f8 c61a47e6fd9641b4927792c2e16e8a79 - - default default] Successfully bumped revision number for resource c0e072d2-6c23-46ab-8bdc-66267e8c94b7 (type: security_group_rules) to 0
2026-07-16 01:39:23.082 8 INFO neutron.db.ovn_revision_numbers_db [None req-dbc9b43c-7027-4cf6-9b39-4e09dce698b4 23999bba6f444779a30024448f9049f8 c61a47e6fd9641b4927792c2e16e8a79 - - default default] Successfully bumped revision number for resource c10f96da-b325-4ab9-b785-fcfd8c06f172 (type: security_group_rules) to 0
2026-07-16 01:39:23.092 7 INFO neutron.db.ovn_revision_numbers_db [None req-d772b2b8-a5d3-4d55-ad96-70c1275efccb 1c8eeef7954349268eb2cc38588e045e 3201f5601a0a4aaa9170a77c3cf90bb9 - - default default] Successfully bumped revision number for resource 89bdd5d3-7809-4697-9e7b-b3a0ae36e3ce (type: routers) to 10 [pid: 7|app: 0|req: 1096/2147] 10.0.0.94 () {32 vars in 761 bytes} [Thu Jul 16 01:39:22 2026] DELETE /v2.0/vpn/ipsec-site-connections/500f342f-72ef-4d77-b5fc-9897c100eba1 => generated 0 bytes in 539 msecs (HTTP/1.1 204) 2 headers in 112 bytes (1 switches on core 0)
2026-07-16 01:39:23.179 8 INFO neutron.db.segments_db [None req-dbc9b43c-7027-4cf6-9b39-4e09dce698b4 23999bba6f444779a30024448f9049f8 c61a47e6fd9641b4927792c2e16e8a79 - - default default] Added segment 183dbabc-0070-41e6-928f-a075f42eacec of type geneve for network 7eb7c6ab-f9f8-46f6-96df-b68ff689649e
2026-07-16 01:39:23.286 8 INFO neutron.db.ovn_revision_numbers_db [None req-dbc9b43c-7027-4cf6-9b39-4e09dce698b4 23999bba6f444779a30024448f9049f8 c61a47e6fd9641b4927792c2e16e8a79 - - default default] Successfully bumped revision number for resource 7eb7c6ab-f9f8-46f6-96df-b68ff689649e (type: networks) to 1
2026-07-16 01:39:23.427 7 INFO neutron_taas.services.taas.taas_plugin [None req-a3db7235-1521-4b1e-819f-aa6e758767e7 ae426aa6fd164f93957901582422f8f2 527ce43dc67d45e9aff5fd03f00f309a - - default default] TaaS: Handle Delete Port: 25b1d49c-e354-4cf2-ad76-5dbd2b7edbf7
2026-07-16 01:39:23.433 7 INFO neutron_taas.services.taas.tap_mirror_plugin [None req-a3db7235-1521-4b1e-819f-aa6e758767e7 ae426aa6fd164f93957901582422f8f2 527ce43dc67d45e9aff5fd03f00f309a - - default default] Tap Mirror: Handle Delete Port: 25b1d49c-e354-4cf2-ad76-5dbd2b7edbf7
2026-07-16 01:39:23.440 8 WARNING neutron.scheduler.dhcp_agent_scheduler [None req-dbc9b43c-7027-4cf6-9b39-4e09dce698b4 23999bba6f444779a30024448f9049f8 c61a47e6fd9641b4927792c2e16e8a79 - - default default] No more DHCP agents
2026-07-16 01:39:23.442 8 WARNING neutron.api.rpc.agentnotifiers.dhcp_rpc_agent_api [None req-dbc9b43c-7027-4cf6-9b39-4e09dce698b4 23999bba6f444779a30024448f9049f8 c61a47e6fd9641b4927792c2e16e8a79 - - default default] Unable to schedule network 7eb7c6ab-f9f8-46f6-96df-b68ff689649e: no agents available; will retry on subsequent port and subnet creation events.
2026-07-16 01:39:23.511 8 INFO neutron.db.ovn_revision_numbers_db [None req-dbc9b43c-7027-4cf6-9b39-4e09dce698b4 23999bba6f444779a30024448f9049f8 c61a47e6fd9641b4927792c2e16e8a79 - - default default] Successfully bumped revision number for resource 40066488-957c-4104-be32-ce9f1047d4ae (type: ports) to 1 [pid: 8|app: 0|req: 1052/2148] 10.0.0.94 () {34 vars in 669 bytes} [Thu Jul 16 01:39:22 2026] POST /v2.0/networks => generated 629 bytes in 792 msecs (HTTP/1.1 201) 4 headers in 162 bytes (1 switches on core 0)
2026-07-16 01:39:23.689 8 INFO neutron.db.ovn_revision_numbers_db [None req-6dd3cd68-eb4b-416e-8377-db2283a73cab ae426aa6fd164f93957901582422f8f2 527ce43dc67d45e9aff5fd03f00f309a - - default default] Successfully bumped revision number for resource 9358d1ad-5046-4a46-b9ce-c8559f26d98e (type: security_groups) to 1
2026-07-16 01:39:23.699 8 INFO neutron.db.ovn_revision_numbers_db [None req-6dd3cd68-eb4b-416e-8377-db2283a73cab ae426aa6fd164f93957901582422f8f2 527ce43dc67d45e9aff5fd03f00f309a - - default default] Successfully bumped revision number for resource 60e454f3-7034-4546-a091-a5b75ce68330 (type: security_group_rules) to 0
2026-07-16 01:39:23.712 8 INFO neutron.db.ovn_revision_numbers_db [None req-6dd3cd68-eb4b-416e-8377-db2283a73cab ae426aa6fd164f93957901582422f8f2 527ce43dc67d45e9aff5fd03f00f309a - - default default] Successfully bumped revision number for resource 9da627ca-b2cd-439d-9393-6bac6c7a8942 (type: security_group_rules) to 0
2026-07-16 01:39:23.723 8 INFO neutron.db.ovn_revision_numbers_db [None req-6dd3cd68-eb4b-416e-8377-db2283a73cab ae426aa6fd164f93957901582422f8f2 527ce43dc67d45e9aff5fd03f00f309a - - default default] Successfully bumped revision number for resource bbb326ec-d39d-4280-b310-4ff713d3b2bf (type: security_group_rules) to 0
2026-07-16 01:39:23.733 8 INFO neutron.db.ovn_revision_numbers_db [None req-6dd3cd68-eb4b-416e-8377-db2283a73cab ae426aa6fd164f93957901582422f8f2 527ce43dc67d45e9aff5fd03f00f309a - - default default] Successfully bumped revision number for resource ead8778d-2042-4c13-83d5-101b2d3b47af (type: security_group_rules) to 0 [pid: 8|app: 0|req: 1053/2149] 10.0.0.94 () {32 vars in 773 bytes} [Thu Jul 16 01:39:23 2026] GET /v2.0/security-groups?tenant_id=8848b0aacea54196be3487c79eabac34&name=default => generated 2925 bytes in 239 msecs (HTTP/1.1 200) 4 headers in 158 bytes (1 switches on core 0) [pid: 8|app: 0|req: 1054/2150] 10.0.0.94 () {32 vars in 747 bytes} [Thu Jul 16 01:39:23 2026] DELETE /v2.0/vpn/endpoint-groups/2444f170-5663-474b-aa50-d69ef3fa454e => generated 0 bytes in 21 msecs (HTTP/1.1 204) 2 headers in 112 bytes (1 switches on core 0) [pid: 7|app: 0|req: 1097/2151] 10.0.0.94 () {32 vars in 723 bytes} [Thu Jul 16 01:39:23 2026] DELETE /v2.0/routers/3b79791f-c475-4371-b957-40bd9283b2e0 => generated 0 bytes in 690 msecs (HTTP/1.1 204) 2 headers in 112 bytes (1 switches on core 0)
2026-07-16 01:39:23.880 8 INFO neutron.db.segments_db [None req-b9088b05-c64b-42de-a482-d79d5a2b2ebc 23999bba6f444779a30024448f9049f8 c61a47e6fd9641b4927792c2e16e8a79 - - default default] Added segment bf9a87f5-7ba5-48ba-8f6e-6f08787116a7 of type geneve for network d8267ebf-6f08-4cd8-830b-d75418a032cb
2026-07-16 01:39:23.997 8 INFO neutron.db.ovn_revision_numbers_db [None req-b9088b05-c64b-42de-a482-d79d5a2b2ebc 23999bba6f444779a30024448f9049f8 c61a47e6fd9641b4927792c2e16e8a79 - - default default] Successfully bumped revision number for resource d8267ebf-6f08-4cd8-830b-d75418a032cb (type: networks) to 1 [pid: 7|app: 0|req: 1098/2152] 10.0.0.94 () {32 vars in 739 bytes} [Thu Jul 16 01:39:23 2026] DELETE /v2.0/security-groups/9358d1ad-5046-4a46-b9ce-c8559f26d98e => generated 0 bytes in 186 msecs (HTTP/1.1 204) 2 headers in 112 bytes (1 switches on core 0) [pid: 7|app: 0|req: 1099/2153] 10.0.0.94 () {32 vars in 747 bytes} [Thu Jul 16 01:39:24 2026] DELETE /v2.0/vpn/endpoint-groups/46223837-4432-4f45-9815-e7d723f1cb3f => generated 0 bytes in 26 msecs (HTTP/1.1 204) 2 headers in 112 bytes (1 switches on core 0)
2026-07-16 01:39:24.142 8 WARNING neutron.scheduler.dhcp_agent_scheduler [None req-b9088b05-c64b-42de-a482-d79d5a2b2ebc 23999bba6f444779a30024448f9049f8 c61a47e6fd9641b4927792c2e16e8a79 - - default default] No more DHCP agents
2026-07-16 01:39:24.143 8 WARNING neutron.api.rpc.agentnotifiers.dhcp_rpc_agent_api [None req-b9088b05-c64b-42de-a482-d79d5a2b2ebc 23999bba6f444779a30024448f9049f8 c61a47e6fd9641b4927792c2e16e8a79 - - default default] Unable to schedule network d8267ebf-6f08-4cd8-830b-d75418a032cb: no agents available; will retry on subsequent port and subnet creation events. [pid: 7|app: 0|req: 1100/2154] 10.0.0.94 () {32 vars in 723 bytes} [Thu Jul 16 01:39:24 2026] DELETE /v2.0/subnets/90a81bb2-401e-4bd3-bcb3-d12f063dcabd => generated 0 bytes in 117 msecs (HTTP/1.1 204) 3 headers in 131 bytes (1 switches on core 0) [pid: 7|app: 0|req: 1101/2155] 10.0.0.94 () {32 vars in 743 bytes} [Thu Jul 16 01:39:24 2026] DELETE /v2.0/vpn/ipsecpolicies/c69530db-32be-42be-bf47-7e6e93e591f5 => generated 0 bytes in 17 msecs (HTTP/1.1 204) 2 headers in 112 bytes (1 switches on core 0)
2026-07-16 01:39:24.184 8 INFO neutron.plugins.ml2.drivers.ovn.mech_driver.mech_driver [None req-a0cbdda4-c011-40a9-a66d-8bf9d71fa8ef - - - - - -] OVN reports status down for port: 6270409e-c4a1-4f4b-b188-cf263115e16d
2026-07-16 01:39:24.235 8 INFO neutron.db.ovn_revision_numbers_db [None req-b9088b05-c64b-42de-a482-d79d5a2b2ebc 23999bba6f444779a30024448f9049f8 c61a47e6fd9641b4927792c2e16e8a79 - - default default] Successfully bumped revision number for resource 6270409e-c4a1-4f4b-b188-cf263115e16d (type: ports) to 1 [pid: 8|app: 0|req: 1055/2156] 10.0.0.94 () {34 vars in 669 bytes} [Thu Jul 16 01:39:23 2026] POST /v2.0/networks => generated 629 bytes in 476 msecs (HTTP/1.1 201) 4 headers in 162 bytes (1 switches on core 0)
2026-07-16 01:39:24.282 7 INFO neutron_taas.services.taas.taas_plugin [None req-ff71328f-a6e6-4e82-bbd7-0a9e6ef7d3ea ae426aa6fd164f93957901582422f8f2 527ce43dc67d45e9aff5fd03f00f309a - - default default] TaaS: Handle Delete Port: 59db87c8-2407-4d0f-aade-2a1005bc6257
2026-07-16 01:39:24.285 7 INFO neutron_taas.services.taas.tap_mirror_plugin [None req-ff71328f-a6e6-4e82-bbd7-0a9e6ef7d3ea ae426aa6fd164f93957901582422f8f2 527ce43dc67d45e9aff5fd03f00f309a - - default default] Tap Mirror: Handle Delete Port: 59db87c8-2407-4d0f-aade-2a1005bc6257 [pid: 8|app: 0|req: 1056/2157] 10.0.0.94 () {32 vars in 739 bytes} [Thu Jul 16 01:39:24 2026] DELETE /v2.0/vpn/ikepolicies/0439e815-522b-4060-b138-fb27d5d1aeaf => generated 0 bytes in 37 msecs (HTTP/1.1 204) 2 headers in 112 bytes (1 switches on core 0)
2026-07-16 01:39:24.447 7 INFO neutron.services.segments.plugin [-] Segment c3b8b9b0-b614-4135-8712-e4bccf84bfc9 resource provider aggregate not found
2026-07-16 01:39:24.453 7 INFO neutron.services.segments.plugin [-] Segment c3b8b9b0-b614-4135-8712-e4bccf84bfc9 resource provider aggregate not found
2026-07-16 01:39:24.469 7 INFO neutron.services.segments.plugin [-] Client error retrieving segment c3b8b9b0-b614-4135-8712-e4bccf84bfc9 resource provider; error: Placement Client Error (4xx): {"errors": [{"status": 404, "title": "Not Found", "detail": "The resource could not be found.\n\n No resource provider with uuid c3b8b9b0-b614-4135-8712-e4bccf84bfc9 found for delete ", "request_id": "req-64cb18bb-7cfc-4d4e-a752-645e712ff995"}]}
2026-07-16 01:39:24.472 7 INFO neutron.services.segments.plugin [-] Client error retrieving segment c3b8b9b0-b614-4135-8712-e4bccf84bfc9 resource provider; error: Placement Client Error (4xx): {"errors": [{"status": 404, "title": "Not Found", "detail": "The resource could not be found.\n\n No resource provider with uuid c3b8b9b0-b614-4135-8712-e4bccf84bfc9 found for delete ", "request_id": "req-991432fd-a724-4082-af5a-ea04b46d1bd3"}]} [pid: 7|app: 0|req: 1102/2158] 10.0.0.94 () {32 vars in 725 bytes} [Thu Jul 16 01:39:24 2026] DELETE /v2.0/networks/898b0529-5dc8-4ea4-ac78-b6beb4c67108 => generated 0 bytes in 336 msecs (HTTP/1.1 204) 3 headers in 131 bytes (1 switches on core 0)
2026-07-16 01:39:24.515 8 WARNING neutron.scheduler.dhcp_agent_scheduler [None req-0e8e3d9b-2990-408e-84cb-df4827831cd4 23999bba6f444779a30024448f9049f8 c61a47e6fd9641b4927792c2e16e8a79 - - default default] No more DHCP agents
2026-07-16 01:39:24.517 8 WARNING neutron.api.rpc.agentnotifiers.dhcp_rpc_agent_api [None req-0e8e3d9b-2990-408e-84cb-df4827831cd4 23999bba6f444779a30024448f9049f8 c61a47e6fd9641b4927792c2e16e8a79 - - default default] Unable to schedule network 7eb7c6ab-f9f8-46f6-96df-b68ff689649e: no agents available; will retry on subsequent port and subnet creation events. [pid: 7|app: 0|req: 1103/2159] 10.0.0.94 () {32 vars in 739 bytes} [Thu Jul 16 01:39:24 2026] DELETE /v2.0/vpn/vpnservices/42a9294e-f54a-4d64-a82b-d5827b51ea72 => generated 0 bytes in 52 msecs (HTTP/1.1 204) 2 headers in 112 bytes (1 switches on core 0)
2026-07-16 01:39:24.780 7 INFO neutron_taas.services.taas.taas_plugin [None req-54da2507-3738-42a7-8d8a-b92412360e2d 1c8eeef7954349268eb2cc38588e045e 3201f5601a0a4aaa9170a77c3cf90bb9 - - default default] TaaS: Handle Delete Port: 06a7103e-9582-4fcd-9057-87b20b87321e
2026-07-16 01:39:24.783 7 INFO neutron_taas.services.taas.tap_mirror_plugin [None req-54da2507-3738-42a7-8d8a-b92412360e2d 1c8eeef7954349268eb2cc38588e045e 3201f5601a0a4aaa9170a77c3cf90bb9 - - default default] Tap Mirror: Handle Delete Port: 06a7103e-9582-4fcd-9057-87b20b87321e
2026-07-16 01:39:24.884 8 INFO neutron.db.ovn_revision_numbers_db [None req-9e893842-e8be-4b85-be1f-9ace518977f1 - - - - - -] Successfully bumped revision number for resource 40066488-957c-4104-be32-ce9f1047d4ae (type: ports) to 2
2026-07-16 01:39:24.908 8 INFO neutron.db.ovn_revision_numbers_db [None req-9e893842-e8be-4b85-be1f-9ace518977f1 - - - - - -] Successfully bumped revision number for resource 1e41724c-322d-4d0c-9275-589b04c0cb17 (type: subnets) to 0 [pid: 8|app: 0|req: 1057/2160] 10.0.0.94 () {34 vars in 668 bytes} [Thu Jul 16 01:39:24 2026] POST /v2.0/subnets => generated 626 bytes in 620 msecs (HTTP/1.1 201) 4 headers in 162 bytes (1 switches on core 0) [pid: 8|app: 0|req: 1058/2161] 10.0.0.94 () {32 vars in 773 bytes} [Thu Jul 16 01:39:24 2026] GET /v2.0/security-groups?tenant_id=c09020b2a09c4898b857e1dfc2bf0f44&name=default => generated 2925 bytes in 28 msecs (HTTP/1.1 200) 4 headers in 158 bytes (1 switches on core 0)
2026-07-16 01:39:25.029 7 INFO neutron_taas.services.taas.taas_plugin [None req-cab22756-36fb-4c02-a88e-392456591de3 - - - - - -] TaaS: Handle Delete Port: 87a4ef24-86d1-4d67-86df-fba34761e8ab
2026-07-16 01:39:25.032 7 INFO neutron_taas.services.taas.tap_mirror_plugin [None req-cab22756-36fb-4c02-a88e-392456591de3 - - - - - -] Tap Mirror: Handle Delete Port: 87a4ef24-86d1-4d67-86df-fba34761e8ab
2026-07-16 01:39:25.130 8 WARNING neutron.scheduler.dhcp_agent_scheduler [None req-cd1e82f3-5ddd-4fee-be29-993d26718f18 23999bba6f444779a30024448f9049f8 c61a47e6fd9641b4927792c2e16e8a79 - - default default] No more DHCP agents
2026-07-16 01:39:25.132 8 WARNING neutron.api.rpc.agentnotifiers.dhcp_rpc_agent_api [None req-cd1e82f3-5ddd-4fee-be29-993d26718f18 23999bba6f444779a30024448f9049f8 c61a47e6fd9641b4927792c2e16e8a79 - - default default] Unable to schedule network d8267ebf-6f08-4cd8-830b-d75418a032cb: no agents available; will retry on subsequent port and subnet creation events.
2026-07-16 01:39:25.430 7 INFO neutron_taas.services.taas.taas_plugin [None req-6c92b66e-1da8-465b-89a3-861e20cd937d - - - - - -] TaaS: Handle Delete Port: fb4aa245-31ae-4c4e-9c28-e7371b410e30
2026-07-16 01:39:25.434 7 INFO neutron_taas.services.taas.tap_mirror_plugin [None req-6c92b66e-1da8-465b-89a3-861e20cd937d - - - - - -] Tap Mirror: Handle Delete Port: fb4aa245-31ae-4c4e-9c28-e7371b410e30
2026-07-16 01:39:25.569 8 INFO neutron.db.ovn_revision_numbers_db [None req-79aa436b-cbb8-4455-adbb-5e73d2fbe343 - - - - - -] Successfully bumped revision number for resource 6270409e-c4a1-4f4b-b188-cf263115e16d (type: ports) to 2
2026-07-16 01:39:25.597 8 INFO neutron.db.ovn_revision_numbers_db [None req-79aa436b-cbb8-4455-adbb-5e73d2fbe343 - - - - - -] Successfully bumped revision number for resource 83615606-ee90-4585-ba1c-2026d82958cb (type: subnets) to 0 [pid: 8|app: 0|req: 1059/2162] 10.0.0.94 () {34 vars in 668 bytes} [Thu Jul 16 01:39:24 2026] POST /v2.0/subnets => generated 626 bytes in 657 msecs (HTTP/1.1 201) 4 headers in 162 bytes (1 switches on core 0) [pid: 8|app: 0|req: 1060/2163] 10.0.0.94 () {32 vars in 739 bytes} [Thu Jul 16 01:39:25 2026] DELETE /v2.0/security-groups/062f010d-0cec-49bc-9957-8885970f9190 => generated 0 bytes in 190 msecs (HTTP/1.1 204) 2 headers in 112 bytes (1 switches on core 0)
2026-07-16 01:39:25.911 8 INFO neutron.db.ovn_revision_numbers_db [None req-dedc3bf8-7c91-4cc6-9170-3415b86de13b 23999bba6f444779a30024448f9049f8 c61a47e6fd9641b4927792c2e16e8a79 - - default default] Successfully bumped revision number for resource 6320d142-82d5-4283-9a72-6d4f5e01b348 (type: routers) to 1 [pid: 8|app: 0|req: 1061/2164] 10.0.0.94 () {34 vars in 668 bytes} [Thu Jul 16 01:39:25 2026] POST /v2.0/routers => generated 602 bytes in 123 msecs (HTTP/1.1 201) 4 headers in 162 bytes (1 switches on core 0)
2026-07-16 01:39:25.966 7 WARNING neutron.plugins.ml2.drivers.ovn.mech_driver.ovsdb.ovn_client [None req-0552878d-e379-4829-be09-48a41a1fd32d - - - - - -] No port found with ID 42d45d65-5fd0-4aef-9bea-060493560337: RuntimeError: No port found with ID 42d45d65-5fd0-4aef-9bea-060493560337
2026-07-16 01:39:25.967 7 INFO neutron.plugins.ml2.drivers.ovn.mech_driver.mech_driver [None req-0552878d-e379-4829-be09-48a41a1fd32d - - - - - -] OVN reports status down for port: 40066488-957c-4104-be32-ce9f1047d4ae
2026-07-16 01:39:26.232 7 INFO neutron_taas.services.taas.taas_plugin [None req-6c92b66e-1da8-465b-89a3-861e20cd937d - - - - - -] TaaS: Handle Delete Port: 751771d7-70c8-431f-bca1-1f905532a0b8
2026-07-16 01:39:26.234 7 INFO neutron_taas.services.taas.tap_mirror_plugin [None req-6c92b66e-1da8-465b-89a3-861e20cd937d - - - - - -] Tap Mirror: Handle Delete Port: 751771d7-70c8-431f-bca1-1f905532a0b8
2026-07-16 01:39:26.246 8 WARNING neutron.scheduler.dhcp_agent_scheduler [None req-75312a75-36bc-4762-91fe-c85c9658c48b 23999bba6f444779a30024448f9049f8 c61a47e6fd9641b4927792c2e16e8a79 - - default default] No more DHCP agents
2026-07-16 01:39:26.247 8 WARNING neutron.api.rpc.agentnotifiers.dhcp_rpc_agent_api [None req-75312a75-36bc-4762-91fe-c85c9658c48b 23999bba6f444779a30024448f9049f8 c61a47e6fd9641b4927792c2e16e8a79 - - default default] Unable to schedule network 7eb7c6ab-f9f8-46f6-96df-b68ff689649e: no agents available; will retry on subsequent port and subnet creation events.
