2026-07-16 01:39:38.231 8 INFO neutron.db.ovn_revision_numbers_db [None req-c75e1e83-df1d-4bb4-b4b5-2648f55ce8a0 a8c25a1dc03d457198314bf1d890e62c 90504ee8d4034120b06760b62b46e186 - - default default] Successfully bumped revision number for resource 8e5bdccd-722c-4668-8a26-0f55e9a42d7f (type: ports) to 1 [pid: 8|app: 0|req: 1098/2240] 10.0.0.94 () {34 vars in 663 bytes} [Thu Jul 16 01:39:37 2026] POST /v2.0/ports => generated 743 bytes in 340 msecs (HTTP/1.1 201) 4 headers in 162 bytes (1 switches on core 0) /var/lib/openstack/lib/python3.12/site-packages/pycadf/identifier.py:70: UserWarning: Invalid uuid: neutron. To ensure interoperability, identifiers should be a valid uuid. warnings.warn(('Invalid uuid: %s. To ensure interoperability, '
2026-07-16 01:39:38.375 8 INFO neutron.db.segments_db [None req-3d2321e1-8a3d-4b7d-95cd-7a6188a9670b 23999bba6f444779a30024448f9049f8 c61a47e6fd9641b4927792c2e16e8a79 - - default default] Added segment b883f1f2-0041-4cbf-8bdf-2ebf6ad5ae49 of type geneve for network edf88cf5-b5a8-4894-b71a-1ecf10798314 [pid: 7|app: 0|req: 1143/2241] 10.0.0.94 () {32 vars in 739 bytes} [Thu Jul 16 01:39:38 2026] DELETE /v2.0/security-groups/a7b5145a-e0e1-47c2-9482-a52c0a489c3c => generated 0 bytes in 268 msecs (HTTP/1.1 204) 2 headers in 112 bytes (1 switches on core 0)
2026-07-16 01:39:38.489 8 INFO neutron.db.ovn_revision_numbers_db [None req-3d2321e1-8a3d-4b7d-95cd-7a6188a9670b 23999bba6f444779a30024448f9049f8 c61a47e6fd9641b4927792c2e16e8a79 - - default default] Successfully bumped revision number for resource edf88cf5-b5a8-4894-b71a-1ecf10798314 (type: networks) to 1
2026-07-16 01:39:38.547 7 INFO neutron_taas.services.taas.taas_plugin [None req-37e6c8bd-fc6e-4c90-9b8e-5a0f14b547d7 1f215b8df3a143fa839d9f695268d69a 4f15999d3c284cb694d779f9a0a382c6 - - default default] TaaS: Handle Delete Port: 3fe961b2-8cc0-4223-a435-c2bc3d9169c0
2026-07-16 01:39:38.550 7 INFO neutron_taas.services.taas.tap_mirror_plugin [None req-37e6c8bd-fc6e-4c90-9b8e-5a0f14b547d7 1f215b8df3a143fa839d9f695268d69a 4f15999d3c284cb694d779f9a0a382c6 - - default default] Tap Mirror: Handle Delete Port: 3fe961b2-8cc0-4223-a435-c2bc3d9169c0
2026-07-16 01:39:38.653 8 WARNING neutron.scheduler.dhcp_agent_scheduler [None req-3d2321e1-8a3d-4b7d-95cd-7a6188a9670b 23999bba6f444779a30024448f9049f8 c61a47e6fd9641b4927792c2e16e8a79 - - default default] No more DHCP agents
2026-07-16 01:39:38.654 8 WARNING neutron.api.rpc.agentnotifiers.dhcp_rpc_agent_api [None req-3d2321e1-8a3d-4b7d-95cd-7a6188a9670b 23999bba6f444779a30024448f9049f8 c61a47e6fd9641b4927792c2e16e8a79 - - default default] Unable to schedule network edf88cf5-b5a8-4894-b71a-1ecf10798314: no agents available; will retry on subsequent port and subnet creation events. [pid: 7|app: 0|req: 1144/2242] 10.0.0.94 () {32 vars in 731 bytes} [Thu Jul 16 01:39:38 2026] DELETE /v2.0/floatingips/415dc867-41d9-4c72-9f51-944f887cca46 => generated 0 bytes in 258 msecs (HTTP/1.1 204) 2 headers in 112 bytes (1 switches on core 0)
2026-07-16 01:39:38.709 7 INFO neutron.plugins.ml2.drivers.ovn.mech_driver.mech_driver [None req-0552878d-e379-4829-be09-48a41a1fd32d - - - - - -] OVN reports status down for port: e1675eb1-946a-4f9a-8c48-7b2e6a19fe05
2026-07-16 01:39:38.734 8 INFO neutron.db.ovn_revision_numbers_db [None req-3d2321e1-8a3d-4b7d-95cd-7a6188a9670b 23999bba6f444779a30024448f9049f8 c61a47e6fd9641b4927792c2e16e8a79 - - default default] Successfully bumped revision number for resource e1675eb1-946a-4f9a-8c48-7b2e6a19fe05 (type: ports) to 1 [pid: 8|app: 0|req: 1099/2243] 10.0.0.94 () {34 vars in 669 bytes} [Thu Jul 16 01:39:38 2026] POST /v2.0/networks => generated 630 bytes in 479 msecs (HTTP/1.1 201) 4 headers in 162 bytes (1 switches on core 0)
2026-07-16 01:39:38.802 7 INFO neutron.db.segments_db [None req-8de00de2-f6ac-4cf2-b652-f328fb3307c4 a8c25a1dc03d457198314bf1d890e62c 90504ee8d4034120b06760b62b46e186 - - default default] Added segment c4d55ca0-eaaa-4947-945b-2f6b5cd72179 of type geneve for network bbbc6481-fa4e-43b6-b3e4-3a9671d3ec92
2026-07-16 01:39:38.878 8 INFO neutron.db.ovn_revision_numbers_db [None req-6c393a53-b538-476f-a41d-70ca3a627795 ae426aa6fd164f93957901582422f8f2 527ce43dc67d45e9aff5fd03f00f309a - - default default] Successfully bumped revision number for resource cb463656-c730-4d32-a089-0fe3d866160c (type: security_groups) to 1
2026-07-16 01:39:38.896 8 INFO neutron.db.ovn_revision_numbers_db [None req-6c393a53-b538-476f-a41d-70ca3a627795 ae426aa6fd164f93957901582422f8f2 527ce43dc67d45e9aff5fd03f00f309a - - default default] Successfully bumped revision number for resource 44fef5bd-8db1-4628-ab87-d4960bdeccf1 (type: security_group_rules) to 0
2026-07-16 01:39:38.907 7 INFO neutron.db.ovn_revision_numbers_db [None req-8de00de2-f6ac-4cf2-b652-f328fb3307c4 a8c25a1dc03d457198314bf1d890e62c 90504ee8d4034120b06760b62b46e186 - - default default] Successfully bumped revision number for resource bbbc6481-fa4e-43b6-b3e4-3a9671d3ec92 (type: networks) to 1
2026-07-16 01:39:38.909 8 INFO neutron.db.ovn_revision_numbers_db [None req-6c393a53-b538-476f-a41d-70ca3a627795 ae426aa6fd164f93957901582422f8f2 527ce43dc67d45e9aff5fd03f00f309a - - default default] Successfully bumped revision number for resource a6b984f1-b328-42cc-8391-0791b71a8333 (type: security_group_rules) to 0
2026-07-16 01:39:38.926 8 INFO neutron.db.ovn_revision_numbers_db [None req-6c393a53-b538-476f-a41d-70ca3a627795 ae426aa6fd164f93957901582422f8f2 527ce43dc67d45e9aff5fd03f00f309a - - default default] Successfully bumped revision number for resource b7ebf8a4-ebdc-44a0-9d6c-7acb1ed8ea7a (type: security_group_rules) to 0
2026-07-16 01:39:38.937 8 INFO neutron.db.ovn_revision_numbers_db [None req-6c393a53-b538-476f-a41d-70ca3a627795 ae426aa6fd164f93957901582422f8f2 527ce43dc67d45e9aff5fd03f00f309a - - default default] Successfully bumped revision number for resource c0fbf2de-9003-43b7-8824-52c5b0c54585 (type: security_group_rules) to 0 [pid: 8|app: 0|req: 1100/2244] 10.0.0.94 () {32 vars in 773 bytes} [Thu Jul 16 01:39:38 2026] GET /v2.0/security-groups?tenant_id=f8b38fafd15d4b068dc12cadcfb4ff9c&name=default => generated 2925 bytes in 212 msecs (HTTP/1.1 200) 4 headers in 158 bytes (1 switches on core 0)
2026-07-16 01:39:39.047 7 WARNING neutron.scheduler.dhcp_agent_scheduler [None req-8de00de2-f6ac-4cf2-b652-f328fb3307c4 a8c25a1dc03d457198314bf1d890e62c 90504ee8d4034120b06760b62b46e186 - - default default] No more DHCP agents
2026-07-16 01:39:39.049 7 WARNING neutron.api.rpc.agentnotifiers.dhcp_rpc_agent_api [None req-8de00de2-f6ac-4cf2-b652-f328fb3307c4 a8c25a1dc03d457198314bf1d890e62c 90504ee8d4034120b06760b62b46e186 - - default default] Unable to schedule network bbbc6481-fa4e-43b6-b3e4-3a9671d3ec92: no agents available; will retry on subsequent port and subnet creation events.
2026-07-16 01:39:39.093 8 INFO neutron_taas.services.taas.taas_plugin [None req-45831cd3-f778-4563-9e29-18255f4cd142 1f215b8df3a143fa839d9f695268d69a 4f15999d3c284cb694d779f9a0a382c6 - - default default] TaaS: Handle Delete Port: c137ceec-b4e5-46e4-aaa9-a583f791e5d1
2026-07-16 01:39:39.096 8 INFO neutron_taas.services.taas.tap_mirror_plugin [None req-45831cd3-f778-4563-9e29-18255f4cd142 1f215b8df3a143fa839d9f695268d69a 4f15999d3c284cb694d779f9a0a382c6 - - default default] Tap Mirror: Handle Delete Port: c137ceec-b4e5-46e4-aaa9-a583f791e5d1
2026-07-16 01:39:39.100 7 INFO neutron.plugins.ml2.drivers.ovn.mech_driver.mech_driver [None req-0552878d-e379-4829-be09-48a41a1fd32d - - - - - -] OVN reports status down for port: f905a2b2-f1ab-463b-95dc-ceb1a401be1b
2026-07-16 01:39:39.151 7 INFO neutron.db.ovn_revision_numbers_db [None req-8de00de2-f6ac-4cf2-b652-f328fb3307c4 a8c25a1dc03d457198314bf1d890e62c 90504ee8d4034120b06760b62b46e186 - - default default] Successfully bumped revision number for resource f905a2b2-f1ab-463b-95dc-ceb1a401be1b (type: ports) to 1 [pid: 7|app: 0|req: 1145/2245] 10.0.0.94 () {34 vars in 669 bytes} [Thu Jul 16 01:39:38 2026] POST /v2.0/networks => generated 632 bytes in 504 msecs (HTTP/1.1 201) 4 headers in 162 bytes (1 switches on core 0) [pid: 8|app: 0|req: 1101/2246] 10.0.0.94 () {32 vars in 731 bytes} [Thu Jul 16 01:39:38 2026] DELETE /v2.0/floatingips/2db7c7c6-7210-4851-89cc-04150626a1f4 => generated 0 bytes in 258 msecs (HTTP/1.1 204) 2 headers in 112 bytes (1 switches on core 0)
2026-07-16 01:39:39.400 7 WARNING neutron.scheduler.dhcp_agent_scheduler [None req-790a659f-2731-4ede-9274-ce479bb73319 23999bba6f444779a30024448f9049f8 c61a47e6fd9641b4927792c2e16e8a79 - - default default] No more DHCP agents
2026-07-16 01:39:39.401 7 WARNING neutron.api.rpc.agentnotifiers.dhcp_rpc_agent_api [None req-790a659f-2731-4ede-9274-ce479bb73319 23999bba6f444779a30024448f9049f8 c61a47e6fd9641b4927792c2e16e8a79 - - default default] Unable to schedule network edf88cf5-b5a8-4894-b71a-1ecf10798314: no agents available; will retry on subsequent port and subnet creation events. [pid: 8|app: 0|req: 1102/2247] 10.0.0.94 () {32 vars in 739 bytes} [Thu Jul 16 01:39:39 2026] DELETE /v2.0/security-groups/cb463656-c730-4d32-a089-0fe3d866160c => generated 0 bytes in 253 msecs (HTTP/1.1 204) 2 headers in 112 bytes (1 switches on core 0)
2026-07-16 01:39:39.703 8 WARNING neutron.plugins.ml2.drivers.ovn.mech_driver.ovsdb.ovn_client [None req-a7ff1adb-62cd-47d5-bf53-892f9a479499 - - - - - -] No port found with ID 23646e33-99bb-4f98-9414-2bf2356f70c8: RuntimeError: No port found with ID 23646e33-99bb-4f98-9414-2bf2356f70c8
2026-07-16 01:39:39.724 8 WARNING neutron.scheduler.dhcp_agent_scheduler [None req-df4f1104-e87a-4dab-b982-8b0a4aef9ecd a8c25a1dc03d457198314bf1d890e62c 90504ee8d4034120b06760b62b46e186 - - default default] No more DHCP agents
2026-07-16 01:39:39.725 8 INFO neutron.plugins.ml2.drivers.ovn.mech_driver.mech_driver [None req-a7ff1adb-62cd-47d5-bf53-892f9a479499 - - - - - -] OVN reports status down for port: 8e5bdccd-722c-4668-8a26-0f55e9a42d7f
2026-07-16 01:39:39.728 8 WARNING neutron.api.rpc.agentnotifiers.dhcp_rpc_agent_api [None req-df4f1104-e87a-4dab-b982-8b0a4aef9ecd a8c25a1dc03d457198314bf1d890e62c 90504ee8d4034120b06760b62b46e186 - - default default] Unable to schedule network bbbc6481-fa4e-43b6-b3e4-3a9671d3ec92: no agents available; will retry on subsequent port and subnet creation events.
2026-07-16 01:39:39.814 7 INFO neutron.plugins.ml2.drivers.ovn.mech_driver.mech_driver [None req-0552878d-e379-4829-be09-48a41a1fd32d - - - - - -] OVN reports status down for port: 901f6a34-211f-4195-9164-8ae29a715ba6
2026-07-16 01:39:39.852 8 INFO neutron.db.ovn_revision_numbers_db [None req-df4f1104-e87a-4dab-b982-8b0a4aef9ecd a8c25a1dc03d457198314bf1d890e62c 90504ee8d4034120b06760b62b46e186 - - default default] Successfully bumped revision number for resource 901f6a34-211f-4195-9164-8ae29a715ba6 (type: ports) to 1 [pid: 8|app: 0|req: 1103/2248] 10.0.0.94 () {34 vars in 663 bytes} [Thu Jul 16 01:39:39 2026] POST /v2.0/ports => generated 743 bytes in 415 msecs (HTTP/1.1 201) 4 headers in 162 bytes (1 switches on core 0) /var/lib/openstack/lib/python3.12/site-packages/pycadf/identifier.py:70: UserWarning: Invalid uuid: neutron. To ensure interoperability, identifiers should be a valid uuid. warnings.warn(('Invalid uuid: %s. To ensure interoperability, '
2026-07-16 01:39:39.941 8 INFO neutron.services.segments.plugin [-] Segment 183dbabc-0070-41e6-928f-a075f42eacec resource provider aggregate not found
2026-07-16 01:39:39.957 8 INFO neutron.services.segments.plugin [-] Segment 183dbabc-0070-41e6-928f-a075f42eacec resource provider aggregate not found
2026-07-16 01:39:39.960 8 INFO neutron.services.segments.plugin [-] Client error retrieving segment 183dbabc-0070-41e6-928f-a075f42eacec resource provider; error: Placement Client Error (4xx): {"errors": [{"status": 404, "title": "Not Found", "detail": "The resource could not be found.\n\n No resource provider with uuid 183dbabc-0070-41e6-928f-a075f42eacec found for delete ", "request_id": "req-727d1e52-4b21-4c1f-8a40-a424dddf97af"}]}
2026-07-16 01:39:39.973 7 INFO neutron.db.ovn_revision_numbers_db [None req-5ccb1e41-3002-4544-988a-00ff383a13c3 - - - - - -] Successfully bumped revision number for resource e1675eb1-946a-4f9a-8c48-7b2e6a19fe05 (type: ports) to 2
2026-07-16 01:39:39.978 8 INFO neutron.services.segments.plugin [-] Client error retrieving segment 183dbabc-0070-41e6-928f-a075f42eacec resource provider; error: Placement Client Error (4xx): {"errors": [{"status": 404, "title": "Not Found", "detail": "The resource could not be found.\n\n No resource provider with uuid 183dbabc-0070-41e6-928f-a075f42eacec found for delete ", "request_id": "req-f98c499a-0afd-4ed9-ad7d-e57b7c5005ab"}]}
2026-07-16 01:39:40.010 7 INFO neutron.db.ovn_revision_numbers_db [None req-5ccb1e41-3002-4544-988a-00ff383a13c3 - - - - - -] Successfully bumped revision number for resource 5eb76676-93f7-4f9f-a0ce-7b7ebb237c60 (type: subnets) to 0 [pid: 7|app: 0|req: 1146/2249] 10.0.0.94 () {34 vars in 668 bytes} [Thu Jul 16 01:39:39 2026] POST /v2.0/subnets => generated 626 bytes in 840 msecs (HTTP/1.1 201) 4 headers in 162 bytes (1 switches on core 0)
2026-07-16 01:39:40.038 8 INFO neutron.db.segments_db [None req-fc52920e-dc84-4609-ba3c-274857bc0209 a8c25a1dc03d457198314bf1d890e62c 90504ee8d4034120b06760b62b46e186 - - default default] Added segment 402f12be-27e2-4fba-b88b-a24ce412d726 of type geneve for network 2be7fa5d-92fb-4db0-8b4e-2cf918619be4
2026-07-16 01:39:40.154 8 INFO neutron.db.ovn_revision_numbers_db [None req-fc52920e-dc84-4609-ba3c-274857bc0209 a8c25a1dc03d457198314bf1d890e62c 90504ee8d4034120b06760b62b46e186 - - default default] Successfully bumped revision number for resource 2be7fa5d-92fb-4db0-8b4e-2cf918619be4 (type: networks) to 1
2026-07-16 01:39:40.288 7 INFO neutron.db.ovn_revision_numbers_db [None req-d02717c3-df9a-4b0d-bc02-dbf6cbd60cae ae426aa6fd164f93957901582422f8f2 527ce43dc67d45e9aff5fd03f00f309a - - default default] Successfully bumped revision number for resource 7cdd6dd7-3c51-4c0d-a3ef-01265c213406 (type: security_groups) to 1
2026-07-16 01:39:40.301 7 INFO neutron.db.ovn_revision_numbers_db [None req-d02717c3-df9a-4b0d-bc02-dbf6cbd60cae ae426aa6fd164f93957901582422f8f2 527ce43dc67d45e9aff5fd03f00f309a - - default default] Successfully bumped revision number for resource 23d963b5-8b16-4662-b754-699105abcb7e (type: security_group_rules) to 0
2026-07-16 01:39:40.320 7 INFO neutron.db.ovn_revision_numbers_db [None req-d02717c3-df9a-4b0d-bc02-dbf6cbd60cae ae426aa6fd164f93957901582422f8f2 527ce43dc67d45e9aff5fd03f00f309a - - default default] Successfully bumped revision number for resource 5e496361-3bbe-4a78-90e4-fb67824c797a (type: security_group_rules) to 0
2026-07-16 01:39:40.335 7 INFO neutron.db.ovn_revision_numbers_db [None req-d02717c3-df9a-4b0d-bc02-dbf6cbd60cae ae426aa6fd164f93957901582422f8f2 527ce43dc67d45e9aff5fd03f00f309a - - default default] Successfully bumped revision number for resource b4d87407-5837-4f02-8d7a-a1fccaabb59b (type: security_group_rules) to 0
2026-07-16 01:39:40.339 8 WARNING neutron.scheduler.dhcp_agent_scheduler [None req-fc52920e-dc84-4609-ba3c-274857bc0209 a8c25a1dc03d457198314bf1d890e62c 90504ee8d4034120b06760b62b46e186 - - default default] No more DHCP agents
2026-07-16 01:39:40.341 8 WARNING neutron.api.rpc.agentnotifiers.dhcp_rpc_agent_api [None req-fc52920e-dc84-4609-ba3c-274857bc0209 a8c25a1dc03d457198314bf1d890e62c 90504ee8d4034120b06760b62b46e186 - - default default] Unable to schedule network 2be7fa5d-92fb-4db0-8b4e-2cf918619be4: no agents available; will retry on subsequent port and subnet creation events.
2026-07-16 01:39:40.348 7 INFO neutron.db.ovn_revision_numbers_db [None req-d02717c3-df9a-4b0d-bc02-dbf6cbd60cae ae426aa6fd164f93957901582422f8f2 527ce43dc67d45e9aff5fd03f00f309a - - default default] Successfully bumped revision number for resource d037865b-0926-44bf-a66c-9d83aba52c7c (type: security_group_rules) to 0 [pid: 7|app: 0|req: 1147/2250] 10.0.0.94 () {32 vars in 773 bytes} [Thu Jul 16 01:39:40 2026] GET /v2.0/security-groups?tenant_id=74fef5e374024423a7296c846d7515f7&name=default => generated 2925 bytes in 393 msecs (HTTP/1.1 200) 4 headers in 158 bytes (1 switches on core 0)
2026-07-16 01:39:40.431 7 INFO neutron.plugins.ml2.drivers.ovn.mech_driver.mech_driver [None req-0552878d-e379-4829-be09-48a41a1fd32d - - - - - -] OVN reports status down for port: 28f1e28b-fc5f-4109-ac2b-2b89f8cf0c1e
2026-07-16 01:39:40.451 8 INFO neutron.db.ovn_revision_numbers_db [None req-fc52920e-dc84-4609-ba3c-274857bc0209 a8c25a1dc03d457198314bf1d890e62c 90504ee8d4034120b06760b62b46e186 - - default default] Successfully bumped revision number for resource 28f1e28b-fc5f-4109-ac2b-2b89f8cf0c1e (type: ports) to 1 [pid: 8|app: 0|req: 1104/2251] 10.0.0.94 () {34 vars in 669 bytes} [Thu Jul 16 01:39:39 2026] POST /v2.0/networks => generated 632 bytes in 563 msecs (HTTP/1.1 201) 4 headers in 162 bytes (1 switches on core 0)
2026-07-16 01:39:40.581 7 INFO neutron.db.ovn_revision_numbers_db [None req-aaa3746d-6f78-4922-8585-046a3e23bc7b 23999bba6f444779a30024448f9049f8 c61a47e6fd9641b4927792c2e16e8a79 - - default default] Successfully bumped revision number for resource c85ced8f-5a93-4aa2-96f0-f1cff566e3ff (type: routers) to 1 [pid: 7|app: 0|req: 1148/2252] 10.0.0.94 () {34 vars in 668 bytes} [Thu Jul 16 01:39:40 2026] POST /v2.0/routers => generated 602 bytes in 176 msecs (HTTP/1.1 201) 4 headers in 162 bytes (1 switches on core 0) [pid: 8|app: 0|req: 1105/2253] 10.0.0.94 () {32 vars in 739 bytes} [Thu Jul 16 01:39:40 2026] DELETE /v2.0/security-groups/7cdd6dd7-3c51-4c0d-a3ef-01265c213406 => generated 0 bytes in 264 msecs (HTTP/1.1 204) 2 headers in 112 bytes (1 switches on core 0)
2026-07-16 01:39:40.836 7 WARNING neutron.scheduler.dhcp_agent_scheduler [None req-76c1dc52-e2af-4164-a152-691998cd9b0f a8c25a1dc03d457198314bf1d890e62c 90504ee8d4034120b06760b62b46e186 - - default default] No more DHCP agents
2026-07-16 01:39:40.838 7 WARNING neutron.api.rpc.agentnotifiers.dhcp_rpc_agent_api [None req-76c1dc52-e2af-4164-a152-691998cd9b0f a8c25a1dc03d457198314bf1d890e62c 90504ee8d4034120b06760b62b46e186 - - default default] Unable to schedule network 2be7fa5d-92fb-4db0-8b4e-2cf918619be4: no agents available; will retry on subsequent port and subnet creation events.
2026-07-16 01:39:40.894 8 INFO neutron.plugins.ml2.drivers.ovn.mech_driver.mech_driver [None req-a7ff1adb-62cd-47d5-bf53-892f9a479499 - - - - - -] OVN reports status down for port: 078c458b-06ca-4701-9671-02603b030c27
2026-07-16 01:39:40.916 7 INFO neutron.db.ovn_revision_numbers_db [None req-76c1dc52-e2af-4164-a152-691998cd9b0f a8c25a1dc03d457198314bf1d890e62c 90504ee8d4034120b06760b62b46e186 - - default default] Successfully bumped revision number for resource 078c458b-06ca-4701-9671-02603b030c27 (type: ports) to 1 [pid: 7|app: 0|req: 1149/2254] 10.0.0.94 () {34 vars in 663 bytes} [Thu Jul 16 01:39:40 2026] POST /v2.0/ports => generated 743 bytes in 367 msecs (HTTP/1.1 201) 4 headers in 162 bytes (1 switches on core 0) /var/lib/openstack/lib/python3.12/site-packages/pycadf/identifier.py:70: UserWarning: Invalid uuid: neutron. To ensure interoperability, identifiers should be a valid uuid. warnings.warn(('Invalid uuid: %s. To ensure interoperability, '
2026-07-16 01:39:41.067 8 WARNING neutron.scheduler.dhcp_agent_scheduler [None req-11e7e029-0549-478d-9632-6b9d0944cd56 23999bba6f444779a30024448f9049f8 c61a47e6fd9641b4927792c2e16e8a79 - - default default] No more DHCP agents
2026-07-16 01:39:41.068 8 WARNING neutron.api.rpc.agentnotifiers.dhcp_rpc_agent_api [None req-11e7e029-0549-478d-9632-6b9d0944cd56 23999bba6f444779a30024448f9049f8 c61a47e6fd9641b4927792c2e16e8a79 - - default default] Unable to schedule network edf88cf5-b5a8-4894-b71a-1ecf10798314: no agents available; will retry on subsequent port and subnet creation events.
2026-07-16 01:39:41.082 7 INFO neutron.db.ovn_revision_numbers_db [None req-0b811bc9-717b-4b17-ab71-73ef4942ecd7 ae426aa6fd164f93957901582422f8f2 527ce43dc67d45e9aff5fd03f00f309a - - default default] Successfully bumped revision number for resource f7c64fd3-cb10-4ef1-8552-93c6b6acbc09 (type: security_groups) to 1
2026-07-16 01:39:41.094 7 INFO neutron.db.ovn_revision_numbers_db [None req-0b811bc9-717b-4b17-ab71-73ef4942ecd7 ae426aa6fd164f93957901582422f8f2 527ce43dc67d45e9aff5fd03f00f309a - - default default] Successfully bumped revision number for resource 8be42ee5-7a33-45d3-8a81-168a7b9f9346 (type: security_group_rules) to 0
2026-07-16 01:39:41.106 7 INFO neutron.db.ovn_revision_numbers_db [None req-0b811bc9-717b-4b17-ab71-73ef4942ecd7 ae426aa6fd164f93957901582422f8f2 527ce43dc67d45e9aff5fd03f00f309a - - default default] Successfully bumped revision number for resource 8f72c359-3a73-4377-9f25-b98fb00f41f9 (type: security_group_rules) to 0
2026-07-16 01:39:41.115 7 INFO neutron.db.ovn_revision_numbers_db [None req-0b811bc9-717b-4b17-ab71-73ef4942ecd7 ae426aa6fd164f93957901582422f8f2 527ce43dc67d45e9aff5fd03f00f309a - - default default] Successfully bumped revision number for resource 8faf293b-4958-46e9-8252-23e5d6ff76b2 (type: security_group_rules) to 0
2026-07-16 01:39:41.125 7 INFO neutron.db.ovn_revision_numbers_db [None req-0b811bc9-717b-4b17-ab71-73ef4942ecd7 ae426aa6fd164f93957901582422f8f2 527ce43dc67d45e9aff5fd03f00f309a - - default default] Successfully bumped revision number for resource bab7dea3-8dce-401d-a5e6-6371da16637b (type: security_group_rules) to 0
2026-07-16 01:39:41.184 8 INFO neutron.plugins.ml2.drivers.ovn.mech_driver.mech_driver [None req-a7ff1adb-62cd-47d5-bf53-892f9a479499 - - - - - -] OVN reports status down for port: e490f5c4-af84-40d9-ac2a-3476f5e3a24b [pid: 7|app: 0|req: 1150/2255] 10.0.0.94 () {32 vars in 773 bytes} [Thu Jul 16 01:39:40 2026] GET /v2.0/security-groups?tenant_id=4f15999d3c284cb694d779f9a0a382c6&name=default => generated 2925 bytes in 224 msecs (HTTP/1.1 200) 4 headers in 158 bytes (1 switches on core 0)
2026-07-16 01:39:41.261 8 INFO neutron.db.ovn_revision_numbers_db [None req-11e7e029-0549-478d-9632-6b9d0944cd56 23999bba6f444779a30024448f9049f8 c61a47e6fd9641b4927792c2e16e8a79 - - default default] Successfully bumped revision number for resource e490f5c4-af84-40d9-ac2a-3476f5e3a24b (type: ports) to 1
2026-07-16 01:39:41.269 7 INFO neutron.db.segments_db [None req-f9aeb982-309e-43c4-a400-e4d8186a9cf1 a8c25a1dc03d457198314bf1d890e62c 90504ee8d4034120b06760b62b46e186 - - default default] Added segment 0f0674f3-8cd3-4fd5-91d0-cd083a271476 of type geneve for network b2fd4dc6-14e5-480d-8055-71275676eb82 [pid: 8|app: 0|req: 1106/2256] 10.0.0.94 () {34 vars in 664 bytes} [Thu Jul 16 01:39:40 2026] POST /v2.0/ports => generated 952 bytes in 645 msecs (HTTP/1.1 201) 4 headers in 162 bytes (1 switches on core 0)
2026-07-16 01:39:41.383 7 INFO neutron.db.ovn_revision_numbers_db [None req-f9aeb982-309e-43c4-a400-e4d8186a9cf1 a8c25a1dc03d457198314bf1d890e62c 90504ee8d4034120b06760b62b46e186 - - default default] Successfully bumped revision number for resource b2fd4dc6-14e5-480d-8055-71275676eb82 (type: networks) to 1 /var/lib/openstack/lib/python3.12/site-packages/pycadf/identifier.py:70: UserWarning: Invalid uuid: neutron. To ensure interoperability, identifiers should be a valid uuid. warnings.warn(('Invalid uuid: %s. To ensure interoperability, '
2026-07-16 01:39:41.557 7 WARNING neutron.scheduler.dhcp_agent_scheduler [None req-f9aeb982-309e-43c4-a400-e4d8186a9cf1 a8c25a1dc03d457198314bf1d890e62c 90504ee8d4034120b06760b62b46e186 - - default default] No more DHCP agents
2026-07-16 01:39:41.558 7 WARNING neutron.api.rpc.agentnotifiers.dhcp_rpc_agent_api [None req-f9aeb982-309e-43c4-a400-e4d8186a9cf1 a8c25a1dc03d457198314bf1d890e62c 90504ee8d4034120b06760b62b46e186 - - default default] Unable to schedule network b2fd4dc6-14e5-480d-8055-71275676eb82: no agents available; will retry on subsequent port and subnet creation events. [pid: 8|app: 0|req: 1107/2257] 10.0.0.94 () {32 vars in 739 bytes} [Thu Jul 16 01:39:41 2026] DELETE /v2.0/security-groups/f7c64fd3-cb10-4ef1-8552-93c6b6acbc09 => generated 0 bytes in 215 msecs (HTTP/1.1 204) 2 headers in 112 bytes (1 switches on core 0)
2026-07-16 01:39:41.666 8 INFO neutron.plugins.ml2.drivers.ovn.mech_driver.mech_driver [None req-a7ff1adb-62cd-47d5-bf53-892f9a479499 - - - - - -] OVN reports status down for port: 7271809f-b8e1-4b5c-83b0-1d35b8640c3a
2026-07-16 01:39:41.668 7 INFO neutron.db.ovn_revision_numbers_db [None req-f9aeb982-309e-43c4-a400-e4d8186a9cf1 a8c25a1dc03d457198314bf1d890e62c 90504ee8d4034120b06760b62b46e186 - - default default] Successfully bumped revision number for resource 7271809f-b8e1-4b5c-83b0-1d35b8640c3a (type: ports) to 1 [pid: 7|app: 0|req: 1151/2258] 10.0.0.94 () {34 vars in 669 bytes} [Thu Jul 16 01:39:41 2026] POST /v2.0/networks => generated 632 bytes in 504 msecs (HTTP/1.1 201) 4 headers in 162 bytes (1 switches on core 0)
2026-07-16 01:39:41.937 7 WARNING neutron.scheduler.dhcp_agent_scheduler [None req-31e6b1ac-6b34-4503-a333-f49ad2613d47 a8c25a1dc03d457198314bf1d890e62c 90504ee8d4034120b06760b62b46e186 - - default default] No more DHCP agents
2026-07-16 01:39:41.938 7 WARNING neutron.api.rpc.agentnotifiers.dhcp_rpc_agent_api [None req-31e6b1ac-6b34-4503-a333-f49ad2613d47 a8c25a1dc03d457198314bf1d890e62c 90504ee8d4034120b06760b62b46e186 - - default default] Unable to schedule network b2fd4dc6-14e5-480d-8055-71275676eb82: no agents available; will retry on subsequent port and subnet creation events.
2026-07-16 01:39:41.987 7 INFO neutron.plugins.ml2.drivers.ovn.mech_driver.mech_driver [None req-0552878d-e379-4829-be09-48a41a1fd32d - - - - - -] OVN reports status down for port: 208036b0-dd74-47d5-8888-8e46d469be4f
2026-07-16 01:39:42.038 7 INFO neutron.db.ovn_revision_numbers_db [None req-31e6b1ac-6b34-4503-a333-f49ad2613d47 a8c25a1dc03d457198314bf1d890e62c 90504ee8d4034120b06760b62b46e186 - - default default] Successfully bumped revision number for resource 208036b0-dd74-47d5-8888-8e46d469be4f (type: ports) to 1 [pid: 7|app: 0|req: 1152/2259] 10.0.0.94 () {34 vars in 663 bytes} [Thu Jul 16 01:39:41 2026] POST /v2.0/ports => generated 743 bytes in 411 msecs (HTTP/1.1 201) 4 headers in 162 bytes (1 switches on core 0) /var/lib/openstack/lib/python3.12/site-packages/pycadf/identifier.py:70: UserWarning: Invalid uuid: neutron. To ensure interoperability, identifiers should be a valid uuid. warnings.warn(('Invalid uuid: %s. To ensure interoperability, '
2026-07-16 01:39:42.217 8 INFO neutron.plugins.ml2.drivers.ovn.mech_driver.mech_driver [None req-a7ff1adb-62cd-47d5-bf53-892f9a479499 - - - - - -] OVN reports status up for port: e490f5c4-af84-40d9-ac2a-3476f5e3a24b
2026-07-16 01:39:42.241 7 INFO neutron.db.ovn_revision_numbers_db [None req-b399e223-7745-40ff-8bfd-960db48feabe ae426aa6fd164f93957901582422f8f2 527ce43dc67d45e9aff5fd03f00f309a - - default default] Successfully bumped revision number for resource 4a37dd10-7de4-4093-ade1-b4e609b01dee (type: security_groups) to 1
2026-07-16 01:39:42.254 7 INFO neutron.db.ovn_revision_numbers_db [None req-b399e223-7745-40ff-8bfd-960db48feabe ae426aa6fd164f93957901582422f8f2 527ce43dc67d45e9aff5fd03f00f309a - - default default] Successfully bumped revision number for resource 272addd4-1d0c-46d4-a2e8-e2c0269bafa7 (type: security_group_rules) to 0
2026-07-16 01:39:42.262 8 INFO neutron.plugins.ml2.plugin [None req-a7ff1adb-62cd-47d5-bf53-892f9a479499 - - - - - -] Attempt 1 to provision port e490f5c4-af84-40d9-ac2a-3476f5e3a24b
2026-07-16 01:39:42.269 7 INFO neutron.db.ovn_revision_numbers_db [None req-b399e223-7745-40ff-8bfd-960db48feabe ae426aa6fd164f93957901582422f8f2 527ce43dc67d45e9aff5fd03f00f309a - - default default] Successfully bumped revision number for resource b5079714-f5cd-4bb5-8de4-6bbdc199106f (type: security_group_rules) to 0
2026-07-16 01:39:42.289 7 INFO neutron.db.ovn_revision_numbers_db [None req-b399e223-7745-40ff-8bfd-960db48feabe ae426aa6fd164f93957901582422f8f2 527ce43dc67d45e9aff5fd03f00f309a - - default default] Successfully bumped revision number for resource b6428581-3f68-477b-9073-c4801a1358a6 (type: security_group_rules) to 0
2026-07-16 01:39:42.296 8 INFO neutron.db.ovn_revision_numbers_db [None req-2935513a-3424-4397-9392-3fb7a3c11c72 23999bba6f444779a30024448f9049f8 c61a47e6fd9641b4927792c2e16e8a79 - - default default] Successfully bumped revision number for resource e490f5c4-af84-40d9-ac2a-3476f5e3a24b (type: ports) to 2
2026-07-16 01:39:42.301 7 INFO neutron.db.ovn_revision_numbers_db [None req-b399e223-7745-40ff-8bfd-960db48feabe ae426aa6fd164f93957901582422f8f2 527ce43dc67d45e9aff5fd03f00f309a - - default default] Successfully bumped revision number for resource cfa73d1a-6662-4a6e-936d-8773dea61a69 (type: security_group_rules) to 0 [pid: 7|app: 0|req: 1153/2260] 10.0.0.94 () {32 vars in 773 bytes} [Thu Jul 16 01:39:42 2026] GET /v2.0/security-groups?tenant_id=20be3af9e79d485ebd3425539016eefa&name=default => generated 2925 bytes in 226 msecs (HTTP/1.1 200) 4 headers in 158 bytes (1 switches on core 0)
2026-07-16 01:39:42.427 7 INFO neutron.db.segments_db [None req-bc76e205-f993-4356-a29d-53a34063e33e a8c25a1dc03d457198314bf1d890e62c 90504ee8d4034120b06760b62b46e186 - - default default] Added segment a71a89a5-9214-4153-b372-77811f1cbc46 of type geneve for network 014cb4c7-526f-4d0c-92ff-30d08f1e75b4
2026-07-16 01:39:42.510 7 INFO neutron.db.ovn_revision_numbers_db [None req-bc76e205-f993-4356-a29d-53a34063e33e a8c25a1dc03d457198314bf1d890e62c 90504ee8d4034120b06760b62b46e186 - - default default] Successfully bumped revision number for resource 014cb4c7-526f-4d0c-92ff-30d08f1e75b4 (type: networks) to 1
2026-07-16 01:39:42.630 7 WARNING neutron.scheduler.dhcp_agent_scheduler [None req-bc76e205-f993-4356-a29d-53a34063e33e a8c25a1dc03d457198314bf1d890e62c 90504ee8d4034120b06760b62b46e186 - - default default] No more DHCP agents
2026-07-16 01:39:42.631 7 WARNING neutron.api.rpc.agentnotifiers.dhcp_rpc_agent_api [None req-bc76e205-f993-4356-a29d-53a34063e33e a8c25a1dc03d457198314bf1d890e62c 90504ee8d4034120b06760b62b46e186 - - default default] Unable to schedule network 014cb4c7-526f-4d0c-92ff-30d08f1e75b4: no agents available; will retry on subsequent port and subnet creation events.
2026-07-16 01:39:42.679 7 INFO neutron.plugins.ml2.drivers.ovn.mech_driver.mech_driver [None req-0552878d-e379-4829-be09-48a41a1fd32d - - - - - -] OVN reports status down for port: 5c981460-39c9-4f70-bd8f-574dc8c19c36
2026-07-16 01:39:42.724 7 INFO neutron.db.ovn_revision_numbers_db [None req-bc76e205-f993-4356-a29d-53a34063e33e a8c25a1dc03d457198314bf1d890e62c 90504ee8d4034120b06760b62b46e186 - - default default] Successfully bumped revision number for resource 5c981460-39c9-4f70-bd8f-574dc8c19c36 (type: ports) to 1 [pid: 7|app: 0|req: 1154/2261] 10.0.0.94 () {34 vars in 669 bytes} [Thu Jul 16 01:39:42 2026] POST /v2.0/networks => generated 632 bytes in 424 msecs (HTTP/1.1 201) 4 headers in 162 bytes (1 switches on core 0)
2026-07-16 01:39:42.914 8 INFO neutron.db.ovn_revision_numbers_db [None req-a7ff1adb-62cd-47d5-bf53-892f9a479499 - - - - - -] Successfully bumped revision number for resource e490f5c4-af84-40d9-ac2a-3476f5e3a24b (type: ports) to 3 [pid: 7|app: 0|req: 1155/2262] 10.0.0.94 () {32 vars in 739 bytes} [Thu Jul 16 01:39:42 2026] DELETE /v2.0/security-groups/4a37dd10-7de4-4093-ade1-b4e609b01dee => generated 0 bytes in 208 msecs (HTTP/1.1 204) 2 headers in 112 bytes (1 switches on core 0)
2026-07-16 01:39:43.162 7 WARNING neutron.scheduler.dhcp_agent_scheduler [None req-e709d90a-2a81-4f64-982d-65caf482248f a8c25a1dc03d457198314bf1d890e62c 90504ee8d4034120b06760b62b46e186 - - default default] No more DHCP agents
2026-07-16 01:39:43.163 7 WARNING neutron.api.rpc.agentnotifiers.dhcp_rpc_agent_api [None req-e709d90a-2a81-4f64-982d-65caf482248f a8c25a1dc03d457198314bf1d890e62c 90504ee8d4034120b06760b62b46e186 - - default default] Unable to schedule network 014cb4c7-526f-4d0c-92ff-30d08f1e75b4: no agents available; will retry on subsequent port and subnet creation events.
2026-07-16 01:39:43.238 7 INFO neutron.db.ovn_revision_numbers_db [None req-e709d90a-2a81-4f64-982d-65caf482248f a8c25a1dc03d457198314bf1d890e62c 90504ee8d4034120b06760b62b46e186 - - default default] Successfully bumped revision number for resource 33af5212-b191-4ffa-a01a-a782a0914d1a (type: ports) to 1 [pid: 7|app: 0|req: 1156/2263] 10.0.0.94 () {34 vars in 663 bytes} [Thu Jul 16 01:39:42 2026] POST /v2.0/ports => generated 743 bytes in 337 msecs (HTTP/1.1 201) 4 headers in 162 bytes (1 switches on core 0) /var/lib/openstack/lib/python3.12/site-packages/pycadf/identifier.py:70: UserWarning: Invalid uuid: neutron. To ensure interoperability, identifiers should be a valid uuid. warnings.warn(('Invalid uuid: %s. To ensure interoperability, ' [pid: 7|app: 0|req: 1157/2264] 10.0.0.94 () {34 vars in 746 bytes} [Thu Jul 16 01:39:43 2026] PUT /v2.0/ports/8e5bdccd-722c-4668-8a26-0f55e9a42d7f/tags => generated 17 bytes in 62 msecs (HTTP/1.1 200) 4 headers in 156 bytes (1 switches on core 0) /var/lib/openstack/lib/python3.12/site-packages/pycadf/identifier.py:70: UserWarning: Invalid uuid: neutron. To ensure interoperability, identifiers should be a valid uuid. warnings.warn(('Invalid uuid: %s. To ensure interoperability, ' [pid: 7|app: 0|req: 1158/2265] 10.0.0.94 () {34 vars in 746 bytes} [Thu Jul 16 01:39:43 2026] PUT /v2.0/ports/901f6a34-211f-4195-9164-8ae29a715ba6/tags => generated 25 bytes in 52 msecs (HTTP/1.1 200) 4 headers in 156 bytes (1 switches on core 0) /var/lib/openstack/lib/python3.12/site-packages/pycadf/identifier.py:70: UserWarning: Invalid uuid: neutron. To ensure interoperability, identifiers should be a valid uuid. warnings.warn(('Invalid uuid: %s. To ensure interoperability, ' [pid: 7|app: 0|req: 1159/2266] 10.0.0.94 () {34 vars in 746 bytes} [Thu Jul 16 01:39:43 2026] PUT /v2.0/ports/078c458b-06ca-4701-9671-02603b030c27/tags => generated 34 bytes in 65 msecs (HTTP/1.1 200) 4 headers in 156 bytes (1 switches on core 0) /var/lib/openstack/lib/python3.12/site-packages/pycadf/identifier.py:70: UserWarning: Invalid uuid: neutron. To ensure interoperability, identifiers should be a valid uuid. warnings.warn(('Invalid uuid: %s. To ensure interoperability, ' [pid: 7|app: 0|req: 1160/2267] 10.0.0.94 () {34 vars in 746 bytes} [Thu Jul 16 01:39:43 2026] PUT /v2.0/ports/208036b0-dd74-47d5-8888-8e46d469be4f/tags => generated 19 bytes in 92 msecs (HTTP/1.1 200) 4 headers in 156 bytes (1 switches on core 0) /var/lib/openstack/lib/python3.12/site-packages/pycadf/identifier.py:70: UserWarning: Invalid uuid: neutron. To ensure interoperability, identifiers should be a valid uuid. warnings.warn(('Invalid uuid: %s. To ensure interoperability, ' [pid: 7|app: 0|req: 1161/2268] 10.0.0.94 () {32 vars in 659 bytes} [Thu Jul 16 01:39:43 2026] GET /v2.0/ports?tags=red => generated 2253 bytes in 113 msecs (HTTP/1.1 200) 4 headers in 158 bytes (1 switches on core 0)
2026-07-16 01:39:43.776 8 WARNING neutron.scheduler.dhcp_agent_scheduler [None req-2935513a-3424-4397-9392-3fb7a3c11c72 23999bba6f444779a30024448f9049f8 c61a47e6fd9641b4927792c2e16e8a79 - - default default] No more DHCP agents
2026-07-16 01:39:43.778 8 WARNING neutron.api.rpc.agentnotifiers.dhcp_rpc_agent_api [None req-2935513a-3424-4397-9392-3fb7a3c11c72 23999bba6f444779a30024448f9049f8 c61a47e6fd9641b4927792c2e16e8a79 - - default default] Unable to schedule network edf88cf5-b5a8-4894-b71a-1ecf10798314: no agents available; will retry on subsequent port and subnet creation events. [pid: 7|app: 0|req: 1162/2269] 10.0.0.94 () {32 vars in 673 bytes} [Thu Jul 16 01:39:43 2026] GET /v2.0/ports?tags=red%2Cblue => generated 1513 bytes in 79 msecs (HTTP/1.1 200) 4 headers in 158 bytes (1 switches on core 0) [pid: 7|app: 0|req: 1163/2270] 10.0.0.94 () {32 vars in 669 bytes} [Thu Jul 16 01:39:43 2026] GET /v2.0/ports?tags-any=blue => generated 1513 bytes in 69 msecs (HTTP/1.1 200) 4 headers in 158 bytes (1 switches on core 0) [pid: 7|app: 0|req: 1164/2271] 10.0.0.94 () {32 vars in 681 bytes} [Thu Jul 16 01:39:43 2026] GET /v2.0/ports?tags-any=red%2Cblue => generated 2253 bytes in 41 msecs (HTTP/1.1 200) 4 headers in 158 bytes (1 switches on core 0) [pid: 7|app: 0|req: 1165/2272] 10.0.0.94 () {32 vars in 667 bytes} [Thu Jul 16 01:39:43 2026] GET /v2.0/ports?not-tags=red => generated 5268 bytes in 99 msecs (HTTP/1.1 200) 4 headers in 158 bytes (1 switches on core 0)
2026-07-16 01:39:44.033 8 INFO neutron.db.ovn_revision_numbers_db [None req-2935513a-3424-4397-9392-3fb7a3c11c72 23999bba6f444779a30024448f9049f8 c61a47e6fd9641b4927792c2e16e8a79 - - default default] Successfully bumped revision number for resource e490f5c4-af84-40d9-ac2a-3476f5e3a24b (type: router_ports) to 3 [pid: 8|app: 0|req: 1108/2273] 10.0.0.94 () {34 vars in 782 bytes} [Thu Jul 16 01:39:41 2026] PUT /v2.0/routers/c85ced8f-5a93-4aa2-96f0-f1cff566e3ff/add_router_interface => generated 309 bytes in 2441 msecs (HTTP/1.1 200) 4 headers in 157 bytes (1 switches on core 0) /var/lib/openstack/lib/python3.12/site-packages/pycadf/identifier.py:70: UserWarning: Invalid uuid: neutron. To ensure interoperability, identifiers should be a valid uuid. warnings.warn(('Invalid uuid: %s. To ensure interoperability, ' [pid: 8|app: 0|req: 1109/2274] 10.0.0.94 () {32 vars in 716 bytes} [Thu Jul 16 01:39:44 2026] GET /v2.0/ports/e490f5c4-af84-40d9-ac2a-3476f5e3a24b => generated 1014 bytes in 38 msecs (HTTP/1.1 200) 4 headers in 158 bytes (1 switches on core 0) [pid: 7|app: 0|req: 1166/2275] 10.0.0.94 () {32 vars in 681 bytes} [Thu Jul 16 01:39:44 2026] GET /v2.0/ports?not-tags=red%2Cblue => generated 6008 bytes in 93 msecs (HTTP/1.1 200) 4 headers in 158 bytes (1 switches on core 0) [pid: 7|app: 0|req: 1167/2276] 10.0.0.94 () {32 vars in 677 bytes} [Thu Jul 16 01:39:44 2026] GET /v2.0/ports?not-tags-any=blue => generated 6008 bytes in 86 msecs (HTTP/1.1 200) 4 headers in 158 bytes (1 switches on core 0) [pid: 7|app: 0|req: 1168/2277] 10.0.0.94 () {32 vars in 689 bytes} [Thu Jul 16 01:39:44 2026] GET /v2.0/ports?not-tags-any=red%2Cblue => generated 5268 bytes in 55 msecs (HTTP/1.1 200) 4 headers in 158 bytes (1 switches on core 0)
2026-07-16 01:39:44.410 7 INFO neutron_taas.services.taas.taas_plugin [None req-e2653975-973b-453e-9d17-0d7c582bb71b a8c25a1dc03d457198314bf1d890e62c 90504ee8d4034120b06760b62b46e186 - - default default] TaaS: Handle Delete Port: 8e5bdccd-722c-4668-8a26-0f55e9a42d7f
2026-07-16 01:39:44.413 7 INFO neutron_taas.services.taas.tap_mirror_plugin [None req-e2653975-973b-453e-9d17-0d7c582bb71b a8c25a1dc03d457198314bf1d890e62c 90504ee8d4034120b06760b62b46e186 - - default default] Tap Mirror: Handle Delete Port: 8e5bdccd-722c-4668-8a26-0f55e9a42d7f
2026-07-16 01:39:44.418 8 INFO neutron_taas.services.taas.taas_plugin [None req-e033c07e-4401-4cea-ad49-243ec845e5a6 23999bba6f444779a30024448f9049f8 c61a47e6fd9641b4927792c2e16e8a79 - - default default] TaaS: Handle Delete Port: e490f5c4-af84-40d9-ac2a-3476f5e3a24b
2026-07-16 01:39:44.422 8 INFO neutron_taas.services.taas.tap_mirror_plugin [None req-e033c07e-4401-4cea-ad49-243ec845e5a6 23999bba6f444779a30024448f9049f8 c61a47e6fd9641b4927792c2e16e8a79 - - default default] Tap Mirror: Handle Delete Port: e490f5c4-af84-40d9-ac2a-3476f5e3a24b [pid: 7|app: 0|req: 1169/2278] 10.0.0.94 () {32 vars in 719 bytes} [Thu Jul 16 01:39:44 2026] DELETE /v2.0/ports/8e5bdccd-722c-4668-8a26-0f55e9a42d7f => generated 0 bytes in 255 msecs (HTTP/1.1 204) 3 headers in 131 bytes (1 switches on core 0)
2026-07-16 01:39:44.656 7 INFO neutron_taas.services.taas.taas_plugin [None req-1012eaff-d583-4a55-97a7-ff56ec2cc3fb a8c25a1dc03d457198314bf1d890e62c 90504ee8d4034120b06760b62b46e186 - - default default] TaaS: Handle Delete Port: 901f6a34-211f-4195-9164-8ae29a715ba6
2026-07-16 01:39:44.660 7 INFO neutron_taas.services.taas.tap_mirror_plugin [None req-1012eaff-d583-4a55-97a7-ff56ec2cc3fb a8c25a1dc03d457198314bf1d890e62c 90504ee8d4034120b06760b62b46e186 - - default default] Tap Mirror: Handle Delete Port: 901f6a34-211f-4195-9164-8ae29a715ba6 [pid: 7|app: 0|req: 1172/2281] 10.0.0.94 () {32 vars in 719 bytes} [Thu Jul 16 01:39:44 2026] DELETE /v2.0/ports/901f6a34-211f-4195-9164-8ae29a715ba6 => generated 0 bytes in 262 msecs (HTTP/1.1 204) 3 headers in 131 bytes (1 switches on core 0) [pid: 8|app: 0|req: 1110/2282] 10.0.0.94 () {34 vars in 788 bytes} [Thu Jul 16 01:39:44 2026] PUT /v2.0/routers/c85ced8f-5a93-4aa2-96f0-f1cff566e3ff/remove_router_interface => generated 309 bytes in 744 msecs (HTTP/1.1 200) 4 headers in 157 bytes (1 switches on core 0) /var/lib/openstack/lib/python3.12/site-packages/pycadf/identifier.py:70: UserWarning: Invalid uuid: neutron. To ensure interoperability, identifiers should be a valid uuid. warnings.warn(('Invalid uuid: %s. To ensure interoperability, '
2026-07-16 01:39:44.890 8 INFO neutron.api.v2.resource [None req-d1e8d0e6-0f43-4f71-83bf-4b3f2008bbb2 23999bba6f444779a30024448f9049f8 c61a47e6fd9641b4927792c2e16e8a79 - - default default] remove_router_interface failed (client error): The resource could not be found. [pid: 8|app: 0|req: 1111/2283] 10.0.0.94 () {34 vars in 788 bytes} [Thu Jul 16 01:39:44 2026] PUT /v2.0/routers/c85ced8f-5a93-4aa2-96f0-f1cff566e3ff/remove_router_interface => generated 197 bytes in 56 msecs (HTTP/1.1 404) 4 headers in 164 bytes (1 switches on core 0)
2026-07-16 01:39:44.911 7 INFO neutron_taas.services.taas.taas_plugin [None req-b2f830cd-1641-43ce-bdff-54326b250ff5 a8c25a1dc03d457198314bf1d890e62c 90504ee8d4034120b06760b62b46e186 - - default default] TaaS: Handle Delete Port: 078c458b-06ca-4701-9671-02603b030c27
2026-07-16 01:39:44.914 7 INFO neutron_taas.services.taas.tap_mirror_plugin [None req-b2f830cd-1641-43ce-bdff-54326b250ff5 a8c25a1dc03d457198314bf1d890e62c 90504ee8d4034120b06760b62b46e186 - - default default] Tap Mirror: Handle Delete Port: 078c458b-06ca-4701-9671-02603b030c27 [pid: 8|app: 0|req: 1112/2284] 10.0.0.94 () {32 vars in 735 bytes} [Thu Jul 16 01:39:44 2026] GET /v2.0/ports?device_id=c85ced8f-5a93-4aa2-96f0-f1cff566e3ff => generated 12 bytes in 18 msecs (HTTP/1.1 200) 4 headers in 156 bytes (1 switches on core 0) [pid: 7|app: 0|req: 1173/2285] 10.0.0.94 () {32 vars in 719 bytes} [Thu Jul 16 01:39:44 2026] DELETE /v2.0/ports/078c458b-06ca-4701-9671-02603b030c27 => generated 0 bytes in 218 msecs (HTTP/1.1 204) 3 headers in 131 bytes (1 switches on core 0) [pid: 8|app: 0|req: 1113/2286] 10.0.0.94 () {32 vars in 723 bytes} [Thu Jul 16 01:39:44 2026] DELETE /v2.0/routers/c85ced8f-5a93-4aa2-96f0-f1cff566e3ff => generated 0 bytes in 196 msecs (HTTP/1.1 204) 2 headers in 112 bytes (1 switches on core 0)
2026-07-16 01:39:45.148 7 INFO neutron_taas.services.taas.taas_plugin [None req-cae73ed5-287e-40a3-9881-4d8981120c37 a8c25a1dc03d457198314bf1d890e62c 90504ee8d4034120b06760b62b46e186 - - default default] TaaS: Handle Delete Port: 208036b0-dd74-47d5-8888-8e46d469be4f
2026-07-16 01:39:45.151 7 INFO neutron_taas.services.taas.tap_mirror_plugin [None req-cae73ed5-287e-40a3-9881-4d8981120c37 a8c25a1dc03d457198314bf1d890e62c 90504ee8d4034120b06760b62b46e186 - - default default] Tap Mirror: Handle Delete Port: 208036b0-dd74-47d5-8888-8e46d469be4f [pid: 7|app: 0|req: 1174/2287] 10.0.0.94 () {32 vars in 719 bytes} [Thu Jul 16 01:39:45 2026] DELETE /v2.0/ports/208036b0-dd74-47d5-8888-8e46d469be4f => generated 0 bytes in 235 msecs (HTTP/1.1 204) 3 headers in 131 bytes (1 switches on core 0) [pid: 8|app: 0|req: 1114/2288] 10.0.0.94 () {32 vars in 723 bytes} [Thu Jul 16 01:39:45 2026] DELETE /v2.0/subnets/5eb76676-93f7-4f9f-a0ce-7b7ebb237c60 => generated 0 bytes in 149 msecs (HTTP/1.1 204) 3 headers in 131 bytes (1 switches on core 0)
2026-07-16 01:39:45.403 8 INFO neutron_taas.services.taas.taas_plugin [None req-7aee7464-2835-43d2-9ab2-210a77b157d7 23999bba6f444779a30024448f9049f8 c61a47e6fd9641b4927792c2e16e8a79 - - default default] TaaS: Handle Delete Port: e1675eb1-946a-4f9a-8c48-7b2e6a19fe05
2026-07-16 01:39:45.405 8 INFO neutron_taas.services.taas.tap_mirror_plugin [None req-7aee7464-2835-43d2-9ab2-210a77b157d7 23999bba6f444779a30024448f9049f8 c61a47e6fd9641b4927792c2e16e8a79 - - default default] Tap Mirror: Handle Delete Port: e1675eb1-946a-4f9a-8c48-7b2e6a19fe05
2026-07-16 01:39:45.406 7 INFO neutron_taas.services.taas.taas_plugin [None req-19249d8d-0ace-4168-8538-341bbfc9004a a8c25a1dc03d457198314bf1d890e62c 90504ee8d4034120b06760b62b46e186 - - default default] TaaS: Handle Delete Port: 33af5212-b191-4ffa-a01a-a782a0914d1a
2026-07-16 01:39:45.410 7 INFO neutron_taas.services.taas.tap_mirror_plugin [None req-19249d8d-0ace-4168-8538-341bbfc9004a a8c25a1dc03d457198314bf1d890e62c 90504ee8d4034120b06760b62b46e186 - - default default] Tap Mirror: Handle Delete Port: 33af5212-b191-4ffa-a01a-a782a0914d1a [pid: 7|app: 0|req: 1175/2289] 10.0.0.94 () {32 vars in 719 bytes} [Thu Jul 16 01:39:45 2026] DELETE /v2.0/ports/33af5212-b191-4ffa-a01a-a782a0914d1a => generated 0 bytes in 258 msecs (HTTP/1.1 204) 3 headers in 131 bytes (1 switches on core 0)
2026-07-16 01:39:45.614 8 INFO neutron.services.segments.plugin [-] Segment b883f1f2-0041-4cbf-8bdf-2ebf6ad5ae49 resource provider aggregate not found
2026-07-16 01:39:45.619 8 INFO neutron.services.segments.plugin [-] Segment b883f1f2-0041-4cbf-8bdf-2ebf6ad5ae49 resource provider aggregate not found
2026-07-16 01:39:45.633 8 INFO neutron.services.segments.plugin [-] Client error retrieving segment b883f1f2-0041-4cbf-8bdf-2ebf6ad5ae49 resource provider; error: Placement Client Error (4xx): {"errors": [{"status": 404, "title": "Not Found", "detail": "The resource could not be found.\n\n No resource provider with uuid b883f1f2-0041-4cbf-8bdf-2ebf6ad5ae49 found for delete ", "request_id": "req-faa9fe65-0c11-40ad-a52b-ef6be3b0a0e2"}]}
2026-07-16 01:39:45.643 8 INFO neutron.services.segments.plugin [-] Client error retrieving segment b883f1f2-0041-4cbf-8bdf-2ebf6ad5ae49 resource provider; error: Placement Client Error (4xx): {"errors": [{"status": 404, "title": "Not Found", "detail": "The resource could not be found.\n\n No resource provider with uuid b883f1f2-0041-4cbf-8bdf-2ebf6ad5ae49 found for delete ", "request_id": "req-08b2cdbd-b669-4e78-9a98-1181913fc832"}]}
2026-07-16 01:39:45.659 7 INFO neutron_taas.services.taas.taas_plugin [None req-2b526df5-6d24-45fa-8e23-de7f4c08f445 a8c25a1dc03d457198314bf1d890e62c 90504ee8d4034120b06760b62b46e186 - - default default] TaaS: Handle Delete Port: 3f6d7ab4-ddc6-4b28-a9e0-94f3188c67f4
2026-07-16 01:39:45.662 7 INFO neutron_taas.services.taas.tap_mirror_plugin [None req-2b526df5-6d24-45fa-8e23-de7f4c08f445 a8c25a1dc03d457198314bf1d890e62c 90504ee8d4034120b06760b62b46e186 - - default default] Tap Mirror: Handle Delete Port: 3f6d7ab4-ddc6-4b28-a9e0-94f3188c67f4 [pid: 8|app: 0|req: 1115/2290] 10.0.0.94 () {32 vars in 725 bytes} [Thu Jul 16 01:39:45 2026] DELETE /v2.0/networks/edf88cf5-b5a8-4894-b71a-1ecf10798314 => generated 0 bytes in 405 msecs (HTTP/1.1 204) 3 headers in 131 bytes (1 switches on core 0)
2026-07-16 01:39:45.786 8 INFO neutron.db.segments_db [None req-64a4615c-7370-4d98-ba7d-49b8dcce48e8 23999bba6f444779a30024448f9049f8 c61a47e6fd9641b4927792c2e16e8a79 - - default default] Added segment fdddb117-f056-4274-9410-a69e30b25e6f of type geneve for network 81dec8fc-63ea-4646-ae57-cf78b9012a72
2026-07-16 01:39:45.879 7 INFO neutron.services.segments.plugin [-] Segment a33e4692-9317-48c5-9010-c904cadbeccf resource provider aggregate not found
2026-07-16 01:39:45.884 7 INFO neutron.services.segments.plugin [-] Segment a33e4692-9317-48c5-9010-c904cadbeccf resource provider aggregate not found
2026-07-16 01:39:45.905 7 INFO neutron.services.segments.plugin [-] Client error retrieving segment a33e4692-9317-48c5-9010-c904cadbeccf resource provider; error: Placement Client Error (4xx): {"errors": [{"status": 404, "title": "Not Found", "detail": "The resource could not be found.\n\n No resource provider with uuid a33e4692-9317-48c5-9010-c904cadbeccf found for delete ", "request_id": "req-5ae46e67-3f3c-43ba-b812-8fdc4961f960"}]}
2026-07-16 01:39:45.909 7 INFO neutron.services.segments.plugin [-] Client error retrieving segment a33e4692-9317-48c5-9010-c904cadbeccf resource provider; error: Placement Client Error (4xx): {"errors": [{"status": 404, "title": "Not Found", "detail": "The resource could not be found.\n\n No resource provider with uuid a33e4692-9317-48c5-9010-c904cadbeccf found for delete ", "request_id": "req-b840fdf2-c256-40d3-b1c3-13840be9c7c7"}]} [pid: 7|app: 0|req: 1176/2291] 10.0.0.94 () {32 vars in 725 bytes} [Thu Jul 16 01:39:45 2026] DELETE /v2.0/networks/65008729-d8b1-4581-a450-37eae84d142c => generated 0 bytes in 394 msecs (HTTP/1.1 204) 3 headers in 131 bytes (1 switches on core 0)
2026-07-16 01:39:45.930 8 INFO neutron.db.ovn_revision_numbers_db [None req-64a4615c-7370-4d98-ba7d-49b8dcce48e8 23999bba6f444779a30024448f9049f8 c61a47e6fd9641b4927792c2e16e8a79 - - default default] Successfully bumped revision number for resource 81dec8fc-63ea-4646-ae57-cf78b9012a72 (type: networks) to 1
2026-07-16 01:39:46.041 7 INFO neutron_taas.services.taas.taas_plugin [None req-be2aaa7e-a3b4-40f8-aef6-80c5ce57f313 a8c25a1dc03d457198314bf1d890e62c 90504ee8d4034120b06760b62b46e186 - - default default] TaaS: Handle Delete Port: f905a2b2-f1ab-463b-95dc-ceb1a401be1b
2026-07-16 01:39:46.043 7 INFO neutron_taas.services.taas.tap_mirror_plugin [None req-be2aaa7e-a3b4-40f8-aef6-80c5ce57f313 a8c25a1dc03d457198314bf1d890e62c 90504ee8d4034120b06760b62b46e186 - - default default] Tap Mirror: Handle Delete Port: f905a2b2-f1ab-463b-95dc-ceb1a401be1b
2026-07-16 01:39:46.080 8 WARNING neutron.scheduler.dhcp_agent_scheduler [None req-64a4615c-7370-4d98-ba7d-49b8dcce48e8 23999bba6f444779a30024448f9049f8 c61a47e6fd9641b4927792c2e16e8a79 - - default default] No more DHCP agents
