2026-07-16 01:39:09.220 7 WARNING neutron.api.rpc.agentnotifiers.dhcp_rpc_agent_api [None req-2e67e223-1a32-4112-b129-702136a840cb 5460a2d41f8d46468ffdeb2f7b3d1e3c f54101ea12eb4c078d962d4e9f0c8b1a - - default default] Unable to schedule network 3658a92e-f6cd-4580-a7f4-aada92d51462: no agents available; will retry on subsequent port and subnet creation events.
2026-07-16 01:39:09.299 8 INFO neutron.plugins.ml2.drivers.ovn.mech_driver.mech_driver [None req-eb14a357-b91e-413f-a3ed-47f188d94920 - - - - - -] OVN reports status down for port: 5de78851-e9ff-4aa7-8bd3-a5cf2912ba21
2026-07-16 01:39:09.324 7 INFO neutron.db.ovn_revision_numbers_db [None req-2e67e223-1a32-4112-b129-702136a840cb 5460a2d41f8d46468ffdeb2f7b3d1e3c f54101ea12eb4c078d962d4e9f0c8b1a - - default default] Successfully bumped revision number for resource 5de78851-e9ff-4aa7-8bd3-a5cf2912ba21 (type: ports) to 1 [pid: 7|app: 0|req: 1028/2050] 10.0.0.94 () {34 vars in 669 bytes} [Thu Jul 16 01:39:07 2026] POST /v2.0/networks => generated 1244 bytes in 1370 msecs (HTTP/1.1 201) 4 headers in 163 bytes (1 switches on core 0)
2026-07-16 01:39:09.549 7 INFO neutron.db.ovn_revision_numbers_db [None req-eb0d9c50-6c4b-4c89-8f72-c650a9f29c69 ae426aa6fd164f93957901582422f8f2 527ce43dc67d45e9aff5fd03f00f309a - - default default] Successfully bumped revision number for resource 8f070a9b-3806-4d51-89dd-76a3bf0c201a (type: security_groups) to 1
2026-07-16 01:39:09.559 7 INFO neutron.db.ovn_revision_numbers_db [None req-eb0d9c50-6c4b-4c89-8f72-c650a9f29c69 ae426aa6fd164f93957901582422f8f2 527ce43dc67d45e9aff5fd03f00f309a - - default default] Successfully bumped revision number for resource 11ceb0c5-29f7-4fef-a688-12adc1d36f8e (type: security_group_rules) to 0
2026-07-16 01:39:09.570 7 INFO neutron.db.ovn_revision_numbers_db [None req-eb0d9c50-6c4b-4c89-8f72-c650a9f29c69 ae426aa6fd164f93957901582422f8f2 527ce43dc67d45e9aff5fd03f00f309a - - default default] Successfully bumped revision number for resource 337d5fa8-8ad8-4663-a58f-2929e91370c4 (type: security_group_rules) to 0
2026-07-16 01:39:09.580 7 INFO neutron.db.ovn_revision_numbers_db [None req-eb0d9c50-6c4b-4c89-8f72-c650a9f29c69 ae426aa6fd164f93957901582422f8f2 527ce43dc67d45e9aff5fd03f00f309a - - default default] Successfully bumped revision number for resource 5b692e9b-0cbf-4375-8ab9-8912324a468e (type: security_group_rules) to 0
2026-07-16 01:39:09.591 7 INFO neutron.db.ovn_revision_numbers_db [None req-eb0d9c50-6c4b-4c89-8f72-c650a9f29c69 ae426aa6fd164f93957901582422f8f2 527ce43dc67d45e9aff5fd03f00f309a - - default default] Successfully bumped revision number for resource e8eda9ae-66d4-4e26-8ada-edb24e0ff72b (type: security_group_rules) to 0 [pid: 7|app: 0|req: 1029/2051] 10.0.0.94 () {32 vars in 773 bytes} [Thu Jul 16 01:39:09 2026] GET /v2.0/security-groups?tenant_id=50d99993aef345fdbf914cc964411e8f&name=default => generated 2925 bytes in 281 msecs (HTTP/1.1 200) 4 headers in 158 bytes (1 switches on core 0) [pid: 7|app: 0|req: 1030/2052] 10.0.0.94 () {32 vars in 648 bytes} [Thu Jul 16 01:39:09 2026] GET /v2.0/networks => generated 1855 bytes in 56 msecs (HTTP/1.1 200) 4 headers in 158 bytes (1 switches on core 0)
2026-07-16 01:39:09.851 8 INFO neutron.plugins.ml2.drivers.ovn.mech_driver.mech_driver [None req-eb14a357-b91e-413f-a3ed-47f188d94920 - - - - - -] OVN reports status up for port: 5fa367e0-53c1-46c8-9eaa-0b8cf641e6c6
2026-07-16 01:39:09.884 8 INFO neutron.plugins.ml2.plugin [None req-eb14a357-b91e-413f-a3ed-47f188d94920 - - - - - -] Attempt 1 to provision port 5fa367e0-53c1-46c8-9eaa-0b8cf641e6c6 [pid: 7|app: 0|req: 1031/2053] 10.0.0.94 () {32 vars in 739 bytes} [Thu Jul 16 01:39:09 2026] DELETE /v2.0/security-groups/8f070a9b-3806-4d51-89dd-76a3bf0c201a => generated 0 bytes in 212 msecs (HTTP/1.1 204) 2 headers in 112 bytes (1 switches on core 0)
2026-07-16 01:39:09.985 8 WARNING neutron.scheduler.dhcp_agent_scheduler [None req-986f2d0d-7247-449d-89e5-889b5f73d52a 1c8eeef7954349268eb2cc38588e045e 3201f5601a0a4aaa9170a77c3cf90bb9 - - default default] No more DHCP agents
2026-07-16 01:39:09.989 8 WARNING neutron.api.rpc.agentnotifiers.dhcp_rpc_agent_api [None req-986f2d0d-7247-449d-89e5-889b5f73d52a 1c8eeef7954349268eb2cc38588e045e 3201f5601a0a4aaa9170a77c3cf90bb9 - - default default] Unable to schedule network f00f56cd-0dc8-4881-961e-6f364ded2d2c: no agents available; will retry on subsequent port and subnet creation events.
2026-07-16 01:39:10.016 7 INFO neutron_taas.services.taas.taas_plugin [None req-28c899ab-ae3c-44ca-a8c5-437cb5864786 5460a2d41f8d46468ffdeb2f7b3d1e3c f54101ea12eb4c078d962d4e9f0c8b1a - - default default] TaaS: Handle Delete Port: 6c7c3b25-2181-4254-9ad8-99b075a5a062
2026-07-16 01:39:10.019 7 INFO neutron_taas.services.taas.tap_mirror_plugin [None req-28c899ab-ae3c-44ca-a8c5-437cb5864786 5460a2d41f8d46468ffdeb2f7b3d1e3c f54101ea12eb4c078d962d4e9f0c8b1a - - default default] Tap Mirror: Handle Delete Port: 6c7c3b25-2181-4254-9ad8-99b075a5a062
2026-07-16 01:39:10.225 7 INFO neutron.services.segments.plugin [-] Segment 283d834b-8199-4278-8def-6c98c52827ef resource provider aggregate not found
2026-07-16 01:39:10.231 7 INFO neutron.services.segments.plugin [-] Segment 283d834b-8199-4278-8def-6c98c52827ef resource provider aggregate not found
2026-07-16 01:39:10.249 7 INFO neutron.services.segments.plugin [-] Client error retrieving segment 283d834b-8199-4278-8def-6c98c52827ef resource provider; error: Placement Client Error (4xx): {"errors": [{"status": 404, "title": "Not Found", "detail": "The resource could not be found.\n\n No resource provider with uuid 283d834b-8199-4278-8def-6c98c52827ef found for delete ", "request_id": "req-fb258991-f9c4-49d9-8c7f-2010440b7d30"}]}
2026-07-16 01:39:10.263 7 INFO neutron.services.segments.plugin [-] Client error retrieving segment 283d834b-8199-4278-8def-6c98c52827ef resource provider; error: Placement Client Error (4xx): {"errors": [{"status": 404, "title": "Not Found", "detail": "The resource could not be found.\n\n No resource provider with uuid 283d834b-8199-4278-8def-6c98c52827ef found for delete ", "request_id": "req-9d5308a0-6776-46df-9f8c-872fcffde6ef"}]} [pid: 7|app: 0|req: 1032/2054] 10.0.0.94 () {32 vars in 725 bytes} [Thu Jul 16 01:39:09 2026] DELETE /v2.0/networks/f2220f8a-b42c-4ee9-9cca-1c368ab6f119 => generated 0 bytes in 402 msecs (HTTP/1.1 204) 3 headers in 131 bytes (1 switches on core 0) [pid: 7|app: 0|req: 1033/2055] 10.0.0.160 () {34 vars in 990 bytes} [Thu Jul 16 01:39:10 2026] GET /v2.0/ports?device_id=ec0a86a7-40b3-4ac7-9fc1-60d93e1a556d => generated 1010 bytes in 48 msecs (HTTP/1.1 200) 4 headers in 158 bytes (1 switches on core 0)
2026-07-16 01:39:10.482 7 INFO neutron_taas.services.taas.taas_plugin [None req-ce1405a7-03d7-49b5-a035-093580e8a1ae 5460a2d41f8d46468ffdeb2f7b3d1e3c f54101ea12eb4c078d962d4e9f0c8b1a - - default default] TaaS: Handle Delete Port: 5de78851-e9ff-4aa7-8bd3-a5cf2912ba21
2026-07-16 01:39:10.484 7 INFO neutron_taas.services.taas.tap_mirror_plugin [None req-ce1405a7-03d7-49b5-a035-093580e8a1ae 5460a2d41f8d46468ffdeb2f7b3d1e3c f54101ea12eb4c078d962d4e9f0c8b1a - - default default] Tap Mirror: Handle Delete Port: 5de78851-e9ff-4aa7-8bd3-a5cf2912ba21
2026-07-16 01:39:10.614 8 INFO neutron.db.ovn_revision_numbers_db [None req-eb14a357-b91e-413f-a3ed-47f188d94920 - - - - - -] Successfully bumped revision number for resource 5fa367e0-53c1-46c8-9eaa-0b8cf641e6c6 (type: ports) to 2 [pid: 7|app: 0|req: 1034/2056] 10.0.0.94 () {32 vars in 725 bytes} [Thu Jul 16 01:39:10 2026] DELETE /v2.0/networks/3658a92e-f6cd-4580-a7f4-aada92d51462 => generated 0 bytes in 371 msecs (HTTP/1.1 204) 3 headers in 131 bytes (1 switches on core 0) [pid: 7|app: 0|req: 1035/2057] 10.0.0.160 () {34 vars in 1120 bytes} [Thu Jul 16 01:39:10 2026] GET /v2.0/security-groups?id=b40a3514-46b0-4894-a95b-dffe4d6efe3f&id=97e16a72-b99e-48e5-838b-223be365fd02&fields=id&fields=name => generated 206 bytes in 38 msecs (HTTP/1.1 200) 4 headers in 157 bytes (1 switches on core 0)
2026-07-16 01:39:10.767 8 INFO neutron.db.ovn_revision_numbers_db [None req-986f2d0d-7247-449d-89e5-889b5f73d52a 1c8eeef7954349268eb2cc38588e045e 3201f5601a0a4aaa9170a77c3cf90bb9 - - default default] Successfully bumped revision number for resource 5fa367e0-53c1-46c8-9eaa-0b8cf641e6c6 (type: router_ports) to 1 [pid: 8|app: 0|req: 1023/2058] 10.0.0.94 () {34 vars in 782 bytes} [Thu Jul 16 01:39:08 2026] PUT /v2.0/routers/674f793f-5a91-4c0c-a6ac-69f9a178c9d9/add_router_interface => generated 309 bytes in 2446 msecs (HTTP/1.1 200) 4 headers in 157 bytes (1 switches on core 0) [pid: 7|app: 0|req: 1036/2059] 10.0.0.94 () {32 vars in 648 bytes} [Thu Jul 16 01:39:10 2026] GET /v2.0/networks => generated 651 bytes in 28 msecs (HTTP/1.1 200) 4 headers in 157 bytes (1 switches on core 0)
2026-07-16 01:39:10.887 7 INFO neutron.db.segments_db [None req-b3d89862-b68c-47e2-ac7b-b28c028e4dff 5460a2d41f8d46468ffdeb2f7b3d1e3c f54101ea12eb4c078d962d4e9f0c8b1a - - default default] Added segment 94b0d2ba-5a71-45b2-866f-f323722ef2cf of type geneve for network 07ac0410-9e92-4f7a-9554-d03582f53326
2026-07-16 01:39:10.994 7 INFO neutron.db.ovn_revision_numbers_db [None req-b3d89862-b68c-47e2-ac7b-b28c028e4dff 5460a2d41f8d46468ffdeb2f7b3d1e3c f54101ea12eb4c078d962d4e9f0c8b1a - - default default] Successfully bumped revision number for resource 07ac0410-9e92-4f7a-9554-d03582f53326 (type: networks) to 1
2026-07-16 01:39:11.169 7 WARNING neutron.scheduler.dhcp_agent_scheduler [None req-b3d89862-b68c-47e2-ac7b-b28c028e4dff 5460a2d41f8d46468ffdeb2f7b3d1e3c f54101ea12eb4c078d962d4e9f0c8b1a - - default default] No more DHCP agents
2026-07-16 01:39:11.170 7 WARNING neutron.api.rpc.agentnotifiers.dhcp_rpc_agent_api [None req-b3d89862-b68c-47e2-ac7b-b28c028e4dff 5460a2d41f8d46468ffdeb2f7b3d1e3c f54101ea12eb4c078d962d4e9f0c8b1a - - default default] Unable to schedule network 07ac0410-9e92-4f7a-9554-d03582f53326: no agents available; will retry on subsequent port and subnet creation events.
2026-07-16 01:39:11.231 8 WARNING neutron.scheduler.dhcp_agent_scheduler [None req-eb1ae893-df38-443c-9194-91b3fa6525b9 - - - - - -] No more DHCP agents
2026-07-16 01:39:11.237 8 WARNING neutron.api.rpc.agentnotifiers.dhcp_rpc_agent_api [None req-eb1ae893-df38-443c-9194-91b3fa6525b9 - - - - - -] Unable to schedule network 2e110e65-f334-49cd-b52f-7c0476d9d3bb: no agents available; will retry on subsequent port and subnet creation events.
2026-07-16 01:39:11.247 7 INFO neutron.db.ovn_revision_numbers_db [None req-b3d89862-b68c-47e2-ac7b-b28c028e4dff 5460a2d41f8d46468ffdeb2f7b3d1e3c f54101ea12eb4c078d962d4e9f0c8b1a - - default default] Successfully bumped revision number for resource 76e79386-f27b-4a20-bba7-bcd620ef58c7 (type: ports) to 1 [pid: 7|app: 0|req: 1037/2060] 10.0.0.94 () {34 vars in 669 bytes} [Thu Jul 16 01:39:10 2026] POST /v2.0/networks => generated 649 bytes in 471 msecs (HTTP/1.1 201) 4 headers in 162 bytes (1 switches on core 0)
2026-07-16 01:39:11.373 7 INFO neutron.db.segments_db [None req-a9b984d5-d3ea-4243-a146-ac201cd7f33f 5460a2d41f8d46468ffdeb2f7b3d1e3c f54101ea12eb4c078d962d4e9f0c8b1a - - default default] Added segment dc3a56d2-ca5f-4756-9457-2d253089ba2c of type geneve for network bad408a2-fbe1-4d1f-a9c3-295f22485bc4
2026-07-16 01:39:11.431 8 INFO neutron.db.ovn_revision_numbers_db [None req-eb1ae893-df38-443c-9194-91b3fa6525b9 - - - - - -] Successfully bumped revision number for resource 97719c0c-42ca-4ec5-b3b1-c9c3086e2911 (type: ports) to 1
2026-07-16 01:39:11.486 7 INFO neutron.db.ovn_revision_numbers_db [None req-a9b984d5-d3ea-4243-a146-ac201cd7f33f 5460a2d41f8d46468ffdeb2f7b3d1e3c f54101ea12eb4c078d962d4e9f0c8b1a - - default default] Successfully bumped revision number for resource bad408a2-fbe1-4d1f-a9c3-295f22485bc4 (type: networks) to 1
2026-07-16 01:39:11.688 7 WARNING neutron.scheduler.dhcp_agent_scheduler [None req-a9b984d5-d3ea-4243-a146-ac201cd7f33f 5460a2d41f8d46468ffdeb2f7b3d1e3c f54101ea12eb4c078d962d4e9f0c8b1a - - default default] No more DHCP agents
2026-07-16 01:39:11.689 7 WARNING neutron.api.rpc.agentnotifiers.dhcp_rpc_agent_api [None req-a9b984d5-d3ea-4243-a146-ac201cd7f33f 5460a2d41f8d46468ffdeb2f7b3d1e3c f54101ea12eb4c078d962d4e9f0c8b1a - - default default] Unable to schedule network bad408a2-fbe1-4d1f-a9c3-295f22485bc4: no agents available; will retry on subsequent port and subnet creation events.
2026-07-16 01:39:11.706 8 INFO neutron.db.ovn_revision_numbers_db [None req-eb1ae893-df38-443c-9194-91b3fa6525b9 - - - - - -] Successfully bumped revision number for resource 97719c0c-42ca-4ec5-b3b1-c9c3086e2911 (type: ports) to 3
2026-07-16 01:39:11.766 7 INFO neutron.db.ovn_revision_numbers_db [None req-a9b984d5-d3ea-4243-a146-ac201cd7f33f 5460a2d41f8d46468ffdeb2f7b3d1e3c f54101ea12eb4c078d962d4e9f0c8b1a - - default default] Successfully bumped revision number for resource a020a58f-7f95-404c-b5d2-acd0c3a519bb (type: ports) to 1 [pid: 7|app: 0|req: 1038/2061] 10.0.0.94 () {34 vars in 669 bytes} [Thu Jul 16 01:39:11 2026] POST /v2.0/networks => generated 649 bytes in 524 msecs (HTTP/1.1 201) 4 headers in 162 bytes (1 switches on core 0)
2026-07-16 01:39:11.800 8 INFO neutron.db.segments_db [None req-eb1ae893-df38-443c-9194-91b3fa6525b9 - - - - - -] Added segment 1eb721f7-d040-407d-98fc-83b54acaa254 of type geneve for network bd9c08d6-0c0f-4b62-bd1e-94fd5c759a62
2026-07-16 01:39:11.937 8 INFO neutron.db.ovn_revision_numbers_db [None req-5839081e-c5fb-4337-88e0-86b9b693864b - - - - - -] Successfully bumped revision number for resource bd9c08d6-0c0f-4b62-bd1e-94fd5c759a62 (type: networks) to 1
2026-07-16 01:39:12.066 8 WARNING neutron.scheduler.dhcp_agent_scheduler [None req-5839081e-c5fb-4337-88e0-86b9b693864b - - - - - -] No more DHCP agents
2026-07-16 01:39:12.067 8 WARNING neutron.api.rpc.agentnotifiers.dhcp_rpc_agent_api [None req-5839081e-c5fb-4337-88e0-86b9b693864b - - - - - -] Unable to schedule network bd9c08d6-0c0f-4b62-bd1e-94fd5c759a62: no agents available; will retry on subsequent port and subnet creation events.
2026-07-16 01:39:12.144 8 INFO neutron.db.ovn_revision_numbers_db [None req-5839081e-c5fb-4337-88e0-86b9b693864b - - - - - -] Successfully bumped revision number for resource 17b45567-4a09-4162-b1d3-67b0965ec44e (type: ports) to 1
2026-07-16 01:39:12.187 7 WARNING neutron.scheduler.dhcp_agent_scheduler [None req-75d99d6b-e447-421b-bcb6-f913cf5399db 5460a2d41f8d46468ffdeb2f7b3d1e3c f54101ea12eb4c078d962d4e9f0c8b1a - - default default] No more DHCP agents
2026-07-16 01:39:12.188 7 WARNING neutron.api.rpc.agentnotifiers.dhcp_rpc_agent_api [None req-75d99d6b-e447-421b-bcb6-f913cf5399db 5460a2d41f8d46468ffdeb2f7b3d1e3c f54101ea12eb4c078d962d4e9f0c8b1a - - default default] Unable to schedule network 07ac0410-9e92-4f7a-9554-d03582f53326: no agents available; will retry on subsequent port and subnet creation events.
2026-07-16 01:39:12.276 7 INFO neutron.services.segments.plugin [-] Segment a7ceb869-9e99-45dd-a6a1-4ecc91203188 resource provider aggregate not found
2026-07-16 01:39:12.280 8 WARNING neutron.scheduler.dhcp_agent_scheduler [None req-5839081e-c5fb-4337-88e0-86b9b693864b - - - - - -] No more DHCP agents
2026-07-16 01:39:12.281 8 WARNING neutron.api.rpc.agentnotifiers.dhcp_rpc_agent_api [None req-5839081e-c5fb-4337-88e0-86b9b693864b - - - - - -] Unable to schedule network bd9c08d6-0c0f-4b62-bd1e-94fd5c759a62: no agents available; will retry on subsequent port and subnet creation events.
2026-07-16 01:39:12.290 7 INFO neutron.services.segments.plugin [-] Segment a7ceb869-9e99-45dd-a6a1-4ecc91203188 resource provider aggregate not found
2026-07-16 01:39:12.293 7 INFO neutron.db.ovn_revision_numbers_db [None req-75d99d6b-e447-421b-bcb6-f913cf5399db 5460a2d41f8d46468ffdeb2f7b3d1e3c f54101ea12eb4c078d962d4e9f0c8b1a - - default default] Successfully bumped revision number for resource 45dc62f3-7168-4fd7-81be-347905ab6181 (type: ports) to 1
2026-07-16 01:39:12.300 7 INFO neutron.services.segments.plugin [-] Client error retrieving segment a7ceb869-9e99-45dd-a6a1-4ecc91203188 resource provider; error: Placement Client Error (4xx): {"errors": [{"status": 404, "title": "Not Found", "detail": "The resource could not be found.\n\n No resource provider with uuid a7ceb869-9e99-45dd-a6a1-4ecc91203188 found for delete ", "request_id": "req-86402e1d-6d78-4fb9-8449-0cd7a683aa3d"}]}
2026-07-16 01:39:12.305 7 INFO neutron.services.segments.plugin [-] Client error retrieving segment a7ceb869-9e99-45dd-a6a1-4ecc91203188 resource provider; error: Placement Client Error (4xx): {"errors": [{"status": 404, "title": "Not Found", "detail": "The resource could not be found.\n\n No resource provider with uuid a7ceb869-9e99-45dd-a6a1-4ecc91203188 found for delete ", "request_id": "req-d6ce8e6a-2bbc-471c-8796-77bb5ace2399"}]}
2026-07-16 01:39:12.311 8 INFO neutron.db.ovn_revision_numbers_db [None req-5839081e-c5fb-4337-88e0-86b9b693864b - - - - - -] Successfully bumped revision number for resource 53fb740c-dc59-4c35-ac0a-f44ef98a4011 (type: subnets) to 0
2026-07-16 01:39:12.347 7 WARNING neutron.scheduler.dhcp_agent_scheduler [None req-75d99d6b-e447-421b-bcb6-f913cf5399db 5460a2d41f8d46468ffdeb2f7b3d1e3c f54101ea12eb4c078d962d4e9f0c8b1a - - default default] No more DHCP agents
2026-07-16 01:39:12.349 7 WARNING neutron.api.rpc.agentnotifiers.dhcp_rpc_agent_api [None req-75d99d6b-e447-421b-bcb6-f913cf5399db 5460a2d41f8d46468ffdeb2f7b3d1e3c f54101ea12eb4c078d962d4e9f0c8b1a - - default default] Unable to schedule network bad408a2-fbe1-4d1f-a9c3-295f22485bc4: no agents available; will retry on subsequent port and subnet creation events.
2026-07-16 01:39:12.436 7 INFO neutron.db.ovn_revision_numbers_db [None req-75d99d6b-e447-421b-bcb6-f913cf5399db 5460a2d41f8d46468ffdeb2f7b3d1e3c f54101ea12eb4c078d962d4e9f0c8b1a - - default default] Successfully bumped revision number for resource 2ef2d278-5a1e-4665-a1c0-b8fed30820b6 (type: ports) to 1 [pid: 7|app: 0|req: 1039/2062] 10.0.0.94 () {34 vars in 664 bytes} [Thu Jul 16 01:39:11 2026] POST /v2.0/ports => generated 1506 bytes in 709 msecs (HTTP/1.1 201) 4 headers in 163 bytes (1 switches on core 0) /var/lib/openstack/lib/python3.12/site-packages/pycadf/identifier.py:70: UserWarning: Invalid uuid: neutron. To ensure interoperability, identifiers should be a valid uuid. warnings.warn(('Invalid uuid: %s. To ensure interoperability, ' [pid: 7|app: 0|req: 1040/2063] 10.0.0.160 () {34 vars in 990 bytes} [Thu Jul 16 01:39:12 2026] GET /v2.0/ports?device_id=ec0a86a7-40b3-4ac7-9fc1-60d93e1a556d => generated 1010 bytes in 57 msecs (HTTP/1.1 200) 4 headers in 158 bytes (1 switches on core 0) [pid: 7|app: 0|req: 1041/2064] 10.0.0.94 () {32 vars in 642 bytes} [Thu Jul 16 01:39:12 2026] GET /v2.0/ports => generated 3018 bytes in 50 msecs (HTTP/1.1 200) 4 headers in 158 bytes (1 switches on core 0) [pid: 7|app: 0|req: 1042/2065] 199.204.45.116 () {34 vars in 994 bytes} [Thu Jul 16 01:39:12 2026] GET /v2.0/ports?device_id=ec0a86a7-40b3-4ac7-9fc1-60d93e1a556d => generated 1010 bytes in 31 msecs (HTTP/1.1 200) 4 headers in 158 bytes (1 switches on core 0) [pid: 7|app: 0|req: 1043/2066] 10.0.0.160 () {34 vars in 1120 bytes} [Thu Jul 16 01:39:12 2026] GET /v2.0/security-groups?id=b40a3514-46b0-4894-a95b-dffe4d6efe3f&id=97e16a72-b99e-48e5-838b-223be365fd02&fields=id&fields=name => generated 206 bytes in 30 msecs (HTTP/1.1 200) 4 headers in 157 bytes (1 switches on core 0)
2026-07-16 01:39:12.738 8 WARNING neutron.scheduler.dhcp_agent_scheduler [None req-5839081e-c5fb-4337-88e0-86b9b693864b - - - - - -] No more DHCP agents
2026-07-16 01:39:12.739 8 WARNING neutron.api.rpc.agentnotifiers.dhcp_rpc_agent_api [None req-5839081e-c5fb-4337-88e0-86b9b693864b - - - - - -] Unable to schedule network bd9c08d6-0c0f-4b62-bd1e-94fd5c759a62: no agents available; will retry on subsequent port and subnet creation events.
2026-07-16 01:39:12.792 7 INFO neutron_taas.services.taas.taas_plugin [None req-bb788ce4-dd04-4361-bdfd-33a9a1f5f4a0 5460a2d41f8d46468ffdeb2f7b3d1e3c f54101ea12eb4c078d962d4e9f0c8b1a - - default default] TaaS: Handle Delete Port: 45dc62f3-7168-4fd7-81be-347905ab6181
2026-07-16 01:39:12.797 7 INFO neutron_taas.services.taas.tap_mirror_plugin [None req-bb788ce4-dd04-4361-bdfd-33a9a1f5f4a0 5460a2d41f8d46468ffdeb2f7b3d1e3c f54101ea12eb4c078d962d4e9f0c8b1a - - default default] Tap Mirror: Handle Delete Port: 45dc62f3-7168-4fd7-81be-347905ab6181
2026-07-16 01:39:12.863 8 INFO neutron.db.ovn_revision_numbers_db [None req-5839081e-c5fb-4337-88e0-86b9b693864b - - - - - -] Successfully bumped revision number for resource 335bbbd5-6775-4577-abb8-c88138cc6d54 (type: ports) to 1 [pid: 7|app: 0|req: 1044/2067] 10.0.0.94 () {32 vars in 719 bytes} [Thu Jul 16 01:39:12 2026] DELETE /v2.0/ports/45dc62f3-7168-4fd7-81be-347905ab6181 => generated 0 bytes in 239 msecs (HTTP/1.1 204) 3 headers in 131 bytes (1 switches on core 0)
2026-07-16 01:39:13.045 7 INFO neutron_taas.services.taas.taas_plugin [req-73993507-d101-4fe3-a7ad-491b3841321e req-ca5c49b4-f70f-4efa-8775-978bc00bbed2 e0f61cd13ca64d6a94a3e5f452fd3f24 15ac1df065f34f4ba2d6b90024f9ec88 - - default default] TaaS: Handle Delete Port: 1bdb1971-f60b-414b-8b13-36ef29ef9200
2026-07-16 01:39:13.049 7 INFO neutron_taas.services.taas.tap_mirror_plugin [req-73993507-d101-4fe3-a7ad-491b3841321e req-ca5c49b4-f70f-4efa-8775-978bc00bbed2 e0f61cd13ca64d6a94a3e5f452fd3f24 15ac1df065f34f4ba2d6b90024f9ec88 - - default default] Tap Mirror: Handle Delete Port: 1bdb1971-f60b-414b-8b13-36ef29ef9200
2026-07-16 01:39:13.249 7 WARNING neutron.plugins.ml2.drivers.ovn.mech_driver.ovsdb.ovn_client [None req-5acbac72-499d-4499-82e3-15e3f7528cdb - - - - - -] No hosting information found for port fce2185a-4056-4387-9893-1619013d8025: RuntimeError: No hosting information found for port fce2185a-4056-4387-9893-1619013d8025
2026-07-16 01:39:13.250 7 INFO neutron.db.l3_db [req-73993507-d101-4fe3-a7ad-491b3841321e req-ca5c49b4-f70f-4efa-8775-978bc00bbed2 e0f61cd13ca64d6a94a3e5f452fd3f24 15ac1df065f34f4ba2d6b90024f9ec88 - - default default] Floating IP 54dd1565-2efc-4d4f-88c1-cc2d369e5a88 disassociated. External IP: 10.96.250.217, port: 1bdb1971-f60b-414b-8b13-36ef29ef9200.
2026-07-16 01:39:13.250 7 INFO neutron.plugins.ml2.drivers.ovn.mech_driver.mech_driver [None req-5acbac72-499d-4499-82e3-15e3f7528cdb - - - - - -] OVN reports status down for port: 6c7c3b25-2181-4254-9ad8-99b075a5a062
2026-07-16 01:39:13.278 7 INFO neutron.plugins.ml2.drivers.ovn.mech_driver.mech_driver [None req-5acbac72-499d-4499-82e3-15e3f7528cdb - - - - - -] OVN reports status down for port: 335bbbd5-6775-4577-abb8-c88138cc6d54 [pid: 7|app: 0|req: 1045/2068] 199.204.45.116 () {36 vars in 997 bytes} [Thu Jul 16 01:39:12 2026] DELETE /v2.0/ports/1bdb1971-f60b-414b-8b13-36ef29ef9200 => generated 0 bytes in 542 msecs (HTTP/1.1 204) 3 headers in 131 bytes (1 switches on core 0)
2026-07-16 01:39:13.502 7 INFO neutron.notifiers.nova [-] Nova event matching ['req-51908556-7366-4dda-bdc5-9e7a76481532'] response: {'server_uuid': 'ec0a86a7-40b3-4ac7-9fc1-60d93e1a556d', 'name': 'network-vif-deleted', 'tag': '1bdb1971-f60b-414b-8b13-36ef29ef9200', 'status': 'completed', 'code': 200}
2026-07-16 01:39:13.614 7 INFO neutron_taas.services.taas.taas_plugin [None req-5ae6ed2c-027d-492b-9cd3-4a77b12c6429 5460a2d41f8d46468ffdeb2f7b3d1e3c f54101ea12eb4c078d962d4e9f0c8b1a - - default default] TaaS: Handle Delete Port: 2ef2d278-5a1e-4665-a1c0-b8fed30820b6
2026-07-16 01:39:13.617 7 INFO neutron_taas.services.taas.tap_mirror_plugin [None req-5ae6ed2c-027d-492b-9cd3-4a77b12c6429 5460a2d41f8d46468ffdeb2f7b3d1e3c f54101ea12eb4c078d962d4e9f0c8b1a - - default default] Tap Mirror: Handle Delete Port: 2ef2d278-5a1e-4665-a1c0-b8fed30820b6 [pid: 7|app: 0|req: 1046/2069] 10.0.0.94 () {32 vars in 719 bytes} [Thu Jul 16 01:39:13 2026] DELETE /v2.0/ports/2ef2d278-5a1e-4665-a1c0-b8fed30820b6 => generated 0 bytes in 274 msecs (HTTP/1.1 204) 3 headers in 131 bytes (1 switches on core 0) [pid: 7|app: 0|req: 1047/2070] 10.0.0.160 () {34 vars in 990 bytes} [Thu Jul 16 01:39:13 2026] GET /v2.0/ports?device_id=ec0a86a7-40b3-4ac7-9fc1-60d93e1a556d => generated 12 bytes in 17 msecs (HTTP/1.1 200) 4 headers in 156 bytes (1 switches on core 0) [pid: 7|app: 0|req: 1048/2071] 10.0.0.94 () {32 vars in 642 bytes} [Thu Jul 16 01:39:13 2026] GET /v2.0/ports => generated 1523 bytes in 37 msecs (HTTP/1.1 200) 4 headers in 158 bytes (1 switches on core 0)
2026-07-16 01:39:13.915 7 INFO neutron.db.segments_db [None req-21b2bb06-c7e5-4ea1-98c5-9cf2a4a790ea 5460a2d41f8d46468ffdeb2f7b3d1e3c f54101ea12eb4c078d962d4e9f0c8b1a - - default default] Added segment f4a5d277-c11d-4aa1-b2f0-993aa8f2f1e6 of type geneve for network 89d59e10-d79a-4c77-920b-d78fc0d2c787
2026-07-16 01:39:14.048 7 INFO neutron.db.ovn_revision_numbers_db [None req-21b2bb06-c7e5-4ea1-98c5-9cf2a4a790ea 5460a2d41f8d46468ffdeb2f7b3d1e3c f54101ea12eb4c078d962d4e9f0c8b1a - - default default] Successfully bumped revision number for resource 89d59e10-d79a-4c77-920b-d78fc0d2c787 (type: networks) to 1
2026-07-16 01:39:14.090 7 INFO neutron.plugins.ml2.drivers.ovn.mech_driver.mech_driver [None req-5acbac72-499d-4499-82e3-15e3f7528cdb - - - - - -] OVN reports status up for port: 335bbbd5-6775-4577-abb8-c88138cc6d54
2026-07-16 01:39:14.116 7 INFO neutron.plugins.ml2.plugin [None req-5acbac72-499d-4499-82e3-15e3f7528cdb - - - - - -] Attempt 1 to provision port 335bbbd5-6775-4577-abb8-c88138cc6d54
2026-07-16 01:39:14.145 8 WARNING neutron.scheduler.dhcp_agent_scheduler [None req-5839081e-c5fb-4337-88e0-86b9b693864b - - - - - -] No more DHCP agents
2026-07-16 01:39:14.146 8 WARNING neutron.api.rpc.agentnotifiers.dhcp_rpc_agent_api [None req-5839081e-c5fb-4337-88e0-86b9b693864b - - - - - -] Unable to schedule network bd9c08d6-0c0f-4b62-bd1e-94fd5c759a62: no agents available; will retry on subsequent port and subnet creation events.
2026-07-16 01:39:14.329 7 WARNING neutron.scheduler.dhcp_agent_scheduler [None req-21b2bb06-c7e5-4ea1-98c5-9cf2a4a790ea 5460a2d41f8d46468ffdeb2f7b3d1e3c f54101ea12eb4c078d962d4e9f0c8b1a - - default default] No more DHCP agents
2026-07-16 01:39:14.333 7 WARNING neutron.api.rpc.agentnotifiers.dhcp_rpc_agent_api [None req-21b2bb06-c7e5-4ea1-98c5-9cf2a4a790ea 5460a2d41f8d46468ffdeb2f7b3d1e3c f54101ea12eb4c078d962d4e9f0c8b1a - - default default] Unable to schedule network 89d59e10-d79a-4c77-920b-d78fc0d2c787: no agents available; will retry on subsequent port and subnet creation events.
2026-07-16 01:39:14.492 7 INFO neutron.db.ovn_revision_numbers_db [None req-21b2bb06-c7e5-4ea1-98c5-9cf2a4a790ea 5460a2d41f8d46468ffdeb2f7b3d1e3c f54101ea12eb4c078d962d4e9f0c8b1a - - default default] Successfully bumped revision number for resource d4e2c1db-363c-4a80-be7e-34f96c25c3d8 (type: ports) to 1 [pid: 7|app: 0|req: 1049/2072] 10.0.0.94 () {34 vars in 669 bytes} [Thu Jul 16 01:39:13 2026] POST /v2.0/networks => generated 650 bytes in 741 msecs (HTTP/1.1 201) 4 headers in 162 bytes (1 switches on core 0)
2026-07-16 01:39:14.645 8 INFO neutron.db.ovn_revision_numbers_db [None req-5839081e-c5fb-4337-88e0-86b9b693864b - - - - - -] Successfully bumped revision number for resource 335bbbd5-6775-4577-abb8-c88138cc6d54 (type: router_ports) to 1 /var/lib/openstack/lib/python3.12/site-packages/pycadf/identifier.py:70: UserWarning: Invalid uuid: neutron. To ensure interoperability, identifiers should be a valid uuid. warnings.warn(('Invalid uuid: %s. To ensure interoperability, '
2026-07-16 01:39:14.867 8 WARNING neutron.scheduler.dhcp_agent_scheduler [None req-5839081e-c5fb-4337-88e0-86b9b693864b - - - - - -] No more DHCP agents
2026-07-16 01:39:14.869 8 WARNING neutron.api.rpc.agentnotifiers.dhcp_rpc_agent_api [None req-5839081e-c5fb-4337-88e0-86b9b693864b - - - - - -] Unable to schedule network bd9c08d6-0c0f-4b62-bd1e-94fd5c759a62: no agents available; will retry on subsequent port and subnet creation events.
2026-07-16 01:39:14.898 7 INFO neutron.db.ovn_revision_numbers_db [None req-5acbac72-499d-4499-82e3-15e3f7528cdb - - - - - -] Successfully bumped revision number for resource 335bbbd5-6775-4577-abb8-c88138cc6d54 (type: ports) to 2
2026-07-16 01:39:15.027 8 INFO neutron.db.ovn_revision_numbers_db [None req-5839081e-c5fb-4337-88e0-86b9b693864b - - - - - -] Successfully bumped revision number for resource 04f0e275-12a3-47cb-9d34-3ca95ad87cb5 (type: ports) to 1 [pid: 7|app: 0|req: 1050/2073] 10.0.0.243 () {28 vars in 579 bytes} [Thu Jul 16 01:39:14 2026] GET /v2.0/ports => generated 31799 bytes in 496 msecs (HTTP/1.1 200) 4 headers in 159 bytes (1 switches on core 0)
2026-07-16 01:39:15.165 7 INFO neutron.db.segments_db [None req-247fba89-857e-4712-83d0-3142a61d2206 5460a2d41f8d46468ffdeb2f7b3d1e3c f54101ea12eb4c078d962d4e9f0c8b1a - - default default] Added segment 2a1739e2-a474-403a-b841-86642461e933 of type geneve for network 14f3cff0-ab01-47f4-9f0c-8853931ca42a
2026-07-16 01:39:15.263 7 INFO neutron.db.ovn_revision_numbers_db [None req-247fba89-857e-4712-83d0-3142a61d2206 5460a2d41f8d46468ffdeb2f7b3d1e3c f54101ea12eb4c078d962d4e9f0c8b1a - - default default] Successfully bumped revision number for resource 14f3cff0-ab01-47f4-9f0c-8853931ca42a (type: networks) to 1
2026-07-16 01:39:15.298 8 INFO neutron.db.ovn_revision_numbers_db [None req-5839081e-c5fb-4337-88e0-86b9b693864b - - - - - -] Successfully bumped revision number for resource 04f0e275-12a3-47cb-9d34-3ca95ad87cb5 (type: ports) to 3
2026-07-16 01:39:15.452 7 WARNING neutron.scheduler.dhcp_agent_scheduler [None req-247fba89-857e-4712-83d0-3142a61d2206 5460a2d41f8d46468ffdeb2f7b3d1e3c f54101ea12eb4c078d962d4e9f0c8b1a - - default default] No more DHCP agents
2026-07-16 01:39:15.454 7 WARNING neutron.api.rpc.agentnotifiers.dhcp_rpc_agent_api [None req-247fba89-857e-4712-83d0-3142a61d2206 5460a2d41f8d46468ffdeb2f7b3d1e3c f54101ea12eb4c078d962d4e9f0c8b1a - - default default] Unable to schedule network 14f3cff0-ab01-47f4-9f0c-8853931ca42a: no agents available; will retry on subsequent port and subnet creation events. [pid: 8|app: 0|req: 1024/2076] 10.0.0.94 () {34 vars in 684 bytes} [Thu Jul 16 01:39:10 2026] POST /v2.0/vpn/vpnservices => generated 459 bytes in 4702 msecs (HTTP/1.1 201) 4 headers in 162 bytes (1 switches on core 0) [pid: 8|app: 0|req: 1025/2077] 10.0.0.160 () {34 vars in 990 bytes} [Thu Jul 16 01:39:15 2026] GET /v2.0/ports?device_id=ec0a86a7-40b3-4ac7-9fc1-60d93e1a556d => generated 12 bytes in 29 msecs (HTTP/1.1 200) 4 headers in 156 bytes (1 switches on core 0) [pid: 8|app: 0|req: 1026/2078] 10.0.0.243 () {28 vars in 591 bytes} [Thu Jul 16 01:39:15 2026] GET /v2.0/floatingips => generated 555 bytes in 17 msecs (HTTP/1.1 200) 4 headers in 157 bytes (1 switches on core 0)
2026-07-16 01:39:15.528 7 INFO neutron.db.ovn_revision_numbers_db [None req-247fba89-857e-4712-83d0-3142a61d2206 5460a2d41f8d46468ffdeb2f7b3d1e3c f54101ea12eb4c078d962d4e9f0c8b1a - - default default] Successfully bumped revision number for resource 93f5b3fc-d5ce-4c85-b2d6-6834b3fcb0df (type: ports) to 1 [pid: 8|app: 0|req: 1027/2079] 10.0.0.94 () {32 vars in 662 bytes} [Thu Jul 16 01:39:15 2026] GET /v2.0/vpn/vpnservices => generated 1315 bytes in 9 msecs (HTTP/1.1 200) 4 headers in 158 bytes (1 switches on core 0) [pid: 7|app: 0|req: 1053/2080] 10.0.0.94 () {34 vars in 669 bytes} [Thu Jul 16 01:39:15 2026] POST /v2.0/networks => generated 649 bytes in 504 msecs (HTTP/1.1 201) 4 headers in 162 bytes (1 switches on core 0) [pid: 8|app: 0|req: 1028/2081] 10.0.0.243 () {28 vars in 599 bytes} [Thu Jul 16 01:39:15 2026] GET /v2.0/security-groups => generated 37223 bytes in 40 msecs (HTTP/1.1 200) 4 headers in 159 bytes (1 switches on core 0)
2026-07-16 01:39:15.797 8 WARNING neutron.scheduler.dhcp_agent_scheduler [None req-e576accb-b9e3-4353-b1e8-61a9e1f04b6e 5460a2d41f8d46468ffdeb2f7b3d1e3c f54101ea12eb4c078d962d4e9f0c8b1a - - default default] No more DHCP agents
2026-07-16 01:39:15.798 8 WARNING neutron.api.rpc.agentnotifiers.dhcp_rpc_agent_api [None req-e576accb-b9e3-4353-b1e8-61a9e1f04b6e 5460a2d41f8d46468ffdeb2f7b3d1e3c f54101ea12eb4c078d962d4e9f0c8b1a - - default default] Unable to schedule network 89d59e10-d79a-4c77-920b-d78fc0d2c787: no agents available; will retry on subsequent port and subnet creation events.
2026-07-16 01:39:15.822 7 INFO neutron_taas.services.taas.taas_plugin [None req-a1f5adc9-03a2-46df-832d-74b7882f49bf 1c8eeef7954349268eb2cc38588e045e 3201f5601a0a4aaa9170a77c3cf90bb9 - - default default] TaaS: Handle Delete Port: 97719c0c-42ca-4ec5-b3b1-c9c3086e2911
2026-07-16 01:39:15.825 7 INFO neutron_taas.services.taas.tap_mirror_plugin [None req-a1f5adc9-03a2-46df-832d-74b7882f49bf 1c8eeef7954349268eb2cc38588e045e 3201f5601a0a4aaa9170a77c3cf90bb9 - - default default] Tap Mirror: Handle Delete Port: 97719c0c-42ca-4ec5-b3b1-c9c3086e2911
2026-07-16 01:39:16.077 7 INFO neutron_taas.services.taas.taas_plugin [None req-73dbb9cd-0163-4019-8dec-bb6639d9c7ab - - - - - -] TaaS: Handle Delete Port: 04f0e275-12a3-47cb-9d34-3ca95ad87cb5
2026-07-16 01:39:16.079 7 INFO neutron_taas.services.taas.tap_mirror_plugin [None req-73dbb9cd-0163-4019-8dec-bb6639d9c7ab - - - - - -] Tap Mirror: Handle Delete Port: 04f0e275-12a3-47cb-9d34-3ca95ad87cb5
2026-07-16 01:39:16.245 8 INFO neutron.db.ovn_revision_numbers_db [None req-063e9888-0efe-4f81-84c7-a1e934c56820 - - - - - -] Successfully bumped revision number for resource d4e2c1db-363c-4a80-be7e-34f96c25c3d8 (type: ports) to 2
2026-07-16 01:39:16.281 8 INFO neutron.db.ovn_revision_numbers_db [None req-063e9888-0efe-4f81-84c7-a1e934c56820 - - - - - -] Successfully bumped revision number for resource 3b59cddf-3e07-4839-b356-68a9ae9560cc (type: subnets) to 0
2026-07-16 01:39:16.325 8 WARNING neutron.scheduler.dhcp_agent_scheduler [None req-e576accb-b9e3-4353-b1e8-61a9e1f04b6e 5460a2d41f8d46468ffdeb2f7b3d1e3c f54101ea12eb4c078d962d4e9f0c8b1a - - default default] No more DHCP agents
2026-07-16 01:39:16.328 8 WARNING neutron.api.rpc.agentnotifiers.dhcp_rpc_agent_api [None req-e576accb-b9e3-4353-b1e8-61a9e1f04b6e 5460a2d41f8d46468ffdeb2f7b3d1e3c f54101ea12eb4c078d962d4e9f0c8b1a - - default default] Unable to schedule network 14f3cff0-ab01-47f4-9f0c-8853931ca42a: no agents available; will retry on subsequent port and subnet creation events.
2026-07-16 01:39:16.462 8 WARNING neutron.plugins.ml2.drivers.ovn.mech_driver.ovsdb.ovn_client [None req-a0cbdda4-c011-40a9-a66d-8bf9d71fa8ef - - - - - -] No hosting information found for port 5fa367e0-53c1-46c8-9eaa-0b8cf641e6c6: RuntimeError: No hosting information found for port 5fa367e0-53c1-46c8-9eaa-0b8cf641e6c6
2026-07-16 01:39:16.482 7 INFO neutron_taas.services.taas.taas_plugin [None req-23cfb1ea-eaff-4332-92f4-2f40fbbb2cb3 - - - - - -] TaaS: Handle Delete Port: 335bbbd5-6775-4577-abb8-c88138cc6d54
2026-07-16 01:39:16.485 7 INFO neutron_taas.services.taas.tap_mirror_plugin [None req-23cfb1ea-eaff-4332-92f4-2f40fbbb2cb3 - - - - - -] Tap Mirror: Handle Delete Port: 335bbbd5-6775-4577-abb8-c88138cc6d54
2026-07-16 01:39:16.649 8 INFO neutron.db.ovn_revision_numbers_db [None req-a0cbdda4-c011-40a9-a66d-8bf9d71fa8ef - - - - - -] Successfully bumped revision number for resource 5fa367e0-53c1-46c8-9eaa-0b8cf641e6c6 (type: router_ports) to 2
2026-07-16 01:39:16.650 8 INFO neutron.plugins.ml2.drivers.ovn.mech_driver.mech_driver [None req-a0cbdda4-c011-40a9-a66d-8bf9d71fa8ef - - - - - -] OVN reports status down for port: 76e79386-f27b-4a20-bba7-bcd620ef58c7
2026-07-16 01:39:16.775 8 INFO neutron.plugins.ml2.drivers.ovn.mech_driver.mech_driver [None req-a0cbdda4-c011-40a9-a66d-8bf9d71fa8ef - - - - - -] OVN reports status down for port: 97719c0c-42ca-4ec5-b3b1-c9c3086e2911
2026-07-16 01:39:16.792 8 INFO neutron.plugins.ml2.drivers.ovn.mech_driver.mech_driver [None req-a0cbdda4-c011-40a9-a66d-8bf9d71fa8ef - - - - - -] OVN reports status down for port: 1bdb1971-f60b-414b-8b13-36ef29ef9200
2026-07-16 01:39:16.816 8 INFO neutron.plugins.ml2.drivers.ovn.mech_driver.mech_driver [None req-a0cbdda4-c011-40a9-a66d-8bf9d71fa8ef - - - - - -] OVN reports status down for port: a020a58f-7f95-404c-b5d2-acd0c3a519bb
2026-07-16 01:39:16.916 8 INFO neutron.plugins.ml2.drivers.ovn.mech_driver.mech_driver [None req-a0cbdda4-c011-40a9-a66d-8bf9d71fa8ef - - - - - -] OVN reports status down for port: 17b45567-4a09-4162-b1d3-67b0965ec44e
2026-07-16 01:39:17.035 8 INFO neutron.plugins.ml2.drivers.ovn.mech_driver.mech_driver [None req-a0cbdda4-c011-40a9-a66d-8bf9d71fa8ef - - - - - -] OVN reports status down for port: 45dc62f3-7168-4fd7-81be-347905ab6181
2026-07-16 01:39:17.041 8 INFO neutron.db.ovn_revision_numbers_db [None req-d7462ea6-0caf-41e6-bc8a-42a074e9a41c - - - - - -] Successfully bumped revision number for resource 93f5b3fc-d5ce-4c85-b2d6-6834b3fcb0df (type: ports) to 2
2026-07-16 01:39:17.060 8 INFO neutron.plugins.ml2.drivers.ovn.mech_driver.mech_driver [None req-a0cbdda4-c011-40a9-a66d-8bf9d71fa8ef - - - - - -] OVN reports status down for port: 2ef2d278-5a1e-4665-a1c0-b8fed30820b6
2026-07-16 01:39:17.084 8 INFO neutron.plugins.ml2.drivers.ovn.mech_driver.mech_driver [None req-a0cbdda4-c011-40a9-a66d-8bf9d71fa8ef - - - - - -] OVN reports status down for port: d4e2c1db-363c-4a80-be7e-34f96c25c3d8
2026-07-16 01:39:17.102 8 INFO neutron.db.ovn_revision_numbers_db [None req-d7462ea6-0caf-41e6-bc8a-42a074e9a41c - - - - - -] Successfully bumped revision number for resource 3e43efd5-87b6-44b2-8486-3e23c33b0753 (type: subnets) to 0 [pid: 8|app: 0|req: 1029/2082] 10.0.0.94 () {34 vars in 668 bytes} [Thu Jul 16 01:39:15 2026] POST /v2.0/subnets => generated 1273 bytes in 1552 msecs (HTTP/1.1 201) 4 headers in 163 bytes (1 switches on core 0) [pid: 8|app: 0|req: 1030/2083] 10.0.0.243 () {28 vars in 581 bytes} [Thu Jul 16 01:39:17 2026] GET /v2.0/agents => generated 1214 bytes in 40 msecs (HTTP/1.1 200) 4 headers in 158 bytes (1 switches on core 0) [pid: 8|app: 0|req: 1031/2084] 10.0.0.160 () {34 vars in 990 bytes} [Thu Jul 16 01:39:17 2026] GET /v2.0/ports?device_id=ec0a86a7-40b3-4ac7-9fc1-60d93e1a556d => generated 12 bytes in 20 msecs (HTTP/1.1 200) 4 headers in 156 bytes (1 switches on core 0)
2026-07-16 01:39:17.194 8 INFO neutron.plugins.ml2.drivers.ovn.mech_driver.mech_driver [None req-a0cbdda4-c011-40a9-a66d-8bf9d71fa8ef - - - - - -] OVN reports status down for port: 04f0e275-12a3-47cb-9d34-3ca95ad87cb5 [pid: 8|app: 0|req: 1032/2085] 10.0.0.94 () {32 vars in 646 bytes} [Thu Jul 16 01:39:17 2026] GET /v2.0/subnets => generated 1909 bytes in 46 msecs (HTTP/1.1 200) 4 headers in 158 bytes (1 switches on core 0)
2026-07-16 01:39:17.244 7 INFO neutron_taas.services.taas.taas_plugin [None req-23cfb1ea-eaff-4332-92f4-2f40fbbb2cb3 - - - - - -] TaaS: Handle Delete Port: 17b45567-4a09-4162-b1d3-67b0965ec44e
2026-07-16 01:39:17.248 7 INFO neutron_taas.services.taas.tap_mirror_plugin [None req-23cfb1ea-eaff-4332-92f4-2f40fbbb2cb3 - - - - - -] Tap Mirror: Handle Delete Port: 17b45567-4a09-4162-b1d3-67b0965ec44e [pid: 8|app: 0|req: 1033/2086] 10.0.0.243 () {28 vars in 585 bytes} [Thu Jul 16 01:39:17 2026] GET /v2.0/networks => generated 10258 bytes in 108 msecs (HTTP/1.1 200) 4 headers in 159 bytes (1 switches on core 0)
2026-07-16 01:39:17.435 7 INFO neutron.services.segments.plugin [-] Segment 1eb721f7-d040-407d-98fc-83b54acaa254 resource provider aggregate not found
2026-07-16 01:39:17.436 7 INFO neutron.services.segments.plugin [-] Segment 1eb721f7-d040-407d-98fc-83b54acaa254 resource provider aggregate not found
2026-07-16 01:39:17.456 7 INFO neutron.services.segments.plugin [-] Client error retrieving segment 1eb721f7-d040-407d-98fc-83b54acaa254 resource provider; error: Placement Client Error (4xx): {"errors": [{"status": 404, "title": "Not Found", "detail": "The resource could not be found.\n\n No resource provider with uuid 1eb721f7-d040-407d-98fc-83b54acaa254 found for delete ", "request_id": "req-b272d4ce-46c5-4f45-a478-f39f2438d08f"}]}
2026-07-16 01:39:17.463 7 INFO neutron.services.segments.plugin [-] Client error retrieving segment 1eb721f7-d040-407d-98fc-83b54acaa254 resource provider; error: Placement Client Error (4xx): {"errors": [{"status": 404, "title": "Not Found", "detail": "The resource could not be found.\n\n No resource provider with uuid 1eb721f7-d040-407d-98fc-83b54acaa254 found for delete ", "request_id": "req-894bf407-9120-4c62-a73f-14980b45bfe4"}]} [pid: 7|app: 0|req: 1054/2087] 10.0.0.94 () {32 vars in 739 bytes} [Thu Jul 16 01:39:15 2026] DELETE /v2.0/vpn/vpnservices/ecaa9fbc-e80c-42dd-bde3-085d21022621 => generated 0 bytes in 1929 msecs (HTTP/1.1 204) 2 headers in 112 bytes (1 switches on core 0) /var/lib/openstack/lib/python3.12/site-packages/pycadf/identifier.py:70: UserWarning: Invalid uuid: neutron. To ensure interoperability, identifiers should be a valid uuid. warnings.warn(('Invalid uuid: %s. To ensure interoperability, ' [pid: 8|app: 0|req: 1034/2088] 10.0.0.94 () {32 vars in 723 bytes} [Thu Jul 16 01:39:17 2026] DELETE /v2.0/subnets/3b59cddf-3e07-4839-b356-68a9ae9560cc => generated 0 bytes in 172 msecs (HTTP/1.1 204) 3 headers in 131 bytes (1 switches on core 0) [pid: 7|app: 0|req: 1055/2089] 10.0.0.243 () {28 vars in 583 bytes} [Thu Jul 16 01:39:17 2026] GET /v2.0/subnets => generated 6560 bytes in 46 msecs (HTTP/1.1 200) 4 headers in 158 bytes (1 switches on core 0) [pid: 8|app: 0|req: 1035/2090] 10.0.0.94 () {32 vars in 662 bytes} [Thu Jul 16 01:39:17 2026] GET /v2.0/vpn/vpnservices => generated 870 bytes in 13 msecs (HTTP/1.1 200) 4 headers in 157 bytes (1 switches on core 0) [pid: 8|app: 0|req: 1036/2091] 10.0.0.243 () {28 vars in 583 bytes} [Thu Jul 16 01:39:17 2026] GET /v2.0/routers => generated 4879 bytes in 71 msecs (HTTP/1.1 200) 4 headers in 158 bytes (1 switches on core 0)
2026-07-16 01:39:17.677 8 INFO neutron.api.v2.resource [None req-f2c333a6-83b2-4246-92aa-1c6e1dcf0713 1c8eeef7954349268eb2cc38588e045e 3201f5601a0a4aaa9170a77c3cf90bb9 - - default default] create failed (client error): The server could not comply with the request since it is either malformed or otherwise incorrect. [pid: 8|app: 0|req: 1037/2092] 10.0.0.94 () {34 vars in 706 bytes} [Thu Jul 16 01:39:17 2026] POST /v2.0/vpn/ipsec-site-connections => generated 127 bytes in 72 msecs (HTTP/1.1 400) 4 headers in 166 bytes (1 switches on core 0) [pid: 8|app: 0|req: 1038/2093] 10.0.0.243 () {28 vars in 624 bytes} [Thu Jul 16 01:39:17 2026] GET /v2.0/agents?binary=ovn-controller => generated 416 bytes in 11 msecs (HTTP/1.1 200) 4 headers in 157 bytes (1 switches on core 0) [pid: 7|app: 0|req: 1056/2094] 10.0.0.94 () {32 vars in 723 bytes} [Thu Jul 16 01:39:17 2026] DELETE /v2.0/subnets/3e43efd5-87b6-44b2-8486-3e23c33b0753 => generated 0 bytes in 165 msecs (HTTP/1.1 204) 3 headers in 131 bytes (1 switches on core 0) [pid: 7|app: 0|req: 1057/2095] 10.0.0.243 () {28 vars in 619 bytes} [Thu Jul 16 01:39:17 2026] GET /v2.0/network-ip-availabilities => generated 4856 bytes in 18 msecs (HTTP/1.1 200) 4 headers in 158 bytes (1 switches on core 0) [pid: 7|app: 0|req: 1058/2096] 10.0.0.94 () {32 vars in 646 bytes} [Thu Jul 16 01:39:17 2026] GET /v2.0/subnets => generated 649 bytes in 19 msecs (HTTP/1.1 200) 4 headers in 157 bytes (1 switches on core 0)
2026-07-16 01:39:17.738 8 INFO neutron.api.v2.resource [None req-3fb838d2-c42e-4b8b-9d08-35eb51349743 1c8eeef7954349268eb2cc38588e045e 3201f5601a0a4aaa9170a77c3cf90bb9 - - default default] create failed (client error): The server could not comply with the request since it is either malformed or otherwise incorrect. [pid: 8|app: 0|req: 1039/2097] 10.0.0.94 () {34 vars in 706 bytes} [Thu Jul 16 01:39:17 2026] POST /v2.0/vpn/ipsec-site-connections => generated 136 bytes in 49 msecs (HTTP/1.1 400) 4 headers in 166 bytes (1 switches on core 0) [pid: 7|app: 0|req: 1059/2098] 10.0.0.243 () {28 vars in 583 bytes} [Thu Jul 16 01:39:17 2026] GET /v2.0/subnets => generated 5264 bytes in 44 msecs (HTTP/1.1 200) 4 headers in 158 bytes (1 switches on core 0)
2026-07-16 01:39:17.780 7 WARNING neutron.api.v2.base [None req-3a31b8e2-492e-42e6-bb26-2a556f011a0b 1c8eeef7954349268eb2cc38588e045e 3201f5601a0a4aaa9170a77c3cf90bb9 - - default default] An exception happened while processing the request body. The exception message is [Invalid input for dpd. Reason: '59' is not a dictionary.].: webob.exc.HTTPBadRequest: Invalid input for dpd. Reason: '59' is not a dictionary.
2026-07-16 01:39:17.780 7 INFO neutron.api.v2.resource [None req-3a31b8e2-492e-42e6-bb26-2a556f011a0b 1c8eeef7954349268eb2cc38588e045e 3201f5601a0a4aaa9170a77c3cf90bb9 - - default default] create failed (client error): Invalid input for dpd. Reason: '59' is not a dictionary. [pid: 7|app: 0|req: 1060/2099] 10.0.0.94 () {34 vars in 706 bytes} [Thu Jul 16 01:39:17 2026] POST /v2.0/vpn/ipsec-site-connections => generated 129 bytes in 4 msecs (HTTP/1.1 400) 4 headers in 166 bytes (1 switches on core 0) [pid: 7|app: 0|req: 1061/2100] 10.0.0.243 () {28 vars in 591 bytes} [Thu Jul 16 01:39:17 2026] GET /v2.0/subnetpools => generated 19 bytes in 6 msecs (HTTP/1.1 200) 4 headers in 156 bytes (1 switches on core 0) [pid: 7|app: 0|req: 1062/2101] 10.0.0.94 () {34 vars in 692 bytes} [Thu Jul 16 01:39:17 2026] POST /v2.0/vpn/endpoint-groups => generated 294 bytes in 37 msecs (HTTP/1.1 201) 4 headers in 162 bytes (1 switches on core 0)
2026-07-16 01:39:17.851 8 INFO neutron_taas.services.taas.taas_plugin [None req-e43fb47e-b39b-4847-b05f-e15e3d3ae7ac 5460a2d41f8d46468ffdeb2f7b3d1e3c f54101ea12eb4c078d962d4e9f0c8b1a - - default default] TaaS: Handle Delete Port: 93f5b3fc-d5ce-4c85-b2d6-6834b3fcb0df
2026-07-16 01:39:17.853 8 INFO neutron_taas.services.taas.tap_mirror_plugin [None req-e43fb47e-b39b-4847-b05f-e15e3d3ae7ac 5460a2d41f8d46468ffdeb2f7b3d1e3c f54101ea12eb4c078d962d4e9f0c8b1a - - default default] Tap Mirror: Handle Delete Port: 93f5b3fc-d5ce-4c85-b2d6-6834b3fcb0df
2026-07-16 01:39:17.865 7 INFO neutron.api.v2.resource [None req-ce5bab68-2173-427d-9b99-6527deb63310 1c8eeef7954349268eb2cc38588e045e 3201f5601a0a4aaa9170a77c3cf90bb9 - - default default] create failed (client error): The server could not comply with the request since it is either malformed or otherwise incorrect. [pid: 7|app: 0|req: 1063/2102] 10.0.0.94 () {34 vars in 706 bytes} [Thu Jul 16 01:39:17 2026] POST /v2.0/vpn/ipsec-site-connections => generated 149 bytes in 36 msecs (HTTP/1.1 400) 4 headers in 166 bytes (1 switches on core 0) [pid: 7|app: 0|req: 1064/2103] 10.0.0.94 () {32 vars in 670 bytes} [Thu Jul 16 01:39:17 2026] GET /v2.0/vpn/endpoint-groups => generated 908 bytes in 12 msecs (HTTP/1.1 200) 4 headers in 157 bytes (1 switches on core 0) [pid: 7|app: 0|req: 1065/2104] 10.0.0.94 () {32 vars in 747 bytes} [Thu Jul 16 01:39:17 2026] DELETE /v2.0/vpn/endpoint-groups/d610b5ce-e23d-4aa1-83da-88c500f94fff => generated 0 bytes in 29 msecs (HTTP/1.1 204) 2 headers in 112 bytes (1 switches on core 0) [pid: 7|app: 0|req: 1066/2105] 10.0.0.94 () {32 vars in 670 bytes} [Thu Jul 16 01:39:17 2026] GET /v2.0/vpn/endpoint-groups => generated 632 bytes in 11 msecs (HTTP/1.1 200) 4 headers in 157 bytes (1 switches on core 0) [pid: 7|app: 0|req: 1067/2106] 10.0.0.94 () {34 vars in 692 bytes} [Thu Jul 16 01:39:17 2026] POST /v2.0/vpn/endpoint-groups => generated 302 bytes in 60 msecs (HTTP/1.1 201) 4 headers in 162 bytes (1 switches on core 0)
2026-07-16 01:39:18.018 8 INFO neutron.services.segments.plugin [-] Segment 2a1739e2-a474-403a-b841-86642461e933 resource provider aggregate not found
2026-07-16 01:39:18.022 8 INFO neutron.services.segments.plugin [-] Segment 2a1739e2-a474-403a-b841-86642461e933 resource provider aggregate not found
2026-07-16 01:39:18.037 8 INFO neutron.services.segments.plugin [-] Client error retrieving segment 2a1739e2-a474-403a-b841-86642461e933 resource provider; error: Placement Client Error (4xx): {"errors": [{"status": 404, "title": "Not Found", "detail": "The resource could not be found.\n\n No resource provider with uuid 2a1739e2-a474-403a-b841-86642461e933 found for delete ", "request_id": "req-bcd203a4-9519-43cf-a03f-e71c4588ab8c"}]}
2026-07-16 01:39:18.044 8 INFO neutron.services.segments.plugin [-] Client error retrieving segment 2a1739e2-a474-403a-b841-86642461e933 resource provider; error: Placement Client Error (4xx): {"errors": [{"status": 404, "title": "Not Found", "detail": "The resource could not be found.\n\n No resource provider with uuid 2a1739e2-a474-403a-b841-86642461e933 found for delete ", "request_id": "req-17670537-6200-4974-a326-225aa1208c91"}]}
2026-07-16 01:39:18.044 7 INFO neutron.api.v2.resource [None req-f1c9b557-a2a5-4764-bbeb-9c24563c9f8e 1c8eeef7954349268eb2cc38588e045e 3201f5601a0a4aaa9170a77c3cf90bb9 - - default default] create failed (client error): The server could not comply with the request since it is either malformed or otherwise incorrect. [pid: 7|app: 0|req: 1068/2107] 10.0.0.94 () {34 vars in 706 bytes} [Thu Jul 16 01:39:18 2026] POST /v2.0/vpn/ipsec-site-connections => generated 148 bytes in 42 msecs (HTTP/1.1 400) 4 headers in 166 bytes (1 switches on core 0) [pid: 8|app: 0|req: 1040/2108] 10.0.0.94 () {32 vars in 725 bytes} [Thu Jul 16 01:39:17 2026] DELETE /v2.0/networks/14f3cff0-ab01-47f4-9f0c-8853931ca42a => generated 0 bytes in 313 msecs (HTTP/1.1 204) 3 headers in 131 bytes (1 switches on core 0) [pid: 7|app: 0|req: 1069/2109] 10.0.0.94 () {32 vars in 670 bytes} [Thu Jul 16 01:39:18 2026] GET /v2.0/vpn/endpoint-groups => generated 916 bytes in 12 msecs (HTTP/1.1 200) 4 headers in 157 bytes (1 switches on core 0) [pid: 7|app: 0|req: 1070/2110] 10.0.0.94 () {32 vars in 747 bytes} [Thu Jul 16 01:39:18 2026] DELETE /v2.0/vpn/endpoint-groups/265dd50a-b109-4945-b572-f44fe731f86d => generated 0 bytes in 21 msecs (HTTP/1.1 204) 2 headers in 112 bytes (1 switches on core 0) [pid: 7|app: 0|req: 1071/2111] 10.0.0.94 () {32 vars in 670 bytes} [Thu Jul 16 01:39:18 2026] GET /v2.0/vpn/endpoint-groups => generated 632 bytes in 9 msecs (HTTP/1.1 200) 4 headers in 157 bytes (1 switches on core 0)
