2026-07-16 01:39:46.081 8 WARNING neutron.api.rpc.agentnotifiers.dhcp_rpc_agent_api [None req-64a4615c-7370-4d98-ba7d-49b8dcce48e8 23999bba6f444779a30024448f9049f8 c61a47e6fd9641b4927792c2e16e8a79 - - default default] Unable to schedule network 81dec8fc-63ea-4646-ae57-cf78b9012a72: no agents available; will retry on subsequent port and subnet creation events.
2026-07-16 01:39:46.133 7 INFO neutron.plugins.ml2.drivers.ovn.mech_driver.mech_driver [None req-0552878d-e379-4829-be09-48a41a1fd32d - - - - - -] OVN reports status down for port: 1ca2f927-7295-4a49-ae01-c4eaf7876cfa
2026-07-16 01:39:46.172 8 INFO neutron.db.ovn_revision_numbers_db [None req-64a4615c-7370-4d98-ba7d-49b8dcce48e8 23999bba6f444779a30024448f9049f8 c61a47e6fd9641b4927792c2e16e8a79 - - default default] Successfully bumped revision number for resource 1ca2f927-7295-4a49-ae01-c4eaf7876cfa (type: ports) to 1 [pid: 8|app: 0|req: 1116/2292] 10.0.0.94 () {34 vars in 669 bytes} [Thu Jul 16 01:39:45 2026] POST /v2.0/networks => generated 630 bytes in 509 msecs (HTTP/1.1 201) 4 headers in 162 bytes (1 switches on core 0) [pid: 7|app: 0|req: 1177/2293] 10.0.0.94 () {32 vars in 725 bytes} [Thu Jul 16 01:39:45 2026] DELETE /v2.0/networks/bbbc6481-fa4e-43b6-b3e4-3a9671d3ec92 => generated 0 bytes in 388 msecs (HTTP/1.1 204) 3 headers in 131 bytes (1 switches on core 0)
2026-07-16 01:39:46.416 8 WARNING neutron.scheduler.dhcp_agent_scheduler [None req-5f41c89f-dc7e-42be-b55f-a965c215f66b 23999bba6f444779a30024448f9049f8 c61a47e6fd9641b4927792c2e16e8a79 - - default default] No more DHCP agents
2026-07-16 01:39:46.418 8 WARNING neutron.api.rpc.agentnotifiers.dhcp_rpc_agent_api [None req-5f41c89f-dc7e-42be-b55f-a965c215f66b 23999bba6f444779a30024448f9049f8 c61a47e6fd9641b4927792c2e16e8a79 - - default default] Unable to schedule network 81dec8fc-63ea-4646-ae57-cf78b9012a72: no agents available; will retry on subsequent port and subnet creation events.
2026-07-16 01:39:46.445 7 INFO neutron_taas.services.taas.taas_plugin [None req-c0e5ce87-0031-44cb-9426-e8de60df2ded a8c25a1dc03d457198314bf1d890e62c 90504ee8d4034120b06760b62b46e186 - - default default] TaaS: Handle Delete Port: 28f1e28b-fc5f-4109-ac2b-2b89f8cf0c1e
2026-07-16 01:39:46.449 7 INFO neutron_taas.services.taas.tap_mirror_plugin [None req-c0e5ce87-0031-44cb-9426-e8de60df2ded a8c25a1dc03d457198314bf1d890e62c 90504ee8d4034120b06760b62b46e186 - - default default] Tap Mirror: Handle Delete Port: 28f1e28b-fc5f-4109-ac2b-2b89f8cf0c1e [pid: 7|app: 0|req: 1178/2294] 10.0.0.94 () {32 vars in 725 bytes} [Thu Jul 16 01:39:46 2026] DELETE /v2.0/networks/2be7fa5d-92fb-4db0-8b4e-2cf918619be4 => generated 0 bytes in 396 msecs (HTTP/1.1 204) 3 headers in 131 bytes (1 switches on core 0)
2026-07-16 01:39:46.871 7 INFO neutron_taas.services.taas.taas_plugin [None req-50d9c478-9114-4e60-ac75-8895243c3c4c a8c25a1dc03d457198314bf1d890e62c 90504ee8d4034120b06760b62b46e186 - - default default] TaaS: Handle Delete Port: 7271809f-b8e1-4b5c-83b0-1d35b8640c3a
2026-07-16 01:39:46.874 7 INFO neutron_taas.services.taas.tap_mirror_plugin [None req-50d9c478-9114-4e60-ac75-8895243c3c4c a8c25a1dc03d457198314bf1d890e62c 90504ee8d4034120b06760b62b46e186 - - default default] Tap Mirror: Handle Delete Port: 7271809f-b8e1-4b5c-83b0-1d35b8640c3a
2026-07-16 01:39:46.919 8 INFO neutron.db.ovn_revision_numbers_db [None req-6562f0f5-5fba-47c1-84f4-c4c7e7568e3c - - - - - -] Successfully bumped revision number for resource 1ca2f927-7295-4a49-ae01-c4eaf7876cfa (type: ports) to 2
2026-07-16 01:39:46.985 8 INFO neutron.db.ovn_revision_numbers_db [None req-6562f0f5-5fba-47c1-84f4-c4c7e7568e3c - - - - - -] Successfully bumped revision number for resource 809ff72d-99a9-49a5-944e-63ffacd0465c (type: subnets) to 0 [pid: 8|app: 0|req: 1117/2295] 10.0.0.94 () {34 vars in 668 bytes} [Thu Jul 16 01:39:46 2026] POST /v2.0/subnets => generated 626 bytes in 804 msecs (HTTP/1.1 201) 4 headers in 162 bytes (1 switches on core 0) [pid: 7|app: 0|req: 1179/2296] 10.0.0.94 () {32 vars in 725 bytes} [Thu Jul 16 01:39:46 2026] DELETE /v2.0/networks/b2fd4dc6-14e5-480d-8055-71275676eb82 => generated 0 bytes in 382 msecs (HTTP/1.1 204) 3 headers in 131 bytes (1 switches on core 0)
2026-07-16 01:39:47.135 8 INFO neutron.db.ovn_revision_numbers_db [None req-c2f15733-21b4-4104-b528-a45cab2d6676 23999bba6f444779a30024448f9049f8 c61a47e6fd9641b4927792c2e16e8a79 - - default default] Successfully bumped revision number for resource 49606eb4-0b87-42cf-8b53-89a0c5fe4270 (type: routers) to 1 [pid: 8|app: 0|req: 1118/2297] 10.0.0.94 () {34 vars in 668 bytes} [Thu Jul 16 01:39:47 2026] POST /v2.0/routers => generated 602 bytes in 138 msecs (HTTP/1.1 201) 4 headers in 162 bytes (1 switches on core 0)
2026-07-16 01:39:47.254 8 INFO neutron_taas.services.taas.taas_plugin [None req-0e903fd8-84ef-48a8-b955-33ed92f3c4e8 a8c25a1dc03d457198314bf1d890e62c 90504ee8d4034120b06760b62b46e186 - - default default] TaaS: Handle Delete Port: 5c981460-39c9-4f70-bd8f-574dc8c19c36
2026-07-16 01:39:47.269 8 INFO neutron_taas.services.taas.tap_mirror_plugin [None req-0e903fd8-84ef-48a8-b955-33ed92f3c4e8 a8c25a1dc03d457198314bf1d890e62c 90504ee8d4034120b06760b62b46e186 - - default default] Tap Mirror: Handle Delete Port: 5c981460-39c9-4f70-bd8f-574dc8c19c36 [pid: 7|app: 0|req: 1180/2298] 10.0.0.94 () {34 vars in 675 bytes} [Thu Jul 16 01:39:47 2026] POST /v2.0/subnetpools => generated 516 bytes in 268 msecs (HTTP/1.1 201) 4 headers in 162 bytes (1 switches on core 0) [pid: 8|app: 0|req: 1119/2299] 10.0.0.94 () {32 vars in 725 bytes} [Thu Jul 16 01:39:47 2026] DELETE /v2.0/networks/014cb4c7-526f-4d0c-92ff-30d08f1e75b4 => generated 0 bytes in 391 msecs (HTTP/1.1 204) 3 headers in 131 bytes (1 switches on core 0) [pid: 8|app: 0|req: 1120/2300] 10.0.0.94 () {34 vars in 675 bytes} [Thu Jul 16 01:39:47 2026] POST /v2.0/subnetpools => generated 516 bytes in 45 msecs (HTTP/1.1 201) 4 headers in 162 bytes (1 switches on core 0) [pid: 8|app: 0|req: 1121/2301] 10.0.0.94 () {34 vars in 675 bytes} [Thu Jul 16 01:39:47 2026] POST /v2.0/subnetpools => generated 516 bytes in 45 msecs (HTTP/1.1 201) 4 headers in 162 bytes (1 switches on core 0)
2026-07-16 01:39:47.653 8 INFO neutron.services.segments.plugin [-] Segment a71a89a5-9214-4153-b372-77811f1cbc46 resource provider aggregate not found
2026-07-16 01:39:47.669 8 INFO neutron.services.segments.plugin [-] Client error retrieving segment a71a89a5-9214-4153-b372-77811f1cbc46 resource provider; error: Placement Client Error (4xx): {"errors": [{"status": 404, "title": "Not Found", "detail": "The resource could not be found.\n\n No resource provider with uuid a71a89a5-9214-4153-b372-77811f1cbc46 found for delete ", "request_id": "req-733c5b92-89cd-4ce1-ac46-fb8df859c8b5"}]}
2026-07-16 01:39:47.670 8 INFO neutron.services.segments.plugin [-] Segment a71a89a5-9214-4153-b372-77811f1cbc46 resource provider aggregate not found
2026-07-16 01:39:47.688 8 INFO neutron.services.segments.plugin [-] Client error retrieving segment a71a89a5-9214-4153-b372-77811f1cbc46 resource provider; error: Placement Client Error (4xx): {"errors": [{"status": 404, "title": "Not Found", "detail": "The resource could not be found.\n\n No resource provider with uuid a71a89a5-9214-4153-b372-77811f1cbc46 found for delete ", "request_id": "req-8520526e-821d-4799-bca4-9acdbaa675c6"}]} [pid: 8|app: 0|req: 1122/2302] 10.0.0.94 () {34 vars in 675 bytes} [Thu Jul 16 01:39:47 2026] POST /v2.0/subnetpools => generated 516 bytes in 61 msecs (HTTP/1.1 201) 4 headers in 162 bytes (1 switches on core 0)
2026-07-16 01:39:47.729 7 WARNING neutron.scheduler.dhcp_agent_scheduler [None req-f3379ba9-63c0-4a8c-afb1-f176d0b1221f 23999bba6f444779a30024448f9049f8 c61a47e6fd9641b4927792c2e16e8a79 - - default default] No more DHCP agents
2026-07-16 01:39:47.730 7 WARNING neutron.api.rpc.agentnotifiers.dhcp_rpc_agent_api [None req-f3379ba9-63c0-4a8c-afb1-f176d0b1221f 23999bba6f444779a30024448f9049f8 c61a47e6fd9641b4927792c2e16e8a79 - - default default] Unable to schedule network 81dec8fc-63ea-4646-ae57-cf78b9012a72: no agents available; will retry on subsequent port and subnet creation events. [pid: 8|app: 0|req: 1123/2303] 10.0.0.94 () {34 vars in 675 bytes} [Thu Jul 16 01:39:47 2026] POST /v2.0/subnetpools => generated 516 bytes in 51 msecs (HTTP/1.1 201) 4 headers in 162 bytes (1 switches on core 0) [pid: 8|app: 0|req: 1124/2304] 10.0.0.94 () {34 vars in 758 bytes} [Thu Jul 16 01:39:47 2026] PUT /v2.0/subnetpools/fdc3d174-d87e-4927-b98e-092ae443db33/tags => generated 17 bytes in 39 msecs (HTTP/1.1 200) 4 headers in 156 bytes (1 switches on core 0) [pid: 8|app: 0|req: 1125/2305] 10.0.0.94 () {34 vars in 758 bytes} [Thu Jul 16 01:39:47 2026] PUT /v2.0/subnetpools/6d1cb142-2e2e-4f3d-9a19-d2e9b25796e6/tags => generated 25 bytes in 57 msecs (HTTP/1.1 200) 4 headers in 156 bytes (1 switches on core 0)
2026-07-16 01:39:47.893 7 INFO neutron.db.ovn_revision_numbers_db [None req-f3379ba9-63c0-4a8c-afb1-f176d0b1221f 23999bba6f444779a30024448f9049f8 c61a47e6fd9641b4927792c2e16e8a79 - - default default] Successfully bumped revision number for resource f783391d-cfa9-4ab4-996b-0bba8018fdf5 (type: ports) to 1 [pid: 8|app: 0|req: 1126/2306] 10.0.0.94 () {34 vars in 758 bytes} [Thu Jul 16 01:39:47 2026] PUT /v2.0/subnetpools/ff8b58b6-b8b2-4b9d-88bd-c4f403087c01/tags => generated 34 bytes in 52 msecs (HTTP/1.1 200) 4 headers in 156 bytes (1 switches on core 0)
2026-07-16 01:39:47.934 7 INFO neutron.services.segments.plugin [-] Segment c4d55ca0-eaaa-4947-945b-2f6b5cd72179 resource provider aggregate not found
2026-07-16 01:39:47.940 7 INFO neutron.services.segments.plugin [-] Segment c4d55ca0-eaaa-4947-945b-2f6b5cd72179 resource provider aggregate not found
2026-07-16 01:39:47.960 7 INFO neutron.services.segments.plugin [-] Client error retrieving segment c4d55ca0-eaaa-4947-945b-2f6b5cd72179 resource provider; error: Placement Client Error (4xx): {"errors": [{"status": 404, "title": "Not Found", "detail": "The resource could not be found.\n\n No resource provider with uuid c4d55ca0-eaaa-4947-945b-2f6b5cd72179 found for delete ", "request_id": "req-c0292fd0-f71b-4143-8e13-2468102ce35e"}]}
2026-07-16 01:39:47.966 7 INFO neutron.services.segments.plugin [-] Client error retrieving segment c4d55ca0-eaaa-4947-945b-2f6b5cd72179 resource provider; error: Placement Client Error (4xx): {"errors": [{"status": 404, "title": "Not Found", "detail": "The resource could not be found.\n\n No resource provider with uuid c4d55ca0-eaaa-4947-945b-2f6b5cd72179 found for delete ", "request_id": "req-6aeef60e-a2ec-44b3-a414-ceca3c3fcb25"}]} [pid: 8|app: 0|req: 1127/2307] 10.0.0.94 () {34 vars in 758 bytes} [Thu Jul 16 01:39:47 2026] PUT /v2.0/subnetpools/b98f4e20-0461-4fe4-a67d-9746f1bf8575/tags => generated 19 bytes in 50 msecs (HTTP/1.1 200) 4 headers in 156 bytes (1 switches on core 0)
2026-07-16 01:39:47.986 7 INFO neutron.services.segments.plugin [-] Segment 402f12be-27e2-4fba-b88b-a24ce412d726 resource provider aggregate not found
2026-07-16 01:39:47.986 7 INFO neutron.services.segments.plugin [-] Segment 402f12be-27e2-4fba-b88b-a24ce412d726 resource provider aggregate not found
2026-07-16 01:39:48.010 7 INFO neutron.services.segments.plugin [-] Client error retrieving segment 402f12be-27e2-4fba-b88b-a24ce412d726 resource provider; error: Placement Client Error (4xx): {"errors": [{"status": 404, "title": "Not Found", "detail": "The resource could not be found.\n\n No resource provider with uuid 402f12be-27e2-4fba-b88b-a24ce412d726 found for delete ", "request_id": "req-15734050-922c-4fca-a7c5-0d27b8187d82"}]} [pid: 8|app: 0|req: 1128/2308] 10.0.0.94 () {32 vars in 671 bytes} [Thu Jul 16 01:39:47 2026] GET /v2.0/subnetpools?tags=red => generated 1563 bytes in 36 msecs (HTTP/1.1 200) 4 headers in 158 bytes (1 switches on core 0)
2026-07-16 01:39:48.011 7 INFO neutron.services.segments.plugin [-] Client error retrieving segment 402f12be-27e2-4fba-b88b-a24ce412d726 resource provider; error: Placement Client Error (4xx): {"errors": [{"status": 404, "title": "Not Found", "detail": "The resource could not be found.\n\n No resource provider with uuid 402f12be-27e2-4fba-b88b-a24ce412d726 found for delete ", "request_id": "req-deb39a3e-aa3a-421f-8f04-63c1c7393f9a"}]}
2026-07-16 01:39:48.029 7 INFO neutron.services.segments.plugin [-] Segment 0f0674f3-8cd3-4fd5-91d0-cd083a271476 resource provider aggregate not found
2026-07-16 01:39:48.035 7 INFO neutron.services.segments.plugin [-] Segment 0f0674f3-8cd3-4fd5-91d0-cd083a271476 resource provider aggregate not found
2026-07-16 01:39:48.043 7 INFO neutron.services.segments.plugin [-] Client error retrieving segment 0f0674f3-8cd3-4fd5-91d0-cd083a271476 resource provider; error: Placement Client Error (4xx): {"errors": [{"status": 404, "title": "Not Found", "detail": "The resource could not be found.\n\n No resource provider with uuid 0f0674f3-8cd3-4fd5-91d0-cd083a271476 found for delete ", "request_id": "req-0591c3b8-2a3d-40f4-a286-77de0aaa5e54"}]} [pid: 8|app: 0|req: 1129/2309] 10.0.0.94 () {32 vars in 685 bytes} [Thu Jul 16 01:39:48 2026] GET /v2.0/subnetpools?tags=red%2Cblue => generated 1056 bytes in 28 msecs (HTTP/1.1 200) 4 headers in 158 bytes (1 switches on core 0)
2026-07-16 01:39:48.055 7 INFO neutron.services.segments.plugin [-] Client error retrieving segment 0f0674f3-8cd3-4fd5-91d0-cd083a271476 resource provider; error: Placement Client Error (4xx): {"errors": [{"status": 404, "title": "Not Found", "detail": "The resource could not be found.\n\n No resource provider with uuid 0f0674f3-8cd3-4fd5-91d0-cd083a271476 found for delete ", "request_id": "req-a528dc31-b9af-4bc1-b777-129290a5c377"}]} [pid: 8|app: 0|req: 1130/2310] 10.0.0.94 () {32 vars in 681 bytes} [Thu Jul 16 01:39:48 2026] GET /v2.0/subnetpools?tags-any=blue => generated 1056 bytes in 20 msecs (HTTP/1.1 200) 4 headers in 158 bytes (1 switches on core 0) [pid: 8|app: 0|req: 1131/2311] 10.0.0.94 () {32 vars in 693 bytes} [Thu Jul 16 01:39:48 2026] GET /v2.0/subnetpools?tags-any=red%2Cblue => generated 1563 bytes in 22 msecs (HTTP/1.1 200) 4 headers in 158 bytes (1 switches on core 0) [pid: 8|app: 0|req: 1132/2312] 10.0.0.94 () {32 vars in 679 bytes} [Thu Jul 16 01:39:48 2026] GET /v2.0/subnetpools?not-tags=red => generated 1028 bytes in 17 msecs (HTTP/1.1 200) 4 headers in 158 bytes (1 switches on core 0) [pid: 8|app: 0|req: 1133/2313] 10.0.0.94 () {32 vars in 693 bytes} [Thu Jul 16 01:39:48 2026] GET /v2.0/subnetpools?not-tags=red%2Cblue => generated 1535 bytes in 20 msecs (HTTP/1.1 200) 4 headers in 158 bytes (1 switches on core 0) [pid: 8|app: 0|req: 1134/2314] 10.0.0.94 () {32 vars in 689 bytes} [Thu Jul 16 01:39:48 2026] GET /v2.0/subnetpools?not-tags-any=blue => generated 1535 bytes in 18 msecs (HTTP/1.1 200) 4 headers in 158 bytes (1 switches on core 0) [pid: 8|app: 0|req: 1135/2315] 10.0.0.94 () {32 vars in 701 bytes} [Thu Jul 16 01:39:48 2026] GET /v2.0/subnetpools?not-tags-any=red%2Cblue => generated 1028 bytes in 18 msecs (HTTP/1.1 200) 4 headers in 158 bytes (1 switches on core 0) [pid: 8|app: 0|req: 1136/2316] 10.0.0.94 () {32 vars in 731 bytes} [Thu Jul 16 01:39:48 2026] DELETE /v2.0/subnetpools/fdc3d174-d87e-4927-b98e-092ae443db33 => generated 0 bytes in 39 msecs (HTTP/1.1 204) 2 headers in 112 bytes (1 switches on core 0) [pid: 8|app: 0|req: 1137/2317] 10.0.0.94 () {32 vars in 731 bytes} [Thu Jul 16 01:39:48 2026] DELETE /v2.0/subnetpools/6d1cb142-2e2e-4f3d-9a19-d2e9b25796e6 => generated 0 bytes in 48 msecs (HTTP/1.1 204) 2 headers in 112 bytes (1 switches on core 0) [pid: 8|app: 0|req: 1138/2318] 10.0.0.94 () {32 vars in 731 bytes} [Thu Jul 16 01:39:48 2026] DELETE /v2.0/subnetpools/ff8b58b6-b8b2-4b9d-88bd-c4f403087c01 => generated 0 bytes in 60 msecs (HTTP/1.1 204) 2 headers in 112 bytes (1 switches on core 0) [pid: 8|app: 0|req: 1139/2319] 10.0.0.94 () {32 vars in 731 bytes} [Thu Jul 16 01:39:48 2026] DELETE /v2.0/subnetpools/b98f4e20-0461-4fe4-a67d-9746f1bf8575 => generated 0 bytes in 48 msecs (HTTP/1.1 204) 2 headers in 112 bytes (1 switches on core 0) [pid: 8|app: 0|req: 1140/2320] 10.0.0.94 () {32 vars in 731 bytes} [Thu Jul 16 01:39:48 2026] DELETE /v2.0/subnetpools/836e8953-0e75-44ee-8963-86f6334e756c => generated 0 bytes in 60 msecs (HTTP/1.1 204) 2 headers in 112 bytes (1 switches on core 0)
2026-07-16 01:39:48.510 7 WARNING neutron.scheduler.dhcp_agent_scheduler [None req-f3379ba9-63c0-4a8c-afb1-f176d0b1221f 23999bba6f444779a30024448f9049f8 c61a47e6fd9641b4927792c2e16e8a79 - - default default] No more DHCP agents
2026-07-16 01:39:48.511 7 WARNING neutron.api.rpc.agentnotifiers.dhcp_rpc_agent_api [None req-f3379ba9-63c0-4a8c-afb1-f176d0b1221f 23999bba6f444779a30024448f9049f8 c61a47e6fd9641b4927792c2e16e8a79 - - default default] Unable to schedule network 81dec8fc-63ea-4646-ae57-cf78b9012a72: no agents available; will retry on subsequent port and subnet creation events.
2026-07-16 01:39:48.646 7 INFO neutron.db.ovn_revision_numbers_db [None req-f3379ba9-63c0-4a8c-afb1-f176d0b1221f 23999bba6f444779a30024448f9049f8 c61a47e6fd9641b4927792c2e16e8a79 - - default default] Successfully bumped revision number for resource f783391d-cfa9-4ab4-996b-0bba8018fdf5 (type: router_ports) to 1 [pid: 7|app: 0|req: 1181/2321] 10.0.0.94 () {34 vars in 782 bytes} [Thu Jul 16 01:39:47 2026] PUT /v2.0/routers/49606eb4-0b87-42cf-8b53-89a0c5fe4270/add_router_interface => generated 309 bytes in 1276 msecs (HTTP/1.1 200) 4 headers in 157 bytes (1 switches on core 0)
2026-07-16 01:39:48.697 8 WARNING neutron.plugins.ml2.drivers.ovn.mech_driver.ovsdb.ovn_client [None req-30c57be2-00ba-4ed1-bba3-0c00ea472532 - - - - - -] No port found with ID e490f5c4-af84-40d9-ac2a-3476f5e3a24b: RuntimeError: No port found with ID e490f5c4-af84-40d9-ac2a-3476f5e3a24b
2026-07-16 01:39:48.698 8 INFO neutron.plugins.ml2.drivers.ovn.mech_driver.mech_driver [None req-30c57be2-00ba-4ed1-bba3-0c00ea472532 - - - - - -] OVN reports status down for port: 33af5212-b191-4ffa-a01a-a782a0914d1a
2026-07-16 01:39:48.724 8 INFO neutron.plugins.ml2.drivers.ovn.mech_driver.mech_driver [None req-30c57be2-00ba-4ed1-bba3-0c00ea472532 - - - - - -] OVN reports status down for port: f783391d-cfa9-4ab4-996b-0bba8018fdf5
2026-07-16 01:39:48.849 8 WARNING neutron.plugins.ml2.drivers.ovn.mech_driver.ovsdb.ovn_client [None req-30c57be2-00ba-4ed1-bba3-0c00ea472532 - - - - - -] Logical_Switch_Port f783391d-cfa9-4ab4-996b-0bba8018fdf5 host information not removed, the port state is up
2026-07-16 01:39:48.850 8 INFO neutron.plugins.ml2.drivers.ovn.mech_driver.mech_driver [None req-30c57be2-00ba-4ed1-bba3-0c00ea472532 - - - - - -] OVN reports status up for port: f783391d-cfa9-4ab4-996b-0bba8018fdf5
2026-07-16 01:39:48.873 8 INFO neutron.plugins.ml2.plugin [None req-30c57be2-00ba-4ed1-bba3-0c00ea472532 - - - - - -] Attempt 1 to provision port f783391d-cfa9-4ab4-996b-0bba8018fdf5
2026-07-16 01:39:48.888 8 INFO neutron.db.ovn_revision_numbers_db [None req-db7b0bb1-1722-479e-9a3e-0fb48116e38b ae426aa6fd164f93957901582422f8f2 527ce43dc67d45e9aff5fd03f00f309a - - default default] Successfully bumped revision number for resource b3abff51-63be-4766-ac13-52fac4fa66d6 (type: security_groups) to 1
2026-07-16 01:39:48.908 8 INFO neutron.db.ovn_revision_numbers_db [None req-db7b0bb1-1722-479e-9a3e-0fb48116e38b ae426aa6fd164f93957901582422f8f2 527ce43dc67d45e9aff5fd03f00f309a - - default default] Successfully bumped revision number for resource 2883504a-b115-449a-9111-a6709dc44aa1 (type: security_group_rules) to 0
2026-07-16 01:39:48.915 7 INFO neutron.db.ovn_revision_numbers_db [None req-e3a1157d-1bff-4144-bb18-1e1a00c5111e f02ae09cf83f494c850a7338c8aeaba8 0fc4fbae13c04425b03d40e8f9344148 - - default default] Successfully bumped revision number for resource c16063a6-1a64-44f8-957c-da3555c40cb1 (type: security_groups) to 1
2026-07-16 01:39:48.929 7 INFO neutron.db.ovn_revision_numbers_db [None req-e3a1157d-1bff-4144-bb18-1e1a00c5111e f02ae09cf83f494c850a7338c8aeaba8 0fc4fbae13c04425b03d40e8f9344148 - - default default] Successfully bumped revision number for resource 6aa6e276-613b-41cf-a6c0-62d589ab65e8 (type: security_group_rules) to 0
2026-07-16 01:39:48.929 8 INFO neutron.db.ovn_revision_numbers_db [None req-db7b0bb1-1722-479e-9a3e-0fb48116e38b ae426aa6fd164f93957901582422f8f2 527ce43dc67d45e9aff5fd03f00f309a - - default default] Successfully bumped revision number for resource 4cdbfc33-79be-4bf7-895b-ab4bf2a5a3a8 (type: security_group_rules) to 0
2026-07-16 01:39:48.939 7 INFO neutron.db.ovn_revision_numbers_db [None req-e3a1157d-1bff-4144-bb18-1e1a00c5111e f02ae09cf83f494c850a7338c8aeaba8 0fc4fbae13c04425b03d40e8f9344148 - - default default] Successfully bumped revision number for resource 90e9e086-60a1-4266-8c48-d5de4b702531 (type: security_group_rules) to 0
2026-07-16 01:39:48.947 8 INFO neutron.db.ovn_revision_numbers_db [None req-db7b0bb1-1722-479e-9a3e-0fb48116e38b ae426aa6fd164f93957901582422f8f2 527ce43dc67d45e9aff5fd03f00f309a - - default default] Successfully bumped revision number for resource 7b268a33-f1e5-41af-8afa-2640d5ae9e6d (type: security_group_rules) to 0
2026-07-16 01:39:48.951 7 INFO neutron.db.ovn_revision_numbers_db [None req-e3a1157d-1bff-4144-bb18-1e1a00c5111e f02ae09cf83f494c850a7338c8aeaba8 0fc4fbae13c04425b03d40e8f9344148 - - default default] Successfully bumped revision number for resource bcdd82e8-c237-43ca-b3e3-aa3931faa64c (type: security_group_rules) to 0
2026-07-16 01:39:48.961 7 INFO neutron.db.ovn_revision_numbers_db [None req-e3a1157d-1bff-4144-bb18-1e1a00c5111e f02ae09cf83f494c850a7338c8aeaba8 0fc4fbae13c04425b03d40e8f9344148 - - default default] Successfully bumped revision number for resource c6f1663d-4202-4c2f-8e9f-d414179d3458 (type: security_group_rules) to 0
2026-07-16 01:39:48.971 8 INFO neutron.db.ovn_revision_numbers_db [None req-db7b0bb1-1722-479e-9a3e-0fb48116e38b ae426aa6fd164f93957901582422f8f2 527ce43dc67d45e9aff5fd03f00f309a - - default default] Successfully bumped revision number for resource c4cc2e97-1070-46cf-8b7c-04da53bb22df (type: security_group_rules) to 0 [pid: 8|app: 0|req: 1141/2322] 10.0.0.94 () {32 vars in 773 bytes} [Thu Jul 16 01:39:48 2026] GET /v2.0/security-groups?tenant_id=10350816b8214f32b84d0d9eb3cdfc96&name=default => generated 2925 bytes in 560 msecs (HTTP/1.1 200) 4 headers in 158 bytes (1 switches on core 0)
2026-07-16 01:39:49.039 7 INFO neutron.db.segments_db [None req-e3a1157d-1bff-4144-bb18-1e1a00c5111e f02ae09cf83f494c850a7338c8aeaba8 0fc4fbae13c04425b03d40e8f9344148 - - default default] Added segment e65585d5-9064-43ae-bfb3-74dfacfe3c68 of type geneve for network fcc6d863-d1cc-41b6-a674-7820ef2189bd [pid: 8|app: 0|req: 1142/2323] 10.0.0.94 () {32 vars in 716 bytes} [Thu Jul 16 01:39:49 2026] GET /v2.0/ports/f783391d-cfa9-4ab4-996b-0bba8018fdf5 => generated 941 bytes in 76 msecs (HTTP/1.1 200) 4 headers in 157 bytes (1 switches on core 0)
2026-07-16 01:39:49.142 7 INFO neutron.db.ovn_revision_numbers_db [None req-e3a1157d-1bff-4144-bb18-1e1a00c5111e f02ae09cf83f494c850a7338c8aeaba8 0fc4fbae13c04425b03d40e8f9344148 - - default default] Successfully bumped revision number for resource fcc6d863-d1cc-41b6-a674-7820ef2189bd (type: networks) to 1
2026-07-16 01:39:49.311 7 WARNING neutron.scheduler.dhcp_agent_scheduler [None req-e3a1157d-1bff-4144-bb18-1e1a00c5111e f02ae09cf83f494c850a7338c8aeaba8 0fc4fbae13c04425b03d40e8f9344148 - - default default] No more DHCP agents
2026-07-16 01:39:49.313 7 WARNING neutron.api.rpc.agentnotifiers.dhcp_rpc_agent_api [None req-e3a1157d-1bff-4144-bb18-1e1a00c5111e f02ae09cf83f494c850a7338c8aeaba8 0fc4fbae13c04425b03d40e8f9344148 - - default default] Unable to schedule network fcc6d863-d1cc-41b6-a674-7820ef2189bd: no agents available; will retry on subsequent port and subnet creation events.
2026-07-16 01:39:49.363 7 INFO neutron.plugins.ml2.drivers.ovn.mech_driver.mech_driver [None req-0552878d-e379-4829-be09-48a41a1fd32d - - - - - -] OVN reports status down for port: 927d15a9-ad0f-48a7-a166-0083a7b65ec0
2026-07-16 01:39:49.440 7 INFO neutron.db.ovn_revision_numbers_db [None req-e3a1157d-1bff-4144-bb18-1e1a00c5111e f02ae09cf83f494c850a7338c8aeaba8 0fc4fbae13c04425b03d40e8f9344148 - - default default] Successfully bumped revision number for resource 927d15a9-ad0f-48a7-a166-0083a7b65ec0 (type: ports) to 1 [pid: 7|app: 0|req: 1182/2324] 10.0.0.94 () {34 vars in 669 bytes} [Thu Jul 16 01:39:48 2026] POST /v2.0/networks => generated 639 bytes in 827 msecs (HTTP/1.1 201) 4 headers in 162 bytes (1 switches on core 0)
2026-07-16 01:39:49.504 8 INFO neutron.db.ovn_revision_numbers_db [None req-30c57be2-00ba-4ed1-bba3-0c00ea472532 - - - - - -] Successfully bumped revision number for resource f783391d-cfa9-4ab4-996b-0bba8018fdf5 (type: ports) to 2 [pid: 8|app: 0|req: 1143/2325] 10.0.0.94 () {32 vars in 739 bytes} [Thu Jul 16 01:39:49 2026] DELETE /v2.0/security-groups/b3abff51-63be-4766-ac13-52fac4fa66d6 => generated 0 bytes in 433 msecs (HTTP/1.1 204) 2 headers in 112 bytes (1 switches on core 0) [pid: 7|app: 0|req: 1183/2326] 10.0.0.94 () {32 vars in 716 bytes} [Thu Jul 16 01:39:49 2026] GET /v2.0/ports/f783391d-cfa9-4ab4-996b-0bba8018fdf5 => generated 943 bytes in 79 msecs (HTTP/1.1 200) 4 headers in 157 bytes (1 switches on core 0)
2026-07-16 01:39:49.738 7 WARNING neutron.scheduler.dhcp_agent_scheduler [None req-79d6a7a7-5cfc-4056-89c4-3405f2a62ed8 f02ae09cf83f494c850a7338c8aeaba8 0fc4fbae13c04425b03d40e8f9344148 - - default default] No more DHCP agents
2026-07-16 01:39:49.740 7 WARNING neutron.api.rpc.agentnotifiers.dhcp_rpc_agent_api [None req-79d6a7a7-5cfc-4056-89c4-3405f2a62ed8 f02ae09cf83f494c850a7338c8aeaba8 0fc4fbae13c04425b03d40e8f9344148 - - default default] Unable to schedule network fcc6d863-d1cc-41b6-a674-7820ef2189bd: no agents available; will retry on subsequent port and subnet creation events.
2026-07-16 01:39:49.753 8 INFO neutron.db.ovn_revision_numbers_db [None req-6bf62138-e320-4eb0-bcf8-62fe5836053e ae426aa6fd164f93957901582422f8f2 527ce43dc67d45e9aff5fd03f00f309a - - default default] Successfully bumped revision number for resource 2df7f703-23c1-455c-b335-0205d9f0f663 (type: security_groups) to 1
2026-07-16 01:39:49.764 8 INFO neutron.db.ovn_revision_numbers_db [None req-6bf62138-e320-4eb0-bcf8-62fe5836053e ae426aa6fd164f93957901582422f8f2 527ce43dc67d45e9aff5fd03f00f309a - - default default] Successfully bumped revision number for resource 05ba3cd5-0a84-485f-9126-f208ba589c02 (type: security_group_rules) to 0
2026-07-16 01:39:49.774 8 INFO neutron.db.ovn_revision_numbers_db [None req-6bf62138-e320-4eb0-bcf8-62fe5836053e ae426aa6fd164f93957901582422f8f2 527ce43dc67d45e9aff5fd03f00f309a - - default default] Successfully bumped revision number for resource b4fecc36-481f-4932-8b57-536bfa44b693 (type: security_group_rules) to 0
2026-07-16 01:39:49.785 8 INFO neutron.db.ovn_revision_numbers_db [None req-6bf62138-e320-4eb0-bcf8-62fe5836053e ae426aa6fd164f93957901582422f8f2 527ce43dc67d45e9aff5fd03f00f309a - - default default] Successfully bumped revision number for resource be384f8e-0ba5-43a8-b1a4-9dfd407e6142 (type: security_group_rules) to 0
2026-07-16 01:39:49.795 8 INFO neutron.db.ovn_revision_numbers_db [None req-6bf62138-e320-4eb0-bcf8-62fe5836053e ae426aa6fd164f93957901582422f8f2 527ce43dc67d45e9aff5fd03f00f309a - - default default] Successfully bumped revision number for resource c8377646-d2ef-4a5e-aa3c-a40483a1c0bf (type: security_group_rules) to 0 [pid: 8|app: 0|req: 1144/2327] 10.0.0.94 () {32 vars in 773 bytes} [Thu Jul 16 01:39:49 2026] GET /v2.0/security-groups?tenant_id=aebac9a30b11429cbd001286b783086c&name=default => generated 2925 bytes in 293 msecs (HTTP/1.1 200) 4 headers in 158 bytes (1 switches on core 0)
2026-07-16 01:39:50.054 8 INFO neutron_taas.services.taas.taas_plugin [None req-099c152a-a9d4-4b64-9460-5d98b6934ebe 23999bba6f444779a30024448f9049f8 c61a47e6fd9641b4927792c2e16e8a79 - - default default] TaaS: Handle Delete Port: f783391d-cfa9-4ab4-996b-0bba8018fdf5
2026-07-16 01:39:50.057 8 INFO neutron_taas.services.taas.tap_mirror_plugin [None req-099c152a-a9d4-4b64-9460-5d98b6934ebe 23999bba6f444779a30024448f9049f8 c61a47e6fd9641b4927792c2e16e8a79 - - default default] Tap Mirror: Handle Delete Port: f783391d-cfa9-4ab4-996b-0bba8018fdf5
2026-07-16 01:39:50.159 7 INFO neutron.db.ovn_revision_numbers_db [None req-5078b3ec-13f3-4fef-a5dd-295583740056 - - - - - -] Successfully bumped revision number for resource 927d15a9-ad0f-48a7-a166-0083a7b65ec0 (type: ports) to 2
2026-07-16 01:39:50.191 7 INFO neutron.db.ovn_revision_numbers_db [None req-5078b3ec-13f3-4fef-a5dd-295583740056 - - - - - -] Successfully bumped revision number for resource 57c6a572-20b7-4934-94fd-6ca46b775632 (type: subnets) to 0 [pid: 7|app: 0|req: 1184/2328] 10.0.0.94 () {34 vars in 668 bytes} [Thu Jul 16 01:39:49 2026] POST /v2.0/subnets => generated 657 bytes in 658 msecs (HTTP/1.1 201) 4 headers in 162 bytes (1 switches on core 0) [pid: 7|app: 0|req: 1185/2329] 10.0.0.94 () {32 vars in 773 bytes} [Thu Jul 16 01:39:50 2026] GET /v2.0/security-groups?tenant_id=90504ee8d4034120b06760b62b46e186&name=default => generated 2925 bytes in 29 msecs (HTTP/1.1 200) 4 headers in 158 bytes (1 switches on core 0) [pid: 8|app: 0|req: 1145/2330] 10.0.0.94 () {34 vars in 788 bytes} [Thu Jul 16 01:39:49 2026] PUT /v2.0/routers/49606eb4-0b87-42cf-8b53-89a0c5fe4270/remove_router_interface => generated 309 bytes in 547 msecs (HTTP/1.1 200) 4 headers in 157 bytes (1 switches on core 0) [pid: 7|app: 0|req: 1186/2331] 10.0.0.94 () {32 vars in 739 bytes} [Thu Jul 16 01:39:50 2026] DELETE /v2.0/security-groups/2df7f703-23c1-455c-b335-0205d9f0f663 => generated 0 bytes in 241 msecs (HTTP/1.1 204) 2 headers in 112 bytes (1 switches on core 0) /var/lib/openstack/lib/python3.12/site-packages/pycadf/identifier.py:70: UserWarning: Invalid uuid: neutron. To ensure interoperability, identifiers should be a valid uuid. warnings.warn(('Invalid uuid: %s. To ensure interoperability, ' [pid: 8|app: 0|req: 1146/2332] 10.0.0.94 () {32 vars in 721 bytes} [Thu Jul 16 01:39:50 2026] GET /v2.0/subnetpools?name=shared-default-subnetpool-v6 => generated 19 bytes in 139 msecs (HTTP/1.1 200) 4 headers in 156 bytes (1 switches on core 0) [pid: 8|app: 0|req: 1147/2333] 10.0.0.94 () {32 vars in 735 bytes} [Thu Jul 16 01:39:50 2026] GET /v2.0/ports?device_id=49606eb4-0b87-42cf-8b53-89a0c5fe4270 => generated 12 bytes in 17 msecs (HTTP/1.1 200) 4 headers in 156 bytes (1 switches on core 0) [pid: 7|app: 0|req: 1187/2334] 10.0.0.94 () {32 vars in 739 bytes} [Thu Jul 16 01:39:50 2026] DELETE /v2.0/security-groups/14a1ffb4-1c36-447e-bbf9-2f6a1bab6918 => generated 0 bytes in 194 msecs (HTTP/1.1 204) 2 headers in 112 bytes (1 switches on core 0)
2026-07-16 01:39:50.764 8 WARNING neutron.scheduler.dhcp_agent_scheduler [None req-b86e02f9-acbf-4e8c-a8d0-9c6fc5e92448 f02ae09cf83f494c850a7338c8aeaba8 0fc4fbae13c04425b03d40e8f9344148 - - default default] No more DHCP agents
2026-07-16 01:39:50.766 8 WARNING neutron.api.rpc.agentnotifiers.dhcp_rpc_agent_api [None req-b86e02f9-acbf-4e8c-a8d0-9c6fc5e92448 f02ae09cf83f494c850a7338c8aeaba8 0fc4fbae13c04425b03d40e8f9344148 - - default default] Unable to schedule network fcc6d863-d1cc-41b6-a674-7820ef2189bd: no agents available; will retry on subsequent port and subnet creation events.
2026-07-16 01:39:50.794 8 INFO neutron.db.ovn_revision_numbers_db [None req-b86e02f9-acbf-4e8c-a8d0-9c6fc5e92448 f02ae09cf83f494c850a7338c8aeaba8 0fc4fbae13c04425b03d40e8f9344148 - - default default] Successfully bumped revision number for resource 8c9484c3-e4df-47ab-bb9e-1803cc6c98ae (type: subnets) to 0 [pid: 8|app: 0|req: 1148/2335] 10.0.0.94 () {34 vars in 668 bytes} [Thu Jul 16 01:39:50 2026] POST /v2.0/subnets => generated 732 bytes in 272 msecs (HTTP/1.1 201) 4 headers in 162 bytes (1 switches on core 0) [pid: 7|app: 0|req: 1188/2336] 10.0.0.94 () {32 vars in 723 bytes} [Thu Jul 16 01:39:50 2026] DELETE /v2.0/routers/49606eb4-0b87-42cf-8b53-89a0c5fe4270 => generated 0 bytes in 175 msecs (HTTP/1.1 204) 2 headers in 112 bytes (1 switches on core 0)
2026-07-16 01:39:50.927 8 INFO neutron.db.ovn_revision_numbers_db [None req-e753b7a3-87f0-477b-85ca-55c2e83fbd9a ae426aa6fd164f93957901582422f8f2 527ce43dc67d45e9aff5fd03f00f309a - - default default] Successfully bumped revision number for resource c652d4b7-4796-4ec5-b8ef-bb7e25eec64d (type: security_groups) to 1
2026-07-16 01:39:50.940 8 INFO neutron.db.ovn_revision_numbers_db [None req-e753b7a3-87f0-477b-85ca-55c2e83fbd9a ae426aa6fd164f93957901582422f8f2 527ce43dc67d45e9aff5fd03f00f309a - - default default] Successfully bumped revision number for resource 10c95fee-0371-4798-b5b4-1cef6b26e470 (type: security_group_rules) to 0
2026-07-16 01:39:50.964 8 INFO neutron.db.ovn_revision_numbers_db [None req-e753b7a3-87f0-477b-85ca-55c2e83fbd9a ae426aa6fd164f93957901582422f8f2 527ce43dc67d45e9aff5fd03f00f309a - - default default] Successfully bumped revision number for resource 555b60fb-fe79-4048-a9b4-b40f105350a5 (type: security_group_rules) to 0
2026-07-16 01:39:50.979 8 INFO neutron.db.ovn_revision_numbers_db [None req-e753b7a3-87f0-477b-85ca-55c2e83fbd9a ae426aa6fd164f93957901582422f8f2 527ce43dc67d45e9aff5fd03f00f309a - - default default] Successfully bumped revision number for resource 6ab36171-089b-4b2f-a881-e9116418bd51 (type: security_group_rules) to 0
2026-07-16 01:39:50.981 7 INFO neutron.db.ovn_revision_numbers_db [None req-518907a3-ba7f-41bf-9d38-1defff6a6783 ae426aa6fd164f93957901582422f8f2 527ce43dc67d45e9aff5fd03f00f309a - - default default] Successfully bumped revision number for resource 764814b9-ed79-4101-b55c-3043155fea88 (type: security_groups) to 1
2026-07-16 01:39:50.989 8 INFO neutron.db.ovn_revision_numbers_db [None req-e753b7a3-87f0-477b-85ca-55c2e83fbd9a ae426aa6fd164f93957901582422f8f2 527ce43dc67d45e9aff5fd03f00f309a - - default default] Successfully bumped revision number for resource 723070cf-e7d7-4e60-b9ec-d81c869ae026 (type: security_group_rules) to 0
2026-07-16 01:39:50.991 7 INFO neutron.db.ovn_revision_numbers_db [None req-518907a3-ba7f-41bf-9d38-1defff6a6783 ae426aa6fd164f93957901582422f8f2 527ce43dc67d45e9aff5fd03f00f309a - - default default] Successfully bumped revision number for resource 1809e37f-5724-4fb8-b64c-65813333a8e6 (type: security_group_rules) to 0
2026-07-16 01:39:51.000 7 INFO neutron.db.ovn_revision_numbers_db [None req-518907a3-ba7f-41bf-9d38-1defff6a6783 ae426aa6fd164f93957901582422f8f2 527ce43dc67d45e9aff5fd03f00f309a - - default default] Successfully bumped revision number for resource 3feda36a-8cca-44aa-9d9d-1c6e5adf811c (type: security_group_rules) to 0
2026-07-16 01:39:51.013 7 INFO neutron.db.ovn_revision_numbers_db [None req-518907a3-ba7f-41bf-9d38-1defff6a6783 ae426aa6fd164f93957901582422f8f2 527ce43dc67d45e9aff5fd03f00f309a - - default default] Successfully bumped revision number for resource 8efc3614-e862-470c-be30-36ccb1693a26 (type: security_group_rules) to 0
2026-07-16 01:39:51.023 7 INFO neutron.db.ovn_revision_numbers_db [None req-518907a3-ba7f-41bf-9d38-1defff6a6783 ae426aa6fd164f93957901582422f8f2 527ce43dc67d45e9aff5fd03f00f309a - - default default] Successfully bumped revision number for resource c5ed349c-a873-424c-842c-dc57de2ca708 (type: security_group_rules) to 0 [pid: 8|app: 0|req: 1149/2337] 10.0.0.94 () {32 vars in 773 bytes} [Thu Jul 16 01:39:50 2026] GET /v2.0/security-groups?tenant_id=1f62efe6037148488e79e2d6e184eedd&name=default => generated 2925 bytes in 221 msecs (HTTP/1.1 200) 4 headers in 158 bytes (1 switches on core 0) [pid: 7|app: 0|req: 1189/2338] 10.0.0.94 () {32 vars in 773 bytes} [Thu Jul 16 01:39:50 2026] GET /v2.0/security-groups?tenant_id=9c2c16c59ffd4a1fb05298ed35c1499d&name=default => generated 2925 bytes in 197 msecs (HTTP/1.1 200) 4 headers in 158 bytes (1 switches on core 0)
2026-07-16 01:39:51.111 8 INFO neutron.db.segments_db [None req-3fd4085a-f2ab-450d-878b-04e8aa3db737 f02ae09cf83f494c850a7338c8aeaba8 0fc4fbae13c04425b03d40e8f9344148 - - default default] Added segment 47b8fff9-ee40-49c0-bccd-8b01e202591a of type geneve for network cfa2ac3b-6f0e-4a87-9cdf-c2fb960e250b [pid: 7|app: 0|req: 1190/2339] 10.0.0.94 () {32 vars in 723 bytes} [Thu Jul 16 01:39:51 2026] DELETE /v2.0/subnets/809ff72d-99a9-49a5-944e-63ffacd0465c => generated 0 bytes in 154 msecs (HTTP/1.1 204) 3 headers in 131 bytes (1 switches on core 0)
2026-07-16 01:39:51.223 8 INFO neutron.db.ovn_revision_numbers_db [None req-3fd4085a-f2ab-450d-878b-04e8aa3db737 f02ae09cf83f494c850a7338c8aeaba8 0fc4fbae13c04425b03d40e8f9344148 - - default default] Successfully bumped revision number for resource cfa2ac3b-6f0e-4a87-9cdf-c2fb960e250b (type: networks) to 1
2026-07-16 01:39:51.430 8 WARNING neutron.scheduler.dhcp_agent_scheduler [None req-3fd4085a-f2ab-450d-878b-04e8aa3db737 f02ae09cf83f494c850a7338c8aeaba8 0fc4fbae13c04425b03d40e8f9344148 - - default default] No more DHCP agents
2026-07-16 01:39:51.432 8 WARNING neutron.api.rpc.agentnotifiers.dhcp_rpc_agent_api [None req-3fd4085a-f2ab-450d-878b-04e8aa3db737 f02ae09cf83f494c850a7338c8aeaba8 0fc4fbae13c04425b03d40e8f9344148 - - default default] Unable to schedule network cfa2ac3b-6f0e-4a87-9cdf-c2fb960e250b: no agents available; will retry on subsequent port and subnet creation events. [pid: 7|app: 0|req: 1191/2340] 10.0.0.94 () {32 vars in 739 bytes} [Thu Jul 16 01:39:51 2026] DELETE /v2.0/security-groups/c652d4b7-4796-4ec5-b8ef-bb7e25eec64d => generated 0 bytes in 231 msecs (HTTP/1.1 204) 2 headers in 112 bytes (1 switches on core 0)
2026-07-16 01:39:51.511 8 INFO neutron.db.ovn_revision_numbers_db [None req-3fd4085a-f2ab-450d-878b-04e8aa3db737 f02ae09cf83f494c850a7338c8aeaba8 0fc4fbae13c04425b03d40e8f9344148 - - default default] Successfully bumped revision number for resource 6cb6a991-abdc-4560-9e69-e4666a9cca15 (type: ports) to 1 [pid: 8|app: 0|req: 1150/2341] 10.0.0.94 () {34 vars in 669 bytes} [Thu Jul 16 01:39:51 2026] POST /v2.0/networks => generated 638 bytes in 504 msecs (HTTP/1.1 201) 4 headers in 162 bytes (1 switches on core 0)
2026-07-16 01:39:51.667 8 INFO neutron_taas.services.taas.taas_plugin [None req-ee328afd-49e2-4b0b-84eb-259a282486bb 23999bba6f444779a30024448f9049f8 c61a47e6fd9641b4927792c2e16e8a79 - - default default] TaaS: Handle Delete Port: 1ca2f927-7295-4a49-ae01-c4eaf7876cfa
2026-07-16 01:39:51.670 8 INFO neutron_taas.services.taas.tap_mirror_plugin [None req-ee328afd-49e2-4b0b-84eb-259a282486bb 23999bba6f444779a30024448f9049f8 c61a47e6fd9641b4927792c2e16e8a79 - - default default] Tap Mirror: Handle Delete Port: 1ca2f927-7295-4a49-ae01-c4eaf7876cfa [pid: 7|app: 0|req: 1192/2342] 10.0.0.94 () {32 vars in 739 bytes} [Thu Jul 16 01:39:51 2026] DELETE /v2.0/security-groups/764814b9-ed79-4101-b55c-3043155fea88 => generated 0 bytes in 250 msecs (HTTP/1.1 204) 2 headers in 112 bytes (1 switches on core 0)
2026-07-16 01:39:51.846 8 INFO neutron.services.segments.plugin [-] Segment fdddb117-f056-4274-9410-a69e30b25e6f resource provider aggregate not found
2026-07-16 01:39:51.850 8 INFO neutron.services.segments.plugin [-] Segment fdddb117-f056-4274-9410-a69e30b25e6f resource provider aggregate not found
2026-07-16 01:39:51.880 8 INFO neutron.services.segments.plugin [-] Client error retrieving segment fdddb117-f056-4274-9410-a69e30b25e6f resource provider; error: Placement Client Error (4xx): {"errors": [{"status": 404, "title": "Not Found", "detail": "The resource could not be found.\n\n No resource provider with uuid fdddb117-f056-4274-9410-a69e30b25e6f found for delete ", "request_id": "req-68bdc18e-db60-4192-a6eb-31e3aa8855c9"}]}
2026-07-16 01:39:51.883 8 INFO neutron.services.segments.plugin [-] Client error retrieving segment fdddb117-f056-4274-9410-a69e30b25e6f resource provider; error: Placement Client Error (4xx): {"errors": [{"status": 404, "title": "Not Found", "detail": "The resource could not be found.\n\n No resource provider with uuid fdddb117-f056-4274-9410-a69e30b25e6f found for delete ", "request_id": "req-6bcf7a60-ca27-4dd7-843d-4563af1fc238"}]}
2026-07-16 01:39:51.911 7 WARNING neutron.scheduler.dhcp_agent_scheduler [None req-37e64a53-d1a5-4736-bd9f-4cbe56f1e38a f02ae09cf83f494c850a7338c8aeaba8 0fc4fbae13c04425b03d40e8f9344148 - - default default] No more DHCP agents
2026-07-16 01:39:51.912 7 WARNING neutron.api.rpc.agentnotifiers.dhcp_rpc_agent_api [None req-37e64a53-d1a5-4736-bd9f-4cbe56f1e38a f02ae09cf83f494c850a7338c8aeaba8 0fc4fbae13c04425b03d40e8f9344148 - - default default] Unable to schedule network cfa2ac3b-6f0e-4a87-9cdf-c2fb960e250b: no agents available; will retry on subsequent port and subnet creation events. [pid: 8|app: 0|req: 1151/2343] 10.0.0.94 () {32 vars in 725 bytes} [Thu Jul 16 01:39:51 2026] DELETE /v2.0/networks/81dec8fc-63ea-4646-ae57-cf78b9012a72 => generated 0 bytes in 385 msecs (HTTP/1.1 204) 3 headers in 131 bytes (1 switches on core 0)
2026-07-16 01:39:52.050 8 INFO neutron.db.ovn_revision_numbers_db [None req-3d73f8b9-41f1-4a80-a854-e2665b7da3dd ae426aa6fd164f93957901582422f8f2 527ce43dc67d45e9aff5fd03f00f309a - - default default] Successfully bumped revision number for resource 91b102f1-4049-42b9-8221-febc2741a920 (type: security_groups) to 1
2026-07-16 01:39:52.059 8 INFO neutron.db.ovn_revision_numbers_db [None req-3d73f8b9-41f1-4a80-a854-e2665b7da3dd ae426aa6fd164f93957901582422f8f2 527ce43dc67d45e9aff5fd03f00f309a - - default default] Successfully bumped revision number for resource 1f77bed0-9996-410f-90c8-2179e4af2c3e (type: security_group_rules) to 0
2026-07-16 01:39:52.069 8 INFO neutron.db.ovn_revision_numbers_db [None req-3d73f8b9-41f1-4a80-a854-e2665b7da3dd ae426aa6fd164f93957901582422f8f2 527ce43dc67d45e9aff5fd03f00f309a - - default default] Successfully bumped revision number for resource 3ab8741a-dd65-4cc6-9389-70a0b26b1fd2 (type: security_group_rules) to 0
2026-07-16 01:39:52.080 8 INFO neutron.db.ovn_revision_numbers_db [None req-3d73f8b9-41f1-4a80-a854-e2665b7da3dd ae426aa6fd164f93957901582422f8f2 527ce43dc67d45e9aff5fd03f00f309a - - default default] Successfully bumped revision number for resource 89d3bd24-4adf-44c5-a76b-4831efe05d27 (type: security_group_rules) to 0
2026-07-16 01:39:52.090 8 INFO neutron.db.ovn_revision_numbers_db [None req-3d73f8b9-41f1-4a80-a854-e2665b7da3dd ae426aa6fd164f93957901582422f8f2 527ce43dc67d45e9aff5fd03f00f309a - - default default] Successfully bumped revision number for resource c7af4550-adf9-45fa-b485-60eb283cad48 (type: security_group_rules) to 0 [pid: 8|app: 0|req: 1152/2344] 10.0.0.94 () {32 vars in 773 bytes} [Thu Jul 16 01:39:51 2026] GET /v2.0/security-groups?tenant_id=fb360a22a4c74a718489e16589841cde&name=default => generated 2925 bytes in 205 msecs (HTTP/1.1 200) 4 headers in 158 bytes (1 switches on core 0)
2026-07-16 01:39:52.372 7 INFO neutron.db.ovn_revision_numbers_db [None req-ffbefafb-298c-43d9-b19e-4cbbaba337cc - - - - - -] Successfully bumped revision number for resource 6cb6a991-abdc-4560-9e69-e4666a9cca15 (type: ports) to 2
2026-07-16 01:39:52.409 7 INFO neutron.db.ovn_revision_numbers_db [None req-ffbefafb-298c-43d9-b19e-4cbbaba337cc - - - - - -] Successfully bumped revision number for resource 74884b5b-1789-407b-8b30-d525c1ad73a9 (type: subnets) to 0 [pid: 7|app: 0|req: 1193/2345] 10.0.0.94 () {34 vars in 668 bytes} [Thu Jul 16 01:39:51 2026] POST /v2.0/subnets => generated 656 bytes in 729 msecs (HTTP/1.1 201) 4 headers in 162 bytes (1 switches on core 0)
2026-07-16 01:39:52.525 8 WARNING neutron.scheduler.dhcp_agent_scheduler [None req-f11e043a-539e-4118-9faf-84ea8af9c66c 23999bba6f444779a30024448f9049f8 c61a47e6fd9641b4927792c2e16e8a79 - - default default] No more DHCP agents
2026-07-16 01:39:52.526 8 WARNING neutron.api.rpc.agentnotifiers.dhcp_rpc_agent_api [None req-f11e043a-539e-4118-9faf-84ea8af9c66c 23999bba6f444779a30024448f9049f8 c61a47e6fd9641b4927792c2e16e8a79 - - default default] Unable to schedule network 2e110e65-f334-49cd-b52f-7c0476d9d3bb: no agents available; will retry on subsequent port and subnet creation events. [pid: 7|app: 0|req: 1194/2346] 10.0.0.94 () {32 vars in 739 bytes} [Thu Jul 16 01:39:52 2026] DELETE /v2.0/security-groups/91b102f1-4049-42b9-8221-febc2741a920 => generated 0 bytes in 216 msecs (HTTP/1.1 204) 2 headers in 112 bytes (1 switches on core 0)
2026-07-16 01:39:52.672 7 INFO neutron.plugins.ml2.drivers.ovn.mech_driver.mech_driver [None req-0552878d-e379-4829-be09-48a41a1fd32d - - - - - -] OVN reports status down for port: e24c1bb8-e3a7-426d-84b3-e551cad576a0
2026-07-16 01:39:52.686 8 INFO neutron.db.ovn_revision_numbers_db [None req-f11e043a-539e-4118-9faf-84ea8af9c66c 23999bba6f444779a30024448f9049f8 c61a47e6fd9641b4927792c2e16e8a79 - - default default] Successfully bumped revision number for resource e24c1bb8-e3a7-426d-84b3-e551cad576a0 (type: ports) to 1
2026-07-16 01:39:52.879 7 WARNING neutron.scheduler.dhcp_agent_scheduler [None req-b85c5c42-8918-485d-8f17-cb984e891ef0 f02ae09cf83f494c850a7338c8aeaba8 0fc4fbae13c04425b03d40e8f9344148 - - default default] No more DHCP agents
2026-07-16 01:39:52.885 7 WARNING neutron.api.rpc.agentnotifiers.dhcp_rpc_agent_api [None req-b85c5c42-8918-485d-8f17-cb984e891ef0 f02ae09cf83f494c850a7338c8aeaba8 0fc4fbae13c04425b03d40e8f9344148 - - default default] Unable to schedule network cfa2ac3b-6f0e-4a87-9cdf-c2fb960e250b: no agents available; will retry on subsequent port and subnet creation events.
2026-07-16 01:39:52.920 7 INFO neutron.db.ovn_revision_numbers_db [None req-b85c5c42-8918-485d-8f17-cb984e891ef0 f02ae09cf83f494c850a7338c8aeaba8 0fc4fbae13c04425b03d40e8f9344148 - - default default] Successfully bumped revision number for resource 3a980164-1dbb-429f-aebe-d1ea2772549e (type: subnets) to 0 [pid: 7|app: 0|req: 1195/2347] 10.0.0.94 () {34 vars in 668 bytes} [Thu Jul 16 01:39:52 2026] POST /v2.0/subnets => generated 725 bytes in 295 msecs (HTTP/1.1 201) 4 headers in 162 bytes (1 switches on core 0)
2026-07-16 01:39:53.031 7 INFO neutron.db.segments_db [None req-4924cf44-5345-4677-ab53-4ebe5cf2ea22 f02ae09cf83f494c850a7338c8aeaba8 0fc4fbae13c04425b03d40e8f9344148 - - default default] Added segment 5818fe06-18de-4f9c-9f62-e945f7ad2b27 of type geneve for network b4e28e14-df28-4727-867f-02160056ea84
2026-07-16 01:39:53.137 7 INFO neutron.db.ovn_revision_numbers_db [None req-4924cf44-5345-4677-ab53-4ebe5cf2ea22 f02ae09cf83f494c850a7338c8aeaba8 0fc4fbae13c04425b03d40e8f9344148 - - default default] Successfully bumped revision number for resource b4e28e14-df28-4727-867f-02160056ea84 (type: networks) to 1
2026-07-16 01:39:53.193 8 INFO neutron.plugins.ml2.drivers.ovn.mech_driver.ovsdb.commands [None req-5dcac996-972a-49fc-a774-a4a9bde3386f - - - - - -] Schedule LRP lrp-e24c1bb8-e3a7-426d-84b3-e551cad576a0 on gateway e163d3d4-deae-46d3-a9bf-b34340fd4873 with priority 1
2026-07-16 01:39:53.241 7 INFO neutron.plugins.ml2.drivers.ovn.mech_driver.mech_driver [None req-0552878d-e379-4829-be09-48a41a1fd32d - - - - - -] OVN reports status up for port: e24c1bb8-e3a7-426d-84b3-e551cad576a0
2026-07-16 01:39:53.245 8 INFO neutron.db.ovn_revision_numbers_db [None req-f11e043a-539e-4118-9faf-84ea8af9c66c 23999bba6f444779a30024448f9049f8 c61a47e6fd9641b4927792c2e16e8a79 - - default default] Successfully bumped revision number for resource e24c1bb8-e3a7-426d-84b3-e551cad576a0 (type: router_ports) to 1
2026-07-16 01:39:53.276 7 INFO neutron.plugins.ml2.plugin [None req-0552878d-e379-4829-be09-48a41a1fd32d - - - - - -] Attempt 1 to provision port e24c1bb8-e3a7-426d-84b3-e551cad576a0
2026-07-16 01:39:53.326 8 INFO neutron.db.ovn_revision_numbers_db [None req-f11e043a-539e-4118-9faf-84ea8af9c66c 23999bba6f444779a30024448f9049f8 c61a47e6fd9641b4927792c2e16e8a79 - - default default] Successfully bumped revision number for resource 20f62d39-ac87-485d-a246-64685be314ba (type: routers) to 2 [pid: 8|app: 0|req: 1153/2348] 10.0.0.94 () {34 vars in 668 bytes} [Thu Jul 16 01:39:52 2026] POST /v2.0/routers => generated 947 bytes in 1217 msecs (HTTP/1.1 201) 4 headers in 162 bytes (1 switches on core 0) [pid: 8|app: 0|req: 1154/2349] 10.0.0.94 () {32 vars in 720 bytes} [Thu Jul 16 01:39:53 2026] GET /v2.0/routers/20f62d39-ac87-485d-a246-64685be314ba => generated 953 bytes in 51 msecs (HTTP/1.1 200) 4 headers in 157 bytes (1 switches on core 0)
2026-07-16 01:39:53.405 7 WARNING neutron.scheduler.dhcp_agent_scheduler [None req-4924cf44-5345-4677-ab53-4ebe5cf2ea22 f02ae09cf83f494c850a7338c8aeaba8 0fc4fbae13c04425b03d40e8f9344148 - - default default] No more DHCP agents
2026-07-16 01:39:53.407 7 WARNING neutron.api.rpc.agentnotifiers.dhcp_rpc_agent_api [None req-4924cf44-5345-4677-ab53-4ebe5cf2ea22 f02ae09cf83f494c850a7338c8aeaba8 0fc4fbae13c04425b03d40e8f9344148 - - default default] Unable to schedule network b4e28e14-df28-4727-867f-02160056ea84: no agents available; will retry on subsequent port and subnet creation events.
2026-07-16 01:39:53.487 7 INFO neutron.db.ovn_revision_numbers_db [None req-4924cf44-5345-4677-ab53-4ebe5cf2ea22 f02ae09cf83f494c850a7338c8aeaba8 0fc4fbae13c04425b03d40e8f9344148 - - default default] Successfully bumped revision number for resource 4cf20861-eed2-4697-9d23-11783ef22332 (type: ports) to 1 [pid: 8|app: 0|req: 1155/2350] 10.0.0.94 () {32 vars in 646 bytes} [Thu Jul 16 01:39:53 2026] GET /v2.0/routers => generated 956 bytes in 94 msecs (HTTP/1.1 200) 4 headers in 157 bytes (1 switches on core 0) [pid: 7|app: 0|req: 1196/2351] 10.0.0.94 () {34 vars in 669 bytes} [Thu Jul 16 01:39:52 2026] POST /v2.0/networks => generated 637 bytes in 567 msecs (HTTP/1.1 201) 4 headers in 162 bytes (1 switches on core 0)
2026-07-16 01:39:53.684 7 WARNING neutron.scheduler.dhcp_agent_scheduler [None req-70173767-1bb9-4ec3-aceb-18ed101d67e4 f02ae09cf83f494c850a7338c8aeaba8 0fc4fbae13c04425b03d40e8f9344148 - - default default] No more DHCP agents
