2026-07-16 01:38:49.393 8 INFO neutron.pecan_wsgi.hooks.translation [None req-37a9a7e8-1a42-4420-be29-353180f9e048 6d5bcf2a09be401ca69380b19bbc8ae0 73680f763e504bd7a4cb185619a5388c - - default default] DELETE failed (client error): The resource could not be found. [pid: 8|app: 0|req: 960/1907] 10.0.0.94 () {32 vars in 723 bytes} [Thu Jul 16 01:38:49 2026] DELETE /v2.0/subnets/953dca24-e7bc-441d-af55-0deedec63b0d => generated 136 bytes in 20 msecs (HTTP/1.1 404) 4 headers in 164 bytes (1 switches on core 0) [pid: 8|app: 0|req: 961/1908] 10.0.0.94 () {32 vars in 735 bytes} [Thu Jul 16 01:38:49 2026] GET /v2.0/ports?device_id=0fcd3484-a799-48f2-ba8f-31032be6746b => generated 12 bytes in 16 msecs (HTTP/1.1 200) 4 headers in 156 bytes (1 switches on core 0)
2026-07-16 01:38:49.435 8 INFO neutron.api.v2.resource [None req-022025ad-17de-4aee-8edc-7b81d015ac7b 6d5bcf2a09be401ca69380b19bbc8ae0 73680f763e504bd7a4cb185619a5388c - - default default] delete failed (client error): The resource could not be found. [pid: 8|app: 0|req: 962/1909] 10.0.0.94 () {32 vars in 723 bytes} [Thu Jul 16 01:38:49 2026] DELETE /v2.0/routers/0fcd3484-a799-48f2-ba8f-31032be6746b => generated 135 bytes in 16 msecs (HTTP/1.1 404) 4 headers in 164 bytes (1 switches on core 0)
2026-07-16 01:38:49.451 8 INFO neutron.pecan_wsgi.hooks.translation [None req-02327ddb-d9b8-4957-88b7-21ef07d647ae 6d5bcf2a09be401ca69380b19bbc8ae0 73680f763e504bd7a4cb185619a5388c - - default default] DELETE failed (client error): The resource could not be found. [pid: 8|app: 0|req: 963/1910] 10.0.0.94 () {32 vars in 723 bytes} [Thu Jul 16 01:38:49 2026] DELETE /v2.0/subnets/e6da570e-7b9d-4544-a45a-473ce1bdbd55 => generated 136 bytes in 13 msecs (HTTP/1.1 404) 4 headers in 164 bytes (1 switches on core 0) [pid: 8|app: 0|req: 964/1911] 10.0.0.94 () {32 vars in 735 bytes} [Thu Jul 16 01:38:49 2026] GET /v2.0/ports?device_id=7dcc2867-1975-457c-933e-b11b70751dfb => generated 12 bytes in 17 msecs (HTTP/1.1 200) 4 headers in 156 bytes (1 switches on core 0)
2026-07-16 01:38:49.498 8 INFO neutron.api.v2.resource [None req-9b80c45a-96f6-4d8f-bd72-3f67991c2dc1 6d5bcf2a09be401ca69380b19bbc8ae0 73680f763e504bd7a4cb185619a5388c - - default default] delete failed (client error): The resource could not be found. [pid: 8|app: 0|req: 965/1912] 10.0.0.94 () {32 vars in 723 bytes} [Thu Jul 16 01:38:49 2026] DELETE /v2.0/routers/7dcc2867-1975-457c-933e-b11b70751dfb => generated 135 bytes in 21 msecs (HTTP/1.1 404) 4 headers in 164 bytes (1 switches on core 0)
2026-07-16 01:38:49.521 8 INFO neutron.pecan_wsgi.hooks.translation [None req-820b1adc-6592-444b-a2ce-2d40cfd3c790 6d5bcf2a09be401ca69380b19bbc8ae0 73680f763e504bd7a4cb185619a5388c - - default default] DELETE failed (client error): The resource could not be found. [pid: 8|app: 0|req: 966/1913] 10.0.0.94 () {32 vars in 723 bytes} [Thu Jul 16 01:38:49 2026] DELETE /v2.0/subnets/7edf6794-6d42-4e9a-ad21-ff90de45d9ae => generated 136 bytes in 15 msecs (HTTP/1.1 404) 4 headers in 164 bytes (1 switches on core 0)
2026-07-16 01:38:49.539 8 INFO neutron.pecan_wsgi.hooks.translation [None req-cd1aba2d-b7e1-480a-8c13-5a866c7c0d83 6d5bcf2a09be401ca69380b19bbc8ae0 73680f763e504bd7a4cb185619a5388c - - default default] DELETE failed (client error): The resource could not be found. [pid: 8|app: 0|req: 967/1914] 10.0.0.94 () {32 vars in 723 bytes} [Thu Jul 16 01:38:49 2026] DELETE /v2.0/subnets/abe7fbdf-4484-4683-a4b4-df225354ed7f => generated 136 bytes in 13 msecs (HTTP/1.1 404) 4 headers in 164 bytes (1 switches on core 0)
2026-07-16 01:38:49.748 7 INFO neutron.db.ovn_revision_numbers_db [None req-2ae4c9d6-1248-435c-b15f-cb29ba25c699 - - - - - -] Successfully bumped revision number for resource fb4aa245-31ae-4c4e-9c28-e7371b410e30 (type: ports) to 2
2026-07-16 01:38:49.980 7 INFO neutron.plugins.ml2.drivers.ovn.mech_driver.ovsdb.commands [None req-3c74f924-581c-4774-b348-b235e0f53cd1 - - - - - -] Schedule LRP lrp-4ff1368c-6344-48ec-ae9d-24beffbafa9c on gateway e163d3d4-deae-46d3-a9bf-b34340fd4873 with priority 1
2026-07-16 01:38:50.025 8 INFO neutron.plugins.ml2.drivers.ovn.mech_driver.mech_driver [None req-e60795b5-fb7a-4eef-9eec-735b33448db5 - - - - - -] OVN reports status up for port: 4ff1368c-6344-48ec-ae9d-24beffbafa9c
2026-07-16 01:38:50.043 7 INFO neutron.db.ovn_revision_numbers_db [None req-3c07206d-50f9-4634-9eae-22005035e405 1c8eeef7954349268eb2cc38588e045e 3201f5601a0a4aaa9170a77c3cf90bb9 - - default default] Successfully bumped revision number for resource 4ff1368c-6344-48ec-ae9d-24beffbafa9c (type: router_ports) to 1
2026-07-16 01:38:50.054 8 INFO neutron.plugins.ml2.plugin [None req-e60795b5-fb7a-4eef-9eec-735b33448db5 - - - - - -] Attempt 1 to provision port 4ff1368c-6344-48ec-ae9d-24beffbafa9c
2026-07-16 01:38:50.065 8 INFO neutron.db.ovn_revision_numbers_db [None req-ef28a771-3a5e-4a59-a91a-0bdb2f182f03 626e9319834b4c48858acfe7ab9cde5d 85ca5c7fe03549d1ba30a5cdd5916f1c - - default default] Successfully bumped revision number for resource ab965655-3984-418f-8eaa-7a4559ecdb6d (type: security_groups) to 1
2026-07-16 01:38:50.083 8 INFO neutron.db.ovn_revision_numbers_db [None req-ef28a771-3a5e-4a59-a91a-0bdb2f182f03 626e9319834b4c48858acfe7ab9cde5d 85ca5c7fe03549d1ba30a5cdd5916f1c - - default default] Successfully bumped revision number for resource 233bc750-b1cc-43b0-a295-641ac907d6b7 (type: security_group_rules) to 0
2026-07-16 01:38:50.101 8 INFO neutron.db.ovn_revision_numbers_db [None req-ef28a771-3a5e-4a59-a91a-0bdb2f182f03 626e9319834b4c48858acfe7ab9cde5d 85ca5c7fe03549d1ba30a5cdd5916f1c - - default default] Successfully bumped revision number for resource 27593552-c90e-4335-9164-1f1aceacdaaa (type: security_group_rules) to 0
2026-07-16 01:38:50.113 7 INFO neutron.db.ovn_revision_numbers_db [None req-3c07206d-50f9-4634-9eae-22005035e405 1c8eeef7954349268eb2cc38588e045e 3201f5601a0a4aaa9170a77c3cf90bb9 - - default default] Successfully bumped revision number for resource 3a352768-06bf-49b8-9955-585bd06ea6dd (type: routers) to 2
2026-07-16 01:38:50.120 8 INFO neutron.db.ovn_revision_numbers_db [None req-ef28a771-3a5e-4a59-a91a-0bdb2f182f03 626e9319834b4c48858acfe7ab9cde5d 85ca5c7fe03549d1ba30a5cdd5916f1c - - default default] Successfully bumped revision number for resource 7d62450d-18fc-46e5-8946-7c4af7ff118b (type: security_group_rules) to 0 [pid: 7|app: 0|req: 948/1915] 10.0.0.94 () {34 vars in 668 bytes} [Thu Jul 16 01:38:48 2026] POST /v2.0/routers => generated 937 bytes in 1879 msecs (HTTP/1.1 201) 4 headers in 162 bytes (1 switches on core 0)
2026-07-16 01:38:50.142 8 INFO neutron.db.ovn_revision_numbers_db [None req-ef28a771-3a5e-4a59-a91a-0bdb2f182f03 626e9319834b4c48858acfe7ab9cde5d 85ca5c7fe03549d1ba30a5cdd5916f1c - - default default] Successfully bumped revision number for resource 9da90eb8-5971-41c4-a94c-218bf1651cbd (type: security_group_rules) to 0 [pid: 7|app: 0|req: 949/1916] 10.0.0.94 () {32 vars in 773 bytes} [Thu Jul 16 01:38:50 2026] GET /v2.0/security-groups?tenant_id=73680f763e504bd7a4cb185619a5388c&name=default => generated 2925 bytes in 58 msecs (HTTP/1.1 200) 4 headers in 158 bytes (1 switches on core 0) [pid: 7|app: 0|req: 950/1917] 199.204.45.116 () {34 vars in 994 bytes} [Thu Jul 16 01:38:50 2026] GET /v2.0/ports?device_id=ec0a86a7-40b3-4ac7-9fc1-60d93e1a556d => generated 1246 bytes in 28 msecs (HTTP/1.1 200) 4 headers in 158 bytes (1 switches on core 0)
2026-07-16 01:38:50.224 8 INFO neutron.db.segments_db [None req-ef28a771-3a5e-4a59-a91a-0bdb2f182f03 626e9319834b4c48858acfe7ab9cde5d 85ca5c7fe03549d1ba30a5cdd5916f1c - - default default] Added segment 7547ec86-03ec-4a57-b7fd-375b4debcc16 of type geneve for network f311c3f2-bd59-40ea-bee0-0fe6b7d7de15
2026-07-16 01:38:50.341 8 INFO neutron.db.ovn_revision_numbers_db [None req-ef28a771-3a5e-4a59-a91a-0bdb2f182f03 626e9319834b4c48858acfe7ab9cde5d 85ca5c7fe03549d1ba30a5cdd5916f1c - - default default] Successfully bumped revision number for resource f311c3f2-bd59-40ea-bee0-0fe6b7d7de15 (type: networks) to 1
2026-07-16 01:38:50.495 8 WARNING neutron.scheduler.dhcp_agent_scheduler [None req-ef28a771-3a5e-4a59-a91a-0bdb2f182f03 626e9319834b4c48858acfe7ab9cde5d 85ca5c7fe03549d1ba30a5cdd5916f1c - - default default] No more DHCP agents
2026-07-16 01:38:50.497 8 WARNING neutron.api.rpc.agentnotifiers.dhcp_rpc_agent_api [None req-ef28a771-3a5e-4a59-a91a-0bdb2f182f03 626e9319834b4c48858acfe7ab9cde5d 85ca5c7fe03549d1ba30a5cdd5916f1c - - default default] Unable to schedule network f311c3f2-bd59-40ea-bee0-0fe6b7d7de15: no agents available; will retry on subsequent port and subnet creation events.
2026-07-16 01:38:50.580 8 INFO neutron.db.ovn_revision_numbers_db [None req-ef28a771-3a5e-4a59-a91a-0bdb2f182f03 626e9319834b4c48858acfe7ab9cde5d 85ca5c7fe03549d1ba30a5cdd5916f1c - - default default] Successfully bumped revision number for resource f75de16b-7a70-4779-a05d-71f48d874640 (type: ports) to 1 [pid: 8|app: 0|req: 968/1918] 10.0.0.94 () {34 vars in 669 bytes} [Thu Jul 16 01:38:49 2026] POST /v2.0/networks => generated 649 bytes in 901 msecs (HTTP/1.1 201) 4 headers in 162 bytes (1 switches on core 0)
2026-07-16 01:38:50.763 7 WARNING neutron.scheduler.dhcp_agent_scheduler [None req-6c13ce84-8187-446a-8dea-1d588cfd0da3 1c8eeef7954349268eb2cc38588e045e 3201f5601a0a4aaa9170a77c3cf90bb9 - - default default] No more DHCP agents
2026-07-16 01:38:50.765 7 WARNING neutron.api.rpc.agentnotifiers.dhcp_rpc_agent_api [None req-6c13ce84-8187-446a-8dea-1d588cfd0da3 1c8eeef7954349268eb2cc38588e045e 3201f5601a0a4aaa9170a77c3cf90bb9 - - default default] Unable to schedule network 2e35cfb3-8801-4cac-b851-b93a685e55eb: no agents available; will retry on subsequent port and subnet creation events. [pid: 8|app: 0|req: 969/1919] 10.0.0.94 () {32 vars in 739 bytes} [Thu Jul 16 01:38:50 2026] DELETE /v2.0/security-groups/176431e7-8ea3-47dd-b32f-e0f03e9bade1 => generated 0 bytes in 211 msecs (HTTP/1.1 204) 2 headers in 112 bytes (1 switches on core 0) [pid: 8|app: 0|req: 970/1920] 199.204.45.116 () {34 vars in 1124 bytes} [Thu Jul 16 01:38:50 2026] GET /v2.0/security-groups?id=b40a3514-46b0-4894-a95b-dffe4d6efe3f&id=97e16a72-b99e-48e5-838b-223be365fd02&fields=id&fields=name => generated 206 bytes in 28 msecs (HTTP/1.1 200) 4 headers in 157 bytes (1 switches on core 0) [pid: 8|app: 0|req: 971/1921] 10.0.0.160 () {34 vars in 990 bytes} [Thu Jul 16 01:38:50 2026] GET /v2.0/ports?device_id=ec0a86a7-40b3-4ac7-9fc1-60d93e1a556d => generated 1008 bytes in 61 msecs (HTTP/1.1 200) 4 headers in 158 bytes (1 switches on core 0)
2026-07-16 01:38:50.906 7 INFO neutron.db.ovn_revision_numbers_db [None req-6c13ce84-8187-446a-8dea-1d588cfd0da3 1c8eeef7954349268eb2cc38588e045e 3201f5601a0a4aaa9170a77c3cf90bb9 - - default default] Successfully bumped revision number for resource dcdffe9b-9fb4-4287-8fcd-849580d675c9 (type: ports) to 1
2026-07-16 01:38:51.115 8 WARNING neutron.scheduler.dhcp_agent_scheduler [None req-885491ed-885f-444a-aa1e-0da9f8f3a316 626e9319834b4c48858acfe7ab9cde5d 85ca5c7fe03549d1ba30a5cdd5916f1c - - default default] No more DHCP agents
2026-07-16 01:38:51.116 8 WARNING neutron.api.rpc.agentnotifiers.dhcp_rpc_agent_api [None req-885491ed-885f-444a-aa1e-0da9f8f3a316 626e9319834b4c48858acfe7ab9cde5d 85ca5c7fe03549d1ba30a5cdd5916f1c - - default default] Unable to schedule network f311c3f2-bd59-40ea-bee0-0fe6b7d7de15: no agents available; will retry on subsequent port and subnet creation events.
2026-07-16 01:38:51.132 8 INFO neutron.db.ovn_revision_numbers_db [None req-885491ed-885f-444a-aa1e-0da9f8f3a316 626e9319834b4c48858acfe7ab9cde5d 85ca5c7fe03549d1ba30a5cdd5916f1c - - default default] Successfully bumped revision number for resource 359ecf51-5b08-4595-8770-35b6e6aabc34 (type: subnets) to 0 [pid: 8|app: 0|req: 972/1922] 10.0.0.94 () {34 vars in 668 bytes} [Thu Jul 16 01:38:50 2026] POST /v2.0/subnets => generated 627 bytes in 244 msecs (HTTP/1.1 201) 4 headers in 162 bytes (1 switches on core 0) [pid: 8|app: 0|req: 973/1923] 10.0.0.160 () {34 vars in 1120 bytes} [Thu Jul 16 01:38:51 2026] GET /v2.0/security-groups?id=b40a3514-46b0-4894-a95b-dffe4d6efe3f&id=97e16a72-b99e-48e5-838b-223be365fd02&fields=id&fields=name => generated 206 bytes in 32 msecs (HTTP/1.1 200) 4 headers in 157 bytes (1 switches on core 0)
2026-07-16 01:38:51.571 8 WARNING neutron.scheduler.dhcp_agent_scheduler [None req-76574227-731f-42f7-b83e-8dea95933d57 626e9319834b4c48858acfe7ab9cde5d 85ca5c7fe03549d1ba30a5cdd5916f1c - - default default] No more DHCP agents
2026-07-16 01:38:51.576 8 WARNING neutron.api.rpc.agentnotifiers.dhcp_rpc_agent_api [None req-76574227-731f-42f7-b83e-8dea95933d57 626e9319834b4c48858acfe7ab9cde5d 85ca5c7fe03549d1ba30a5cdd5916f1c - - default default] Unable to schedule network 2e110e65-f334-49cd-b52f-7c0476d9d3bb: no agents available; will retry on subsequent port and subnet creation events.
2026-07-16 01:38:51.643 7 WARNING neutron.scheduler.dhcp_agent_scheduler [None req-6c13ce84-8187-446a-8dea-1d588cfd0da3 1c8eeef7954349268eb2cc38588e045e 3201f5601a0a4aaa9170a77c3cf90bb9 - - default default] No more DHCP agents
2026-07-16 01:38:51.644 7 WARNING neutron.api.rpc.agentnotifiers.dhcp_rpc_agent_api [None req-6c13ce84-8187-446a-8dea-1d588cfd0da3 1c8eeef7954349268eb2cc38588e045e 3201f5601a0a4aaa9170a77c3cf90bb9 - - default default] Unable to schedule network 2e35cfb3-8801-4cac-b851-b93a685e55eb: no agents available; will retry on subsequent port and subnet creation events.
2026-07-16 01:38:51.716 8 INFO neutron.db.ovn_revision_numbers_db [None req-76574227-731f-42f7-b83e-8dea95933d57 626e9319834b4c48858acfe7ab9cde5d 85ca5c7fe03549d1ba30a5cdd5916f1c - - default default] Successfully bumped revision number for resource 005c3e60-532f-41d3-9862-55d1fd484d84 (type: ports) to 1
2026-07-16 01:38:52.031 7 INFO neutron.db.ovn_revision_numbers_db [None req-6c13ce84-8187-446a-8dea-1d588cfd0da3 1c8eeef7954349268eb2cc38588e045e 3201f5601a0a4aaa9170a77c3cf90bb9 - - default default] Successfully bumped revision number for resource dcdffe9b-9fb4-4287-8fcd-849580d675c9 (type: router_ports) to 1 [pid: 7|app: 0|req: 951/1924] 10.0.0.94 () {34 vars in 782 bytes} [Thu Jul 16 01:38:50 2026] PUT /v2.0/routers/3a352768-06bf-49b8-9955-585bd06ea6dd/add_router_interface => generated 309 bytes in 1818 msecs (HTTP/1.1 200) 4 headers in 157 bytes (1 switches on core 0)
2026-07-16 01:38:52.516 7 WARNING neutron.scheduler.dhcp_agent_scheduler [None req-c44749ed-08ac-4ca0-a0cb-aa47bcac7cca - - - - - -] No more DHCP agents
2026-07-16 01:38:52.518 7 WARNING neutron.api.rpc.agentnotifiers.dhcp_rpc_agent_api [None req-c44749ed-08ac-4ca0-a0cb-aa47bcac7cca - - - - - -] Unable to schedule network 2e110e65-f334-49cd-b52f-7c0476d9d3bb: no agents available; will retry on subsequent port and subnet creation events.
2026-07-16 01:38:52.644 7 INFO neutron.db.ovn_revision_numbers_db [None req-c44749ed-08ac-4ca0-a0cb-aa47bcac7cca - - - - - -] Successfully bumped revision number for resource 506de8a3-4920-4a0b-bb9d-cfb37829ce73 (type: ports) to 1
2026-07-16 01:38:52.875 7 INFO neutron.db.ovn_revision_numbers_db [None req-c44749ed-08ac-4ca0-a0cb-aa47bcac7cca - - - - - -] Successfully bumped revision number for resource 506de8a3-4920-4a0b-bb9d-cfb37829ce73 (type: ports) to 3
2026-07-16 01:38:52.926 8 INFO neutron.plugins.ml2.drivers.ovn.mech_driver.ovsdb.commands [None req-5dcac996-972a-49fc-a774-a4a9bde3386f - - - - - -] Schedule LRP lrp-005c3e60-532f-41d3-9862-55d1fd484d84 on gateway e163d3d4-deae-46d3-a9bf-b34340fd4873 with priority 1
2026-07-16 01:38:52.952 7 INFO neutron.db.segments_db [None req-c44749ed-08ac-4ca0-a0cb-aa47bcac7cca - - - - - -] Added segment fa2cdbb2-7f9f-4b0c-93c8-5175029daafd of type geneve for network 3f321181-f86f-4bed-bf5b-ff526e5ecc55
2026-07-16 01:38:52.984 8 INFO neutron.db.ovn_revision_numbers_db [None req-76574227-731f-42f7-b83e-8dea95933d57 626e9319834b4c48858acfe7ab9cde5d 85ca5c7fe03549d1ba30a5cdd5916f1c - - default default] Successfully bumped revision number for resource 005c3e60-532f-41d3-9862-55d1fd484d84 (type: router_ports) to 1
2026-07-16 01:38:53.061 8 INFO neutron.db.ovn_revision_numbers_db [None req-76574227-731f-42f7-b83e-8dea95933d57 626e9319834b4c48858acfe7ab9cde5d 85ca5c7fe03549d1ba30a5cdd5916f1c - - default default] Successfully bumped revision number for resource ca030b04-dbd0-4f00-b8b8-c997b68ec132 (type: routers) to 2
2026-07-16 01:38:53.076 7 INFO neutron.db.ovn_revision_numbers_db [None req-fc76cffb-2687-48e7-9f53-e603a9849c03 - - - - - -] Successfully bumped revision number for resource 3f321181-f86f-4bed-bf5b-ff526e5ecc55 (type: networks) to 1 [pid: 8|app: 0|req: 974/1925] 10.0.0.94 () {34 vars in 668 bytes} [Thu Jul 16 01:38:51 2026] POST /v2.0/routers => generated 954 bytes in 1902 msecs (HTTP/1.1 201) 4 headers in 162 bytes (1 switches on core 0) [pid: 8|app: 0|req: 975/1926] 10.0.0.160 () {34 vars in 990 bytes} [Thu Jul 16 01:38:53 2026] GET /v2.0/ports?device_id=ec0a86a7-40b3-4ac7-9fc1-60d93e1a556d => generated 1008 bytes in 27 msecs (HTTP/1.1 200) 4 headers in 158 bytes (1 switches on core 0)
2026-07-16 01:38:53.208 7 WARNING neutron.scheduler.dhcp_agent_scheduler [None req-fc76cffb-2687-48e7-9f53-e603a9849c03 - - - - - -] No more DHCP agents
2026-07-16 01:38:53.209 7 WARNING neutron.api.rpc.agentnotifiers.dhcp_rpc_agent_api [None req-fc76cffb-2687-48e7-9f53-e603a9849c03 - - - - - -] Unable to schedule network 3f321181-f86f-4bed-bf5b-ff526e5ecc55: no agents available; will retry on subsequent port and subnet creation events.
2026-07-16 01:38:53.275 7 INFO neutron.db.ovn_revision_numbers_db [None req-fc76cffb-2687-48e7-9f53-e603a9849c03 - - - - - -] Successfully bumped revision number for resource 3a228f51-7cce-4074-a253-dbf9f6cd91e8 (type: ports) to 1 [pid: 8|app: 0|req: 976/1927] 10.0.0.94 () {34 vars in 676 bytes} [Thu Jul 16 01:38:53 2026] POST /v2.0/subnetpools => generated 549 bytes in 216 msecs (HTTP/1.1 201) 4 headers in 162 bytes (1 switches on core 0)
2026-07-16 01:38:53.410 7 WARNING neutron.scheduler.dhcp_agent_scheduler [None req-fc76cffb-2687-48e7-9f53-e603a9849c03 - - - - - -] No more DHCP agents
2026-07-16 01:38:53.411 7 WARNING neutron.api.rpc.agentnotifiers.dhcp_rpc_agent_api [None req-fc76cffb-2687-48e7-9f53-e603a9849c03 - - - - - -] Unable to schedule network 3f321181-f86f-4bed-bf5b-ff526e5ecc55: no agents available; will retry on subsequent port and subnet creation events.
2026-07-16 01:38:53.432 7 INFO neutron.db.ovn_revision_numbers_db [None req-fc76cffb-2687-48e7-9f53-e603a9849c03 - - - - - -] Successfully bumped revision number for resource 05369524-81ac-441d-aecc-3ea98e13b1cf (type: subnets) to 0
2026-07-16 01:38:53.801 7 WARNING neutron.scheduler.dhcp_agent_scheduler [None req-fc76cffb-2687-48e7-9f53-e603a9849c03 - - - - - -] No more DHCP agents
2026-07-16 01:38:53.803 7 WARNING neutron.api.rpc.agentnotifiers.dhcp_rpc_agent_api [None req-fc76cffb-2687-48e7-9f53-e603a9849c03 - - - - - -] Unable to schedule network 3f321181-f86f-4bed-bf5b-ff526e5ecc55: no agents available; will retry on subsequent port and subnet creation events.
2026-07-16 01:38:53.834 8 WARNING neutron.scheduler.dhcp_agent_scheduler [None req-3ea8448b-9188-4426-9937-e50e621743d4 626e9319834b4c48858acfe7ab9cde5d 85ca5c7fe03549d1ba30a5cdd5916f1c - - default default] No more DHCP agents
2026-07-16 01:38:53.835 8 WARNING neutron.api.rpc.agentnotifiers.dhcp_rpc_agent_api [None req-3ea8448b-9188-4426-9937-e50e621743d4 626e9319834b4c48858acfe7ab9cde5d 85ca5c7fe03549d1ba30a5cdd5916f1c - - default default] Unable to schedule network f311c3f2-bd59-40ea-bee0-0fe6b7d7de15: no agents available; will retry on subsequent port and subnet creation events.
2026-07-16 01:38:53.963 7 INFO neutron.db.ovn_revision_numbers_db [None req-fc76cffb-2687-48e7-9f53-e603a9849c03 - - - - - -] Successfully bumped revision number for resource d131f661-1e91-4e15-a642-7a285a2c5451 (type: ports) to 1
2026-07-16 01:38:53.978 8 INFO neutron.db.ovn_revision_numbers_db [None req-3ea8448b-9188-4426-9937-e50e621743d4 626e9319834b4c48858acfe7ab9cde5d 85ca5c7fe03549d1ba30a5cdd5916f1c - - default default] Successfully bumped revision number for resource 3a3ff5b0-64bf-4000-8660-e4ebc230a869 (type: ports) to 1
2026-07-16 01:38:54.582 7 WARNING neutron.scheduler.dhcp_agent_scheduler [None req-fc76cffb-2687-48e7-9f53-e603a9849c03 - - - - - -] No more DHCP agents
2026-07-16 01:38:54.583 7 WARNING neutron.api.rpc.agentnotifiers.dhcp_rpc_agent_api [None req-fc76cffb-2687-48e7-9f53-e603a9849c03 - - - - - -] Unable to schedule network 3f321181-f86f-4bed-bf5b-ff526e5ecc55: no agents available; will retry on subsequent port and subnet creation events.
2026-07-16 01:38:54.711 8 WARNING neutron.scheduler.dhcp_agent_scheduler [None req-3ea8448b-9188-4426-9937-e50e621743d4 626e9319834b4c48858acfe7ab9cde5d 85ca5c7fe03549d1ba30a5cdd5916f1c - - default default] No more DHCP agents
2026-07-16 01:38:54.713 8 WARNING neutron.api.rpc.agentnotifiers.dhcp_rpc_agent_api [None req-3ea8448b-9188-4426-9937-e50e621743d4 626e9319834b4c48858acfe7ab9cde5d 85ca5c7fe03549d1ba30a5cdd5916f1c - - default default] Unable to schedule network f311c3f2-bd59-40ea-bee0-0fe6b7d7de15: no agents available; will retry on subsequent port and subnet creation events.
2026-07-16 01:38:55.042 8 INFO neutron.db.ovn_revision_numbers_db [None req-3ea8448b-9188-4426-9937-e50e621743d4 626e9319834b4c48858acfe7ab9cde5d 85ca5c7fe03549d1ba30a5cdd5916f1c - - default default] Successfully bumped revision number for resource 3a3ff5b0-64bf-4000-8660-e4ebc230a869 (type: router_ports) to 1 [pid: 8|app: 0|req: 977/1928] 10.0.0.94 () {34 vars in 782 bytes} [Thu Jul 16 01:38:53 2026] PUT /v2.0/routers/ca030b04-dbd0-4f00-b8b8-c997b68ec132/add_router_interface => generated 309 bytes in 1720 msecs (HTTP/1.1 200) 4 headers in 157 bytes (1 switches on core 0) [pid: 8|app: 0|req: 978/1929] 10.0.0.160 () {34 vars in 1120 bytes} [Thu Jul 16 01:38:55 2026] GET /v2.0/security-groups?id=b40a3514-46b0-4894-a95b-dffe4d6efe3f&id=97e16a72-b99e-48e5-838b-223be365fd02&fields=id&fields=name => generated 206 bytes in 31 msecs (HTTP/1.1 200) 4 headers in 157 bytes (1 switches on core 0) [pid: 8|app: 0|req: 979/1930] 10.0.0.94 () {32 vars in 728 bytes} [Thu Jul 16 01:38:55 2026] GET /v2.0/subnetpools/77846065-2256-41ca-9587-0bb1fa02b5db => generated 549 bytes in 14 msecs (HTTP/1.1 200) 4 headers in 157 bytes (1 switches on core 0)
2026-07-16 01:38:55.149 7 INFO neutron.db.ovn_revision_numbers_db [None req-fc76cffb-2687-48e7-9f53-e603a9849c03 - - - - - -] Successfully bumped revision number for resource d131f661-1e91-4e15-a642-7a285a2c5451 (type: router_ports) to 1
2026-07-16 01:38:55.202 8 WARNING neutron.plugins.ml2.drivers.ovn.mech_driver.ovsdb.ovn_client [None req-e60795b5-fb7a-4eef-9eec-735b33448db5 - - - - - -] No hosting information found for port 4ff1368c-6344-48ec-ae9d-24beffbafa9c: RuntimeError: No hosting information found for port 4ff1368c-6344-48ec-ae9d-24beffbafa9c
2026-07-16 01:38:55.203 8 INFO neutron.plugins.ml2.drivers.ovn.mech_driver.mech_driver [None req-e60795b5-fb7a-4eef-9eec-735b33448db5 - - - - - -] OVN reports status down for port: dcdffe9b-9fb4-4287-8fcd-849580d675c9
2026-07-16 01:38:55.316 7 WARNING neutron.plugins.ml2.drivers.ovn.mech_driver.ovsdb.ovn_client [None req-50ac8aa3-abd0-494d-ad73-0b4cffd56cf9 - - - - - -] No hosting information found for port fb4aa245-31ae-4c4e-9c28-e7371b410e30: RuntimeError: No hosting information found for port fb4aa245-31ae-4c4e-9c28-e7371b410e30
2026-07-16 01:38:55.329 8 WARNING neutron.plugins.ml2.drivers.ovn.mech_driver.ovsdb.ovn_client [None req-e60795b5-fb7a-4eef-9eec-735b33448db5 - - - - - -] Logical_Switch_Port dcdffe9b-9fb4-4287-8fcd-849580d675c9 host information not removed, the port state is up
2026-07-16 01:38:55.332 8 INFO neutron.plugins.ml2.drivers.ovn.mech_driver.mech_driver [None req-e60795b5-fb7a-4eef-9eec-735b33448db5 - - - - - -] OVN reports status up for port: 1bdb1971-f60b-414b-8b13-36ef29ef9200
2026-07-16 01:38:55.355 8 INFO neutron.plugins.ml2.plugin [None req-e60795b5-fb7a-4eef-9eec-735b33448db5 - - - - - -] Attempt 1 to provision port 1bdb1971-f60b-414b-8b13-36ef29ef9200
2026-07-16 01:38:55.416 7 WARNING neutron.scheduler.dhcp_agent_scheduler [None req-fc76cffb-2687-48e7-9f53-e603a9849c03 - - - - - -] No more DHCP agents
2026-07-16 01:38:55.423 7 WARNING neutron.api.rpc.agentnotifiers.dhcp_rpc_agent_api [None req-fc76cffb-2687-48e7-9f53-e603a9849c03 - - - - - -] Unable to schedule network 3f321181-f86f-4bed-bf5b-ff526e5ecc55: no agents available; will retry on subsequent port and subnet creation events.
2026-07-16 01:38:55.457 7 INFO neutron.db.ovn_revision_numbers_db [None req-50ac8aa3-abd0-494d-ad73-0b4cffd56cf9 - - - - - -] Successfully bumped revision number for resource fb4aa245-31ae-4c4e-9c28-e7371b410e30 (type: router_ports) to 2
2026-07-16 01:38:55.471 7 INFO neutron.plugins.ml2.drivers.ovn.mech_driver.mech_driver [None req-50ac8aa3-abd0-494d-ad73-0b4cffd56cf9 - - - - - -] OVN reports status down for port: a4d3832d-2cb7-4712-80af-6264dc0e6703
2026-07-16 01:38:55.486 7 INFO neutron.plugins.ml2.drivers.ovn.mech_driver.mech_driver [None req-50ac8aa3-abd0-494d-ad73-0b4cffd56cf9 - - - - - -] OVN reports status up for port: a4d3832d-2cb7-4712-80af-6264dc0e6703
2026-07-16 01:38:55.534 8 INFO neutron.notifiers.nova [-] Nova event matching ['req-fe969330-5571-4236-a8df-1e1878fe9238'] response: {'server_uuid': 'ec0a86a7-40b3-4ac7-9fc1-60d93e1a556d', 'name': 'network-vif-plugged', 'status': 'completed', 'tag': '1bdb1971-f60b-414b-8b13-36ef29ef9200', 'code': 200}
2026-07-16 01:38:55.554 8 WARNING neutron.scheduler.dhcp_agent_scheduler [None req-4b5c84d8-ec7b-466d-bb57-81df1bb0591b 626e9319834b4c48858acfe7ab9cde5d 85ca5c7fe03549d1ba30a5cdd5916f1c - - default default] No more DHCP agents
2026-07-16 01:38:55.556 8 WARNING neutron.api.rpc.agentnotifiers.dhcp_rpc_agent_api [None req-4b5c84d8-ec7b-466d-bb57-81df1bb0591b 626e9319834b4c48858acfe7ab9cde5d 85ca5c7fe03549d1ba30a5cdd5916f1c - - default default] Unable to schedule network f311c3f2-bd59-40ea-bee0-0fe6b7d7de15: no agents available; will retry on subsequent port and subnet creation events.
2026-07-16 01:38:55.581 7 INFO neutron.plugins.ml2.drivers.ovn.mech_driver.mech_driver [None req-50ac8aa3-abd0-494d-ad73-0b4cffd56cf9 - - - - - -] OVN reports status down for port: f75de16b-7a70-4779-a05d-71f48d874640
2026-07-16 01:38:55.633 7 INFO neutron.db.ovn_revision_numbers_db [None req-fc76cffb-2687-48e7-9f53-e603a9849c03 - - - - - -] Successfully bumped revision number for resource db808af7-b07e-48e9-a098-3e425db0240c (type: ports) to 1
2026-07-16 01:38:55.690 7 INFO neutron.plugins.ml2.drivers.ovn.mech_driver.mech_driver [None req-50ac8aa3-abd0-494d-ad73-0b4cffd56cf9 - - - - - -] OVN reports status down for port: 506de8a3-4920-4a0b-bb9d-cfb37829ce73
2026-07-16 01:38:55.817 8 INFO neutron.db.ovn_revision_numbers_db [None req-e60795b5-fb7a-4eef-9eec-735b33448db5 - - - - - -] Successfully bumped revision number for resource 1bdb1971-f60b-414b-8b13-36ef29ef9200 (type: ports) to 5
2026-07-16 01:38:55.817 8 INFO neutron.db.ovn_revision_numbers_db [None req-4b5c84d8-ec7b-466d-bb57-81df1bb0591b 626e9319834b4c48858acfe7ab9cde5d 85ca5c7fe03549d1ba30a5cdd5916f1c - - default default] Successfully bumped revision number for resource 60d7b3b2-c4f7-4db4-bd71-6096287a6f5d (type: ports) to 1
2026-07-16 01:38:55.851 7 INFO neutron.plugins.ml2.drivers.ovn.mech_driver.mech_driver [None req-50ac8aa3-abd0-494d-ad73-0b4cffd56cf9 - - - - - -] OVN reports status down for port: d131f661-1e91-4e15-a642-7a285a2c5451 [pid: 8|app: 0|req: 980/1931] 10.0.0.94 () {34 vars in 664 bytes} [Thu Jul 16 01:38:55 2026] POST /v2.0/ports => generated 955 bytes in 774 msecs (HTTP/1.1 201) 4 headers in 162 bytes (1 switches on core 0) /var/lib/openstack/lib/python3.12/site-packages/pycadf/identifier.py:70: UserWarning: Invalid uuid: neutron. To ensure interoperability, identifiers should be a valid uuid. warnings.warn(('Invalid uuid: %s. To ensure interoperability, '
2026-07-16 01:38:55.929 8 INFO neutron.plugins.ml2.drivers.ovn.mech_driver.mech_driver [None req-270ed429-e548-4125-ac1d-53ebd6c43dab - - - - - -] OVN reports status up for port: dcdffe9b-9fb4-4287-8fcd-849580d675c9
2026-07-16 01:38:55.947 8 INFO neutron.plugins.ml2.plugin [None req-270ed429-e548-4125-ac1d-53ebd6c43dab - - - - - -] Attempt 1 to provision port dcdffe9b-9fb4-4287-8fcd-849580d675c9 [pid: 8|app: 0|req: 981/1932] 10.0.0.94 () {34 vars in 748 bytes} [Thu Jul 16 01:38:55 2026] PUT /v2.0/subnetpools/77846065-2256-41ca-9587-0bb1fa02b5db => generated 500 bytes in 80 msecs (HTTP/1.1 200) 4 headers in 157 bytes (1 switches on core 0)
2026-07-16 01:38:55.964 7 WARNING neutron.plugins.ml2.drivers.ovn.mech_driver.ovsdb.ovn_client [None req-50ac8aa3-abd0-494d-ad73-0b4cffd56cf9 - - - - - -] Logical_Switch_Port d131f661-1e91-4e15-a642-7a285a2c5451 host information not removed, the port state is up
2026-07-16 01:38:55.965 7 INFO neutron.plugins.ml2.drivers.ovn.mech_driver.mech_driver [None req-50ac8aa3-abd0-494d-ad73-0b4cffd56cf9 - - - - - -] OVN reports status down for port: 3a3ff5b0-64bf-4000-8660-e4ebc230a869
2026-07-16 01:38:56.100 7 WARNING neutron.plugins.ml2.drivers.ovn.mech_driver.ovsdb.ovn_client [None req-50ac8aa3-abd0-494d-ad73-0b4cffd56cf9 - - - - - -] Logical_Switch_Port 3a3ff5b0-64bf-4000-8660-e4ebc230a869 host information not removed, the port state is up
2026-07-16 01:38:56.101 7 INFO neutron.plugins.ml2.drivers.ovn.mech_driver.mech_driver [None req-50ac8aa3-abd0-494d-ad73-0b4cffd56cf9 - - - - - -] OVN reports status up for port: d131f661-1e91-4e15-a642-7a285a2c5451
2026-07-16 01:38:56.121 7 INFO neutron.db.ovn_revision_numbers_db [None req-fc76cffb-2687-48e7-9f53-e603a9849c03 - - - - - -] Successfully bumped revision number for resource db808af7-b07e-48e9-a098-3e425db0240c (type: ports) to 3
2026-07-16 01:38:56.123 7 INFO neutron.plugins.ml2.plugin [None req-50ac8aa3-abd0-494d-ad73-0b4cffd56cf9 - - - - - -] Attempt 1 to provision port d131f661-1e91-4e15-a642-7a285a2c5451
2026-07-16 01:38:56.495 8 WARNING neutron.scheduler.dhcp_agent_scheduler [None req-650d006e-2453-4573-bf67-d361e2f6f439 626e9319834b4c48858acfe7ab9cde5d 85ca5c7fe03549d1ba30a5cdd5916f1c - - default default] No more DHCP agents
2026-07-16 01:38:56.497 8 WARNING neutron.api.rpc.agentnotifiers.dhcp_rpc_agent_api [None req-650d006e-2453-4573-bf67-d361e2f6f439 626e9319834b4c48858acfe7ab9cde5d 85ca5c7fe03549d1ba30a5cdd5916f1c - - default default] Unable to schedule network f311c3f2-bd59-40ea-bee0-0fe6b7d7de15: no agents available; will retry on subsequent port and subnet creation events. [pid: 7|app: 0|req: 952/1933] 10.0.0.94 () {34 vars in 684 bytes} [Thu Jul 16 01:38:52 2026] POST /v2.0/vpn/vpnservices => generated 458 bytes in 4469 msecs (HTTP/1.1 201) 4 headers in 162 bytes (1 switches on core 0) [pid: 7|app: 0|req: 953/1934] 10.0.0.94 () {32 vars in 731 bytes} [Thu Jul 16 01:38:56 2026] DELETE /v2.0/subnetpools/77846065-2256-41ca-9587-0bb1fa02b5db => generated 0 bytes in 86 msecs (HTTP/1.1 204) 2 headers in 112 bytes (1 switches on core 0)
2026-07-16 01:38:56.694 8 INFO neutron.db.ovn_revision_numbers_db [None req-270ed429-e548-4125-ac1d-53ebd6c43dab - - - - - -] Successfully bumped revision number for resource dcdffe9b-9fb4-4287-8fcd-849580d675c9 (type: ports) to 2 [pid: 7|app: 0|req: 954/1935] 10.0.0.160 () {34 vars in 990 bytes} [Thu Jul 16 01:38:56 2026] GET /v2.0/ports?device_id=ec0a86a7-40b3-4ac7-9fc1-60d93e1a556d => generated 1010 bytes in 104 msecs (HTTP/1.1 200) 4 headers in 158 bytes (1 switches on core 0) [pid: 7|app: 0|req: 955/1936] 10.0.0.94 () {32 vars in 662 bytes} [Thu Jul 16 01:38:56 2026] GET /v2.0/vpn/vpnservices => generated 1314 bytes in 32 msecs (HTTP/1.1 200) 4 headers in 158 bytes (1 switches on core 0)
2026-07-16 01:38:56.767 7 INFO neutron.api.v2.resource [None req-73a16e41-e468-4d7a-9bd6-60c356c04765 feaf33b31f2f43ad866287bcd1a63f1e a605f17799a54f909c4e42b353f3241b - - default default] show failed (client error): The resource could not be found. [pid: 7|app: 0|req: 956/1937] 10.0.0.94 () {32 vars in 728 bytes} [Thu Jul 16 01:38:56 2026] GET /v2.0/subnetpools/77846065-2256-41ca-9587-0bb1fa02b5db => generated 145 bytes in 34 msecs (HTTP/1.1 404) 4 headers in 164 bytes (1 switches on core 0)
2026-07-16 01:38:56.836 8 INFO neutron.db.ovn_revision_numbers_db [None req-650d006e-2453-4573-bf67-d361e2f6f439 626e9319834b4c48858acfe7ab9cde5d 85ca5c7fe03549d1ba30a5cdd5916f1c - - default default] Successfully bumped revision number for resource a6f99c84-0997-450a-851e-6aad0e249c4c (type: ports) to 1 [pid: 7|app: 0|req: 957/1938] 10.0.0.160 () {34 vars in 1120 bytes} [Thu Jul 16 01:38:56 2026] GET /v2.0/security-groups?id=b40a3514-46b0-4894-a95b-dffe4d6efe3f&id=97e16a72-b99e-48e5-838b-223be365fd02&fields=id&fields=name => generated 206 bytes in 68 msecs (HTTP/1.1 200) 4 headers in 157 bytes (1 switches on core 0) [pid: 8|app: 0|req: 982/1939] 10.0.0.94 () {34 vars in 664 bytes} [Thu Jul 16 01:38:55 2026] POST /v2.0/ports => generated 954 bytes in 963 msecs (HTTP/1.1 201) 4 headers in 162 bytes (1 switches on core 0) /var/lib/openstack/lib/python3.12/site-packages/pycadf/identifier.py:70: UserWarning: Invalid uuid: neutron. To ensure interoperability, identifiers should be a valid uuid. warnings.warn(('Invalid uuid: %s. To ensure interoperability, '
2026-07-16 01:38:56.921 8 INFO neutron.api.v2.resource [None req-629fd3a8-45a0-4d31-a783-94127935bae5 feaf33b31f2f43ad866287bcd1a63f1e a605f17799a54f909c4e42b353f3241b - - default default] delete failed (client error): The resource could not be found. [pid: 8|app: 0|req: 983/1940] 10.0.0.94 () {32 vars in 731 bytes} [Thu Jul 16 01:38:56 2026] DELETE /v2.0/subnetpools/77846065-2256-41ca-9587-0bb1fa02b5db => generated 145 bytes in 9 msecs (HTTP/1.1 404) 4 headers in 164 bytes (1 switches on core 0)
2026-07-16 01:38:56.981 7 INFO neutron.db.ovn_revision_numbers_db [None req-50ac8aa3-abd0-494d-ad73-0b4cffd56cf9 - - - - - -] Successfully bumped revision number for resource d131f661-1e91-4e15-a642-7a285a2c5451 (type: ports) to 2
2026-07-16 01:38:57.171 8 WARNING neutron.scheduler.dhcp_agent_scheduler [None req-db031dd9-92e7-4067-b248-326ec2c4f757 626e9319834b4c48858acfe7ab9cde5d 85ca5c7fe03549d1ba30a5cdd5916f1c - - default default] No more DHCP agents
2026-07-16 01:38:57.172 8 WARNING neutron.api.rpc.agentnotifiers.dhcp_rpc_agent_api [None req-db031dd9-92e7-4067-b248-326ec2c4f757 626e9319834b4c48858acfe7ab9cde5d 85ca5c7fe03549d1ba30a5cdd5916f1c - - default default] Unable to schedule network 2e110e65-f334-49cd-b52f-7c0476d9d3bb: no agents available; will retry on subsequent port and subnet creation events.
2026-07-16 01:38:57.233 7 INFO neutron_taas.services.taas.taas_plugin [None req-82e2fe27-c548-46e3-a23e-d8ce5a63a5be 4fe00a8047b84e8baa0f39820976d202 f8b38fafd15d4b068dc12cadcfb4ff9c - - default default] TaaS: Handle Delete Port: 506de8a3-4920-4a0b-bb9d-cfb37829ce73
2026-07-16 01:38:57.236 7 INFO neutron_taas.services.taas.tap_mirror_plugin [None req-82e2fe27-c548-46e3-a23e-d8ce5a63a5be 4fe00a8047b84e8baa0f39820976d202 f8b38fafd15d4b068dc12cadcfb4ff9c - - default default] Tap Mirror: Handle Delete Port: 506de8a3-4920-4a0b-bb9d-cfb37829ce73
2026-07-16 01:38:57.510 7 INFO neutron_taas.services.taas.taas_plugin [None req-7f93ae7f-2f1d-4e4d-828f-6f673efeb314 - - - - - -] TaaS: Handle Delete Port: db808af7-b07e-48e9-a098-3e425db0240c
2026-07-16 01:38:57.513 7 INFO neutron_taas.services.taas.tap_mirror_plugin [None req-7f93ae7f-2f1d-4e4d-828f-6f673efeb314 - - - - - -] Tap Mirror: Handle Delete Port: db808af7-b07e-48e9-a098-3e425db0240c
2026-07-16 01:38:57.575 8 INFO neutron.notifiers.nova [-] Nova event matching ['req-d17d57f3-e1d7-4bdd-949d-19401977e753'] response: {'server_uuid': 'ec0a86a7-40b3-4ac7-9fc1-60d93e1a556d', 'name': 'network-vif-plugged', 'status': 'completed', 'tag': '1bdb1971-f60b-414b-8b13-36ef29ef9200', 'code': 200}
2026-07-16 01:38:57.950 7 INFO neutron_taas.services.taas.taas_plugin [None req-a71646cc-3ad2-49a8-89a8-c7d04d2fd8ef - - - - - -] TaaS: Handle Delete Port: d131f661-1e91-4e15-a642-7a285a2c5451
2026-07-16 01:38:57.953 7 INFO neutron_taas.services.taas.tap_mirror_plugin [None req-a71646cc-3ad2-49a8-89a8-c7d04d2fd8ef - - - - - -] Tap Mirror: Handle Delete Port: d131f661-1e91-4e15-a642-7a285a2c5451
2026-07-16 01:38:58.021 8 INFO neutron.db.ovn_revision_numbers_db [None req-db031dd9-92e7-4067-b248-326ec2c4f757 626e9319834b4c48858acfe7ab9cde5d 85ca5c7fe03549d1ba30a5cdd5916f1c - - default default] Successfully bumped revision number for resource 21a426fb-5347-4956-90f7-05355b822c51 (type: floatingips) to 1
2026-07-16 01:38:58.021 8 INFO neutron.db.l3_db [None req-db031dd9-92e7-4067-b248-326ec2c4f757 626e9319834b4c48858acfe7ab9cde5d 85ca5c7fe03549d1ba30a5cdd5916f1c - - default default] Floating IP 21a426fb-5347-4956-90f7-05355b822c51 associated. External IP: 10.96.250.210, port: a6f99c84-0997-450a-851e-6aad0e249c4c. [pid: 8|app: 0|req: 984/1941] 10.0.0.94 () {34 vars in 676 bytes} [Thu Jul 16 01:38:56 2026] POST /v2.0/floatingips => generated 841 bytes in 1139 msecs (HTTP/1.1 201) 4 headers in 162 bytes (1 switches on core 0)
2026-07-16 01:38:58.288 8 INFO neutron.db.ovn_revision_numbers_db [None req-971168e6-546f-46c9-87b8-289ef9cba9ff ae426aa6fd164f93957901582422f8f2 527ce43dc67d45e9aff5fd03f00f309a - - default default] Successfully bumped revision number for resource b7b7abb2-cf00-4ba3-bf77-1f73dbdb1ead (type: security_groups) to 1
2026-07-16 01:38:58.299 8 INFO neutron.db.ovn_revision_numbers_db [None req-971168e6-546f-46c9-87b8-289ef9cba9ff ae426aa6fd164f93957901582422f8f2 527ce43dc67d45e9aff5fd03f00f309a - - default default] Successfully bumped revision number for resource 2bee7eed-ce43-46e2-8db1-4b9d45b8b64b (type: security_group_rules) to 0
2026-07-16 01:38:58.312 8 INFO neutron.db.ovn_revision_numbers_db [None req-971168e6-546f-46c9-87b8-289ef9cba9ff ae426aa6fd164f93957901582422f8f2 527ce43dc67d45e9aff5fd03f00f309a - - default default] Successfully bumped revision number for resource b76aa3ff-3f0a-483c-a849-f5a56809a6ed (type: security_group_rules) to 0
2026-07-16 01:38:58.325 8 INFO neutron.db.ovn_revision_numbers_db [None req-971168e6-546f-46c9-87b8-289ef9cba9ff ae426aa6fd164f93957901582422f8f2 527ce43dc67d45e9aff5fd03f00f309a - - default default] Successfully bumped revision number for resource ba216abf-a3c6-4604-abbf-61e9ddbd31b3 (type: security_group_rules) to 0
2026-07-16 01:38:58.338 8 INFO neutron.db.ovn_revision_numbers_db [None req-971168e6-546f-46c9-87b8-289ef9cba9ff ae426aa6fd164f93957901582422f8f2 527ce43dc67d45e9aff5fd03f00f309a - - default default] Successfully bumped revision number for resource f4c6afe5-7adc-4e81-be3f-99eab87e2b84 (type: security_group_rules) to 0 [pid: 8|app: 0|req: 985/1942] 10.0.0.94 () {32 vars in 773 bytes} [Thu Jul 16 01:38:58 2026] GET /v2.0/security-groups?tenant_id=a605f17799a54f909c4e42b353f3241b&name=default => generated 2925 bytes in 321 msecs (HTTP/1.1 200) 4 headers in 158 bytes (1 switches on core 0) [pid: 8|app: 0|req: 986/1943] 10.0.0.160 () {34 vars in 990 bytes} [Thu Jul 16 01:38:58 2026] GET /v2.0/ports?device_id=ec0a86a7-40b3-4ac7-9fc1-60d93e1a556d => generated 1010 bytes in 77 msecs (HTTP/1.1 200) 4 headers in 158 bytes (1 switches on core 0)
2026-07-16 01:38:58.643 8 INFO neutron.db.ovn_revision_numbers_db [None req-dbd09b0d-309d-44fc-9042-e81f5b4bef2e 626e9319834b4c48858acfe7ab9cde5d 85ca5c7fe03549d1ba30a5cdd5916f1c - - default default] Successfully bumped revision number for resource 21a426fb-5347-4956-90f7-05355b822c51 (type: floatingips) to 2
2026-07-16 01:38:58.689 8 INFO neutron.db.l3_db [None req-dbd09b0d-309d-44fc-9042-e81f5b4bef2e 626e9319834b4c48858acfe7ab9cde5d 85ca5c7fe03549d1ba30a5cdd5916f1c - - default default] Floating IP 21a426fb-5347-4956-90f7-05355b822c51 disassociated. External IP: 10.96.250.210, port: a6f99c84-0997-450a-851e-6aad0e249c4c. [pid: 8|app: 0|req: 987/1944] 10.0.0.94 () {34 vars in 748 bytes} [Thu Jul 16 01:38:58 2026] PUT /v2.0/floatingips/21a426fb-5347-4956-90f7-05355b822c51 => generated 554 bytes in 260 msecs (HTTP/1.1 200) 4 headers in 157 bytes (1 switches on core 0)
2026-07-16 01:38:58.796 7 INFO neutron_taas.services.taas.taas_plugin [None req-a71646cc-3ad2-49a8-89a8-c7d04d2fd8ef - - - - - -] TaaS: Handle Delete Port: 3a228f51-7cce-4074-a253-dbf9f6cd91e8
2026-07-16 01:38:58.800 7 INFO neutron_taas.services.taas.tap_mirror_plugin [None req-a71646cc-3ad2-49a8-89a8-c7d04d2fd8ef - - - - - -] Tap Mirror: Handle Delete Port: 3a228f51-7cce-4074-a253-dbf9f6cd91e8 [pid: 8|app: 0|req: 988/1945] 10.0.0.94 () {32 vars in 739 bytes} [Thu Jul 16 01:38:58 2026] DELETE /v2.0/security-groups/b7b7abb2-cf00-4ba3-bf77-1f73dbdb1ead => generated 0 bytes in 236 msecs (HTTP/1.1 204) 2 headers in 112 bytes (1 switches on core 0)
2026-07-16 01:38:58.996 7 INFO neutron.services.segments.plugin [-] Segment fa2cdbb2-7f9f-4b0c-93c8-5175029daafd resource provider aggregate not found
2026-07-16 01:38:59.001 7 INFO neutron.services.segments.plugin [-] Segment fa2cdbb2-7f9f-4b0c-93c8-5175029daafd resource provider aggregate not found [pid: 8|app: 0|req: 989/1946] 10.0.0.160 () {34 vars in 1120 bytes} [Thu Jul 16 01:38:58 2026] GET /v2.0/security-groups?id=b40a3514-46b0-4894-a95b-dffe4d6efe3f&id=97e16a72-b99e-48e5-838b-223be365fd02&fields=id&fields=name => generated 206 bytes in 53 msecs (HTTP/1.1 200) 4 headers in 157 bytes (1 switches on core 0)
2026-07-16 01:38:59.020 7 INFO neutron.services.segments.plugin [-] Client error retrieving segment fa2cdbb2-7f9f-4b0c-93c8-5175029daafd resource provider; error: Placement Client Error (4xx): {"errors": [{"status": 404, "title": "Not Found", "detail": "The resource could not be found.\n\n No resource provider with uuid fa2cdbb2-7f9f-4b0c-93c8-5175029daafd found for delete ", "request_id": "req-eead333c-4fa8-45fd-b98c-275705714474"}]}
2026-07-16 01:38:59.026 7 INFO neutron.services.segments.plugin [-] Client error retrieving segment fa2cdbb2-7f9f-4b0c-93c8-5175029daafd resource provider; error: Placement Client Error (4xx): {"errors": [{"status": 404, "title": "Not Found", "detail": "The resource could not be found.\n\n No resource provider with uuid fa2cdbb2-7f9f-4b0c-93c8-5175029daafd found for delete ", "request_id": "req-47860274-5012-49d4-8fa1-6edf23028e8a"}]} [pid: 7|app: 0|req: 958/1947] 10.0.0.94 () {32 vars in 739 bytes} [Thu Jul 16 01:38:56 2026] DELETE /v2.0/vpn/vpnservices/0be2a5ed-fd89-40b5-ad8b-04c20295176b => generated 0 bytes in 2221 msecs (HTTP/1.1 204) 2 headers in 112 bytes (1 switches on core 0) /var/lib/openstack/lib/python3.12/site-packages/pycadf/identifier.py:70: UserWarning: Invalid uuid: neutron. To ensure interoperability, identifiers should be a valid uuid. warnings.warn(('Invalid uuid: %s. To ensure interoperability, ' [pid: 7|app: 0|req: 959/1948] 10.0.0.94 () {34 vars in 692 bytes} [Thu Jul 16 01:38:59 2026] POST /v2.0/vpn/endpoint-groups => generated 301 bytes in 62 msecs (HTTP/1.1 201) 4 headers in 162 bytes (1 switches on core 0) [pid: 7|app: 0|req: 960/1949] 10.0.0.160 () {34 vars in 990 bytes} [Thu Jul 16 01:38:59 2026] GET /v2.0/ports?device_id=ec0a86a7-40b3-4ac7-9fc1-60d93e1a556d => generated 1010 bytes in 30 msecs (HTTP/1.1 200) 4 headers in 158 bytes (1 switches on core 0)
2026-07-16 01:38:59.178 8 INFO neutron_taas.services.taas.taas_plugin [None req-857ef59c-bdf0-46e0-80e2-e929b36c3a9e 626e9319834b4c48858acfe7ab9cde5d 85ca5c7fe03549d1ba30a5cdd5916f1c - - default default] TaaS: Handle Delete Port: 39a2dc5c-d98e-4c4e-a279-3dfb0ea41ddf
2026-07-16 01:38:59.182 8 INFO neutron_taas.services.taas.tap_mirror_plugin [None req-857ef59c-bdf0-46e0-80e2-e929b36c3a9e 626e9319834b4c48858acfe7ab9cde5d 85ca5c7fe03549d1ba30a5cdd5916f1c - - default default] Tap Mirror: Handle Delete Port: 39a2dc5c-d98e-4c4e-a279-3dfb0ea41ddf [pid: 7|app: 0|req: 961/1950] 10.0.0.94 () {34 vars in 692 bytes} [Thu Jul 16 01:38:59 2026] POST /v2.0/vpn/endpoint-groups => generated 293 bytes in 37 msecs (HTTP/1.1 201) 4 headers in 162 bytes (1 switches on core 0) [pid: 8|app: 0|req: 990/1951] 10.0.0.94 () {32 vars in 731 bytes} [Thu Jul 16 01:38:59 2026] DELETE /v2.0/floatingips/21a426fb-5347-4956-90f7-05355b822c51 => generated 0 bytes in 349 msecs (HTTP/1.1 204) 2 headers in 112 bytes (1 switches on core 0)
2026-07-16 01:38:59.366 8 WARNING neutron.api.v2.base [None req-3eb74a40-4c64-4f63-91bc-33aef470cc48 1c8eeef7954349268eb2cc38588e045e 3201f5601a0a4aaa9170a77c3cf90bb9 - - default default] An exception happened while processing the request body. The exception message is [Unrecognized attribute(s) 'peer_cidr'].: webob.exc.HTTPBadRequest: Unrecognized attribute(s) 'peer_cidr'
2026-07-16 01:38:59.367 8 INFO neutron.api.v2.resource [None req-3eb74a40-4c64-4f63-91bc-33aef470cc48 1c8eeef7954349268eb2cc38588e045e 3201f5601a0a4aaa9170a77c3cf90bb9 - - default default] create failed (client error): Unrecognized attribute(s) 'peer_cidr' [pid: 8|app: 0|req: 991/1952] 10.0.0.94 () {34 vars in 706 bytes} [Thu Jul 16 01:38:59 2026] POST /v2.0/vpn/ipsec-site-connections => generated 110 bytes in 7 msecs (HTTP/1.1 400) 4 headers in 166 bytes (1 switches on core 0)
2026-07-16 01:38:59.645 8 WARNING neutron.scheduler.dhcp_agent_scheduler [None req-8a46d2f9-0f56-4745-a79a-ee4bba1b81ce 626e9319834b4c48858acfe7ab9cde5d 85ca5c7fe03549d1ba30a5cdd5916f1c - - default default] No more DHCP agents
2026-07-16 01:38:59.647 8 WARNING neutron.api.rpc.agentnotifiers.dhcp_rpc_agent_api [None req-8a46d2f9-0f56-4745-a79a-ee4bba1b81ce 626e9319834b4c48858acfe7ab9cde5d 85ca5c7fe03549d1ba30a5cdd5916f1c - - default default] Unable to schedule network 2e110e65-f334-49cd-b52f-7c0476d9d3bb: no agents available; will retry on subsequent port and subnet creation events.
2026-07-16 01:38:59.691 7 INFO neutron.db.ovn_revision_numbers_db [None req-1548d721-d4b6-4e02-8e40-b169ca548335 e0f61cd13ca64d6a94a3e5f452fd3f24 15ac1df065f34f4ba2d6b90024f9ec88 - - default default] Successfully bumped revision number for resource 54dd1565-2efc-4d4f-88c1-cc2d369e5a88 (type: floatingips) to 1
2026-07-16 01:38:59.805 7 INFO neutron.db.ovn_revision_numbers_db [None req-1548d721-d4b6-4e02-8e40-b169ca548335 e0f61cd13ca64d6a94a3e5f452fd3f24 15ac1df065f34f4ba2d6b90024f9ec88 - - default default] Successfully bumped revision number for resource 54dd1565-2efc-4d4f-88c1-cc2d369e5a88 (type: floatingips) to 2
2026-07-16 01:38:59.806 7 INFO neutron.db.l3_db [None req-1548d721-d4b6-4e02-8e40-b169ca548335 e0f61cd13ca64d6a94a3e5f452fd3f24 15ac1df065f34f4ba2d6b90024f9ec88 - - default default] Floating IP 54dd1565-2efc-4d4f-88c1-cc2d369e5a88 associated. External IP: 10.96.250.217, port: 1bdb1971-f60b-414b-8b13-36ef29ef9200. [pid: 7|app: 0|req: 962/1953] 10.0.0.94 () {34 vars in 748 bytes} [Thu Jul 16 01:38:59 2026] PUT /v2.0/floatingips/54dd1565-2efc-4d4f-88c1-cc2d369e5a88 => generated 855 bytes in 638 msecs (HTTP/1.1 200) 4 headers in 157 bytes (1 switches on core 0) [pid: 7|app: 0|req: 963/1954] 10.0.0.94 () {32 vars in 670 bytes} [Thu Jul 16 01:38:59 2026] GET /v2.0/vpn/endpoint-groups => generated 1190 bytes in 18 msecs (HTTP/1.1 200) 4 headers in 158 bytes (1 switches on core 0)
2026-07-16 01:38:59.871 7 INFO neutron.notifiers.nova [-] Nova event matching ['req-38f0667d-f0a0-4135-a261-4db0ab30a662'] response: {'name': 'network-changed', 'server_uuid': 'ec0a86a7-40b3-4ac7-9fc1-60d93e1a556d', 'tag': '1bdb1971-f60b-414b-8b13-36ef29ef9200', 'status': 'completed', 'code': 200} [pid: 7|app: 0|req: 966/1957] 10.0.0.94 () {32 vars in 747 bytes} [Thu Jul 16 01:38:59 2026] DELETE /v2.0/vpn/endpoint-groups/2dabca26-f0b3-4470-85aa-7733eee4a6a7 => generated 0 bytes in 29 msecs (HTTP/1.1 204) 2 headers in 112 bytes (1 switches on core 0) [pid: 7|app: 0|req: 967/1958] 10.0.0.94 () {32 vars in 670 bytes} [Thu Jul 16 01:38:59 2026] GET /v2.0/vpn/endpoint-groups => generated 915 bytes in 12 msecs (HTTP/1.1 200) 4 headers in 157 bytes (1 switches on core 0) [pid: 7|app: 0|req: 968/1959] 10.0.0.94 () {32 vars in 670 bytes} [Thu Jul 16 01:38:59 2026] GET /v2.0/vpn/endpoint-groups => generated 915 bytes in 12 msecs (HTTP/1.1 200) 4 headers in 157 bytes (1 switches on core 0) [pid: 7|app: 0|req: 969/1960] 10.0.0.94 () {32 vars in 747 bytes} [Thu Jul 16 01:38:59 2026] DELETE /v2.0/vpn/endpoint-groups/c555e236-a78e-485c-92a0-cde11e18742b => generated 0 bytes in 25 msecs (HTTP/1.1 204) 2 headers in 112 bytes (1 switches on core 0) [pid: 7|app: 0|req: 970/1961] 10.0.0.94 () {32 vars in 670 bytes} [Thu Jul 16 01:38:59 2026] GET /v2.0/vpn/endpoint-groups => generated 632 bytes in 10 msecs (HTTP/1.1 200) 4 headers in 157 bytes (1 switches on core 0) [pid: 7|app: 0|req: 971/1962] 10.0.0.94 () {34 vars in 692 bytes} [Thu Jul 16 01:38:59 2026] POST /v2.0/vpn/endpoint-groups => generated 301 bytes in 60 msecs (HTTP/1.1 201) 4 headers in 162 bytes (1 switches on core 0) [pid: 7|app: 0|req: 972/1963] 10.0.0.94 () {34 vars in 692 bytes} [Thu Jul 16 01:39:00 2026] POST /v2.0/vpn/endpoint-groups => generated 294 bytes in 42 msecs (HTTP/1.1 201) 4 headers in 162 bytes (1 switches on core 0)
