2026-07-16 01:39:26.382 8 INFO neutron.plugins.ml2.drivers.ovn.mech_driver.mech_driver [None req-a0cbdda4-c011-40a9-a66d-8bf9d71fa8ef - - - - - -] OVN reports status down for port: d130e2a2-a9b7-45d4-9c92-afa105f64c70
2026-07-16 01:39:26.430 8 INFO neutron.db.ovn_revision_numbers_db [None req-75312a75-36bc-4762-91fe-c85c9658c48b 23999bba6f444779a30024448f9049f8 c61a47e6fd9641b4927792c2e16e8a79 - - default default] Successfully bumped revision number for resource d130e2a2-a9b7-45d4-9c92-afa105f64c70 (type: ports) to 1 [pid: 7|app: 0|req: 1104/2165] 10.0.0.94 () {32 vars in 739 bytes} [Thu Jul 16 01:39:24 2026] DELETE /v2.0/vpn/vpnservices/8ef64ef5-7dfa-4e56-9ce9-86479be33b31 => generated 0 bytes in 1909 msecs (HTTP/1.1 204) 2 headers in 112 bytes (1 switches on core 0) /var/lib/openstack/lib/python3.12/site-packages/pycadf/identifier.py:70: UserWarning: Invalid uuid: neutron. To ensure interoperability, identifiers should be a valid uuid. warnings.warn(('Invalid uuid: %s. To ensure interoperability, '
2026-07-16 01:39:26.510 7 INFO neutron.services.segments.plugin [-] Segment f177614e-a5e3-4405-a0a9-dbf85556b776 resource provider aggregate not found
2026-07-16 01:39:26.513 7 INFO neutron.services.segments.plugin [-] Segment f177614e-a5e3-4405-a0a9-dbf85556b776 resource provider aggregate not found [pid: 7|app: 0|req: 1105/2166] 10.0.0.94 () {32 vars in 773 bytes} [Thu Jul 16 01:39:26 2026] GET /v2.0/security-groups?tenant_id=15ac1df065f34f4ba2d6b90024f9ec88&name=default => generated 2925 bytes in 69 msecs (HTTP/1.1 200) 4 headers in 158 bytes (1 switches on core 0)
2026-07-16 01:39:26.541 7 INFO neutron.services.segments.plugin [-] Client error retrieving segment f177614e-a5e3-4405-a0a9-dbf85556b776 resource provider; error: Placement Client Error (4xx): {"errors": [{"status": 404, "title": "Not Found", "detail": "The resource could not be found.\n\n No resource provider with uuid f177614e-a5e3-4405-a0a9-dbf85556b776 found for delete ", "request_id": "req-2f1219c9-45e4-43e6-a803-6d4a96188ebd"}]}
2026-07-16 01:39:26.549 7 INFO neutron.services.segments.plugin [-] Client error retrieving segment f177614e-a5e3-4405-a0a9-dbf85556b776 resource provider; error: Placement Client Error (4xx): {"errors": [{"status": 404, "title": "Not Found", "detail": "The resource could not be found.\n\n No resource provider with uuid f177614e-a5e3-4405-a0a9-dbf85556b776 found for delete ", "request_id": "req-49b69e00-4406-42e7-b67d-2c787df1993a"}]} [pid: 7|app: 0|req: 1106/2167] 10.0.0.94 () {32 vars in 720 bytes} [Thu Jul 16 01:39:26 2026] GET /v2.0/routers/89bdd5d3-7809-4697-9e7b-b3a0ae36e3ce => generated 942 bytes in 65 msecs (HTTP/1.1 200) 4 headers in 157 bytes (1 switches on core 0) [pid: 7|app: 0|req: 1107/2168] 10.0.0.94 () {32 vars in 739 bytes} [Thu Jul 16 01:39:26 2026] DELETE /v2.0/security-groups/604ac27c-02a4-4b8e-95cc-64c1bbbafbda => generated 0 bytes in 193 msecs (HTTP/1.1 204) 2 headers in 112 bytes (1 switches on core 0)
2026-07-16 01:39:26.915 8 INFO neutron.plugins.ml2.drivers.ovn.mech_driver.mech_driver [None req-a0cbdda4-c011-40a9-a66d-8bf9d71fa8ef - - - - - -] OVN reports status up for port: d130e2a2-a9b7-45d4-9c92-afa105f64c70
2026-07-16 01:39:26.936 8 INFO neutron.plugins.ml2.plugin [None req-a0cbdda4-c011-40a9-a66d-8bf9d71fa8ef - - - - - -] Attempt 1 to provision port d130e2a2-a9b7-45d4-9c92-afa105f64c70
2026-07-16 01:39:27.015 8 WARNING neutron.scheduler.dhcp_agent_scheduler [None req-75312a75-36bc-4762-91fe-c85c9658c48b 23999bba6f444779a30024448f9049f8 c61a47e6fd9641b4927792c2e16e8a79 - - default default] No more DHCP agents
2026-07-16 01:39:27.024 8 WARNING neutron.api.rpc.agentnotifiers.dhcp_rpc_agent_api [None req-75312a75-36bc-4762-91fe-c85c9658c48b 23999bba6f444779a30024448f9049f8 c61a47e6fd9641b4927792c2e16e8a79 - - default default] Unable to schedule network 7eb7c6ab-f9f8-46f6-96df-b68ff689649e: no agents available; will retry on subsequent port and subnet creation events.
2026-07-16 01:39:27.401 8 INFO neutron.db.ovn_revision_numbers_db [None req-75312a75-36bc-4762-91fe-c85c9658c48b 23999bba6f444779a30024448f9049f8 c61a47e6fd9641b4927792c2e16e8a79 - - default default] Successfully bumped revision number for resource d130e2a2-a9b7-45d4-9c92-afa105f64c70 (type: router_ports) to 1 [pid: 8|app: 0|req: 1062/2169] 10.0.0.94 () {34 vars in 782 bytes} [Thu Jul 16 01:39:25 2026] PUT /v2.0/routers/6320d142-82d5-4283-9a72-6d4f5e01b348/add_router_interface => generated 309 bytes in 1491 msecs (HTTP/1.1 200) 4 headers in 157 bytes (1 switches on core 0)
2026-07-16 01:39:27.556 8 INFO neutron.db.ovn_revision_numbers_db [None req-a0cbdda4-c011-40a9-a66d-8bf9d71fa8ef - - - - - -] Successfully bumped revision number for resource d130e2a2-a9b7-45d4-9c92-afa105f64c70 (type: ports) to 2 [pid: 8|app: 0|req: 1063/2170] 10.0.0.167 () {30 vars in 650 bytes} [Thu Jul 16 01:39:27 2026] GET /v2.0/extensions => generated 20118 bytes in 258 msecs (HTTP/1.1 200) 4 headers in 159 bytes (1 switches on core 0) [pid: 8|app: 0|req: 1064/2171] 10.0.0.94 () {32 vars in 716 bytes} [Thu Jul 16 01:39:27 2026] GET /v2.0/ports/d130e2a2-a9b7-45d4-9c92-afa105f64c70 => generated 943 bytes in 31 msecs (HTTP/1.1 200) 4 headers in 157 bytes (1 switches on core 0) [pid: 8|app: 0|req: 1065/2172] 10.0.0.167 () {30 vars in 724 bytes} [Thu Jul 16 01:39:27 2026] GET /v2.0/quotas/edfb1861b41e49028cc9f889eea4d91a/details => generated 847 bytes in 97 msecs (HTTP/1.1 200) 4 headers in 157 bytes (1 switches on core 0)
2026-07-16 01:39:27.960 7 INFO neutron.db.ovn_revision_numbers_db [None req-1618d1d6-fcdd-42e3-9f5c-1549111a2f89 1c8eeef7954349268eb2cc38588e045e 3201f5601a0a4aaa9170a77c3cf90bb9 - - default default] Successfully bumped revision number for resource 89bdd5d3-7809-4697-9e7b-b3a0ae36e3ce (type: routers) to 11 [pid: 7|app: 0|req: 1108/2173] 10.0.0.94 () {34 vars in 741 bytes} [Thu Jul 16 01:39:26 2026] PUT /v2.0/routers/89bdd5d3-7809-4697-9e7b-b3a0ae36e3ce => generated 942 bytes in 1169 msecs (HTTP/1.1 200) 4 headers in 157 bytes (1 switches on core 0) [pid: 7|app: 0|req: 1109/2174] 10.0.0.94 () {32 vars in 735 bytes} [Thu Jul 16 01:39:27 2026] GET /v2.0/ports?device_id=89bdd5d3-7809-4697-9e7b-b3a0ae36e3ce => generated 946 bytes in 70 msecs (HTTP/1.1 200) 4 headers in 157 bytes (1 switches on core 0)
2026-07-16 01:39:28.153 8 WARNING neutron.scheduler.dhcp_agent_scheduler [None req-27d72813-66c2-4319-ada8-98a7c7fa7d53 23999bba6f444779a30024448f9049f8 c61a47e6fd9641b4927792c2e16e8a79 - - default default] No more DHCP agents
2026-07-16 01:39:28.154 8 WARNING neutron.api.rpc.agentnotifiers.dhcp_rpc_agent_api [None req-27d72813-66c2-4319-ada8-98a7c7fa7d53 23999bba6f444779a30024448f9049f8 c61a47e6fd9641b4927792c2e16e8a79 - - default default] Unable to schedule network d8267ebf-6f08-4cd8-830b-d75418a032cb: no agents available; will retry on subsequent port and subnet creation events.
2026-07-16 01:39:28.323 8 INFO neutron.db.ovn_revision_numbers_db [None req-27d72813-66c2-4319-ada8-98a7c7fa7d53 23999bba6f444779a30024448f9049f8 c61a47e6fd9641b4927792c2e16e8a79 - - default default] Successfully bumped revision number for resource 23646e33-99bb-4f98-9414-2bf2356f70c8 (type: ports) to 1
2026-07-16 01:39:28.357 7 INFO neutron_taas.services.taas.taas_plugin [None req-59a39c56-f840-4d37-8550-4cbdd653167f 1c8eeef7954349268eb2cc38588e045e 3201f5601a0a4aaa9170a77c3cf90bb9 - - default default] TaaS: Handle Delete Port: 2b0cb140-929c-4b9b-a0e6-927d189d3194
2026-07-16 01:39:28.360 7 INFO neutron_taas.services.taas.tap_mirror_plugin [None req-59a39c56-f840-4d37-8550-4cbdd653167f 1c8eeef7954349268eb2cc38588e045e 3201f5601a0a4aaa9170a77c3cf90bb9 - - default default] Tap Mirror: Handle Delete Port: 2b0cb140-929c-4b9b-a0e6-927d189d3194 [pid: 7|app: 0|req: 1110/2175] 10.0.0.94 () {34 vars in 788 bytes} [Thu Jul 16 01:39:28 2026] PUT /v2.0/routers/89bdd5d3-7809-4697-9e7b-b3a0ae36e3ce/remove_router_interface => generated 309 bytes in 800 msecs (HTTP/1.1 200) 4 headers in 157 bytes (1 switches on core 0) /var/lib/openstack/lib/python3.12/site-packages/pycadf/identifier.py:70: UserWarning: Invalid uuid: neutron. To ensure interoperability, identifiers should be a valid uuid. warnings.warn(('Invalid uuid: %s. To ensure interoperability, '
2026-07-16 01:39:28.904 8 WARNING neutron.scheduler.dhcp_agent_scheduler [None req-27d72813-66c2-4319-ada8-98a7c7fa7d53 23999bba6f444779a30024448f9049f8 c61a47e6fd9641b4927792c2e16e8a79 - - default default] No more DHCP agents
2026-07-16 01:39:28.906 8 WARNING neutron.api.rpc.agentnotifiers.dhcp_rpc_agent_api [None req-27d72813-66c2-4319-ada8-98a7c7fa7d53 23999bba6f444779a30024448f9049f8 c61a47e6fd9641b4927792c2e16e8a79 - - default default] Unable to schedule network d8267ebf-6f08-4cd8-830b-d75418a032cb: no agents available; will retry on subsequent port and subnet creation events.
2026-07-16 01:39:29.138 8 INFO neutron.db.ovn_revision_numbers_db [None req-27d72813-66c2-4319-ada8-98a7c7fa7d53 23999bba6f444779a30024448f9049f8 c61a47e6fd9641b4927792c2e16e8a79 - - default default] Successfully bumped revision number for resource 23646e33-99bb-4f98-9414-2bf2356f70c8 (type: router_ports) to 1 [pid: 8|app: 0|req: 1066/2176] 10.0.0.94 () {34 vars in 782 bytes} [Thu Jul 16 01:39:27 2026] PUT /v2.0/routers/6320d142-82d5-4283-9a72-6d4f5e01b348/add_router_interface => generated 309 bytes in 1333 msecs (HTTP/1.1 200) 4 headers in 157 bytes (1 switches on core 0) [pid: 8|app: 0|req: 1067/2177] 10.0.0.94 () {32 vars in 716 bytes} [Thu Jul 16 01:39:29 2026] GET /v2.0/ports/23646e33-99bb-4f98-9414-2bf2356f70c8 => generated 941 bytes in 37 msecs (HTTP/1.1 200) 4 headers in 157 bytes (1 switches on core 0)
2026-07-16 01:39:29.223 7 INFO neutron_taas.services.taas.taas_plugin [None req-119546fe-5d2a-450f-93fc-f8df2aec2c2b 1c8eeef7954349268eb2cc38588e045e 3201f5601a0a4aaa9170a77c3cf90bb9 - - default default] TaaS: Handle Delete Port: 0dd6d4cc-94f0-4907-b93a-3734da896ccb
2026-07-16 01:39:29.226 7 INFO neutron_taas.services.taas.tap_mirror_plugin [None req-119546fe-5d2a-450f-93fc-f8df2aec2c2b 1c8eeef7954349268eb2cc38588e045e 3201f5601a0a4aaa9170a77c3cf90bb9 - - default default] Tap Mirror: Handle Delete Port: 0dd6d4cc-94f0-4907-b93a-3734da896ccb [pid: 8|app: 0|req: 1068/2178] 10.0.0.94 () {32 vars in 716 bytes} [Thu Jul 16 01:39:29 2026] GET /v2.0/ports/23646e33-99bb-4f98-9414-2bf2356f70c8 => generated 941 bytes in 35 msecs (HTTP/1.1 200) 4 headers in 157 bytes (1 switches on core 0) [pid: 7|app: 0|req: 1111/2181] 10.0.0.94 () {32 vars in 723 bytes} [Thu Jul 16 01:39:28 2026] DELETE /v2.0/routers/89bdd5d3-7809-4697-9e7b-b3a0ae36e3ce => generated 0 bytes in 721 msecs (HTTP/1.1 204) 2 headers in 112 bytes (1 switches on core 0) [pid: 8|app: 0|req: 1071/2182] 10.0.0.94 () {32 vars in 720 bytes} [Thu Jul 16 01:39:29 2026] GET /v2.0/routers/3a352768-06bf-49b8-9955-585bd06ea6dd => generated 943 bytes in 81 msecs (HTTP/1.1 200) 4 headers in 157 bytes (1 switches on core 0) [pid: 8|app: 0|req: 1072/2183] 10.0.0.167 () {30 vars in 650 bytes} [Thu Jul 16 01:39:29 2026] GET /v2.0/extensions => generated 20118 bytes in 8 msecs (HTTP/1.1 200) 4 headers in 159 bytes (1 switches on core 0) [pid: 8|app: 0|req: 1073/2184] 10.0.0.167 () {30 vars in 724 bytes} [Thu Jul 16 01:39:29 2026] GET /v2.0/quotas/edfb1861b41e49028cc9f889eea4d91a/details => generated 847 bytes in 73 msecs (HTTP/1.1 200) 4 headers in 157 bytes (1 switches on core 0) [pid: 8|app: 0|req: 1074/2185] 10.0.0.94 () {32 vars in 716 bytes} [Thu Jul 16 01:39:30 2026] GET /v2.0/ports/23646e33-99bb-4f98-9414-2bf2356f70c8 => generated 941 bytes in 87 msecs (HTTP/1.1 200) 4 headers in 157 bytes (1 switches on core 0)
2026-07-16 01:39:30.336 7 INFO neutron.db.ovn_revision_numbers_db [None req-b800651c-0e56-4662-9249-35f7b3e00e3f 1c8eeef7954349268eb2cc38588e045e 3201f5601a0a4aaa9170a77c3cf90bb9 - - default default] Successfully bumped revision number for resource 3a352768-06bf-49b8-9955-585bd06ea6dd (type: routers) to 5 [pid: 7|app: 0|req: 1112/2186] 10.0.0.94 () {34 vars in 741 bytes} [Thu Jul 16 01:39:29 2026] PUT /v2.0/routers/3a352768-06bf-49b8-9955-585bd06ea6dd => generated 943 bytes in 675 msecs (HTTP/1.1 200) 4 headers in 157 bytes (1 switches on core 0) [pid: 8|app: 0|req: 1075/2187] 10.0.0.94 () {32 vars in 735 bytes} [Thu Jul 16 01:39:30 2026] GET /v2.0/ports?device_id=3a352768-06bf-49b8-9955-585bd06ea6dd => generated 950 bytes in 93 msecs (HTTP/1.1 200) 4 headers in 157 bytes (1 switches on core 0)
2026-07-16 01:39:30.739 7 INFO neutron_taas.services.taas.taas_plugin [None req-b08793f5-e8fc-419a-b187-d55a0142d9f2 1c8eeef7954349268eb2cc38588e045e 3201f5601a0a4aaa9170a77c3cf90bb9 - - default default] TaaS: Handle Delete Port: dcdffe9b-9fb4-4287-8fcd-849580d675c9
2026-07-16 01:39:30.742 7 INFO neutron_taas.services.taas.tap_mirror_plugin [None req-b08793f5-e8fc-419a-b187-d55a0142d9f2 1c8eeef7954349268eb2cc38588e045e 3201f5601a0a4aaa9170a77c3cf90bb9 - - default default] Tap Mirror: Handle Delete Port: dcdffe9b-9fb4-4287-8fcd-849580d675c9 [pid: 7|app: 0|req: 1113/2188] 10.0.0.94 () {34 vars in 788 bytes} [Thu Jul 16 01:39:30 2026] PUT /v2.0/routers/3a352768-06bf-49b8-9955-585bd06ea6dd/remove_router_interface => generated 309 bytes in 771 msecs (HTTP/1.1 200) 4 headers in 157 bytes (1 switches on core 0) /var/lib/openstack/lib/python3.12/site-packages/pycadf/identifier.py:70: UserWarning: Invalid uuid: neutron. To ensure interoperability, identifiers should be a valid uuid. warnings.warn(('Invalid uuid: %s. To ensure interoperability, '
2026-07-16 01:39:31.408 8 WARNING neutron.scheduler.dhcp_agent_scheduler [None req-c61bea49-08d9-4f78-96a4-18e6d57942c3 1f215b8df3a143fa839d9f695268d69a 4f15999d3c284cb694d779f9a0a382c6 - - default default] No more DHCP agents
2026-07-16 01:39:31.409 8 WARNING neutron.api.rpc.agentnotifiers.dhcp_rpc_agent_api [None req-c61bea49-08d9-4f78-96a4-18e6d57942c3 1f215b8df3a143fa839d9f695268d69a 4f15999d3c284cb694d779f9a0a382c6 - - default default] Unable to schedule network 2e110e65-f334-49cd-b52f-7c0476d9d3bb: no agents available; will retry on subsequent port and subnet creation events.
2026-07-16 01:39:31.544 7 INFO neutron_taas.services.taas.taas_plugin [None req-ccfa1038-8cc5-476d-9a40-cd1d5a1731e1 1c8eeef7954349268eb2cc38588e045e 3201f5601a0a4aaa9170a77c3cf90bb9 - - default default] TaaS: Handle Delete Port: 4ff1368c-6344-48ec-ae9d-24beffbafa9c
2026-07-16 01:39:31.548 7 INFO neutron_taas.services.taas.tap_mirror_plugin [None req-ccfa1038-8cc5-476d-9a40-cd1d5a1731e1 1c8eeef7954349268eb2cc38588e045e 3201f5601a0a4aaa9170a77c3cf90bb9 - - default default] Tap Mirror: Handle Delete Port: 4ff1368c-6344-48ec-ae9d-24beffbafa9c [pid: 8|app: 0|req: 1076/2189] 10.0.0.94 () {34 vars in 675 bytes} [Thu Jul 16 01:39:30 2026] POST /v2.0/floatingips => generated 552 bytes in 695 msecs (HTTP/1.1 201) 4 headers in 162 bytes (1 switches on core 0) [pid: 8|app: 0|req: 1077/2190] 10.0.0.94 () {32 vars in 716 bytes} [Thu Jul 16 01:39:31 2026] GET /v2.0/ports/23646e33-99bb-4f98-9414-2bf2356f70c8 => generated 941 bytes in 38 msecs (HTTP/1.1 200) 4 headers in 157 bytes (1 switches on core 0) [pid: 7|app: 0|req: 1114/2191] 10.0.0.94 () {32 vars in 723 bytes} [Thu Jul 16 01:39:31 2026] DELETE /v2.0/routers/3a352768-06bf-49b8-9955-585bd06ea6dd => generated 0 bytes in 675 msecs (HTTP/1.1 204) 2 headers in 112 bytes (1 switches on core 0)
2026-07-16 01:39:31.959 8 WARNING neutron.scheduler.dhcp_agent_scheduler [None req-5ae12c3e-011e-4429-9ca9-11697ecfbc89 1f215b8df3a143fa839d9f695268d69a 4f15999d3c284cb694d779f9a0a382c6 - - default default] No more DHCP agents
2026-07-16 01:39:31.961 8 WARNING neutron.api.rpc.agentnotifiers.dhcp_rpc_agent_api [None req-5ae12c3e-011e-4429-9ca9-11697ecfbc89 1f215b8df3a143fa839d9f695268d69a 4f15999d3c284cb694d779f9a0a382c6 - - default default] Unable to schedule network 2e110e65-f334-49cd-b52f-7c0476d9d3bb: no agents available; will retry on subsequent port and subnet creation events. [pid: 7|app: 0|req: 1115/2192] 10.0.0.94 () {32 vars in 720 bytes} [Thu Jul 16 01:39:31 2026] GET /v2.0/routers/674f793f-5a91-4c0c-a6ac-69f9a178c9d9 => generated 942 bytes in 59 msecs (HTTP/1.1 200) 4 headers in 157 bytes (1 switches on core 0) [pid: 8|app: 0|req: 1078/2193] 10.0.0.94 () {34 vars in 675 bytes} [Thu Jul 16 01:39:31 2026] POST /v2.0/floatingips => generated 552 bytes in 505 msecs (HTTP/1.1 201) 4 headers in 162 bytes (1 switches on core 0)
2026-07-16 01:39:32.477 8 INFO neutron.db.ovn_revision_numbers_db [None req-2d7ba30e-46f6-46b0-b488-cc9a84a365a3 ae426aa6fd164f93957901582422f8f2 527ce43dc67d45e9aff5fd03f00f309a - - default default] Successfully bumped revision number for resource 6a8f61f6-b18f-4aaa-bc7b-8043cebe0545 (type: security_groups) to 1
2026-07-16 01:39:32.488 8 INFO neutron.db.ovn_revision_numbers_db [None req-2d7ba30e-46f6-46b0-b488-cc9a84a365a3 ae426aa6fd164f93957901582422f8f2 527ce43dc67d45e9aff5fd03f00f309a - - default default] Successfully bumped revision number for resource 1dc49eaf-4be2-47d0-85d0-b7d4943bfd6c (type: security_group_rules) to 0
2026-07-16 01:39:32.502 8 INFO neutron.db.ovn_revision_numbers_db [None req-2d7ba30e-46f6-46b0-b488-cc9a84a365a3 ae426aa6fd164f93957901582422f8f2 527ce43dc67d45e9aff5fd03f00f309a - - default default] Successfully bumped revision number for resource 66dce975-070b-47a9-935c-9daff2c14027 (type: security_group_rules) to 0
2026-07-16 01:39:32.515 8 INFO neutron.db.ovn_revision_numbers_db [None req-2d7ba30e-46f6-46b0-b488-cc9a84a365a3 ae426aa6fd164f93957901582422f8f2 527ce43dc67d45e9aff5fd03f00f309a - - default default] Successfully bumped revision number for resource b1932376-caa7-4285-9e44-edaa73b9cc60 (type: security_group_rules) to 0
2026-07-16 01:39:32.527 8 INFO neutron.db.ovn_revision_numbers_db [None req-2d7ba30e-46f6-46b0-b488-cc9a84a365a3 ae426aa6fd164f93957901582422f8f2 527ce43dc67d45e9aff5fd03f00f309a - - default default] Successfully bumped revision number for resource ce9b8e76-f49e-4cde-b294-a8f70c7e2188 (type: security_group_rules) to 0 [pid: 8|app: 0|req: 1079/2194] 10.0.0.94 () {32 vars in 773 bytes} [Thu Jul 16 01:39:32 2026] GET /v2.0/security-groups?tenant_id=edfb1861b41e49028cc9f889eea4d91a&name=default => generated 2925 bytes in 340 msecs (HTTP/1.1 200) 4 headers in 158 bytes (1 switches on core 0)
2026-07-16 01:39:32.618 7 INFO neutron.db.ovn_revision_numbers_db [None req-692d4ef5-6b64-4c95-9602-d43c65a81d5a 1c8eeef7954349268eb2cc38588e045e 3201f5601a0a4aaa9170a77c3cf90bb9 - - default default] Successfully bumped revision number for resource 674f793f-5a91-4c0c-a6ac-69f9a178c9d9 (type: routers) to 5 [pid: 7|app: 0|req: 1116/2195] 10.0.0.94 () {34 vars in 741 bytes} [Thu Jul 16 01:39:31 2026] PUT /v2.0/routers/674f793f-5a91-4c0c-a6ac-69f9a178c9d9 => generated 942 bytes in 653 msecs (HTTP/1.1 200) 4 headers in 157 bytes (1 switches on core 0)
2026-07-16 01:39:32.788 8 WARNING neutron.scheduler.dhcp_agent_scheduler [None req-49fbad4e-f965-4ac0-8c1f-eeb4cc9b1db6 1f215b8df3a143fa839d9f695268d69a 4f15999d3c284cb694d779f9a0a382c6 - - default default] No more DHCP agents
2026-07-16 01:39:32.789 8 WARNING neutron.api.rpc.agentnotifiers.dhcp_rpc_agent_api [None req-49fbad4e-f965-4ac0-8c1f-eeb4cc9b1db6 1f215b8df3a143fa839d9f695268d69a 4f15999d3c284cb694d779f9a0a382c6 - - default default] Unable to schedule network 2e110e65-f334-49cd-b52f-7c0476d9d3bb: no agents available; will retry on subsequent port and subnet creation events. [pid: 7|app: 0|req: 1117/2196] 10.0.0.94 () {32 vars in 739 bytes} [Thu Jul 16 01:39:32 2026] DELETE /v2.0/security-groups/6a8f61f6-b18f-4aaa-bc7b-8043cebe0545 => generated 0 bytes in 208 msecs (HTTP/1.1 204) 2 headers in 112 bytes (1 switches on core 0) [pid: 7|app: 0|req: 1118/2197] 10.0.0.94 () {32 vars in 735 bytes} [Thu Jul 16 01:39:32 2026] GET /v2.0/ports?device_id=674f793f-5a91-4c0c-a6ac-69f9a178c9d9 => generated 950 bytes in 70 msecs (HTTP/1.1 200) 4 headers in 157 bytes (1 switches on core 0) [pid: 7|app: 0|req: 1119/2198] 10.0.0.94 () {32 vars in 716 bytes} [Thu Jul 16 01:39:32 2026] GET /v2.0/ports/23646e33-99bb-4f98-9414-2bf2356f70c8 => generated 941 bytes in 74 msecs (HTTP/1.1 200) 4 headers in 157 bytes (1 switches on core 0) [pid: 8|app: 0|req: 1080/2199] 10.0.0.94 () {34 vars in 675 bytes} [Thu Jul 16 01:39:32 2026] POST /v2.0/floatingips => generated 552 bytes in 485 msecs (HTTP/1.1 201) 4 headers in 162 bytes (1 switches on core 0)
2026-07-16 01:39:33.231 7 INFO neutron_taas.services.taas.taas_plugin [None req-7e578ce7-1b89-4ff7-b085-534510ef42cd 1c8eeef7954349268eb2cc38588e045e 3201f5601a0a4aaa9170a77c3cf90bb9 - - default default] TaaS: Handle Delete Port: 5fa367e0-53c1-46c8-9eaa-0b8cf641e6c6
2026-07-16 01:39:33.233 7 INFO neutron_taas.services.taas.tap_mirror_plugin [None req-7e578ce7-1b89-4ff7-b085-534510ef42cd 1c8eeef7954349268eb2cc38588e045e 3201f5601a0a4aaa9170a77c3cf90bb9 - - default default] Tap Mirror: Handle Delete Port: 5fa367e0-53c1-46c8-9eaa-0b8cf641e6c6
2026-07-16 01:39:33.265 8 WARNING neutron.scheduler.dhcp_agent_scheduler [None req-06e61849-e1f1-4d25-96b2-cbcbe7fc428e 1f215b8df3a143fa839d9f695268d69a 4f15999d3c284cb694d779f9a0a382c6 - - default default] No more DHCP agents
2026-07-16 01:39:33.266 8 WARNING neutron.api.rpc.agentnotifiers.dhcp_rpc_agent_api [None req-06e61849-e1f1-4d25-96b2-cbcbe7fc428e 1f215b8df3a143fa839d9f695268d69a 4f15999d3c284cb694d779f9a0a382c6 - - default default] Unable to schedule network 2e110e65-f334-49cd-b52f-7c0476d9d3bb: no agents available; will retry on subsequent port and subnet creation events.
2026-07-16 01:39:33.573 8 WARNING neutron.plugins.ml2.drivers.ovn.mech_driver.ovsdb.ovn_client [None req-bf96150b-7ada-457e-9196-c1251457dd6b - - - - - -] No hosting information found for port d130e2a2-a9b7-45d4-9c92-afa105f64c70: RuntimeError: No hosting information found for port d130e2a2-a9b7-45d4-9c92-afa105f64c70 [pid: 8|app: 0|req: 1081/2200] 10.0.0.94 () {34 vars in 675 bytes} [Thu Jul 16 01:39:33 2026] POST /v2.0/floatingips => generated 552 bytes in 555 msecs (HTTP/1.1 201) 4 headers in 162 bytes (1 switches on core 0)
2026-07-16 01:39:33.690 8 INFO neutron.db.ovn_revision_numbers_db [None req-bf96150b-7ada-457e-9196-c1251457dd6b - - - - - -] Successfully bumped revision number for resource d130e2a2-a9b7-45d4-9c92-afa105f64c70 (type: router_ports) to 2
2026-07-16 01:39:33.776 8 INFO neutron.plugins.ml2.drivers.ovn.mech_driver.mech_driver [None req-bf96150b-7ada-457e-9196-c1251457dd6b - - - - - -] OVN reports status down for port: 23646e33-99bb-4f98-9414-2bf2356f70c8 [pid: 7|app: 0|req: 1120/2201] 10.0.0.94 () {34 vars in 788 bytes} [Thu Jul 16 01:39:32 2026] PUT /v2.0/routers/674f793f-5a91-4c0c-a6ac-69f9a178c9d9/remove_router_interface => generated 309 bytes in 829 msecs (HTTP/1.1 200) 4 headers in 157 bytes (1 switches on core 0) /var/lib/openstack/lib/python3.12/site-packages/pycadf/identifier.py:70: UserWarning: Invalid uuid: neutron. To ensure interoperability, identifiers should be a valid uuid. warnings.warn(('Invalid uuid: %s. To ensure interoperability, '
2026-07-16 01:39:33.914 8 WARNING neutron.plugins.ml2.drivers.ovn.mech_driver.ovsdb.ovn_client [None req-bf96150b-7ada-457e-9196-c1251457dd6b - - - - - -] Logical_Switch_Port 23646e33-99bb-4f98-9414-2bf2356f70c8 host information not removed, the port state is up
2026-07-16 01:39:33.914 8 INFO neutron.plugins.ml2.drivers.ovn.mech_driver.mech_driver [None req-bf96150b-7ada-457e-9196-c1251457dd6b - - - - - -] OVN reports status up for port: 23646e33-99bb-4f98-9414-2bf2356f70c8
2026-07-16 01:39:33.933 8 INFO neutron.plugins.ml2.plugin [None req-bf96150b-7ada-457e-9196-c1251457dd6b - - - - - -] Attempt 1 to provision port 23646e33-99bb-4f98-9414-2bf2356f70c8
2026-07-16 01:39:33.972 8 WARNING neutron.scheduler.dhcp_agent_scheduler [None req-d2197787-5e2e-420f-8246-37c3181e19ef 1f215b8df3a143fa839d9f695268d69a 4f15999d3c284cb694d779f9a0a382c6 - - default default] No more DHCP agents
2026-07-16 01:39:33.974 8 WARNING neutron.api.rpc.agentnotifiers.dhcp_rpc_agent_api [None req-d2197787-5e2e-420f-8246-37c3181e19ef 1f215b8df3a143fa839d9f695268d69a 4f15999d3c284cb694d779f9a0a382c6 - - default default] Unable to schedule network 2e110e65-f334-49cd-b52f-7c0476d9d3bb: no agents available; will retry on subsequent port and subnet creation events.
2026-07-16 01:39:34.080 7 INFO neutron_taas.services.taas.taas_plugin [None req-49ebcee3-2137-4838-be6b-a420d2462c53 1c8eeef7954349268eb2cc38588e045e 3201f5601a0a4aaa9170a77c3cf90bb9 - - default default] TaaS: Handle Delete Port: fce2185a-4056-4387-9893-1619013d8025
2026-07-16 01:39:34.083 7 INFO neutron_taas.services.taas.tap_mirror_plugin [None req-49ebcee3-2137-4838-be6b-a420d2462c53 1c8eeef7954349268eb2cc38588e045e 3201f5601a0a4aaa9170a77c3cf90bb9 - - default default] Tap Mirror: Handle Delete Port: fce2185a-4056-4387-9893-1619013d8025 [pid: 7|app: 0|req: 1121/2202] 10.0.0.94 () {32 vars in 723 bytes} [Thu Jul 16 01:39:33 2026] DELETE /v2.0/routers/674f793f-5a91-4c0c-a6ac-69f9a178c9d9 => generated 0 bytes in 666 msecs (HTTP/1.1 204) 2 headers in 112 bytes (1 switches on core 0) [pid: 8|app: 0|req: 1082/2203] 10.0.0.94 () {34 vars in 675 bytes} [Thu Jul 16 01:39:33 2026] POST /v2.0/floatingips => generated 552 bytes in 880 msecs (HTTP/1.1 201) 4 headers in 162 bytes (1 switches on core 0) [pid: 7|app: 0|req: 1122/2204] 10.0.0.94 () {32 vars in 716 bytes} [Thu Jul 16 01:39:34 2026] GET /v2.0/ports/23646e33-99bb-4f98-9414-2bf2356f70c8 => generated 943 bytes in 35 msecs (HTTP/1.1 200) 4 headers in 157 bytes (1 switches on core 0)
2026-07-16 01:39:34.535 8 INFO neutron.api.v2.resource [None req-2a9d3181-825c-4074-8706-8013a275d068 1c8eeef7954349268eb2cc38588e045e 3201f5601a0a4aaa9170a77c3cf90bb9 - - default default] show failed (client error): The resource could not be found. [pid: 8|app: 0|req: 1083/2205] 10.0.0.94 () {32 vars in 720 bytes} [Thu Jul 16 01:39:34 2026] GET /v2.0/routers/4b458bb7-5f0d-4240-a6f7-a9dac14302b1 => generated 135 bytes in 45 msecs (HTTP/1.1 404) 4 headers in 164 bytes (1 switches on core 0) [pid: 7|app: 0|req: 1123/2206] 10.0.0.94 () {34 vars in 758 bytes} [Thu Jul 16 01:39:34 2026] PUT /v2.0/floatingips/257e439a-f128-44aa-954c-3cfc9129cf68/tags => generated 17 bytes in 71 msecs (HTTP/1.1 200) 4 headers in 156 bytes (1 switches on core 0)
2026-07-16 01:39:34.621 8 INFO neutron.db.ovn_revision_numbers_db [None req-bf96150b-7ada-457e-9196-c1251457dd6b - - - - - -] Successfully bumped revision number for resource 23646e33-99bb-4f98-9414-2bf2356f70c8 (type: ports) to 2 [pid: 7|app: 0|req: 1124/2207] 10.0.0.94 () {32 vars in 723 bytes} [Thu Jul 16 01:39:34 2026] DELETE /v2.0/subnets/b848faec-f913-4527-85a3-c1cbcd35a9f9 => generated 0 bytes in 192 msecs (HTTP/1.1 204) 3 headers in 131 bytes (1 switches on core 0) [pid: 7|app: 0|req: 1125/2208] 10.0.0.94 () {34 vars in 758 bytes} [Thu Jul 16 01:39:34 2026] PUT /v2.0/floatingips/bf0915e0-7577-4ab6-9775-115712f47753/tags => generated 25 bytes in 48 msecs (HTTP/1.1 200) 4 headers in 156 bytes (1 switches on core 0)
2026-07-16 01:39:34.946 8 INFO neutron_taas.services.taas.taas_plugin [None req-24014718-8fec-403c-814c-8cd8ee528976 23999bba6f444779a30024448f9049f8 c61a47e6fd9641b4927792c2e16e8a79 - - default default] TaaS: Handle Delete Port: 23646e33-99bb-4f98-9414-2bf2356f70c8
2026-07-16 01:39:34.950 8 INFO neutron_taas.services.taas.tap_mirror_plugin [None req-24014718-8fec-403c-814c-8cd8ee528976 23999bba6f444779a30024448f9049f8 c61a47e6fd9641b4927792c2e16e8a79 - - default default] Tap Mirror: Handle Delete Port: 23646e33-99bb-4f98-9414-2bf2356f70c8 [pid: 7|app: 0|req: 1126/2209] 10.0.0.94 () {32 vars in 723 bytes} [Thu Jul 16 01:39:34 2026] DELETE /v2.0/subnets/7363174c-66c3-4bfa-b5c1-47644db9028b => generated 0 bytes in 146 msecs (HTTP/1.1 204) 3 headers in 131 bytes (1 switches on core 0) [pid: 7|app: 0|req: 1127/2210] 10.0.0.94 () {34 vars in 758 bytes} [Thu Jul 16 01:39:34 2026] PUT /v2.0/floatingips/08724e98-0743-495e-a8be-71a9148ada64/tags => generated 34 bytes in 51 msecs (HTTP/1.1 200) 4 headers in 156 bytes (1 switches on core 0) [pid: 7|app: 0|req: 1128/2211] 10.0.0.94 () {32 vars in 723 bytes} [Thu Jul 16 01:39:35 2026] DELETE /v2.0/subnets/1ce6e662-c04b-4efb-bc02-f88329d78ee2 => generated 0 bytes in 241 msecs (HTTP/1.1 204) 3 headers in 131 bytes (1 switches on core 0) [pid: 7|app: 0|req: 1129/2212] 10.0.0.94 () {34 vars in 758 bytes} [Thu Jul 16 01:39:35 2026] PUT /v2.0/floatingips/415dc867-41d9-4c72-9f51-944f887cca46/tags => generated 19 bytes in 53 msecs (HTTP/1.1 200) 4 headers in 156 bytes (1 switches on core 0)
2026-07-16 01:39:35.334 7 INFO neutron.pecan_wsgi.hooks.translation [None req-a1218568-9402-43b1-b053-163c931fc0de 1c8eeef7954349268eb2cc38588e045e 3201f5601a0a4aaa9170a77c3cf90bb9 - - default default] DELETE failed (client error): The resource could not be found. [pid: 7|app: 0|req: 1130/2213] 10.0.0.94 () {32 vars in 723 bytes} [Thu Jul 16 01:39:35 2026] DELETE /v2.0/subnets/9b556993-8a87-4ecd-a372-5a58556c703d => generated 136 bytes in 15 msecs (HTTP/1.1 404) 4 headers in 164 bytes (1 switches on core 0) [pid: 8|app: 0|req: 1084/2214] 10.0.0.94 () {34 vars in 788 bytes} [Thu Jul 16 01:39:34 2026] PUT /v2.0/routers/6320d142-82d5-4283-9a72-6d4f5e01b348/remove_router_interface => generated 309 bytes in 832 msecs (HTTP/1.1 200) 4 headers in 157 bytes (1 switches on core 0) /var/lib/openstack/lib/python3.12/site-packages/pycadf/identifier.py:70: UserWarning: Invalid uuid: neutron. To ensure interoperability, identifiers should be a valid uuid. warnings.warn(('Invalid uuid: %s. To ensure interoperability, ' [pid: 7|app: 0|req: 1131/2215] 10.0.0.94 () {32 vars in 671 bytes} [Thu Jul 16 01:39:35 2026] GET /v2.0/floatingips?tags=red => generated 1671 bytes in 62 msecs (HTTP/1.1 200) 4 headers in 158 bytes (1 switches on core 0) [pid: 7|app: 0|req: 1132/2216] 10.0.0.94 () {32 vars in 716 bytes} [Thu Jul 16 01:39:35 2026] GET /v2.0/ports/d130e2a2-a9b7-45d4-9c92-afa105f64c70 => generated 943 bytes in 70 msecs (HTTP/1.1 200) 4 headers in 157 bytes (1 switches on core 0)
2026-07-16 01:39:35.512 8 INFO neutron_taas.services.taas.taas_plugin [None req-3dacd31b-5100-4c9f-b42d-70a12d9ab3e6 1c8eeef7954349268eb2cc38588e045e 3201f5601a0a4aaa9170a77c3cf90bb9 - - default default] TaaS: Handle Delete Port: cc6bd1d7-733c-4f14-b4f5-d57c520145fc
2026-07-16 01:39:35.515 8 INFO neutron_taas.services.taas.tap_mirror_plugin [None req-3dacd31b-5100-4c9f-b42d-70a12d9ab3e6 1c8eeef7954349268eb2cc38588e045e 3201f5601a0a4aaa9170a77c3cf90bb9 - - default default] Tap Mirror: Handle Delete Port: cc6bd1d7-733c-4f14-b4f5-d57c520145fc [pid: 7|app: 0|req: 1133/2217] 10.0.0.94 () {32 vars in 685 bytes} [Thu Jul 16 01:39:35 2026] GET /v2.0/floatingips?tags=red%2Cblue => generated 1128 bytes in 51 msecs (HTTP/1.1 200) 4 headers in 158 bytes (1 switches on core 0)
2026-07-16 01:39:35.769 8 INFO neutron.services.segments.plugin [-] Segment c1f20a43-1c55-4c69-8d04-bff9775a723b resource provider aggregate not found
2026-07-16 01:39:35.773 8 INFO neutron.services.segments.plugin [-] Segment c1f20a43-1c55-4c69-8d04-bff9775a723b resource provider aggregate not found
2026-07-16 01:39:35.788 8 INFO neutron.services.segments.plugin [-] Client error retrieving segment c1f20a43-1c55-4c69-8d04-bff9775a723b resource provider; error: Placement Client Error (4xx): {"errors": [{"status": 404, "title": "Not Found", "detail": "The resource could not be found.\n\n No resource provider with uuid c1f20a43-1c55-4c69-8d04-bff9775a723b found for delete ", "request_id": "req-1646e827-39ab-4127-91f9-9846325d8c5c"}]}
2026-07-16 01:39:35.793 8 INFO neutron.services.segments.plugin [-] Client error retrieving segment c1f20a43-1c55-4c69-8d04-bff9775a723b resource provider; error: Placement Client Error (4xx): {"errors": [{"status": 404, "title": "Not Found", "detail": "The resource could not be found.\n\n No resource provider with uuid c1f20a43-1c55-4c69-8d04-bff9775a723b found for delete ", "request_id": "req-f9fe64c0-8179-4cdb-9933-c4abb48e2cbe"}]} [pid: 8|app: 0|req: 1085/2218] 10.0.0.94 () {32 vars in 725 bytes} [Thu Jul 16 01:39:35 2026] DELETE /v2.0/networks/bd5d9a81-a637-46a7-b3cd-7479bb060495 => generated 0 bytes in 446 msecs (HTTP/1.1 204) 3 headers in 131 bytes (1 switches on core 0)
2026-07-16 01:39:35.846 7 INFO neutron_taas.services.taas.taas_plugin [None req-75ce75c2-2ca4-4768-9e3f-900f12e68eed 23999bba6f444779a30024448f9049f8 c61a47e6fd9641b4927792c2e16e8a79 - - default default] TaaS: Handle Delete Port: d130e2a2-a9b7-45d4-9c92-afa105f64c70
2026-07-16 01:39:35.848 7 INFO neutron_taas.services.taas.tap_mirror_plugin [None req-75ce75c2-2ca4-4768-9e3f-900f12e68eed 23999bba6f444779a30024448f9049f8 c61a47e6fd9641b4927792c2e16e8a79 - - default default] Tap Mirror: Handle Delete Port: d130e2a2-a9b7-45d4-9c92-afa105f64c70 [pid: 8|app: 0|req: 1086/2219] 10.0.0.94 () {32 vars in 681 bytes} [Thu Jul 16 01:39:35 2026] GET /v2.0/floatingips?tags-any=blue => generated 1128 bytes in 51 msecs (HTTP/1.1 200) 4 headers in 158 bytes (1 switches on core 0)
2026-07-16 01:39:35.969 8 INFO neutron_taas.services.taas.taas_plugin [None req-f772703c-217a-4e89-869c-fcd006b03df4 1c8eeef7954349268eb2cc38588e045e 3201f5601a0a4aaa9170a77c3cf90bb9 - - default default] TaaS: Handle Delete Port: c21435b4-07c1-4c8e-81c2-21390fde0934
2026-07-16 01:39:35.973 8 INFO neutron_taas.services.taas.tap_mirror_plugin [None req-f772703c-217a-4e89-869c-fcd006b03df4 1c8eeef7954349268eb2cc38588e045e 3201f5601a0a4aaa9170a77c3cf90bb9 - - default default] Tap Mirror: Handle Delete Port: c21435b4-07c1-4c8e-81c2-21390fde0934 [pid: 7|app: 0|req: 1134/2220] 10.0.0.94 () {34 vars in 788 bytes} [Thu Jul 16 01:39:35 2026] PUT /v2.0/routers/6320d142-82d5-4283-9a72-6d4f5e01b348/remove_router_interface => generated 309 bytes in 629 msecs (HTTP/1.1 200) 4 headers in 157 bytes (1 switches on core 0) /var/lib/openstack/lib/python3.12/site-packages/pycadf/identifier.py:70: UserWarning: Invalid uuid: neutron. To ensure interoperability, identifiers should be a valid uuid. warnings.warn(('Invalid uuid: %s. To ensure interoperability, ' [pid: 8|app: 0|req: 1087/2221] 10.0.0.94 () {32 vars in 725 bytes} [Thu Jul 16 01:39:35 2026] DELETE /v2.0/networks/2e35cfb3-8801-4cac-b851-b93a685e55eb => generated 0 bytes in 312 msecs (HTTP/1.1 204) 3 headers in 131 bytes (1 switches on core 0) [pid: 8|app: 0|req: 1088/2222] 10.0.0.94 () {32 vars in 735 bytes} [Thu Jul 16 01:39:36 2026] GET /v2.0/ports?device_id=6320d142-82d5-4283-9a72-6d4f5e01b348 => generated 12 bytes in 14 msecs (HTTP/1.1 200) 4 headers in 156 bytes (1 switches on core 0) [pid: 7|app: 0|req: 1135/2223] 10.0.0.94 () {32 vars in 693 bytes} [Thu Jul 16 01:39:36 2026] GET /v2.0/floatingips?tags-any=red%2Cblue => generated 1671 bytes in 62 msecs (HTTP/1.1 200) 4 headers in 158 bytes (1 switches on core 0)
2026-07-16 01:39:36.287 8 INFO neutron_taas.services.taas.taas_plugin [None req-786191f7-ecf7-4e2c-9298-920ebc7cd197 1c8eeef7954349268eb2cc38588e045e 3201f5601a0a4aaa9170a77c3cf90bb9 - - default default] TaaS: Handle Delete Port: 5526145a-827b-4ebc-b1f0-383fb545f724
2026-07-16 01:39:36.290 8 INFO neutron_taas.services.taas.tap_mirror_plugin [None req-786191f7-ecf7-4e2c-9298-920ebc7cd197 1c8eeef7954349268eb2cc38588e045e 3201f5601a0a4aaa9170a77c3cf90bb9 - - default default] Tap Mirror: Handle Delete Port: 5526145a-827b-4ebc-b1f0-383fb545f724 [pid: 7|app: 0|req: 1136/2224] 10.0.0.94 () {32 vars in 723 bytes} [Thu Jul 16 01:39:36 2026] DELETE /v2.0/routers/6320d142-82d5-4283-9a72-6d4f5e01b348 => generated 0 bytes in 221 msecs (HTTP/1.1 204) 2 headers in 112 bytes (1 switches on core 0) [pid: 7|app: 0|req: 1137/2225] 10.0.0.94 () {32 vars in 679 bytes} [Thu Jul 16 01:39:36 2026] GET /v2.0/floatingips?not-tags=red => generated 1100 bytes in 49 msecs (HTTP/1.1 200) 4 headers in 158 bytes (1 switches on core 0) [pid: 8|app: 0|req: 1089/2226] 10.0.0.94 () {32 vars in 725 bytes} [Thu Jul 16 01:39:36 2026] DELETE /v2.0/networks/f00f56cd-0dc8-4881-961e-6f364ded2d2c => generated 0 bytes in 339 msecs (HTTP/1.1 204) 3 headers in 131 bytes (1 switches on core 0) [pid: 8|app: 0|req: 1090/2227] 10.0.0.94 () {32 vars in 693 bytes} [Thu Jul 16 01:39:36 2026] GET /v2.0/floatingips?not-tags=red%2Cblue => generated 1643 bytes in 46 msecs (HTTP/1.1 200) 4 headers in 158 bytes (1 switches on core 0)
2026-07-16 01:39:36.591 8 INFO neutron.pecan_wsgi.hooks.translation [None req-ea906989-17c3-4d44-a33e-fa621db8c346 1c8eeef7954349268eb2cc38588e045e 3201f5601a0a4aaa9170a77c3cf90bb9 - - default default] DELETE failed (client error): The resource could not be found. [pid: 8|app: 0|req: 1091/2228] 10.0.0.94 () {32 vars in 725 bytes} [Thu Jul 16 01:39:36 2026] DELETE /v2.0/networks/0ebca7cf-f4fd-45b9-a36c-05835851c3f7 => generated 138 bytes in 10 msecs (HTTP/1.1 404) 4 headers in 164 bytes (1 switches on core 0) [pid: 8|app: 0|req: 1092/2229] 10.0.0.94 () {32 vars in 689 bytes} [Thu Jul 16 01:39:36 2026] GET /v2.0/floatingips?not-tags-any=blue => generated 1643 bytes in 48 msecs (HTTP/1.1 200) 4 headers in 158 bytes (1 switches on core 0) [pid: 8|app: 0|req: 1093/2230] 10.0.0.94 () {32 vars in 701 bytes} [Thu Jul 16 01:39:36 2026] GET /v2.0/floatingips?not-tags-any=red%2Cblue => generated 1100 bytes in 35 msecs (HTTP/1.1 200) 4 headers in 158 bytes (1 switches on core 0) [pid: 7|app: 0|req: 1138/2231] 10.0.0.94 () {32 vars in 723 bytes} [Thu Jul 16 01:39:36 2026] DELETE /v2.0/subnets/83615606-ee90-4585-ba1c-2026d82958cb => generated 0 bytes in 212 msecs (HTTP/1.1 204) 3 headers in 131 bytes (1 switches on core 0)
2026-07-16 01:39:36.800 8 INFO neutron_taas.services.taas.taas_plugin [None req-0be1f15f-c408-4189-90fe-95df6d51b98b 1f215b8df3a143fa839d9f695268d69a 4f15999d3c284cb694d779f9a0a382c6 - - default default] TaaS: Handle Delete Port: 0be4cae2-49ac-42e3-9980-0874c388e015
2026-07-16 01:39:36.807 8 INFO neutron_taas.services.taas.tap_mirror_plugin [None req-0be1f15f-c408-4189-90fe-95df6d51b98b 1f215b8df3a143fa839d9f695268d69a 4f15999d3c284cb694d779f9a0a382c6 - - default default] Tap Mirror: Handle Delete Port: 0be4cae2-49ac-42e3-9980-0874c388e015 [pid: 7|app: 0|req: 1139/2232] 10.0.0.94 () {32 vars in 723 bytes} [Thu Jul 16 01:39:36 2026] DELETE /v2.0/subnets/1e41724c-322d-4d0c-9275-589b04c0cb17 => generated 0 bytes in 157 msecs (HTTP/1.1 204) 3 headers in 131 bytes (1 switches on core 0) [pid: 8|app: 0|req: 1094/2233] 10.0.0.94 () {32 vars in 731 bytes} [Thu Jul 16 01:39:36 2026] DELETE /v2.0/floatingips/257e439a-f128-44aa-954c-3cfc9129cf68 => generated 0 bytes in 283 msecs (HTTP/1.1 204) 2 headers in 112 bytes (1 switches on core 0)
2026-07-16 01:39:37.077 8 INFO neutron_taas.services.taas.taas_plugin [None req-9975d395-853c-48a8-a585-b59096f957ee 23999bba6f444779a30024448f9049f8 c61a47e6fd9641b4927792c2e16e8a79 - - default default] TaaS: Handle Delete Port: 6270409e-c4a1-4f4b-b188-cf263115e16d
2026-07-16 01:39:37.079 8 INFO neutron_taas.services.taas.tap_mirror_plugin [None req-9975d395-853c-48a8-a585-b59096f957ee 23999bba6f444779a30024448f9049f8 c61a47e6fd9641b4927792c2e16e8a79 - - default default] Tap Mirror: Handle Delete Port: 6270409e-c4a1-4f4b-b188-cf263115e16d
2026-07-16 01:39:37.187 7 INFO neutron.db.ovn_revision_numbers_db [None req-f0287120-aec8-4dff-a9b7-c2bd4b6c9cab a8c25a1dc03d457198314bf1d890e62c 90504ee8d4034120b06760b62b46e186 - - default default] Successfully bumped revision number for resource 14a1ffb4-1c36-447e-bbf9-2f6a1bab6918 (type: security_groups) to 1
2026-07-16 01:39:37.197 7 INFO neutron.db.ovn_revision_numbers_db [None req-f0287120-aec8-4dff-a9b7-c2bd4b6c9cab a8c25a1dc03d457198314bf1d890e62c 90504ee8d4034120b06760b62b46e186 - - default default] Successfully bumped revision number for resource 02a5897f-c165-42ea-b565-ac41a48af3a8 (type: security_group_rules) to 0
2026-07-16 01:39:37.209 7 INFO neutron.db.ovn_revision_numbers_db [None req-f0287120-aec8-4dff-a9b7-c2bd4b6c9cab a8c25a1dc03d457198314bf1d890e62c 90504ee8d4034120b06760b62b46e186 - - default default] Successfully bumped revision number for resource d470468c-c370-4c83-9d5c-9698f125c027 (type: security_group_rules) to 0
2026-07-16 01:39:37.222 7 INFO neutron.db.ovn_revision_numbers_db [None req-f0287120-aec8-4dff-a9b7-c2bd4b6c9cab a8c25a1dc03d457198314bf1d890e62c 90504ee8d4034120b06760b62b46e186 - - default default] Successfully bumped revision number for resource ed47def6-1781-44d4-aa9e-6a670ceac4de (type: security_group_rules) to 0
2026-07-16 01:39:37.233 7 INFO neutron.db.ovn_revision_numbers_db [None req-f0287120-aec8-4dff-a9b7-c2bd4b6c9cab a8c25a1dc03d457198314bf1d890e62c 90504ee8d4034120b06760b62b46e186 - - default default] Successfully bumped revision number for resource f72f068e-9a5e-4e22-b076-9af9757317fb (type: security_group_rules) to 0 [pid: 8|app: 0|req: 1095/2234] 10.0.0.94 () {32 vars in 725 bytes} [Thu Jul 16 01:39:36 2026] DELETE /v2.0/networks/d8267ebf-6f08-4cd8-830b-d75418a032cb => generated 0 bytes in 316 msecs (HTTP/1.1 204) 3 headers in 131 bytes (1 switches on core 0)
2026-07-16 01:39:37.313 7 INFO neutron.db.segments_db [None req-f0287120-aec8-4dff-a9b7-c2bd4b6c9cab a8c25a1dc03d457198314bf1d890e62c 90504ee8d4034120b06760b62b46e186 - - default default] Added segment a33e4692-9317-48c5-9010-c904cadbeccf of type geneve for network 65008729-d8b1-4581-a450-37eae84d142c
2026-07-16 01:39:37.422 8 INFO neutron_taas.services.taas.taas_plugin [None req-b7526a22-d720-4c6f-88cf-816b4f3a1e2b 1f215b8df3a143fa839d9f695268d69a 4f15999d3c284cb694d779f9a0a382c6 - - default default] TaaS: Handle Delete Port: d4fecef4-f990-4894-bab4-71dc6471d8cf
2026-07-16 01:39:37.425 8 INFO neutron_taas.services.taas.tap_mirror_plugin [None req-b7526a22-d720-4c6f-88cf-816b4f3a1e2b 1f215b8df3a143fa839d9f695268d69a 4f15999d3c284cb694d779f9a0a382c6 - - default default] Tap Mirror: Handle Delete Port: d4fecef4-f990-4894-bab4-71dc6471d8cf
2026-07-16 01:39:37.439 7 INFO neutron.db.ovn_revision_numbers_db [None req-f0287120-aec8-4dff-a9b7-c2bd4b6c9cab a8c25a1dc03d457198314bf1d890e62c 90504ee8d4034120b06760b62b46e186 - - default default] Successfully bumped revision number for resource 65008729-d8b1-4581-a450-37eae84d142c (type: networks) to 1 [pid: 8|app: 0|req: 1096/2235] 10.0.0.94 () {32 vars in 731 bytes} [Thu Jul 16 01:39:37 2026] DELETE /v2.0/floatingips/bf0915e0-7577-4ab6-9775-115712f47753 => generated 0 bytes in 268 msecs (HTTP/1.1 204) 2 headers in 112 bytes (1 switches on core 0)
2026-07-16 01:39:37.588 7 WARNING neutron.scheduler.dhcp_agent_scheduler [None req-f0287120-aec8-4dff-a9b7-c2bd4b6c9cab a8c25a1dc03d457198314bf1d890e62c 90504ee8d4034120b06760b62b46e186 - - default default] No more DHCP agents
2026-07-16 01:39:37.590 7 WARNING neutron.api.rpc.agentnotifiers.dhcp_rpc_agent_api [None req-f0287120-aec8-4dff-a9b7-c2bd4b6c9cab a8c25a1dc03d457198314bf1d890e62c 90504ee8d4034120b06760b62b46e186 - - default default] Unable to schedule network 65008729-d8b1-4581-a450-37eae84d142c: no agents available; will retry on subsequent port and subnet creation events.
2026-07-16 01:39:37.643 7 INFO neutron.plugins.ml2.drivers.ovn.mech_driver.mech_driver [None req-0552878d-e379-4829-be09-48a41a1fd32d - - - - - -] OVN reports status down for port: 3f6d7ab4-ddc6-4b28-a9e0-94f3188c67f4
2026-07-16 01:39:37.692 8 INFO neutron_taas.services.taas.taas_plugin [None req-16926161-54f3-4555-9f61-d44e2a147fdd 23999bba6f444779a30024448f9049f8 c61a47e6fd9641b4927792c2e16e8a79 - - default default] TaaS: Handle Delete Port: 40066488-957c-4104-be32-ce9f1047d4ae
2026-07-16 01:39:37.694 8 INFO neutron_taas.services.taas.tap_mirror_plugin [None req-16926161-54f3-4555-9f61-d44e2a147fdd 23999bba6f444779a30024448f9049f8 c61a47e6fd9641b4927792c2e16e8a79 - - default default] Tap Mirror: Handle Delete Port: 40066488-957c-4104-be32-ce9f1047d4ae
2026-07-16 01:39:37.694 7 INFO neutron.db.ovn_revision_numbers_db [None req-f0287120-aec8-4dff-a9b7-c2bd4b6c9cab a8c25a1dc03d457198314bf1d890e62c 90504ee8d4034120b06760b62b46e186 - - default default] Successfully bumped revision number for resource 3f6d7ab4-ddc6-4b28-a9e0-94f3188c67f4 (type: ports) to 1 [pid: 7|app: 0|req: 1140/2236] 10.0.0.94 () {34 vars in 669 bytes} [Thu Jul 16 01:39:36 2026] POST /v2.0/networks => generated 632 bytes in 872 msecs (HTTP/1.1 201) 4 headers in 162 bytes (1 switches on core 0)
2026-07-16 01:39:37.811 8 INFO neutron.services.segments.plugin [-] Segment e7e9c793-f197-4a8b-80be-81882355e821 resource provider aggregate not found
2026-07-16 01:39:37.817 8 INFO neutron.services.segments.plugin [-] Segment e7e9c793-f197-4a8b-80be-81882355e821 resource provider aggregate not found
2026-07-16 01:39:37.832 8 INFO neutron.services.segments.plugin [-] Client error retrieving segment e7e9c793-f197-4a8b-80be-81882355e821 resource provider; error: Placement Client Error (4xx): {"errors": [{"status": 404, "title": "Not Found", "detail": "The resource could not be found.\n\n No resource provider with uuid e7e9c793-f197-4a8b-80be-81882355e821 found for delete ", "request_id": "req-6c334a17-db44-4f8f-8e08-1edec4f30ef4"}]}
2026-07-16 01:39:37.837 8 INFO neutron.services.segments.plugin [-] Client error retrieving segment e7e9c793-f197-4a8b-80be-81882355e821 resource provider; error: Placement Client Error (4xx): {"errors": [{"status": 404, "title": "Not Found", "detail": "The resource could not be found.\n\n No resource provider with uuid e7e9c793-f197-4a8b-80be-81882355e821 found for delete ", "request_id": "req-5b68ee78-5d20-4154-8b26-116466a4a743"}]}
2026-07-16 01:39:37.852 8 INFO neutron.services.segments.plugin [-] Segment 32b32552-40b8-4f71-a427-f3ed8c1ead59 resource provider aggregate not found
2026-07-16 01:39:37.854 8 INFO neutron.services.segments.plugin [-] Segment 32b32552-40b8-4f71-a427-f3ed8c1ead59 resource provider aggregate not found
2026-07-16 01:39:37.869 8 INFO neutron.services.segments.plugin [-] Client error retrieving segment 32b32552-40b8-4f71-a427-f3ed8c1ead59 resource provider; error: Placement Client Error (4xx): {"errors": [{"status": 404, "title": "Not Found", "detail": "The resource could not be found.\n\n No resource provider with uuid 32b32552-40b8-4f71-a427-f3ed8c1ead59 found for delete ", "request_id": "req-8633d8b8-e289-41a6-bfc4-0646297f77a9"}]}
2026-07-16 01:39:37.873 8 INFO neutron.services.segments.plugin [-] Client error retrieving segment 32b32552-40b8-4f71-a427-f3ed8c1ead59 resource provider; error: Placement Client Error (4xx): {"errors": [{"status": 404, "title": "Not Found", "detail": "The resource could not be found.\n\n No resource provider with uuid 32b32552-40b8-4f71-a427-f3ed8c1ead59 found for delete ", "request_id": "req-e4c0ef42-b7e3-42bc-ab47-5581b7d83ff8"}]}
2026-07-16 01:39:37.890 8 INFO neutron.services.segments.plugin [-] Segment bf9a87f5-7ba5-48ba-8f6e-6f08787116a7 resource provider aggregate not found
2026-07-16 01:39:37.895 8 INFO neutron.services.segments.plugin [-] Segment bf9a87f5-7ba5-48ba-8f6e-6f08787116a7 resource provider aggregate not found [pid: 7|app: 0|req: 1141/2237] 10.0.0.94 () {32 vars in 773 bytes} [Thu Jul 16 01:39:37 2026] GET /v2.0/security-groups?tenant_id=3201f5601a0a4aaa9170a77c3cf90bb9&name=default => generated 2925 bytes in 165 msecs (HTTP/1.1 200) 4 headers in 158 bytes (1 switches on core 0)
2026-07-16 01:39:37.908 8 INFO neutron.services.segments.plugin [-] Client error retrieving segment bf9a87f5-7ba5-48ba-8f6e-6f08787116a7 resource provider; error: Placement Client Error (4xx): {"errors": [{"status": 404, "title": "Not Found", "detail": "The resource could not be found.\n\n No resource provider with uuid bf9a87f5-7ba5-48ba-8f6e-6f08787116a7 found for delete ", "request_id": "req-55090b72-bfef-4f49-88e8-b6d028db78c0"}]}
2026-07-16 01:39:37.912 8 INFO neutron.services.segments.plugin [-] Client error retrieving segment bf9a87f5-7ba5-48ba-8f6e-6f08787116a7 resource provider; error: Placement Client Error (4xx): {"errors": [{"status": 404, "title": "Not Found", "detail": "The resource could not be found.\n\n No resource provider with uuid bf9a87f5-7ba5-48ba-8f6e-6f08787116a7 found for delete ", "request_id": "req-3412fc70-0ea6-424b-88b4-bd1f2444b986"}]} [pid: 8|app: 0|req: 1097/2238] 10.0.0.94 () {32 vars in 725 bytes} [Thu Jul 16 01:39:37 2026] DELETE /v2.0/networks/7eb7c6ab-f9f8-46f6-96df-b68ff689649e => generated 0 bytes in 377 msecs (HTTP/1.1 204) 3 headers in 131 bytes (1 switches on core 0)
2026-07-16 01:39:38.015 7 INFO neutron_taas.services.taas.taas_plugin [None req-e67bc3e3-00e6-4df9-bb65-42cc2019b68b 1f215b8df3a143fa839d9f695268d69a 4f15999d3c284cb694d779f9a0a382c6 - - default default] TaaS: Handle Delete Port: a53d8536-4d09-4b41-ad17-649b70295331
2026-07-16 01:39:38.017 7 INFO neutron_taas.services.taas.tap_mirror_plugin [None req-e67bc3e3-00e6-4df9-bb65-42cc2019b68b 1f215b8df3a143fa839d9f695268d69a 4f15999d3c284cb694d779f9a0a382c6 - - default default] Tap Mirror: Handle Delete Port: a53d8536-4d09-4b41-ad17-649b70295331
2026-07-16 01:39:38.142 8 WARNING neutron.scheduler.dhcp_agent_scheduler [None req-c75e1e83-df1d-4bb4-b4b5-2648f55ce8a0 a8c25a1dc03d457198314bf1d890e62c 90504ee8d4034120b06760b62b46e186 - - default default] No more DHCP agents
2026-07-16 01:39:38.143 8 WARNING neutron.api.rpc.agentnotifiers.dhcp_rpc_agent_api [None req-c75e1e83-df1d-4bb4-b4b5-2648f55ce8a0 a8c25a1dc03d457198314bf1d890e62c 90504ee8d4034120b06760b62b46e186 - - default default] Unable to schedule network 65008729-d8b1-4581-a450-37eae84d142c: no agents available; will retry on subsequent port and subnet creation events. [pid: 7|app: 0|req: 1142/2239] 10.0.0.94 () {32 vars in 731 bytes} [Thu Jul 16 01:39:37 2026] DELETE /v2.0/floatingips/08724e98-0743-495e-a8be-71a9148ada64 => generated 0 bytes in 254 msecs (HTTP/1.1 204) 2 headers in 112 bytes (1 switches on core 0)
