2026-07-16 01:38:27.669 7 WARNING neutron.api.rpc.agentnotifiers.dhcp_rpc_agent_api [None req-2a5f89e1-a515-44e2-b9cc-62e602dd4656 ae426aa6fd164f93957901582422f8f2 527ce43dc67d45e9aff5fd03f00f309a - - default default] Unable to schedule network 2e110e65-f334-49cd-b52f-7c0476d9d3bb: no agents available; will retry on subsequent port and subnet creation events.
2026-07-16 01:38:27.770 8 INFO neutron.plugins.ml2.drivers.ovn.mech_driver.mech_driver [None req-04247d6e-7244-4025-b599-40de5f9ec0fa - - - - - -] OVN reports status up for port: 6e56ebd6-1139-4f86-9055-c85a3e214cce
2026-07-16 01:38:27.794 8 INFO neutron.plugins.ml2.plugin [None req-04247d6e-7244-4025-b599-40de5f9ec0fa - - - - - -] Attempt 1 to provision port 6e56ebd6-1139-4f86-9055-c85a3e214cce
2026-07-16 01:38:27.831 8 INFO neutron.db.ovn_revision_numbers_db [None req-8aac226c-b316-4a36-a0ab-7cb5686a1889 6d5bcf2a09be401ca69380b19bbc8ae0 73680f763e504bd7a4cb185619a5388c - - default default] Successfully bumped revision number for resource 6e56ebd6-1139-4f86-9055-c85a3e214cce (type: ports) to 2
2026-07-16 01:38:27.886 7 INFO neutron.db.ovn_revision_numbers_db [None req-2a5f89e1-a515-44e2-b9cc-62e602dd4656 ae426aa6fd164f93957901582422f8f2 527ce43dc67d45e9aff5fd03f00f309a - - default default] Successfully bumped revision number for resource 25b1d49c-e354-4cf2-ad76-5dbd2b7edbf7 (type: ports) to 1
2026-07-16 01:38:27.984 7 INFO neutron.db.ovn_revision_numbers_db [None req-6cf825b9-411e-4673-9c11-43a11eabd697 - - - - - -] Successfully bumped revision number for resource 634493af-5136-4b66-a516-37656d3ef5f8 (type: ports) to 7
2026-07-16 01:38:28.148 7 INFO neutron.plugins.ml2.drivers.ovn.mech_driver.mech_driver [None req-0080bf1b-027b-4242-b34f-e5236fcfd9b6 - - - - - -] OVN reports status down for port: 815d191a-95f8-4415-95e8-37ad79b3e8c9
2026-07-16 01:38:28.256 7 WARNING neutron.plugins.ml2.drivers.ovn.mech_driver.ovsdb.ovn_client [None req-0080bf1b-027b-4242-b34f-e5236fcfd9b6 - - - - - -] Logical_Switch_Port 815d191a-95f8-4415-95e8-37ad79b3e8c9 host information not removed, the port state is up
2026-07-16 01:38:28.257 7 INFO neutron.plugins.ml2.drivers.ovn.mech_driver.mech_driver [None req-0080bf1b-027b-4242-b34f-e5236fcfd9b6 - - - - - -] OVN reports status up for port: 815d191a-95f8-4415-95e8-37ad79b3e8c9
2026-07-16 01:38:28.293 7 INFO neutron.plugins.ml2.plugin [None req-0080bf1b-027b-4242-b34f-e5236fcfd9b6 - - - - - -] Attempt 1 to provision port 815d191a-95f8-4415-95e8-37ad79b3e8c9
2026-07-16 01:38:28.376 8 INFO neutron.db.ovn_revision_numbers_db [None req-04247d6e-7244-4025-b599-40de5f9ec0fa - - - - - -] Successfully bumped revision number for resource 6e56ebd6-1139-4f86-9055-c85a3e214cce (type: ports) to 3
2026-07-16 01:38:28.686 8 WARNING neutron.scheduler.dhcp_agent_scheduler [None req-8aac226c-b316-4a36-a0ab-7cb5686a1889 6d5bcf2a09be401ca69380b19bbc8ae0 73680f763e504bd7a4cb185619a5388c - - default default] No more DHCP agents
2026-07-16 01:38:28.688 8 WARNING neutron.api.rpc.agentnotifiers.dhcp_rpc_agent_api [None req-8aac226c-b316-4a36-a0ab-7cb5686a1889 6d5bcf2a09be401ca69380b19bbc8ae0 73680f763e504bd7a4cb185619a5388c - - default default] Unable to schedule network b4124725-50da-4468-8f75-e144325c59e2: no agents available; will retry on subsequent port and subnet creation events.
2026-07-16 01:38:28.923 8 INFO neutron.db.ovn_revision_numbers_db [None req-8aac226c-b316-4a36-a0ab-7cb5686a1889 6d5bcf2a09be401ca69380b19bbc8ae0 73680f763e504bd7a4cb185619a5388c - - default default] Successfully bumped revision number for resource 6e56ebd6-1139-4f86-9055-c85a3e214cce (type: router_ports) to 3 [pid: 8|app: 0|req: 896/1780] 10.0.0.94 () {34 vars in 782 bytes} [Thu Jul 16 01:38:27 2026] PUT /v2.0/routers/0fcd3484-a799-48f2-ba8f-31032be6746b/add_router_interface => generated 309 bytes in 1522 msecs (HTTP/1.1 200) 4 headers in 157 bytes (1 switches on core 0) /var/lib/openstack/lib/python3.12/site-packages/pycadf/identifier.py:70: UserWarning: Invalid uuid: neutron. To ensure interoperability, identifiers should be a valid uuid. warnings.warn(('Invalid uuid: %s. To ensure interoperability, '
2026-07-16 01:38:28.933 7 INFO neutron.plugins.ml2.drivers.ovn.mech_driver.ovsdb.commands [None req-3c74f924-581c-4774-b348-b235e0f53cd1 - - - - - -] Schedule LRP lrp-25b1d49c-e354-4cf2-ad76-5dbd2b7edbf7 on gateway e163d3d4-deae-46d3-a9bf-b34340fd4873 with priority 1
2026-07-16 01:38:28.958 8 INFO neutron.plugins.ml2.drivers.ovn.mech_driver.ovsdb.ovsdb_monitor [None req-45551430-3dd4-41c6-8293-f8984ea184dd - - - - - -] Router 3b79791f-c475-4371-b957-40bd9283b2e0 is bound to host instance
2026-07-16 01:38:29.010 7 INFO neutron.db.ovn_revision_numbers_db [None req-0080bf1b-027b-4242-b34f-e5236fcfd9b6 - - - - - -] Successfully bumped revision number for resource 815d191a-95f8-4415-95e8-37ad79b3e8c9 (type: ports) to 2
2026-07-16 01:38:29.014 7 INFO neutron.db.ovn_revision_numbers_db [None req-2a5f89e1-a515-44e2-b9cc-62e602dd4656 ae426aa6fd164f93957901582422f8f2 527ce43dc67d45e9aff5fd03f00f309a - - default default] Successfully bumped revision number for resource 25b1d49c-e354-4cf2-ad76-5dbd2b7edbf7 (type: router_ports) to 1
2026-07-16 01:38:29.143 7 INFO neutron.db.ovn_revision_numbers_db [None req-2a5f89e1-a515-44e2-b9cc-62e602dd4656 ae426aa6fd164f93957901582422f8f2 527ce43dc67d45e9aff5fd03f00f309a - - default default] Successfully bumped revision number for resource 3b79791f-c475-4371-b957-40bd9283b2e0 (type: routers) to 2 [pid: 7|app: 0|req: 885/1781] 10.0.0.94 () {34 vars in 668 bytes} [Thu Jul 16 01:38:26 2026] POST /v2.0/routers => generated 965 bytes in 2683 msecs (HTTP/1.1 201) 4 headers in 162 bytes (1 switches on core 0) [pid: 8|app: 0|req: 897/1782] 10.0.0.94 () {32 vars in 739 bytes} [Thu Jul 16 01:38:28 2026] DELETE /v2.0/security-groups/9953d411-e56f-4c53-bf85-d969f8afd681 => generated 0 bytes in 414 msecs (HTTP/1.1 204) 2 headers in 112 bytes (1 switches on core 0) [pid: 8|app: 0|req: 898/1783] 10.0.0.94 () {32 vars in 716 bytes} [Thu Jul 16 01:38:29 2026] GET /v2.0/ports/6e56ebd6-1139-4f86-9055-c85a3e214cce => generated 1026 bytes in 68 msecs (HTTP/1.1 200) 4 headers in 158 bytes (1 switches on core 0)
2026-07-16 01:38:29.477 7 INFO neutron.db.ovn_revision_numbers_db [None req-75649553-56e8-40dc-be91-73cc51e9e86f ae426aa6fd164f93957901582422f8f2 527ce43dc67d45e9aff5fd03f00f309a - - default default] Successfully bumped revision number for resource e7a08169-61af-45ed-b3e1-727a2da3a3bb (type: security_groups) to 1
2026-07-16 01:38:29.490 7 INFO neutron.db.ovn_revision_numbers_db [None req-75649553-56e8-40dc-be91-73cc51e9e86f ae426aa6fd164f93957901582422f8f2 527ce43dc67d45e9aff5fd03f00f309a - - default default] Successfully bumped revision number for resource 44995321-6e54-4d3a-9e7c-493b864a7b3e (type: security_group_rules) to 0
2026-07-16 01:38:29.502 7 INFO neutron.db.ovn_revision_numbers_db [None req-75649553-56e8-40dc-be91-73cc51e9e86f ae426aa6fd164f93957901582422f8f2 527ce43dc67d45e9aff5fd03f00f309a - - default default] Successfully bumped revision number for resource a2bd1574-50e2-415b-9b31-2ebc65ca81ff (type: security_group_rules) to 0
2026-07-16 01:38:29.516 7 INFO neutron.db.ovn_revision_numbers_db [None req-75649553-56e8-40dc-be91-73cc51e9e86f ae426aa6fd164f93957901582422f8f2 527ce43dc67d45e9aff5fd03f00f309a - - default default] Successfully bumped revision number for resource ad52e8a7-023e-4570-b274-a05a6ba2aba5 (type: security_group_rules) to 0
2026-07-16 01:38:29.527 7 INFO neutron.db.ovn_revision_numbers_db [None req-75649553-56e8-40dc-be91-73cc51e9e86f ae426aa6fd164f93957901582422f8f2 527ce43dc67d45e9aff5fd03f00f309a - - default default] Successfully bumped revision number for resource fc868d7d-0798-46d9-9a0b-dcfe67025c6e (type: security_group_rules) to 0 [pid: 7|app: 0|req: 886/1784] 10.0.0.94 () {32 vars in 773 bytes} [Thu Jul 16 01:38:29 2026] GET /v2.0/security-groups?tenant_id=9998d8154aba46b08a2fa07827ca268d&name=default => generated 2925 bytes in 386 msecs (HTTP/1.1 200) 4 headers in 158 bytes (1 switches on core 0)
2026-07-16 01:38:29.860 7 INFO neutron_taas.services.taas.taas_plugin [None req-238c171c-ae4d-475c-b9b6-430ff99ddc8b 6d5bcf2a09be401ca69380b19bbc8ae0 73680f763e504bd7a4cb185619a5388c - - default default] TaaS: Handle Delete Port: 6e56ebd6-1139-4f86-9055-c85a3e214cce
2026-07-16 01:38:29.864 7 INFO neutron_taas.services.taas.tap_mirror_plugin [None req-238c171c-ae4d-475c-b9b6-430ff99ddc8b 6d5bcf2a09be401ca69380b19bbc8ae0 73680f763e504bd7a4cb185619a5388c - - default default] Tap Mirror: Handle Delete Port: 6e56ebd6-1139-4f86-9055-c85a3e214cce
2026-07-16 01:38:30.114 8 WARNING neutron.scheduler.dhcp_agent_scheduler [None req-2c2d2df0-1f42-46cc-8e44-bf3cf951b0ed ae426aa6fd164f93957901582422f8f2 527ce43dc67d45e9aff5fd03f00f309a - - default default] No more DHCP agents
2026-07-16 01:38:30.120 8 WARNING neutron.api.rpc.agentnotifiers.dhcp_rpc_agent_api [None req-2c2d2df0-1f42-46cc-8e44-bf3cf951b0ed ae426aa6fd164f93957901582422f8f2 527ce43dc67d45e9aff5fd03f00f309a - - default default] Unable to schedule network 898b0529-5dc8-4ea4-ac78-b6beb4c67108: no agents available; will retry on subsequent port and subnet creation events. [pid: 7|app: 0|req: 887/1785] 10.0.0.94 () {34 vars in 788 bytes} [Thu Jul 16 01:38:29 2026] PUT /v2.0/routers/0fcd3484-a799-48f2-ba8f-31032be6746b/remove_router_interface => generated 309 bytes in 583 msecs (HTTP/1.1 200) 4 headers in 157 bytes (1 switches on core 0) /var/lib/openstack/lib/python3.12/site-packages/pycadf/identifier.py:70: UserWarning: Invalid uuid: neutron. To ensure interoperability, identifiers should be a valid uuid. warnings.warn(('Invalid uuid: %s. To ensure interoperability, '
2026-07-16 01:38:30.332 8 INFO neutron.db.ovn_revision_numbers_db [None req-782aac92-6c13-414b-87ff-2592843db958 - - - - - -] Successfully bumped revision number for resource 25b1d49c-e354-4cf2-ad76-5dbd2b7edbf7 (type: ports) to 4
2026-07-16 01:38:30.396 8 INFO neutron.db.ovn_revision_numbers_db [None req-2c2d2df0-1f42-46cc-8e44-bf3cf951b0ed ae426aa6fd164f93957901582422f8f2 527ce43dc67d45e9aff5fd03f00f309a - - default default] Successfully bumped revision number for resource 3f3b4ed3-72c2-4e14-a905-bb58b1a9db43 (type: ports) to 1 [pid: 7|app: 0|req: 890/1788] 10.0.0.94 () {32 vars in 739 bytes} [Thu Jul 16 01:38:30 2026] DELETE /v2.0/security-groups/e7a08169-61af-45ed-b3e1-727a2da3a3bb => generated 0 bytes in 297 msecs (HTTP/1.1 204) 2 headers in 112 bytes (1 switches on core 0)
2026-07-16 01:38:30.509 7 INFO neutron.api.v2.resource [None req-a60fa7a4-342b-4750-b28d-8b0a2069f01d 6d5bcf2a09be401ca69380b19bbc8ae0 73680f763e504bd7a4cb185619a5388c - - default default] remove_router_interface failed (client error): The resource could not be found. [pid: 7|app: 0|req: 891/1789] 10.0.0.94 () {34 vars in 788 bytes} [Thu Jul 16 01:38:30 2026] PUT /v2.0/routers/0fcd3484-a799-48f2-ba8f-31032be6746b/remove_router_interface => generated 197 bytes in 47 msecs (HTTP/1.1 404) 4 headers in 164 bytes (1 switches on core 0) [pid: 7|app: 0|req: 892/1790] 10.0.0.94 () {32 vars in 735 bytes} [Thu Jul 16 01:38:30 2026] GET /v2.0/ports?device_id=0fcd3484-a799-48f2-ba8f-31032be6746b => generated 12 bytes in 21 msecs (HTTP/1.1 200) 4 headers in 156 bytes (1 switches on core 0) [pid: 7|app: 0|req: 893/1791] 10.0.0.94 () {32 vars in 723 bytes} [Thu Jul 16 01:38:30 2026] DELETE /v2.0/routers/0fcd3484-a799-48f2-ba8f-31032be6746b => generated 0 bytes in 180 msecs (HTTP/1.1 204) 2 headers in 112 bytes (1 switches on core 0)
2026-07-16 01:38:30.841 7 INFO neutron.db.ovn_revision_numbers_db [None req-78309dcb-ba8b-4889-841a-f6c6bcc6ceca ae426aa6fd164f93957901582422f8f2 527ce43dc67d45e9aff5fd03f00f309a - - default default] Successfully bumped revision number for resource 996547b4-8502-47d6-8436-d0bd5cb52e2d (type: security_groups) to 1
2026-07-16 01:38:30.862 7 INFO neutron.db.ovn_revision_numbers_db [None req-78309dcb-ba8b-4889-841a-f6c6bcc6ceca ae426aa6fd164f93957901582422f8f2 527ce43dc67d45e9aff5fd03f00f309a - - default default] Successfully bumped revision number for resource 243761e1-3436-41a0-9e56-e4d439489e08 (type: security_group_rules) to 0
2026-07-16 01:38:30.875 7 INFO neutron.db.ovn_revision_numbers_db [None req-78309dcb-ba8b-4889-841a-f6c6bcc6ceca ae426aa6fd164f93957901582422f8f2 527ce43dc67d45e9aff5fd03f00f309a - - default default] Successfully bumped revision number for resource 2c835f27-45b2-444f-9a1f-e3eddfa2f67e (type: security_group_rules) to 0
2026-07-16 01:38:30.885 7 INFO neutron.db.ovn_revision_numbers_db [None req-78309dcb-ba8b-4889-841a-f6c6bcc6ceca ae426aa6fd164f93957901582422f8f2 527ce43dc67d45e9aff5fd03f00f309a - - default default] Successfully bumped revision number for resource 3fcc87f7-11b1-4c4e-a68c-98e4261ce59b (type: security_group_rules) to 0
2026-07-16 01:38:30.895 7 INFO neutron.db.ovn_revision_numbers_db [None req-78309dcb-ba8b-4889-841a-f6c6bcc6ceca ae426aa6fd164f93957901582422f8f2 527ce43dc67d45e9aff5fd03f00f309a - - default default] Successfully bumped revision number for resource 729886ed-371d-41b9-95a3-e2b4e2f2b770 (type: security_group_rules) to 0
2026-07-16 01:38:30.901 8 INFO neutron.db.ovn_revision_numbers_db [None req-782aac92-6c13-414b-87ff-2592843db958 - - - - - -] Successfully bumped revision number for resource 25b1d49c-e354-4cf2-ad76-5dbd2b7edbf7 (type: ports) to 5 [pid: 7|app: 0|req: 894/1792] 10.0.0.94 () {32 vars in 773 bytes} [Thu Jul 16 01:38:30 2026] GET /v2.0/security-groups?tenant_id=11d0b5429aff40cfb761e2275cb0563b&name=default => generated 2925 bytes in 207 msecs (HTTP/1.1 200) 4 headers in 158 bytes (1 switches on core 0) [pid: 7|app: 0|req: 895/1793] 10.0.0.94 () {32 vars in 723 bytes} [Thu Jul 16 01:38:30 2026] DELETE /v2.0/subnets/e6da570e-7b9d-4544-a45a-473ce1bdbd55 => generated 0 bytes in 100 msecs (HTTP/1.1 204) 3 headers in 131 bytes (1 switches on core 0) [pid: 7|app: 0|req: 896/1794] 10.0.0.94 () {32 vars in 739 bytes} [Thu Jul 16 01:38:31 2026] DELETE /v2.0/security-groups/996547b4-8502-47d6-8436-d0bd5cb52e2d => generated 0 bytes in 201 msecs (HTTP/1.1 204) 2 headers in 112 bytes (1 switches on core 0)
2026-07-16 01:38:31.327 8 WARNING neutron.scheduler.dhcp_agent_scheduler [None req-2c2d2df0-1f42-46cc-8e44-bf3cf951b0ed ae426aa6fd164f93957901582422f8f2 527ce43dc67d45e9aff5fd03f00f309a - - default default] No more DHCP agents
2026-07-16 01:38:31.328 8 WARNING neutron.api.rpc.agentnotifiers.dhcp_rpc_agent_api [None req-2c2d2df0-1f42-46cc-8e44-bf3cf951b0ed ae426aa6fd164f93957901582422f8f2 527ce43dc67d45e9aff5fd03f00f309a - - default default] Unable to schedule network 898b0529-5dc8-4ea4-ac78-b6beb4c67108: no agents available; will retry on subsequent port and subnet creation events.
2026-07-16 01:38:31.381 7 INFO neutron_taas.services.taas.taas_plugin [None req-8cfd7af9-4af5-4710-9f19-66869b8040dd 6d5bcf2a09be401ca69380b19bbc8ae0 73680f763e504bd7a4cb185619a5388c - - default default] TaaS: Handle Delete Port: 200abfb0-1a25-4a7f-b7c8-dd926b183371
2026-07-16 01:38:31.385 7 INFO neutron_taas.services.taas.tap_mirror_plugin [None req-8cfd7af9-4af5-4710-9f19-66869b8040dd 6d5bcf2a09be401ca69380b19bbc8ae0 73680f763e504bd7a4cb185619a5388c - - default default] Tap Mirror: Handle Delete Port: 200abfb0-1a25-4a7f-b7c8-dd926b183371
2026-07-16 01:38:31.560 7 INFO neutron.services.segments.plugin [-] Segment 70906296-fd04-480a-9415-ea6f2443932d resource provider aggregate not found
2026-07-16 01:38:31.564 7 INFO neutron.services.segments.plugin [-] Segment 70906296-fd04-480a-9415-ea6f2443932d resource provider aggregate not found
2026-07-16 01:38:31.583 7 INFO neutron.services.segments.plugin [-] Client error retrieving segment 70906296-fd04-480a-9415-ea6f2443932d resource provider; error: Placement Client Error (4xx): {"errors": [{"status": 404, "title": "Not Found", "detail": "The resource could not be found.\n\n No resource provider with uuid 70906296-fd04-480a-9415-ea6f2443932d found for delete ", "request_id": "req-d929b7da-6fca-4f2f-b20d-9d505ee2d2c0"}]}
2026-07-16 01:38:31.587 7 INFO neutron.services.segments.plugin [-] Client error retrieving segment 70906296-fd04-480a-9415-ea6f2443932d resource provider; error: Placement Client Error (4xx): {"errors": [{"status": 404, "title": "Not Found", "detail": "The resource could not be found.\n\n No resource provider with uuid 70906296-fd04-480a-9415-ea6f2443932d found for delete ", "request_id": "req-3b16583c-40a6-4b57-a457-b03e905d69ce"}]} [pid: 7|app: 0|req: 897/1795] 10.0.0.94 () {32 vars in 725 bytes} [Thu Jul 16 01:38:31 2026] DELETE /v2.0/networks/b4124725-50da-4468-8f75-e144325c59e2 => generated 0 bytes in 387 msecs (HTTP/1.1 204) 3 headers in 131 bytes (1 switches on core 0)
2026-07-16 01:38:31.711 7 INFO neutron.db.segments_db [None req-d36c8759-01ea-4dba-9884-452524cc696e 6d5bcf2a09be401ca69380b19bbc8ae0 73680f763e504bd7a4cb185619a5388c - - default default] Added segment 11a5599b-43d6-4602-9b1d-fd332c8dff69 of type geneve for network 853de4b5-3a07-4724-8cae-5b3ff9f02707
2026-07-16 01:38:31.782 8 INFO neutron.db.ovn_revision_numbers_db [None req-2c2d2df0-1f42-46cc-8e44-bf3cf951b0ed ae426aa6fd164f93957901582422f8f2 527ce43dc67d45e9aff5fd03f00f309a - - default default] Successfully bumped revision number for resource 3f3b4ed3-72c2-4e14-a905-bb58b1a9db43 (type: router_ports) to 1 [pid: 8|app: 0|req: 899/1796] 10.0.0.94 () {34 vars in 782 bytes} [Thu Jul 16 01:38:29 2026] PUT /v2.0/routers/3b79791f-c475-4371-b957-40bd9283b2e0/add_router_interface => generated 309 bytes in 2374 msecs (HTTP/1.1 200) 4 headers in 157 bytes (1 switches on core 0)
2026-07-16 01:38:31.928 7 INFO neutron.db.ovn_revision_numbers_db [None req-d36c8759-01ea-4dba-9884-452524cc696e 6d5bcf2a09be401ca69380b19bbc8ae0 73680f763e504bd7a4cb185619a5388c - - default default] Successfully bumped revision number for resource 853de4b5-3a07-4724-8cae-5b3ff9f02707 (type: networks) to 1
2026-07-16 01:38:32.111 7 WARNING neutron.scheduler.dhcp_agent_scheduler [None req-d36c8759-01ea-4dba-9884-452524cc696e 6d5bcf2a09be401ca69380b19bbc8ae0 73680f763e504bd7a4cb185619a5388c - - default default] No more DHCP agents
2026-07-16 01:38:32.112 7 WARNING neutron.api.rpc.agentnotifiers.dhcp_rpc_agent_api [None req-d36c8759-01ea-4dba-9884-452524cc696e 6d5bcf2a09be401ca69380b19bbc8ae0 73680f763e504bd7a4cb185619a5388c - - default default] Unable to schedule network 853de4b5-3a07-4724-8cae-5b3ff9f02707: no agents available; will retry on subsequent port and subnet creation events.
2026-07-16 01:38:32.192 7 INFO neutron.db.ovn_revision_numbers_db [None req-d36c8759-01ea-4dba-9884-452524cc696e 6d5bcf2a09be401ca69380b19bbc8ae0 73680f763e504bd7a4cb185619a5388c - - default default] Successfully bumped revision number for resource 3320078c-1289-4aa0-8ea1-f9dbbc5d0210 (type: ports) to 1 [pid: 7|app: 0|req: 898/1797] 10.0.0.94 () {34 vars in 669 bytes} [Thu Jul 16 01:38:31 2026] POST /v2.0/networks => generated 633 bytes in 593 msecs (HTTP/1.1 201) 4 headers in 162 bytes (1 switches on core 0)
2026-07-16 01:38:32.407 8 WARNING neutron.scheduler.dhcp_agent_scheduler [None req-f403177e-9bd4-4ab3-b762-7536cdd9e173 6d5bcf2a09be401ca69380b19bbc8ae0 73680f763e504bd7a4cb185619a5388c - - default default] No more DHCP agents
2026-07-16 01:38:32.409 8 WARNING neutron.api.rpc.agentnotifiers.dhcp_rpc_agent_api [None req-f403177e-9bd4-4ab3-b762-7536cdd9e173 6d5bcf2a09be401ca69380b19bbc8ae0 73680f763e504bd7a4cb185619a5388c - - default default] Unable to schedule network 853de4b5-3a07-4724-8cae-5b3ff9f02707: no agents available; will retry on subsequent port and subnet creation events.
2026-07-16 01:38:32.433 8 INFO neutron.db.ovn_revision_numbers_db [None req-f403177e-9bd4-4ab3-b762-7536cdd9e173 6d5bcf2a09be401ca69380b19bbc8ae0 73680f763e504bd7a4cb185619a5388c - - default default] Successfully bumped revision number for resource 953dca24-e7bc-441d-af55-0deedec63b0d (type: subnets) to 0 [pid: 8|app: 0|req: 900/1798] 10.0.0.94 () {34 vars in 668 bytes} [Thu Jul 16 01:38:32 2026] POST /v2.0/subnets => generated 646 bytes in 236 msecs (HTTP/1.1 201) 4 headers in 162 bytes (1 switches on core 0)
2026-07-16 01:38:32.538 7 INFO neutron.db.ovn_revision_numbers_db [None req-7e98b86c-5a21-483c-8b2a-ba30c5d3c646 e0f61cd13ca64d6a94a3e5f452fd3f24 15ac1df065f34f4ba2d6b90024f9ec88 - - default default] Successfully bumped revision number for resource b40a3514-46b0-4894-a95b-dffe4d6efe3f (type: security_groups) to 1
2026-07-16 01:38:32.551 7 INFO neutron.db.ovn_revision_numbers_db [None req-7e98b86c-5a21-483c-8b2a-ba30c5d3c646 e0f61cd13ca64d6a94a3e5f452fd3f24 15ac1df065f34f4ba2d6b90024f9ec88 - - default default] Successfully bumped revision number for resource 27d84932-7748-421e-98b2-dfc0e8d78307 (type: security_group_rules) to 0
2026-07-16 01:38:32.561 7 INFO neutron.db.ovn_revision_numbers_db [None req-7e98b86c-5a21-483c-8b2a-ba30c5d3c646 e0f61cd13ca64d6a94a3e5f452fd3f24 15ac1df065f34f4ba2d6b90024f9ec88 - - default default] Successfully bumped revision number for resource 3aeffc96-cbdc-4e77-a938-bffce86f3b3f (type: security_group_rules) to 0
2026-07-16 01:38:32.576 8 INFO neutron.db.ovn_revision_numbers_db [None req-e9efff29-b04a-4952-87c1-c8ad0aeb4802 6d5bcf2a09be401ca69380b19bbc8ae0 73680f763e504bd7a4cb185619a5388c - - default default] Successfully bumped revision number for resource 5ba7f3d4-274d-45bd-b688-966c476528be (type: routers) to 1 [pid: 7|app: 0|req: 899/1799] 10.0.0.94 () {34 vars in 684 bytes} [Thu Jul 16 01:38:32 2026] POST /v2.0/security-groups => generated 1675 bytes in 169 msecs (HTTP/1.1 201) 4 headers in 163 bytes (1 switches on core 0) [pid: 8|app: 0|req: 901/1800] 10.0.0.94 () {34 vars in 668 bytes} [Thu Jul 16 01:38:32 2026] POST /v2.0/routers => generated 605 bytes in 133 msecs (HTTP/1.1 201) 4 headers in 162 bytes (1 switches on core 0)
2026-07-16 01:38:32.716 8 INFO neutron.db.ovn_revision_numbers_db [None req-367d8723-c32c-42e9-b0c6-c61f51295e1b e0f61cd13ca64d6a94a3e5f452fd3f24 15ac1df065f34f4ba2d6b90024f9ec88 - - default default] Successfully bumped revision number for resource caa72198-8419-42a9-86c0-833d672357e8 (type: security_group_rules) to 0 [pid: 8|app: 0|req: 902/1801] 10.0.0.94 () {34 vars in 694 bytes} [Thu Jul 16 01:38:32 2026] POST /v2.0/security-group-rules => generated 597 bytes in 173 msecs (HTTP/1.1 201) 4 headers in 162 bytes (1 switches on core 0)
2026-07-16 01:38:32.940 7 INFO neutron.db.ovn_revision_numbers_db [None req-1189a6f8-957d-46b4-aa77-b1345bba0319 1c8eeef7954349268eb2cc38588e045e 3201f5601a0a4aaa9170a77c3cf90bb9 - - default default] Successfully bumped revision number for resource a7b5145a-e0e1-47c2-9482-a52c0a489c3c (type: security_groups) to 1
2026-07-16 01:38:32.951 7 INFO neutron.db.ovn_revision_numbers_db [None req-1189a6f8-957d-46b4-aa77-b1345bba0319 1c8eeef7954349268eb2cc38588e045e 3201f5601a0a4aaa9170a77c3cf90bb9 - - default default] Successfully bumped revision number for resource 24d79357-1a8d-480c-934b-7eadaeb2682f (type: security_group_rules) to 0
2026-07-16 01:38:32.964 7 INFO neutron.db.ovn_revision_numbers_db [None req-1189a6f8-957d-46b4-aa77-b1345bba0319 1c8eeef7954349268eb2cc38588e045e 3201f5601a0a4aaa9170a77c3cf90bb9 - - default default] Successfully bumped revision number for resource 5639cc1b-c043-43ce-bcf2-43c4a2eefaa1 (type: security_group_rules) to 0
2026-07-16 01:38:32.976 7 INFO neutron.db.ovn_revision_numbers_db [None req-1189a6f8-957d-46b4-aa77-b1345bba0319 1c8eeef7954349268eb2cc38588e045e 3201f5601a0a4aaa9170a77c3cf90bb9 - - default default] Successfully bumped revision number for resource c3722dfb-5ca8-463e-95bc-e24be95f2672 (type: security_group_rules) to 0
2026-07-16 01:38:32.988 7 INFO neutron.db.ovn_revision_numbers_db [None req-1189a6f8-957d-46b4-aa77-b1345bba0319 1c8eeef7954349268eb2cc38588e045e 3201f5601a0a4aaa9170a77c3cf90bb9 - - default default] Successfully bumped revision number for resource d01fd937-fb57-4350-b4fe-c00cee69b19f (type: security_group_rules) to 0
2026-07-16 01:38:33.062 7 INFO neutron.db.segments_db [None req-1189a6f8-957d-46b4-aa77-b1345bba0319 1c8eeef7954349268eb2cc38588e045e 3201f5601a0a4aaa9170a77c3cf90bb9 - - default default] Added segment c1f20a43-1c55-4c69-8d04-bff9775a723b of type geneve for network bd5d9a81-a637-46a7-b3cd-7479bb060495
2026-07-16 01:38:33.106 8 WARNING neutron.scheduler.dhcp_agent_scheduler [None req-751abed5-4096-44c0-a1e1-167c655190c3 6d5bcf2a09be401ca69380b19bbc8ae0 73680f763e504bd7a4cb185619a5388c - - default default] No more DHCP agents
2026-07-16 01:38:33.107 8 WARNING neutron.api.rpc.agentnotifiers.dhcp_rpc_agent_api [None req-751abed5-4096-44c0-a1e1-167c655190c3 6d5bcf2a09be401ca69380b19bbc8ae0 73680f763e504bd7a4cb185619a5388c - - default default] Unable to schedule network 853de4b5-3a07-4724-8cae-5b3ff9f02707: no agents available; will retry on subsequent port and subnet creation events.
2026-07-16 01:38:33.183 7 INFO neutron.db.ovn_revision_numbers_db [None req-1189a6f8-957d-46b4-aa77-b1345bba0319 1c8eeef7954349268eb2cc38588e045e 3201f5601a0a4aaa9170a77c3cf90bb9 - - default default] Successfully bumped revision number for resource bd5d9a81-a637-46a7-b3cd-7479bb060495 (type: networks) to 1
2026-07-16 01:38:33.205 8 INFO neutron.db.ovn_revision_numbers_db [None req-751abed5-4096-44c0-a1e1-167c655190c3 6d5bcf2a09be401ca69380b19bbc8ae0 73680f763e504bd7a4cb185619a5388c - - default default] Successfully bumped revision number for resource bc910751-d6ea-4fa6-8672-d7dfbe911e29 (type: ports) to 1
2026-07-16 01:38:33.374 7 WARNING neutron.scheduler.dhcp_agent_scheduler [None req-1189a6f8-957d-46b4-aa77-b1345bba0319 1c8eeef7954349268eb2cc38588e045e 3201f5601a0a4aaa9170a77c3cf90bb9 - - default default] No more DHCP agents
2026-07-16 01:38:33.376 7 WARNING neutron.api.rpc.agentnotifiers.dhcp_rpc_agent_api [None req-1189a6f8-957d-46b4-aa77-b1345bba0319 1c8eeef7954349268eb2cc38588e045e 3201f5601a0a4aaa9170a77c3cf90bb9 - - default default] Unable to schedule network bd5d9a81-a637-46a7-b3cd-7479bb060495: no agents available; will retry on subsequent port and subnet creation events.
2026-07-16 01:38:33.452 7 INFO neutron.db.ovn_revision_numbers_db [None req-1189a6f8-957d-46b4-aa77-b1345bba0319 1c8eeef7954349268eb2cc38588e045e 3201f5601a0a4aaa9170a77c3cf90bb9 - - default default] Successfully bumped revision number for resource cc6bd1d7-733c-4f14-b4f5-d57c520145fc (type: ports) to 1 [pid: 7|app: 0|req: 900/1802] 10.0.0.94 () {34 vars in 669 bytes} [Thu Jul 16 01:38:32 2026] POST /v2.0/networks => generated 627 bytes in 882 msecs (HTTP/1.1 201) 4 headers in 162 bytes (1 switches on core 0)
2026-07-16 01:38:33.606 7 INFO neutron.db.ovn_revision_numbers_db [None req-9437ca31-5a2f-4414-a25d-3c6473ddfc04 e0f61cd13ca64d6a94a3e5f452fd3f24 15ac1df065f34f4ba2d6b90024f9ec88 - - default default] Successfully bumped revision number for resource 93359fcd-300f-460c-8154-1dfe6e1d9553 (type: security_group_rules) to 0 [pid: 7|app: 0|req: 901/1803] 10.0.0.94 () {34 vars in 694 bytes} [Thu Jul 16 01:38:33 2026] POST /v2.0/security-group-rules => generated 596 bytes in 156 msecs (HTTP/1.1 201) 4 headers in 162 bytes (1 switches on core 0)
2026-07-16 01:38:33.748 8 WARNING neutron.scheduler.dhcp_agent_scheduler [None req-751abed5-4096-44c0-a1e1-167c655190c3 6d5bcf2a09be401ca69380b19bbc8ae0 73680f763e504bd7a4cb185619a5388c - - default default] No more DHCP agents
2026-07-16 01:38:33.749 8 WARNING neutron.api.rpc.agentnotifiers.dhcp_rpc_agent_api [None req-751abed5-4096-44c0-a1e1-167c655190c3 6d5bcf2a09be401ca69380b19bbc8ae0 73680f763e504bd7a4cb185619a5388c - - default default] Unable to schedule network 853de4b5-3a07-4724-8cae-5b3ff9f02707: no agents available; will retry on subsequent port and subnet creation events.
2026-07-16 01:38:33.817 7 WARNING neutron.scheduler.dhcp_agent_scheduler [None req-78670d6b-8a5f-4fe2-841e-79e38ec7cf21 1c8eeef7954349268eb2cc38588e045e 3201f5601a0a4aaa9170a77c3cf90bb9 - - default default] No more DHCP agents
2026-07-16 01:38:33.818 7 WARNING neutron.api.rpc.agentnotifiers.dhcp_rpc_agent_api [None req-78670d6b-8a5f-4fe2-841e-79e38ec7cf21 1c8eeef7954349268eb2cc38588e045e 3201f5601a0a4aaa9170a77c3cf90bb9 - - default default] Unable to schedule network bd5d9a81-a637-46a7-b3cd-7479bb060495: no agents available; will retry on subsequent port and subnet creation events.
2026-07-16 01:38:33.907 8 INFO neutron.db.ovn_revision_numbers_db [None req-751abed5-4096-44c0-a1e1-167c655190c3 6d5bcf2a09be401ca69380b19bbc8ae0 73680f763e504bd7a4cb185619a5388c - - default default] Successfully bumped revision number for resource bc910751-d6ea-4fa6-8672-d7dfbe911e29 (type: router_ports) to 1 [pid: 8|app: 0|req: 903/1804] 10.0.0.94 () {34 vars in 782 bytes} [Thu Jul 16 01:38:32 2026] PUT /v2.0/routers/5ba7f3d4-274d-45bd-b688-966c476528be/add_router_interface => generated 309 bytes in 1141 msecs (HTTP/1.1 200) 4 headers in 157 bytes (1 switches on core 0)
2026-07-16 01:38:34.003 8 WARNING neutron.plugins.ml2.drivers.ovn.mech_driver.ovsdb.ovn_client [None req-35ca0606-aa36-46da-ba8d-e4b3f95745ba - - - - - -] No port found with ID 6e56ebd6-1139-4f86-9055-c85a3e214cce: RuntimeError: No port found with ID 6e56ebd6-1139-4f86-9055-c85a3e214cce
2026-07-16 01:38:34.017 8 INFO neutron.plugins.ml2.drivers.ovn.mech_driver.mech_driver [None req-35ca0606-aa36-46da-ba8d-e4b3f95745ba - - - - - -] OVN reports status down for port: 3320078c-1289-4aa0-8ea1-f9dbbc5d0210
2026-07-16 01:38:34.060 8 INFO neutron.db.ovn_revision_numbers_db [None req-4ac11d00-b853-4f89-ae44-da4b7a6b3189 e0f61cd13ca64d6a94a3e5f452fd3f24 15ac1df065f34f4ba2d6b90024f9ec88 - - default default] Successfully bumped revision number for resource b368148b-089b-4578-ac8d-c39b4bf85e66 (type: security_group_rules) to 0
2026-07-16 01:38:34.106 8 INFO neutron.plugins.ml2.drivers.ovn.mech_driver.mech_driver [None req-35ca0606-aa36-46da-ba8d-e4b3f95745ba - - - - - -] OVN reports status down for port: cc6bd1d7-733c-4f14-b4f5-d57c520145fc [pid: 8|app: 0|req: 904/1805] 10.0.0.94 () {34 vars in 694 bytes} [Thu Jul 16 01:38:33 2026] POST /v2.0/security-group-rules => generated 602 bytes in 193 msecs (HTTP/1.1 201) 4 headers in 162 bytes (1 switches on core 0) [pid: 8|app: 0|req: 905/1806] 10.0.0.94 () {32 vars in 716 bytes} [Thu Jul 16 01:38:34 2026] GET /v2.0/ports/bc910751-d6ea-4fa6-8672-d7dfbe911e29 => generated 945 bytes in 59 msecs (HTTP/1.1 200) 4 headers in 157 bytes (1 switches on core 0)
2026-07-16 01:38:34.329 7 INFO neutron.db.ovn_revision_numbers_db [None req-eccec558-e951-4df1-9edc-db715b7b3e28 - - - - - -] Successfully bumped revision number for resource cc6bd1d7-733c-4f14-b4f5-d57c520145fc (type: ports) to 2
2026-07-16 01:38:34.378 7 WARNING neutron.plugins.ml2.drivers.ovn.mech_driver.ovsdb.ovn_client [None req-ef97d8ae-9f9a-47cb-9e3c-e04bd9a4ecdc - - - - - -] No hosting information found for port 815d191a-95f8-4415-95e8-37ad79b3e8c9: RuntimeError: No hosting information found for port 815d191a-95f8-4415-95e8-37ad79b3e8c9
2026-07-16 01:38:34.395 7 INFO neutron.db.ovn_revision_numbers_db [None req-eccec558-e951-4df1-9edc-db715b7b3e28 - - - - - -] Successfully bumped revision number for resource b848faec-f913-4527-85a3-c1cbcd35a9f9 (type: subnets) to 0 [pid: 7|app: 0|req: 902/1807] 10.0.0.94 () {34 vars in 668 bytes} [Thu Jul 16 01:38:33 2026] POST /v2.0/subnets => generated 626 bytes in 788 msecs (HTTP/1.1 201) 4 headers in 162 bytes (1 switches on core 0)
2026-07-16 01:38:34.531 7 INFO neutron.db.ovn_revision_numbers_db [None req-ef97d8ae-9f9a-47cb-9e3c-e04bd9a4ecdc - - - - - -] Successfully bumped revision number for resource 815d191a-95f8-4415-95e8-37ad79b3e8c9 (type: router_ports) to 2
2026-07-16 01:38:34.532 7 INFO neutron.plugins.ml2.drivers.ovn.mech_driver.mech_driver [None req-ef97d8ae-9f9a-47cb-9e3c-e04bd9a4ecdc - - - - - -] OVN reports status down for port: 59db87c8-2407-4d0f-aade-2a1005bc6257 [pid: 7|app: 0|req: 903/1808] 10.0.0.94 () {32 vars in 716 bytes} [Thu Jul 16 01:38:34 2026] GET /v2.0/ports/bc910751-d6ea-4fa6-8672-d7dfbe911e29 => generated 945 bytes in 129 msecs (HTTP/1.1 200) 4 headers in 157 bytes (1 switches on core 0)
2026-07-16 01:38:34.657 7 INFO neutron.plugins.ml2.drivers.ovn.mech_driver.mech_driver [None req-ef97d8ae-9f9a-47cb-9e3c-e04bd9a4ecdc - - - - - -] OVN reports status down for port: 25b1d49c-e354-4cf2-ad76-5dbd2b7edbf7
2026-07-16 01:38:34.804 8 INFO neutron.db.ovn_revision_numbers_db [None req-9b134c73-0acd-457b-af44-3670a20d508b e0f61cd13ca64d6a94a3e5f452fd3f24 15ac1df065f34f4ba2d6b90024f9ec88 - - default default] Successfully bumped revision number for resource 057cf8f7-70bc-4d9a-8316-0a538e6f77a1 (type: security_group_rules) to 0 [pid: 8|app: 0|req: 906/1809] 10.0.0.94 () {34 vars in 694 bytes} [Thu Jul 16 01:38:34 2026] POST /v2.0/security-group-rules => generated 601 bytes in 662 msecs (HTTP/1.1 201) 4 headers in 162 bytes (1 switches on core 0)
2026-07-16 01:38:34.876 8 INFO neutron.db.securitygroups_db [None req-769bfe91-0bc0-42eb-a997-79b76c26b173 e0f61cd13ca64d6a94a3e5f452fd3f24 15ac1df065f34f4ba2d6b90024f9ec88 - - default default] Project 15ac1df065f34f4ba2d6b90024f9ec88 added a security group rule with legacy IPv6 ICMP protocol name icmp, ipv6-icmp should be used instead. It was automatically converted.
2026-07-16 01:38:34.990 8 INFO neutron.db.ovn_revision_numbers_db [None req-769bfe91-0bc0-42eb-a997-79b76c26b173 e0f61cd13ca64d6a94a3e5f452fd3f24 15ac1df065f34f4ba2d6b90024f9ec88 - - default default] Successfully bumped revision number for resource 005798b1-56cd-4244-b695-428e2cf3ed33 (type: security_group_rules) to 0 [pid: 8|app: 0|req: 907/1810] 10.0.0.94 () {34 vars in 694 bytes} [Thu Jul 16 01:38:34 2026] POST /v2.0/security-group-rules => generated 607 bytes in 185 msecs (HTTP/1.1 201) 4 headers in 162 bytes (1 switches on core 0)
2026-07-16 01:38:35.236 7 WARNING neutron.scheduler.dhcp_agent_scheduler [None req-87c164ff-c912-41f9-b61d-9ea7ab71d92f 1c8eeef7954349268eb2cc38588e045e 3201f5601a0a4aaa9170a77c3cf90bb9 - - default default] No more DHCP agents
2026-07-16 01:38:35.239 7 WARNING neutron.api.rpc.agentnotifiers.dhcp_rpc_agent_api [None req-87c164ff-c912-41f9-b61d-9ea7ab71d92f 1c8eeef7954349268eb2cc38588e045e 3201f5601a0a4aaa9170a77c3cf90bb9 - - default default] Unable to schedule network 2e110e65-f334-49cd-b52f-7c0476d9d3bb: no agents available; will retry on subsequent port and subnet creation events.
2026-07-16 01:38:35.266 7 INFO neutron.db.ovn_revision_numbers_db [None req-ef97d8ae-9f9a-47cb-9e3c-e04bd9a4ecdc - - - - - -] Successfully bumped revision number for resource 25b1d49c-e354-4cf2-ad76-5dbd2b7edbf7 (type: ports) to 6
2026-07-16 01:38:35.340 8 INFO neutron.db.ovn_revision_numbers_db [None req-5276e495-cb73-45f8-a6f2-f126bdd49be4 ae426aa6fd164f93957901582422f8f2 527ce43dc67d45e9aff5fd03f00f309a - - default default] Successfully bumped revision number for resource 71f7188d-95fd-4265-8764-745e1b89dfb1 (type: security_groups) to 1
2026-07-16 01:38:35.353 8 INFO neutron.db.ovn_revision_numbers_db [None req-5276e495-cb73-45f8-a6f2-f126bdd49be4 ae426aa6fd164f93957901582422f8f2 527ce43dc67d45e9aff5fd03f00f309a - - default default] Successfully bumped revision number for resource 91957d01-644e-417e-b889-588df8633937 (type: security_group_rules) to 0
2026-07-16 01:38:35.366 8 INFO neutron.db.ovn_revision_numbers_db [None req-5276e495-cb73-45f8-a6f2-f126bdd49be4 ae426aa6fd164f93957901582422f8f2 527ce43dc67d45e9aff5fd03f00f309a - - default default] Successfully bumped revision number for resource ac59c7ac-0994-4f65-9c6b-838617155262 (type: security_group_rules) to 0
2026-07-16 01:38:35.377 8 INFO neutron.db.ovn_revision_numbers_db [None req-5276e495-cb73-45f8-a6f2-f126bdd49be4 ae426aa6fd164f93957901582422f8f2 527ce43dc67d45e9aff5fd03f00f309a - - default default] Successfully bumped revision number for resource ce6e2dc2-ea33-48ca-b88b-326139da2afe (type: security_group_rules) to 0
2026-07-16 01:38:35.391 8 INFO neutron.db.ovn_revision_numbers_db [None req-5276e495-cb73-45f8-a6f2-f126bdd49be4 ae426aa6fd164f93957901582422f8f2 527ce43dc67d45e9aff5fd03f00f309a - - default default] Successfully bumped revision number for resource e1b228cb-ff0f-472f-a9a7-2c4cd397d61f (type: security_group_rules) to 0
2026-07-16 01:38:35.434 8 INFO neutron.plugins.ml2.drivers.ovn.mech_driver.mech_driver [None req-35ca0606-aa36-46da-ba8d-e4b3f95745ba - - - - - -] OVN reports status down for port: 0dd6d4cc-94f0-4907-b93a-3734da896ccb
2026-07-16 01:38:35.452 7 WARNING neutron.plugins.ml2.drivers.ovn.mech_driver.ovsdb.ovn_client [None req-31a633a5-45e3-443c-9de0-51439160b5d6 - - - - - -] Logical_Switch_Port 25b1d49c-e354-4cf2-ad76-5dbd2b7edbf7 host information not removed, the port state is up
2026-07-16 01:38:35.463 7 INFO neutron.db.ovn_revision_numbers_db [None req-87c164ff-c912-41f9-b61d-9ea7ab71d92f 1c8eeef7954349268eb2cc38588e045e 3201f5601a0a4aaa9170a77c3cf90bb9 - - default default] Successfully bumped revision number for resource 0dd6d4cc-94f0-4907-b93a-3734da896ccb (type: ports) to 1 [pid: 8|app: 0|req: 908/1811] 10.0.0.94 () {32 vars in 773 bytes} [Thu Jul 16 01:38:35 2026] GET /v2.0/security-groups?tenant_id=7d7bd9c5ab26404c8bdfcdd860a073f0&name=default => generated 2925 bytes in 445 msecs (HTTP/1.1 200) 4 headers in 158 bytes (1 switches on core 0)
2026-07-16 01:38:35.523 8 INFO neutron.db.securitygroups_db [None req-253d879e-ceab-4982-bb16-0cd1b21dcf34 e0f61cd13ca64d6a94a3e5f452fd3f24 15ac1df065f34f4ba2d6b90024f9ec88 - - default default] Project 15ac1df065f34f4ba2d6b90024f9ec88 added a security group rule with legacy IPv6 ICMP protocol name icmp, ipv6-icmp should be used instead. It was automatically converted.
2026-07-16 01:38:35.540 7 INFO neutron.plugins.ml2.drivers.ovn.mech_driver.mech_driver [None req-31a633a5-45e3-443c-9de0-51439160b5d6 - - - - - -] OVN reports status up for port: 25b1d49c-e354-4cf2-ad76-5dbd2b7edbf7
2026-07-16 01:38:35.568 7 INFO neutron.plugins.ml2.plugin [None req-31a633a5-45e3-443c-9de0-51439160b5d6 - - - - - -] Attempt 1 to provision port 25b1d49c-e354-4cf2-ad76-5dbd2b7edbf7
2026-07-16 01:38:35.694 8 INFO neutron.db.ovn_revision_numbers_db [None req-253d879e-ceab-4982-bb16-0cd1b21dcf34 e0f61cd13ca64d6a94a3e5f452fd3f24 15ac1df065f34f4ba2d6b90024f9ec88 - - default default] Successfully bumped revision number for resource 2872b79e-9e0c-4efa-abda-44b1a1546745 (type: security_group_rules) to 0 [pid: 8|app: 0|req: 909/1812] 10.0.0.94 () {34 vars in 694 bytes} [Thu Jul 16 01:38:35 2026] POST /v2.0/security-group-rules => generated 606 bytes in 264 msecs (HTTP/1.1 201) 4 headers in 162 bytes (1 switches on core 0) [pid: 8|app: 0|req: 910/1813] 10.0.0.94 () {32 vars in 739 bytes} [Thu Jul 16 01:38:35 2026] DELETE /v2.0/security-groups/71f7188d-95fd-4265-8764-745e1b89dfb1 => generated 0 bytes in 206 msecs (HTTP/1.1 204) 2 headers in 112 bytes (1 switches on core 0) [pid: 8|app: 0|req: 911/1814] 10.0.0.94 () {32 vars in 716 bytes} [Thu Jul 16 01:38:35 2026] GET /v2.0/ports/bc910751-d6ea-4fa6-8672-d7dfbe911e29 => generated 945 bytes in 37 msecs (HTTP/1.1 200) 4 headers in 157 bytes (1 switches on core 0)
2026-07-16 01:38:36.165 8 INFO neutron.db.ovn_revision_numbers_db [None req-a4668c8b-bdf3-4260-b460-2e5baa07daec ae426aa6fd164f93957901582422f8f2 527ce43dc67d45e9aff5fd03f00f309a - - default default] Successfully bumped revision number for resource a20a2eb5-db3e-4ce5-879a-9ca8ca362967 (type: security_groups) to 1
2026-07-16 01:38:36.175 8 INFO neutron.db.ovn_revision_numbers_db [None req-a4668c8b-bdf3-4260-b460-2e5baa07daec ae426aa6fd164f93957901582422f8f2 527ce43dc67d45e9aff5fd03f00f309a - - default default] Successfully bumped revision number for resource 5f53e0a4-d34b-466c-9df5-f6411727268f (type: security_group_rules) to 0
2026-07-16 01:38:36.187 8 INFO neutron.db.ovn_revision_numbers_db [None req-a4668c8b-bdf3-4260-b460-2e5baa07daec ae426aa6fd164f93957901582422f8f2 527ce43dc67d45e9aff5fd03f00f309a - - default default] Successfully bumped revision number for resource 6dcf3b21-10b8-4624-a705-062e3d9574ae (type: security_group_rules) to 0
2026-07-16 01:38:36.198 8 INFO neutron.db.ovn_revision_numbers_db [None req-a4668c8b-bdf3-4260-b460-2e5baa07daec ae426aa6fd164f93957901582422f8f2 527ce43dc67d45e9aff5fd03f00f309a - - default default] Successfully bumped revision number for resource 7eb2fed0-fca2-4260-b979-759c300b6d5c (type: security_group_rules) to 0
2026-07-16 01:38:36.209 8 INFO neutron.db.ovn_revision_numbers_db [None req-a4668c8b-bdf3-4260-b460-2e5baa07daec ae426aa6fd164f93957901582422f8f2 527ce43dc67d45e9aff5fd03f00f309a - - default default] Successfully bumped revision number for resource b4df2b33-a16c-4801-912c-3186fac95385 (type: security_group_rules) to 0 [pid: 8|app: 0|req: 912/1815] 10.0.0.94 () {32 vars in 773 bytes} [Thu Jul 16 01:38:36 2026] GET /v2.0/security-groups?tenant_id=684d3c62007a48f58cc800ebb9870b79&name=default => generated 2925 bytes in 204 msecs (HTTP/1.1 200) 4 headers in 158 bytes (1 switches on core 0)
2026-07-16 01:38:36.318 7 INFO neutron.db.ovn_revision_numbers_db [None req-31a633a5-45e3-443c-9de0-51439160b5d6 - - - - - -] Successfully bumped revision number for resource 25b1d49c-e354-4cf2-ad76-5dbd2b7edbf7 (type: ports) to 7
2026-07-16 01:38:36.393 8 INFO neutron.db.ovn_revision_numbers_db [None req-176295df-25ed-4f7c-b16e-3b64aedb15ce e0f61cd13ca64d6a94a3e5f452fd3f24 15ac1df065f34f4ba2d6b90024f9ec88 - - default default] Successfully bumped revision number for resource 97e16a72-b99e-48e5-838b-223be365fd02 (type: security_groups) to 1
2026-07-16 01:38:36.406 8 INFO neutron.db.ovn_revision_numbers_db [None req-176295df-25ed-4f7c-b16e-3b64aedb15ce e0f61cd13ca64d6a94a3e5f452fd3f24 15ac1df065f34f4ba2d6b90024f9ec88 - - default default] Successfully bumped revision number for resource b764c6c9-a0f8-4439-8a03-dca889582c7b (type: security_group_rules) to 0
2026-07-16 01:38:36.416 8 INFO neutron.db.ovn_revision_numbers_db [None req-176295df-25ed-4f7c-b16e-3b64aedb15ce e0f61cd13ca64d6a94a3e5f452fd3f24 15ac1df065f34f4ba2d6b90024f9ec88 - - default default] Successfully bumped revision number for resource eacf3cf2-1fe8-48ae-b5ee-131853419701 (type: security_group_rules) to 0 [pid: 8|app: 0|req: 913/1816] 10.0.0.94 () {34 vars in 684 bytes} [Thu Jul 16 01:38:36 2026] POST /v2.0/security-groups => generated 1659 bytes in 202 msecs (HTTP/1.1 201) 4 headers in 163 bytes (1 switches on core 0)
2026-07-16 01:38:36.532 7 INFO neutron.plugins.ml2.drivers.ovn.mech_driver.mech_driver [None req-dc3be30c-229f-471c-8a02-1c537f62d05a - - - - - -] OVN reports status down for port: 3f3b4ed3-72c2-4e14-a905-bb58b1a9db43
2026-07-16 01:38:36.573 7 INFO neutron.plugins.ml2.drivers.ovn.mech_driver.ovsdb.commands [None req-3c74f924-581c-4774-b348-b235e0f53cd1 - - - - - -] Schedule LRP lrp-0dd6d4cc-94f0-4907-b93a-3734da896ccb on gateway e163d3d4-deae-46d3-a9bf-b34340fd4873 with priority 1
2026-07-16 01:38:36.609 8 INFO neutron.plugins.ml2.drivers.ovn.mech_driver.mech_driver [None req-35ca0606-aa36-46da-ba8d-e4b3f95745ba - - - - - -] OVN reports status up for port: 0dd6d4cc-94f0-4907-b93a-3734da896ccb
2026-07-16 01:38:36.639 8 INFO neutron.plugins.ml2.plugin [None req-35ca0606-aa36-46da-ba8d-e4b3f95745ba - - - - - -] Attempt 1 to provision port 0dd6d4cc-94f0-4907-b93a-3734da896ccb
2026-07-16 01:38:36.642 7 WARNING neutron.plugins.ml2.drivers.ovn.mech_driver.ovsdb.ovn_client [None req-dc3be30c-229f-471c-8a02-1c537f62d05a - - - - - -] Logical_Switch_Port 3f3b4ed3-72c2-4e14-a905-bb58b1a9db43 host information not removed, the port state is up
2026-07-16 01:38:36.642 7 INFO neutron.plugins.ml2.drivers.ovn.mech_driver.mech_driver [None req-dc3be30c-229f-471c-8a02-1c537f62d05a - - - - - -] OVN reports status up for port: 3f3b4ed3-72c2-4e14-a905-bb58b1a9db43
2026-07-16 01:38:36.675 7 INFO neutron.plugins.ml2.plugin [None req-dc3be30c-229f-471c-8a02-1c537f62d05a - - - - - -] Attempt 1 to provision port 3f3b4ed3-72c2-4e14-a905-bb58b1a9db43
2026-07-16 01:38:36.696 7 INFO neutron.db.ovn_revision_numbers_db [None req-87c164ff-c912-41f9-b61d-9ea7ab71d92f 1c8eeef7954349268eb2cc38588e045e 3201f5601a0a4aaa9170a77c3cf90bb9 - - default default] Successfully bumped revision number for resource 0dd6d4cc-94f0-4907-b93a-3734da896ccb (type: router_ports) to 1 [pid: 8|app: 0|req: 914/1817] 10.0.0.94 () {32 vars in 739 bytes} [Thu Jul 16 01:38:36 2026] DELETE /v2.0/security-groups/a20a2eb5-db3e-4ce5-879a-9ca8ca362967 => generated 0 bytes in 316 msecs (HTTP/1.1 204) 2 headers in 112 bytes (1 switches on core 0)
2026-07-16 01:38:36.811 7 INFO neutron.db.ovn_revision_numbers_db [None req-87c164ff-c912-41f9-b61d-9ea7ab71d92f 1c8eeef7954349268eb2cc38588e045e 3201f5601a0a4aaa9170a77c3cf90bb9 - - default default] Successfully bumped revision number for resource 89bdd5d3-7809-4697-9e7b-b3a0ae36e3ce (type: routers) to 2 [pid: 7|app: 0|req: 904/1818] 10.0.0.94 () {34 vars in 668 bytes} [Thu Jul 16 01:38:34 2026] POST /v2.0/routers => generated 935 bytes in 2286 msecs (HTTP/1.1 201) 4 headers in 162 bytes (1 switches on core 0)
2026-07-16 01:38:36.911 8 INFO neutron.db.ovn_revision_numbers_db [None req-770b9f20-c0ea-465c-9c40-533d15f2e838 e0f61cd13ca64d6a94a3e5f452fd3f24 15ac1df065f34f4ba2d6b90024f9ec88 - - default default] Successfully bumped revision number for resource effa6a6e-809f-4655-820b-d2e51d0e43e1 (type: security_group_rules) to 0 [pid: 8|app: 0|req: 915/1819] 10.0.0.94 () {34 vars in 694 bytes} [Thu Jul 16 01:38:36 2026] POST /v2.0/security-group-rules => generated 597 bytes in 176 msecs (HTTP/1.1 201) 4 headers in 162 bytes (1 switches on core 0)
2026-07-16 01:38:37.066 8 INFO neutron.db.ovn_revision_numbers_db [None req-b79e1271-bf1c-4b8c-b6f9-b95cc33ef266 e0f61cd13ca64d6a94a3e5f452fd3f24 15ac1df065f34f4ba2d6b90024f9ec88 - - default default] Successfully bumped revision number for resource 136df0c2-131d-4f4e-941d-c3690b77a202 (type: security_group_rules) to 0 [pid: 8|app: 0|req: 916/1820] 10.0.0.94 () {34 vars in 694 bytes} [Thu Jul 16 01:38:36 2026] POST /v2.0/security-group-rules => generated 602 bytes in 153 msecs (HTTP/1.1 201) 4 headers in 162 bytes (1 switches on core 0) [pid: 8|app: 0|req: 917/1821] 10.0.0.94 () {32 vars in 716 bytes} [Thu Jul 16 01:38:37 2026] GET /v2.0/ports/bc910751-d6ea-4fa6-8672-d7dfbe911e29 => generated 945 bytes in 33 msecs (HTTP/1.1 200) 4 headers in 157 bytes (1 switches on core 0)
2026-07-16 01:38:37.354 8 WARNING neutron.scheduler.dhcp_agent_scheduler [None req-21cf623f-a576-49f7-a49f-341cc1eadf6a e0f61cd13ca64d6a94a3e5f452fd3f24 15ac1df065f34f4ba2d6b90024f9ec88 - - default default] No more DHCP agents
2026-07-16 01:38:37.355 8 WARNING neutron.api.rpc.agentnotifiers.dhcp_rpc_agent_api [None req-21cf623f-a576-49f7-a49f-341cc1eadf6a e0f61cd13ca64d6a94a3e5f452fd3f24 15ac1df065f34f4ba2d6b90024f9ec88 - - default default] Unable to schedule network 2e110e65-f334-49cd-b52f-7c0476d9d3bb: no agents available; will retry on subsequent port and subnet creation events.
2026-07-16 01:38:37.395 7 INFO neutron.db.ovn_revision_numbers_db [None req-dc3be30c-229f-471c-8a02-1c537f62d05a - - - - - -] Successfully bumped revision number for resource 3f3b4ed3-72c2-4e14-a905-bb58b1a9db43 (type: ports) to 2 [pid: 8|app: 0|req: 918/1822] 10.0.0.94 () {34 vars in 675 bytes} [Thu Jul 16 01:38:37 2026] POST /v2.0/floatingips => generated 552 bytes in 516 msecs (HTTP/1.1 201) 4 headers in 162 bytes (1 switches on core 0)
2026-07-16 01:38:37.700 7 WARNING neutron.scheduler.dhcp_agent_scheduler [None req-31b68fa0-4174-4614-98c0-4e925fa9d440 1c8eeef7954349268eb2cc38588e045e 3201f5601a0a4aaa9170a77c3cf90bb9 - - default default] No more DHCP agents
2026-07-16 01:38:37.701 7 WARNING neutron.api.rpc.agentnotifiers.dhcp_rpc_agent_api [None req-31b68fa0-4174-4614-98c0-4e925fa9d440 1c8eeef7954349268eb2cc38588e045e 3201f5601a0a4aaa9170a77c3cf90bb9 - - default default] Unable to schedule network bd5d9a81-a637-46a7-b3cd-7479bb060495: no agents available; will retry on subsequent port and subnet creation events. [pid: 8|app: 0|req: 919/1823] 10.0.0.160 () {34 vars in 1098 bytes} [Thu Jul 16 01:38:37 2026] GET /v2.0/security-groups?name=tempest-securitygroup--725338774&fields=id&tenant_id=15ac1df065f34f4ba2d6b90024f9ec88 => generated 69 bytes in 31 msecs (HTTP/1.1 200) 4 headers in 156 bytes (1 switches on core 0) [pid: 8|app: 0|req: 920/1824] 10.0.0.160 () {34 vars in 1100 bytes} [Thu Jul 16 01:38:37 2026] GET /v2.0/security-groups?name=tempest-secgroup-smoke-1022227510&fields=id&tenant_id=15ac1df065f34f4ba2d6b90024f9ec88 => generated 69 bytes in 56 msecs (HTTP/1.1 200) 4 headers in 156 bytes (1 switches on core 0)
