2026-07-16 01:01:09.180 7 INFO neutron.api.extensions [None req-843c3ebe-5d80-4481-83c3-04df27565f08 - - - - - -] Extension l3-ext-ndp-proxy not supported by any of loaded plugins
2026-07-16 01:01:09.180 7 INFO neutron.api.extensions [None req-843c3ebe-5d80-4481-83c3-04df27565f08 - - - - - -] Loaded extension: external-gateway-multihoming
2026-07-16 01:01:09.180 8 INFO neutron.api.extensions [None req-cfd958fe-f1e6-479f-ac6b-81096a6a555d - - - - - -] Loaded extension: tap-mirror
2026-07-16 01:01:09.181 7 INFO neutron.api.extensions [None req-843c3ebe-5d80-4481-83c3-04df27565f08 - - - - - -] Loaded extension: l3-flavors
2026-07-16 01:01:09.181 8 INFO neutron.api.extensions [None req-cfd958fe-f1e6-479f-ac6b-81096a6a555d - - - - - -] Loaded extension: taas-vlan-filter
2026-07-16 01:01:09.182 7 INFO neutron.api.extensions [None req-843c3ebe-5d80-4481-83c3-04df27565f08 - - - - - -] Extension l3-ndp-proxy not supported by any of loaded plugins
2026-07-16 01:01:09.182 7 INFO neutron.api.extensions [None req-843c3ebe-5d80-4481-83c3-04df27565f08 - - - - - -] Extension l3-port-ip-change-not-allowed not supported by any of loaded plugins
2026-07-16 01:01:09.184 8 INFO neutron.quota.resource_registry [None req-cfd958fe-f1e6-479f-ac6b-81096a6a555d - - - - - -] Creating instance of TrackedResource for resource:network
2026-07-16 01:01:09.184 8 INFO neutron.quota.resource_registry [None req-cfd958fe-f1e6-479f-ac6b-81096a6a555d - - - - - -] Creating instance of TrackedResource for resource:subnet
2026-07-16 01:01:09.184 8 INFO neutron.quota.resource_registry [None req-cfd958fe-f1e6-479f-ac6b-81096a6a555d - - - - - -] Creating instance of TrackedResource for resource:subnetpool
2026-07-16 01:01:09.184 7 INFO neutron.api.extensions [None req-843c3ebe-5d80-4481-83c3-04df27565f08 - - - - - -] Extension l3_agent_scheduler not supported by any of loaded plugins
2026-07-16 01:01:09.184 8 INFO neutron.quota.resource_registry [None req-cfd958fe-f1e6-479f-ac6b-81096a6a555d - - - - - -] Creating instance of TrackedResource for resource:port
2026-07-16 01:01:09.185 7 INFO neutron.api.extensions [None req-843c3ebe-5d80-4481-83c3-04df27565f08 - - - - - -] Extension local_ip not supported by any of loaded plugins
2026-07-16 01:01:09.186 7 INFO neutron.api.extensions [None req-843c3ebe-5d80-4481-83c3-04df27565f08 - - - - - -] Loaded extension: logging
2026-07-16 01:01:09.187 8 INFO neutron.quota.resource_registry [None req-cfd958fe-f1e6-479f-ac6b-81096a6a555d - - - - - -] Creating instance of TrackedResource for resource:router
2026-07-16 01:01:09.187 7 INFO neutron.api.extensions [None req-843c3ebe-5d80-4481-83c3-04df27565f08 - - - - - -] Extension metering not supported by any of loaded plugins
2026-07-16 01:01:09.188 8 INFO neutron.quota.resource_registry [None req-cfd958fe-f1e6-479f-ac6b-81096a6a555d - - - - - -] Creating instance of TrackedResource for resource:floatingip
2026-07-16 01:01:09.188 7 INFO neutron.api.extensions [None req-843c3ebe-5d80-4481-83c3-04df27565f08 - - - - - -] Extension metering_source_and_destination_fields not supported by any of loaded plugins
2026-07-16 01:01:09.189 7 INFO neutron.api.extensions [None req-843c3ebe-5d80-4481-83c3-04df27565f08 - - - - - -] Loaded extension: multi-provider
2026-07-16 01:01:09.189 7 INFO neutron.api.extensions [None req-843c3ebe-5d80-4481-83c3-04df27565f08 - - - - - -] Loaded extension: net-mtu
2026-07-16 01:01:09.190 7 INFO neutron.api.extensions [None req-843c3ebe-5d80-4481-83c3-04df27565f08 - - - - - -] Loaded extension: net-mtu-writable
2026-07-16 01:01:09.190 7 INFO neutron.api.extensions [None req-843c3ebe-5d80-4481-83c3-04df27565f08 - - - - - -] Loaded extension: network_availability_zone
2026-07-16 01:01:09.191 7 INFO neutron.api.extensions [None req-843c3ebe-5d80-4481-83c3-04df27565f08 - - - - - -] Extension network_ha not supported by any of loaded plugins
2026-07-16 01:01:09.191 7 INFO neutron.api.extensions [None req-843c3ebe-5d80-4481-83c3-04df27565f08 - - - - - -] Loaded extension: network-ip-availability
2026-07-16 01:01:09.192 7 INFO neutron.api.extensions [None req-843c3ebe-5d80-4481-83c3-04df27565f08 - - - - - -] Extension network-segment-range not supported by any of loaded plugins
2026-07-16 01:01:09.193 7 INFO neutron.api.extensions [None req-843c3ebe-5d80-4481-83c3-04df27565f08 - - - - - -] Loaded extension: pagination
2026-07-16 01:01:09.193 7 INFO neutron.api.extensions [None req-843c3ebe-5d80-4481-83c3-04df27565f08 - - - - - -] Loaded extension: port-device-profile
2026-07-16 01:01:09.194 7 INFO neutron.api.extensions [None req-843c3ebe-5d80-4481-83c3-04df27565f08 - - - - - -] Extension port-hardware-offload-type not supported by any of loaded plugins
2026-07-16 01:01:09.194 7 INFO neutron.api.extensions [None req-843c3ebe-5d80-4481-83c3-04df27565f08 - - - - - -] Extension port-hint-ovs-tx-steering not supported by any of loaded plugins
2026-07-16 01:01:09.194 8 INFO neutron.quota.resource_registry [None req-cfd958fe-f1e6-479f-ac6b-81096a6a555d - - - - - -] Creating instance of CountableResource for resource:rbac_policy
2026-07-16 01:01:09.195 7 INFO neutron.api.extensions [None req-843c3ebe-5d80-4481-83c3-04df27565f08 - - - - - -] Extension port-hints not supported by any of loaded plugins
2026-07-16 01:01:09.195 8 INFO neutron.quota.resource_registry [None req-cfd958fe-f1e6-479f-ac6b-81096a6a555d - - - - - -] Creating instance of TrackedResource for resource:security_group
2026-07-16 01:01:09.195 7 INFO neutron.api.extensions [None req-843c3ebe-5d80-4481-83c3-04df27565f08 - - - - - -] Extension port-mac-override not supported by any of loaded plugins
2026-07-16 01:01:09.195 8 INFO neutron.quota.resource_registry [None req-cfd958fe-f1e6-479f-ac6b-81096a6a555d - - - - - -] Creating instance of TrackedResource for resource:security_group_rule
2026-07-16 01:01:09.196 7 INFO neutron.api.extensions [None req-843c3ebe-5d80-4481-83c3-04df27565f08 - - - - - -] Loaded extension: port-mac-address-regenerate
2026-07-16 01:01:09.196 7 INFO neutron.api.extensions [None req-843c3ebe-5d80-4481-83c3-04df27565f08 - - - - - -] Loaded extension: port-numa-affinity-policy
2026-07-16 01:01:09.196 8 INFO neutron.quota.resource_registry [None req-cfd958fe-f1e6-479f-ac6b-81096a6a555d - - - - - -] Creating instance of TrackedResource for resource:subnetpool
2026-07-16 01:01:09.197 8 WARNING neutron.quota.resource_registry [None req-cfd958fe-f1e6-479f-ac6b-81096a6a555d - - - - - -] subnetpool is already registered
2026-07-16 01:01:09.197 7 INFO neutron.api.extensions [None req-843c3ebe-5d80-4481-83c3-04df27565f08 - - - - - -] Loaded extension: port-numa-affinity-policy-socket
2026-07-16 01:01:09.197 8 INFO neutron.quota.resource_registry [None req-cfd958fe-f1e6-479f-ac6b-81096a6a555d - - - - - -] Creating instance of CountableResource for resource:trunk
2026-07-16 01:01:09.197 7 INFO neutron.api.extensions [None req-843c3ebe-5d80-4481-83c3-04df27565f08 - - - - - -] Loaded extension: port-resource-request
2026-07-16 01:01:09.197 8 INFO neutron.quota.resource_registry [None req-cfd958fe-f1e6-479f-ac6b-81096a6a555d - - - - - -] Creating instance of CountableResource for resource:ikepolicy
2026-07-16 01:01:09.198 8 INFO neutron.quota.resource_registry [None req-cfd958fe-f1e6-479f-ac6b-81096a6a555d - - - - - -] Creating instance of CountableResource for resource:ipsecpolicy
2026-07-16 01:01:09.198 7 INFO neutron.api.extensions [None req-843c3ebe-5d80-4481-83c3-04df27565f08 - - - - - -] Loaded extension: port-resource-request-groups
2026-07-16 01:01:09.198 8 INFO neutron.quota.resource_registry [None req-cfd958fe-f1e6-479f-ac6b-81096a6a555d - - - - - -] Creating instance of CountableResource for resource:endpoint_group
2026-07-16 01:01:09.198 7 INFO neutron.api.extensions [None req-843c3ebe-5d80-4481-83c3-04df27565f08 - - - - - -] Extension port-trusted-vif not supported by any of loaded plugins
2026-07-16 01:01:09.199 8 INFO neutron.quota.resource_registry [None req-cfd958fe-f1e6-479f-ac6b-81096a6a555d - - - - - -] Creating instance of CountableResource for resource:vpnservice
2026-07-16 01:01:09.199 7 INFO neutron.api.extensions [None req-843c3ebe-5d80-4481-83c3-04df27565f08 - - - - - -] Loaded extension: binding
2026-07-16 01:01:09.199 8 INFO neutron.quota.resource_registry [None req-cfd958fe-f1e6-479f-ac6b-81096a6a555d - - - - - -] Creating instance of CountableResource for resource:ipsec_site_connection
2026-07-16 01:01:09.199 8 INFO neutron.quota.resource_registry [None req-cfd958fe-f1e6-479f-ac6b-81096a6a555d - - - - - -] Creating instance of CountableResource for resource:ipsecpolicy
2026-07-16 01:01:09.200 8 WARNING neutron.quota.resource_registry [None req-cfd958fe-f1e6-479f-ac6b-81096a6a555d - - - - - -] ipsecpolicy is already registered
2026-07-16 01:01:09.200 7 INFO neutron.api.extensions [None req-843c3ebe-5d80-4481-83c3-04df27565f08 - - - - - -] Loaded extension: binding-extended
2026-07-16 01:01:09.200 8 INFO neutron.quota.resource_registry [None req-cfd958fe-f1e6-479f-ac6b-81096a6a555d - - - - - -] Creating instance of CountableResource for resource:ikepolicy
2026-07-16 01:01:09.200 8 WARNING neutron.quota.resource_registry [None req-cfd958fe-f1e6-479f-ac6b-81096a6a555d - - - - - -] ikepolicy is already registered
2026-07-16 01:01:09.200 7 INFO neutron.api.extensions [None req-843c3ebe-5d80-4481-83c3-04df27565f08 - - - - - -] Loaded extension: port-security
2026-07-16 01:01:09.201 7 INFO neutron.api.extensions [None req-843c3ebe-5d80-4481-83c3-04df27565f08 - - - - - -] Loaded extension: project-id
2026-07-16 01:01:09.201 7 INFO neutron.api.extensions [None req-843c3ebe-5d80-4481-83c3-04df27565f08 - - - - - -] Loaded extension: provider
2026-07-16 01:01:09.202 7 INFO neutron.api.extensions [None req-843c3ebe-5d80-4481-83c3-04df27565f08 - - - - - -] Extension qinq not supported by any of loaded plugins
2026-07-16 01:01:09.204 7 INFO neutron.api.extensions [None req-843c3ebe-5d80-4481-83c3-04df27565f08 - - - - - -] Loaded extension: qos
2026-07-16 01:01:09.205 8 INFO neutron.quota.resource_registry [None req-cfd958fe-f1e6-479f-ac6b-81096a6a555d - - - - - -] Creating instance of TrackedResource for resource:router
2026-07-16 01:01:09.205 8 WARNING neutron.quota.resource_registry [None req-cfd958fe-f1e6-479f-ac6b-81096a6a555d - - - - - -] router is already registered
2026-07-16 01:01:09.205 7 INFO neutron.api.extensions [None req-843c3ebe-5d80-4481-83c3-04df27565f08 - - - - - -] Loaded extension: qos-bw-limit-direction
2026-07-16 01:01:09.205 8 INFO neutron.quota.resource_registry [None req-cfd958fe-f1e6-479f-ac6b-81096a6a555d - - - - - -] Creating instance of TrackedResource for resource:floatingip
2026-07-16 01:01:09.205 8 WARNING neutron.quota.resource_registry [None req-cfd958fe-f1e6-479f-ac6b-81096a6a555d - - - - - -] floatingip is already registered
2026-07-16 01:01:09.205 7 INFO neutron.api.extensions [None req-843c3ebe-5d80-4481-83c3-04df27565f08 - - - - - -] Loaded extension: qos-bw-minimum-ingress
2026-07-16 01:01:09.206 7 INFO neutron.api.extensions [None req-843c3ebe-5d80-4481-83c3-04df27565f08 - - - - - -] Loaded extension: qos-default
2026-07-16 01:01:09.206 7 INFO neutron.api.extensions [None req-843c3ebe-5d80-4481-83c3-04df27565f08 - - - - - -] Loaded extension: qos-fip
2026-07-16 01:01:09.207 7 INFO neutron.api.extensions [None req-843c3ebe-5d80-4481-83c3-04df27565f08 - - - - - -] Extension qos-fip-network-policy not supported by any of loaded plugins
2026-07-16 01:01:09.207 7 INFO neutron.api.extensions [None req-843c3ebe-5d80-4481-83c3-04df27565f08 - - - - - -] Loaded extension: qos-gateway-ip
2026-07-16 01:01:09.208 7 INFO neutron.api.extensions [None req-843c3ebe-5d80-4481-83c3-04df27565f08 - - - - - -] Loaded extension: qos-port-network-policy
2026-07-16 01:01:09.208 7 INFO neutron.api.extensions [None req-843c3ebe-5d80-4481-83c3-04df27565f08 - - - - - -] Loaded extension: qos-pps-minimum
2026-07-16 01:01:09.209 7 INFO neutron.api.extensions [None req-843c3ebe-5d80-4481-83c3-04df27565f08 - - - - - -] Loaded extension: qos-pps-minimum-rule-alias
2026-07-16 01:01:09.209 8 INFO neutron.quota.resource_registry [None req-cfd958fe-f1e6-479f-ac6b-81096a6a555d - - - - - -] Creating instance of CountableResource for resource:rbac_policy
2026-07-16 01:01:09.209 8 WARNING neutron.quota.resource_registry [None req-cfd958fe-f1e6-479f-ac6b-81096a6a555d - - - - - -] rbac_policy is already registered
2026-07-16 01:01:09.210 7 INFO neutron.api.extensions [None req-843c3ebe-5d80-4481-83c3-04df27565f08 - - - - - -] Loaded extension: qos-pps
2026-07-16 01:01:09.210 8 INFO neutron.quota.resource_registry [None req-cfd958fe-f1e6-479f-ac6b-81096a6a555d - - - - - -] Creating instance of TrackedResource for resource:security_group
2026-07-16 01:01:09.210 8 WARNING neutron.quota.resource_registry [None req-cfd958fe-f1e6-479f-ac6b-81096a6a555d - - - - - -] security_group is already registered
2026-07-16 01:01:09.210 7 INFO neutron.api.extensions [None req-843c3ebe-5d80-4481-83c3-04df27565f08 - - - - - -] Loaded extension: qos-rule-type-details
2026-07-16 01:01:09.210 8 INFO neutron.quota.resource_registry [None req-cfd958fe-f1e6-479f-ac6b-81096a6a555d - - - - - -] Creating instance of TrackedResource for resource:security_group_rule
2026-07-16 01:01:09.211 8 WARNING neutron.quota.resource_registry [None req-cfd958fe-f1e6-479f-ac6b-81096a6a555d - - - - - -] security_group_rule is already registered
2026-07-16 01:01:09.211 7 INFO neutron.api.extensions [None req-843c3ebe-5d80-4481-83c3-04df27565f08 - - - - - -] Loaded extension: qos-rule-type-filter
2026-07-16 01:01:09.211 8 INFO neutron.quota.resource_registry [None req-cfd958fe-f1e6-479f-ac6b-81096a6a555d - - - - - -] Creating instance of TrackedResource for resource:subnetpool
2026-07-16 01:01:09.211 7 INFO neutron.api.extensions [None req-843c3ebe-5d80-4481-83c3-04df27565f08 - - - - - -] Loaded extension: qos-rules-alias
2026-07-16 01:01:09.212 8 WARNING neutron.quota.resource_registry [None req-cfd958fe-f1e6-479f-ac6b-81096a6a555d - - - - - -] subnetpool is already registered
2026-07-16 01:01:09.212 7 INFO neutron.api.extensions [None req-843c3ebe-5d80-4481-83c3-04df27565f08 - - - - - -] Loaded extension: quota-check-limit
2026-07-16 01:01:09.212 8 INFO neutron.quota.resource_registry [None req-cfd958fe-f1e6-479f-ac6b-81096a6a555d - - - - - -] Creating instance of CountableResource for resource:trunk
2026-07-16 01:01:09.212 8 WARNING neutron.quota.resource_registry [None req-cfd958fe-f1e6-479f-ac6b-81096a6a555d - - - - - -] trunk is already registered
2026-07-16 01:01:09.212 8 INFO neutron.quota.resource_registry [None req-cfd958fe-f1e6-479f-ac6b-81096a6a555d - - - - - -] Creating instance of CountableResource for resource:ikepolicy
2026-07-16 01:01:09.213 8 WARNING neutron.quota.resource_registry [None req-cfd958fe-f1e6-479f-ac6b-81096a6a555d - - - - - -] ikepolicy is already registered
2026-07-16 01:01:09.213 7 INFO neutron.api.extensions [None req-843c3ebe-5d80-4481-83c3-04df27565f08 - - - - - -] Loaded extension: quota-check-limit-default
2026-07-16 01:01:09.213 8 INFO neutron.quota.resource_registry [None req-cfd958fe-f1e6-479f-ac6b-81096a6a555d - - - - - -] Creating instance of CountableResource for resource:ipsecpolicy
2026-07-16 01:01:09.213 8 WARNING neutron.quota.resource_registry [None req-cfd958fe-f1e6-479f-ac6b-81096a6a555d - - - - - -] ipsecpolicy is already registered
2026-07-16 01:01:09.213 8 INFO neutron.quota.resource_registry [None req-cfd958fe-f1e6-479f-ac6b-81096a6a555d - - - - - -] Creating instance of CountableResource for resource:endpoint_group
2026-07-16 01:01:09.214 8 WARNING neutron.quota.resource_registry [None req-cfd958fe-f1e6-479f-ac6b-81096a6a555d - - - - - -] endpoint_group is already registered
2026-07-16 01:01:09.214 8 INFO neutron.quota.resource_registry [None req-cfd958fe-f1e6-479f-ac6b-81096a6a555d - - - - - -] Creating instance of CountableResource for resource:vpnservice
2026-07-16 01:01:09.214 8 WARNING neutron.quota.resource_registry [None req-cfd958fe-f1e6-479f-ac6b-81096a6a555d - - - - - -] vpnservice is already registered
2026-07-16 01:01:09.214 8 INFO neutron.quota.resource_registry [None req-cfd958fe-f1e6-479f-ac6b-81096a6a555d - - - - - -] Creating instance of CountableResource for resource:ipsec_site_connection
2026-07-16 01:01:09.215 8 WARNING neutron.quota.resource_registry [None req-cfd958fe-f1e6-479f-ac6b-81096a6a555d - - - - - -] ipsec_site_connection is already registered
2026-07-16 01:01:09.215 7 INFO neutron.api.extensions [None req-843c3ebe-5d80-4481-83c3-04df27565f08 - - - - - -] Loaded extension: quotas
2026-07-16 01:01:09.215 8 INFO neutron.quota.resource_registry [None req-cfd958fe-f1e6-479f-ac6b-81096a6a555d - - - - - -] Creating instance of CountableResource for resource:ipsecpolicy
2026-07-16 01:01:09.215 8 WARNING neutron.quota.resource_registry [None req-cfd958fe-f1e6-479f-ac6b-81096a6a555d - - - - - -] ipsecpolicy is already registered
2026-07-16 01:01:09.215 8 INFO neutron.quota.resource_registry [None req-cfd958fe-f1e6-479f-ac6b-81096a6a555d - - - - - -] Creating instance of CountableResource for resource:ikepolicy
2026-07-16 01:01:09.216 8 WARNING neutron.quota.resource_registry [None req-cfd958fe-f1e6-479f-ac6b-81096a6a555d - - - - - -] ikepolicy is already registered
2026-07-16 01:01:09.216 7 INFO neutron.api.extensions [None req-843c3ebe-5d80-4481-83c3-04df27565f08 - - - - - -] Loaded extension: quota_details
2026-07-16 01:01:09.217 7 INFO neutron.api.extensions [None req-843c3ebe-5d80-4481-83c3-04df27565f08 - - - - - -] Loaded extension: rbac-policies
2026-07-16 01:01:09.218 7 INFO neutron.api.extensions [None req-843c3ebe-5d80-4481-83c3-04df27565f08 - - - - - -] Extension rbac-address-group not supported by any of loaded plugins
2026-07-16 01:01:09.218 7 INFO neutron.api.extensions [None req-843c3ebe-5d80-4481-83c3-04df27565f08 - - - - - -] Loaded extension: rbac-address-scope
2026-07-16 01:01:09.219 7 INFO neutron.api.extensions [None req-843c3ebe-5d80-4481-83c3-04df27565f08 - - - - - -] Loaded extension: rbac-security-groups
2026-07-16 01:01:09.219 7 INFO neutron.api.extensions [None req-843c3ebe-5d80-4481-83c3-04df27565f08 - - - - - -] Extension rbac-subnetpool not supported by any of loaded plugins
2026-07-16 01:01:09.220 7 INFO neutron.api.extensions [None req-843c3ebe-5d80-4481-83c3-04df27565f08 - - - - - -] Loaded extension: revision-if-match
2026-07-16 01:01:09.220 7 INFO neutron.api.extensions [None req-843c3ebe-5d80-4481-83c3-04df27565f08 - - - - - -] Loaded extension: standard-attr-revisions
2026-07-16 01:01:09.221 7 INFO neutron.api.extensions [None req-843c3ebe-5d80-4481-83c3-04df27565f08 - - - - - -] Loaded extension: router_availability_zone
2026-07-16 01:01:09.221 7 INFO neutron.api.extensions [None req-843c3ebe-5d80-4481-83c3-04df27565f08 - - - - - -] Extension router-service-type not supported by any of loaded plugins
2026-07-16 01:01:09.223 7 INFO neutron.api.extensions [None req-843c3ebe-5d80-4481-83c3-04df27565f08 - - - - - -] Loaded extension: security-groups-default-rules
2026-07-16 01:01:09.224 7 INFO neutron.api.extensions [None req-843c3ebe-5d80-4481-83c3-04df27565f08 - - - - - -] Loaded extension: security-groups-normalized-cidr
2026-07-16 01:01:09.224 7 INFO neutron.api.extensions [None req-843c3ebe-5d80-4481-83c3-04df27565f08 - - - - - -] Extension port-security-groups-filtering not supported by any of loaded plugins
2026-07-16 01:01:09.225 7 INFO neutron.api.extensions [None req-843c3ebe-5d80-4481-83c3-04df27565f08 - - - - - -] Loaded extension: security-groups-remote-address-group
2026-07-16 01:01:09.225 7 INFO neutron.api.extensions [None req-843c3ebe-5d80-4481-83c3-04df27565f08 - - - - - -] Loaded extension: security-groups-rules-belongs-to-default-sg
2026-07-16 01:01:09.226 7 INFO neutron.api.extensions [None req-843c3ebe-5d80-4481-83c3-04df27565f08 - - - - - -] Loaded extension: security-groups-shared-filtering
2026-07-16 01:01:09.230 7 INFO neutron.api.extensions [None req-843c3ebe-5d80-4481-83c3-04df27565f08 - - - - - -] Loaded extension: security-group
2026-07-16 01:01:09.231 7 INFO neutron.api.extensions [None req-843c3ebe-5d80-4481-83c3-04df27565f08 - - - - - -] Loaded extension: segment
2026-07-16 01:01:09.232 7 INFO neutron.api.extensions [None req-843c3ebe-5d80-4481-83c3-04df27565f08 - - - - - -] Loaded extension: segments-peer-subnet-host-routes
2026-07-16 01:01:09.232 7 INFO neutron.api.extensions [None req-843c3ebe-5d80-4481-83c3-04df27565f08 - - - - - -] Loaded extension: service-type
2026-07-16 01:01:09.233 7 INFO neutron.api.extensions [None req-843c3ebe-5d80-4481-83c3-04df27565f08 - - - - - -] Loaded extension: sorting
2026-07-16 01:01:09.233 7 INFO neutron.api.extensions [None req-843c3ebe-5d80-4481-83c3-04df27565f08 - - - - - -] Loaded extension: standard-attr-segment
2026-07-16 01:01:09.234 7 INFO neutron.api.extensions [None req-843c3ebe-5d80-4481-83c3-04df27565f08 - - - - - -] Loaded extension: standard-attr-description
2026-07-16 01:01:09.235 7 INFO neutron.api.extensions [None req-843c3ebe-5d80-4481-83c3-04df27565f08 - - - - - -] Loaded extension: stateful-security-group
2026-07-16 01:01:09.235 7 WARNING neutron.api.extensions [None req-843c3ebe-5d80-4481-83c3-04df27565f08 - - - - - -] Did not find expected name "Stdattrs_common" in /var/lib/openstack/lib/python3.12/site-packages/neutron/extensions/stdattrs_common.py
2026-07-16 01:01:09.236 7 INFO neutron.api.extensions [None req-843c3ebe-5d80-4481-83c3-04df27565f08 - - - - - -] Loaded extension: subnet-dns-publish-fixed-ip
2026-07-16 01:01:09.236 7 INFO neutron.api.extensions [None req-843c3ebe-5d80-4481-83c3-04df27565f08 - - - - - -] Loaded extension: subnet-external-network
2026-07-16 01:01:09.237 7 INFO neutron.api.extensions [None req-843c3ebe-5d80-4481-83c3-04df27565f08 - - - - - -] Extension subnet_onboard not supported by any of loaded plugins
2026-07-16 01:01:09.237 7 INFO neutron.api.extensions [None req-843c3ebe-5d80-4481-83c3-04df27565f08 - - - - - -] Loaded extension: subnet-segmentid-writable
2026-07-16 01:01:09.238 7 INFO neutron.api.extensions [None req-843c3ebe-5d80-4481-83c3-04df27565f08 - - - - - -] Loaded extension: subnet-service-types
2026-07-16 01:01:09.238 7 INFO neutron.api.extensions [None req-843c3ebe-5d80-4481-83c3-04df27565f08 - - - - - -] Loaded extension: subnet_allocation
2026-07-16 01:01:09.239 7 INFO neutron.api.extensions [None req-843c3ebe-5d80-4481-83c3-04df27565f08 - - - - - -] Loaded extension: subnetpool-prefix-ops
2026-07-16 01:01:09.240 7 INFO neutron.api.extensions [None req-843c3ebe-5d80-4481-83c3-04df27565f08 - - - - - -] Loaded extension: tag-creation
2026-07-16 01:01:09.240 7 INFO neutron.api.extensions [None req-843c3ebe-5d80-4481-83c3-04df27565f08 - - - - - -] Extension tag-ports-during-bulk-creation not supported by any of loaded plugins
2026-07-16 01:01:09.244 7 INFO neutron.api.extensions [None req-843c3ebe-5d80-4481-83c3-04df27565f08 - - - - - -] Loaded extension: standard-attr-tag
2026-07-16 01:01:09.245 7 INFO neutron.api.extensions [None req-843c3ebe-5d80-4481-83c3-04df27565f08 - - - - - -] Loaded extension: standard-attr-timestamp
2026-07-16 01:01:09.245 7 INFO neutron.api.extensions [None req-843c3ebe-5d80-4481-83c3-04df27565f08 - - - - - -] Loaded extension: trunk
2026-07-16 01:01:09.246 7 INFO neutron.api.extensions [None req-843c3ebe-5d80-4481-83c3-04df27565f08 - - - - - -] Loaded extension: trunk-details
2026-07-16 01:01:09.246 7 INFO neutron.api.extensions [None req-843c3ebe-5d80-4481-83c3-04df27565f08 - - - - - -] Extension uplink-status-propagation not supported by any of loaded plugins
2026-07-16 01:01:09.247 7 INFO neutron.api.extensions [None req-843c3ebe-5d80-4481-83c3-04df27565f08 - - - - - -] Extension uplink-status-propagation-updatable not supported by any of loaded plugins
2026-07-16 01:01:09.247 7 INFO neutron.api.extensions [None req-843c3ebe-5d80-4481-83c3-04df27565f08 - - - - - -] Extension vlan-transparent not supported by any of loaded plugins
2026-07-16 01:01:09.248 7 INFO neutron.api.extensions [None req-843c3ebe-5d80-4481-83c3-04df27565f08 - - - - - -] Loaded extension: vpn-aes-ctr
2026-07-16 01:01:09.250 7 INFO neutron.api.extensions [None req-843c3ebe-5d80-4481-83c3-04df27565f08 - - - - - -] Loaded extension: vpn-agent-scheduler
2026-07-16 01:01:09.251 7 INFO neutron.api.extensions [None req-843c3ebe-5d80-4481-83c3-04df27565f08 - - - - - -] Loaded extension: vpn-endpoint-groups
2026-07-16 01:01:09.251 8 WARNING keystonemiddleware._common.config [None req-cfd958fe-f1e6-479f-ac6b-81096a6a555d - - - - - -] The option "audit_map_file" is not known to keystonemiddleware
2026-07-16 01:01:09.251 7 INFO neutron.api.extensions [None req-843c3ebe-5d80-4481-83c3-04df27565f08 - - - - - -] Loaded extension: vpn-flavors
2026-07-16 01:01:09.253 7 INFO neutron.api.extensions [None req-843c3ebe-5d80-4481-83c3-04df27565f08 - - - - - -] Loaded extension: vpnaas
2026-07-16 01:01:09.254 7 INFO neutron.api.extensions [None req-843c3ebe-5d80-4481-83c3-04df27565f08 - - - - - -] Loaded extension: taas
2026-07-16 01:01:09.255 7 INFO neutron.api.extensions [None req-843c3ebe-5d80-4481-83c3-04df27565f08 - - - - - -] Loaded extension: tap-mirror
2026-07-16 01:01:09.256 7 INFO neutron.api.extensions [None req-843c3ebe-5d80-4481-83c3-04df27565f08 - - - - - -] Loaded extension: taas-vlan-filter
2026-07-16 01:01:09.257 8 WARNING oslo_config.cfg [None req-cfd958fe-f1e6-479f-ac6b-81096a6a555d - - - - - -] Deprecated: Option "auth_uri" from group "keystone_authtoken" is deprecated. Use option "www_authenticate_uri" from group "keystone_authtoken".
2026-07-16 01:01:09.258 7 INFO neutron.quota.resource_registry [None req-843c3ebe-5d80-4481-83c3-04df27565f08 - - - - - -] Creating instance of TrackedResource for resource:network
2026-07-16 01:01:09.258 7 INFO neutron.quota.resource_registry [None req-843c3ebe-5d80-4481-83c3-04df27565f08 - - - - - -] Creating instance of TrackedResource for resource:subnet
2026-07-16 01:01:09.259 7 INFO neutron.quota.resource_registry [None req-843c3ebe-5d80-4481-83c3-04df27565f08 - - - - - -] Creating instance of TrackedResource for resource:subnetpool
2026-07-16 01:01:09.259 7 INFO neutron.quota.resource_registry [None req-843c3ebe-5d80-4481-83c3-04df27565f08 - - - - - -] Creating instance of TrackedResource for resource:port
2026-07-16 01:01:09.262 7 INFO neutron.quota.resource_registry [None req-843c3ebe-5d80-4481-83c3-04df27565f08 - - - - - -] Creating instance of TrackedResource for resource:router
2026-07-16 01:01:09.262 7 INFO neutron.quota.resource_registry [None req-843c3ebe-5d80-4481-83c3-04df27565f08 - - - - - -] Creating instance of TrackedResource for resource:floatingip
2026-07-16 01:01:09.274 8 WARNING neutron.plugins.ml2.drivers.ovn.mech_driver.mech_driver [None req-cfd958fe-f1e6-479f-ac6b-81096a6a555d - - - - - -] uWSGI must provide a start time using the configuration parameter "start-time %t" in the configuration file
2026-07-16 01:01:09.275 7 INFO neutron.quota.resource_registry [None req-843c3ebe-5d80-4481-83c3-04df27565f08 - - - - - -] Creating instance of CountableResource for resource:rbac_policy
2026-07-16 01:01:09.276 7 INFO neutron.quota.resource_registry [None req-843c3ebe-5d80-4481-83c3-04df27565f08 - - - - - -] Creating instance of TrackedResource for resource:security_group
2026-07-16 01:01:09.277 7 INFO neutron.quota.resource_registry [None req-843c3ebe-5d80-4481-83c3-04df27565f08 - - - - - -] Creating instance of TrackedResource for resource:security_group_rule
2026-07-16 01:01:09.278 7 INFO neutron.quota.resource_registry [None req-843c3ebe-5d80-4481-83c3-04df27565f08 - - - - - -] Creating instance of TrackedResource for resource:subnetpool
2026-07-16 01:01:09.278 7 WARNING neutron.quota.resource_registry [None req-843c3ebe-5d80-4481-83c3-04df27565f08 - - - - - -] subnetpool is already registered
2026-07-16 01:01:09.279 7 INFO neutron.quota.resource_registry [None req-843c3ebe-5d80-4481-83c3-04df27565f08 - - - - - -] Creating instance of CountableResource for resource:trunk
2026-07-16 01:01:09.279 7 INFO neutron.quota.resource_registry [None req-843c3ebe-5d80-4481-83c3-04df27565f08 - - - - - -] Creating instance of CountableResource for resource:ikepolicy
2026-07-16 01:01:09.280 7 INFO neutron.quota.resource_registry [None req-843c3ebe-5d80-4481-83c3-04df27565f08 - - - - - -] Creating instance of CountableResource for resource:ipsecpolicy
2026-07-16 01:01:09.280 7 INFO neutron.quota.resource_registry [None req-843c3ebe-5d80-4481-83c3-04df27565f08 - - - - - -] Creating instance of CountableResource for resource:endpoint_group
2026-07-16 01:01:09.280 7 INFO neutron.quota.resource_registry [None req-843c3ebe-5d80-4481-83c3-04df27565f08 - - - - - -] Creating instance of CountableResource for resource:vpnservice
2026-07-16 01:01:09.281 7 INFO neutron.quota.resource_registry [None req-843c3ebe-5d80-4481-83c3-04df27565f08 - - - - - -] Creating instance of CountableResource for resource:ipsec_site_connection
2026-07-16 01:01:09.281 7 INFO neutron.quota.resource_registry [None req-843c3ebe-5d80-4481-83c3-04df27565f08 - - - - - -] Creating instance of CountableResource for resource:ipsecpolicy
2026-07-16 01:01:09.281 7 WARNING neutron.quota.resource_registry [None req-843c3ebe-5d80-4481-83c3-04df27565f08 - - - - - -] ipsecpolicy is already registered
2026-07-16 01:01:09.282 7 INFO neutron.quota.resource_registry [None req-843c3ebe-5d80-4481-83c3-04df27565f08 - - - - - -] Creating instance of CountableResource for resource:ikepolicy
2026-07-16 01:01:09.282 7 WARNING neutron.quota.resource_registry [None req-843c3ebe-5d80-4481-83c3-04df27565f08 - - - - - -] ikepolicy is already registered
2026-07-16 01:01:09.286 7 INFO neutron.quota.resource_registry [None req-843c3ebe-5d80-4481-83c3-04df27565f08 - - - - - -] Creating instance of TrackedResource for resource:router
2026-07-16 01:01:09.287 7 WARNING neutron.quota.resource_registry [None req-843c3ebe-5d80-4481-83c3-04df27565f08 - - - - - -] router is already registered
2026-07-16 01:01:09.287 8 INFO neutron.db.ovn_hash_ring_db [None req-cfd958fe-f1e6-479f-ac6b-81096a6a555d - - - - - -] Nodes from host "neutron-server-79bb4dd44f-c8jwx" and group "mechanism_driver" removed from the Hash Ring created at
2026-07-16 01:01:09+00:00
2026-07-16 01:01:09.287 7 INFO neutron.quota.resource_registry [None req-843c3ebe-5d80-4481-83c3-04df27565f08 - - - - - -] Creating instance of TrackedResource for resource:floatingip
2026-07-16 01:01:09.287 7 WARNING neutron.quota.resource_registry [None req-843c3ebe-5d80-4481-83c3-04df27565f08 - - - - - -] floatingip is already registered
2026-07-16 01:01:09.290 8 INFO neutron.db.ovn_hash_ring_db [None req-cfd958fe-f1e6-479f-ac6b-81096a6a555d - - - - - -] Node ac7c43d005505cb88d29a380decf29c4 from host "neutron-server-79bb4dd44f-c8jwx" and group "mechanism_driver" added to the Hash Ring
2026-07-16 01:01:09.291 7 INFO neutron.quota.resource_registry [None req-843c3ebe-5d80-4481-83c3-04df27565f08 - - - - - -] Creating instance of CountableResource for resource:rbac_policy
2026-07-16 01:01:09.291 7 WARNING neutron.quota.resource_registry [None req-843c3ebe-5d80-4481-83c3-04df27565f08 - - - - - -] rbac_policy is already registered
2026-07-16 01:01:09.292 7 INFO neutron.quota.resource_registry [None req-843c3ebe-5d80-4481-83c3-04df27565f08 - - - - - -] Creating instance of TrackedResource for resource:security_group
2026-07-16 01:01:09.292 7 WARNING neutron.quota.resource_registry [None req-843c3ebe-5d80-4481-83c3-04df27565f08 - - - - - -] security_group is already registered
2026-07-16 01:01:09.292 7 INFO neutron.quota.resource_registry [None req-843c3ebe-5d80-4481-83c3-04df27565f08 - - - - - -] Creating instance of TrackedResource for resource:security_group_rule
2026-07-16 01:01:09.292 7 WARNING neutron.quota.resource_registry [None req-843c3ebe-5d80-4481-83c3-04df27565f08 - - - - - -] security_group_rule is already registered
2026-07-16 01:01:09.293 7 INFO neutron.quota.resource_registry [None req-843c3ebe-5d80-4481-83c3-04df27565f08 - - - - - -] Creating instance of TrackedResource for resource:subnetpool
2026-07-16 01:01:09.293 7 WARNING neutron.quota.resource_registry [None req-843c3ebe-5d80-4481-83c3-04df27565f08 - - - - - -] subnetpool is already registered
2026-07-16 01:01:09.294 7 INFO neutron.quota.resource_registry [None req-843c3ebe-5d80-4481-83c3-04df27565f08 - - - - - -] Creating instance of CountableResource for resource:trunk
2026-07-16 01:01:09.294 7 WARNING neutron.quota.resource_registry [None req-843c3ebe-5d80-4481-83c3-04df27565f08 - - - - - -] trunk is already registered
2026-07-16 01:01:09.294 7 INFO neutron.quota.resource_registry [None req-843c3ebe-5d80-4481-83c3-04df27565f08 - - - - - -] Creating instance of CountableResource for resource:ikepolicy
2026-07-16 01:01:09.294 7 WARNING neutron.quota.resource_registry [None req-843c3ebe-5d80-4481-83c3-04df27565f08 - - - - - -] ikepolicy is already registered
2026-07-16 01:01:09.295 7 INFO neutron.quota.resource_registry [None req-843c3ebe-5d80-4481-83c3-04df27565f08 - - - - - -] Creating instance of CountableResource for resource:ipsecpolicy
2026-07-16 01:01:09.295 7 WARNING neutron.quota.resource_registry [None req-843c3ebe-5d80-4481-83c3-04df27565f08 - - - - - -] ipsecpolicy is already registered
2026-07-16 01:01:09.295 7 INFO neutron.quota.resource_registry [None req-843c3ebe-5d80-4481-83c3-04df27565f08 - - - - - -] Creating instance of CountableResource for resource:endpoint_group
2026-07-16 01:01:09.296 7 WARNING neutron.quota.resource_registry [None req-843c3ebe-5d80-4481-83c3-04df27565f08 - - - - - -] endpoint_group is already registered
2026-07-16 01:01:09.296 7 INFO neutron.quota.resource_registry [None req-843c3ebe-5d80-4481-83c3-04df27565f08 - - - - - -] Creating instance of CountableResource for resource:vpnservice
2026-07-16 01:01:09.296 7 WARNING neutron.quota.resource_registry [None req-843c3ebe-5d80-4481-83c3-04df27565f08 - - - - - -] vpnservice is already registered
2026-07-16 01:01:09.297 7 INFO neutron.quota.resource_registry [None req-843c3ebe-5d80-4481-83c3-04df27565f08 - - - - - -] Creating instance of CountableResource for resource:ipsec_site_connection
2026-07-16 01:01:09.297 7 WARNING neutron.quota.resource_registry [None req-843c3ebe-5d80-4481-83c3-04df27565f08 - - - - - -] ipsec_site_connection is already registered
2026-07-16 01:01:09.297 7 INFO neutron.quota.resource_registry [None req-843c3ebe-5d80-4481-83c3-04df27565f08 - - - - - -] Creating instance of CountableResource for resource:ipsecpolicy
2026-07-16 01:01:09.297 7 WARNING neutron.quota.resource_registry [None req-843c3ebe-5d80-4481-83c3-04df27565f08 - - - - - -] ipsecpolicy is already registered
2026-07-16 01:01:09.298 7 INFO neutron.quota.resource_registry [None req-843c3ebe-5d80-4481-83c3-04df27565f08 - - - - - -] Creating instance of CountableResource for resource:ikepolicy
2026-07-16 01:01:09.298 7 WARNING neutron.quota.resource_registry [None req-843c3ebe-5d80-4481-83c3-04df27565f08 - - - - - -] ikepolicy is already registered
2026-07-16 01:01:09.298 8 INFO neutron.plugins.ml2.drivers.ovn.mech_driver.mech_driver [None req-cfd958fe-f1e6-479f-ac6b-81096a6a555d - - - - - -] Hash Ring probing thread for node ac7c43d005505cb88d29a380decf29c4 has started
2026-07-16 01:01:09.299 8 INFO neutron.plugins.ml2.drivers.ovn.mech_driver.ovsdb.impl_idl_ovn [None req-cfd958fe-f1e6-479f-ac6b-81096a6a555d - - - - - -] Getting OvsdbNbOvnIdl for WorkerService with retry
2026-07-16 01:01:09.339 7 WARNING keystonemiddleware._common.config [None req-843c3ebe-5d80-4481-83c3-04df27565f08 - - - - - -] The option "audit_map_file" is not known to keystonemiddleware
2026-07-16 01:01:09.340 8 INFO ovsdbapp.backend.ovs_idl.vlog [None req-cfd958fe-f1e6-479f-ac6b-81096a6a555d - - - - - -] tcp:10.99.86.220:6641: connecting...
2026-07-16 01:01:09.341 8 INFO ovsdbapp.backend.ovs_idl.vlog [None req-cfd958fe-f1e6-479f-ac6b-81096a6a555d - - - - - -] tcp:10.99.86.220:6641: connected
2026-07-16 01:01:09.346 7 WARNING oslo_config.cfg [None req-843c3ebe-5d80-4481-83c3-04df27565f08 - - - - - -] Deprecated: Option "auth_uri" from group "keystone_authtoken" is deprecated. Use option "www_authenticate_uri" from group "keystone_authtoken".
2026-07-16 01:01:09.367 7 WARNING neutron.plugins.ml2.drivers.ovn.mech_driver.mech_driver [None req-843c3ebe-5d80-4481-83c3-04df27565f08 - - - - - -] uWSGI must provide a start time using the configuration parameter "start-time %t" in the configuration file
2026-07-16 01:01:09.381 7 INFO neutron.db.ovn_hash_ring_db [None req-843c3ebe-5d80-4481-83c3-04df27565f08 - - - - - -] Nodes from host "neutron-server-79bb4dd44f-c8jwx" and group "mechanism_driver" removed from the Hash Ring created at
2026-07-16 01:01:09+00:00
2026-07-16 01:01:09.384 7 INFO neutron.db.ovn_hash_ring_db [None req-843c3ebe-5d80-4481-83c3-04df27565f08 - - - - - -] Node 2b36ab3fb4e7542d84588dff67ad4625 from host "neutron-server-79bb4dd44f-c8jwx" and group "mechanism_driver" added to the Hash Ring
2026-07-16 01:01:09.393 7 INFO neutron.plugins.ml2.drivers.ovn.mech_driver.mech_driver [None req-843c3ebe-5d80-4481-83c3-04df27565f08 - - - - - -] Hash Ring probing thread for node 2b36ab3fb4e7542d84588dff67ad4625 has started
2026-07-16 01:01:09.393 7 INFO neutron.plugins.ml2.drivers.ovn.mech_driver.ovsdb.impl_idl_ovn [None req-843c3ebe-5d80-4481-83c3-04df27565f08 - - - - - -] Getting OvsdbNbOvnIdl for WorkerService with retry
2026-07-16 01:01:09.396 8 INFO neutron.plugins.ml2.drivers.ovn.mech_driver.ovsdb.impl_idl_ovn [None req-cfd958fe-f1e6-479f-ac6b-81096a6a555d - - - - - -] Getting OvsdbSbOvnIdl for WorkerService with retry
2026-07-16 01:01:09.418 8 INFO ovsdbapp.backend.ovs_idl.vlog [None req-cfd958fe-f1e6-479f-ac6b-81096a6a555d - - - - - -] tcp:10.104.179.49:6642: connecting...
2026-07-16 01:01:09.418 8 INFO ovsdbapp.backend.ovs_idl.vlog [None req-cfd958fe-f1e6-479f-ac6b-81096a6a555d - - - - - -] tcp:10.104.179.49:6642: connected
2026-07-16 01:01:09.423 7 INFO ovsdbapp.backend.ovs_idl.vlog [None req-843c3ebe-5d80-4481-83c3-04df27565f08 - - - - - -] tcp:10.99.86.220:6641: connecting...
2026-07-16 01:01:09.424 7 INFO ovsdbapp.backend.ovs_idl.vlog [None req-843c3ebe-5d80-4481-83c3-04df27565f08 - - - - - -] tcp:10.99.86.220:6641: connected
2026-07-16 01:01:09.449 8 INFO neutron.plugins.ml2.drivers.ovn.mech_driver.mech_driver [None req-cfd958fe-f1e6-479f-ac6b-81096a6a555d - - - - - -] WorkerService process has finished the post initialization
2026-07-16 01:01:09.459 7 INFO neutron.plugins.ml2.drivers.ovn.mech_driver.ovsdb.impl_idl_ovn [None req-843c3ebe-5d80-4481-83c3-04df27565f08 - - - - - -] Getting OvsdbSbOvnIdl for WorkerService with retry
2026-07-16 01:01:09.477 8 INFO ovsdbapp.backend.ovs_idl.vlog [None req-cfd958fe-f1e6-479f-ac6b-81096a6a555d - - - - - -] tcp:10.99.86.220:6641: connecting...
2026-07-16 01:01:09.477 8 INFO ovsdbapp.backend.ovs_idl.vlog [None req-cfd958fe-f1e6-479f-ac6b-81096a6a555d - - - - - -] tcp:10.99.86.220:6641: connected
2026-07-16 01:01:09.478 7 INFO ovsdbapp.backend.ovs_idl.vlog [None req-843c3ebe-5d80-4481-83c3-04df27565f08 - - - - - -] tcp:10.104.179.49:6642: connecting...
2026-07-16 01:01:09.478 7 INFO ovsdbapp.backend.ovs_idl.vlog [None req-843c3ebe-5d80-4481-83c3-04df27565f08 - - - - - -] tcp:10.104.179.49:6642: connected
2026-07-16 01:01:09.510 7 INFO neutron.plugins.ml2.drivers.ovn.mech_driver.mech_driver [None req-843c3ebe-5d80-4481-83c3-04df27565f08 - - - - - -] WorkerService process has finished the post initialization
2026-07-16 01:01:09.510 7 INFO neutron.plugins.ml2.drivers.ovn.mech_driver.ovsdb.extensions.qos [-] Starting OVNClientQosExtension
2026-07-16 01:01:09.511 7 INFO neutron.plugins.ml2.drivers.ovn.mech_driver.ovsdb.extensions.placement [-] Starting OVNClientPlacementExtension
2026-07-16 01:01:09.518 8 INFO ovsdbapp.backend.ovs_idl.vlog [None req-cfd958fe-f1e6-479f-ac6b-81096a6a555d - - - - - -] tcp:10.99.86.220:6641: connecting...
2026-07-16 01:01:09.518 8 INFO ovsdbapp.backend.ovs_idl.vlog [None req-cfd958fe-f1e6-479f-ac6b-81096a6a555d - - - - - -] tcp:10.99.86.220:6641: connected
2026-07-16 01:01:09.531 7 INFO ovsdbapp.backend.ovs_idl.vlog [None req-843c3ebe-5d80-4481-83c3-04df27565f08 - - - - - -] tcp:10.99.86.220:6641: connecting...
2026-07-16 01:01:09.531 7 INFO ovsdbapp.backend.ovs_idl.vlog [None req-843c3ebe-5d80-4481-83c3-04df27565f08 - - - - - -] tcp:10.99.86.220:6641: connected WSGI app 0 (mountpoint='') ready in 10 seconds on interpreter 0x7f084f30a668 pid: 8 (default app)
2026-07-16 01:01:09.580 7 INFO ovsdbapp.backend.ovs_idl.vlog [None req-843c3ebe-5d80-4481-83c3-04df27565f08 - - - - - -] tcp:10.99.86.220:6641: connecting...
2026-07-16 01:01:09.581 7 INFO ovsdbapp.backend.ovs_idl.vlog [None req-843c3ebe-5d80-4481-83c3-04df27565f08 - - - - - -] tcp:10.99.86.220:6641: connected WSGI app 0 (mountpoint='') ready in 10 seconds on interpreter 0x7f084f30a668 pid: 7 (default app) /var/lib/openstack/lib/python3.12/site-packages/pycadf/identifier.py:70: UserWarning: Invalid uuid: unknown. To ensure interoperability, identifiers should be a valid uuid. warnings.warn(('Invalid uuid: %s. To ensure interoperability, '
2026-07-16 01:01:12.048 8 INFO neutron.pecan_wsgi.hooks.translation [None req-a3cc39c6-13c4-4b60-8b41-9ab9efe1cd3a ae426aa6fd164f93957901582422f8f2 527ce43dc67d45e9aff5fd03f00f309a - - default default] GET failed (client error): The resource could not be found. [pid: 8|app: 0|req: 3/3] 199.204.45.116 () {44 vars in 927 bytes} [Thu Jul 16 01:01:11 2026] GET /v2.0/networks/public => generated 108 bytes in 992 msecs (HTTP/1.1 404) 4 headers in 164 bytes (1 switches on core 0) /var/lib/openstack/lib/python3.12/site-packages/pycadf/identifier.py:70: UserWarning: Invalid uuid: unknown. To ensure interoperability, identifiers should be a valid uuid. warnings.warn(('Invalid uuid: %s. To ensure interoperability, ' [pid: 7|app: 0|req: 1/4] 199.204.45.116 () {44 vars in 949 bytes} [Thu Jul 16 01:01:12 2026] GET /v2.0/networks?name=public => generated 15 bytes in 379 msecs (HTTP/1.1 200) 4 headers in 156 bytes (1 switches on core 0)
2026-07-16 01:01:12.746 8 INFO neutron.plugins.ml2.drivers.ovn.mech_driver.ovsdb.extensions.qos [None req-8a7e37a3-7922-4153-9a9e-f19b916cc69a ae426aa6fd164f93957901582422f8f2 527ce43dc67d45e9aff5fd03f00f309a - - default default] Starting OVNClientQosExtension
2026-07-16 01:01:12.747 8 INFO neutron.plugins.ml2.drivers.ovn.mech_driver.ovsdb.extensions.placement [None req-8a7e37a3-7922-4153-9a9e-f19b916cc69a ae426aa6fd164f93957901582422f8f2 527ce43dc67d45e9aff5fd03f00f309a - - default default] Starting OVNClientPlacementExtension
2026-07-16 01:01:12.786 8 INFO neutron.db.ovn_revision_numbers_db [None req-8a7e37a3-7922-4153-9a9e-f19b916cc69a ae426aa6fd164f93957901582422f8f2 527ce43dc67d45e9aff5fd03f00f309a - - default default] Successfully bumped revision number for resource a8f30389-9f75-433d-853a-f6b83468d4d0 (type: security_groups) to 1
2026-07-16 01:01:12.800 8 INFO neutron.db.ovn_revision_numbers_db [None req-8a7e37a3-7922-4153-9a9e-f19b916cc69a ae426aa6fd164f93957901582422f8f2 527ce43dc67d45e9aff5fd03f00f309a - - default default] Successfully bumped revision number for resource 01df6728-e8af-4061-90ef-e76e0a5a1deb (type: security_group_rules) to 0
2026-07-16 01:01:12.811 8 INFO neutron.db.ovn_revision_numbers_db [None req-8a7e37a3-7922-4153-9a9e-f19b916cc69a ae426aa6fd164f93957901582422f8f2 527ce43dc67d45e9aff5fd03f00f309a - - default default] Successfully bumped revision number for resource 0b67413d-2b97-49bc-aee6-7a76dd8bf155 (type: security_group_rules) to 0
2026-07-16 01:01:12.822 8 INFO neutron.db.ovn_revision_numbers_db [None req-8a7e37a3-7922-4153-9a9e-f19b916cc69a ae426aa6fd164f93957901582422f8f2 527ce43dc67d45e9aff5fd03f00f309a - - default default] Successfully bumped revision number for resource acd06213-2e59-45ba-9d5c-1b3529be8ff9 (type: security_group_rules) to 0
2026-07-16 01:01:12.834 8 INFO neutron.db.ovn_revision_numbers_db [None req-8a7e37a3-7922-4153-9a9e-f19b916cc69a ae426aa6fd164f93957901582422f8f2 527ce43dc67d45e9aff5fd03f00f309a - - default default] Successfully bumped revision number for resource ec0f273d-6b95-43da-8e8a-b9c1d762694e (type: security_group_rules) to 0
2026-07-16 01:01:12.922 8 WARNING neutron.services.revisions.revision_plugin [None req-8a7e37a3-7922-4153-9a9e-f19b916cc69a ae426aa6fd164f93957901582422f8f2 527ce43dc67d45e9aff5fd03f00f309a - - default default] Could not find related network for resource to bump revision.
2026-07-16 01:01:12.944 8 INFO neutron.db.segments_db [None req-8a7e37a3-7922-4153-9a9e-f19b916cc69a ae426aa6fd164f93957901582422f8f2 527ce43dc67d45e9aff5fd03f00f309a - - default default] Added segment 6ed03c15-44ed-413d-94b0-9fbab7719b01 of type flat for network 2e110e65-f334-49cd-b52f-7c0476d9d3bb
2026-07-16 01:01:13.068 8 INFO neutron.plugins.ml2.drivers.ovn.mech_driver.mech_driver [-] OVN reports status down for port: provnet-6ed03c15-44ed-413d-94b0-9fbab7719b01
2026-07-16 01:01:13.072 7 INFO neutron.plugins.ml2.drivers.ovn.mech_driver.mech_driver [-] OVN reports status down for port: provnet-6ed03c15-44ed-413d-94b0-9fbab7719b01
2026-07-16 01:01:13.127 8 INFO neutron.db.ovn_revision_numbers_db [None req-8a7e37a3-7922-4153-9a9e-f19b916cc69a ae426aa6fd164f93957901582422f8f2 527ce43dc67d45e9aff5fd03f00f309a - - default default] Successfully bumped revision number for resource 2e110e65-f334-49cd-b52f-7c0476d9d3bb (type: networks) to 1
2026-07-16 01:01:13.386 8 WARNING neutron.scheduler.dhcp_agent_scheduler [None req-8a7e37a3-7922-4153-9a9e-f19b916cc69a ae426aa6fd164f93957901582422f8f2 527ce43dc67d45e9aff5fd03f00f309a - - default default] No more DHCP agents
2026-07-16 01:01:13.388 8 WARNING neutron.api.rpc.agentnotifiers.dhcp_rpc_agent_api [None req-8a7e37a3-7922-4153-9a9e-f19b916cc69a ae426aa6fd164f93957901582422f8f2 527ce43dc67d45e9aff5fd03f00f309a - - default default] Unable to schedule network 2e110e65-f334-49cd-b52f-7c0476d9d3bb: no agents available; will retry on subsequent port and subnet creation events.
2026-07-16 01:01:13.460 8 INFO neutron.plugins.ml2.drivers.ovn.mech_driver.mech_driver [None req-9d8837a1-6497-472a-ae36-c1501a764057 - - - - - -] OVN reports status down for port: b4ea75bb-06eb-4604-9be7-48ddf40f2bf1
2026-07-16 01:01:13.540 8 INFO neutron.db.ovn_revision_numbers_db [None req-8a7e37a3-7922-4153-9a9e-f19b916cc69a ae426aa6fd164f93957901582422f8f2 527ce43dc67d45e9aff5fd03f00f309a - - default default] Successfully bumped revision number for resource b4ea75bb-06eb-4604-9be7-48ddf40f2bf1 (type: ports) to 1 [pid: 8|app: 0|req: 4/5] 199.204.45.116 () {48 vars in 967 bytes} [Thu Jul 16 01:01:12 2026] POST /v2.0/networks => generated 706 bytes in 1383 msecs (HTTP/1.1 201) 4 headers in 162 bytes (1 switches on core 0)
2026-07-16 01:01:15.088 8 INFO neutron.pecan_wsgi.hooks.translation [None req-571bc821-38f7-47cb-bf2c-6976160f28ea ae426aa6fd164f93957901582422f8f2 527ce43dc67d45e9aff5fd03f00f309a - - default default] GET failed (client error): The resource could not be found. [pid: 8|app: 0|req: 5/7] 199.204.45.116 () {44 vars in 927 bytes} [Thu Jul 16 01:01:15 2026] GET /v2.0/networks/public => generated 108 bytes in 41 msecs (HTTP/1.1 404) 4 headers in 164 bytes (1 switches on core 0) [pid: 7|app: 0|req: 3/8] 199.204.45.116 () {44 vars in 949 bytes} [Thu Jul 16 01:01:15 2026] GET /v2.0/networks?name=public => generated 715 bytes in 211 msecs (HTTP/1.1 200) 4 headers in 157 bytes (1 switches on core 0)
2026-07-16 01:01:15.339 8 INFO neutron.pecan_wsgi.hooks.translation [None req-0132aaf4-a8e6-4c55-8c89-a7f7c2b88b8a ae426aa6fd164f93957901582422f8f2 527ce43dc67d45e9aff5fd03f00f309a - - default default] GET failed (client error): The resource could not be found. [pid: 8|app: 0|req: 6/9] 199.204.45.116 () {44 vars in 1034 bytes} [Thu Jul 16 01:01:15 2026] GET /v2.0/subnets/public-subnet?network_id=2e110e65-f334-49cd-b52f-7c0476d9d3bb => generated 113 bytes in 27 msecs (HTTP/1.1 404) 4 headers in 164 bytes (1 switches on core 0) [pid: 7|app: 0|req: 4/10] 199.204.45.116 () {44 vars in 1057 bytes} [Thu Jul 16 01:01:15 2026] GET /v2.0/subnets?name=public-subnet&network_id=2e110e65-f334-49cd-b52f-7c0476d9d3bb => generated 14 bytes in 25 msecs (HTTP/1.1 200) 4 headers in 156 bytes (1 switches on core 0)
2026-07-16 01:01:15.567 8 WARNING neutron.scheduler.dhcp_agent_scheduler [None req-b5fd469b-57ee-448f-90bc-06fa2a723086 ae426aa6fd164f93957901582422f8f2 527ce43dc67d45e9aff5fd03f00f309a - - default default] No more DHCP agents
2026-07-16 01:01:15.568 8 WARNING neutron.api.rpc.agentnotifiers.dhcp_rpc_agent_api [None req-b5fd469b-57ee-448f-90bc-06fa2a723086 ae426aa6fd164f93957901582422f8f2 527ce43dc67d45e9aff5fd03f00f309a - - default default] Unable to schedule network 2e110e65-f334-49cd-b52f-7c0476d9d3bb: no agents available; will retry on subsequent port and subnet creation events.
2026-07-16 01:01:16.074 8 INFO neutron.db.ovn_revision_numbers_db [None req-a4ea5971-9c66-4e9a-8d1b-af2c4b0ef8ce - - - - - -] Successfully bumped revision number for resource b4ea75bb-06eb-4604-9be7-48ddf40f2bf1 (type: ports) to 2
2026-07-16 01:01:16.114 8 INFO neutron.db.ovn_revision_numbers_db [None req-a4ea5971-9c66-4e9a-8d1b-af2c4b0ef8ce - - - - - -] Successfully bumped revision number for resource fef560fe-b574-435c-af89-c4777ed91831 (type: subnets) to 0 [pid: 8|app: 0|req: 7/11] 199.204.45.116 () {48 vars in 965 bytes} [Thu Jul 16 01:01:15 2026] POST /v2.0/subnets => generated 664 bytes in 754 msecs (HTTP/1.1 201) 4 headers in 162 bytes (1 switches on core 0)
