+ COMMAND=start + start + for KEYSTONE_WSGI_SCRIPT in keystone-wsgi-public ++ type -p keystone-wsgi-public + cp -a /var/lib/openstack/bin/keystone-wsgi-public /var/www/cgi-bin/keystone/ + '[' -f /etc/apache2/envvars ']' + source /etc/apache2/envvars ++ unset HOME ++ '[' '' '!=' '' ']' ++ SUFFIX= ++ export APACHE_RUN_USER=www-data ++ APACHE_RUN_USER=www-data ++ export APACHE_RUN_GROUP=www-data ++ APACHE_RUN_GROUP=www-data ++ export APACHE_PID_FILE=/var/run/apache2/apache2.pid ++ APACHE_PID_FILE=/var/run/apache2/apache2.pid ++ export APACHE_RUN_DIR=/var/run/apache2 ++ APACHE_RUN_DIR=/var/run/apache2 ++ export APACHE_LOCK_DIR=/var/lock/apache2 ++ APACHE_LOCK_DIR=/var/lock/apache2 ++ export APACHE_LOG_DIR=/var/log/apache2 ++ APACHE_LOG_DIR=/var/log/apache2 ++ export LANG=C ++ LANG=C ++ export LANG + '[' -f /var/run/apache2/apache2.pid ']' + exec apache2 -DFOREGROUND AH00558: apache2: Could not reliably determine the server's fully qualified domain name, using 10.0.0.65. Set the 'ServerName' directive globally to suppress this message AH00558: apache2: Could not reliably determine the server's fully qualified domain name, using 10.0.0.65. Set the 'ServerName' directive globally to suppress this message
[Mon Jul 13 12:41:50.302364 2026] [mpm_event:notice] [pid 1:tid 139871657080704] AH00489: Apache/2.4.58 (Ubuntu) mod_wsgi/5.0.0 Python/3.12 configured -- resuming normal operations
[Mon Jul 13 12:41:50.302542 2026] [core:notice] [pid 1:tid 139871657080704] AH00094: Command line: 'apache2 -D FOREGROUND'
[Mon Jul 13 12:42:53.279223 2026] [wsgi:error] [pid 9:tid 139871020308160] /var/lib/openstack/lib/python3.12/site-packages/oslo_utils/importutils.py:77: EventletDeprecationWarning:
[Mon Jul 13 12:42:53.279262 2026] [wsgi:error] [pid 9:tid 139871020308160] Eventlet is deprecated. It is currently being maintained in bugfix mode, and
[Mon Jul 13 12:42:53.279264 2026] [wsgi:error] [pid 9:tid 139871020308160] we strongly recommend against using it for new projects.
[Mon Jul 13 12:42:53.279265 2026] [wsgi:error] [pid 9:tid 139871020308160]
[Mon Jul 13 12:42:53.279266 2026] [wsgi:error] [pid 9:tid 139871020308160] If you are already using Eventlet, we recommend migrating to a different
[Mon Jul 13 12:42:53.279268 2026] [wsgi:error] [pid 9:tid 139871020308160] framework. For more detail see
[Mon Jul 13 12:42:53.279269 2026] [wsgi:error] [pid 9:tid 139871020308160] https://eventlet.readthedocs.io/en/latest/asyncio/migration.html
[Mon Jul 13 12:42:53.279270 2026] [wsgi:error] [pid 9:tid 139871020308160]
[Mon Jul 13 12:42:53.279271 2026] [wsgi:error] [pid 9:tid 139871020308160] __import__(import_str)
[Mon Jul 13 12:42:53.362873 2026] [wsgi:error] [pid 11:tid 139871020308160] /var/lib/openstack/lib/python3.12/site-packages/oslo_utils/importutils.py:77: EventletDeprecationWarning:
[Mon Jul 13 12:42:53.362927 2026] [wsgi:error] [pid 11:tid 139871020308160] Eventlet is deprecated. It is currently being maintained in bugfix mode, and
[Mon Jul 13 12:42:53.362930 2026] [wsgi:error] [pid 11:tid 139871020308160] we strongly recommend against using it for new projects.
[Mon Jul 13 12:42:53.362932 2026] [wsgi:error] [pid 11:tid 139871020308160]
[Mon Jul 13 12:42:53.362933 2026] [wsgi:error] [pid 11:tid 139871020308160] If you are already using Eventlet, we recommend migrating to a different
[Mon Jul 13 12:42:53.362935 2026] [wsgi:error] [pid 11:tid 139871020308160] framework. For more detail see
[Mon Jul 13 12:42:53.362937 2026] [wsgi:error] [pid 11:tid 139871020308160] https://eventlet.readthedocs.io/en/latest/asyncio/migration.html
[Mon Jul 13 12:42:53.362939 2026] [wsgi:error] [pid 11:tid 139871020308160]
[Mon Jul 13 12:42:53.362940 2026] [wsgi:error] [pid 11:tid 139871020308160] __import__(import_str) 10.0.0.3 - - [13/Jul/2026:12:42:52 +0000] "GET /v3/ HTTP/1.1" 200 249 10.0.0.3 - - [13/Jul/2026:12:42:52 +0000] "GET /v3/ HTTP/1.1" 200 249
[Mon Jul 13 12:43:06.736326 2026] [wsgi:error] [pid 12:tid 139871020308160] /var/lib/openstack/lib/python3.12/site-packages/oslo_utils/importutils.py:77: EventletDeprecationWarning:
[Mon Jul 13 12:43:06.736370 2026] [wsgi:error] [pid 12:tid 139871020308160] Eventlet is deprecated. It is currently being maintained in bugfix mode, and
[Mon Jul 13 12:43:06.736373 2026] [wsgi:error] [pid 12:tid 139871020308160] we strongly recommend against using it for new projects.
[Mon Jul 13 12:43:06.736374 2026] [wsgi:error] [pid 12:tid 139871020308160]
[Mon Jul 13 12:43:06.736375 2026] [wsgi:error] [pid 12:tid 139871020308160] If you are already using Eventlet, we recommend migrating to a different
[Mon Jul 13 12:43:06.736377 2026] [wsgi:error] [pid 12:tid 139871020308160] framework. For more detail see
[Mon Jul 13 12:43:06.736378 2026] [wsgi:error] [pid 12:tid 139871020308160] https://eventlet.readthedocs.io/en/latest/asyncio/migration.html
[Mon Jul 13 12:43:06.736379 2026] [wsgi:error] [pid 12:tid 139871020308160]
[Mon Jul 13 12:43:06.736380 2026] [wsgi:error] [pid 12:tid 139871020308160] __import__(import_str) 10.0.0.52 - - [13/Jul/2026:12:43:05 +0000] "GET / HTTP/1.1" 300 295
[Mon Jul 13 12:43:12.112178 2026] [wsgi:error] [pid 10:tid 139871020308160] /var/lib/openstack/lib/python3.12/site-packages/oslo_utils/importutils.py:77: EventletDeprecationWarning:
[Mon Jul 13 12:43:12.112218 2026] [wsgi:error] [pid 10:tid 139871020308160] Eventlet is deprecated. It is currently being maintained in bugfix mode, and
[Mon Jul 13 12:43:12.112220 2026] [wsgi:error] [pid 10:tid 139871020308160] we strongly recommend against using it for new projects.
[Mon Jul 13 12:43:12.112221 2026] [wsgi:error] [pid 10:tid 139871020308160]
[Mon Jul 13 12:43:12.112222 2026] [wsgi:error] [pid 10:tid 139871020308160] If you are already using Eventlet, we recommend migrating to a different
[Mon Jul 13 12:43:12.112224 2026] [wsgi:error] [pid 10:tid 139871020308160] framework. For more detail see
[Mon Jul 13 12:43:12.112225 2026] [wsgi:error] [pid 10:tid 139871020308160] https://eventlet.readthedocs.io/en/latest/asyncio/migration.html
[Mon Jul 13 12:43:12.112226 2026] [wsgi:error] [pid 10:tid 139871020308160]
[Mon Jul 13 12:43:12.112227 2026] [wsgi:error] [pid 10:tid 139871020308160] __import__(import_str)
[Mon Jul 13 12:43:16.800500 2026] [wsgi:error] [pid 10:tid 139871020308160] [remote 10.0.0.52:44996] 2026-07-13 12:43:16.797 10 WARNING keystone.identity.core [None req-a1dcee29-3eb9-4f3a-ad3b-fb34f71822ce - - - - - -] Invalid domain name (atmosphere) found in config file name: keystone.exception.DomainNotFound: Could not find domain: atmosphere.
[Mon Jul 13 12:43:16.848264 2026] [wsgi:error] [pid 10:tid 139871020308160] [remote 10.0.0.52:44996] 2026-07-13 12:43:16.847 10 WARNING keystone.common.password_hashing [None req-a1dcee29-3eb9-4f3a-ad3b-fb34f71822ce - - - - - -] Truncating password to algorithm specific maximum length 72 characters.
[Mon Jul 13 12:43:17.126605 2026] [wsgi:error] [pid 10:tid 139871020308160] [remote 10.0.0.52:44996] 2026-07-13 12:43:17.126 10 WARNING keystone.common.fernet_utils [None req-a1dcee29-3eb9-4f3a-ad3b-fb34f71822ce - - - - - -] key_repository is world readable: /etc/keystone/fernet-keys/ 10.0.0.52 - - [13/Jul/2026:12:43:11 +0000] "POST /v3/auth/tokens HTTP/1.1" 201 1359
[Mon Jul 13 12:43:17.509751 2026] [wsgi:error] [pid 9:tid 139871020308160] [remote 10.0.0.52:44996] 2026-07-13 12:43:17.507 9 WARNING keystone.identity.core [None req-912a5030-98df-428d-ab71-b807029a301f - - - - - -] Invalid domain name (atmosphere) found in config file name: keystone.exception.DomainNotFound: Could not find domain: atmosphere. 10.0.0.52 - - [13/Jul/2026:12:43:17 +0000] "POST /v3/domains HTTP/1.1" 201 261 10.0.0.4 - - [13/Jul/2026:12:43:29 +0000] "GET / HTTP/1.1" 300 295
[Mon Jul 13 12:43:29.420829 2026] [wsgi:error] [pid 12:tid 139871020308160] [remote 10.0.0.4:53860] 2026-07-13 12:43:29.420 12 WARNING keystone.common.password_hashing [None req-395a3c8d-7c4b-4474-b35c-40efa2003d84 - - - - - -] Truncating password to algorithm specific maximum length 72 characters.
[Mon Jul 13 12:43:29.695365 2026] [wsgi:error] [pid 12:tid 139871020308160] [remote 10.0.0.4:53860] 2026-07-13 12:43:29.694 12 WARNING keystone.common.fernet_utils [None req-395a3c8d-7c4b-4474-b35c-40efa2003d84 - - - - - -] key_repository is world readable: /etc/keystone/fernet-keys/ 10.0.0.4 - - [13/Jul/2026:12:43:29 +0000] "POST /v3/auth/tokens HTTP/1.1" 201 1359 10.0.0.4 - - [13/Jul/2026:12:43:29 +0000] "GET /v3/roles/admin HTTP/1.1" 404 83
[Mon Jul 13 12:43:29.967427 2026] [wsgi:error] [pid 9:tid 139871020308160] [remote 10.0.0.4:53860] 2026-07-13 12:43:29.967 9 WARNING keystone.common.rbac_enforcer.enforcer [None req-3cc052a9-62db-4ec6-9b6f-f97265f799da 14ad7af7a0954a1798c7acde3c31a5d7 e4fe5cadda91471db30c2c717c2c646c - - default default] Deprecated policy rules found. Use oslopolicy-policy-generator and oslopolicy-policy-upgrade to detect and resolve deprecated policies in your configuration. 10.0.0.4 - - [13/Jul/2026:12:43:29 +0000] "GET /v3/roles?name=admin HTTP/1.1" 200 389
[Mon Jul 13 12:43:30.503432 2026] [wsgi:error] [pid 11:tid 139871020308160] [remote 10.0.0.4:53860] 2026-07-13 12:43:30.503 11 WARNING keystone.common.rbac_enforcer.enforcer [None req-a10fa49a-f59b-47b3-946a-8eda2aba6749 14ad7af7a0954a1798c7acde3c31a5d7 e4fe5cadda91471db30c2c717c2c646c - - default default] Deprecated policy rules found. Use oslopolicy-policy-generator and oslopolicy-policy-upgrade to detect and resolve deprecated policies in your configuration. 10.0.0.4 - - [13/Jul/2026:12:43:30 +0000] "GET /v3/users/admin-RegionOne HTTP/1.1" 404 93
[Mon Jul 13 12:43:30.670942 2026] [wsgi:error] [pid 12:tid 139871020308160] [remote 10.0.0.4:53860] 2026-07-13 12:43:30.670 12 WARNING keystone.common.rbac_enforcer.enforcer [None req-c140d797-a009-41f3-9947-c1cf777d2333 14ad7af7a0954a1798c7acde3c31a5d7 e4fe5cadda91471db30c2c717c2c646c - - default default] Deprecated policy rules found. Use oslopolicy-policy-generator and oslopolicy-policy-upgrade to detect and resolve deprecated policies in your configuration. 10.0.0.4 - - [13/Jul/2026:12:43:30 +0000] "GET /v3/users?name=admin-RegionOne HTTP/1.1" 200 422
[Mon Jul 13 12:43:30.837390 2026] [wsgi:error] [pid 10:tid 139871020308160] [remote 10.0.0.4:53860] 2026-07-13 12:43:30.837 10 WARNING keystone.common.rbac_enforcer.enforcer [None req-156c2362-09b8-4585-9a34-78ae9a615748 14ad7af7a0954a1798c7acde3c31a5d7 e4fe5cadda91471db30c2c717c2c646c - - default default] Deprecated policy rules found. Use oslopolicy-policy-generator and oslopolicy-policy-upgrade to detect and resolve deprecated policies in your configuration. 10.0.0.4 - - [13/Jul/2026:12:43:30 +0000] "GET /v3/domains/default HTTP/1.1" 200 224 10.0.0.4 - - [13/Jul/2026:12:43:30 +0000] "PUT /v3/domains/default/users/14ad7af7a0954a1798c7acde3c31a5d7/roles/9815f9cb7d3640f59c296e6dd9546e52 HTTP/1.1" 204 - 10.0.0.3 - - [13/Jul/2026:12:43:41 +0000] "GET / HTTP/1.1" 300 280 10.0.0.3 - - [13/Jul/2026:12:43:42 +0000] "GET /v3 HTTP/1.1" 200 265
[Mon Jul 13 12:43:42.512146 2026] [wsgi:error] [pid 10:tid 139871020308160] [remote 10.0.0.3:32888] 2026-07-13 12:43:42.511 10 WARNING keystone.common.password_hashing [None req-357e25d5-e6cb-4f54-b66e-b54eee2ff41b - - - - - -] Truncating password to algorithm specific maximum length 72 characters.
[Mon Jul 13 12:43:42.799203 2026] [wsgi:error] [pid 10:tid 139871020308160] [remote 10.0.0.3:32888] 2026-07-13 12:43:42.799 10 WARNING keystone.common.fernet_utils [None req-357e25d5-e6cb-4f54-b66e-b54eee2ff41b - - - - - -] key_repository is world readable: /etc/keystone/fernet-keys/ 10.0.0.3 - - [13/Jul/2026:12:43:42 +0000] "POST /v3/auth/tokens HTTP/1.1" 201 1359 10.0.0.3 - - [13/Jul/2026:12:43:42 +0000] "GET / HTTP/1.1" 300 280 10.0.0.3 - - [13/Jul/2026:12:43:42 +0000] "GET /v3/domains/atmosphere HTTP/1.1" 404 90 10.0.0.3 - - [13/Jul/2026:12:43:43 +0000] "GET /v3/domains?name=atmosphere HTTP/1.1" 200 368 10.0.0.3 - - [13/Jul/2026:12:43:43 +0000] "GET /v3/domains/521019c7c2a44b06bfc6dec56615ebf6 HTTP/1.1" 200 246 10.0.0.3 - - [13/Jul/2026:12:43:43 +0000] "GET /v3 HTTP/1.1" 200 265
[Mon Jul 13 12:43:43.935054 2026] [wsgi:error] [pid 11:tid 139871020308160] [remote 10.0.0.3:32888] 2026-07-13 12:43:43.934 11 WARNING keystone.common.password_hashing [None req-d4b8375a-bc6a-4213-83da-c018f3293a3c - - - - - -] Truncating password to algorithm specific maximum length 72 characters.
[Mon Jul 13 12:43:44.219495 2026] [wsgi:error] [pid 11:tid 139871020308160] [remote 10.0.0.3:32888] 2026-07-13 12:43:44.219 11 WARNING keystone.common.fernet_utils [None req-d4b8375a-bc6a-4213-83da-c018f3293a3c - - - - - -] key_repository is world readable: /etc/keystone/fernet-keys/ 10.0.0.3 - - [13/Jul/2026:12:43:43 +0000] "POST /v3/auth/tokens HTTP/1.1" 201 1359 10.0.0.3 - - [13/Jul/2026:12:43:44 +0000] "GET / HTTP/1.1" 300 280 10.0.0.3 - - [13/Jul/2026:12:43:44 +0000] "GET /v3/OS-FEDERATION/identity_providers/atmosphere HTTP/1.1" 404 101 10.0.0.3 - - [13/Jul/2026:12:43:44 +0000] "GET /v3/OS-FEDERATION/identity_providers HTTP/1.1" 200 155 10.0.0.3 - - [13/Jul/2026:12:43:44 +0000] "PUT /v3/OS-FEDERATION/identity_providers/atmosphere HTTP/1.1" 201 340 10.0.0.3 - - [13/Jul/2026:12:43:44 +0000] "GET /v3 HTTP/1.1" 200 265
[Mon Jul 13 12:43:44.977031 2026] [wsgi:error] [pid 10:tid 139871020308160] [remote 10.0.0.3:32888] 2026-07-13 12:43:44.976 10 WARNING keystone.common.password_hashing [None req-4be12b46-1f7e-458b-8fea-cfc22827de10 - - - - - -] Truncating password to algorithm specific maximum length 72 characters.
[Mon Jul 13 12:43:45.250623 2026] [wsgi:error] [pid 10:tid 139871020308160] [remote 10.0.0.3:32888] 2026-07-13 12:43:45.250 10 WARNING keystone.common.fernet_utils [None req-4be12b46-1f7e-458b-8fea-cfc22827de10 - - - - - -] key_repository is world readable: /etc/keystone/fernet-keys/ 10.0.0.3 - - [13/Jul/2026:12:43:44 +0000] "POST /v3/auth/tokens HTTP/1.1" 201 1359 10.0.0.3 - - [13/Jul/2026:12:43:45 +0000] "GET / HTTP/1.1" 300 280 10.0.0.3 - - [13/Jul/2026:12:43:45 +0000] "GET /v3/OS-FEDERATION/mappings/atmosphere-openid HTTP/1.1" 404 98 10.0.0.3 - - [13/Jul/2026:12:43:45 +0000] "GET /v3/OS-FEDERATION/mappings HTTP/1.1" 200 135 10.0.0.3 - - [13/Jul/2026:12:43:45 +0000] "PUT /v3/OS-FEDERATION/mappings/atmosphere-openid HTTP/1.1" 201 356 10.0.0.3 - - [13/Jul/2026:12:43:45 +0000] "GET /v3 HTTP/1.1" 200 265
[Mon Jul 13 12:43:46.023327 2026] [wsgi:error] [pid 11:tid 139871020308160] [remote 10.0.0.3:32888] 2026-07-13 12:43:46.023 11 WARNING keystone.common.password_hashing [None req-633739c1-87f4-4de9-b4fa-4383b8c11253 - - - - - -] Truncating password to algorithm specific maximum length 72 characters.
[Mon Jul 13 12:43:46.316735 2026] [wsgi:error] [pid 11:tid 139871020308160] [remote 10.0.0.3:32888] 2026-07-13 12:43:46.316 11 WARNING keystone.common.fernet_utils [None req-633739c1-87f4-4de9-b4fa-4383b8c11253 - - - - - -] key_repository is world readable: /etc/keystone/fernet-keys/ 10.0.0.3 - - [13/Jul/2026:12:43:46 +0000] "POST /v3/auth/tokens HTTP/1.1" 201 1359 10.0.0.3 - - [13/Jul/2026:12:43:46 +0000] "GET / HTTP/1.1" 300 280 10.0.0.3 - - [13/Jul/2026:12:43:46 +0000] "GET /v3/OS-FEDERATION/identity_providers/atmosphere/protocols/openid?idp_id=atmosphere HTTP/1.1" 404 131 10.0.0.3 - - [13/Jul/2026:12:43:46 +0000] "GET /v3/OS-FEDERATION/identity_providers/atmosphere/protocols HTTP/1.1" 200 167 10.0.0.3 - - [13/Jul/2026:12:43:46 +0000] "PUT /v3/OS-FEDERATION/identity_providers/atmosphere/protocols/openid HTTP/1.1" 201 222 10.0.0.3 - - [13/Jul/2026:12:43:52 +0000] "GET /v3/ HTTP/1.1" 200 249 10.0.0.3 - - [13/Jul/2026:12:43:52 +0000] "GET /v3/ HTTP/1.1" 200 249 10.0.0.3 - - [13/Jul/2026:12:44:52 +0000] "GET /v3/ HTTP/1.1" 200 249 10.0.0.3 - - [13/Jul/2026:12:44:52 +0000] "GET /v3/ HTTP/1.1" 200 249 10.0.0.227 - - [13/Jul/2026:12:45:08 +0000] "GET / HTTP/1.1" 300 295
[Mon Jul 13 12:45:08.143118 2026] [wsgi:error] [pid 10:tid 139871020308160] [remote 10.0.0.227:34960] 2026-07-13 12:45:08.142 10 WARNING keystone.common.password_hashing [None req-796ce140-c865-4ca5-b14c-bf227cc8b667 - - - - - -] Truncating password to algorithm specific maximum length 72 characters.
[Mon Jul 13 12:45:08.421607 2026] [wsgi:error] [pid 10:tid 139871020308160] [remote 10.0.0.227:34960] 2026-07-13 12:45:08.421 10 WARNING keystone.common.fernet_utils [None req-796ce140-c865-4ca5-b14c-bf227cc8b667 - - - - - -] key_repository is world readable: /etc/keystone/fernet-keys/ 10.0.0.227 - - [13/Jul/2026:12:45:08 +0000] "POST /v3/auth/tokens HTTP/1.1" 201 1359 10.0.0.227 - - [13/Jul/2026:12:45:08 +0000] "GET /v3/services HTTP/1.1" 200 355 10.0.0.227 - - [13/Jul/2026:12:45:12 +0000] "GET / HTTP/1.1" 300 295
[Mon Jul 13 12:45:12.191886 2026] [wsgi:error] [pid 12:tid 139871020308160] [remote 10.0.0.227:34964] 2026-07-13 12:45:12.191 12 WARNING keystone.common.password_hashing [None req-2e631dc8-0bb7-4917-a88f-8b079e1738ee - - - - - -] Truncating password to algorithm specific maximum length 72 characters.
[Mon Jul 13 12:45:12.467866 2026] [wsgi:error] [pid 12:tid 139871020308160] [remote 10.0.0.227:34964] 2026-07-13 12:45:12.467 12 WARNING keystone.common.fernet_utils [None req-2e631dc8-0bb7-4917-a88f-8b079e1738ee - - - - - -] key_repository is world readable: /etc/keystone/fernet-keys/ 10.0.0.227 - - [13/Jul/2026:12:45:12 +0000] "POST /v3/auth/tokens HTTP/1.1" 201 1359 10.0.0.227 - - [13/Jul/2026:12:45:12 +0000] "GET /v3/services HTTP/1.1" 200 355 10.0.0.227 - - [13/Jul/2026:12:45:16 +0000] "GET / HTTP/1.1" 300 295
[Mon Jul 13 12:45:16.154327 2026] [wsgi:error] [pid 9:tid 139871020308160] [remote 10.0.0.227:47486] 2026-07-13 12:45:16.153 9 WARNING keystone.common.password_hashing [None req-2cc7adb9-3796-40b7-9220-a60888a3b0d5 - - - - - -] Truncating password to algorithm specific maximum length 72 characters.
[Mon Jul 13 12:45:16.438635 2026] [wsgi:error] [pid 9:tid 139871020308160] [remote 10.0.0.227:47486] 2026-07-13 12:45:16.438 9 WARNING keystone.common.fernet_utils [None req-2cc7adb9-3796-40b7-9220-a60888a3b0d5 - - - - - -] key_repository is world readable: /etc/keystone/fernet-keys/ 10.0.0.227 - - [13/Jul/2026:12:45:16 +0000] "POST /v3/auth/tokens HTTP/1.1" 201 1359 10.0.0.227 - - [13/Jul/2026:12:45:16 +0000] "GET /v3/services HTTP/1.1" 200 355 10.0.0.227 - - [13/Jul/2026:12:45:20 +0000] "GET / HTTP/1.1" 300 295
[Mon Jul 13 12:45:20.151092 2026] [wsgi:error] [pid 11:tid 139871020308160] [remote 10.0.0.227:47488] 2026-07-13 12:45:20.150 11 WARNING keystone.common.password_hashing [None req-2b4ea63e-62ec-4901-b32a-5a4ff2563e3e - - - - - -] Truncating password to algorithm specific maximum length 72 characters.
[Mon Jul 13 12:45:20.431727 2026] [wsgi:error] [pid 11:tid 139871020308160] [remote 10.0.0.227:47488] 2026-07-13 12:45:20.431 11 WARNING keystone.common.fernet_utils [None req-2b4ea63e-62ec-4901-b32a-5a4ff2563e3e - - - - - -] key_repository is world readable: /etc/keystone/fernet-keys/ 10.0.0.227 - - [13/Jul/2026:12:45:20 +0000] "POST /v3/auth/tokens HTTP/1.1" 201 1359 10.0.0.227 - - [13/Jul/2026:12:45:20 +0000] "POST /v3/services HTTP/1.1" 201 296 10.0.0.107 - - [13/Jul/2026:12:45:32 +0000] "GET / HTTP/1.1" 300 295
[Mon Jul 13 12:45:32.392766 2026] [wsgi:error] [pid 10:tid 139871020308160] [remote 10.0.0.107:33416] 2026-07-13 12:45:32.392 10 WARNING keystone.common.password_hashing [None req-305e408e-2386-45a6-97b3-1668b0b76b27 - - - - - -] Truncating password to algorithm specific maximum length 72 characters. 10.0.0.107 - - [13/Jul/2026:12:45:32 +0000] "GET / HTTP/1.1" 300 295
[Mon Jul 13 12:45:32.433186 2026] [wsgi:error] [pid 9:tid 139871020308160] [remote 10.0.0.107:33422] 2026-07-13 12:45:32.432 9 WARNING keystone.common.password_hashing [None req-9c746a7e-ba87-4d05-bd5a-669b9c013b06 - - - - - -] Truncating password to algorithm specific maximum length 72 characters. 10.0.0.107 - - [13/Jul/2026:12:45:32 +0000] "GET / HTTP/1.1" 300 295
[Mon Jul 13 12:45:32.517667 2026] [wsgi:error] [pid 11:tid 139871020308160] [remote 10.0.0.107:33432] 2026-07-13 12:45:32.517 11 WARNING keystone.common.password_hashing [None req-5ac7ea94-618a-447b-bd5a-8962d17692f1 - - - - - -] Truncating password to algorithm specific maximum length 72 characters.
[Mon Jul 13 12:45:32.691676 2026] [wsgi:error] [pid 10:tid 139871020308160] [remote 10.0.0.107:33416] 2026-07-13 12:45:32.691 10 WARNING keystone.common.fernet_utils [None req-305e408e-2386-45a6-97b3-1668b0b76b27 - - - - - -] key_repository is world readable: /etc/keystone/fernet-keys/ 10.0.0.107 - - [13/Jul/2026:12:45:32 +0000] "POST /v3/auth/tokens HTTP/1.1" 201 1463
[Mon Jul 13 12:45:32.719419 2026] [wsgi:error] [pid 9:tid 139871020308160] [remote 10.0.0.107:33422] 2026-07-13 12:45:32.719 9 WARNING keystone.common.fernet_utils [None req-9c746a7e-ba87-4d05-bd5a-669b9c013b06 - - - - - -] key_repository is world readable: /etc/keystone/fernet-keys/ 10.0.0.107 - - [13/Jul/2026:12:45:32 +0000] "POST /v3/auth/tokens HTTP/1.1" 201 1463
[Mon Jul 13 12:45:32.799893 2026] [wsgi:error] [pid 11:tid 139871020308160] [remote 10.0.0.107:33432] 2026-07-13 12:45:32.799 11 WARNING keystone.common.fernet_utils [None req-5ac7ea94-618a-447b-bd5a-8962d17692f1 - - - - - -] key_repository is world readable: /etc/keystone/fernet-keys/ 10.0.0.107 - - [13/Jul/2026:12:45:32 +0000] "POST /v3/auth/tokens HTTP/1.1" 201 1463 10.0.0.107 - - [13/Jul/2026:12:45:32 +0000] "GET /v3/services HTTP/1.1" 200 639 10.0.0.107 - - [13/Jul/2026:12:45:32 +0000] "GET /v3/services HTTP/1.1" 200 639 10.0.0.107 - - [13/Jul/2026:12:45:32 +0000] "GET /v3/services HTTP/1.1" 200 639 10.0.0.107 - - [13/Jul/2026:12:45:34 +0000] "GET / HTTP/1.1" 300 295
[Mon Jul 13 12:45:34.516386 2026] [wsgi:error] [pid 12:tid 139871020308160] [remote 10.0.0.107:33440] 2026-07-13 12:45:34.516 12 WARNING keystone.common.password_hashing [None req-42f12928-af27-4b0b-b3bd-b5bc515a1ca6 - - - - - -] Truncating password to algorithm specific maximum length 72 characters. 10.0.0.107 - - [13/Jul/2026:12:45:34 +0000] "GET / HTTP/1.1" 300 295
[Mon Jul 13 12:45:34.541693 2026] [wsgi:error] [pid 9:tid 139871020308160] [remote 10.0.0.107:33442] 2026-07-13 12:45:34.541 9 WARNING keystone.common.password_hashing [None req-50398cc3-36bb-4505-af65-0af91c039f5d - - - - - -] Truncating password to algorithm specific maximum length 72 characters. 10.0.0.107 - - [13/Jul/2026:12:45:34 +0000] "GET / HTTP/1.1" 300 295
[Mon Jul 13 12:45:34.794499 2026] [wsgi:error] [pid 10:tid 139871020308160] [remote 10.0.0.107:33456] 2026-07-13 12:45:34.794 10 WARNING keystone.common.password_hashing [None req-8275ddba-b8e2-4c55-b480-eb06b97bed18 - - - - - -] Truncating password to algorithm specific maximum length 72 characters.
[Mon Jul 13 12:45:34.797216 2026] [wsgi:error] [pid 12:tid 139871020308160] [remote 10.0.0.107:33440] 2026-07-13 12:45:34.797 12 WARNING keystone.common.fernet_utils [None req-42f12928-af27-4b0b-b3bd-b5bc515a1ca6 - - - - - -] key_repository is world readable: /etc/keystone/fernet-keys/ 10.0.0.107 - - [13/Jul/2026:12:45:34 +0000] "POST /v3/auth/tokens HTTP/1.1" 201 1463
[Mon Jul 13 12:45:34.822041 2026] [wsgi:error] [pid 9:tid 139871020308160] [remote 10.0.0.107:33442] 2026-07-13 12:45:34.821 9 WARNING keystone.common.fernet_utils [None req-50398cc3-36bb-4505-af65-0af91c039f5d - - - - - -] key_repository is world readable: /etc/keystone/fernet-keys/ 10.0.0.107 - - [13/Jul/2026:12:45:34 +0000] "POST /v3/auth/tokens HTTP/1.1" 201 1463 10.0.0.107 - - [13/Jul/2026:12:45:34 +0000] "GET /v3/endpoints HTTP/1.1" 200 1226 10.0.0.107 - - [13/Jul/2026:12:45:34 +0000] "GET /v3/endpoints HTTP/1.1" 200 1226 10.0.0.107 - - [13/Jul/2026:12:45:34 +0000] "GET /v3/services/1e462ed14bff40a19a77059e79ba8800 HTTP/1.1" 200 233 10.0.0.107 - - [13/Jul/2026:12:45:34 +0000] "GET /v3/services/1e462ed14bff40a19a77059e79ba8800 HTTP/1.1" 200 233 10.0.0.107 - - [13/Jul/2026:12:45:34 +0000] "GET /v3/services/1e462ed14bff40a19a77059e79ba8800 HTTP/1.1" 200 233 10.0.0.107 - - [13/Jul/2026:12:45:34 +0000] "GET /v3/services/1e462ed14bff40a19a77059e79ba8800 HTTP/1.1" 200 233 10.0.0.107 - - [13/Jul/2026:12:45:34 +0000] "GET /v3/services/1e462ed14bff40a19a77059e79ba8800 HTTP/1.1" 200 233 10.0.0.107 - - [13/Jul/2026:12:45:34 +0000] "GET /v3/services/1e462ed14bff40a19a77059e79ba8800 HTTP/1.1" 200 233
[Mon Jul 13 12:45:35.069723 2026] [wsgi:error] [pid 10:tid 139871020308160] [remote 10.0.0.107:33456] 2026-07-13 12:45:35.069 10 WARNING keystone.common.fernet_utils [None req-8275ddba-b8e2-4c55-b480-eb06b97bed18 - - - - - -] key_repository is world readable: /etc/keystone/fernet-keys/ 10.0.0.107 - - [13/Jul/2026:12:45:34 +0000] "POST /v3/auth/tokens HTTP/1.1" 201 1463 10.0.0.107 - - [13/Jul/2026:12:45:35 +0000] "GET /v3/endpoints HTTP/1.1" 200 1226 10.0.0.107 - - [13/Jul/2026:12:45:35 +0000] "GET /v3/services/1e462ed14bff40a19a77059e79ba8800 HTTP/1.1" 200 233 10.0.0.107 - - [13/Jul/2026:12:45:35 +0000] "GET /v3/services/1e462ed14bff40a19a77059e79ba8800 HTTP/1.1" 200 233 10.0.0.107 - - [13/Jul/2026:12:45:35 +0000] "GET /v3/services/1e462ed14bff40a19a77059e79ba8800 HTTP/1.1" 200 233 10.0.0.107 - - [13/Jul/2026:12:45:36 +0000] "GET / HTTP/1.1" 300 295
[Mon Jul 13 12:45:36.527403 2026] [wsgi:error] [pid 12:tid 139871020308160] [remote 10.0.0.107:50944] 2026-07-13 12:45:36.527 12 WARNING keystone.common.password_hashing [None req-f1040d0b-3c33-455d-9826-92c1cf60d84b - - - - - -] Truncating password to algorithm specific maximum length 72 characters. 10.0.0.107 - - [13/Jul/2026:12:45:36 +0000] "GET / HTTP/1.1" 300 295
[Mon Jul 13 12:45:36.711519 2026] [wsgi:error] [pid 10:tid 139871020308160] [remote 10.0.0.107:50948] 2026-07-13 12:45:36.711 10 WARNING keystone.common.password_hashing [None req-cc102948-e822-41b6-bd19-b7da34f50871 - - - - - -] Truncating password to algorithm specific maximum length 72 characters.
[Mon Jul 13 12:45:36.800876 2026] [wsgi:error] [pid 12:tid 139871020308160] [remote 10.0.0.107:50944] 2026-07-13 12:45:36.800 12 WARNING keystone.common.fernet_utils [None req-f1040d0b-3c33-455d-9826-92c1cf60d84b - - - - - -] key_repository is world readable: /etc/keystone/fernet-keys/ 10.0.0.107 - - [13/Jul/2026:12:45:36 +0000] "POST /v3/auth/tokens HTTP/1.1" 201 1463 10.0.0.107 - - [13/Jul/2026:12:45:36 +0000] "GET /v3/services/609c5afc971e42d4ae0e37b93a9ca9a5 HTTP/1.1" 200 296 10.0.0.107 - - [13/Jul/2026:12:45:36 +0000] "GET /v3/regions/RegionOne HTTP/1.1" 200 173 10.0.0.107 - - [13/Jul/2026:12:45:36 +0000] "GET / HTTP/1.1" 300 295
[Mon Jul 13 12:45:37.010428 2026] [wsgi:error] [pid 11:tid 139871020308160] [remote 10.0.0.107:50950] 2026-07-13 12:45:37.010 11 WARNING keystone.common.password_hashing [None req-04e8d209-cdbb-4233-9d6e-203bcabc31e5 - - - - - -] Truncating password to algorithm specific maximum length 72 characters.
[Mon Jul 13 12:45:37.024722 2026] [wsgi:error] [pid 10:tid 139871020308160] [remote 10.0.0.107:50948] 2026-07-13 12:45:37.024 10 WARNING keystone.common.fernet_utils [None req-cc102948-e822-41b6-bd19-b7da34f50871 - - - - - -] key_repository is world readable: /etc/keystone/fernet-keys/ 10.0.0.107 - - [13/Jul/2026:12:45:36 +0000] "POST /v3/auth/tokens HTTP/1.1" 201 1463 10.0.0.107 - - [13/Jul/2026:12:45:36 +0000] "POST /v3/endpoints HTTP/1.1" 201 369 10.0.0.107 - - [13/Jul/2026:12:45:37 +0000] "GET /v3/services/609c5afc971e42d4ae0e37b93a9ca9a5 HTTP/1.1" 200 296 10.0.0.107 - - [13/Jul/2026:12:45:37 +0000] "GET /v3/regions/RegionOne HTTP/1.1" 200 173 10.0.0.107 - - [13/Jul/2026:12:45:37 +0000] "POST /v3/endpoints HTTP/1.1" 201 380
[Mon Jul 13 12:45:37.288477 2026] [wsgi:error] [pid 11:tid 139871020308160] [remote 10.0.0.107:50950] 2026-07-13 12:45:37.288 11 WARNING keystone.common.fernet_utils [None req-04e8d209-cdbb-4233-9d6e-203bcabc31e5 - - - - - -] key_repository is world readable: /etc/keystone/fernet-keys/ 10.0.0.107 - - [13/Jul/2026:12:45:36 +0000] "POST /v3/auth/tokens HTTP/1.1" 201 1808 10.0.0.107 - - [13/Jul/2026:12:45:37 +0000] "GET /v3/services/609c5afc971e42d4ae0e37b93a9ca9a5 HTTP/1.1" 200 296 10.0.0.107 - - [13/Jul/2026:12:45:37 +0000] "GET /v3/regions/RegionOne HTTP/1.1" 200 173 10.0.0.107 - - [13/Jul/2026:12:45:37 +0000] "POST /v3/endpoints HTTP/1.1" 201 383 10.0.0.107 - - [13/Jul/2026:12:45:38 +0000] "GET / HTTP/1.1" 300 295
[Mon Jul 13 12:45:38.701848 2026] [wsgi:error] [pid 9:tid 139871020308160] [remote 10.0.0.107:50952] 2026-07-13 12:45:38.701 9 WARNING keystone.common.password_hashing [None req-ae640c6f-01d6-495b-a03f-081c724251e8 - - - - - -] Truncating password to algorithm specific maximum length 72 characters. 10.0.0.107 - - [13/Jul/2026:12:45:38 +0000] "GET / HTTP/1.1" 300 295
[Mon Jul 13 12:45:38.932016 2026] [wsgi:error] [pid 12:tid 139871020308160] [remote 10.0.0.107:50958] 2026-07-13 12:45:38.931 12 WARNING keystone.common.password_hashing [None req-226e33a7-efdf-4ff5-962c-41e4181d2b36 - - - - - -] Truncating password to algorithm specific maximum length 72 characters.
[Mon Jul 13 12:45:38.980678 2026] [wsgi:error] [pid 9:tid 139871020308160] [remote 10.0.0.107:50952] 2026-07-13 12:45:38.980 9 WARNING keystone.common.fernet_utils [None req-ae640c6f-01d6-495b-a03f-081c724251e8 - - - - - -] key_repository is world readable: /etc/keystone/fernet-keys/ 10.0.0.107 - - [13/Jul/2026:12:45:38 +0000] "POST /v3/auth/tokens HTTP/1.1" 201 1990 10.0.0.107 - - [13/Jul/2026:12:45:39 +0000] "GET / HTTP/1.1" 300 295
[Mon Jul 13 12:45:39.072028 2026] [wsgi:error] [pid 10:tid 139871020308160] [remote 10.0.0.107:50970] 2026-07-13 12:45:39.071 10 WARNING keystone.common.password_hashing [None req-e245f449-fe0e-4b98-8e05-58517a7aa5b4 - - - - - -] Truncating password to algorithm specific maximum length 72 characters. 10.0.0.107 - - [13/Jul/2026:12:45:39 +0000] "GET /v3/endpoints/0e3002110c864103855263807f63234d HTTP/1.1" 200 369 10.0.0.107 - - [13/Jul/2026:12:45:39 +0000] "GET /v3/services/609c5afc971e42d4ae0e37b93a9ca9a5 HTTP/1.1" 200 296
[Mon Jul 13 12:45:39.225276 2026] [wsgi:error] [pid 12:tid 139871020308160] [remote 10.0.0.107:50958] 2026-07-13 12:45:39.225 12 WARNING keystone.common.fernet_utils [None req-226e33a7-efdf-4ff5-962c-41e4181d2b36 - - - - - -] key_repository is world readable: /etc/keystone/fernet-keys/ 10.0.0.107 - - [13/Jul/2026:12:45:38 +0000] "POST /v3/auth/tokens HTTP/1.1" 201 1990
[Mon Jul 13 12:45:39.353495 2026] [wsgi:error] [pid 10:tid 139871020308160] [remote 10.0.0.107:50970] 2026-07-13 12:45:39.353 10 WARNING keystone.common.fernet_utils [None req-e245f449-fe0e-4b98-8e05-58517a7aa5b4 - - - - - -] key_repository is world readable: /etc/keystone/fernet-keys/ 10.0.0.107 - - [13/Jul/2026:12:45:39 +0000] "POST /v3/auth/tokens HTTP/1.1" 201 1990 10.0.0.107 - - [13/Jul/2026:12:45:39 +0000] "GET /v3/endpoints/691dbdbf742c49008a032f4049b37663 HTTP/1.1" 200 380 10.0.0.107 - - [13/Jul/2026:12:45:39 +0000] "GET /v3/services/609c5afc971e42d4ae0e37b93a9ca9a5 HTTP/1.1" 200 296 10.0.0.107 - - [13/Jul/2026:12:45:39 +0000] "GET /v3/endpoints/81628a2f63534c79b42633ce254b5c37 HTTP/1.1" 200 383 10.0.0.107 - - [13/Jul/2026:12:45:39 +0000] "GET /v3/services/609c5afc971e42d4ae0e37b93a9ca9a5 HTTP/1.1" 200 296 10.0.0.242 - - [13/Jul/2026:12:45:51 +0000] "GET / HTTP/1.1" 300 295
[Mon Jul 13 12:45:51.390350 2026] [wsgi:error] [pid 11:tid 139871020308160] [remote 10.0.0.242:41612] 2026-07-13 12:45:51.390 11 WARNING keystone.common.password_hashing [None req-96d8b3f3-92f3-442d-a5e2-5e9cda648fe4 - - - - - -] Truncating password to algorithm specific maximum length 72 characters.
[Mon Jul 13 12:45:51.675483 2026] [wsgi:error] [pid 11:tid 139871020308160] [remote 10.0.0.242:41612] 2026-07-13 12:45:51.675 11 WARNING keystone.common.fernet_utils [None req-96d8b3f3-92f3-442d-a5e2-5e9cda648fe4 - - - - - -] key_repository is world readable: /etc/keystone/fernet-keys/ 10.0.0.242 - - [13/Jul/2026:12:45:51 +0000] "POST /v3/auth/tokens HTTP/1.1" 201 1990 10.0.0.242 - - [13/Jul/2026:12:45:51 +0000] "POST /v3/domains HTTP/1.1" 201 284 10.0.0.3 - - [13/Jul/2026:12:45:52 +0000] "GET /v3/ HTTP/1.1" 200 249 10.0.0.3 - - [13/Jul/2026:12:45:52 +0000] "GET /v3/ HTTP/1.1" 200 249 10.0.0.242 - - [13/Jul/2026:12:45:53 +0000] "GET / HTTP/1.1" 300 295
[Mon Jul 13 12:45:53.734363 2026] [wsgi:error] [pid 12:tid 139871020308160] [remote 10.0.0.242:41616] 2026-07-13 12:45:53.734 12 WARNING keystone.common.password_hashing [None req-c5a976bf-461d-4e33-9c77-7fe51e653cf6 - - - - - -] Truncating password to algorithm specific maximum length 72 characters.
[Mon Jul 13 12:45:54.011634 2026] [wsgi:error] [pid 12:tid 139871020308160] [remote 10.0.0.242:41616] 2026-07-13 12:45:54.011 12 WARNING keystone.common.fernet_utils [None req-c5a976bf-461d-4e33-9c77-7fe51e653cf6 - - - - - -] key_repository is world readable: /etc/keystone/fernet-keys/ 10.0.0.242 - - [13/Jul/2026:12:45:53 +0000] "POST /v3/auth/tokens HTTP/1.1" 201 1990
[Mon Jul 13 12:45:54.192101 2026] [wsgi:error] [pid 9:tid 139871020308160] [remote 10.0.0.242:41616] 2026-07-13 12:45:54.178 9 ERROR keystone.server.flask.application [None req-3e4dc5ae-a162-482b-ba71-3c12f04ceb42 14ad7af7a0954a1798c7acde3c31a5d7 e4fe5cadda91471db30c2c717c2c646c - - default default] Conflict occurred attempting to store project - it is not permitted to have two projects acting as domains with the same name: service.: keystone.exception.Conflict: Conflict occurred attempting to store project - it is not permitted to have two projects acting as domains with the same name: service.
[Mon Jul 13 12:45:54.192127 2026] [wsgi:error] [pid 9:tid 139871020308160] [remote 10.0.0.242:41616] 2026-07-13 12:45:54.178 9 ERROR keystone.server.flask.application
Traceback (most recent call last):
[Mon Jul 13 12:45:54.192129 2026] [wsgi:error] [pid 9:tid 139871020308160] [remote 10.0.0.242:41616] 2026-07-13 12:45:54.178 9 ERROR keystone.server.flask.application
File "/var/lib/openstack/lib/python3.12/site-packages/sqlalchemy/engine/base.py", line 1969, in _exec_single_context
[Mon Jul 13 12:45:54.192130 2026] [wsgi:error] [pid 9:tid 139871020308160] [remote 10.0.0.242:41616] 2026-07-13 12:45:54.178 9 ERROR keystone.server.flask.application self.dialect.do_execute(
[Mon Jul 13 12:45:54.192132 2026] [wsgi:error] [pid 9:tid 139871020308160] [remote 10.0.0.242:41616] 2026-07-13 12:45:54.178 9 ERROR keystone.server.flask.application
File "/var/lib/openstack/lib/python3.12/site-packages/sqlalchemy/engine/default.py", line 952, in do_execute
[Mon Jul 13 12:45:54.192134 2026] [wsgi:error] [pid 9:tid 139871020308160] [remote 10.0.0.242:41616] 2026-07-13 12:45:54.178 9 ERROR keystone.server.flask.application cursor.execute(statement, parameters)
[Mon Jul 13 12:45:54.192135 2026] [wsgi:error] [pid 9:tid 139871020308160] [remote 10.0.0.242:41616] 2026-07-13 12:45:54.178 9 ERROR keystone.server.flask.application
File "/var/lib/openstack/lib/python3.12/site-packages/pymysql/cursors.py", line 159, in execute
[Mon Jul 13 12:45:54.192136 2026] [wsgi:error] [pid 9:tid 139871020308160] [remote 10.0.0.242:41616] 2026-07-13 12:45:54.178 9 ERROR keystone.server.flask.application result = self._query(query)
[Mon Jul 13 12:45:54.192138 2026] [wsgi:error] [pid 9:tid 139871020308160] [remote 10.0.0.242:41616] 2026-07-13 12:45:54.178 9 ERROR keystone.server.flask.application ^^^^^^^^^^^^^^^^^^
[Mon Jul 13 12:45:54.192139 2026] [wsgi:error] [pid 9:tid 139871020308160] [remote 10.0.0.242:41616] 2026-07-13 12:45:54.178 9 ERROR keystone.server.flask.application
File "/var/lib/openstack/lib/python3.12/site-packages/pymysql/cursors.py", line 330, in _query
[Mon Jul 13 12:45:54.192141 2026] [wsgi:error] [pid 9:tid 139871020308160] [remote 10.0.0.242:41616] 2026-07-13 12:45:54.178 9 ERROR keystone.server.flask.application conn.query(q)
[Mon Jul 13 12:45:54.192142 2026] [wsgi:error] [pid 9:tid 139871020308160] [remote 10.0.0.242:41616] 2026-07-13 12:45:54.178 9 ERROR keystone.server.flask.application
File "/var/lib/openstack/lib/python3.12/site-packages/pymysql/connections.py", line 582, in query
[Mon Jul 13 12:45:54.192144 2026] [wsgi:error] [pid 9:tid 139871020308160] [remote 10.0.0.242:41616] 2026-07-13 12:45:54.178 9 ERROR keystone.server.flask.application self._affected_rows = self._read_query_result(unbuffered=unbuffered)
[Mon Jul 13 12:45:54.192145 2026] [wsgi:error] [pid 9:tid 139871020308160] [remote 10.0.0.242:41616] 2026-07-13 12:45:54.178 9 ERROR keystone.server.flask.application ^^^^^^^^^^^^^^^^^^^^^^^^^^^^^^^^^^^^^^^^^^^^^^
[Mon Jul 13 12:45:54.192146 2026] [wsgi:error] [pid 9:tid 139871020308160] [remote 10.0.0.242:41616] 2026-07-13 12:45:54.178 9 ERROR keystone.server.flask.application
File "/var/lib/openstack/lib/python3.12/site-packages/pymysql/connections.py", line 847, in _read_query_result
[Mon Jul 13 12:45:54.192148 2026] [wsgi:error] [pid 9:tid 139871020308160] [remote 10.0.0.242:41616] 2026-07-13 12:45:54.178 9 ERROR keystone.server.flask.application result.read()
[Mon Jul 13 12:45:54.192151 2026] [wsgi:error] [pid 9:tid 139871020308160] [remote 10.0.0.242:41616] 2026-07-13 12:45:54.178 9 ERROR keystone.server.flask.application
File "/var/lib/openstack/lib/python3.12/site-packages/pymysql/connections.py", line 1245, in read
[Mon Jul 13 12:45:54.192153 2026] [wsgi:error] [pid 9:tid 139871020308160] [remote 10.0.0.242:41616] 2026-07-13 12:45:54.178 9 ERROR keystone.server.flask.application first_packet = self.connection._read_packet()
[Mon Jul 13 12:45:54.192154 2026] [wsgi:error] [pid 9:tid 139871020308160] [remote 10.0.0.242:41616] 2026-07-13 12:45:54.178 9 ERROR keystone.server.flask.application ^^^^^^^^^^^^^^^^^^^^^^^^^^^^^^
[Mon Jul 13 12:45:54.192155 2026] [wsgi:error] [pid 9:tid 139871020308160] [remote 10.0.0.242:41616] 2026-07-13 12:45:54.178 9 ERROR keystone.server.flask.application
File "/var/lib/openstack/lib/python3.12/site-packages/pymysql/connections.py", line 803, in _read_packet
[Mon Jul 13 12:45:54.192157 2026] [wsgi:error] [pid 9:tid 139871020308160] [remote 10.0.0.242:41616] 2026-07-13 12:45:54.178 9 ERROR keystone.server.flask.application packet.raise_for_error()
[Mon Jul 13 12:45:54.192158 2026] [wsgi:error] [pid 9:tid 139871020308160] [remote 10.0.0.242:41616] 2026-07-13 12:45:54.178 9 ERROR keystone.server.flask.application
File "/var/lib/openstack/lib/python3.12/site-packages/pymysql/protocol.py", line 219, in raise_for_error
[Mon Jul 13 12:45:54.192160 2026] [wsgi:error] [pid 9:tid 139871020308160] [remote 10.0.0.242:41616] 2026-07-13 12:45:54.178 9 ERROR keystone.server.flask.application err.raise_mysql_exception(self._data)
[Mon Jul 13 12:45:54.192161 2026] [wsgi:error] [pid 9:tid 139871020308160] [remote 10.0.0.242:41616] 2026-07-13 12:45:54.178 9 ERROR keystone.server.flask.application
File "/var/lib/openstack/lib/python3.12/site-packages/pymysql/err.py", line 154, in raise_mysql_exception
[Mon Jul 13 12:45:54.192162 2026] [wsgi:error] [pid 9:tid 139871020308160] [remote 10.0.0.242:41616] 2026-07-13 12:45:54.178 9 ERROR keystone.server.flask.application raise errorclass(errno, errval, sqlstate=sqlstate)
[Mon Jul 13 12:45:54.192164 2026] [wsgi:error] [pid 9:tid 139871020308160] [remote 10.0.0.242:41616] 2026-07-13 12:45:54.178 9 ERROR keystone.server.flask.application pymysql.err.IntegrityError: (1062, "Duplicate entry '<>-service' for key 'project.ixu_project_name_domain_id'")
[Mon Jul 13 12:45:54.192166 2026] [wsgi:error] [pid 9:tid 139871020308160] [remote 10.0.0.242:41616] 2026-07-13 12:45:54.178 9 ERROR keystone.server.flask.application
[Mon Jul 13 12:45:54.192168 2026] [wsgi:error] [pid 9:tid 139871020308160] [remote 10.0.0.242:41616] 2026-07-13 12:45:54.178 9 ERROR keystone.server.flask.application The above exception was the direct cause of the following exception:
[Mon Jul 13 12:45:54.192177 2026] [wsgi:error] [pid 9:tid 139871020308160] [remote 10.0.0.242:41616] 2026-07-13 12:45:54.178 9 ERROR keystone.server.flask.application
[Mon Jul 13 12:45:54.192180 2026] [wsgi:error] [pid 9:tid 139871020308160] [remote 10.0.0.242:41616] 2026-07-13 12:45:54.178 9 ERROR keystone.server.flask.application
Traceback (most recent call last):
[Mon Jul 13 12:45:54.192182 2026] [wsgi:error] [pid 9:tid 139871020308160] [remote 10.0.0.242:41616] 2026-07-13 12:45:54.178 9 ERROR keystone.server.flask.application
File "/var/lib/openstack/lib/python3.12/site-packages/keystone/common/sql/core.py", line 575, in wrapper
[Mon Jul 13 12:45:54.192184 2026] [wsgi:error] [pid 9:tid 139871020308160] [remote 10.0.0.242:41616] 2026-07-13 12:45:54.178 9 ERROR keystone.server.flask.application return method(*args, **kwargs)
[Mon Jul 13 12:45:54.192186 2026] [wsgi:error] [pid 9:tid 139871020308160] [remote 10.0.0.242:41616] 2026-07-13 12:45:54.178 9 ERROR keystone.server.flask.application ^^^^^^^^^^^^^^^^^^^^^^^
[Mon Jul 13 12:45:54.192188 2026] [wsgi:error] [pid 9:tid 139871020308160] [remote 10.0.0.242:41616] 2026-07-13 12:45:54.178 9 ERROR keystone.server.flask.application
File "/var/lib/openstack/lib/python3.12/site-packages/keystone/resource/backends/sql.py", line 278, in create_project
[Mon Jul 13 12:45:54.192191 2026] [wsgi:error] [pid 9:tid 139871020308160] [remote 10.0.0.242:41616] 2026-07-13 12:45:54.178 9 ERROR keystone.server.flask.application with sql.session_for_write() as session:
[Mon Jul 13 12:45:54.192193 2026] [wsgi:error] [pid 9:tid 139871020308160] [remote 10.0.0.242:41616] 2026-07-13 12:45:54.178 9 ERROR keystone.server.flask.application
File "/usr/lib/python3.12/contextlib.py", line 144, in __exit__
[Mon Jul 13 12:45:54.192195 2026] [wsgi:error] [pid 9:tid 139871020308160] [remote 10.0.0.242:41616] 2026-07-13 12:45:54.178 9 ERROR keystone.server.flask.application next(self.gen)
[Mon Jul 13 12:45:54.192197 2026] [wsgi:error] [pid 9:tid 139871020308160] [remote 10.0.0.242:41616] 2026-07-13 12:45:54.178 9 ERROR keystone.server.flask.application
File "/var/lib/openstack/lib/python3.12/site-packages/oslo_db/sqlalchemy/enginefacade.py", line 1175, in _transaction_scope
[Mon Jul 13 12:45:54.192199 2026] [wsgi:error] [pid 9:tid 139871020308160] [remote 10.0.0.242:41616] 2026-07-13 12:45:54.178 9 ERROR keystone.server.flask.application with current._produce_block(
[Mon Jul 13 12:45:54.192201 2026] [wsgi:error] [pid 9:tid 139871020308160] [remote 10.0.0.242:41616] 2026-07-13 12:45:54.178 9 ERROR keystone.server.flask.application
File "/usr/lib/python3.12/contextlib.py", line 144, in __exit__
[Mon Jul 13 12:45:54.192203 2026] [wsgi:error] [pid 9:tid 139871020308160] [remote 10.0.0.242:41616] 2026-07-13 12:45:54.178 9 ERROR keystone.server.flask.application next(self.gen)
[Mon Jul 13 12:45:54.192205 2026] [wsgi:error] [pid 9:tid 139871020308160] [remote 10.0.0.242:41616] 2026-07-13 12:45:54.178 9 ERROR keystone.server.flask.application
File "/var/lib/openstack/lib/python3.12/site-packages/oslo_db/sqlalchemy/enginefacade.py", line 837, in _session
[Mon Jul 13 12:45:54.192208 2026] [wsgi:error] [pid 9:tid 139871020308160] [remote 10.0.0.242:41616] 2026-07-13 12:45:54.178 9 ERROR keystone.server.flask.application with excutils.save_and_reraise_exception():
[Mon Jul 13 12:45:54.192211 2026] [wsgi:error] [pid 9:tid 139871020308160] [remote 10.0.0.242:41616] 2026-07-13 12:45:54.178 9 ERROR keystone.server.flask.application
File "/var/lib/openstack/lib/python3.12/site-packages/oslo_utils/excutils.py", line 266, in __exit__
[Mon Jul 13 12:45:54.192215 2026] [wsgi:error] [pid 9:tid 139871020308160] [remote 10.0.0.242:41616] 2026-07-13 12:45:54.178 9 ERROR keystone.server.flask.application self.force_reraise()
[Mon Jul 13 12:45:54.192217 2026] [wsgi:error] [pid 9:tid 139871020308160] [remote 10.0.0.242:41616] 2026-07-13 12:45:54.178 9 ERROR keystone.server.flask.application
File "/var/lib/openstack/lib/python3.12/site-packages/oslo_utils/excutils.py", line 232, in force_reraise
[Mon Jul 13 12:45:54.192221 2026] [wsgi:error] [pid 9:tid 139871020308160] [remote 10.0.0.242:41616] 2026-07-13 12:45:54.178 9 ERROR keystone.server.flask.application raise self.value
[Mon Jul 13 12:45:54.192223 2026] [wsgi:error] [pid 9:tid 139871020308160] [remote 10.0.0.242:41616] 2026-07-13 12:45:54.178 9 ERROR keystone.server.flask.application
File "/var/lib/openstack/lib/python3.12/site-packages/oslo_db/sqlalchemy/enginefacade.py", line 835, in _session
[Mon Jul 13 12:45:54.192226 2026] [wsgi:error] [pid 9:tid 139871020308160] [remote 10.0.0.242:41616] 2026-07-13 12:45:54.178 9 ERROR keystone.server.flask.application self._end_session_transaction(self.session)
[Mon Jul 13 12:45:54.192230 2026] [wsgi:error] [pid 9:tid 139871020308160] [remote 10.0.0.242:41616] 2026-07-13 12:45:54.178 9 ERROR keystone.server.flask.application
File "/var/lib/openstack/lib/python3.12/site-packages/oslo_db/sqlalchemy/enginefacade.py", line 748, in _end_session_transaction
[Mon Jul 13 12:45:54.192233 2026] [wsgi:error] [pid 9:tid 139871020308160] [remote 10.0.0.242:41616] 2026-07-13 12:45:54.178 9 ERROR keystone.server.flask.application session.commit()
[Mon Jul 13 12:45:54.192236 2026] [wsgi:error] [pid 9:tid 139871020308160] [remote 10.0.0.242:41616] 2026-07-13 12:45:54.178 9 ERROR keystone.server.flask.application
File "/var/lib/openstack/lib/python3.12/site-packages/sqlalchemy/orm/session.py", line 2034, in commit
[Mon Jul 13 12:45:54.192239 2026] [wsgi:error] [pid 9:tid 139871020308160] [remote 10.0.0.242:41616] 2026-07-13 12:45:54.178 9 ERROR keystone.server.flask.application trans.commit(_to_root=True)
[Mon Jul 13 12:45:54.192242 2026] [wsgi:error] [pid 9:tid 139871020308160] [remote 10.0.0.242:41616] 2026-07-13 12:45:54.178 9 ERROR keystone.server.flask.application File "", line 2, in commit
[Mon Jul 13 12:45:54.192244 2026] [wsgi:error] [pid 9:tid 139871020308160] [remote 10.0.0.242:41616] 2026-07-13 12:45:54.178 9 ERROR keystone.server.flask.application
File "/var/lib/openstack/lib/python3.12/site-packages/sqlalchemy/orm/state_changes.py", line 137, in _go
[Mon Jul 13 12:45:54.192247 2026] [wsgi:error] [pid 9:tid 139871020308160] [remote 10.0.0.242:41616] 2026-07-13 12:45:54.178 9 ERROR keystone.server.flask.application ret_value = fn(self, *arg, **kw)
[Mon Jul 13 12:45:54.192250 2026] [wsgi:error] [pid 9:tid 139871020308160] [remote 10.0.0.242:41616] 2026-07-13 12:45:54.178 9 ERROR keystone.server.flask.application ^^^^^^^^^^^^^^^^^^^^
[Mon Jul 13 12:45:54.192252 2026] [wsgi:error] [pid 9:tid 139871020308160] [remote 10.0.0.242:41616] 2026-07-13 12:45:54.178 9 ERROR keystone.server.flask.application
File "/var/lib/openstack/lib/python3.12/site-packages/sqlalchemy/orm/session.py", line 1315, in commit
[Mon Jul 13 12:45:54.192254 2026] [wsgi:error] [pid 9:tid 139871020308160] [remote 10.0.0.242:41616] 2026-07-13 12:45:54.178 9 ERROR keystone.server.flask.application self._prepare_impl()
[Mon Jul 13 12:45:54.192256 2026] [wsgi:error] [pid 9:tid 139871020308160] [remote 10.0.0.242:41616] 2026-07-13 12:45:54.178 9 ERROR keystone.server.flask.application File "", line 2, in _prepare_impl
[Mon Jul 13 12:45:54.192257 2026] [wsgi:error] [pid 9:tid 139871020308160] [remote 10.0.0.242:41616] 2026-07-13 12:45:54.178 9 ERROR keystone.server.flask.application
File "/var/lib/openstack/lib/python3.12/site-packages/sqlalchemy/orm/state_changes.py", line 137, in _go
[Mon Jul 13 12:45:54.192259 2026] [wsgi:error] [pid 9:tid 139871020308160] [remote 10.0.0.242:41616] 2026-07-13 12:45:54.178 9 ERROR keystone.server.flask.application ret_value = fn(self, *arg, **kw)
[Mon Jul 13 12:45:54.192260 2026] [wsgi:error] [pid 9:tid 139871020308160] [remote 10.0.0.242:41616] 2026-07-13 12:45:54.178 9 ERROR keystone.server.flask.application ^^^^^^^^^^^^^^^^^^^^
[Mon Jul 13 12:45:54.192262 2026] [wsgi:error] [pid 9:tid 139871020308160] [remote 10.0.0.242:41616] 2026-07-13 12:45:54.178 9 ERROR keystone.server.flask.application
File "/var/lib/openstack/lib/python3.12/site-packages/sqlalchemy/orm/session.py", line 1290, in _prepare_impl
[Mon Jul 13 12:45:54.192265 2026] [wsgi:error] [pid 9:tid 139871020308160] [remote 10.0.0.242:41616] 2026-07-13 12:45:54.178 9 ERROR keystone.server.flask.application self.session.flush()
[Mon Jul 13 12:45:54.192266 2026] [wsgi:error] [pid 9:tid 139871020308160] [remote 10.0.0.242:41616] 2026-07-13 12:45:54.178 9 ERROR keystone.server.flask.application
File "/var/lib/openstack/lib/python3.12/site-packages/sqlalchemy/orm/session.py", line 4352, in flush
[Mon Jul 13 12:45:54.192269 2026] [wsgi:error] [pid 9:tid 139871020308160] [remote 10.0.0.242:41616] 2026-07-13 12:45:54.178 9 ERROR keystone.server.flask.application self._flush(objects)
[Mon Jul 13 12:45:54.192271 2026] [wsgi:error] [pid 9:tid 139871020308160] [remote 10.0.0.242:41616] 2026-07-13 12:45:54.178 9 ERROR keystone.server.flask.application
File "/var/lib/openstack/lib/python3.12/site-packages/sqlalchemy/orm/session.py", line 4487, in _flush
[Mon Jul 13 12:45:54.192274 2026] [wsgi:error] [pid 9:tid 139871020308160] [remote 10.0.0.242:41616] 2026-07-13 12:45:54.178 9 ERROR keystone.server.flask.application with util.safe_reraise():
[Mon Jul 13 12:45:54.192277 2026] [wsgi:error] [pid 9:tid 139871020308160] [remote 10.0.0.242:41616] 2026-07-13 12:45:54.178 9 ERROR keystone.server.flask.application
File "/var/lib/openstack/lib/python3.12/site-packages/sqlalchemy/util/langhelpers.py", line 122, in __exit__
[Mon Jul 13 12:45:54.192280 2026] [wsgi:error] [pid 9:tid 139871020308160] [remote 10.0.0.242:41616] 2026-07-13 12:45:54.178 9 ERROR keystone.server.flask.application raise exc_value.with_traceback(exc_tb)
[Mon Jul 13 12:45:54.192283 2026] [wsgi:error] [pid 9:tid 139871020308160] [remote 10.0.0.242:41616] 2026-07-13 12:45:54.178 9 ERROR keystone.server.flask.application
File "/var/lib/openstack/lib/python3.12/site-packages/sqlalchemy/orm/session.py", line 4448, in _flush
[Mon Jul 13 12:45:54.192286 2026] [wsgi:error] [pid 9:tid 139871020308160] [remote 10.0.0.242:41616] 2026-07-13 12:45:54.178 9 ERROR keystone.server.flask.application flush_context.execute()
[Mon Jul 13 12:45:54.192289 2026] [wsgi:error] [pid 9:tid 139871020308160] [remote 10.0.0.242:41616] 2026-07-13 12:45:54.178 9 ERROR keystone.server.flask.application
File "/var/lib/openstack/lib/python3.12/site-packages/sqlalchemy/orm/unitofwork.py", line 465, in execute
