2026-07-13 13:41:12.846 8 INFO placement.requestlog [req-83c09ae0-36ea-47c6-9f59-86bcb12f133f req-d02797e9-f691-4566-adae-a4f0b1e3d1c0 26b3bb6323ed43aa809e4ec14eec816c 6ab2033778f141c5801f7e965b17c263 - - 03b7b8d3bea94f858527279b82cea1ec 03b7b8d3bea94f858527279b82cea1ec] 199.204.45.22 "GET /resource_providers/eb8fe223-bd91-401c-9f37-1e971f6a4ce8/aggregates" status: 200 len: 53 microversion: 1.19 [pid: 8|app: 0|req: 292/584] 199.204.45.22 () {34 vars in 898 bytes} [Mon Jul 13 13:41:12 2026] GET /resource_providers/eb8fe223-bd91-401c-9f37-1e971f6a4ce8/aggregates => generated 53 bytes in 10 msecs (HTTP/1.1 200) 8 headers in 295 bytes (1 switches on core 0)
2026-07-13 13:41:12.871 7 INFO placement.requestlog [req-83c09ae0-36ea-47c6-9f59-86bcb12f133f req-4cb619fd-5d7f-4b5f-af9d-7fbf408f79f2 26b3bb6323ed43aa809e4ec14eec816c 6ab2033778f141c5801f7e965b17c263 - - 03b7b8d3bea94f858527279b82cea1ec 03b7b8d3bea94f858527279b82cea1ec] 199.204.45.22 "GET /resource_providers/eb8fe223-bd91-401c-9f37-1e971f6a4ce8/traits" status: 200 len: 2316 microversion: 1.6 [pid: 7|app: 0|req: 293/585] 199.204.45.22 () {34 vars in 889 bytes} [Mon Jul 13 13:41:12 2026] GET /resource_providers/eb8fe223-bd91-401c-9f37-1e971f6a4ce8/traits => generated 2316 bytes in 20 msecs (HTTP/1.1 200) 6 headers in 225 bytes (1 switches on core 0)
2026-07-13 13:41:12.902 8 INFO placement.requestlog [req-83c09ae0-36ea-47c6-9f59-86bcb12f133f req-89fc7ee3-aa17-4d88-879b-eb41652ad10c 26b3bb6323ed43aa809e4ec14eec816c 6ab2033778f141c5801f7e965b17c263 - - 03b7b8d3bea94f858527279b82cea1ec 03b7b8d3bea94f858527279b82cea1ec] 199.204.45.22 "GET /resource_providers/eb8fe223-bd91-401c-9f37-1e971f6a4ce8/allocations" status: 200 len: 54 microversion: 1.0 [pid: 8|app: 0|req: 293/586] 199.204.45.22 () {32 vars in 856 bytes} [Mon Jul 13 13:41:12 2026] GET /resource_providers/eb8fe223-bd91-401c-9f37-1e971f6a4ce8/allocations => generated 54 bytes in 24 msecs (HTTP/1.1 200) 6 headers in 223 bytes (1 switches on core 0)
2026-07-13 13:41:18.429 8 INFO placement.requestlog [None req-23ad567c-c74f-408e-a564-7ad3f909a644 - - - - - -] 10.0.0.3 "GET /" status: 200 len: 136 microversion: 1.0
2026-07-13 13:41:18.429 7 INFO placement.requestlog [None req-d65198a1-5191-4c37-8557-cc2462b2dc56 - - - - - -] 10.0.0.3 "GET /" status: 200 len: 136 microversion: 1.0
2026-07-13 13:41:28.428 8 INFO placement.requestlog [None req-ecd3e802-24bd-4c7c-9ec1-78ccea149f1f - - - - - -] 10.0.0.3 "GET /" status: 200 len: 136 microversion: 1.0
2026-07-13 13:41:28.428 7 INFO placement.requestlog [None req-6254ad63-91e0-4e39-9f2e-61c33910fe87 - - - - - -] 10.0.0.3 "GET /" status: 200 len: 136 microversion: 1.0
2026-07-13 13:41:38.429 8 INFO placement.requestlog [None req-5490fd54-92e3-41df-92fd-cea5705099c0 - - - - - -] 10.0.0.3 "GET /" status: 200 len: 136 microversion: 1.0
2026-07-13 13:41:38.429 7 INFO placement.requestlog [None req-ae30eb63-1a8b-471a-85cb-10387f73810f - - - - - -] 10.0.0.3 "GET /" status: 200 len: 136 microversion: 1.0
2026-07-13 13:41:48.428 7 INFO placement.requestlog [None req-335c39cf-3a4e-48ae-96e9-8a5d2bd0468c - - - - - -] 10.0.0.3 "GET /" status: 200 len: 136 microversion: 1.0
2026-07-13 13:41:48.428 8 INFO placement.requestlog [None req-32d481dd-0be8-493e-9d8b-594b95b26030 - - - - - -] 10.0.0.3 "GET /" status: 200 len: 136 microversion: 1.0
2026-07-13 13:41:58.429 8 INFO placement.requestlog [None req-db90405b-bb0e-4e34-b508-a534104e73bb - - - - - -] 10.0.0.3 "GET /" status: 200 len: 136 microversion: 1.0
2026-07-13 13:41:58.429 7 INFO placement.requestlog [None req-d56b06b6-c6dd-4074-9006-ea4efc052021 - - - - - -] 10.0.0.3 "GET /" status: 200 len: 136 microversion: 1.0
2026-07-13 13:42:08.429 8 INFO placement.requestlog [None req-19342ab2-497f-4e33-86eb-bf33835364fc - - - - - -] 10.0.0.3 "GET /" status: 200 len: 136 microversion: 1.0
2026-07-13 13:42:08.429 7 INFO placement.requestlog [None req-bb744e73-b3fc-4339-a7d9-354d7518bed9 - - - - - -] 10.0.0.3 "GET /" status: 200 len: 136 microversion: 1.0
2026-07-13 13:42:12.642 8 INFO placement.requestlog [req-6c489141-1296-4d45-ab65-86b32a9e2e4c req-76594efd-afcc-4bea-97c2-4f8a3e1fe47a 26b3bb6323ed43aa809e4ec14eec816c 6ab2033778f141c5801f7e965b17c263 - - 03b7b8d3bea94f858527279b82cea1ec 03b7b8d3bea94f858527279b82cea1ec] 199.204.45.22 "GET /resource_providers/eb8fe223-bd91-401c-9f37-1e971f6a4ce8/allocations" status: 200 len: 54 microversion: 1.0 [pid: 8|app: 0|req: 300/599] 199.204.45.22 () {32 vars in 856 bytes} [Mon Jul 13 13:42:12 2026] GET /resource_providers/eb8fe223-bd91-401c-9f37-1e971f6a4ce8/allocations => generated 54 bytes in 11 msecs (HTTP/1.1 200) 6 headers in 223 bytes (1 switches on core 0)
2026-07-13 13:42:12.665 7 INFO placement.requestlog [req-6c489141-1296-4d45-ab65-86b32a9e2e4c req-935fd0d0-6424-4175-b98f-1ad46a9e3fa0 26b3bb6323ed43aa809e4ec14eec816c 6ab2033778f141c5801f7e965b17c263 - - 03b7b8d3bea94f858527279b82cea1ec 03b7b8d3bea94f858527279b82cea1ec] 199.204.45.22 "GET /resource_providers/eb8fe223-bd91-401c-9f37-1e971f6a4ce8/allocations" status: 200 len: 54 microversion: 1.0 [pid: 7|app: 0|req: 300/600] 199.204.45.22 () {32 vars in 856 bytes} [Mon Jul 13 13:42:12 2026] GET /resource_providers/eb8fe223-bd91-401c-9f37-1e971f6a4ce8/allocations => generated 54 bytes in 11 msecs (HTTP/1.1 200) 6 headers in 223 bytes (1 switches on core 0)
2026-07-13 13:42:18.429 8 INFO placement.requestlog [None req-5bf15cc2-1c24-49e4-82b8-83136d06725b - - - - - -] 10.0.0.3 "GET /" status: 200 len: 136 microversion: 1.0
2026-07-13 13:42:18.429 7 INFO placement.requestlog [None req-e53a11b0-dad9-4e27-a0d5-6d7388aef9b1 - - - - - -] 10.0.0.3 "GET /" status: 200 len: 136 microversion: 1.0
2026-07-13 13:42:28.429 7 INFO placement.requestlog [None req-d4df7b9a-35fb-4a93-b21c-457f758ed43a - - - - - -] 10.0.0.3 "GET /" status: 200 len: 136 microversion: 1.0
2026-07-13 13:42:28.431 8 INFO placement.requestlog [None req-8274df88-80f4-462f-a34a-6e7a4c49badd - - - - - -] 10.0.0.3 "GET /" status: 200 len: 136 microversion: 1.0
2026-07-13 13:42:38.429 7 INFO placement.requestlog [None req-75fdfd60-630b-4f49-bb4f-aca0db701f0a - - - - - -] 10.0.0.3 "GET /" status: 200 len: 136 microversion: 1.0
2026-07-13 13:42:38.430 8 INFO placement.requestlog [None req-1155da16-710c-4c15-8203-835d7003b8d0 - - - - - -] 10.0.0.3 "GET /" status: 200 len: 136 microversion: 1.0
2026-07-13 13:42:48.429 8 INFO placement.requestlog [None req-7a7849e3-cecc-48e5-a1ed-0a26930f8122 - - - - - -] 10.0.0.3 "GET /" status: 200 len: 136 microversion: 1.0
2026-07-13 13:42:48.429 7 INFO placement.requestlog [None req-615a3a37-22d7-4002-8e68-c9ff4a70dc9b - - - - - -] 10.0.0.3 "GET /" status: 200 len: 136 microversion: 1.0
2026-07-13 13:42:58.429 7 INFO placement.requestlog [None req-d657f16d-c78a-4f29-8adb-3ed71591c9f0 - - - - - -] 10.0.0.3 "GET /" status: 200 len: 136 microversion: 1.0
2026-07-13 13:42:58.430 8 INFO placement.requestlog [None req-7405ed42-020c-418f-a705-7d152ee819ce - - - - - -] 10.0.0.3 "GET /" status: 200 len: 136 microversion: 1.0
2026-07-13 13:43:08.429 7 INFO placement.requestlog [None req-10b5adbc-dcfc-4d63-b3bf-77fde8d6236c - - - - - -] 10.0.0.3 "GET /" status: 200 len: 136 microversion: 1.0
2026-07-13 13:43:08.429 8 INFO placement.requestlog [None req-473fe520-36c0-436b-8dd1-4c89afd9efdb - - - - - -] 10.0.0.3 "GET /" status: 200 len: 136 microversion: 1.0
2026-07-13 13:43:13.643 7 INFO placement.requestlog [req-98842af0-64f2-4c2f-9988-d4931a1882bf req-43125760-5655-4995-b936-bfd652e9bb18 26b3bb6323ed43aa809e4ec14eec816c 6ab2033778f141c5801f7e965b17c263 - - 03b7b8d3bea94f858527279b82cea1ec 03b7b8d3bea94f858527279b82cea1ec] 199.204.45.22 "GET /resource_providers/eb8fe223-bd91-401c-9f37-1e971f6a4ce8/allocations" status: 200 len: 54 microversion: 1.0 [pid: 7|app: 0|req: 307/613] 199.204.45.22 () {32 vars in 856 bytes} [Mon Jul 13 13:43:13 2026] GET /resource_providers/eb8fe223-bd91-401c-9f37-1e971f6a4ce8/allocations => generated 54 bytes in 16 msecs (HTTP/1.1 200) 6 headers in 223 bytes (1 switches on core 0)
2026-07-13 13:43:13.668 8 INFO placement.requestlog [req-98842af0-64f2-4c2f-9988-d4931a1882bf req-57d9305a-7b45-4be9-8ff0-c5d6f3b27042 26b3bb6323ed43aa809e4ec14eec816c 6ab2033778f141c5801f7e965b17c263 - - 03b7b8d3bea94f858527279b82cea1ec 03b7b8d3bea94f858527279b82cea1ec] 199.204.45.22 "GET /resource_providers/eb8fe223-bd91-401c-9f37-1e971f6a4ce8/allocations" status: 200 len: 54 microversion: 1.0 [pid: 8|app: 0|req: 307/614] 199.204.45.22 () {32 vars in 856 bytes} [Mon Jul 13 13:43:13 2026] GET /resource_providers/eb8fe223-bd91-401c-9f37-1e971f6a4ce8/allocations => generated 54 bytes in 15 msecs (HTTP/1.1 200) 6 headers in 223 bytes (1 switches on core 0)
2026-07-13 13:43:18.430 7 INFO placement.requestlog [None req-76234828-7b34-4694-a6d7-c3a89dbb98f3 - - - - - -] 10.0.0.3 "GET /" status: 200 len: 136 microversion: 1.0
2026-07-13 13:43:18.431 8 INFO placement.requestlog [None req-7e7be5dc-728e-4b4c-887a-eb609e54dbe1 - - - - - -] 10.0.0.3 "GET /" status: 200 len: 136 microversion: 1.0
2026-07-13 13:43:28.429 8 INFO placement.requestlog [None req-b34c4b4a-7b5c-4785-8aae-795a0ed58275 - - - - - -] 10.0.0.3 "GET /" status: 200 len: 136 microversion: 1.0
2026-07-13 13:43:28.429 7 INFO placement.requestlog [None req-38f76091-2cf5-4540-a6c8-9311e80d1a31 - - - - - -] 10.0.0.3 "GET /" status: 200 len: 136 microversion: 1.0
2026-07-13 13:43:38.429 8 INFO placement.requestlog [None req-d6969ad9-5307-4580-ab36-58bc71f5ffc7 - - - - - -] 10.0.0.3 "GET /" status: 200 len: 136 microversion: 1.0
2026-07-13 13:43:38.432 7 INFO placement.requestlog [None req-2b7d026d-f318-4326-b0da-df247453a38c - - - - - -] 10.0.0.3 "GET /" status: 200 len: 136 microversion: 1.0
2026-07-13 13:43:42.409 8 INFO placement.requestlog [req-804b3d7a-c356-4900-8f41-94693e779724 req-03024c6f-dd9c-4cc6-bbd6-b828d31d86fe 26b3bb6323ed43aa809e4ec14eec816c 6ab2033778f141c5801f7e965b17c263 - - 03b7b8d3bea94f858527279b82cea1ec 03b7b8d3bea94f858527279b82cea1ec] 10.0.0.237 "GET /allocation_candidates?limit=1000&resources=DISK_GB%3A1%2CMEMORY_MB%3A512%2CVCPU%3A1&root_required=%21COMPUTE_STATUS_DISABLED" status: 200 len: 2781 microversion: 1.36 [pid: 8|app: 0|req: 311/621] 10.0.0.237 () {34 vars in 1012 bytes} [Mon Jul 13 13:43:42 2026] GET /allocation_candidates?limit=1000&resources=DISK_GB%3A1%2CMEMORY_MB%3A512%2CVCPU%3A1&root_required=%21COMPUTE_STATUS_DISABLED => generated 2781 bytes in 186 msecs (HTTP/1.1 200) 8 headers in 297 bytes (1 switches on core 0)
2026-07-13 13:43:42.460 7 INFO placement.requestlog [req-804b3d7a-c356-4900-8f41-94693e779724 req-cf3b39fc-4389-43bb-baac-8dd92baa526f 26b3bb6323ed43aa809e4ec14eec816c 6ab2033778f141c5801f7e965b17c263 - - 03b7b8d3bea94f858527279b82cea1ec 03b7b8d3bea94f858527279b82cea1ec] 10.0.0.237 "GET /allocations/085ababb-89e1-4599-86c3-bdec92560ed3" status: 200 len: 19 microversion: 1.28 [pid: 7|app: 0|req: 311/622] 10.0.0.237 () {34 vars in 861 bytes} [Mon Jul 13 13:43:42 2026] GET /allocations/085ababb-89e1-4599-86c3-bdec92560ed3 => generated 19 bytes in 8 msecs (HTTP/1.1 200) 8 headers in 295 bytes (1 switches on core 0)
2026-07-13 13:43:42.549 8 INFO placement.requestlog [req-804b3d7a-c356-4900-8f41-94693e779724 req-93abaeaf-39de-4e86-bb4e-5b14abdec373 26b3bb6323ed43aa809e4ec14eec816c 6ab2033778f141c5801f7e965b17c263 - - 03b7b8d3bea94f858527279b82cea1ec 03b7b8d3bea94f858527279b82cea1ec] 10.0.0.237 "PUT /allocations/085ababb-89e1-4599-86c3-bdec92560ed3" status: 204 len: 0 microversion: 1.36 [pid: 8|app: 0|req: 312/623] 10.0.0.237 () {38 vars in 914 bytes} [Mon Jul 13 13:43:42 2026] PUT /allocations/085ababb-89e1-4599-86c3-bdec92560ed3 => generated 0 bytes in 81 msecs (HTTP/1.1 204) 5 headers in 199 bytes (1 switches on core 0)
2026-07-13 13:43:43.168 7 INFO placement.requestlog [req-8e77aa29-9b43-4fb3-8079-0990e035b11a req-a0ea07c6-62b2-4372-84fc-ad8302a5a822 26b3bb6323ed43aa809e4ec14eec816c 6ab2033778f141c5801f7e965b17c263 - - 03b7b8d3bea94f858527279b82cea1ec 03b7b8d3bea94f858527279b82cea1ec] 10.0.0.237 "GET /allocation_candidates?limit=1000&resources=DISK_GB%3A1%2CMEMORY_MB%3A512%2CVCPU%3A1&root_required=%21COMPUTE_STATUS_DISABLED" status: 200 len: 2783 microversion: 1.36 [pid: 7|app: 0|req: 312/624] 10.0.0.237 () {34 vars in 1012 bytes} [Mon Jul 13 13:43:43 2026] GET /allocation_candidates?limit=1000&resources=DISK_GB%3A1%2CMEMORY_MB%3A512%2CVCPU%3A1&root_required=%21COMPUTE_STATUS_DISABLED => generated 2783 bytes in 52 msecs (HTTP/1.1 200) 8 headers in 297 bytes (1 switches on core 0)
2026-07-13 13:43:43.206 8 INFO placement.requestlog [req-8e77aa29-9b43-4fb3-8079-0990e035b11a req-b6a8183a-517b-4966-9f36-3a6f16401f70 26b3bb6323ed43aa809e4ec14eec816c 6ab2033778f141c5801f7e965b17c263 - - 03b7b8d3bea94f858527279b82cea1ec 03b7b8d3bea94f858527279b82cea1ec] 10.0.0.237 "GET /allocations/b67bc35a-98c0-4d58-bbfd-731367fe77ba" status: 200 len: 19 microversion: 1.28 [pid: 8|app: 0|req: 313/625] 10.0.0.237 () {34 vars in 861 bytes} [Mon Jul 13 13:43:43 2026] GET /allocations/b67bc35a-98c0-4d58-bbfd-731367fe77ba => generated 19 bytes in 11 msecs (HTTP/1.1 200) 8 headers in 295 bytes (1 switches on core 0)
2026-07-13 13:43:43.292 7 INFO placement.requestlog [req-8e77aa29-9b43-4fb3-8079-0990e035b11a req-6650d35a-208f-4971-87ec-a3d4512017be 26b3bb6323ed43aa809e4ec14eec816c 6ab2033778f141c5801f7e965b17c263 - - 03b7b8d3bea94f858527279b82cea1ec 03b7b8d3bea94f858527279b82cea1ec] 10.0.0.237 "PUT /allocations/b67bc35a-98c0-4d58-bbfd-731367fe77ba" status: 204 len: 0 microversion: 1.36 [pid: 7|app: 0|req: 313/626] 10.0.0.237 () {38 vars in 914 bytes} [Mon Jul 13 13:43:43 2026] PUT /allocations/b67bc35a-98c0-4d58-bbfd-731367fe77ba => generated 0 bytes in 82 msecs (HTTP/1.1 204) 5 headers in 199 bytes (1 switches on core 0)
2026-07-13 13:43:44.173 8 INFO placement.requestlog [req-804b3d7a-c356-4900-8f41-94693e779724 req-42d2ca73-ea53-4ad3-8223-66f557793c99 26b3bb6323ed43aa809e4ec14eec816c 6ab2033778f141c5801f7e965b17c263 - - 03b7b8d3bea94f858527279b82cea1ec 03b7b8d3bea94f858527279b82cea1ec] 199.204.45.22 "GET /allocations/085ababb-89e1-4599-86c3-bdec92560ed3" status: 200 len: 257 microversion: 1.28 [pid: 8|app: 0|req: 314/627] 199.204.45.22 () {34 vars in 862 bytes} [Mon Jul 13 13:43:44 2026] GET /allocations/085ababb-89e1-4599-86c3-bdec92560ed3 => generated 257 bytes in 19 msecs (HTTP/1.1 200) 8 headers in 296 bytes (1 switches on core 0)
2026-07-13 13:43:45.021 7 INFO placement.requestlog [req-8e77aa29-9b43-4fb3-8079-0990e035b11a req-6afc9b7e-3c9a-45ab-bef6-4965b680cbff 26b3bb6323ed43aa809e4ec14eec816c 6ab2033778f141c5801f7e965b17c263 - - 03b7b8d3bea94f858527279b82cea1ec 03b7b8d3bea94f858527279b82cea1ec] 199.204.45.22 "GET /allocations/b67bc35a-98c0-4d58-bbfd-731367fe77ba" status: 200 len: 257 microversion: 1.28 [pid: 7|app: 0|req: 314/628] 199.204.45.22 () {34 vars in 862 bytes} [Mon Jul 13 13:43:45 2026] GET /allocations/b67bc35a-98c0-4d58-bbfd-731367fe77ba => generated 257 bytes in 16 msecs (HTTP/1.1 200) 8 headers in 296 bytes (1 switches on core 0)
2026-07-13 13:43:45.213 8 INFO placement.requestlog [req-804b3d7a-c356-4900-8f41-94693e779724 req-e5d5d16a-5a0f-4392-b923-39af08f31308 26b3bb6323ed43aa809e4ec14eec816c 6ab2033778f141c5801f7e965b17c263 - - 03b7b8d3bea94f858527279b82cea1ec 03b7b8d3bea94f858527279b82cea1ec] 199.204.45.22 "GET /resource_providers/eb8fe223-bd91-401c-9f37-1e971f6a4ce8/allocations" status: 200 len: 252 microversion: 1.0 [pid: 8|app: 0|req: 315/629] 199.204.45.22 () {32 vars in 856 bytes} [Mon Jul 13 13:43:45 2026] GET /resource_providers/eb8fe223-bd91-401c-9f37-1e971f6a4ce8/allocations => generated 252 bytes in 17 msecs (HTTP/1.1 200) 6 headers in 224 bytes (1 switches on core 0)
2026-07-13 13:43:45.234 7 INFO placement.requestlog [req-804b3d7a-c356-4900-8f41-94693e779724 req-0fd33c2c-afea-4f17-9bac-36b53885e75a 26b3bb6323ed43aa809e4ec14eec816c 6ab2033778f141c5801f7e965b17c263 - - 03b7b8d3bea94f858527279b82cea1ec 03b7b8d3bea94f858527279b82cea1ec] 199.204.45.22 "GET /allocations/085ababb-89e1-4599-86c3-bdec92560ed3" status: 200 len: 257 microversion: 1.28 [pid: 7|app: 0|req: 315/630] 199.204.45.22 () {34 vars in 862 bytes} [Mon Jul 13 13:43:45 2026] GET /allocations/085ababb-89e1-4599-86c3-bdec92560ed3 => generated 257 bytes in 13 msecs (HTTP/1.1 200) 8 headers in 296 bytes (1 switches on core 0)
2026-07-13 13:43:45.256 8 INFO placement.requestlog [req-804b3d7a-c356-4900-8f41-94693e779724 req-f026e9fe-b580-48bc-9121-0cba40205d0e 26b3bb6323ed43aa809e4ec14eec816c 6ab2033778f141c5801f7e965b17c263 - - 03b7b8d3bea94f858527279b82cea1ec 03b7b8d3bea94f858527279b82cea1ec] 199.204.45.22 "GET /allocations/b67bc35a-98c0-4d58-bbfd-731367fe77ba" status: 200 len: 257 microversion: 1.28 [pid: 8|app: 0|req: 316/631] 199.204.45.22 () {34 vars in 862 bytes} [Mon Jul 13 13:43:45 2026] GET /allocations/b67bc35a-98c0-4d58-bbfd-731367fe77ba => generated 257 bytes in 13 msecs (HTTP/1.1 200) 8 headers in 296 bytes (1 switches on core 0)
2026-07-13 13:43:46.940 7 INFO placement.requestlog [None req-d0227d44-d086-4db5-b51b-f3cf675da6c2 dc5edcbd6916466d95b3b086153f98a3 6ab2033778f141c5801f7e965b17c263 - - 03b7b8d3bea94f858527279b82cea1ec 03b7b8d3bea94f858527279b82cea1ec] 10.0.0.124 "GET /resource_providers/adaf07bb-b896-4510-b0d6-908b80c8d161/aggregates" status: 404 len: 235 microversion: 1.1 [pid: 7|app: 0|req: 316/632] 10.0.0.124 () {32 vars in 816 bytes} [Mon Jul 13 13:43:46 2026] GET /resource_providers/adaf07bb-b896-4510-b0d6-908b80c8d161/aggregates => generated 235 bytes in 148 msecs (HTTP/1.1 404) 5 headers in 202 bytes (1 switches on core 0)
2026-07-13 13:43:46.958 7 INFO placement.requestlog [None req-bb59246e-46ca-410b-a73a-a9939068b5ea dc5edcbd6916466d95b3b086153f98a3 6ab2033778f141c5801f7e965b17c263 - - 03b7b8d3bea94f858527279b82cea1ec 03b7b8d3bea94f858527279b82cea1ec] 10.0.0.124 "DELETE /resource_providers/adaf07bb-b896-4510-b0d6-908b80c8d161" status: 404 len: 246 microversion: 1.1 [pid: 7|app: 0|req: 317/633] 10.0.0.124 () {34 vars in 816 bytes} [Mon Jul 13 13:43:46 2026] DELETE /resource_providers/adaf07bb-b896-4510-b0d6-908b80c8d161 => generated 246 bytes in 9 msecs (HTTP/1.1 404) 6 headers in 231 bytes (1 switches on core 0)
2026-07-13 13:43:46.995 8 INFO placement.requestlog [None req-f342a13e-beee-4068-9449-8739e4970479 dc5edcbd6916466d95b3b086153f98a3 6ab2033778f141c5801f7e965b17c263 - - 03b7b8d3bea94f858527279b82cea1ec 03b7b8d3bea94f858527279b82cea1ec] 10.0.0.124 "GET /resource_providers/adaf07bb-b896-4510-b0d6-908b80c8d161/aggregates" status: 404 len: 235 microversion: 1.1 [pid: 8|app: 0|req: 317/634] 10.0.0.124 () {32 vars in 816 bytes} [Mon Jul 13 13:43:46 2026] GET /resource_providers/adaf07bb-b896-4510-b0d6-908b80c8d161/aggregates => generated 235 bytes in 152 msecs (HTTP/1.1 404) 5 headers in 202 bytes (1 switches on core 0)
2026-07-13 13:43:47.015 7 INFO placement.requestlog [None req-a9c0dfd7-f6e3-4254-b298-70d535b029fa dc5edcbd6916466d95b3b086153f98a3 6ab2033778f141c5801f7e965b17c263 - - 03b7b8d3bea94f858527279b82cea1ec 03b7b8d3bea94f858527279b82cea1ec] 10.0.0.124 "DELETE /resource_providers/adaf07bb-b896-4510-b0d6-908b80c8d161" status: 404 len: 246 microversion: 1.1 [pid: 7|app: 0|req: 318/635] 10.0.0.124 () {34 vars in 816 bytes} [Mon Jul 13 13:43:47 2026] DELETE /resource_providers/adaf07bb-b896-4510-b0d6-908b80c8d161 => generated 246 bytes in 12 msecs (HTTP/1.1 404) 6 headers in 231 bytes (1 switches on core 0)
2026-07-13 13:43:47.338 8 INFO placement.requestlog [req-8e77aa29-9b43-4fb3-8079-0990e035b11a req-cf1ce591-64f0-4d75-b57a-7bc60c6f391c 26b3bb6323ed43aa809e4ec14eec816c 6ab2033778f141c5801f7e965b17c263 - - 03b7b8d3bea94f858527279b82cea1ec 03b7b8d3bea94f858527279b82cea1ec] 199.204.45.22 "GET /resource_providers/eb8fe223-bd91-401c-9f37-1e971f6a4ce8/allocations" status: 200 len: 252 microversion: 1.0 [pid: 8|app: 0|req: 318/636] 199.204.45.22 () {32 vars in 856 bytes} [Mon Jul 13 13:43:47 2026] GET /resource_providers/eb8fe223-bd91-401c-9f37-1e971f6a4ce8/allocations => generated 252 bytes in 17 msecs (HTTP/1.1 200) 6 headers in 224 bytes (1 switches on core 0)
2026-07-13 13:43:47.358 7 INFO placement.requestlog [req-8e77aa29-9b43-4fb3-8079-0990e035b11a req-288eb15c-b055-45eb-9634-e09b02d5c401 26b3bb6323ed43aa809e4ec14eec816c 6ab2033778f141c5801f7e965b17c263 - - 03b7b8d3bea94f858527279b82cea1ec 03b7b8d3bea94f858527279b82cea1ec] 199.204.45.22 "GET /allocations/085ababb-89e1-4599-86c3-bdec92560ed3" status: 200 len: 257 microversion: 1.28 [pid: 7|app: 0|req: 319/637] 199.204.45.22 () {34 vars in 862 bytes} [Mon Jul 13 13:43:47 2026] GET /allocations/085ababb-89e1-4599-86c3-bdec92560ed3 => generated 257 bytes in 10 msecs (HTTP/1.1 200) 8 headers in 296 bytes (1 switches on core 0)
2026-07-13 13:43:47.380 8 INFO placement.requestlog [req-8e77aa29-9b43-4fb3-8079-0990e035b11a req-67ac0e43-edea-42fe-84d3-cb20a7faadea 26b3bb6323ed43aa809e4ec14eec816c 6ab2033778f141c5801f7e965b17c263 - - 03b7b8d3bea94f858527279b82cea1ec 03b7b8d3bea94f858527279b82cea1ec] 199.204.45.22 "GET /allocations/b67bc35a-98c0-4d58-bbfd-731367fe77ba" status: 200 len: 257 microversion: 1.28 [pid: 8|app: 0|req: 319/638] 199.204.45.22 () {34 vars in 862 bytes} [Mon Jul 13 13:43:47 2026] GET /allocations/b67bc35a-98c0-4d58-bbfd-731367fe77ba => generated 257 bytes in 16 msecs (HTTP/1.1 200) 8 headers in 296 bytes (1 switches on core 0)
2026-07-13 13:43:48.428 7 INFO placement.requestlog [None req-7b15f7e0-7686-4d6c-8634-e42315084a3e - - - - - -] 10.0.0.3 "GET /" status: 200 len: 136 microversion: 1.0
2026-07-13 13:43:48.428 8 INFO placement.requestlog [None req-8c3f6c86-7267-4070-ab8d-78f4fe2f6ced - - - - - -] 10.0.0.3 "GET /" status: 200 len: 136 microversion: 1.0
2026-07-13 13:43:48.767 7 INFO placement.requestlog [None req-8712c16e-78a4-4935-926f-a273d834aec9 dc5edcbd6916466d95b3b086153f98a3 6ab2033778f141c5801f7e965b17c263 - - 03b7b8d3bea94f858527279b82cea1ec 03b7b8d3bea94f858527279b82cea1ec] 10.0.0.124 "GET /resource_providers/62b4da91-0ef8-4797-800b-18c00b5b4323/aggregates" status: 404 len: 235 microversion: 1.1 [pid: 7|app: 0|req: 321/641] 10.0.0.124 () {32 vars in 816 bytes} [Mon Jul 13 13:43:48 2026] GET /resource_providers/62b4da91-0ef8-4797-800b-18c00b5b4323/aggregates => generated 235 bytes in 100 msecs (HTTP/1.1 404) 5 headers in 202 bytes (1 switches on core 0)
2026-07-13 13:43:48.782 7 INFO placement.requestlog [None req-55c2ae87-cd3e-403f-a886-7cedabc09807 dc5edcbd6916466d95b3b086153f98a3 6ab2033778f141c5801f7e965b17c263 - - 03b7b8d3bea94f858527279b82cea1ec 03b7b8d3bea94f858527279b82cea1ec] 10.0.0.124 "DELETE /resource_providers/62b4da91-0ef8-4797-800b-18c00b5b4323" status: 404 len: 246 microversion: 1.1 [pid: 7|app: 0|req: 322/642] 10.0.0.124 () {34 vars in 816 bytes} [Mon Jul 13 13:43:48 2026] DELETE /resource_providers/62b4da91-0ef8-4797-800b-18c00b5b4323 => generated 246 bytes in 9 msecs (HTTP/1.1 404) 6 headers in 231 bytes (1 switches on core 0)
2026-07-13 13:43:48.792 8 INFO placement.requestlog [None req-0d0357a8-0118-4db5-8df1-895b81099463 dc5edcbd6916466d95b3b086153f98a3 6ab2033778f141c5801f7e965b17c263 - - 03b7b8d3bea94f858527279b82cea1ec 03b7b8d3bea94f858527279b82cea1ec] 10.0.0.124 "GET /resource_providers/62b4da91-0ef8-4797-800b-18c00b5b4323/aggregates" status: 404 len: 235 microversion: 1.1 [pid: 8|app: 0|req: 321/643] 10.0.0.124 () {32 vars in 816 bytes} [Mon Jul 13 13:43:48 2026] GET /resource_providers/62b4da91-0ef8-4797-800b-18c00b5b4323/aggregates => generated 235 bytes in 102 msecs (HTTP/1.1 404) 5 headers in 202 bytes (1 switches on core 0)
2026-07-13 13:43:48.812 7 INFO placement.requestlog [None req-24dfad7d-3f30-437e-8440-3df87f178950 dc5edcbd6916466d95b3b086153f98a3 6ab2033778f141c5801f7e965b17c263 - - 03b7b8d3bea94f858527279b82cea1ec 03b7b8d3bea94f858527279b82cea1ec] 10.0.0.124 "DELETE /resource_providers/62b4da91-0ef8-4797-800b-18c00b5b4323" status: 404 len: 246 microversion: 1.1 [pid: 7|app: 0|req: 323/644] 10.0.0.124 () {34 vars in 816 bytes} [Mon Jul 13 13:43:48 2026] DELETE /resource_providers/62b4da91-0ef8-4797-800b-18c00b5b4323 => generated 246 bytes in 11 msecs (HTTP/1.1 404) 6 headers in 231 bytes (1 switches on core 0)
2026-07-13 13:43:55.489 8 INFO placement.requestlog [req-8e77aa29-9b43-4fb3-8079-0990e035b11a req-1e65d445-6b0c-4f65-a37a-bf3601ca0392 26b3bb6323ed43aa809e4ec14eec816c 6ab2033778f141c5801f7e965b17c263 - - 03b7b8d3bea94f858527279b82cea1ec 03b7b8d3bea94f858527279b82cea1ec] 199.204.45.22 "GET /resource_providers/eb8fe223-bd91-401c-9f37-1e971f6a4ce8/allocations" status: 200 len: 252 microversion: 1.0 [pid: 8|app: 0|req: 322/645] 199.204.45.22 () {32 vars in 856 bytes} [Mon Jul 13 13:43:55 2026] GET /resource_providers/eb8fe223-bd91-401c-9f37-1e971f6a4ce8/allocations => generated 252 bytes in 25 msecs (HTTP/1.1 200) 6 headers in 224 bytes (1 switches on core 0)
2026-07-13 13:43:55.514 7 INFO placement.requestlog [req-8e77aa29-9b43-4fb3-8079-0990e035b11a req-9a0d8f95-7438-4d58-a2c8-28f755e5e41c 26b3bb6323ed43aa809e4ec14eec816c 6ab2033778f141c5801f7e965b17c263 - - 03b7b8d3bea94f858527279b82cea1ec 03b7b8d3bea94f858527279b82cea1ec] 199.204.45.22 "GET /allocations/085ababb-89e1-4599-86c3-bdec92560ed3" status: 200 len: 257 microversion: 1.28 [pid: 7|app: 0|req: 324/646] 199.204.45.22 () {34 vars in 862 bytes} [Mon Jul 13 13:43:55 2026] GET /allocations/085ababb-89e1-4599-86c3-bdec92560ed3 => generated 257 bytes in 15 msecs (HTTP/1.1 200) 8 headers in 296 bytes (1 switches on core 0)
2026-07-13 13:43:55.539 8 INFO placement.requestlog [req-8e77aa29-9b43-4fb3-8079-0990e035b11a req-0caa0f72-fdcb-4895-af4a-1ec90845faab 26b3bb6323ed43aa809e4ec14eec816c 6ab2033778f141c5801f7e965b17c263 - - 03b7b8d3bea94f858527279b82cea1ec 03b7b8d3bea94f858527279b82cea1ec] 199.204.45.22 "GET /allocations/b67bc35a-98c0-4d58-bbfd-731367fe77ba" status: 200 len: 257 microversion: 1.28 [pid: 8|app: 0|req: 323/647] 199.204.45.22 () {34 vars in 862 bytes} [Mon Jul 13 13:43:55 2026] GET /allocations/b67bc35a-98c0-4d58-bbfd-731367fe77ba => generated 257 bytes in 17 msecs (HTTP/1.1 200) 8 headers in 296 bytes (1 switches on core 0)
2026-07-13 13:43:57.087 7 INFO placement.requestlog [req-804b3d7a-c356-4900-8f41-94693e779724 req-20c419db-7e9a-4979-8416-63cde04c7191 26b3bb6323ed43aa809e4ec14eec816c 6ab2033778f141c5801f7e965b17c263 - - 03b7b8d3bea94f858527279b82cea1ec 03b7b8d3bea94f858527279b82cea1ec] 199.204.45.22 "GET /resource_providers/eb8fe223-bd91-401c-9f37-1e971f6a4ce8/allocations" status: 200 len: 252 microversion: 1.0 [pid: 7|app: 0|req: 325/648] 199.204.45.22 () {32 vars in 856 bytes} [Mon Jul 13 13:43:57 2026] GET /resource_providers/eb8fe223-bd91-401c-9f37-1e971f6a4ce8/allocations => generated 252 bytes in 15 msecs (HTTP/1.1 200) 6 headers in 224 bytes (1 switches on core 0)
2026-07-13 13:43:57.107 8 INFO placement.requestlog [req-804b3d7a-c356-4900-8f41-94693e779724 req-f3226033-1f92-4da8-a1ee-8f40d3e39d15 26b3bb6323ed43aa809e4ec14eec816c 6ab2033778f141c5801f7e965b17c263 - - 03b7b8d3bea94f858527279b82cea1ec 03b7b8d3bea94f858527279b82cea1ec] 199.204.45.22 "GET /allocations/085ababb-89e1-4599-86c3-bdec92560ed3" status: 200 len: 257 microversion: 1.28 [pid: 8|app: 0|req: 324/649] 199.204.45.22 () {34 vars in 862 bytes} [Mon Jul 13 13:43:57 2026] GET /allocations/085ababb-89e1-4599-86c3-bdec92560ed3 => generated 257 bytes in 14 msecs (HTTP/1.1 200) 8 headers in 296 bytes (1 switches on core 0)
2026-07-13 13:43:57.125 7 INFO placement.requestlog [req-804b3d7a-c356-4900-8f41-94693e779724 req-1e3f3731-6953-450b-8cc8-e969ad632458 26b3bb6323ed43aa809e4ec14eec816c 6ab2033778f141c5801f7e965b17c263 - - 03b7b8d3bea94f858527279b82cea1ec 03b7b8d3bea94f858527279b82cea1ec] 199.204.45.22 "GET /allocations/b67bc35a-98c0-4d58-bbfd-731367fe77ba" status: 200 len: 257 microversion: 1.28 [pid: 7|app: 0|req: 326/650] 199.204.45.22 () {34 vars in 862 bytes} [Mon Jul 13 13:43:57 2026] GET /allocations/b67bc35a-98c0-4d58-bbfd-731367fe77ba => generated 257 bytes in 11 msecs (HTTP/1.1 200) 8 headers in 296 bytes (1 switches on core 0)
2026-07-13 13:43:58.430 8 INFO placement.requestlog [None req-8f42f76f-1680-4fe5-a99b-f98c9692c05a - - - - - -] 10.0.0.3 "GET /" status: 200 len: 136 microversion: 1.0
2026-07-13 13:43:58.430 7 INFO placement.requestlog [None req-ed52c55d-b572-47e6-9fff-5e1c3bf6a8e9 - - - - - -] 10.0.0.3 "GET /" status: 200 len: 136 microversion: 1.0
2026-07-13 13:43:59.206 7 INFO placement.requestlog [req-8e77aa29-9b43-4fb3-8079-0990e035b11a req-9df59a39-3409-4349-bd26-143f4a7439a6 26b3bb6323ed43aa809e4ec14eec816c 6ab2033778f141c5801f7e965b17c263 - - 03b7b8d3bea94f858527279b82cea1ec 03b7b8d3bea94f858527279b82cea1ec] 199.204.45.22 "DELETE /allocations/b67bc35a-98c0-4d58-bbfd-731367fe77ba" status: 204 len: 0 microversion: 1.0 [pid: 7|app: 0|req: 328/653] 199.204.45.22 () {34 vars in 840 bytes} [Mon Jul 13 13:43:59 2026] DELETE /allocations/b67bc35a-98c0-4d58-bbfd-731367fe77ba => generated 0 bytes in 74 msecs (HTTP/1.1 204) 5 headers in 198 bytes (1 switches on core 0)
2026-07-13 13:43:59.410 8 INFO placement.requestlog [req-05a6806f-b08d-4f4f-b341-c09cedbe0939 req-f573e07b-b271-4c88-b0c1-4db19b90a248 26b3bb6323ed43aa809e4ec14eec816c 6ab2033778f141c5801f7e965b17c263 - - 03b7b8d3bea94f858527279b82cea1ec 03b7b8d3bea94f858527279b82cea1ec] 10.0.0.237 "GET /allocation_candidates?limit=1000&resources=DISK_GB%3A1%2CMEMORY_MB%3A512%2CVCPU%3A1&root_required=%21COMPUTE_STATUS_DISABLED" status: 200 len: 2783 microversion: 1.36 [pid: 8|app: 0|req: 326/654] 10.0.0.237 () {34 vars in 1012 bytes} [Mon Jul 13 13:43:59 2026] GET /allocation_candidates?limit=1000&resources=DISK_GB%3A1%2CMEMORY_MB%3A512%2CVCPU%3A1&root_required=%21COMPUTE_STATUS_DISABLED => generated 2783 bytes in 54 msecs (HTTP/1.1 200) 8 headers in 297 bytes (1 switches on core 0)
2026-07-13 13:43:59.454 7 INFO placement.requestlog [req-05a6806f-b08d-4f4f-b341-c09cedbe0939 req-2c87d7e8-5d34-4643-b324-dbe0bf7f783b 26b3bb6323ed43aa809e4ec14eec816c 6ab2033778f141c5801f7e965b17c263 - - 03b7b8d3bea94f858527279b82cea1ec 03b7b8d3bea94f858527279b82cea1ec] 10.0.0.237 "GET /allocations/ab5130b1-1cee-40a8-a3a2-b30677698dac" status: 200 len: 19 microversion: 1.28 [pid: 7|app: 0|req: 329/655] 10.0.0.237 () {34 vars in 861 bytes} [Mon Jul 13 13:43:59 2026] GET /allocations/ab5130b1-1cee-40a8-a3a2-b30677698dac => generated 19 bytes in 15 msecs (HTTP/1.1 200) 8 headers in 295 bytes (1 switches on core 0)
2026-07-13 13:43:59.572 8 INFO placement.requestlog [req-05a6806f-b08d-4f4f-b341-c09cedbe0939 req-37cb37ff-5cd7-4730-9831-0fa51f0abaf9 26b3bb6323ed43aa809e4ec14eec816c 6ab2033778f141c5801f7e965b17c263 - - 03b7b8d3bea94f858527279b82cea1ec 03b7b8d3bea94f858527279b82cea1ec] 10.0.0.237 "PUT /allocations/ab5130b1-1cee-40a8-a3a2-b30677698dac" status: 204 len: 0 microversion: 1.36 [pid: 8|app: 0|req: 327/656] 10.0.0.237 () {38 vars in 914 bytes} [Mon Jul 13 13:43:59 2026] PUT /allocations/ab5130b1-1cee-40a8-a3a2-b30677698dac => generated 0 bytes in 109 msecs (HTTP/1.1 204) 5 headers in 199 bytes (1 switches on core 0)
2026-07-13 13:44:00.149 7 INFO placement.requestlog [None req-7f05d2ca-16d4-4b5e-b763-e0bdbb3ab8be - - - - - -] 10.0.0.32 "GET /" status: 200 len: 136 microversion: 1.0 [pid: 7|app: 0|req: 330/657] 10.0.0.32 () {28 vars in 436 bytes} [Mon Jul 13 13:44:00 2026] GET / => generated 136 bytes in 1 msecs (HTTP/1.1 200) 6 headers in 224 bytes (1 switches on core 0)
2026-07-13 13:44:00.241 8 INFO placement.requestlog [req-31399f82-6b44-4285-9a82-e2bba5fa4c43 req-6a3c5c69-2ae0-4fa6-8f3d-503e7011c43e 26b3bb6323ed43aa809e4ec14eec816c 6ab2033778f141c5801f7e965b17c263 - - 03b7b8d3bea94f858527279b82cea1ec 03b7b8d3bea94f858527279b82cea1ec] 10.0.0.32 "DELETE /allocations/b67bc35a-98c0-4d58-bbfd-731367fe77ba" status: 404 len: 228 microversion: 1.0 [pid: 8|app: 0|req: 328/658] 10.0.0.32 () {34 vars in 829 bytes} [Mon Jul 13 13:44:00 2026] DELETE /allocations/b67bc35a-98c0-4d58-bbfd-731367fe77ba => generated 228 bytes in 67 msecs (HTTP/1.1 404) 6 headers in 231 bytes (1 switches on core 0)
2026-07-13 13:44:00.712 7 INFO placement.requestlog [req-804b3d7a-c356-4900-8f41-94693e779724 req-b5691c8b-b601-4dbf-af0b-29f9719f0a38 26b3bb6323ed43aa809e4ec14eec816c 6ab2033778f141c5801f7e965b17c263 - - 03b7b8d3bea94f858527279b82cea1ec 03b7b8d3bea94f858527279b82cea1ec] 199.204.45.22 "DELETE /allocations/085ababb-89e1-4599-86c3-bdec92560ed3" status: 204 len: 0 microversion: 1.0 [pid: 7|app: 0|req: 331/659] 199.204.45.22 () {34 vars in 840 bytes} [Mon Jul 13 13:44:00 2026] DELETE /allocations/085ababb-89e1-4599-86c3-bdec92560ed3 => generated 0 bytes in 33 msecs (HTTP/1.1 204) 5 headers in 198 bytes (1 switches on core 0)
2026-07-13 13:44:01.056 8 INFO placement.requestlog [req-05a6806f-b08d-4f4f-b341-c09cedbe0939 req-82864ad9-c708-4954-8486-07a0b3fefff0 26b3bb6323ed43aa809e4ec14eec816c 6ab2033778f141c5801f7e965b17c263 - - 03b7b8d3bea94f858527279b82cea1ec 03b7b8d3bea94f858527279b82cea1ec] 199.204.45.22 "GET /allocations/ab5130b1-1cee-40a8-a3a2-b30677698dac" status: 200 len: 257 microversion: 1.28 [pid: 8|app: 0|req: 329/660] 199.204.45.22 () {34 vars in 862 bytes} [Mon Jul 13 13:44:01 2026] GET /allocations/ab5130b1-1cee-40a8-a3a2-b30677698dac => generated 257 bytes in 17 msecs (HTTP/1.1 200) 8 headers in 296 bytes (1 switches on core 0)
2026-07-13 13:44:01.487 7 INFO placement.requestlog [None req-ea817346-3161-4cd3-8f3a-21af37e31905 - - - - - -] 10.0.0.32 "GET /" status: 200 len: 136 microversion: 1.0 [pid: 7|app: 0|req: 332/661] 10.0.0.32 () {28 vars in 436 bytes} [Mon Jul 13 13:44:01 2026] GET / => generated 136 bytes in 2 msecs (HTTP/1.1 200) 6 headers in 224 bytes (1 switches on core 0)
2026-07-13 13:44:01.567 8 INFO placement.requestlog [req-e1ec6768-a5aa-4ebc-850f-c55a400b59e7 req-8aa76e23-ac5a-407d-99f4-5d3e5ebd8b5f 26b3bb6323ed43aa809e4ec14eec816c 6ab2033778f141c5801f7e965b17c263 - - 03b7b8d3bea94f858527279b82cea1ec 03b7b8d3bea94f858527279b82cea1ec] 10.0.0.32 "DELETE /allocations/085ababb-89e1-4599-86c3-bdec92560ed3" status: 404 len: 228 microversion: 1.0 [pid: 8|app: 0|req: 330/662] 10.0.0.32 () {34 vars in 829 bytes} [Mon Jul 13 13:44:01 2026] DELETE /allocations/085ababb-89e1-4599-86c3-bdec92560ed3 => generated 228 bytes in 70 msecs (HTTP/1.1 404) 6 headers in 231 bytes (1 switches on core 0)
2026-07-13 13:44:02.104 7 INFO placement.requestlog [req-05a6806f-b08d-4f4f-b341-c09cedbe0939 req-5be7c199-d22b-4d33-ad53-875e9f6331c3 26b3bb6323ed43aa809e4ec14eec816c 6ab2033778f141c5801f7e965b17c263 - - 03b7b8d3bea94f858527279b82cea1ec 03b7b8d3bea94f858527279b82cea1ec] 199.204.45.22 "GET /resource_providers/eb8fe223-bd91-401c-9f37-1e971f6a4ce8/allocations" status: 200 len: 152 microversion: 1.0 [pid: 7|app: 0|req: 333/663] 199.204.45.22 () {32 vars in 856 bytes} [Mon Jul 13 13:44:02 2026] GET /resource_providers/eb8fe223-bd91-401c-9f37-1e971f6a4ce8/allocations => generated 152 bytes in 22 msecs (HTTP/1.1 200) 6 headers in 224 bytes (1 switches on core 0)
2026-07-13 13:44:02.125 8 INFO placement.requestlog [req-05a6806f-b08d-4f4f-b341-c09cedbe0939 req-47bfd5e1-a50d-4c48-a4f0-b79c547c7065 26b3bb6323ed43aa809e4ec14eec816c 6ab2033778f141c5801f7e965b17c263 - - 03b7b8d3bea94f858527279b82cea1ec 03b7b8d3bea94f858527279b82cea1ec] 199.204.45.22 "GET /allocations/ab5130b1-1cee-40a8-a3a2-b30677698dac" status: 200 len: 257 microversion: 1.28 [pid: 8|app: 0|req: 331/664] 199.204.45.22 () {34 vars in 862 bytes} [Mon Jul 13 13:44:02 2026] GET /allocations/ab5130b1-1cee-40a8-a3a2-b30677698dac => generated 257 bytes in 14 msecs (HTTP/1.1 200) 8 headers in 296 bytes (1 switches on core 0)
2026-07-13 13:44:03.618 7 INFO placement.requestlog [None req-30c519c8-58ef-4ac3-97b5-37aa1b2b7bbd dc5edcbd6916466d95b3b086153f98a3 6ab2033778f141c5801f7e965b17c263 - - 03b7b8d3bea94f858527279b82cea1ec 03b7b8d3bea94f858527279b82cea1ec] 10.0.0.124 "GET /resource_providers/d55d3114-c6db-403b-b458-3618667d2035/aggregates" status: 404 len: 235 microversion: 1.1 [pid: 7|app: 0|req: 334/665] 10.0.0.124 () {32 vars in 816 bytes} [Mon Jul 13 13:44:03 2026] GET /resource_providers/d55d3114-c6db-403b-b458-3618667d2035/aggregates => generated 235 bytes in 10 msecs (HTTP/1.1 404) 5 headers in 202 bytes (1 switches on core 0)
2026-07-13 13:44:03.623 8 INFO placement.requestlog [None req-f4edff6d-e3cf-40fd-95c5-3481ac685223 dc5edcbd6916466d95b3b086153f98a3 6ab2033778f141c5801f7e965b17c263 - - 03b7b8d3bea94f858527279b82cea1ec 03b7b8d3bea94f858527279b82cea1ec] 10.0.0.124 "GET /resource_providers/d55d3114-c6db-403b-b458-3618667d2035/aggregates" status: 404 len: 235 microversion: 1.1 [pid: 8|app: 0|req: 332/666] 10.0.0.124 () {32 vars in 816 bytes} [Mon Jul 13 13:44:03 2026] GET /resource_providers/d55d3114-c6db-403b-b458-3618667d2035/aggregates => generated 235 bytes in 12 msecs (HTTP/1.1 404) 5 headers in 202 bytes (1 switches on core 0)
2026-07-13 13:44:03.659 7 INFO placement.requestlog [None req-e6accf5a-8200-4e21-8448-074e3fbfd1a3 dc5edcbd6916466d95b3b086153f98a3 6ab2033778f141c5801f7e965b17c263 - - 03b7b8d3bea94f858527279b82cea1ec 03b7b8d3bea94f858527279b82cea1ec] 10.0.0.124 "DELETE /resource_providers/d55d3114-c6db-403b-b458-3618667d2035" status: 404 len: 246 microversion: 1.1 [pid: 7|app: 0|req: 335/667] 10.0.0.124 () {34 vars in 816 bytes} [Mon Jul 13 13:44:03 2026] DELETE /resource_providers/d55d3114-c6db-403b-b458-3618667d2035 => generated 246 bytes in 12 msecs (HTTP/1.1 404) 6 headers in 231 bytes (1 switches on core 0)
2026-07-13 13:44:03.668 8 INFO placement.requestlog [None req-412b6bb9-ed9a-4e99-9aef-c39d72be16bf dc5edcbd6916466d95b3b086153f98a3 6ab2033778f141c5801f7e965b17c263 - - 03b7b8d3bea94f858527279b82cea1ec 03b7b8d3bea94f858527279b82cea1ec] 10.0.0.124 "DELETE /resource_providers/d55d3114-c6db-403b-b458-3618667d2035" status: 404 len: 246 microversion: 1.1 [pid: 8|app: 0|req: 333/668] 10.0.0.124 () {34 vars in 816 bytes} [Mon Jul 13 13:44:03 2026] DELETE /resource_providers/d55d3114-c6db-403b-b458-3618667d2035 => generated 246 bytes in 18 msecs (HTTP/1.1 404) 6 headers in 231 bytes (1 switches on core 0)
2026-07-13 13:44:05.464 7 INFO placement.requestlog [None req-547ffe1d-c26e-4d2c-bde4-ab81c6dcbd22 dc5edcbd6916466d95b3b086153f98a3 6ab2033778f141c5801f7e965b17c263 - - 03b7b8d3bea94f858527279b82cea1ec 03b7b8d3bea94f858527279b82cea1ec] 10.0.0.124 "GET /resource_providers/43c6f516-1bc5-44d3-af06-179824ee7334/aggregates" status: 404 len: 235 microversion: 1.1 [pid: 7|app: 0|req: 336/669] 10.0.0.124 () {32 vars in 816 bytes} [Mon Jul 13 13:44:05 2026] GET /resource_providers/43c6f516-1bc5-44d3-af06-179824ee7334/aggregates => generated 235 bytes in 11 msecs (HTTP/1.1 404) 5 headers in 202 bytes (1 switches on core 0)
2026-07-13 13:44:05.470 8 INFO placement.requestlog [None req-417916f0-2bc0-46d2-8988-326743a0bb40 dc5edcbd6916466d95b3b086153f98a3 6ab2033778f141c5801f7e965b17c263 - - 03b7b8d3bea94f858527279b82cea1ec 03b7b8d3bea94f858527279b82cea1ec] 10.0.0.124 "GET /resource_providers/43c6f516-1bc5-44d3-af06-179824ee7334/aggregates" status: 404 len: 235 microversion: 1.1 [pid: 8|app: 0|req: 334/670] 10.0.0.124 () {32 vars in 816 bytes} [Mon Jul 13 13:44:05 2026] GET /resource_providers/43c6f516-1bc5-44d3-af06-179824ee7334/aggregates => generated 235 bytes in 16 msecs (HTTP/1.1 404) 5 headers in 202 bytes (1 switches on core 0)
2026-07-13 13:44:05.495 7 INFO placement.requestlog [None req-238849c7-6a08-4771-b4e1-8932ac762d89 dc5edcbd6916466d95b3b086153f98a3 6ab2033778f141c5801f7e965b17c263 - - 03b7b8d3bea94f858527279b82cea1ec 03b7b8d3bea94f858527279b82cea1ec] 10.0.0.124 "DELETE /resource_providers/43c6f516-1bc5-44d3-af06-179824ee7334" status: 404 len: 246 microversion: 1.1 [pid: 7|app: 0|req: 337/671] 10.0.0.124 () {34 vars in 816 bytes} [Mon Jul 13 13:44:05 2026] DELETE /resource_providers/43c6f516-1bc5-44d3-af06-179824ee7334 => generated 246 bytes in 9 msecs (HTTP/1.1 404) 6 headers in 231 bytes (1 switches on core 0)
2026-07-13 13:44:05.498 8 INFO placement.requestlog [None req-9ef733db-6552-4cbd-8a29-f3f02d2dcc7f dc5edcbd6916466d95b3b086153f98a3 6ab2033778f141c5801f7e965b17c263 - - 03b7b8d3bea94f858527279b82cea1ec 03b7b8d3bea94f858527279b82cea1ec] 10.0.0.124 "DELETE /resource_providers/43c6f516-1bc5-44d3-af06-179824ee7334" status: 404 len: 246 microversion: 1.1 [pid: 8|app: 0|req: 335/672] 10.0.0.124 () {34 vars in 816 bytes} [Mon Jul 13 13:44:05 2026] DELETE /resource_providers/43c6f516-1bc5-44d3-af06-179824ee7334 => generated 246 bytes in 11 msecs (HTTP/1.1 404) 6 headers in 231 bytes (1 switches on core 0)
2026-07-13 13:44:08.429 7 INFO placement.requestlog [None req-bbc2d256-b580-4de2-a2ea-11414c017e91 - - - - - -] 10.0.0.3 "GET /" status: 200 len: 136 microversion: 1.0
2026-07-13 13:44:08.429 8 INFO placement.requestlog [None req-f6a4341d-00f5-4c63-b574-ca2685818357 - - - - - -] 10.0.0.3 "GET /" status: 200 len: 136 microversion: 1.0
2026-07-13 13:44:10.544 7 INFO placement.requestlog [req-05a6806f-b08d-4f4f-b341-c09cedbe0939 req-40a507f9-f615-454d-b13b-d1e3f0645ca0 26b3bb6323ed43aa809e4ec14eec816c 6ab2033778f141c5801f7e965b17c263 - - 03b7b8d3bea94f858527279b82cea1ec 03b7b8d3bea94f858527279b82cea1ec] 199.204.45.22 "GET /resource_providers/eb8fe223-bd91-401c-9f37-1e971f6a4ce8/allocations" status: 200 len: 152 microversion: 1.0 [pid: 7|app: 0|req: 339/675] 199.204.45.22 () {32 vars in 856 bytes} [Mon Jul 13 13:44:10 2026] GET /resource_providers/eb8fe223-bd91-401c-9f37-1e971f6a4ce8/allocations => generated 152 bytes in 24 msecs (HTTP/1.1 200) 6 headers in 224 bytes (1 switches on core 0)
2026-07-13 13:44:10.559 8 INFO placement.requestlog [req-05a6806f-b08d-4f4f-b341-c09cedbe0939 req-de018d8d-9fca-4516-84d6-9548d8141b33 26b3bb6323ed43aa809e4ec14eec816c 6ab2033778f141c5801f7e965b17c263 - - 03b7b8d3bea94f858527279b82cea1ec 03b7b8d3bea94f858527279b82cea1ec] 199.204.45.22 "GET /allocations/ab5130b1-1cee-40a8-a3a2-b30677698dac" status: 200 len: 257 microversion: 1.28 [pid: 8|app: 0|req: 337/676] 199.204.45.22 () {34 vars in 862 bytes} [Mon Jul 13 13:44:10 2026] GET /allocations/ab5130b1-1cee-40a8-a3a2-b30677698dac => generated 257 bytes in 10 msecs (HTTP/1.1 200) 8 headers in 296 bytes (1 switches on core 0)
2026-07-13 13:44:13.651 7 INFO placement.requestlog [req-da4916be-6ba2-42bd-8240-d0d8594e0c79 req-7e29b0ed-50d9-403d-bb09-03fcc4696c7a 26b3bb6323ed43aa809e4ec14eec816c 6ab2033778f141c5801f7e965b17c263 - - 03b7b8d3bea94f858527279b82cea1ec 03b7b8d3bea94f858527279b82cea1ec] 199.204.45.22 "GET /resource_providers/eb8fe223-bd91-401c-9f37-1e971f6a4ce8/allocations" status: 200 len: 152 microversion: 1.0 [pid: 7|app: 0|req: 340/677] 199.204.45.22 () {32 vars in 856 bytes} [Mon Jul 13 13:44:13 2026] GET /resource_providers/eb8fe223-bd91-401c-9f37-1e971f6a4ce8/allocations => generated 152 bytes in 18 msecs (HTTP/1.1 200) 6 headers in 224 bytes (1 switches on core 0)
2026-07-13 13:44:14.175 8 INFO placement.requestlog [req-05a6806f-b08d-4f4f-b341-c09cedbe0939 req-4608c4f5-dab1-47c4-aa7c-c3acd833477a 26b3bb6323ed43aa809e4ec14eec816c 6ab2033778f141c5801f7e965b17c263 - - 03b7b8d3bea94f858527279b82cea1ec 03b7b8d3bea94f858527279b82cea1ec] 199.204.45.22 "DELETE /allocations/ab5130b1-1cee-40a8-a3a2-b30677698dac" status: 204 len: 0 microversion: 1.0 [pid: 8|app: 0|req: 338/678] 199.204.45.22 () {34 vars in 840 bytes} [Mon Jul 13 13:44:14 2026] DELETE /allocations/ab5130b1-1cee-40a8-a3a2-b30677698dac => generated 0 bytes in 23 msecs (HTTP/1.1 204) 5 headers in 198 bytes (1 switches on core 0)
2026-07-13 13:44:14.175 7 INFO placement.requestlog [req-da4916be-6ba2-42bd-8240-d0d8594e0c79 req-fe5fb4eb-a89b-4f5b-bd70-c62ef0714a8c 26b3bb6323ed43aa809e4ec14eec816c 6ab2033778f141c5801f7e965b17c263 - - 03b7b8d3bea94f858527279b82cea1ec 03b7b8d3bea94f858527279b82cea1ec] 199.204.45.22 "GET /resource_providers/eb8fe223-bd91-401c-9f37-1e971f6a4ce8/allocations" status: 200 len: 54 microversion: 1.0 [pid: 7|app: 0|req: 341/679] 199.204.45.22 () {32 vars in 856 bytes} [Mon Jul 13 13:44:14 2026] GET /resource_providers/eb8fe223-bd91-401c-9f37-1e971f6a4ce8/allocations => generated 54 bytes in 12 msecs (HTTP/1.1 200) 6 headers in 223 bytes (1 switches on core 0)
2026-07-13 13:44:14.670 8 INFO placement.requestlog [req-9fbed685-bf68-4a53-927b-8884bfe8ceeb req-d65a36e8-67d5-4f17-98fd-9cb916c9600a 26b3bb6323ed43aa809e4ec14eec816c 6ab2033778f141c5801f7e965b17c263 - - 03b7b8d3bea94f858527279b82cea1ec 03b7b8d3bea94f858527279b82cea1ec] 10.0.0.32 "DELETE /allocations/ab5130b1-1cee-40a8-a3a2-b30677698dac" status: 404 len: 228 microversion: 1.0 [pid: 8|app: 0|req: 339/680] 10.0.0.32 () {34 vars in 829 bytes} [Mon Jul 13 13:44:14 2026] DELETE /allocations/ab5130b1-1cee-40a8-a3a2-b30677698dac => generated 228 bytes in 13 msecs (HTTP/1.1 404) 6 headers in 231 bytes (1 switches on core 0)
2026-07-13 13:44:18.007 7 INFO placement.requestlog [None req-5fc7e7d4-5eac-4e4d-8d6b-4c4f74d37e97 dc5edcbd6916466d95b3b086153f98a3 6ab2033778f141c5801f7e965b17c263 - - 03b7b8d3bea94f858527279b82cea1ec 03b7b8d3bea94f858527279b82cea1ec] 10.0.0.124 "GET /resource_providers/9edcc503-e002-4320-9806-2cb20c4b10a1/aggregates" status: 404 len: 235 microversion: 1.1 [pid: 7|app: 0|req: 342/681] 10.0.0.124 () {32 vars in 816 bytes} [Mon Jul 13 13:44:17 2026] GET /resource_providers/9edcc503-e002-4320-9806-2cb20c4b10a1/aggregates => generated 235 bytes in 9 msecs (HTTP/1.1 404) 5 headers in 202 bytes (1 switches on core 0)
2026-07-13 13:44:18.011 8 INFO placement.requestlog [None req-3de4a710-a878-495d-a287-2b103004e3cc dc5edcbd6916466d95b3b086153f98a3 6ab2033778f141c5801f7e965b17c263 - - 03b7b8d3bea94f858527279b82cea1ec 03b7b8d3bea94f858527279b82cea1ec] 10.0.0.124 "GET /resource_providers/9edcc503-e002-4320-9806-2cb20c4b10a1/aggregates" status: 404 len: 235 microversion: 1.1 [pid: 8|app: 0|req: 340/682] 10.0.0.124 () {32 vars in 816 bytes} [Mon Jul 13 13:44:18 2026] GET /resource_providers/9edcc503-e002-4320-9806-2cb20c4b10a1/aggregates => generated 235 bytes in 11 msecs (HTTP/1.1 404) 5 headers in 202 bytes (1 switches on core 0)
2026-07-13 13:44:18.034 8 INFO placement.requestlog [None req-34c872ca-e2cd-40eb-a86f-102e5dcd96a4 dc5edcbd6916466d95b3b086153f98a3 6ab2033778f141c5801f7e965b17c263 - - 03b7b8d3bea94f858527279b82cea1ec 03b7b8d3bea94f858527279b82cea1ec] 10.0.0.124 "DELETE /resource_providers/9edcc503-e002-4320-9806-2cb20c4b10a1" status: 404 len: 246 microversion: 1.1 [pid: 8|app: 0|req: 341/683] 10.0.0.124 () {34 vars in 816 bytes} [Mon Jul 13 13:44:18 2026] DELETE /resource_providers/9edcc503-e002-4320-9806-2cb20c4b10a1 => generated 246 bytes in 9 msecs (HTTP/1.1 404) 6 headers in 231 bytes (1 switches on core 0)
2026-07-13 13:44:18.035 7 INFO placement.requestlog [None req-86bbd95c-3252-4e32-b3aa-f7cfbd93417f dc5edcbd6916466d95b3b086153f98a3 6ab2033778f141c5801f7e965b17c263 - - 03b7b8d3bea94f858527279b82cea1ec 03b7b8d3bea94f858527279b82cea1ec] 10.0.0.124 "DELETE /resource_providers/9edcc503-e002-4320-9806-2cb20c4b10a1" status: 404 len: 246 microversion: 1.1 [pid: 7|app: 0|req: 343/684] 10.0.0.124 () {34 vars in 816 bytes} [Mon Jul 13 13:44:18 2026] DELETE /resource_providers/9edcc503-e002-4320-9806-2cb20c4b10a1 => generated 246 bytes in 10 msecs (HTTP/1.1 404) 6 headers in 231 bytes (1 switches on core 0)
2026-07-13 13:44:18.429 8 INFO placement.requestlog [None req-aaf71ab9-d7dc-43b7-a65e-2117e337ea42 - - - - - -] 10.0.0.3 "GET /" status: 200 len: 136 microversion: 1.0
2026-07-13 13:44:18.429 7 INFO placement.requestlog [None req-827ea3b3-49d1-4bc8-aced-96150c234f40 - - - - - -] 10.0.0.3 "GET /" status: 200 len: 136 microversion: 1.0
2026-07-13 13:44:19.211 8 INFO placement.requestlog [req-28a7acc9-e0e2-4de4-b2d4-1c1d43029eae req-654bf640-49b4-4e54-b048-83a932a916e8 26b3bb6323ed43aa809e4ec14eec816c 6ab2033778f141c5801f7e965b17c263 - - 03b7b8d3bea94f858527279b82cea1ec 03b7b8d3bea94f858527279b82cea1ec] 10.0.0.237 "GET /allocation_candidates?limit=1000&resources=MEMORY_MB%3A512%2CVCPU%3A1&root_required=%21COMPUTE_STATUS_DISABLED" status: 200 len: 2767 microversion: 1.36 [pid: 8|app: 0|req: 343/687] 10.0.0.237 () {34 vars in 984 bytes} [Mon Jul 13 13:44:19 2026] GET /allocation_candidates?limit=1000&resources=MEMORY_MB%3A512%2CVCPU%3A1&root_required=%21COMPUTE_STATUS_DISABLED => generated 2767 bytes in 36 msecs (HTTP/1.1 200) 8 headers in 297 bytes (1 switches on core 0)
2026-07-13 13:44:19.260 7 INFO placement.requestlog [req-28a7acc9-e0e2-4de4-b2d4-1c1d43029eae req-266253f4-d852-453d-86de-7d8e778823f7 26b3bb6323ed43aa809e4ec14eec816c 6ab2033778f141c5801f7e965b17c263 - - 03b7b8d3bea94f858527279b82cea1ec 03b7b8d3bea94f858527279b82cea1ec] 10.0.0.237 "GET /allocations/866c9f45-c5d7-48e5-a222-e091b0821209" status: 200 len: 19 microversion: 1.28 [pid: 7|app: 0|req: 345/688] 10.0.0.237 () {34 vars in 861 bytes} [Mon Jul 13 13:44:19 2026] GET /allocations/866c9f45-c5d7-48e5-a222-e091b0821209 => generated 19 bytes in 14 msecs (HTTP/1.1 200) 8 headers in 295 bytes (1 switches on core 0)
2026-07-13 13:44:19.328 8 INFO placement.requestlog [req-28a7acc9-e0e2-4de4-b2d4-1c1d43029eae req-c6bafccf-4243-4991-9056-ee7f4d0d9602 26b3bb6323ed43aa809e4ec14eec816c 6ab2033778f141c5801f7e965b17c263 - - 03b7b8d3bea94f858527279b82cea1ec 03b7b8d3bea94f858527279b82cea1ec] 10.0.0.237 "PUT /allocations/866c9f45-c5d7-48e5-a222-e091b0821209" status: 204 len: 0 microversion: 1.36 [pid: 8|app: 0|req: 344/689] 10.0.0.237 () {38 vars in 914 bytes} [Mon Jul 13 13:44:19 2026] PUT /allocations/866c9f45-c5d7-48e5-a222-e091b0821209 => generated 0 bytes in 61 msecs (HTTP/1.1 204) 5 headers in 199 bytes (1 switches on core 0)
2026-07-13 13:44:20.828 7 INFO placement.requestlog [req-28a7acc9-e0e2-4de4-b2d4-1c1d43029eae req-e45ea6f4-90ca-48e8-8b00-ad4b014adb9a 26b3bb6323ed43aa809e4ec14eec816c 6ab2033778f141c5801f7e965b17c263 - - 03b7b8d3bea94f858527279b82cea1ec 03b7b8d3bea94f858527279b82cea1ec] 199.204.45.22 "GET /allocations/866c9f45-c5d7-48e5-a222-e091b0821209" status: 200 len: 243 microversion: 1.28 [pid: 7|app: 0|req: 346/690] 199.204.45.22 () {34 vars in 862 bytes} [Mon Jul 13 13:44:20 2026] GET /allocations/866c9f45-c5d7-48e5-a222-e091b0821209 => generated 243 bytes in 11 msecs (HTTP/1.1 200) 8 headers in 296 bytes (1 switches on core 0)
