2026-07-13 13:44:21.865 8 INFO placement.requestlog [req-28a7acc9-e0e2-4de4-b2d4-1c1d43029eae req-61157a11-8254-4a6a-b35e-4654ba467754 26b3bb6323ed43aa809e4ec14eec816c 6ab2033778f141c5801f7e965b17c263 - - 03b7b8d3bea94f858527279b82cea1ec 03b7b8d3bea94f858527279b82cea1ec] 199.204.45.22 "GET /resource_providers/eb8fe223-bd91-401c-9f37-1e971f6a4ce8/allocations" status: 200 len: 138 microversion: 1.0 [pid: 8|app: 0|req: 345/691] 199.204.45.22 () {32 vars in 856 bytes} [Mon Jul 13 13:44:21 2026] GET /resource_providers/eb8fe223-bd91-401c-9f37-1e971f6a4ce8/allocations => generated 138 bytes in 17 msecs (HTTP/1.1 200) 6 headers in 224 bytes (1 switches on core 0)
2026-07-13 13:44:21.885 7 INFO placement.requestlog [req-28a7acc9-e0e2-4de4-b2d4-1c1d43029eae req-a4c95594-aa77-4cf1-9a23-40ffd14a2011 26b3bb6323ed43aa809e4ec14eec816c 6ab2033778f141c5801f7e965b17c263 - - 03b7b8d3bea94f858527279b82cea1ec 03b7b8d3bea94f858527279b82cea1ec] 199.204.45.22 "GET /allocations/866c9f45-c5d7-48e5-a222-e091b0821209" status: 200 len: 243 microversion: 1.28 [pid: 7|app: 0|req: 347/692] 199.204.45.22 () {34 vars in 862 bytes} [Mon Jul 13 13:44:21 2026] GET /allocations/866c9f45-c5d7-48e5-a222-e091b0821209 => generated 243 bytes in 12 msecs (HTTP/1.1 200) 8 headers in 296 bytes (1 switches on core 0)
2026-07-13 13:44:28.429 8 INFO placement.requestlog [None req-093a2926-aa71-4f6a-9615-df73e291a70f - - - - - -] 10.0.0.3 "GET /" status: 200 len: 136 microversion: 1.0
2026-07-13 13:44:28.430 7 INFO placement.requestlog [None req-d8b492d0-e344-4aca-8d9b-6b98578d50fe - - - - - -] 10.0.0.3 "GET /" status: 200 len: 136 microversion: 1.0
2026-07-13 13:44:29.279 8 INFO placement.requestlog [None req-93b859d8-9e83-4036-800a-2a9e875a7b9c dc5edcbd6916466d95b3b086153f98a3 6ab2033778f141c5801f7e965b17c263 - - 03b7b8d3bea94f858527279b82cea1ec 03b7b8d3bea94f858527279b82cea1ec] 10.0.0.124 "GET /resource_providers/3dc3944a-4e21-4784-afc1-92bdd1f3c701/aggregates" status: 404 len: 235 microversion: 1.1 [pid: 8|app: 0|req: 347/695] 10.0.0.124 () {32 vars in 816 bytes} [Mon Jul 13 13:44:29 2026] GET /resource_providers/3dc3944a-4e21-4784-afc1-92bdd1f3c701/aggregates => generated 235 bytes in 9 msecs (HTTP/1.1 404) 5 headers in 202 bytes (1 switches on core 0)
2026-07-13 13:44:29.282 7 INFO placement.requestlog [None req-69f29909-4269-4cc2-952c-35df9ea84d9b dc5edcbd6916466d95b3b086153f98a3 6ab2033778f141c5801f7e965b17c263 - - 03b7b8d3bea94f858527279b82cea1ec 03b7b8d3bea94f858527279b82cea1ec] 10.0.0.124 "GET /resource_providers/3dc3944a-4e21-4784-afc1-92bdd1f3c701/aggregates" status: 404 len: 235 microversion: 1.1 [pid: 7|app: 0|req: 349/696] 10.0.0.124 () {32 vars in 816 bytes} [Mon Jul 13 13:44:29 2026] GET /resource_providers/3dc3944a-4e21-4784-afc1-92bdd1f3c701/aggregates => generated 235 bytes in 10 msecs (HTTP/1.1 404) 5 headers in 202 bytes (1 switches on core 0)
2026-07-13 13:44:29.308 8 INFO placement.requestlog [None req-2d9d1f1d-b72c-4533-843c-809437b6ce25 dc5edcbd6916466d95b3b086153f98a3 6ab2033778f141c5801f7e965b17c263 - - 03b7b8d3bea94f858527279b82cea1ec 03b7b8d3bea94f858527279b82cea1ec] 10.0.0.124 "DELETE /resource_providers/3dc3944a-4e21-4784-afc1-92bdd1f3c701" status: 404 len: 246 microversion: 1.1 [pid: 8|app: 0|req: 348/697] 10.0.0.124 () {34 vars in 816 bytes} [Mon Jul 13 13:44:29 2026] DELETE /resource_providers/3dc3944a-4e21-4784-afc1-92bdd1f3c701 => generated 246 bytes in 8 msecs (HTTP/1.1 404) 6 headers in 231 bytes (1 switches on core 0)
2026-07-13 13:44:29.309 7 INFO placement.requestlog [None req-9d345b70-afb1-4d46-844a-30b1b1a111e8 dc5edcbd6916466d95b3b086153f98a3 6ab2033778f141c5801f7e965b17c263 - - 03b7b8d3bea94f858527279b82cea1ec 03b7b8d3bea94f858527279b82cea1ec] 10.0.0.124 "DELETE /resource_providers/3dc3944a-4e21-4784-afc1-92bdd1f3c701" status: 404 len: 246 microversion: 1.1 [pid: 7|app: 0|req: 350/698] 10.0.0.124 () {34 vars in 816 bytes} [Mon Jul 13 13:44:29 2026] DELETE /resource_providers/3dc3944a-4e21-4784-afc1-92bdd1f3c701 => generated 246 bytes in 9 msecs (HTTP/1.1 404) 6 headers in 231 bytes (1 switches on core 0)
2026-07-13 13:44:30.062 8 INFO placement.requestlog [req-b13efd7a-2add-4bd6-b98f-f429092b75a7 req-b63b7f15-5588-4c78-a513-a8b8da57dc35 26b3bb6323ed43aa809e4ec14eec816c 6ab2033778f141c5801f7e965b17c263 - - 03b7b8d3bea94f858527279b82cea1ec 03b7b8d3bea94f858527279b82cea1ec] 10.0.0.237 "GET /allocation_candidates?limit=1000&resources=DISK_GB%3A1%2CMEMORY_MB%3A512%2CVCPU%3A1&root_required=%21COMPUTE_STATUS_DISABLED" status: 200 len: 2783 microversion: 1.36 [pid: 8|app: 0|req: 349/699] 10.0.0.237 () {34 vars in 1012 bytes} [Mon Jul 13 13:44:30 2026] GET /allocation_candidates?limit=1000&resources=DISK_GB%3A1%2CMEMORY_MB%3A512%2CVCPU%3A1&root_required=%21COMPUTE_STATUS_DISABLED => generated 2783 bytes in 38 msecs (HTTP/1.1 200) 8 headers in 297 bytes (1 switches on core 0)
2026-07-13 13:44:30.096 7 INFO placement.requestlog [req-b13efd7a-2add-4bd6-b98f-f429092b75a7 req-6635460c-e216-4326-951f-8f5c0d46e7d9 26b3bb6323ed43aa809e4ec14eec816c 6ab2033778f141c5801f7e965b17c263 - - 03b7b8d3bea94f858527279b82cea1ec 03b7b8d3bea94f858527279b82cea1ec] 10.0.0.237 "GET /allocations/19ebdf8c-660c-4d48-ac87-79915e515791" status: 200 len: 19 microversion: 1.28 [pid: 7|app: 0|req: 351/700] 10.0.0.237 () {34 vars in 861 bytes} [Mon Jul 13 13:44:30 2026] GET /allocations/19ebdf8c-660c-4d48-ac87-79915e515791 => generated 19 bytes in 10 msecs (HTTP/1.1 200) 8 headers in 295 bytes (1 switches on core 0)
2026-07-13 13:44:30.176 8 INFO placement.requestlog [req-b13efd7a-2add-4bd6-b98f-f429092b75a7 req-44acade3-edec-4e65-8ef4-3bb73ef79621 26b3bb6323ed43aa809e4ec14eec816c 6ab2033778f141c5801f7e965b17c263 - - 03b7b8d3bea94f858527279b82cea1ec 03b7b8d3bea94f858527279b82cea1ec] 10.0.0.237 "PUT /allocations/19ebdf8c-660c-4d48-ac87-79915e515791" status: 204 len: 0 microversion: 1.36 [pid: 8|app: 0|req: 350/701] 10.0.0.237 () {38 vars in 914 bytes} [Mon Jul 13 13:44:30 2026] PUT /allocations/19ebdf8c-660c-4d48-ac87-79915e515791 => generated 0 bytes in 74 msecs (HTTP/1.1 204) 5 headers in 199 bytes (1 switches on core 0)
2026-07-13 13:44:31.214 7 INFO placement.requestlog [None req-4b1fabf5-4bc8-4c6f-8cb4-a4b15a589f5a dc5edcbd6916466d95b3b086153f98a3 6ab2033778f141c5801f7e965b17c263 - - 03b7b8d3bea94f858527279b82cea1ec 03b7b8d3bea94f858527279b82cea1ec] 10.0.0.124 "GET /resource_providers/c7e3a7a9-7c90-45e6-a040-42957f7b7d9e/aggregates" status: 404 len: 235 microversion: 1.1 [pid: 7|app: 0|req: 352/702] 10.0.0.124 () {32 vars in 816 bytes} [Mon Jul 13 13:44:31 2026] GET /resource_providers/c7e3a7a9-7c90-45e6-a040-42957f7b7d9e/aggregates => generated 235 bytes in 7 msecs (HTTP/1.1 404) 5 headers in 202 bytes (1 switches on core 0)
2026-07-13 13:44:31.217 8 INFO placement.requestlog [None req-d5218bf1-ad01-4066-9c8e-989ea7b81123 dc5edcbd6916466d95b3b086153f98a3 6ab2033778f141c5801f7e965b17c263 - - 03b7b8d3bea94f858527279b82cea1ec 03b7b8d3bea94f858527279b82cea1ec] 10.0.0.124 "GET /resource_providers/c7e3a7a9-7c90-45e6-a040-42957f7b7d9e/aggregates" status: 404 len: 235 microversion: 1.1 [pid: 8|app: 0|req: 351/703] 10.0.0.124 () {32 vars in 816 bytes} [Mon Jul 13 13:44:31 2026] GET /resource_providers/c7e3a7a9-7c90-45e6-a040-42957f7b7d9e/aggregates => generated 235 bytes in 11 msecs (HTTP/1.1 404) 5 headers in 202 bytes (1 switches on core 0)
2026-07-13 13:44:31.237 7 INFO placement.requestlog [None req-0d17496e-ec2c-4ebf-bbcd-2b67f94f623d dc5edcbd6916466d95b3b086153f98a3 6ab2033778f141c5801f7e965b17c263 - - 03b7b8d3bea94f858527279b82cea1ec 03b7b8d3bea94f858527279b82cea1ec] 10.0.0.124 "DELETE /resource_providers/c7e3a7a9-7c90-45e6-a040-42957f7b7d9e" status: 404 len: 246 microversion: 1.1 [pid: 7|app: 0|req: 353/704] 10.0.0.124 () {34 vars in 816 bytes} [Mon Jul 13 13:44:31 2026] DELETE /resource_providers/c7e3a7a9-7c90-45e6-a040-42957f7b7d9e => generated 246 bytes in 10 msecs (HTTP/1.1 404) 6 headers in 231 bytes (1 switches on core 0)
2026-07-13 13:44:31.240 8 INFO placement.requestlog [None req-9cc64f57-7df0-4940-8af4-3c5a57275e6d dc5edcbd6916466d95b3b086153f98a3 6ab2033778f141c5801f7e965b17c263 - - 03b7b8d3bea94f858527279b82cea1ec 03b7b8d3bea94f858527279b82cea1ec] 10.0.0.124 "DELETE /resource_providers/c7e3a7a9-7c90-45e6-a040-42957f7b7d9e" status: 404 len: 246 microversion: 1.1 [pid: 8|app: 0|req: 352/705] 10.0.0.124 () {34 vars in 816 bytes} [Mon Jul 13 13:44:31 2026] DELETE /resource_providers/c7e3a7a9-7c90-45e6-a040-42957f7b7d9e => generated 246 bytes in 10 msecs (HTTP/1.1 404) 6 headers in 231 bytes (1 switches on core 0)
2026-07-13 13:44:31.679 7 INFO placement.requestlog [req-b13efd7a-2add-4bd6-b98f-f429092b75a7 req-18e68945-3336-4c25-8c49-eceb2f4a8641 26b3bb6323ed43aa809e4ec14eec816c 6ab2033778f141c5801f7e965b17c263 - - 03b7b8d3bea94f858527279b82cea1ec 03b7b8d3bea94f858527279b82cea1ec] 199.204.45.22 "GET /allocations/19ebdf8c-660c-4d48-ac87-79915e515791" status: 200 len: 257 microversion: 1.28 [pid: 7|app: 0|req: 354/706] 199.204.45.22 () {34 vars in 862 bytes} [Mon Jul 13 13:44:31 2026] GET /allocations/19ebdf8c-660c-4d48-ac87-79915e515791 => generated 257 bytes in 11 msecs (HTTP/1.1 200) 8 headers in 296 bytes (1 switches on core 0)
2026-07-13 13:44:32.716 8 INFO placement.requestlog [req-b13efd7a-2add-4bd6-b98f-f429092b75a7 req-e7cdcf7b-31c9-4b89-8489-1c9b3fdd5f02 26b3bb6323ed43aa809e4ec14eec816c 6ab2033778f141c5801f7e965b17c263 - - 03b7b8d3bea94f858527279b82cea1ec 03b7b8d3bea94f858527279b82cea1ec] 199.204.45.22 "GET /resource_providers/eb8fe223-bd91-401c-9f37-1e971f6a4ce8/allocations" status: 200 len: 238 microversion: 1.0 [pid: 8|app: 0|req: 353/707] 199.204.45.22 () {32 vars in 856 bytes} [Mon Jul 13 13:44:32 2026] GET /resource_providers/eb8fe223-bd91-401c-9f37-1e971f6a4ce8/allocations => generated 238 bytes in 16 msecs (HTTP/1.1 200) 6 headers in 224 bytes (1 switches on core 0)
2026-07-13 13:44:32.737 7 INFO placement.requestlog [req-b13efd7a-2add-4bd6-b98f-f429092b75a7 req-a2cd25ff-b022-4248-98a6-560e9935dd6a 26b3bb6323ed43aa809e4ec14eec816c 6ab2033778f141c5801f7e965b17c263 - - 03b7b8d3bea94f858527279b82cea1ec 03b7b8d3bea94f858527279b82cea1ec] 199.204.45.22 "GET /allocations/19ebdf8c-660c-4d48-ac87-79915e515791" status: 200 len: 257 microversion: 1.28 [pid: 7|app: 0|req: 355/708] 199.204.45.22 () {34 vars in 862 bytes} [Mon Jul 13 13:44:32 2026] GET /allocations/19ebdf8c-660c-4d48-ac87-79915e515791 => generated 257 bytes in 11 msecs (HTTP/1.1 200) 8 headers in 296 bytes (1 switches on core 0)
2026-07-13 13:44:32.760 8 INFO placement.requestlog [req-b13efd7a-2add-4bd6-b98f-f429092b75a7 req-56d5b1fe-3dca-4673-8e54-cffdc5bcedd9 26b3bb6323ed43aa809e4ec14eec816c 6ab2033778f141c5801f7e965b17c263 - - 03b7b8d3bea94f858527279b82cea1ec 03b7b8d3bea94f858527279b82cea1ec] 199.204.45.22 "GET /allocations/866c9f45-c5d7-48e5-a222-e091b0821209" status: 200 len: 243 microversion: 1.28 [pid: 8|app: 0|req: 354/709] 199.204.45.22 () {34 vars in 862 bytes} [Mon Jul 13 13:44:32 2026] GET /allocations/866c9f45-c5d7-48e5-a222-e091b0821209 => generated 243 bytes in 18 msecs (HTTP/1.1 200) 8 headers in 296 bytes (1 switches on core 0)
2026-07-13 13:44:33.258 7 INFO placement.requestlog [None req-a70686ea-887d-4b3b-8603-c7608bf1de10 dc5edcbd6916466d95b3b086153f98a3 6ab2033778f141c5801f7e965b17c263 - - 03b7b8d3bea94f858527279b82cea1ec 03b7b8d3bea94f858527279b82cea1ec] 10.0.0.124 "GET /resource_providers/e2baf72c-84b0-4033-bf81-713616c7bee5/aggregates" status: 404 len: 235 microversion: 1.1 [pid: 7|app: 0|req: 356/710] 10.0.0.124 () {32 vars in 816 bytes} [Mon Jul 13 13:44:33 2026] GET /resource_providers/e2baf72c-84b0-4033-bf81-713616c7bee5/aggregates => generated 235 bytes in 9 msecs (HTTP/1.1 404) 5 headers in 202 bytes (1 switches on core 0)
2026-07-13 13:44:33.261 8 INFO placement.requestlog [None req-0c93c240-64e3-4c90-b5f6-8aa9c7a599fa dc5edcbd6916466d95b3b086153f98a3 6ab2033778f141c5801f7e965b17c263 - - 03b7b8d3bea94f858527279b82cea1ec 03b7b8d3bea94f858527279b82cea1ec] 10.0.0.124 "GET /resource_providers/e2baf72c-84b0-4033-bf81-713616c7bee5/aggregates" status: 404 len: 235 microversion: 1.1 [pid: 8|app: 0|req: 355/711] 10.0.0.124 () {32 vars in 816 bytes} [Mon Jul 13 13:44:33 2026] GET /resource_providers/e2baf72c-84b0-4033-bf81-713616c7bee5/aggregates => generated 235 bytes in 10 msecs (HTTP/1.1 404) 5 headers in 202 bytes (1 switches on core 0)
2026-07-13 13:44:33.278 7 INFO placement.requestlog [None req-ec9af1b3-4bb2-4038-9dbe-dfa7613411c9 dc5edcbd6916466d95b3b086153f98a3 6ab2033778f141c5801f7e965b17c263 - - 03b7b8d3bea94f858527279b82cea1ec 03b7b8d3bea94f858527279b82cea1ec] 10.0.0.124 "DELETE /resource_providers/e2baf72c-84b0-4033-bf81-713616c7bee5" status: 404 len: 246 microversion: 1.1 [pid: 7|app: 0|req: 357/712] 10.0.0.124 () {34 vars in 816 bytes} [Mon Jul 13 13:44:33 2026] DELETE /resource_providers/e2baf72c-84b0-4033-bf81-713616c7bee5 => generated 246 bytes in 10 msecs (HTTP/1.1 404) 6 headers in 231 bytes (1 switches on core 0)
2026-07-13 13:44:33.283 8 INFO placement.requestlog [None req-8fd22c0d-7e66-473f-a2e6-8c5d16b709b8 dc5edcbd6916466d95b3b086153f98a3 6ab2033778f141c5801f7e965b17c263 - - 03b7b8d3bea94f858527279b82cea1ec 03b7b8d3bea94f858527279b82cea1ec] 10.0.0.124 "DELETE /resource_providers/e2baf72c-84b0-4033-bf81-713616c7bee5" status: 404 len: 246 microversion: 1.1 [pid: 8|app: 0|req: 356/713] 10.0.0.124 () {34 vars in 816 bytes} [Mon Jul 13 13:44:33 2026] DELETE /resource_providers/e2baf72c-84b0-4033-bf81-713616c7bee5 => generated 246 bytes in 13 msecs (HTTP/1.1 404) 6 headers in 231 bytes (1 switches on core 0)
2026-07-13 13:44:34.321 7 INFO placement.requestlog [req-28a7acc9-e0e2-4de4-b2d4-1c1d43029eae req-ea8ebdd5-6113-4efc-b170-5974d918ebcf 26b3bb6323ed43aa809e4ec14eec816c 6ab2033778f141c5801f7e965b17c263 - - 03b7b8d3bea94f858527279b82cea1ec 03b7b8d3bea94f858527279b82cea1ec] 199.204.45.22 "GET /resource_providers/eb8fe223-bd91-401c-9f37-1e971f6a4ce8/allocations" status: 200 len: 238 microversion: 1.0 [pid: 7|app: 0|req: 358/714] 199.204.45.22 () {32 vars in 856 bytes} [Mon Jul 13 13:44:34 2026] GET /resource_providers/eb8fe223-bd91-401c-9f37-1e971f6a4ce8/allocations => generated 238 bytes in 23 msecs (HTTP/1.1 200) 6 headers in 224 bytes (1 switches on core 0)
2026-07-13 13:44:34.344 8 INFO placement.requestlog [req-28a7acc9-e0e2-4de4-b2d4-1c1d43029eae req-79c36310-2506-4d37-8063-aa4ac8197bc0 26b3bb6323ed43aa809e4ec14eec816c 6ab2033778f141c5801f7e965b17c263 - - 03b7b8d3bea94f858527279b82cea1ec 03b7b8d3bea94f858527279b82cea1ec] 199.204.45.22 "GET /allocations/19ebdf8c-660c-4d48-ac87-79915e515791" status: 200 len: 257 microversion: 1.28 [pid: 8|app: 0|req: 357/715] 199.204.45.22 () {34 vars in 862 bytes} [Mon Jul 13 13:44:34 2026] GET /allocations/19ebdf8c-660c-4d48-ac87-79915e515791 => generated 257 bytes in 17 msecs (HTTP/1.1 200) 8 headers in 296 bytes (1 switches on core 0)
2026-07-13 13:44:34.375 7 INFO placement.requestlog [req-28a7acc9-e0e2-4de4-b2d4-1c1d43029eae req-2dddd310-5371-4ae6-bd8d-34a65c8d4e48 26b3bb6323ed43aa809e4ec14eec816c 6ab2033778f141c5801f7e965b17c263 - - 03b7b8d3bea94f858527279b82cea1ec 03b7b8d3bea94f858527279b82cea1ec] 199.204.45.22 "GET /allocations/866c9f45-c5d7-48e5-a222-e091b0821209" status: 200 len: 243 microversion: 1.28 [pid: 7|app: 0|req: 359/716] 199.204.45.22 () {34 vars in 862 bytes} [Mon Jul 13 13:44:34 2026] GET /allocations/866c9f45-c5d7-48e5-a222-e091b0821209 => generated 243 bytes in 24 msecs (HTTP/1.1 200) 8 headers in 296 bytes (1 switches on core 0)
2026-07-13 13:44:37.852 8 INFO placement.requestlog [req-28a7acc9-e0e2-4de4-b2d4-1c1d43029eae req-e488cfa9-bd49-4cc4-974f-696b3d212c56 26b3bb6323ed43aa809e4ec14eec816c 6ab2033778f141c5801f7e965b17c263 - - 03b7b8d3bea94f858527279b82cea1ec 03b7b8d3bea94f858527279b82cea1ec] 199.204.45.22 "DELETE /allocations/866c9f45-c5d7-48e5-a222-e091b0821209" status: 204 len: 0 microversion: 1.0 [pid: 8|app: 0|req: 358/717] 199.204.45.22 () {34 vars in 840 bytes} [Mon Jul 13 13:44:37 2026] DELETE /allocations/866c9f45-c5d7-48e5-a222-e091b0821209 => generated 0 bytes in 26 msecs (HTTP/1.1 204) 5 headers in 198 bytes (1 switches on core 0)
2026-07-13 13:44:38.429 7 INFO placement.requestlog [None req-5cb82e71-22be-487b-a7e6-0a3f5cb2e9e5 - - - - - -] 10.0.0.3 "GET /" status: 200 len: 136 microversion: 1.0
2026-07-13 13:44:38.429 8 INFO placement.requestlog [None req-0c41e074-75c3-425f-a90a-335195e89476 - - - - - -] 10.0.0.3 "GET /" status: 200 len: 136 microversion: 1.0
2026-07-13 13:44:38.567 7 INFO placement.requestlog [req-664d2e9c-7f28-4dc3-b582-efed1cef99d7 req-20195a28-25d7-4742-99d7-13037f3313a7 26b3bb6323ed43aa809e4ec14eec816c 6ab2033778f141c5801f7e965b17c263 - - 03b7b8d3bea94f858527279b82cea1ec 03b7b8d3bea94f858527279b82cea1ec] 10.0.0.32 "DELETE /allocations/866c9f45-c5d7-48e5-a222-e091b0821209" status: 404 len: 228 microversion: 1.0 [pid: 7|app: 0|req: 361/720] 10.0.0.32 () {34 vars in 829 bytes} [Mon Jul 13 13:44:38 2026] DELETE /allocations/866c9f45-c5d7-48e5-a222-e091b0821209 => generated 228 bytes in 11 msecs (HTTP/1.1 404) 6 headers in 231 bytes (1 switches on core 0)
2026-07-13 13:44:40.559 8 INFO placement.requestlog [req-b13efd7a-2add-4bd6-b98f-f429092b75a7 req-6aed9241-0e3d-42df-87d0-d1fbe88584d0 26b3bb6323ed43aa809e4ec14eec816c 6ab2033778f141c5801f7e965b17c263 - - 03b7b8d3bea94f858527279b82cea1ec 03b7b8d3bea94f858527279b82cea1ec] 199.204.45.22 "GET /resource_providers/eb8fe223-bd91-401c-9f37-1e971f6a4ce8/allocations" status: 200 len: 152 microversion: 1.0 [pid: 8|app: 0|req: 360/721] 199.204.45.22 () {32 vars in 856 bytes} [Mon Jul 13 13:44:40 2026] GET /resource_providers/eb8fe223-bd91-401c-9f37-1e971f6a4ce8/allocations => generated 152 bytes in 17 msecs (HTTP/1.1 200) 6 headers in 224 bytes (1 switches on core 0)
2026-07-13 13:44:40.580 7 INFO placement.requestlog [req-b13efd7a-2add-4bd6-b98f-f429092b75a7 req-295d5df5-3501-482f-832c-50a25b9a5fd7 26b3bb6323ed43aa809e4ec14eec816c 6ab2033778f141c5801f7e965b17c263 - - 03b7b8d3bea94f858527279b82cea1ec 03b7b8d3bea94f858527279b82cea1ec] 199.204.45.22 "GET /allocations/19ebdf8c-660c-4d48-ac87-79915e515791" status: 200 len: 257 microversion: 1.28 [pid: 7|app: 0|req: 362/722] 199.204.45.22 () {34 vars in 862 bytes} [Mon Jul 13 13:44:40 2026] GET /allocations/19ebdf8c-660c-4d48-ac87-79915e515791 => generated 257 bytes in 14 msecs (HTTP/1.1 200) 8 headers in 296 bytes (1 switches on core 0)
2026-07-13 13:44:40.679 8 INFO placement.requestlog [None req-57ebb46d-d180-4c5a-bb12-7f7edfb8c368 dc5edcbd6916466d95b3b086153f98a3 6ab2033778f141c5801f7e965b17c263 - - 03b7b8d3bea94f858527279b82cea1ec 03b7b8d3bea94f858527279b82cea1ec] 10.0.0.124 "GET /resource_providers/2f2f0201-a4d0-4289-8521-631f908e0761/aggregates" status: 404 len: 235 microversion: 1.1
2026-07-13 13:44:40.679 7 INFO placement.requestlog [None req-96cfd27d-51fb-4630-b752-f7c7ee5eeac7 dc5edcbd6916466d95b3b086153f98a3 6ab2033778f141c5801f7e965b17c263 - - 03b7b8d3bea94f858527279b82cea1ec 03b7b8d3bea94f858527279b82cea1ec] 10.0.0.124 "GET /resource_providers/2f2f0201-a4d0-4289-8521-631f908e0761/aggregates" status: 404 len: 235 microversion: 1.1 [pid: 7|app: 0|req: 363/723] 10.0.0.124 () {32 vars in 816 bytes} [Mon Jul 13 13:44:40 2026] GET /resource_providers/2f2f0201-a4d0-4289-8521-631f908e0761/aggregates => generated 235 bytes in 9 msecs (HTTP/1.1 404) 5 headers in 202 bytes (1 switches on core 0) [pid: 8|app: 0|req: 361/724] 10.0.0.124 () {32 vars in 816 bytes} [Mon Jul 13 13:44:40 2026] GET /resource_providers/2f2f0201-a4d0-4289-8521-631f908e0761/aggregates => generated 235 bytes in 10 msecs (HTTP/1.1 404) 5 headers in 202 bytes (1 switches on core 0)
2026-07-13 13:44:40.698 7 INFO placement.requestlog [None req-bbf5ab38-d1ca-4e55-9785-dc14f683de7b dc5edcbd6916466d95b3b086153f98a3 6ab2033778f141c5801f7e965b17c263 - - 03b7b8d3bea94f858527279b82cea1ec 03b7b8d3bea94f858527279b82cea1ec] 10.0.0.124 "DELETE /resource_providers/2f2f0201-a4d0-4289-8521-631f908e0761" status: 404 len: 246 microversion: 1.1 [pid: 7|app: 0|req: 364/725] 10.0.0.124 () {34 vars in 816 bytes} [Mon Jul 13 13:44:40 2026] DELETE /resource_providers/2f2f0201-a4d0-4289-8521-631f908e0761 => generated 246 bytes in 10 msecs (HTTP/1.1 404) 6 headers in 231 bytes (1 switches on core 0)
2026-07-13 13:44:40.703 8 INFO placement.requestlog [None req-ff2f3ae2-9aa8-4de7-93c4-cc1c55b8de4c dc5edcbd6916466d95b3b086153f98a3 6ab2033778f141c5801f7e965b17c263 - - 03b7b8d3bea94f858527279b82cea1ec 03b7b8d3bea94f858527279b82cea1ec] 10.0.0.124 "DELETE /resource_providers/2f2f0201-a4d0-4289-8521-631f908e0761" status: 404 len: 246 microversion: 1.1 [pid: 8|app: 0|req: 362/726] 10.0.0.124 () {34 vars in 816 bytes} [Mon Jul 13 13:44:40 2026] DELETE /resource_providers/2f2f0201-a4d0-4289-8521-631f908e0761 => generated 246 bytes in 13 msecs (HTTP/1.1 404) 6 headers in 231 bytes (1 switches on core 0)
2026-07-13 13:44:42.726 7 INFO placement.requestlog [None req-2875ced1-fd48-4f8c-b5af-1f3a152a3361 dc5edcbd6916466d95b3b086153f98a3 6ab2033778f141c5801f7e965b17c263 - - 03b7b8d3bea94f858527279b82cea1ec 03b7b8d3bea94f858527279b82cea1ec] 10.0.0.124 "GET /resource_providers/2790403a-43b3-4385-b89f-6557c9c75143/aggregates" status: 404 len: 235 microversion: 1.1 [pid: 7|app: 0|req: 365/727] 10.0.0.124 () {32 vars in 816 bytes} [Mon Jul 13 13:44:42 2026] GET /resource_providers/2790403a-43b3-4385-b89f-6557c9c75143/aggregates => generated 235 bytes in 9 msecs (HTTP/1.1 404) 5 headers in 202 bytes (1 switches on core 0)
2026-07-13 13:44:42.730 8 INFO placement.requestlog [None req-c0b93c59-8a93-4638-9768-6187031fb7d8 dc5edcbd6916466d95b3b086153f98a3 6ab2033778f141c5801f7e965b17c263 - - 03b7b8d3bea94f858527279b82cea1ec 03b7b8d3bea94f858527279b82cea1ec] 10.0.0.124 "GET /resource_providers/2790403a-43b3-4385-b89f-6557c9c75143/aggregates" status: 404 len: 235 microversion: 1.1 [pid: 8|app: 0|req: 363/728] 10.0.0.124 () {32 vars in 816 bytes} [Mon Jul 13 13:44:42 2026] GET /resource_providers/2790403a-43b3-4385-b89f-6557c9c75143/aggregates => generated 235 bytes in 7 msecs (HTTP/1.1 404) 5 headers in 202 bytes (1 switches on core 0)
2026-07-13 13:44:42.758 7 INFO placement.requestlog [None req-a975b02e-a99b-4da2-a5c8-10c4b076355a dc5edcbd6916466d95b3b086153f98a3 6ab2033778f141c5801f7e965b17c263 - - 03b7b8d3bea94f858527279b82cea1ec 03b7b8d3bea94f858527279b82cea1ec] 10.0.0.124 "DELETE /resource_providers/2790403a-43b3-4385-b89f-6557c9c75143" status: 404 len: 246 microversion: 1.1 [pid: 7|app: 0|req: 366/729] 10.0.0.124 () {34 vars in 816 bytes} [Mon Jul 13 13:44:42 2026] DELETE /resource_providers/2790403a-43b3-4385-b89f-6557c9c75143 => generated 246 bytes in 13 msecs (HTTP/1.1 404) 6 headers in 231 bytes (1 switches on core 0)
2026-07-13 13:44:42.780 8 INFO placement.requestlog [None req-09795c33-cd87-412c-9184-04051ff2c9c5 dc5edcbd6916466d95b3b086153f98a3 6ab2033778f141c5801f7e965b17c263 - - 03b7b8d3bea94f858527279b82cea1ec 03b7b8d3bea94f858527279b82cea1ec] 10.0.0.124 "DELETE /resource_providers/2790403a-43b3-4385-b89f-6557c9c75143" status: 404 len: 246 microversion: 1.1 [pid: 8|app: 0|req: 364/730] 10.0.0.124 () {34 vars in 816 bytes} [Mon Jul 13 13:44:42 2026] DELETE /resource_providers/2790403a-43b3-4385-b89f-6557c9c75143 => generated 246 bytes in 9 msecs (HTTP/1.1 404) 6 headers in 231 bytes (1 switches on core 0)
2026-07-13 13:44:44.343 7 INFO placement.requestlog [None req-07af1f4f-c209-4c66-9230-e53421e79624 dc5edcbd6916466d95b3b086153f98a3 6ab2033778f141c5801f7e965b17c263 - - 03b7b8d3bea94f858527279b82cea1ec 03b7b8d3bea94f858527279b82cea1ec] 10.0.0.124 "GET /resource_providers/4251ff05-f57e-4555-8fe5-0ee80b3d93f9/aggregates" status: 404 len: 235 microversion: 1.1 [pid: 7|app: 0|req: 367/731] 10.0.0.124 () {32 vars in 816 bytes} [Mon Jul 13 13:44:44 2026] GET /resource_providers/4251ff05-f57e-4555-8fe5-0ee80b3d93f9/aggregates => generated 235 bytes in 11 msecs (HTTP/1.1 404) 5 headers in 202 bytes (1 switches on core 0)
2026-07-13 13:44:44.349 8 INFO placement.requestlog [None req-27f7714d-eb17-4ec5-8562-5f0c0f868dbf dc5edcbd6916466d95b3b086153f98a3 6ab2033778f141c5801f7e965b17c263 - - 03b7b8d3bea94f858527279b82cea1ec 03b7b8d3bea94f858527279b82cea1ec] 10.0.0.124 "GET /resource_providers/4251ff05-f57e-4555-8fe5-0ee80b3d93f9/aggregates" status: 404 len: 235 microversion: 1.1 [pid: 8|app: 0|req: 365/732] 10.0.0.124 () {32 vars in 816 bytes} [Mon Jul 13 13:44:44 2026] GET /resource_providers/4251ff05-f57e-4555-8fe5-0ee80b3d93f9/aggregates => generated 235 bytes in 11 msecs (HTTP/1.1 404) 5 headers in 202 bytes (1 switches on core 0)
2026-07-13 13:44:44.368 8 INFO placement.requestlog [None req-141d1c3d-191f-4ac5-8f0f-dd994b04f48d dc5edcbd6916466d95b3b086153f98a3 6ab2033778f141c5801f7e965b17c263 - - 03b7b8d3bea94f858527279b82cea1ec 03b7b8d3bea94f858527279b82cea1ec] 10.0.0.124 "DELETE /resource_providers/4251ff05-f57e-4555-8fe5-0ee80b3d93f9" status: 404 len: 246 microversion: 1.1
2026-07-13 13:44:44.369 7 INFO placement.requestlog [None req-d7619955-03b8-453f-ae5b-124e11e0e787 dc5edcbd6916466d95b3b086153f98a3 6ab2033778f141c5801f7e965b17c263 - - 03b7b8d3bea94f858527279b82cea1ec 03b7b8d3bea94f858527279b82cea1ec] 10.0.0.124 "DELETE /resource_providers/4251ff05-f57e-4555-8fe5-0ee80b3d93f9" status: 404 len: 246 microversion: 1.1 [pid: 8|app: 0|req: 366/733] 10.0.0.124 () {34 vars in 816 bytes} [Mon Jul 13 13:44:44 2026] DELETE /resource_providers/4251ff05-f57e-4555-8fe5-0ee80b3d93f9 => generated 246 bytes in 11 msecs (HTTP/1.1 404) 6 headers in 231 bytes (1 switches on core 0) [pid: 7|app: 0|req: 368/734] 10.0.0.124 () {34 vars in 816 bytes} [Mon Jul 13 13:44:44 2026] DELETE /resource_providers/4251ff05-f57e-4555-8fe5-0ee80b3d93f9 => generated 246 bytes in 13 msecs (HTTP/1.1 404) 6 headers in 231 bytes (1 switches on core 0)
2026-07-13 13:44:44.795 8 INFO placement.requestlog [req-b13efd7a-2add-4bd6-b98f-f429092b75a7 req-6edba9c8-6d3e-4f43-a2f8-ee8f2f740630 26b3bb6323ed43aa809e4ec14eec816c 6ab2033778f141c5801f7e965b17c263 - - 03b7b8d3bea94f858527279b82cea1ec 03b7b8d3bea94f858527279b82cea1ec] 199.204.45.22 "DELETE /allocations/19ebdf8c-660c-4d48-ac87-79915e515791" status: 204 len: 0 microversion: 1.0 [pid: 8|app: 0|req: 367/735] 199.204.45.22 () {34 vars in 840 bytes} [Mon Jul 13 13:44:44 2026] DELETE /allocations/19ebdf8c-660c-4d48-ac87-79915e515791 => generated 0 bytes in 20 msecs (HTTP/1.1 204) 5 headers in 198 bytes (1 switches on core 0)
2026-07-13 13:44:45.234 7 INFO placement.requestlog [None req-03ae5e4b-9a0e-450c-8ae0-5b928c788d86 dc5edcbd6916466d95b3b086153f98a3 6ab2033778f141c5801f7e965b17c263 - - 03b7b8d3bea94f858527279b82cea1ec 03b7b8d3bea94f858527279b82cea1ec] 10.0.0.124 "GET /resource_providers/6792be87-8c8d-4d37-b52e-1afd33c3f009/aggregates" status: 404 len: 235 microversion: 1.1 [pid: 7|app: 0|req: 369/736] 10.0.0.124 () {32 vars in 816 bytes} [Mon Jul 13 13:44:45 2026] GET /resource_providers/6792be87-8c8d-4d37-b52e-1afd33c3f009/aggregates => generated 235 bytes in 11 msecs (HTTP/1.1 404) 5 headers in 202 bytes (1 switches on core 0)
2026-07-13 13:44:45.241 8 INFO placement.requestlog [None req-c50db625-42da-4cf1-93a5-97f79c5344bb dc5edcbd6916466d95b3b086153f98a3 6ab2033778f141c5801f7e965b17c263 - - 03b7b8d3bea94f858527279b82cea1ec 03b7b8d3bea94f858527279b82cea1ec] 10.0.0.124 "GET /resource_providers/6792be87-8c8d-4d37-b52e-1afd33c3f009/aggregates" status: 404 len: 235 microversion: 1.1 [pid: 8|app: 0|req: 368/737] 10.0.0.124 () {32 vars in 816 bytes} [Mon Jul 13 13:44:45 2026] GET /resource_providers/6792be87-8c8d-4d37-b52e-1afd33c3f009/aggregates => generated 235 bytes in 9 msecs (HTTP/1.1 404) 5 headers in 202 bytes (1 switches on core 0)
2026-07-13 13:44:45.263 7 INFO placement.requestlog [None req-f11fc2df-bdaf-40e4-b319-2e32b33293cb dc5edcbd6916466d95b3b086153f98a3 6ab2033778f141c5801f7e965b17c263 - - 03b7b8d3bea94f858527279b82cea1ec 03b7b8d3bea94f858527279b82cea1ec] 10.0.0.124 "DELETE /resource_providers/6792be87-8c8d-4d37-b52e-1afd33c3f009" status: 404 len: 246 microversion: 1.1 [pid: 7|app: 0|req: 370/738] 10.0.0.124 () {34 vars in 816 bytes} [Mon Jul 13 13:44:45 2026] DELETE /resource_providers/6792be87-8c8d-4d37-b52e-1afd33c3f009 => generated 246 bytes in 10 msecs (HTTP/1.1 404) 6 headers in 231 bytes (1 switches on core 0)
2026-07-13 13:44:45.264 8 INFO placement.requestlog [None req-41eae881-1338-4dc2-8ef9-63b4506bc9d9 dc5edcbd6916466d95b3b086153f98a3 6ab2033778f141c5801f7e965b17c263 - - 03b7b8d3bea94f858527279b82cea1ec 03b7b8d3bea94f858527279b82cea1ec] 10.0.0.124 "DELETE /resource_providers/6792be87-8c8d-4d37-b52e-1afd33c3f009" status: 404 len: 246 microversion: 1.1 [pid: 8|app: 0|req: 369/739] 10.0.0.124 () {34 vars in 816 bytes} [Mon Jul 13 13:44:45 2026] DELETE /resource_providers/6792be87-8c8d-4d37-b52e-1afd33c3f009 => generated 246 bytes in 6 msecs (HTTP/1.1 404) 6 headers in 231 bytes (1 switches on core 0)
2026-07-13 13:44:46.074 7 INFO placement.requestlog [req-170231a6-4e90-4600-bc88-7661e4e40dd9 req-4077ae66-10c3-4640-8d0d-a76e5d50ecc5 26b3bb6323ed43aa809e4ec14eec816c 6ab2033778f141c5801f7e965b17c263 - - 03b7b8d3bea94f858527279b82cea1ec 03b7b8d3bea94f858527279b82cea1ec] 10.0.0.32 "DELETE /allocations/19ebdf8c-660c-4d48-ac87-79915e515791" status: 404 len: 228 microversion: 1.0 [pid: 7|app: 0|req: 371/740] 10.0.0.32 () {34 vars in 829 bytes} [Mon Jul 13 13:44:46 2026] DELETE /allocations/19ebdf8c-660c-4d48-ac87-79915e515791 => generated 228 bytes in 8 msecs (HTTP/1.1 404) 6 headers in 231 bytes (1 switches on core 0)
2026-07-13 13:44:47.283 8 INFO placement.requestlog [None req-a7f8350a-3547-4e97-a60e-f726d2c05401 dc5edcbd6916466d95b3b086153f98a3 6ab2033778f141c5801f7e965b17c263 - - 03b7b8d3bea94f858527279b82cea1ec 03b7b8d3bea94f858527279b82cea1ec] 10.0.0.124 "GET /resource_providers/7734718a-f8c4-474f-8e68-ea818b4a1719/aggregates" status: 404 len: 235 microversion: 1.1 [pid: 8|app: 0|req: 370/741] 10.0.0.124 () {32 vars in 816 bytes} [Mon Jul 13 13:44:47 2026] GET /resource_providers/7734718a-f8c4-474f-8e68-ea818b4a1719/aggregates => generated 235 bytes in 10 msecs (HTTP/1.1 404) 5 headers in 202 bytes (1 switches on core 0)
2026-07-13 13:44:47.297 7 INFO placement.requestlog [None req-114c4a74-21df-4caf-9288-0da17dd908f9 dc5edcbd6916466d95b3b086153f98a3 6ab2033778f141c5801f7e965b17c263 - - 03b7b8d3bea94f858527279b82cea1ec 03b7b8d3bea94f858527279b82cea1ec] 10.0.0.124 "GET /resource_providers/7734718a-f8c4-474f-8e68-ea818b4a1719/aggregates" status: 404 len: 235 microversion: 1.1 [pid: 7|app: 0|req: 372/742] 10.0.0.124 () {32 vars in 816 bytes} [Mon Jul 13 13:44:47 2026] GET /resource_providers/7734718a-f8c4-474f-8e68-ea818b4a1719/aggregates => generated 235 bytes in 11 msecs (HTTP/1.1 404) 5 headers in 202 bytes (1 switches on core 0)
2026-07-13 13:44:47.303 8 INFO placement.requestlog [None req-efc19a3d-9ea8-46c0-ab11-827a5103d225 dc5edcbd6916466d95b3b086153f98a3 6ab2033778f141c5801f7e965b17c263 - - 03b7b8d3bea94f858527279b82cea1ec 03b7b8d3bea94f858527279b82cea1ec] 10.0.0.124 "DELETE /resource_providers/7734718a-f8c4-474f-8e68-ea818b4a1719" status: 404 len: 246 microversion: 1.1 [pid: 8|app: 0|req: 371/743] 10.0.0.124 () {34 vars in 816 bytes} [Mon Jul 13 13:44:47 2026] DELETE /resource_providers/7734718a-f8c4-474f-8e68-ea818b4a1719 => generated 246 bytes in 8 msecs (HTTP/1.1 404) 6 headers in 231 bytes (1 switches on core 0)
2026-07-13 13:44:47.324 7 INFO placement.requestlog [None req-49ce5516-aacc-492b-bb21-08b84cbd1512 dc5edcbd6916466d95b3b086153f98a3 6ab2033778f141c5801f7e965b17c263 - - 03b7b8d3bea94f858527279b82cea1ec 03b7b8d3bea94f858527279b82cea1ec] 10.0.0.124 "DELETE /resource_providers/7734718a-f8c4-474f-8e68-ea818b4a1719" status: 404 len: 246 microversion: 1.1 [pid: 7|app: 0|req: 373/744] 10.0.0.124 () {34 vars in 816 bytes} [Mon Jul 13 13:44:47 2026] DELETE /resource_providers/7734718a-f8c4-474f-8e68-ea818b4a1719 => generated 246 bytes in 9 msecs (HTTP/1.1 404) 6 headers in 231 bytes (1 switches on core 0)
2026-07-13 13:44:48.319 7 INFO placement.requestlog [None req-c75be81e-5ec2-451d-aa00-8ffa2836bb62 dc5edcbd6916466d95b3b086153f98a3 6ab2033778f141c5801f7e965b17c263 - - 03b7b8d3bea94f858527279b82cea1ec 03b7b8d3bea94f858527279b82cea1ec] 10.0.0.124 "GET /resource_providers/2ad14d3b-7cf6-4a55-b005-1b7b50392866/aggregates" status: 404 len: 235 microversion: 1.1 [pid: 7|app: 0|req: 374/745] 10.0.0.124 () {32 vars in 816 bytes} [Mon Jul 13 13:44:48 2026] GET /resource_providers/2ad14d3b-7cf6-4a55-b005-1b7b50392866/aggregates => generated 235 bytes in 12 msecs (HTTP/1.1 404) 5 headers in 202 bytes (1 switches on core 0)
2026-07-13 13:44:48.320 8 INFO placement.requestlog [None req-d63f8ccc-de38-4a7f-92a0-2a660e6b220d dc5edcbd6916466d95b3b086153f98a3 6ab2033778f141c5801f7e965b17c263 - - 03b7b8d3bea94f858527279b82cea1ec 03b7b8d3bea94f858527279b82cea1ec] 10.0.0.124 "GET /resource_providers/2ad14d3b-7cf6-4a55-b005-1b7b50392866/aggregates" status: 404 len: 235 microversion: 1.1 [pid: 8|app: 0|req: 372/746] 10.0.0.124 () {32 vars in 816 bytes} [Mon Jul 13 13:44:48 2026] GET /resource_providers/2ad14d3b-7cf6-4a55-b005-1b7b50392866/aggregates => generated 235 bytes in 14 msecs (HTTP/1.1 404) 5 headers in 202 bytes (1 switches on core 0)
2026-07-13 13:44:48.342 7 INFO placement.requestlog [None req-dc7eef45-6485-41a2-ac5e-d189d1d21ef2 dc5edcbd6916466d95b3b086153f98a3 6ab2033778f141c5801f7e965b17c263 - - 03b7b8d3bea94f858527279b82cea1ec 03b7b8d3bea94f858527279b82cea1ec] 10.0.0.124 "DELETE /resource_providers/2ad14d3b-7cf6-4a55-b005-1b7b50392866" status: 404 len: 246 microversion: 1.1 [pid: 7|app: 0|req: 375/747] 10.0.0.124 () {34 vars in 816 bytes} [Mon Jul 13 13:44:48 2026] DELETE /resource_providers/2ad14d3b-7cf6-4a55-b005-1b7b50392866 => generated 246 bytes in 8 msecs (HTTP/1.1 404) 6 headers in 231 bytes (1 switches on core 0)
2026-07-13 13:44:48.364 8 INFO placement.requestlog [None req-4e70d52f-2f46-45b1-93df-bab479097c05 dc5edcbd6916466d95b3b086153f98a3 6ab2033778f141c5801f7e965b17c263 - - 03b7b8d3bea94f858527279b82cea1ec 03b7b8d3bea94f858527279b82cea1ec] 10.0.0.124 "DELETE /resource_providers/2ad14d3b-7cf6-4a55-b005-1b7b50392866" status: 404 len: 246 microversion: 1.1 [pid: 8|app: 0|req: 373/748] 10.0.0.124 () {34 vars in 816 bytes} [Mon Jul 13 13:44:48 2026] DELETE /resource_providers/2ad14d3b-7cf6-4a55-b005-1b7b50392866 => generated 246 bytes in 14 msecs (HTTP/1.1 404) 6 headers in 231 bytes (1 switches on core 0)
2026-07-13 13:44:48.429 7 INFO placement.requestlog [None req-92055ceb-c588-4698-8591-184b8e8dd1b3 - - - - - -] 10.0.0.3 "GET /" status: 200 len: 136 microversion: 1.0
2026-07-13 13:44:48.431 8 INFO placement.requestlog [None req-5816cff4-9088-47b7-89bb-05d7ac9c1011 - - - - - -] 10.0.0.3 "GET /" status: 200 len: 136 microversion: 1.0
2026-07-13 13:44:50.362 7 INFO placement.requestlog [None req-c2b0426d-bd22-40f4-b8b9-d930c88da21f dc5edcbd6916466d95b3b086153f98a3 6ab2033778f141c5801f7e965b17c263 - - 03b7b8d3bea94f858527279b82cea1ec 03b7b8d3bea94f858527279b82cea1ec] 10.0.0.124 "GET /resource_providers/290f3cd1-d9c5-4d06-a4b2-acc025b95481/aggregates" status: 404 len: 235 microversion: 1.1 [pid: 7|app: 0|req: 377/751] 10.0.0.124 () {32 vars in 816 bytes} [Mon Jul 13 13:44:50 2026] GET /resource_providers/290f3cd1-d9c5-4d06-a4b2-acc025b95481/aggregates => generated 235 bytes in 8 msecs (HTTP/1.1 404) 5 headers in 202 bytes (1 switches on core 0)
2026-07-13 13:44:50.381 8 INFO placement.requestlog [None req-e06bbd33-a540-4b62-97fb-46b9f53b79ca dc5edcbd6916466d95b3b086153f98a3 6ab2033778f141c5801f7e965b17c263 - - 03b7b8d3bea94f858527279b82cea1ec 03b7b8d3bea94f858527279b82cea1ec] 10.0.0.124 "DELETE /resource_providers/290f3cd1-d9c5-4d06-a4b2-acc025b95481" status: 404 len: 246 microversion: 1.1 [pid: 8|app: 0|req: 375/752] 10.0.0.124 () {34 vars in 816 bytes} [Mon Jul 13 13:44:50 2026] DELETE /resource_providers/290f3cd1-d9c5-4d06-a4b2-acc025b95481 => generated 246 bytes in 10 msecs (HTTP/1.1 404) 6 headers in 231 bytes (1 switches on core 0)
2026-07-13 13:44:50.391 7 INFO placement.requestlog [None req-fd8f134d-edc3-4c96-9a5e-8c427ffa1b04 dc5edcbd6916466d95b3b086153f98a3 6ab2033778f141c5801f7e965b17c263 - - 03b7b8d3bea94f858527279b82cea1ec 03b7b8d3bea94f858527279b82cea1ec] 10.0.0.124 "GET /resource_providers/290f3cd1-d9c5-4d06-a4b2-acc025b95481/aggregates" status: 404 len: 235 microversion: 1.1 [pid: 7|app: 0|req: 378/753] 10.0.0.124 () {32 vars in 816 bytes} [Mon Jul 13 13:44:50 2026] GET /resource_providers/290f3cd1-d9c5-4d06-a4b2-acc025b95481/aggregates => generated 235 bytes in 9 msecs (HTTP/1.1 404) 5 headers in 202 bytes (1 switches on core 0)
2026-07-13 13:44:50.409 8 INFO placement.requestlog [None req-c2f5ba9b-5000-43a6-be5a-0b4a5e90d864 dc5edcbd6916466d95b3b086153f98a3 6ab2033778f141c5801f7e965b17c263 - - 03b7b8d3bea94f858527279b82cea1ec 03b7b8d3bea94f858527279b82cea1ec] 10.0.0.124 "DELETE /resource_providers/290f3cd1-d9c5-4d06-a4b2-acc025b95481" status: 404 len: 246 microversion: 1.1 [pid: 8|app: 0|req: 376/754] 10.0.0.124 () {34 vars in 816 bytes} [Mon Jul 13 13:44:50 2026] DELETE /resource_providers/290f3cd1-d9c5-4d06-a4b2-acc025b95481 => generated 246 bytes in 9 msecs (HTTP/1.1 404) 6 headers in 231 bytes (1 switches on core 0)
2026-07-13 13:44:53.777 7 INFO placement.requestlog [req-5721f1f7-3023-4899-a964-8e1cf99f6297 req-8b37cd71-0fcb-41ad-88ce-743f62680e3f 26b3bb6323ed43aa809e4ec14eec816c 6ab2033778f141c5801f7e965b17c263 - - 03b7b8d3bea94f858527279b82cea1ec 03b7b8d3bea94f858527279b82cea1ec] 10.0.0.237 "GET /allocation_candidates?limit=1000&resources=DISK_GB%3A1%2CMEMORY_MB%3A512%2CVCPU%3A1&root_required=%21COMPUTE_STATUS_DISABLED" status: 200 len: 2781 microversion: 1.36 [pid: 7|app: 0|req: 379/755] 10.0.0.237 () {34 vars in 1012 bytes} [Mon Jul 13 13:44:53 2026] GET /allocation_candidates?limit=1000&resources=DISK_GB%3A1%2CMEMORY_MB%3A512%2CVCPU%3A1&root_required=%21COMPUTE_STATUS_DISABLED => generated 2781 bytes in 53 msecs (HTTP/1.1 200) 8 headers in 297 bytes (1 switches on core 0)
2026-07-13 13:44:53.814 8 INFO placement.requestlog [req-5721f1f7-3023-4899-a964-8e1cf99f6297 req-0e5f6a37-4e1b-45b3-b289-1cb0dd2eb8be 26b3bb6323ed43aa809e4ec14eec816c 6ab2033778f141c5801f7e965b17c263 - - 03b7b8d3bea94f858527279b82cea1ec 03b7b8d3bea94f858527279b82cea1ec] 10.0.0.237 "GET /allocations/2e2f6262-ae7b-42e9-9a1c-23b24cad7fb4" status: 200 len: 19 microversion: 1.28 [pid: 8|app: 0|req: 377/756] 10.0.0.237 () {34 vars in 861 bytes} [Mon Jul 13 13:44:53 2026] GET /allocations/2e2f6262-ae7b-42e9-9a1c-23b24cad7fb4 => generated 19 bytes in 12 msecs (HTTP/1.1 200) 8 headers in 295 bytes (1 switches on core 0)
2026-07-13 13:44:53.889 7 INFO placement.requestlog [req-5721f1f7-3023-4899-a964-8e1cf99f6297 req-30744160-3807-4414-accb-3e6402d5146e 26b3bb6323ed43aa809e4ec14eec816c 6ab2033778f141c5801f7e965b17c263 - - 03b7b8d3bea94f858527279b82cea1ec 03b7b8d3bea94f858527279b82cea1ec] 10.0.0.237 "PUT /allocations/2e2f6262-ae7b-42e9-9a1c-23b24cad7fb4" status: 204 len: 0 microversion: 1.36 [pid: 7|app: 0|req: 380/757] 10.0.0.237 () {38 vars in 914 bytes} [Mon Jul 13 13:44:53 2026] PUT /allocations/2e2f6262-ae7b-42e9-9a1c-23b24cad7fb4 => generated 0 bytes in 67 msecs (HTTP/1.1 204) 5 headers in 199 bytes (1 switches on core 0)
2026-07-13 13:44:55.370 8 INFO placement.requestlog [req-5721f1f7-3023-4899-a964-8e1cf99f6297 req-8f80a63f-791b-4d68-90fd-cd9e8a5fb370 26b3bb6323ed43aa809e4ec14eec816c 6ab2033778f141c5801f7e965b17c263 - - 03b7b8d3bea94f858527279b82cea1ec 03b7b8d3bea94f858527279b82cea1ec] 199.204.45.22 "GET /allocations/2e2f6262-ae7b-42e9-9a1c-23b24cad7fb4" status: 200 len: 257 microversion: 1.28 [pid: 8|app: 0|req: 378/758] 199.204.45.22 () {34 vars in 862 bytes} [Mon Jul 13 13:44:55 2026] GET /allocations/2e2f6262-ae7b-42e9-9a1c-23b24cad7fb4 => generated 257 bytes in 15 msecs (HTTP/1.1 200) 8 headers in 296 bytes (1 switches on core 0)
2026-07-13 13:44:56.412 7 INFO placement.requestlog [req-5721f1f7-3023-4899-a964-8e1cf99f6297 req-ce996ec6-02dd-43ef-9b9c-a987114aac49 26b3bb6323ed43aa809e4ec14eec816c 6ab2033778f141c5801f7e965b17c263 - - 03b7b8d3bea94f858527279b82cea1ec 03b7b8d3bea94f858527279b82cea1ec] 199.204.45.22 "GET /resource_providers/eb8fe223-bd91-401c-9f37-1e971f6a4ce8/allocations" status: 200 len: 152 microversion: 1.0 [pid: 7|app: 0|req: 381/759] 199.204.45.22 () {32 vars in 856 bytes} [Mon Jul 13 13:44:56 2026] GET /resource_providers/eb8fe223-bd91-401c-9f37-1e971f6a4ce8/allocations => generated 152 bytes in 22 msecs (HTTP/1.1 200) 6 headers in 224 bytes (1 switches on core 0)
2026-07-13 13:44:56.432 8 INFO placement.requestlog [req-5721f1f7-3023-4899-a964-8e1cf99f6297 req-34cdcd44-fd0a-4f6e-8cc0-f15c97509962 26b3bb6323ed43aa809e4ec14eec816c 6ab2033778f141c5801f7e965b17c263 - - 03b7b8d3bea94f858527279b82cea1ec 03b7b8d3bea94f858527279b82cea1ec] 199.204.45.22 "GET /allocations/2e2f6262-ae7b-42e9-9a1c-23b24cad7fb4" status: 200 len: 257 microversion: 1.28 [pid: 8|app: 0|req: 379/760] 199.204.45.22 () {34 vars in 862 bytes} [Mon Jul 13 13:44:56 2026] GET /allocations/2e2f6262-ae7b-42e9-9a1c-23b24cad7fb4 => generated 257 bytes in 14 msecs (HTTP/1.1 200) 8 headers in 296 bytes (1 switches on core 0)
2026-07-13 13:44:58.429 7 INFO placement.requestlog [None req-3d175352-c8fc-42b4-90df-4763b87e8107 - - - - - -] 10.0.0.3 "GET /" status: 200 len: 136 microversion: 1.0
2026-07-13 13:44:58.429 8 INFO placement.requestlog [None req-f6595d8d-c8c9-4055-8a50-78e952c36bca - - - - - -] 10.0.0.3 "GET /" status: 200 len: 136 microversion: 1.0
2026-07-13 13:45:02.176 7 INFO placement.requestlog [None req-d2d46cfb-4a68-4887-9b04-b346f164e06e dc5edcbd6916466d95b3b086153f98a3 6ab2033778f141c5801f7e965b17c263 - - 03b7b8d3bea94f858527279b82cea1ec 03b7b8d3bea94f858527279b82cea1ec] 10.0.0.124 "GET /resource_providers/19fc6e86-5511-418c-bf9c-74aeada76ba9/aggregates" status: 404 len: 235 microversion: 1.1 [pid: 7|app: 0|req: 383/763] 10.0.0.124 () {32 vars in 816 bytes} [Mon Jul 13 13:45:02 2026] GET /resource_providers/19fc6e86-5511-418c-bf9c-74aeada76ba9/aggregates => generated 235 bytes in 8 msecs (HTTP/1.1 404) 5 headers in 202 bytes (1 switches on core 0)
2026-07-13 13:45:02.181 8 INFO placement.requestlog [None req-200d32a5-2be5-4092-b233-5202799c2610 dc5edcbd6916466d95b3b086153f98a3 6ab2033778f141c5801f7e965b17c263 - - 03b7b8d3bea94f858527279b82cea1ec 03b7b8d3bea94f858527279b82cea1ec] 10.0.0.124 "GET /resource_providers/19fc6e86-5511-418c-bf9c-74aeada76ba9/aggregates" status: 404 len: 235 microversion: 1.1 [pid: 8|app: 0|req: 381/764] 10.0.0.124 () {32 vars in 816 bytes} [Mon Jul 13 13:45:02 2026] GET /resource_providers/19fc6e86-5511-418c-bf9c-74aeada76ba9/aggregates => generated 235 bytes in 12 msecs (HTTP/1.1 404) 5 headers in 202 bytes (1 switches on core 0)
2026-07-13 13:45:02.199 7 INFO placement.requestlog [None req-e204fd09-dbdd-4257-bf3f-125e78d9e0fe dc5edcbd6916466d95b3b086153f98a3 6ab2033778f141c5801f7e965b17c263 - - 03b7b8d3bea94f858527279b82cea1ec 03b7b8d3bea94f858527279b82cea1ec] 10.0.0.124 "DELETE /resource_providers/19fc6e86-5511-418c-bf9c-74aeada76ba9" status: 404 len: 246 microversion: 1.1 [pid: 7|app: 0|req: 384/765] 10.0.0.124 () {34 vars in 816 bytes} [Mon Jul 13 13:45:02 2026] DELETE /resource_providers/19fc6e86-5511-418c-bf9c-74aeada76ba9 => generated 246 bytes in 7 msecs (HTTP/1.1 404) 6 headers in 231 bytes (1 switches on core 0)
2026-07-13 13:45:02.200 8 INFO placement.requestlog [None req-f8a37571-cdef-42a6-8ce9-d19f19f9b03d dc5edcbd6916466d95b3b086153f98a3 6ab2033778f141c5801f7e965b17c263 - - 03b7b8d3bea94f858527279b82cea1ec 03b7b8d3bea94f858527279b82cea1ec] 10.0.0.124 "DELETE /resource_providers/19fc6e86-5511-418c-bf9c-74aeada76ba9" status: 404 len: 246 microversion: 1.1 [pid: 8|app: 0|req: 382/766] 10.0.0.124 () {34 vars in 816 bytes} [Mon Jul 13 13:45:02 2026] DELETE /resource_providers/19fc6e86-5511-418c-bf9c-74aeada76ba9 => generated 246 bytes in 8 msecs (HTTP/1.1 404) 6 headers in 231 bytes (1 switches on core 0)
2026-07-13 13:45:04.243 8 INFO placement.requestlog [None req-636ada4d-c8c3-4512-a1a6-ddf19ff4cb0d dc5edcbd6916466d95b3b086153f98a3 6ab2033778f141c5801f7e965b17c263 - - 03b7b8d3bea94f858527279b82cea1ec 03b7b8d3bea94f858527279b82cea1ec] 10.0.0.124 "GET /resource_providers/7bb36b94-7417-4f1a-8f6b-75bc0484acc8/aggregates" status: 404 len: 235 microversion: 1.1
2026-07-13 13:45:04.243 7 INFO placement.requestlog [None req-becf1cd0-b84e-4fb5-a2db-35197f12f1d2 dc5edcbd6916466d95b3b086153f98a3 6ab2033778f141c5801f7e965b17c263 - - 03b7b8d3bea94f858527279b82cea1ec 03b7b8d3bea94f858527279b82cea1ec] 10.0.0.124 "GET /resource_providers/7bb36b94-7417-4f1a-8f6b-75bc0484acc8/aggregates" status: 404 len: 235 microversion: 1.1 [pid: 8|app: 0|req: 383/767] 10.0.0.124 () {32 vars in 816 bytes} [Mon Jul 13 13:45:04 2026] GET /resource_providers/7bb36b94-7417-4f1a-8f6b-75bc0484acc8/aggregates => generated 235 bytes in 11 msecs (HTTP/1.1 404) 5 headers in 202 bytes (1 switches on core 0) [pid: 7|app: 0|req: 385/768] 10.0.0.124 () {32 vars in 816 bytes} [Mon Jul 13 13:45:04 2026] GET /resource_providers/7bb36b94-7417-4f1a-8f6b-75bc0484acc8/aggregates => generated 235 bytes in 21 msecs (HTTP/1.1 404) 5 headers in 202 bytes (1 switches on core 0)
2026-07-13 13:45:04.277 8 INFO placement.requestlog [None req-302d659d-a71d-4446-9fa8-2aecf42c7e87 dc5edcbd6916466d95b3b086153f98a3 6ab2033778f141c5801f7e965b17c263 - - 03b7b8d3bea94f858527279b82cea1ec 03b7b8d3bea94f858527279b82cea1ec] 10.0.0.124 "DELETE /resource_providers/7bb36b94-7417-4f1a-8f6b-75bc0484acc8" status: 404 len: 246 microversion: 1.1 [pid: 8|app: 0|req: 384/769] 10.0.0.124 () {34 vars in 816 bytes} [Mon Jul 13 13:45:04 2026] DELETE /resource_providers/7bb36b94-7417-4f1a-8f6b-75bc0484acc8 => generated 246 bytes in 14 msecs (HTTP/1.1 404) 6 headers in 231 bytes (1 switches on core 0)
2026-07-13 13:45:04.279 7 INFO placement.requestlog [None req-a0461854-13ab-4d51-aae4-689eab59e9a2 dc5edcbd6916466d95b3b086153f98a3 6ab2033778f141c5801f7e965b17c263 - - 03b7b8d3bea94f858527279b82cea1ec 03b7b8d3bea94f858527279b82cea1ec] 10.0.0.124 "DELETE /resource_providers/7bb36b94-7417-4f1a-8f6b-75bc0484acc8" status: 404 len: 246 microversion: 1.1 [pid: 7|app: 0|req: 386/770] 10.0.0.124 () {34 vars in 816 bytes} [Mon Jul 13 13:45:04 2026] DELETE /resource_providers/7bb36b94-7417-4f1a-8f6b-75bc0484acc8 => generated 246 bytes in 7 msecs (HTTP/1.1 404) 6 headers in 231 bytes (1 switches on core 0)
2026-07-13 13:45:05.725 8 INFO placement.requestlog [req-5721f1f7-3023-4899-a964-8e1cf99f6297 req-890cc164-71aa-4703-88e8-e9b1bc664fa2 26b3bb6323ed43aa809e4ec14eec816c 6ab2033778f141c5801f7e965b17c263 - - 03b7b8d3bea94f858527279b82cea1ec 03b7b8d3bea94f858527279b82cea1ec] 199.204.45.22 "GET /resource_providers/eb8fe223-bd91-401c-9f37-1e971f6a4ce8/allocations" status: 200 len: 152 microversion: 1.0 [pid: 8|app: 0|req: 385/771] 199.204.45.22 () {32 vars in 856 bytes} [Mon Jul 13 13:45:05 2026] GET /resource_providers/eb8fe223-bd91-401c-9f37-1e971f6a4ce8/allocations => generated 152 bytes in 30 msecs (HTTP/1.1 200) 6 headers in 224 bytes (1 switches on core 0)
2026-07-13 13:45:05.745 7 INFO placement.requestlog [req-5721f1f7-3023-4899-a964-8e1cf99f6297 req-126c3e8a-29cc-4c7a-b9ce-4f8c8446aa29 26b3bb6323ed43aa809e4ec14eec816c 6ab2033778f141c5801f7e965b17c263 - - 03b7b8d3bea94f858527279b82cea1ec 03b7b8d3bea94f858527279b82cea1ec] 199.204.45.22 "GET /allocations/2e2f6262-ae7b-42e9-9a1c-23b24cad7fb4" status: 200 len: 257 microversion: 1.28 [pid: 7|app: 0|req: 387/772] 199.204.45.22 () {34 vars in 862 bytes} [Mon Jul 13 13:45:05 2026] GET /allocations/2e2f6262-ae7b-42e9-9a1c-23b24cad7fb4 => generated 257 bytes in 10 msecs (HTTP/1.1 200) 8 headers in 296 bytes (1 switches on core 0)
2026-07-13 13:45:08.434 7 INFO placement.requestlog [None req-ba4ad992-2448-4d0c-8553-1292df99f2f6 - - - - - -] 10.0.0.3 "GET /" status: 200 len: 136 microversion: 1.0
2026-07-13 13:45:08.435 8 INFO placement.requestlog [None req-cd4ebe92-6ba6-4b6f-ac6b-c2670abd5316 - - - - - -] 10.0.0.3 "GET /" status: 200 len: 136 microversion: 1.0
2026-07-13 13:45:08.599 7 INFO placement.requestlog [None req-7a910399-c3a3-4b0d-9fb8-6451bc4c98b1 dc5edcbd6916466d95b3b086153f98a3 6ab2033778f141c5801f7e965b17c263 - - 03b7b8d3bea94f858527279b82cea1ec 03b7b8d3bea94f858527279b82cea1ec] 10.0.0.124 "GET /resource_providers/4b92f503-d2a9-4afe-8b53-05c85afc51c5/aggregates" status: 404 len: 235 microversion: 1.1 [pid: 7|app: 0|req: 389/775] 10.0.0.124 () {32 vars in 816 bytes} [Mon Jul 13 13:45:08 2026] GET /resource_providers/4b92f503-d2a9-4afe-8b53-05c85afc51c5/aggregates => generated 235 bytes in 15 msecs (HTTP/1.1 404) 5 headers in 202 bytes (1 switches on core 0)
2026-07-13 13:45:08.609 8 INFO placement.requestlog [None req-db9aa37c-6921-42cb-8524-5dd2f8539333 dc5edcbd6916466d95b3b086153f98a3 6ab2033778f141c5801f7e965b17c263 - - 03b7b8d3bea94f858527279b82cea1ec 03b7b8d3bea94f858527279b82cea1ec] 10.0.0.124 "GET /resource_providers/4b92f503-d2a9-4afe-8b53-05c85afc51c5/aggregates" status: 404 len: 235 microversion: 1.1 [pid: 8|app: 0|req: 387/776] 10.0.0.124 () {32 vars in 816 bytes} [Mon Jul 13 13:45:08 2026] GET /resource_providers/4b92f503-d2a9-4afe-8b53-05c85afc51c5/aggregates => generated 235 bytes in 19 msecs (HTTP/1.1 404) 5 headers in 202 bytes (1 switches on core 0)
2026-07-13 13:45:08.619 7 INFO placement.requestlog [None req-83ea39d1-1ac0-4229-9230-ae8e8cf58672 dc5edcbd6916466d95b3b086153f98a3 6ab2033778f141c5801f7e965b17c263 - - 03b7b8d3bea94f858527279b82cea1ec 03b7b8d3bea94f858527279b82cea1ec] 10.0.0.124 "DELETE /resource_providers/4b92f503-d2a9-4afe-8b53-05c85afc51c5" status: 404 len: 246 microversion: 1.1 [pid: 7|app: 0|req: 390/777] 10.0.0.124 () {34 vars in 816 bytes} [Mon Jul 13 13:45:08 2026] DELETE /resource_providers/4b92f503-d2a9-4afe-8b53-05c85afc51c5 => generated 246 bytes in 10 msecs (HTTP/1.1 404) 6 headers in 231 bytes (1 switches on core 0)
