Jul 15 01:15:33.871533 np0000185384 devstack@n-api-meta.service[106970]: DEBUG nova.api.openstack.wsgi_app [None req-ebda0517-2d86-4fd6-829f-2d54682a7ba6 None None] oslo_limit.cafile = None {{(pid=106970) log_opt_values /opt/stack/data/venv/lib/python3.12/site-packages/oslo_config/cfg.py:3253}}
Jul 15 01:15:33.871659 np0000185384 devstack@n-api-meta.service[106970]: DEBUG nova.api.openstack.wsgi_app [None req-ebda0517-2d86-4fd6-829f-2d54682a7ba6 None None] oslo_limit.certfile = None {{(pid=106970) log_opt_values /opt/stack/data/venv/lib/python3.12/site-packages/oslo_config/cfg.py:3253}}
Jul 15 01:15:33.871790 np0000185384 devstack@n-api-meta.service[106970]: DEBUG nova.api.openstack.wsgi_app [None req-ebda0517-2d86-4fd6-829f-2d54682a7ba6 None None] oslo_limit.collect_timing = False {{(pid=106970) log_opt_values /opt/stack/data/venv/lib/python3.12/site-packages/oslo_config/cfg.py:3253}}
Jul 15 01:15:33.871918 np0000185384 devstack@n-api-meta.service[106970]: DEBUG nova.api.openstack.wsgi_app [None req-ebda0517-2d86-4fd6-829f-2d54682a7ba6 None None] oslo_limit.connect_retries = None {{(pid=106970) log_opt_values /opt/stack/data/venv/lib/python3.12/site-packages/oslo_config/cfg.py:3253}}
Jul 15 01:15:33.872044 np0000185384 devstack@n-api-meta.service[106970]: DEBUG nova.api.openstack.wsgi_app [None req-ebda0517-2d86-4fd6-829f-2d54682a7ba6 None None] oslo_limit.connect_retry_delay = None {{(pid=106970) log_opt_values /opt/stack/data/venv/lib/python3.12/site-packages/oslo_config/cfg.py:3253}}
Jul 15 01:15:33.872171 np0000185384 devstack@n-api-meta.service[106970]: DEBUG nova.api.openstack.wsgi_app [None req-ebda0517-2d86-4fd6-829f-2d54682a7ba6 None None] oslo_limit.endpoint_id = None {{(pid=106970) log_opt_values /opt/stack/data/venv/lib/python3.12/site-packages/oslo_config/cfg.py:3253}}
Jul 15 01:15:33.872308 np0000185384 devstack@n-api-meta.service[106970]: DEBUG nova.api.openstack.wsgi_app [None req-ebda0517-2d86-4fd6-829f-2d54682a7ba6 None None] oslo_limit.endpoint_interface = public {{(pid=106970) log_opt_values /opt/stack/data/venv/lib/python3.12/site-packages/oslo_config/cfg.py:3253}}
Jul 15 01:15:33.872437 np0000185384 devstack@n-api-meta.service[106970]: DEBUG nova.api.openstack.wsgi_app [None req-ebda0517-2d86-4fd6-829f-2d54682a7ba6 None None] oslo_limit.endpoint_override = None {{(pid=106970) log_opt_values /opt/stack/data/venv/lib/python3.12/site-packages/oslo_config/cfg.py:3253}}
Jul 15 01:15:33.872592 np0000185384 devstack@n-api-meta.service[106970]: DEBUG nova.api.openstack.wsgi_app [None req-ebda0517-2d86-4fd6-829f-2d54682a7ba6 None None] oslo_limit.endpoint_region_name = None {{(pid=106970) log_opt_values /opt/stack/data/venv/lib/python3.12/site-packages/oslo_config/cfg.py:3253}}
Jul 15 01:15:33.872712 np0000185384 devstack@n-api-meta.service[106970]: DEBUG nova.api.openstack.wsgi_app [None req-ebda0517-2d86-4fd6-829f-2d54682a7ba6 None None] oslo_limit.endpoint_service_name = None {{(pid=106970) log_opt_values /opt/stack/data/venv/lib/python3.12/site-packages/oslo_config/cfg.py:3253}}
Jul 15 01:15:33.872838 np0000185384 devstack@n-api-meta.service[106970]: DEBUG nova.api.openstack.wsgi_app [None req-ebda0517-2d86-4fd6-829f-2d54682a7ba6 None None] oslo_limit.endpoint_service_type = None {{(pid=106970) log_opt_values /opt/stack/data/venv/lib/python3.12/site-packages/oslo_config/cfg.py:3253}}
Jul 15 01:15:33.872966 np0000185384 devstack@n-api-meta.service[106970]: DEBUG nova.api.openstack.wsgi_app [None req-ebda0517-2d86-4fd6-829f-2d54682a7ba6 None None] oslo_limit.insecure = False {{(pid=106970) log_opt_values /opt/stack/data/venv/lib/python3.12/site-packages/oslo_config/cfg.py:3253}}
Jul 15 01:15:33.873093 np0000185384 devstack@n-api-meta.service[106970]: DEBUG nova.api.openstack.wsgi_app [None req-ebda0517-2d86-4fd6-829f-2d54682a7ba6 None None] oslo_limit.keyfile = None {{(pid=106970) log_opt_values /opt/stack/data/venv/lib/python3.12/site-packages/oslo_config/cfg.py:3253}}
Jul 15 01:15:33.873221 np0000185384 devstack@n-api-meta.service[106970]: DEBUG nova.api.openstack.wsgi_app [None req-ebda0517-2d86-4fd6-829f-2d54682a7ba6 None None] oslo_limit.max_version = None {{(pid=106970) log_opt_values /opt/stack/data/venv/lib/python3.12/site-packages/oslo_config/cfg.py:3253}}
Jul 15 01:15:33.873349 np0000185384 devstack@n-api-meta.service[106970]: DEBUG nova.api.openstack.wsgi_app [None req-ebda0517-2d86-4fd6-829f-2d54682a7ba6 None None] oslo_limit.min_version = None {{(pid=106970) log_opt_values /opt/stack/data/venv/lib/python3.12/site-packages/oslo_config/cfg.py:3253}}
Jul 15 01:15:33.873493 np0000185384 devstack@n-api-meta.service[106970]: DEBUG nova.api.openstack.wsgi_app [None req-ebda0517-2d86-4fd6-829f-2d54682a7ba6 None None] oslo_limit.region_name = None {{(pid=106970) log_opt_values /opt/stack/data/venv/lib/python3.12/site-packages/oslo_config/cfg.py:3253}}
Jul 15 01:15:33.873623 np0000185384 devstack@n-api-meta.service[106970]: DEBUG nova.api.openstack.wsgi_app [None req-ebda0517-2d86-4fd6-829f-2d54682a7ba6 None None] oslo_limit.retriable_status_codes = None {{(pid=106970) log_opt_values /opt/stack/data/venv/lib/python3.12/site-packages/oslo_config/cfg.py:3253}}
Jul 15 01:15:33.873751 np0000185384 devstack@n-api-meta.service[106970]: DEBUG nova.api.openstack.wsgi_app [None req-ebda0517-2d86-4fd6-829f-2d54682a7ba6 None None] oslo_limit.service_name = None {{(pid=106970) log_opt_values /opt/stack/data/venv/lib/python3.12/site-packages/oslo_config/cfg.py:3253}}
Jul 15 01:15:33.873878 np0000185384 devstack@n-api-meta.service[106970]: DEBUG nova.api.openstack.wsgi_app [None req-ebda0517-2d86-4fd6-829f-2d54682a7ba6 None None] oslo_limit.service_type = None {{(pid=106970) log_opt_values /opt/stack/data/venv/lib/python3.12/site-packages/oslo_config/cfg.py:3253}}
Jul 15 01:15:33.874006 np0000185384 devstack@n-api-meta.service[106970]: DEBUG nova.api.openstack.wsgi_app [None req-ebda0517-2d86-4fd6-829f-2d54682a7ba6 None None] oslo_limit.split_loggers = False {{(pid=106970) log_opt_values /opt/stack/data/venv/lib/python3.12/site-packages/oslo_config/cfg.py:3253}}
Jul 15 01:15:33.874136 np0000185384 devstack@n-api-meta.service[106970]: DEBUG nova.api.openstack.wsgi_app [None req-ebda0517-2d86-4fd6-829f-2d54682a7ba6 None None] oslo_limit.status_code_retries = None {{(pid=106970) log_opt_values /opt/stack/data/venv/lib/python3.12/site-packages/oslo_config/cfg.py:3253}}
Jul 15 01:15:33.874263 np0000185384 devstack@n-api-meta.service[106970]: DEBUG nova.api.openstack.wsgi_app [None req-ebda0517-2d86-4fd6-829f-2d54682a7ba6 None None] oslo_limit.status_code_retry_delay = None {{(pid=106970) log_opt_values /opt/stack/data/venv/lib/python3.12/site-packages/oslo_config/cfg.py:3253}}
Jul 15 01:15:33.874390 np0000185384 devstack@n-api-meta.service[106970]: DEBUG nova.api.openstack.wsgi_app [None req-ebda0517-2d86-4fd6-829f-2d54682a7ba6 None None] oslo_limit.timeout = None {{(pid=106970) log_opt_values /opt/stack/data/venv/lib/python3.12/site-packages/oslo_config/cfg.py:3253}}
Jul 15 01:15:33.874534 np0000185384 devstack@n-api-meta.service[106970]: DEBUG nova.api.openstack.wsgi_app [None req-ebda0517-2d86-4fd6-829f-2d54682a7ba6 None None] oslo_limit.valid_interfaces = None {{(pid=106970) log_opt_values /opt/stack/data/venv/lib/python3.12/site-packages/oslo_config/cfg.py:3253}}
Jul 15 01:15:33.874679 np0000185384 devstack@n-api-meta.service[106970]: DEBUG nova.api.openstack.wsgi_app [None req-ebda0517-2d86-4fd6-829f-2d54682a7ba6 None None] oslo_limit.version = None {{(pid=106970) log_opt_values /opt/stack/data/venv/lib/python3.12/site-packages/oslo_config/cfg.py:3253}}
Jul 15 01:15:33.874821 np0000185384 devstack@n-api-meta.service[106970]: DEBUG nova.api.openstack.wsgi_app [None req-ebda0517-2d86-4fd6-829f-2d54682a7ba6 None None] oslo_messaging_rabbit.amqp_auto_delete = False {{(pid=106970) log_opt_values /opt/stack/data/venv/lib/python3.12/site-packages/oslo_config/cfg.py:3253}}
Jul 15 01:15:33.874951 np0000185384 devstack@n-api-meta.service[106970]: DEBUG nova.api.openstack.wsgi_app [None req-ebda0517-2d86-4fd6-829f-2d54682a7ba6 None None] oslo_messaging_rabbit.amqp_durable_queues = False {{(pid=106970) log_opt_values /opt/stack/data/venv/lib/python3.12/site-packages/oslo_config/cfg.py:3253}}
Jul 15 01:15:33.875081 np0000185384 devstack@n-api-meta.service[106970]: DEBUG nova.api.openstack.wsgi_app [None req-ebda0517-2d86-4fd6-829f-2d54682a7ba6 None None] oslo_messaging_rabbit.conn_pool_min_size = 2 {{(pid=106970) log_opt_values /opt/stack/data/venv/lib/python3.12/site-packages/oslo_config/cfg.py:3253}}
Jul 15 01:15:33.875210 np0000185384 devstack@n-api-meta.service[106970]: DEBUG nova.api.openstack.wsgi_app [None req-ebda0517-2d86-4fd6-829f-2d54682a7ba6 None None] oslo_messaging_rabbit.conn_pool_ttl = 1200 {{(pid=106970) log_opt_values /opt/stack/data/venv/lib/python3.12/site-packages/oslo_config/cfg.py:3253}}
Jul 15 01:15:33.875340 np0000185384 devstack@n-api-meta.service[106970]: DEBUG nova.api.openstack.wsgi_app [None req-ebda0517-2d86-4fd6-829f-2d54682a7ba6 None None] oslo_messaging_rabbit.direct_mandatory_flag = True {{(pid=106970) log_opt_values /opt/stack/data/venv/lib/python3.12/site-packages/oslo_config/cfg.py:3253}}
Jul 15 01:15:33.875473 np0000185384 devstack@n-api-meta.service[106970]: DEBUG nova.api.openstack.wsgi_app [None req-ebda0517-2d86-4fd6-829f-2d54682a7ba6 None None] oslo_messaging_rabbit.enable_cancel_on_failover = False {{(pid=106970) log_opt_values /opt/stack/data/venv/lib/python3.12/site-packages/oslo_config/cfg.py:3253}}
Jul 15 01:15:33.875617 np0000185384 devstack@n-api-meta.service[106970]: DEBUG nova.api.openstack.wsgi_app [None req-ebda0517-2d86-4fd6-829f-2d54682a7ba6 None None] oslo_messaging_rabbit.heartbeat_rate = 3 {{(pid=106970) log_opt_values /opt/stack/data/venv/lib/python3.12/site-packages/oslo_config/cfg.py:3253}}
Jul 15 01:15:33.875746 np0000185384 devstack@n-api-meta.service[106970]: DEBUG nova.api.openstack.wsgi_app [None req-ebda0517-2d86-4fd6-829f-2d54682a7ba6 None None] oslo_messaging_rabbit.heartbeat_timeout_threshold = 60 {{(pid=106970) log_opt_values /opt/stack/data/venv/lib/python3.12/site-packages/oslo_config/cfg.py:3253}}
Jul 15 01:15:33.875881 np0000185384 devstack@n-api-meta.service[106970]: DEBUG nova.api.openstack.wsgi_app [None req-ebda0517-2d86-4fd6-829f-2d54682a7ba6 None None] oslo_messaging_rabbit.hostname = np0000185384 {{(pid=106970) log_opt_values /opt/stack/data/venv/lib/python3.12/site-packages/oslo_config/cfg.py:3253}}
Jul 15 01:15:33.876009 np0000185384 devstack@n-api-meta.service[106970]: DEBUG nova.api.openstack.wsgi_app [None req-ebda0517-2d86-4fd6-829f-2d54682a7ba6 None None] oslo_messaging_rabbit.kombu_compression = None {{(pid=106970) log_opt_values /opt/stack/data/venv/lib/python3.12/site-packages/oslo_config/cfg.py:3253}}
Jul 15 01:15:33.876146 np0000185384 devstack@n-api-meta.service[106970]: DEBUG nova.api.openstack.wsgi_app [None req-ebda0517-2d86-4fd6-829f-2d54682a7ba6 None None] oslo_messaging_rabbit.kombu_failover_strategy = round-robin {{(pid=106970) log_opt_values /opt/stack/data/venv/lib/python3.12/site-packages/oslo_config/cfg.py:3253}}
Jul 15 01:15:33.876276 np0000185384 devstack@n-api-meta.service[106970]: DEBUG nova.api.openstack.wsgi_app [None req-ebda0517-2d86-4fd6-829f-2d54682a7ba6 None None] oslo_messaging_rabbit.kombu_missing_consumer_retry_timeout = 60 {{(pid=106970) log_opt_values /opt/stack/data/venv/lib/python3.12/site-packages/oslo_config/cfg.py:3253}}
Jul 15 01:15:33.876409 np0000185384 devstack@n-api-meta.service[106970]: DEBUG nova.api.openstack.wsgi_app [None req-ebda0517-2d86-4fd6-829f-2d54682a7ba6 None None] oslo_messaging_rabbit.kombu_reconnect_delay = 1.0 {{(pid=106970) log_opt_values /opt/stack/data/venv/lib/python3.12/site-packages/oslo_config/cfg.py:3253}}
Jul 15 01:15:33.876556 np0000185384 devstack@n-api-meta.service[106970]: DEBUG nova.api.openstack.wsgi_app [None req-ebda0517-2d86-4fd6-829f-2d54682a7ba6 None None] oslo_messaging_rabbit.kombu_reconnect_splay = 0.0 {{(pid=106970) log_opt_values /opt/stack/data/venv/lib/python3.12/site-packages/oslo_config/cfg.py:3253}}
Jul 15 01:15:33.876691 np0000185384 devstack@n-api-meta.service[106970]: DEBUG nova.api.openstack.wsgi_app [None req-ebda0517-2d86-4fd6-829f-2d54682a7ba6 None None] oslo_messaging_rabbit.processname = uwsgi {{(pid=106970) log_opt_values /opt/stack/data/venv/lib/python3.12/site-packages/oslo_config/cfg.py:3253}}
Jul 15 01:15:33.876820 np0000185384 devstack@n-api-meta.service[106970]: DEBUG nova.api.openstack.wsgi_app [None req-ebda0517-2d86-4fd6-829f-2d54682a7ba6 None None] oslo_messaging_rabbit.rabbit_ha_queues = False {{(pid=106970) log_opt_values /opt/stack/data/venv/lib/python3.12/site-packages/oslo_config/cfg.py:3253}}
Jul 15 01:15:33.876949 np0000185384 devstack@n-api-meta.service[106970]: DEBUG nova.api.openstack.wsgi_app [None req-ebda0517-2d86-4fd6-829f-2d54682a7ba6 None None] oslo_messaging_rabbit.rabbit_interval_max = 30 {{(pid=106970) log_opt_values /opt/stack/data/venv/lib/python3.12/site-packages/oslo_config/cfg.py:3253}}
Jul 15 01:15:33.877090 np0000185384 devstack@n-api-meta.service[106970]: DEBUG nova.api.openstack.wsgi_app [None req-ebda0517-2d86-4fd6-829f-2d54682a7ba6 None None] oslo_messaging_rabbit.rabbit_login_method = AMQPLAIN {{(pid=106970) log_opt_values /opt/stack/data/venv/lib/python3.12/site-packages/oslo_config/cfg.py:3253}}
Jul 15 01:15:33.877219 np0000185384 devstack@n-api-meta.service[106970]: DEBUG nova.api.openstack.wsgi_app [None req-ebda0517-2d86-4fd6-829f-2d54682a7ba6 None None] oslo_messaging_rabbit.rabbit_qos_prefetch_count = 0 {{(pid=106970) log_opt_values /opt/stack/data/venv/lib/python3.12/site-packages/oslo_config/cfg.py:3253}}
Jul 15 01:15:33.877347 np0000185384 devstack@n-api-meta.service[106970]: DEBUG nova.api.openstack.wsgi_app [None req-ebda0517-2d86-4fd6-829f-2d54682a7ba6 None None] oslo_messaging_rabbit.rabbit_quorum_delivery_limit = 0 {{(pid=106970) log_opt_values /opt/stack/data/venv/lib/python3.12/site-packages/oslo_config/cfg.py:3253}}
Jul 15 01:15:33.877490 np0000185384 devstack@n-api-meta.service[106970]: DEBUG nova.api.openstack.wsgi_app [None req-ebda0517-2d86-4fd6-829f-2d54682a7ba6 None None] oslo_messaging_rabbit.rabbit_quorum_max_memory_bytes = 0 {{(pid=106970) log_opt_values /opt/stack/data/venv/lib/python3.12/site-packages/oslo_config/cfg.py:3253}}
Jul 15 01:15:33.877624 np0000185384 devstack@n-api-meta.service[106970]: DEBUG nova.api.openstack.wsgi_app [None req-ebda0517-2d86-4fd6-829f-2d54682a7ba6 None None] oslo_messaging_rabbit.rabbit_quorum_max_memory_length = 0 {{(pid=106970) log_opt_values /opt/stack/data/venv/lib/python3.12/site-packages/oslo_config/cfg.py:3253}}
Jul 15 01:15:33.877752 np0000185384 devstack@n-api-meta.service[106970]: DEBUG nova.api.openstack.wsgi_app [None req-ebda0517-2d86-4fd6-829f-2d54682a7ba6 None None] oslo_messaging_rabbit.rabbit_quorum_queue = False {{(pid=106970) log_opt_values /opt/stack/data/venv/lib/python3.12/site-packages/oslo_config/cfg.py:3253}}
Jul 15 01:15:33.877880 np0000185384 devstack@n-api-meta.service[106970]: DEBUG nova.api.openstack.wsgi_app [None req-ebda0517-2d86-4fd6-829f-2d54682a7ba6 None None] oslo_messaging_rabbit.rabbit_retry_backoff = 2 {{(pid=106970) log_opt_values /opt/stack/data/venv/lib/python3.12/site-packages/oslo_config/cfg.py:3253}}
Jul 15 01:15:33.878009 np0000185384 devstack@n-api-meta.service[106970]: DEBUG nova.api.openstack.wsgi_app [None req-ebda0517-2d86-4fd6-829f-2d54682a7ba6 None None] oslo_messaging_rabbit.rabbit_retry_interval = 1 {{(pid=106970) log_opt_values /opt/stack/data/venv/lib/python3.12/site-packages/oslo_config/cfg.py:3253}}
Jul 15 01:15:33.878139 np0000185384 devstack@n-api-meta.service[106970]: DEBUG nova.api.openstack.wsgi_app [None req-ebda0517-2d86-4fd6-829f-2d54682a7ba6 None None] oslo_messaging_rabbit.rabbit_stream_fanout = False {{(pid=106970) log_opt_values /opt/stack/data/venv/lib/python3.12/site-packages/oslo_config/cfg.py:3253}}
Jul 15 01:15:33.878268 np0000185384 devstack@n-api-meta.service[106970]: DEBUG nova.api.openstack.wsgi_app [None req-ebda0517-2d86-4fd6-829f-2d54682a7ba6 None None] oslo_messaging_rabbit.rabbit_transient_queues_ttl = 1800 {{(pid=106970) log_opt_values /opt/stack/data/venv/lib/python3.12/site-packages/oslo_config/cfg.py:3253}}
Jul 15 01:15:33.878397 np0000185384 devstack@n-api-meta.service[106970]: DEBUG nova.api.openstack.wsgi_app [None req-ebda0517-2d86-4fd6-829f-2d54682a7ba6 None None] oslo_messaging_rabbit.rabbit_transient_quorum_queue = False {{(pid=106970) log_opt_values /opt/stack/data/venv/lib/python3.12/site-packages/oslo_config/cfg.py:3253}}
Jul 15 01:15:33.878547 np0000185384 devstack@n-api-meta.service[106970]: DEBUG nova.api.openstack.wsgi_app [None req-ebda0517-2d86-4fd6-829f-2d54682a7ba6 None None] oslo_messaging_rabbit.rpc_conn_pool_size = 30 {{(pid=106970) log_opt_values /opt/stack/data/venv/lib/python3.12/site-packages/oslo_config/cfg.py:3253}}
Jul 15 01:15:33.878714 np0000185384 devstack@n-api-meta.service[106970]: DEBUG nova.api.openstack.wsgi_app [None req-ebda0517-2d86-4fd6-829f-2d54682a7ba6 None None] oslo_messaging_rabbit.ssl = False {{(pid=106970) log_opt_values /opt/stack/data/venv/lib/python3.12/site-packages/oslo_config/cfg.py:3253}}
Jul 15 01:15:33.878869 np0000185384 devstack@n-api-meta.service[106970]: DEBUG nova.api.openstack.wsgi_app [None req-ebda0517-2d86-4fd6-829f-2d54682a7ba6 None None] oslo_messaging_rabbit.ssl_ca_file = {{(pid=106970) log_opt_values /opt/stack/data/venv/lib/python3.12/site-packages/oslo_config/cfg.py:3253}}
Jul 15 01:15:33.879009 np0000185384 devstack@n-api-meta.service[106970]: DEBUG nova.api.openstack.wsgi_app [None req-ebda0517-2d86-4fd6-829f-2d54682a7ba6 None None] oslo_messaging_rabbit.ssl_cert_file = {{(pid=106970) log_opt_values /opt/stack/data/venv/lib/python3.12/site-packages/oslo_config/cfg.py:3253}}
Jul 15 01:15:33.879139 np0000185384 devstack@n-api-meta.service[106970]: DEBUG nova.api.openstack.wsgi_app [None req-ebda0517-2d86-4fd6-829f-2d54682a7ba6 None None] oslo_messaging_rabbit.ssl_enforce_fips_mode = False {{(pid=106970) log_opt_values /opt/stack/data/venv/lib/python3.12/site-packages/oslo_config/cfg.py:3253}}
Jul 15 01:15:33.879271 np0000185384 devstack@n-api-meta.service[106970]: DEBUG nova.api.openstack.wsgi_app [None req-ebda0517-2d86-4fd6-829f-2d54682a7ba6 None None] oslo_messaging_rabbit.ssl_enforce_hostname_verification = True {{(pid=106970) log_opt_values /opt/stack/data/venv/lib/python3.12/site-packages/oslo_config/cfg.py:3253}}
Jul 15 01:15:33.879410 np0000185384 devstack@n-api-meta.service[106970]: DEBUG nova.api.openstack.wsgi_app [None req-ebda0517-2d86-4fd6-829f-2d54682a7ba6 None None] oslo_messaging_rabbit.ssl_key_file = {{(pid=106970) log_opt_values /opt/stack/data/venv/lib/python3.12/site-packages/oslo_config/cfg.py:3253}}
Jul 15 01:15:33.879565 np0000185384 devstack@n-api-meta.service[106970]: DEBUG nova.api.openstack.wsgi_app [None req-ebda0517-2d86-4fd6-829f-2d54682a7ba6 None None] oslo_messaging_rabbit.ssl_version = {{(pid=106970) log_opt_values /opt/stack/data/venv/lib/python3.12/site-packages/oslo_config/cfg.py:3253}}
Jul 15 01:15:33.879698 np0000185384 devstack@n-api-meta.service[106970]: DEBUG nova.api.openstack.wsgi_app [None req-ebda0517-2d86-4fd6-829f-2d54682a7ba6 None None] oslo_messaging_rabbit.use_queue_manager = False {{(pid=106970) log_opt_values /opt/stack/data/venv/lib/python3.12/site-packages/oslo_config/cfg.py:3253}}
Jul 15 01:15:33.879846 np0000185384 devstack@n-api-meta.service[106970]: DEBUG nova.api.openstack.wsgi_app [None req-ebda0517-2d86-4fd6-829f-2d54682a7ba6 None None] oslo_messaging_notifications.driver = ['messagingv2'] {{(pid=106970) log_opt_values /opt/stack/data/venv/lib/python3.12/site-packages/oslo_config/cfg.py:3253}}
Jul 15 01:15:33.879980 np0000185384 devstack@n-api-meta.service[106970]: DEBUG nova.api.openstack.wsgi_app [None req-ebda0517-2d86-4fd6-829f-2d54682a7ba6 None None] oslo_messaging_notifications.retry = -1 {{(pid=106970) log_opt_values /opt/stack/data/venv/lib/python3.12/site-packages/oslo_config/cfg.py:3253}}
Jul 15 01:15:33.880123 np0000185384 devstack@n-api-meta.service[106970]: DEBUG nova.api.openstack.wsgi_app [None req-ebda0517-2d86-4fd6-829f-2d54682a7ba6 None None] oslo_messaging_notifications.topics = ['notifications'] {{(pid=106970) log_opt_values /opt/stack/data/venv/lib/python3.12/site-packages/oslo_config/cfg.py:3253}}
Jul 15 01:15:33.880262 np0000185384 devstack@n-api-meta.service[106970]: DEBUG nova.api.openstack.wsgi_app [None req-ebda0517-2d86-4fd6-829f-2d54682a7ba6 None None] oslo_messaging_notifications.transport_url = **** {{(pid=106970) log_opt_values /opt/stack/data/venv/lib/python3.12/site-packages/oslo_config/cfg.py:3253}}
Jul 15 01:15:33.880397 np0000185384 devstack@n-api-meta.service[106970]: DEBUG nova.api.openstack.wsgi_app [None req-ebda0517-2d86-4fd6-829f-2d54682a7ba6 None None] oslo_reports.file_event_handler = None {{(pid=106970) log_opt_values /opt/stack/data/venv/lib/python3.12/site-packages/oslo_config/cfg.py:3253}}
Jul 15 01:15:33.880549 np0000185384 devstack@n-api-meta.service[106970]: DEBUG nova.api.openstack.wsgi_app [None req-ebda0517-2d86-4fd6-829f-2d54682a7ba6 None None] oslo_reports.file_event_handler_interval = 1 {{(pid=106970) log_opt_values /opt/stack/data/venv/lib/python3.12/site-packages/oslo_config/cfg.py:3253}}
Jul 15 01:15:33.880683 np0000185384 devstack@n-api-meta.service[106970]: DEBUG nova.api.openstack.wsgi_app [None req-ebda0517-2d86-4fd6-829f-2d54682a7ba6 None None] oslo_reports.log_dir = None {{(pid=106970) log_opt_values /opt/stack/data/venv/lib/python3.12/site-packages/oslo_config/cfg.py:3253}}
Jul 15 01:15:33.880789 np0000185384 devstack@n-api-meta.service[106970]: DEBUG nova.api.openstack.wsgi_app [None req-ebda0517-2d86-4fd6-829f-2d54682a7ba6 None None] ******************************************************************************** {{(pid=106970) log_opt_values /opt/stack/data/venv/lib/python3.12/site-packages/oslo_config/cfg.py:3260}}
Jul 15 01:15:33.880897 np0000185384 devstack@n-api-meta.service[106970]: WSGI app 0 (mountpoint='') ready in 2 seconds on interpreter 0x6ffed66a4668 pid: 106970 (default app)
Jul 15 01:15:43.371893 np0000185384 devstack@n-api-meta.service[106973]: DEBUG dbcounter [-] [106973] Writing DB stats nova_api:SELECT=1 {{(pid=106973) stat_writer /opt/stack/data/venv/lib/python3.12/site-packages/dbcounter.py:115}}
Jul 15 01:15:43.402843 np0000185384 devstack@n-api-meta.service[106972]: DEBUG dbcounter [-] [106972] Writing DB stats nova_api:SELECT=1 {{(pid=106972) stat_writer /opt/stack/data/venv/lib/python3.12/site-packages/dbcounter.py:115}}
Jul 15 01:15:43.409939 np0000185384 devstack@n-api-meta.service[106971]: DEBUG dbcounter [-] [106971] Writing DB stats nova_api:SELECT=1 {{(pid=106971) stat_writer /opt/stack/data/venv/lib/python3.12/site-packages/dbcounter.py:115}}
Jul 15 01:15:43.497136 np0000185384 devstack@n-api-meta.service[106970]: DEBUG dbcounter [-] [106970] Writing DB stats nova_api:SELECT=1 {{(pid=106970) stat_writer /opt/stack/data/venv/lib/python3.12/site-packages/dbcounter.py:115}}
Jul 15 01:15:43.524677 np0000185384 devstack@n-api-meta.service[106973]: DEBUG dbcounter [-] [106973] Writing DB stats nova_cell1:SELECT=1 {{(pid=106973) stat_writer /opt/stack/data/venv/lib/python3.12/site-packages/dbcounter.py:115}}
Jul 15 01:15:43.530997 np0000185384 devstack@n-api-meta.service[106973]: DEBUG dbcounter [-] [106973] Writing DB stats nova_cell0:SELECT=1 {{(pid=106973) stat_writer /opt/stack/data/venv/lib/python3.12/site-packages/dbcounter.py:115}}
Jul 15 01:15:43.573707 np0000185384 devstack@n-api-meta.service[106972]: DEBUG dbcounter [-] [106972] Writing DB stats nova_cell1:SELECT=1 {{(pid=106972) stat_writer /opt/stack/data/venv/lib/python3.12/site-packages/dbcounter.py:115}}
Jul 15 01:15:43.580339 np0000185384 devstack@n-api-meta.service[106971]: DEBUG dbcounter [-] [106971] Writing DB stats nova_cell0:SELECT=1 {{(pid=106971) stat_writer /opt/stack/data/venv/lib/python3.12/site-packages/dbcounter.py:115}}
Jul 15 01:15:43.582915 np0000185384 devstack@n-api-meta.service[106972]: DEBUG dbcounter [-] [106972] Writing DB stats nova_cell0:SELECT=1 {{(pid=106972) stat_writer /opt/stack/data/venv/lib/python3.12/site-packages/dbcounter.py:115}}
Jul 15 01:15:43.586873 np0000185384 devstack@n-api-meta.service[106971]: DEBUG dbcounter [-] [106971] Writing DB stats nova_cell1:SELECT=1 {{(pid=106971) stat_writer /opt/stack/data/venv/lib/python3.12/site-packages/dbcounter.py:115}}
Jul 15 01:15:43.598474 np0000185384 devstack@n-api-meta.service[106973]: DEBUG dbcounter [-] [106973] Writing DB stats nova_cell0:SELECT=2,nova_cell0:INSERT=1 {{(pid=106973) stat_writer /opt/stack/data/venv/lib/python3.12/site-packages/dbcounter.py:115}}
Jul 15 01:15:43.634144 np0000185384 devstack@n-api-meta.service[106971]: DEBUG dbcounter [-] [106971] Writing DB stats nova_cell0:SELECT=1 {{(pid=106971) stat_writer /opt/stack/data/venv/lib/python3.12/site-packages/dbcounter.py:115}}
Jul 15 01:15:43.649528 np0000185384 devstack@n-api-meta.service[106972]: DEBUG dbcounter [-] [106972] Writing DB stats nova_cell0:SELECT=1 {{(pid=106972) stat_writer /opt/stack/data/venv/lib/python3.12/site-packages/dbcounter.py:115}}
Jul 15 01:15:43.675900 np0000185384 devstack@n-api-meta.service[106970]: DEBUG dbcounter [-] [106970] Writing DB stats nova_cell1:SELECT=1 {{(pid=106970) stat_writer /opt/stack/data/venv/lib/python3.12/site-packages/dbcounter.py:115}}
Jul 15 01:15:43.678485 np0000185384 devstack@n-api-meta.service[106970]: DEBUG dbcounter [-] [106970] Writing DB stats nova_cell0:SELECT=1 {{(pid=106970) stat_writer /opt/stack/data/venv/lib/python3.12/site-packages/dbcounter.py:115}}
Jul 15 01:15:43.730708 np0000185384 devstack@n-api-meta.service[106970]: DEBUG dbcounter [-] [106970] Writing DB stats nova_cell0:SELECT=1 {{(pid=106970) stat_writer /opt/stack/data/venv/lib/python3.12/site-packages/dbcounter.py:115}}
Jul 15 01:20:37.218359 np0000185384 devstack@n-api-meta.service[106973]: DEBUG nova.api.metadata.handler [None req-43cc8dd8-3525-4675-a7a0-4cbfad021476 None None] Metadata request headers: {'Host': '199.204.45.4:8775', 'User-Agent': 'python-requests/2.34.2', 'Accept-Encoding': 'gzip, deflate', 'Accept': '*/*', 'Connection': 'keep-alive', 'X-Forwarded-For': '192.168.24.162', 'X-Instance-Id': '6b082d5c-5477-48ff-a59d-9ae5ad72c48f', 'X-Tenant-Id': '9ab33810a9d7439483060aea35fae9ff', 'X-Instance-Id-Signature': '77b449dbe746eb3e7e97937d5c5dff2be74f5ce37d53f4f5406da043b24bca31'} {{(pid=106973) __call__ /opt/stack/nova/nova/api/metadata/handler.py:109}}
Jul 15 01:20:37.231332 np0000185384 devstack@n-api-meta.service[106973]: DEBUG oslo_concurrency.lockutils [None req-015452f7-ee2a-4111-b7c2-7b6c1e851206 None None] Acquiring lock "5764b5b8-2159-4073-ad1b-023da22ba04a" by "nova.context.set_target_cell..get_or_set_cached_cell_and_set_connections" {{(pid=106973) inner /opt/stack/data/venv/lib/python3.12/site-packages/oslo_concurrency/lockutils.py:511}}
Jul 15 01:20:37.231614 np0000185384 devstack@n-api-meta.service[106973]: DEBUG oslo_concurrency.lockutils [None req-015452f7-ee2a-4111-b7c2-7b6c1e851206 None None] Lock "5764b5b8-2159-4073-ad1b-023da22ba04a" acquired by "nova.context.set_target_cell..get_or_set_cached_cell_and_set_connections" :: waited 0.000s {{(pid=106973) inner /opt/stack/data/venv/lib/python3.12/site-packages/oslo_concurrency/lockutils.py:524}}
Jul 15 01:20:37.231851 np0000185384 devstack@n-api-meta.service[106973]: DEBUG oslo_concurrency.lockutils [None req-015452f7-ee2a-4111-b7c2-7b6c1e851206 None None] Lock "5764b5b8-2159-4073-ad1b-023da22ba04a" "released" by "nova.context.set_target_cell..get_or_set_cached_cell_and_set_connections" :: held 0.000s {{(pid=106973) inner /opt/stack/data/venv/lib/python3.12/site-packages/oslo_concurrency/lockutils.py:543}}
Jul 15 01:20:37.285336 np0000185384 devstack@n-api-meta.service[106973]: WARNING neutronclient.v2_0.client [None req-015452f7-ee2a-4111-b7c2-7b6c1e851206 None None] The python binding code in neutronclient is deprecated in favor of OpenstackSDK, please use that as this will be removed in a future release.
Jul 15 01:20:37.655939 np0000185384 devstack@n-api-meta.service[106973]: [pid: 106973|app: 0|req: 1/1] 199.204.45.4 () {40 vars in 639 bytes} [Wed Jul 15 01:20:37 2026] GET /openstack => generated 116 bytes in 439 msecs (HTTP/1.1 200) 3 headers in 100 bytes (1 switches on core 0)
Jul 15 01:20:37.670384 np0000185384 devstack@n-api-meta.service[106971]: DEBUG nova.api.metadata.handler [None req-edb38dde-4a3c-4066-a480-5d76e8c1d487 None None] Metadata request headers: {'Host': '199.204.45.4:8775', 'User-Agent': 'python-requests/2.34.2', 'Accept-Encoding': 'gzip, deflate', 'Accept': '*/*', 'Connection': 'keep-alive', 'X-Forwarded-For': '192.168.24.162', 'X-Instance-Id': '6b082d5c-5477-48ff-a59d-9ae5ad72c48f', 'X-Tenant-Id': '9ab33810a9d7439483060aea35fae9ff', 'X-Instance-Id-Signature': '77b449dbe746eb3e7e97937d5c5dff2be74f5ce37d53f4f5406da043b24bca31'} {{(pid=106971) __call__ /opt/stack/nova/nova/api/metadata/handler.py:109}}
Jul 15 01:20:37.676521 np0000185384 devstack@n-api-meta.service[106971]: DEBUG nova.api.metadata.handler [None req-edb38dde-4a3c-4066-a480-5d76e8c1d487 None None] Using cached metadata for instance 6b082d5c-5477-48ff-a59d-9ae5ad72c48f {{(pid=106971) get_metadata_by_instance_id /opt/stack/nova/nova/api/metadata/handler.py:84}}
Jul 15 01:20:37.677208 np0000185384 devstack@n-api-meta.service[106971]: [pid: 106971|app: 0|req: 1/2] 199.204.45.4 () {40 vars in 639 bytes} [Wed Jul 15 01:20:37 2026] GET /openstack => generated 116 bytes in 8 msecs (HTTP/1.1 200) 3 headers in 100 bytes (1 switches on core 0)
Jul 15 01:20:37.685106 np0000185384 devstack@n-api-meta.service[106972]: DEBUG nova.api.metadata.handler [None req-831a84f0-5c99-4b30-abfd-c449c54df5db None None] Metadata request headers: {'Host': '199.204.45.4:8775', 'User-Agent': 'python-requests/2.34.2', 'Accept-Encoding': 'gzip, deflate', 'Accept': '*/*', 'Connection': 'keep-alive', 'X-Forwarded-For': '192.168.24.162', 'X-Instance-Id': '6b082d5c-5477-48ff-a59d-9ae5ad72c48f', 'X-Tenant-Id': '9ab33810a9d7439483060aea35fae9ff', 'X-Instance-Id-Signature': '77b449dbe746eb3e7e97937d5c5dff2be74f5ce37d53f4f5406da043b24bca31'} {{(pid=106972) __call__ /opt/stack/nova/nova/api/metadata/handler.py:109}}
Jul 15 01:20:37.689854 np0000185384 devstack@n-api-meta.service[106972]: DEBUG nova.api.metadata.handler [None req-831a84f0-5c99-4b30-abfd-c449c54df5db None None] Using cached metadata for instance 6b082d5c-5477-48ff-a59d-9ae5ad72c48f {{(pid=106972) get_metadata_by_instance_id /opt/stack/nova/nova/api/metadata/handler.py:84}}
Jul 15 01:20:37.690710 np0000185384 devstack@n-api-meta.service[106972]: [pid: 106972|app: 0|req: 1/3] 199.204.45.4 () {40 vars in 691 bytes} [Wed Jul 15 01:20:37 2026] GET /openstack/2018-08-27/meta_data.json => generated 946 bytes in 7 msecs (HTTP/1.1 200) 3 headers in 91 bytes (1 switches on core 0)
Jul 15 01:20:37.697293 np0000185384 devstack@n-api-meta.service[106970]: DEBUG nova.api.metadata.handler [None req-ebda0517-2d86-4fd6-829f-2d54682a7ba6 None None] Metadata request headers: {'Host': '199.204.45.4:8775', 'User-Agent': 'python-requests/2.34.2', 'Accept-Encoding': 'gzip, deflate', 'Accept': '*/*', 'Connection': 'keep-alive', 'X-Forwarded-For': '192.168.24.162', 'X-Instance-Id': '6b082d5c-5477-48ff-a59d-9ae5ad72c48f', 'X-Tenant-Id': '9ab33810a9d7439483060aea35fae9ff', 'X-Instance-Id-Signature': '77b449dbe746eb3e7e97937d5c5dff2be74f5ce37d53f4f5406da043b24bca31'} {{(pid=106970) __call__ /opt/stack/nova/nova/api/metadata/handler.py:109}}
Jul 15 01:20:37.701923 np0000185384 devstack@n-api-meta.service[106970]: DEBUG nova.api.metadata.handler [None req-ebda0517-2d86-4fd6-829f-2d54682a7ba6 None None] Using cached metadata for instance 6b082d5c-5477-48ff-a59d-9ae5ad72c48f {{(pid=106970) get_metadata_by_instance_id /opt/stack/nova/nova/api/metadata/handler.py:84}}
Jul 15 01:20:37.702368 np0000185384 devstack@n-api-meta.service[106970]: [pid: 106970|app: 0|req: 1/4] 199.204.45.4 () {40 vars in 679 bytes} [Wed Jul 15 01:20:37 2026] GET /openstack/2018-08-27/user_data => generated 26310 bytes in 6 msecs (HTTP/1.1 200) 3 headers in 102 bytes (1 switches on core 0)
Jul 15 01:20:37.711909 np0000185384 devstack@n-api-meta.service[106973]: DEBUG nova.api.metadata.handler [None req-015452f7-ee2a-4111-b7c2-7b6c1e851206 None None] Metadata request headers: {'Host': '199.204.45.4:8775', 'User-Agent': 'python-requests/2.34.2', 'Accept-Encoding': 'gzip, deflate', 'Accept': '*/*', 'Connection': 'keep-alive', 'X-Forwarded-For': '192.168.24.162', 'X-Instance-Id': '6b082d5c-5477-48ff-a59d-9ae5ad72c48f', 'X-Tenant-Id': '9ab33810a9d7439483060aea35fae9ff', 'X-Instance-Id-Signature': '77b449dbe746eb3e7e97937d5c5dff2be74f5ce37d53f4f5406da043b24bca31'} {{(pid=106973) __call__ /opt/stack/nova/nova/api/metadata/handler.py:109}}
Jul 15 01:20:37.714824 np0000185384 devstack@n-api-meta.service[106973]: DEBUG nova.api.metadata.handler [None req-015452f7-ee2a-4111-b7c2-7b6c1e851206 None None] Using cached metadata for instance 6b082d5c-5477-48ff-a59d-9ae5ad72c48f {{(pid=106973) get_metadata_by_instance_id /opt/stack/nova/nova/api/metadata/handler.py:84}}
Jul 15 01:20:37.715864 np0000185384 devstack@n-api-meta.service[106973]: [pid: 106973|app: 0|req: 2/5] 199.204.45.4 () {40 vars in 694 bytes} [Wed Jul 15 01:20:37 2026] GET /openstack/2018-08-27/vendor_data.json => generated 2 bytes in 5 msecs (HTTP/1.1 200) 3 headers in 89 bytes (1 switches on core 0)
Jul 15 01:20:37.722711 np0000185384 devstack@n-api-meta.service[106971]: DEBUG nova.api.metadata.handler [None req-edb38dde-4a3c-4066-a480-5d76e8c1d487 None None] Metadata request headers: {'Host': '199.204.45.4:8775', 'User-Agent': 'python-requests/2.34.2', 'Accept-Encoding': 'gzip, deflate', 'Accept': '*/*', 'Connection': 'keep-alive', 'X-Forwarded-For': '192.168.24.162', 'X-Instance-Id': '6b082d5c-5477-48ff-a59d-9ae5ad72c48f', 'X-Tenant-Id': '9ab33810a9d7439483060aea35fae9ff', 'X-Instance-Id-Signature': '77b449dbe746eb3e7e97937d5c5dff2be74f5ce37d53f4f5406da043b24bca31'} {{(pid=106971) __call__ /opt/stack/nova/nova/api/metadata/handler.py:109}}
Jul 15 01:20:37.724431 np0000185384 devstack@n-api-meta.service[106971]: DEBUG nova.api.metadata.handler [None req-edb38dde-4a3c-4066-a480-5d76e8c1d487 None None] Using cached metadata for instance 6b082d5c-5477-48ff-a59d-9ae5ad72c48f {{(pid=106971) get_metadata_by_instance_id /opt/stack/nova/nova/api/metadata/handler.py:84}}
Jul 15 01:20:37.724948 np0000185384 devstack@n-api-meta.service[106971]: [pid: 106971|app: 0|req: 2/6] 199.204.45.4 () {40 vars in 696 bytes} [Wed Jul 15 01:20:37 2026] GET /openstack/2018-08-27/vendor_data2.json => generated 14 bytes in 2 msecs (HTTP/1.1 200) 3 headers in 90 bytes (1 switches on core 0)
Jul 15 01:20:37.730930 np0000185384 devstack@n-api-meta.service[106972]: DEBUG nova.api.metadata.handler [None req-831a84f0-5c99-4b30-abfd-c449c54df5db None None] Metadata request headers: {'Host': '199.204.45.4:8775', 'User-Agent': 'python-requests/2.34.2', 'Accept-Encoding': 'gzip, deflate', 'Accept': '*/*', 'Connection': 'keep-alive', 'X-Forwarded-For': '192.168.24.162', 'X-Instance-Id': '6b082d5c-5477-48ff-a59d-9ae5ad72c48f', 'X-Tenant-Id': '9ab33810a9d7439483060aea35fae9ff', 'X-Instance-Id-Signature': '77b449dbe746eb3e7e97937d5c5dff2be74f5ce37d53f4f5406da043b24bca31'} {{(pid=106972) __call__ /opt/stack/nova/nova/api/metadata/handler.py:109}}
Jul 15 01:20:37.734130 np0000185384 devstack@n-api-meta.service[106972]: DEBUG nova.api.metadata.handler [None req-831a84f0-5c99-4b30-abfd-c449c54df5db None None] Using cached metadata for instance 6b082d5c-5477-48ff-a59d-9ae5ad72c48f {{(pid=106972) get_metadata_by_instance_id /opt/stack/nova/nova/api/metadata/handler.py:84}}
Jul 15 01:20:37.734809 np0000185384 devstack@n-api-meta.service[106972]: [pid: 106972|app: 0|req: 2/7] 199.204.45.4 () {40 vars in 696 bytes} [Wed Jul 15 01:20:37 2026] GET /openstack/2018-08-27/network_data.json => generated 348 bytes in 4 msecs (HTTP/1.1 200) 3 headers in 100 bytes (1 switches on core 0)
Jul 15 01:20:37.742279 np0000185384 devstack@n-api-meta.service[106970]: DEBUG nova.api.metadata.handler [None req-ebda0517-2d86-4fd6-829f-2d54682a7ba6 None None] Metadata request headers: {'Host': '199.204.45.4:8775', 'User-Agent': 'python-requests/2.34.2', 'Accept-Encoding': 'gzip, deflate', 'Accept': '*/*', 'Connection': 'keep-alive', 'X-Forwarded-For': '192.168.24.162', 'X-Instance-Id': '6b082d5c-5477-48ff-a59d-9ae5ad72c48f', 'X-Tenant-Id': '9ab33810a9d7439483060aea35fae9ff', 'X-Instance-Id-Signature': '77b449dbe746eb3e7e97937d5c5dff2be74f5ce37d53f4f5406da043b24bca31'} {{(pid=106970) __call__ /opt/stack/nova/nova/api/metadata/handler.py:109}}
Jul 15 01:20:37.744793 np0000185384 devstack@n-api-meta.service[106970]: DEBUG nova.api.metadata.handler [None req-ebda0517-2d86-4fd6-829f-2d54682a7ba6 None None] Using cached metadata for instance 6b082d5c-5477-48ff-a59d-9ae5ad72c48f {{(pid=106970) get_metadata_by_instance_id /opt/stack/nova/nova/api/metadata/handler.py:84}}
Jul 15 01:20:37.745532 np0000185384 devstack@n-api-meta.service[106970]: [pid: 106970|app: 0|req: 2/8] 199.204.45.4 () {40 vars in 654 bytes} [Wed Jul 15 01:20:37 2026] GET /latest/meta-data/ => generated 210 bytes in 4 msecs (HTTP/1.1 200) 3 headers in 100 bytes (1 switches on core 0)
Jul 15 01:20:37.750818 np0000185384 devstack@n-api-meta.service[106973]: DEBUG nova.api.metadata.handler [None req-015452f7-ee2a-4111-b7c2-7b6c1e851206 None None] Metadata request headers: {'Host': '199.204.45.4:8775', 'User-Agent': 'python-requests/2.34.2', 'Accept-Encoding': 'gzip, deflate', 'Accept': '*/*', 'Connection': 'keep-alive', 'X-Forwarded-For': '192.168.24.162', 'X-Instance-Id': '6b082d5c-5477-48ff-a59d-9ae5ad72c48f', 'X-Tenant-Id': '9ab33810a9d7439483060aea35fae9ff', 'X-Instance-Id-Signature': '77b449dbe746eb3e7e97937d5c5dff2be74f5ce37d53f4f5406da043b24bca31'} {{(pid=106973) __call__ /opt/stack/nova/nova/api/metadata/handler.py:109}}
Jul 15 01:20:37.753359 np0000185384 devstack@n-api-meta.service[106973]: DEBUG nova.api.metadata.handler [None req-015452f7-ee2a-4111-b7c2-7b6c1e851206 None None] Using cached metadata for instance 6b082d5c-5477-48ff-a59d-9ae5ad72c48f {{(pid=106973) get_metadata_by_instance_id /opt/stack/nova/nova/api/metadata/handler.py:84}}
Jul 15 01:20:37.754173 np0000185384 devstack@n-api-meta.service[106973]: [pid: 106973|app: 0|req: 3/9] 199.204.45.4 () {40 vars in 696 bytes} [Wed Jul 15 01:20:37 2026] GET /latest/meta-data/block-device-mapping/ => generated 8 bytes in 4 msecs (HTTP/1.1 200) 3 headers in 98 bytes (1 switches on core 0)
Jul 15 01:20:37.761559 np0000185384 devstack@n-api-meta.service[106971]: DEBUG nova.api.metadata.handler [None req-edb38dde-4a3c-4066-a480-5d76e8c1d487 None None] Metadata request headers: {'Host': '199.204.45.4:8775', 'User-Agent': 'python-requests/2.34.2', 'Accept-Encoding': 'gzip, deflate', 'Accept': '*/*', 'Connection': 'keep-alive', 'X-Forwarded-For': '192.168.24.162', 'X-Instance-Id': '6b082d5c-5477-48ff-a59d-9ae5ad72c48f', 'X-Tenant-Id': '9ab33810a9d7439483060aea35fae9ff', 'X-Instance-Id-Signature': '77b449dbe746eb3e7e97937d5c5dff2be74f5ce37d53f4f5406da043b24bca31'} {{(pid=106971) __call__ /opt/stack/nova/nova/api/metadata/handler.py:109}}
Jul 15 01:20:37.763179 np0000185384 devstack@n-api-meta.service[106971]: DEBUG nova.api.metadata.handler [None req-edb38dde-4a3c-4066-a480-5d76e8c1d487 None None] Using cached metadata for instance 6b082d5c-5477-48ff-a59d-9ae5ad72c48f {{(pid=106971) get_metadata_by_instance_id /opt/stack/nova/nova/api/metadata/handler.py:84}}
Jul 15 01:20:37.763646 np0000185384 devstack@n-api-meta.service[106971]: [pid: 106971|app: 0|req: 3/10] 199.204.45.4 () {40 vars in 703 bytes} [Wed Jul 15 01:20:37 2026] GET /latest/meta-data/block-device-mapping/ami => generated 3 bytes in 2 msecs (HTTP/1.1 200) 3 headers in 98 bytes (1 switches on core 0)
Jul 15 01:20:37.770993 np0000185384 devstack@n-api-meta.service[106972]: DEBUG nova.api.metadata.handler [None req-831a84f0-5c99-4b30-abfd-c449c54df5db None None] Metadata request headers: {'Host': '199.204.45.4:8775', 'User-Agent': 'python-requests/2.34.2', 'Accept-Encoding': 'gzip, deflate', 'Accept': '*/*', 'Connection': 'keep-alive', 'X-Forwarded-For': '192.168.24.162', 'X-Instance-Id': '6b082d5c-5477-48ff-a59d-9ae5ad72c48f', 'X-Tenant-Id': '9ab33810a9d7439483060aea35fae9ff', 'X-Instance-Id-Signature': '77b449dbe746eb3e7e97937d5c5dff2be74f5ce37d53f4f5406da043b24bca31'} {{(pid=106972) __call__ /opt/stack/nova/nova/api/metadata/handler.py:109}}
Jul 15 01:20:37.773556 np0000185384 devstack@n-api-meta.service[106972]: DEBUG nova.api.metadata.handler [None req-831a84f0-5c99-4b30-abfd-c449c54df5db None None] Using cached metadata for instance 6b082d5c-5477-48ff-a59d-9ae5ad72c48f {{(pid=106972) get_metadata_by_instance_id /opt/stack/nova/nova/api/metadata/handler.py:84}}
Jul 15 01:20:37.774237 np0000185384 devstack@n-api-meta.service[106972]: [pid: 106972|app: 0|req: 3/11] 199.204.45.4 () {40 vars in 705 bytes} [Wed Jul 15 01:20:37 2026] GET /latest/meta-data/block-device-mapping/root => generated 8 bytes in 4 msecs (HTTP/1.1 200) 3 headers in 98 bytes (1 switches on core 0)
Jul 15 01:20:37.781066 np0000185384 devstack@n-api-meta.service[106970]: DEBUG nova.api.metadata.handler [None req-ebda0517-2d86-4fd6-829f-2d54682a7ba6 None None] Metadata request headers: {'Host': '199.204.45.4:8775', 'User-Agent': 'python-requests/2.34.2', 'Accept-Encoding': 'gzip, deflate', 'Accept': '*/*', 'Connection': 'keep-alive', 'X-Forwarded-For': '192.168.24.162', 'X-Instance-Id': '6b082d5c-5477-48ff-a59d-9ae5ad72c48f', 'X-Tenant-Id': '9ab33810a9d7439483060aea35fae9ff', 'X-Instance-Id-Signature': '77b449dbe746eb3e7e97937d5c5dff2be74f5ce37d53f4f5406da043b24bca31'} {{(pid=106970) __call__ /opt/stack/nova/nova/api/metadata/handler.py:109}}
Jul 15 01:20:37.783118 np0000185384 devstack@n-api-meta.service[106970]: DEBUG nova.api.metadata.handler [None req-ebda0517-2d86-4fd6-829f-2d54682a7ba6 None None] Using cached metadata for instance 6b082d5c-5477-48ff-a59d-9ae5ad72c48f {{(pid=106970) get_metadata_by_instance_id /opt/stack/nova/nova/api/metadata/handler.py:84}}
Jul 15 01:20:37.783476 np0000185384 devstack@n-api-meta.service[106970]: [pid: 106970|app: 0|req: 3/12] 199.204.45.4 () {40 vars in 675 bytes} [Wed Jul 15 01:20:37 2026] GET /latest/meta-data/placement/ => generated 17 bytes in 3 msecs (HTTP/1.1 200) 3 headers in 99 bytes (1 switches on core 0)
Jul 15 01:20:37.791474 np0000185384 devstack@n-api-meta.service[106973]: DEBUG nova.api.metadata.handler [None req-015452f7-ee2a-4111-b7c2-7b6c1e851206 None None] Metadata request headers: {'Host': '199.204.45.4:8775', 'User-Agent': 'python-requests/2.34.2', 'Accept-Encoding': 'gzip, deflate', 'Accept': '*/*', 'Connection': 'keep-alive', 'X-Forwarded-For': '192.168.24.162', 'X-Instance-Id': '6b082d5c-5477-48ff-a59d-9ae5ad72c48f', 'X-Tenant-Id': '9ab33810a9d7439483060aea35fae9ff', 'X-Instance-Id-Signature': '77b449dbe746eb3e7e97937d5c5dff2be74f5ce37d53f4f5406da043b24bca31'} {{(pid=106973) __call__ /opt/stack/nova/nova/api/metadata/handler.py:109}}
Jul 15 01:20:37.794114 np0000185384 devstack@n-api-meta.service[106973]: DEBUG nova.api.metadata.handler [None req-015452f7-ee2a-4111-b7c2-7b6c1e851206 None None] Using cached metadata for instance 6b082d5c-5477-48ff-a59d-9ae5ad72c48f {{(pid=106973) get_metadata_by_instance_id /opt/stack/nova/nova/api/metadata/handler.py:84}}
Jul 15 01:20:37.794750 np0000185384 devstack@n-api-meta.service[106973]: [pid: 106973|app: 0|req: 4/13] 199.204.45.4 () {40 vars in 709 bytes} [Wed Jul 15 01:20:37 2026] GET /latest/meta-data/placement/availability-zone => generated 4 bytes in 4 msecs (HTTP/1.1 200) 3 headers in 98 bytes (1 switches on core 0)
Jul 15 01:20:37.801324 np0000185384 devstack@n-api-meta.service[106971]: DEBUG nova.api.metadata.handler [None req-edb38dde-4a3c-4066-a480-5d76e8c1d487 None None] Metadata request headers: {'Host': '199.204.45.4:8775', 'User-Agent': 'python-requests/2.34.2', 'Accept-Encoding': 'gzip, deflate', 'Accept': '*/*', 'Connection': 'keep-alive', 'X-Forwarded-For': '192.168.24.162', 'X-Instance-Id': '6b082d5c-5477-48ff-a59d-9ae5ad72c48f', 'X-Tenant-Id': '9ab33810a9d7439483060aea35fae9ff', 'X-Instance-Id-Signature': '77b449dbe746eb3e7e97937d5c5dff2be74f5ce37d53f4f5406da043b24bca31'} {{(pid=106971) __call__ /opt/stack/nova/nova/api/metadata/handler.py:109}}
Jul 15 01:20:37.803014 np0000185384 devstack@n-api-meta.service[106971]: DEBUG nova.api.metadata.handler [None req-edb38dde-4a3c-4066-a480-5d76e8c1d487 None None] Using cached metadata for instance 6b082d5c-5477-48ff-a59d-9ae5ad72c48f {{(pid=106971) get_metadata_by_instance_id /opt/stack/nova/nova/api/metadata/handler.py:84}}
Jul 15 01:20:37.803396 np0000185384 devstack@n-api-meta.service[106971]: [pid: 106971|app: 0|req: 4/14] 199.204.45.4 () {40 vars in 667 bytes} [Wed Jul 15 01:20:37 2026] GET /latest/meta-data/ami-id => generated 12 bytes in 2 msecs (HTTP/1.1 200) 3 headers in 99 bytes (1 switches on core 0)
Jul 15 01:20:37.809662 np0000185384 devstack@n-api-meta.service[106972]: DEBUG nova.api.metadata.handler [None req-831a84f0-5c99-4b30-abfd-c449c54df5db None None] Metadata request headers: {'Host': '199.204.45.4:8775', 'User-Agent': 'python-requests/2.34.2', 'Accept-Encoding': 'gzip, deflate', 'Accept': '*/*', 'Connection': 'keep-alive', 'X-Forwarded-For': '192.168.24.162', 'X-Instance-Id': '6b082d5c-5477-48ff-a59d-9ae5ad72c48f', 'X-Tenant-Id': '9ab33810a9d7439483060aea35fae9ff', 'X-Instance-Id-Signature': '77b449dbe746eb3e7e97937d5c5dff2be74f5ce37d53f4f5406da043b24bca31'} {{(pid=106972) __call__ /opt/stack/nova/nova/api/metadata/handler.py:109}}
Jul 15 01:20:37.812454 np0000185384 devstack@n-api-meta.service[106972]: DEBUG nova.api.metadata.handler [None req-831a84f0-5c99-4b30-abfd-c449c54df5db None None] Using cached metadata for instance 6b082d5c-5477-48ff-a59d-9ae5ad72c48f {{(pid=106972) get_metadata_by_instance_id /opt/stack/nova/nova/api/metadata/handler.py:84}}
Jul 15 01:20:37.813038 np0000185384 devstack@n-api-meta.service[106972]: [pid: 106972|app: 0|req: 4/15] 199.204.45.4 () {40 vars in 687 bytes} [Wed Jul 15 01:20:37 2026] GET /latest/meta-data/ami-launch-index => generated 1 bytes in 4 msecs (HTTP/1.1 200) 3 headers in 98 bytes (1 switches on core 0)
Jul 15 01:20:37.818990 np0000185384 devstack@n-api-meta.service[106970]: DEBUG nova.api.metadata.handler [None req-ebda0517-2d86-4fd6-829f-2d54682a7ba6 None None] Metadata request headers: {'Host': '199.204.45.4:8775', 'User-Agent': 'python-requests/2.34.2', 'Accept-Encoding': 'gzip, deflate', 'Accept': '*/*', 'Connection': 'keep-alive', 'X-Forwarded-For': '192.168.24.162', 'X-Instance-Id': '6b082d5c-5477-48ff-a59d-9ae5ad72c48f', 'X-Tenant-Id': '9ab33810a9d7439483060aea35fae9ff', 'X-Instance-Id-Signature': '77b449dbe746eb3e7e97937d5c5dff2be74f5ce37d53f4f5406da043b24bca31'} {{(pid=106970) __call__ /opt/stack/nova/nova/api/metadata/handler.py:109}}
Jul 15 01:20:37.821376 np0000185384 devstack@n-api-meta.service[106970]: DEBUG nova.api.metadata.handler [None req-ebda0517-2d86-4fd6-829f-2d54682a7ba6 None None] Using cached metadata for instance 6b082d5c-5477-48ff-a59d-9ae5ad72c48f {{(pid=106970) get_metadata_by_instance_id /opt/stack/nova/nova/api/metadata/handler.py:84}}
Jul 15 01:20:37.821964 np0000185384 devstack@n-api-meta.service[106970]: [pid: 106970|app: 0|req: 4/16] 199.204.45.4 () {40 vars in 689 bytes} [Wed Jul 15 01:20:37 2026] GET /latest/meta-data/ami-manifest-path => generated 5 bytes in 3 msecs (HTTP/1.1 200) 3 headers in 98 bytes (1 switches on core 0)
Jul 15 01:20:37.829157 np0000185384 devstack@n-api-meta.service[106973]: DEBUG nova.api.metadata.handler [None req-015452f7-ee2a-4111-b7c2-7b6c1e851206 None None] Metadata request headers: {'Host': '199.204.45.4:8775', 'User-Agent': 'python-requests/2.34.2', 'Accept-Encoding': 'gzip, deflate', 'Accept': '*/*', 'Connection': 'keep-alive', 'X-Forwarded-For': '192.168.24.162', 'X-Instance-Id': '6b082d5c-5477-48ff-a59d-9ae5ad72c48f', 'X-Tenant-Id': '9ab33810a9d7439483060aea35fae9ff', 'X-Instance-Id-Signature': '77b449dbe746eb3e7e97937d5c5dff2be74f5ce37d53f4f5406da043b24bca31'} {{(pid=106973) __call__ /opt/stack/nova/nova/api/metadata/handler.py:109}}
Jul 15 01:20:37.831207 np0000185384 devstack@n-api-meta.service[106973]: DEBUG nova.api.metadata.handler [None req-015452f7-ee2a-4111-b7c2-7b6c1e851206 None None] Using cached metadata for instance 6b082d5c-5477-48ff-a59d-9ae5ad72c48f {{(pid=106973) get_metadata_by_instance_id /opt/stack/nova/nova/api/metadata/handler.py:84}}
Jul 15 01:20:37.831894 np0000185384 devstack@n-api-meta.service[106973]: [pid: 106973|app: 0|req: 5/17] 199.204.45.4 () {40 vars in 671 bytes} [Wed Jul 15 01:20:37 2026] GET /latest/meta-data/hostname => generated 32 bytes in 4 msecs (HTTP/1.1 200) 3 headers in 99 bytes (1 switches on core 0)
Jul 15 01:20:37.838102 np0000185384 devstack@n-api-meta.service[106971]: DEBUG nova.api.metadata.handler [None req-edb38dde-4a3c-4066-a480-5d76e8c1d487 None None] Metadata request headers: {'Host': '199.204.45.4:8775', 'User-Agent': 'python-requests/2.34.2', 'Accept-Encoding': 'gzip, deflate', 'Accept': '*/*', 'Connection': 'keep-alive', 'X-Forwarded-For': '192.168.24.162', 'X-Instance-Id': '6b082d5c-5477-48ff-a59d-9ae5ad72c48f', 'X-Tenant-Id': '9ab33810a9d7439483060aea35fae9ff', 'X-Instance-Id-Signature': '77b449dbe746eb3e7e97937d5c5dff2be74f5ce37d53f4f5406da043b24bca31'} {{(pid=106971) __call__ /opt/stack/nova/nova/api/metadata/handler.py:109}}
Jul 15 01:20:37.840696 np0000185384 devstack@n-api-meta.service[106971]: DEBUG nova.api.metadata.handler [None req-edb38dde-4a3c-4066-a480-5d76e8c1d487 None None] Using cached metadata for instance 6b082d5c-5477-48ff-a59d-9ae5ad72c48f {{(pid=106971) get_metadata_by_instance_id /opt/stack/nova/nova/api/metadata/handler.py:84}}
