Jul 15 01:15:31.639083 np0000185384 systemd[1]: Starting devstack@n-api-meta.service - Devstack devstack@n-api-meta.service...
Jul 15 01:15:31.646734 np0000185384 devstack@n-api-meta.service[106968]: [uWSGI] getting INI configuration from /etc/nova/nova-metadata-uwsgi.ini
Jul 15 01:15:31.649837 np0000185384 devstack@n-api-meta.service[106968]: *** Starting uWSGI 2.0.24-debian (64bit) on [Wed Jul 15 01:15:31 2026] ***
Jul 15 01:15:31.649837 np0000185384 devstack@n-api-meta.service[106968]: compiled with version: 13.2.0 on 17 April 2024 16:23:48
Jul 15 01:15:31.649837 np0000185384 devstack@n-api-meta.service[106968]: os: Linux-6.8.0-134-generic #134-Ubuntu SMP PREEMPT_DYNAMIC Fri Jun 26 18:43:11 UTC 2026
Jul 15 01:15:31.649837 np0000185384 devstack@n-api-meta.service[106968]: nodename: np0000185384
Jul 15 01:15:31.649837 np0000185384 devstack@n-api-meta.service[106968]: machine: x86_64
Jul 15 01:15:31.649837 np0000185384 devstack@n-api-meta.service[106968]: clock source: unix
Jul 15 01:15:31.649837 np0000185384 devstack@n-api-meta.service[106968]: pcre jit disabled
Jul 15 01:15:31.649837 np0000185384 devstack@n-api-meta.service[106968]: detected number of CPU cores: 16
Jul 15 01:15:31.649837 np0000185384 devstack@n-api-meta.service[106968]: current working directory: /
Jul 15 01:15:31.649837 np0000185384 devstack@n-api-meta.service[106968]: detected binary path: /usr/bin/uwsgi-core
Jul 15 01:15:31.649837 np0000185384 devstack@n-api-meta.service[106968]: your processes number limit is 256916
Jul 15 01:15:31.649837 np0000185384 devstack@n-api-meta.service[106968]: your memory page size is 4096 bytes
Jul 15 01:15:31.649837 np0000185384 devstack@n-api-meta.service[106968]: detected max file descriptor number: 2048
Jul 15 01:15:31.649837 np0000185384 devstack@n-api-meta.service[106968]: lock engine: pthread robust mutexes
Jul 15 01:15:31.650643 np0000185384 devstack@n-api-meta.service[106968]: thunder lock: enabled
Jul 15 01:15:31.650643 np0000185384 devstack@n-api-meta.service[106968]: uWSGI http bound on 0.0.0.0:8775 fd 5
Jul 15 01:15:31.650643 np0000185384 devstack@n-api-meta.service[106968]: uwsgi socket 0 bound to TCP address 127.0.0.1:40529 (port auto-assigned) fd 4
Jul 15 01:15:31.650643 np0000185384 devstack@n-api-meta.service[106968]: Python version: 3.12.3 (main, Jun 19 2026, 12:46:00) [GCC 13.3.0]
Jul 15 01:15:31.650643 np0000185384 devstack@n-api-meta.service[106968]: PEP 405 virtualenv detected: /opt/stack/data/venv
Jul 15 01:15:31.650643 np0000185384 devstack@n-api-meta.service[106968]: Set PythonHome to /opt/stack/data/venv
Jul 15 01:15:31.686295 np0000185384 devstack@n-api-meta.service[106968]: Python main interpreter initialized at 0x6ffed66a4668
Jul 15 01:15:31.686295 np0000185384 devstack@n-api-meta.service[106968]: python threads support enabled
Jul 15 01:15:31.686295 np0000185384 devstack@n-api-meta.service[106968]: your server socket listen backlog is limited to 100 connections
Jul 15 01:15:31.686295 np0000185384 devstack@n-api-meta.service[106968]: your mercy for graceful operations on workers is 80 seconds
Jul 15 01:15:31.686836 np0000185384 devstack@n-api-meta.service[106968]: mapped 671795 bytes (656 KB) for 4 cores
Jul 15 01:15:31.686946 np0000185384 devstack@n-api-meta.service[106968]: *** Operational MODE: preforking ***
Jul 15 01:15:31.687104 np0000185384 devstack@n-api-meta.service[106968]: *** uWSGI is running in multiple interpreter mode ***
Jul 15 01:15:31.687104 np0000185384 devstack@n-api-meta.service[106968]: spawned uWSGI master process (pid: 106968)
Jul 15 01:15:31.687228 np0000185384 systemd[1]: Started devstack@n-api-meta.service - Devstack devstack@n-api-meta.service.
Jul 15 01:15:31.687819 np0000185384 devstack@n-api-meta.service[106968]: spawned uWSGI worker 1 (pid: 106970, cores: 1)
Jul 15 01:15:31.688357 np0000185384 devstack@n-api-meta.service[106968]: spawned uWSGI worker 2 (pid: 106971, cores: 1)
Jul 15 01:15:31.688869 np0000185384 devstack@n-api-meta.service[106968]: spawned uWSGI worker 3 (pid: 106972, cores: 1)
Jul 15 01:15:31.689372 np0000185384 devstack@n-api-meta.service[106968]: spawned uWSGI worker 4 (pid: 106973, cores: 1)
Jul 15 01:15:31.689893 np0000185384 devstack@n-api-meta.service[106968]: spawned uWSGI http 1 (pid: 106974)
Jul 15 01:15:31.689893 np0000185384 devstack@n-api-meta.service[106968]: running "unix_signal:15 gracefully_kill_them_all" (master-start)...
Jul 15 01:15:33.294374 np0000185384 devstack@n-api-meta.service[106973]: INFO dbcounter [None req-43cc8dd8-3525-4675-a7a0-4cbfad021476 None None] Registered counter for database nova_api
Jul 15 01:15:33.323697 np0000185384 devstack@n-api-meta.service[106972]: INFO dbcounter [None req-831a84f0-5c99-4b30-abfd-c449c54df5db None None] Registered counter for database nova_api
Jul 15 01:15:33.324543 np0000185384 devstack@n-api-meta.service[106971]: INFO dbcounter [None req-edb38dde-4a3c-4066-a480-5d76e8c1d487 None None] Registered counter for database nova_api
Jul 15 01:15:33.339776 np0000185384 devstack@n-api-meta.service[106973]: DEBUG oslo_db.sqlalchemy.engines [None req-43cc8dd8-3525-4675-a7a0-4cbfad021476 None None] MySQL server mode set to STRICT_TRANS_TABLES,STRICT_ALL_TABLES,NO_ZERO_IN_DATE,NO_ZERO_DATE,ERROR_FOR_DIVISION_BY_ZERO,TRADITIONAL,NO_ENGINE_SUBSTITUTION {{(pid=106973) _check_effective_sql_mode /opt/stack/data/venv/lib/python3.12/site-packages/oslo_db/sqlalchemy/engines.py:325}}
Jul 15 01:15:33.370037 np0000185384 devstack@n-api-meta.service[106972]: DEBUG oslo_db.sqlalchemy.engines [None req-831a84f0-5c99-4b30-abfd-c449c54df5db None None] MySQL server mode set to STRICT_TRANS_TABLES,STRICT_ALL_TABLES,NO_ZERO_IN_DATE,NO_ZERO_DATE,ERROR_FOR_DIVISION_BY_ZERO,TRADITIONAL,NO_ENGINE_SUBSTITUTION {{(pid=106972) _check_effective_sql_mode /opt/stack/data/venv/lib/python3.12/site-packages/oslo_db/sqlalchemy/engines.py:325}}
Jul 15 01:15:33.370933 np0000185384 devstack@n-api-meta.service[106973]: DEBUG dbcounter [-] [106973] Writer thread running {{(pid=106973) stat_writer /opt/stack/data/venv/lib/python3.12/site-packages/dbcounter.py:102}}
Jul 15 01:15:33.373139 np0000185384 devstack@n-api-meta.service[106973]: DEBUG nova.context [None req-43cc8dd8-3525-4675-a7a0-4cbfad021476 None None] Found 2 cells: 00000000-0000-0000-0000-000000000000(cell0),5764b5b8-2159-4073-ad1b-023da22ba04a(cell1) {{(pid=106973) load_cells /opt/stack/nova/nova/context.py:509}}
Jul 15 01:15:33.373355 np0000185384 devstack@n-api-meta.service[106973]: INFO nova.utils [None req-43cc8dd8-3525-4675-a7a0-4cbfad021476 None None] The cell worker thread pool MainProcess.cell_worker is initialized
Jul 15 01:15:33.374956 np0000185384 devstack@n-api-meta.service[106971]: DEBUG oslo_db.sqlalchemy.engines [None req-edb38dde-4a3c-4066-a480-5d76e8c1d487 None None] MySQL server mode set to STRICT_TRANS_TABLES,STRICT_ALL_TABLES,NO_ZERO_IN_DATE,NO_ZERO_DATE,ERROR_FOR_DIVISION_BY_ZERO,TRADITIONAL,NO_ENGINE_SUBSTITUTION {{(pid=106971) _check_effective_sql_mode /opt/stack/data/venv/lib/python3.12/site-packages/oslo_db/sqlalchemy/engines.py:325}}
Jul 15 01:15:33.375035 np0000185384 devstack@n-api-meta.service[106973]: DEBUG oslo_concurrency.lockutils [None req-43cc8dd8-3525-4675-a7a0-4cbfad021476 None None] Acquiring lock "00000000-0000-0000-0000-000000000000" by "nova.context.set_target_cell..get_or_set_cached_cell_and_set_connections" {{(pid=106973) inner /opt/stack/data/venv/lib/python3.12/site-packages/oslo_concurrency/lockutils.py:511}}
Jul 15 01:15:33.375232 np0000185384 devstack@n-api-meta.service[106973]: DEBUG oslo_concurrency.lockutils [None req-43cc8dd8-3525-4675-a7a0-4cbfad021476 None None] Lock "00000000-0000-0000-0000-000000000000" acquired by "nova.context.set_target_cell..get_or_set_cached_cell_and_set_connections" :: waited 0.000s {{(pid=106973) inner /opt/stack/data/venv/lib/python3.12/site-packages/oslo_concurrency/lockutils.py:524}}
Jul 15 01:15:33.375562 np0000185384 devstack@n-api-meta.service[106973]: DEBUG oslo_concurrency.lockutils [None req-43cc8dd8-3525-4675-a7a0-4cbfad021476 None None] Lock "00000000-0000-0000-0000-000000000000" "released" by "nova.context.set_target_cell..get_or_set_cached_cell_and_set_connections" :: held 0.000s {{(pid=106973) inner /opt/stack/data/venv/lib/python3.12/site-packages/oslo_concurrency/lockutils.py:543}}
Jul 15 01:15:33.376325 np0000185384 devstack@n-api-meta.service[106973]: DEBUG oslo_concurrency.lockutils [None req-43cc8dd8-3525-4675-a7a0-4cbfad021476 None None] Acquiring lock "5764b5b8-2159-4073-ad1b-023da22ba04a" by "nova.context.set_target_cell..get_or_set_cached_cell_and_set_connections" {{(pid=106973) inner /opt/stack/data/venv/lib/python3.12/site-packages/oslo_concurrency/lockutils.py:511}}
Jul 15 01:15:33.376493 np0000185384 devstack@n-api-meta.service[106973]: DEBUG oslo_concurrency.lockutils [None req-43cc8dd8-3525-4675-a7a0-4cbfad021476 None None] Lock "5764b5b8-2159-4073-ad1b-023da22ba04a" acquired by "nova.context.set_target_cell..get_or_set_cached_cell_and_set_connections" :: waited 0.000s {{(pid=106973) inner /opt/stack/data/venv/lib/python3.12/site-packages/oslo_concurrency/lockutils.py:524}}
Jul 15 01:15:33.377282 np0000185384 devstack@n-api-meta.service[106973]: DEBUG oslo_concurrency.lockutils [None req-43cc8dd8-3525-4675-a7a0-4cbfad021476 None None] Lock "5764b5b8-2159-4073-ad1b-023da22ba04a" "released" by "nova.context.set_target_cell..get_or_set_cached_cell_and_set_connections" :: held 0.001s {{(pid=106973) inner /opt/stack/data/venv/lib/python3.12/site-packages/oslo_concurrency/lockutils.py:543}}
Jul 15 01:15:33.380599 np0000185384 devstack@n-api-meta.service[106973]: INFO dbcounter [None req-43cc8dd8-3525-4675-a7a0-4cbfad021476 None None] Registered counter for database nova_cell0
Jul 15 01:15:33.385049 np0000185384 devstack@n-api-meta.service[106973]: INFO dbcounter [None req-43cc8dd8-3525-4675-a7a0-4cbfad021476 None None] Registered counter for database nova_cell1
Jul 15 01:15:33.401426 np0000185384 devstack@n-api-meta.service[106972]: DEBUG dbcounter [-] [106972] Writer thread running {{(pid=106972) stat_writer /opt/stack/data/venv/lib/python3.12/site-packages/dbcounter.py:102}}
Jul 15 01:15:33.405136 np0000185384 devstack@n-api-meta.service[106972]: DEBUG nova.context [None req-831a84f0-5c99-4b30-abfd-c449c54df5db None None] Found 2 cells: 00000000-0000-0000-0000-000000000000(cell0),5764b5b8-2159-4073-ad1b-023da22ba04a(cell1) {{(pid=106972) load_cells /opt/stack/nova/nova/context.py:509}}
Jul 15 01:15:33.405136 np0000185384 devstack@n-api-meta.service[106972]: INFO nova.utils [None req-831a84f0-5c99-4b30-abfd-c449c54df5db None None] The cell worker thread pool MainProcess.cell_worker is initialized
Jul 15 01:15:33.405815 np0000185384 devstack@n-api-meta.service[106972]: DEBUG oslo_concurrency.lockutils [None req-831a84f0-5c99-4b30-abfd-c449c54df5db None None] Acquiring lock "00000000-0000-0000-0000-000000000000" by "nova.context.set_target_cell..get_or_set_cached_cell_and_set_connections" {{(pid=106972) inner /opt/stack/data/venv/lib/python3.12/site-packages/oslo_concurrency/lockutils.py:511}}
Jul 15 01:15:33.405985 np0000185384 devstack@n-api-meta.service[106972]: DEBUG oslo_concurrency.lockutils [None req-831a84f0-5c99-4b30-abfd-c449c54df5db None None] Lock "00000000-0000-0000-0000-000000000000" acquired by "nova.context.set_target_cell..get_or_set_cached_cell_and_set_connections" :: waited 0.000s {{(pid=106972) inner /opt/stack/data/venv/lib/python3.12/site-packages/oslo_concurrency/lockutils.py:524}}
Jul 15 01:15:33.406391 np0000185384 devstack@n-api-meta.service[106972]: DEBUG oslo_concurrency.lockutils [None req-831a84f0-5c99-4b30-abfd-c449c54df5db None None] Lock "00000000-0000-0000-0000-000000000000" "released" by "nova.context.set_target_cell..get_or_set_cached_cell_and_set_connections" :: held 0.000s {{(pid=106972) inner /opt/stack/data/venv/lib/python3.12/site-packages/oslo_concurrency/lockutils.py:543}}
Jul 15 01:15:33.408385 np0000185384 devstack@n-api-meta.service[106972]: DEBUG oslo_concurrency.lockutils [None req-831a84f0-5c99-4b30-abfd-c449c54df5db None None] Acquiring lock "5764b5b8-2159-4073-ad1b-023da22ba04a" by "nova.context.set_target_cell..get_or_set_cached_cell_and_set_connections" {{(pid=106972) inner /opt/stack/data/venv/lib/python3.12/site-packages/oslo_concurrency/lockutils.py:511}}
Jul 15 01:15:33.408385 np0000185384 devstack@n-api-meta.service[106972]: DEBUG oslo_concurrency.lockutils [None req-831a84f0-5c99-4b30-abfd-c449c54df5db None None] Lock "5764b5b8-2159-4073-ad1b-023da22ba04a" acquired by "nova.context.set_target_cell..get_or_set_cached_cell_and_set_connections" :: waited 0.000s {{(pid=106972) inner /opt/stack/data/venv/lib/python3.12/site-packages/oslo_concurrency/lockutils.py:524}}
Jul 15 01:15:33.408385 np0000185384 devstack@n-api-meta.service[106972]: DEBUG oslo_concurrency.lockutils [None req-831a84f0-5c99-4b30-abfd-c449c54df5db None None] Lock "5764b5b8-2159-4073-ad1b-023da22ba04a" "released" by "nova.context.set_target_cell..get_or_set_cached_cell_and_set_connections" :: held 0.001s {{(pid=106972) inner /opt/stack/data/venv/lib/python3.12/site-packages/oslo_concurrency/lockutils.py:543}}
Jul 15 01:15:33.408649 np0000185384 devstack@n-api-meta.service[106971]: DEBUG dbcounter [-] [106971] Writer thread running {{(pid=106971) stat_writer /opt/stack/data/venv/lib/python3.12/site-packages/dbcounter.py:102}}
Jul 15 01:15:33.409895 np0000185384 devstack@n-api-meta.service[106972]: INFO dbcounter [None req-831a84f0-5c99-4b30-abfd-c449c54df5db None None] Registered counter for database nova_cell0
Jul 15 01:15:33.410893 np0000185384 devstack@n-api-meta.service[106971]: DEBUG nova.context [None req-edb38dde-4a3c-4066-a480-5d76e8c1d487 None None] Found 2 cells: 00000000-0000-0000-0000-000000000000(cell0),5764b5b8-2159-4073-ad1b-023da22ba04a(cell1) {{(pid=106971) load_cells /opt/stack/nova/nova/context.py:509}}
Jul 15 01:15:33.411080 np0000185384 devstack@n-api-meta.service[106971]: INFO nova.utils [None req-edb38dde-4a3c-4066-a480-5d76e8c1d487 None None] The cell worker thread pool MainProcess.cell_worker is initialized
Jul 15 01:15:33.412574 np0000185384 devstack@n-api-meta.service[106970]: INFO dbcounter [None req-ebda0517-2d86-4fd6-829f-2d54682a7ba6 None None] Registered counter for database nova_api
Jul 15 01:15:33.413046 np0000185384 devstack@n-api-meta.service[106971]: DEBUG oslo_concurrency.lockutils [None req-edb38dde-4a3c-4066-a480-5d76e8c1d487 None None] Acquiring lock "00000000-0000-0000-0000-000000000000" by "nova.context.set_target_cell..get_or_set_cached_cell_and_set_connections" {{(pid=106971) inner /opt/stack/data/venv/lib/python3.12/site-packages/oslo_concurrency/lockutils.py:511}}
Jul 15 01:15:33.413046 np0000185384 devstack@n-api-meta.service[106971]: DEBUG oslo_concurrency.lockutils [None req-edb38dde-4a3c-4066-a480-5d76e8c1d487 None None] Lock "00000000-0000-0000-0000-000000000000" acquired by "nova.context.set_target_cell..get_or_set_cached_cell_and_set_connections" :: waited 0.000s {{(pid=106971) inner /opt/stack/data/venv/lib/python3.12/site-packages/oslo_concurrency/lockutils.py:524}}
Jul 15 01:15:33.413322 np0000185384 devstack@n-api-meta.service[106971]: DEBUG oslo_concurrency.lockutils [None req-edb38dde-4a3c-4066-a480-5d76e8c1d487 None None] Lock "00000000-0000-0000-0000-000000000000" "released" by "nova.context.set_target_cell..get_or_set_cached_cell_and_set_connections" :: held 0.000s {{(pid=106971) inner /opt/stack/data/venv/lib/python3.12/site-packages/oslo_concurrency/lockutils.py:543}}
Jul 15 01:15:33.413861 np0000185384 devstack@n-api-meta.service[106972]: INFO dbcounter [None req-831a84f0-5c99-4b30-abfd-c449c54df5db None None] Registered counter for database nova_cell1
Jul 15 01:15:33.413974 np0000185384 devstack@n-api-meta.service[106971]: DEBUG oslo_concurrency.lockutils [None req-edb38dde-4a3c-4066-a480-5d76e8c1d487 None None] Acquiring lock "5764b5b8-2159-4073-ad1b-023da22ba04a" by "nova.context.set_target_cell..get_or_set_cached_cell_and_set_connections" {{(pid=106971) inner /opt/stack/data/venv/lib/python3.12/site-packages/oslo_concurrency/lockutils.py:511}}
Jul 15 01:15:33.414115 np0000185384 devstack@n-api-meta.service[106971]: DEBUG oslo_concurrency.lockutils [None req-edb38dde-4a3c-4066-a480-5d76e8c1d487 None None] Lock "5764b5b8-2159-4073-ad1b-023da22ba04a" acquired by "nova.context.set_target_cell..get_or_set_cached_cell_and_set_connections" :: waited 0.000s {{(pid=106971) inner /opt/stack/data/venv/lib/python3.12/site-packages/oslo_concurrency/lockutils.py:524}}
Jul 15 01:15:33.415096 np0000185384 devstack@n-api-meta.service[106971]: DEBUG oslo_concurrency.lockutils [None req-edb38dde-4a3c-4066-a480-5d76e8c1d487 None None] Lock "5764b5b8-2159-4073-ad1b-023da22ba04a" "released" by "nova.context.set_target_cell..get_or_set_cached_cell_and_set_connections" :: held 0.001s {{(pid=106971) inner /opt/stack/data/venv/lib/python3.12/site-packages/oslo_concurrency/lockutils.py:543}}
Jul 15 01:15:33.417335 np0000185384 devstack@n-api-meta.service[106971]: INFO dbcounter [None req-edb38dde-4a3c-4066-a480-5d76e8c1d487 None None] Registered counter for database nova_cell0
Jul 15 01:15:33.420845 np0000185384 devstack@n-api-meta.service[106971]: INFO dbcounter [None req-edb38dde-4a3c-4066-a480-5d76e8c1d487 None None] Registered counter for database nova_cell1
Jul 15 01:15:33.430545 np0000185384 devstack@n-api-meta.service[106973]: DEBUG oslo_db.sqlalchemy.engines [None req-43cc8dd8-3525-4675-a7a0-4cbfad021476 None None] MySQL server mode set to STRICT_TRANS_TABLES,STRICT_ALL_TABLES,NO_ZERO_IN_DATE,NO_ZERO_DATE,ERROR_FOR_DIVISION_BY_ZERO,TRADITIONAL,NO_ENGINE_SUBSTITUTION {{(pid=106973) _check_effective_sql_mode /opt/stack/data/venv/lib/python3.12/site-packages/oslo_db/sqlalchemy/engines.py:325}}
Jul 15 01:15:33.436872 np0000185384 devstack@n-api-meta.service[106973]: DEBUG oslo_db.sqlalchemy.engines [None req-43cc8dd8-3525-4675-a7a0-4cbfad021476 None None] MySQL server mode set to STRICT_TRANS_TABLES,STRICT_ALL_TABLES,NO_ZERO_IN_DATE,NO_ZERO_DATE,ERROR_FOR_DIVISION_BY_ZERO,TRADITIONAL,NO_ENGINE_SUBSTITUTION {{(pid=106973) _check_effective_sql_mode /opt/stack/data/venv/lib/python3.12/site-packages/oslo_db/sqlalchemy/engines.py:325}}
Jul 15 01:15:33.464225 np0000185384 devstack@n-api-meta.service[106970]: DEBUG oslo_db.sqlalchemy.engines [None req-ebda0517-2d86-4fd6-829f-2d54682a7ba6 None None] MySQL server mode set to STRICT_TRANS_TABLES,STRICT_ALL_TABLES,NO_ZERO_IN_DATE,NO_ZERO_DATE,ERROR_FOR_DIVISION_BY_ZERO,TRADITIONAL,NO_ENGINE_SUBSTITUTION {{(pid=106970) _check_effective_sql_mode /opt/stack/data/venv/lib/python3.12/site-packages/oslo_db/sqlalchemy/engines.py:325}}
Jul 15 01:15:33.475424 np0000185384 devstack@n-api-meta.service[106972]: DEBUG oslo_db.sqlalchemy.engines [None req-831a84f0-5c99-4b30-abfd-c449c54df5db None None] MySQL server mode set to STRICT_TRANS_TABLES,STRICT_ALL_TABLES,NO_ZERO_IN_DATE,NO_ZERO_DATE,ERROR_FOR_DIVISION_BY_ZERO,TRADITIONAL,NO_ENGINE_SUBSTITUTION {{(pid=106972) _check_effective_sql_mode /opt/stack/data/venv/lib/python3.12/site-packages/oslo_db/sqlalchemy/engines.py:325}}
Jul 15 01:15:33.482902 np0000185384 devstack@n-api-meta.service[106971]: DEBUG oslo_db.sqlalchemy.engines [None req-edb38dde-4a3c-4066-a480-5d76e8c1d487 None None] MySQL server mode set to STRICT_TRANS_TABLES,STRICT_ALL_TABLES,NO_ZERO_IN_DATE,NO_ZERO_DATE,ERROR_FOR_DIVISION_BY_ZERO,TRADITIONAL,NO_ENGINE_SUBSTITUTION {{(pid=106971) _check_effective_sql_mode /opt/stack/data/venv/lib/python3.12/site-packages/oslo_db/sqlalchemy/engines.py:325}}
Jul 15 01:15:33.486608 np0000185384 devstack@n-api-meta.service[106972]: DEBUG oslo_db.sqlalchemy.engines [None req-831a84f0-5c99-4b30-abfd-c449c54df5db None None] MySQL server mode set to STRICT_TRANS_TABLES,STRICT_ALL_TABLES,NO_ZERO_IN_DATE,NO_ZERO_DATE,ERROR_FOR_DIVISION_BY_ZERO,TRADITIONAL,NO_ENGINE_SUBSTITUTION {{(pid=106972) _check_effective_sql_mode /opt/stack/data/venv/lib/python3.12/site-packages/oslo_db/sqlalchemy/engines.py:325}}
Jul 15 01:15:33.496230 np0000185384 devstack@n-api-meta.service[106970]: DEBUG dbcounter [-] [106970] Writer thread running {{(pid=106970) stat_writer /opt/stack/data/venv/lib/python3.12/site-packages/dbcounter.py:102}}
Jul 15 01:15:33.498747 np0000185384 devstack@n-api-meta.service[106970]: DEBUG nova.context [None req-ebda0517-2d86-4fd6-829f-2d54682a7ba6 None None] Found 2 cells: 00000000-0000-0000-0000-000000000000(cell0),5764b5b8-2159-4073-ad1b-023da22ba04a(cell1) {{(pid=106970) load_cells /opt/stack/nova/nova/context.py:509}}
Jul 15 01:15:33.498977 np0000185384 devstack@n-api-meta.service[106970]: INFO nova.utils [None req-ebda0517-2d86-4fd6-829f-2d54682a7ba6 None None] The cell worker thread pool MainProcess.cell_worker is initialized
Jul 15 01:15:33.499849 np0000185384 devstack@n-api-meta.service[106971]: DEBUG oslo_db.sqlalchemy.engines [None req-edb38dde-4a3c-4066-a480-5d76e8c1d487 None None] MySQL server mode set to STRICT_TRANS_TABLES,STRICT_ALL_TABLES,NO_ZERO_IN_DATE,NO_ZERO_DATE,ERROR_FOR_DIVISION_BY_ZERO,TRADITIONAL,NO_ENGINE_SUBSTITUTION {{(pid=106971) _check_effective_sql_mode /opt/stack/data/venv/lib/python3.12/site-packages/oslo_db/sqlalchemy/engines.py:325}}
Jul 15 01:15:33.502164 np0000185384 devstack@n-api-meta.service[106970]: DEBUG oslo_concurrency.lockutils [None req-ebda0517-2d86-4fd6-829f-2d54682a7ba6 None None] Acquiring lock "00000000-0000-0000-0000-000000000000" by "nova.context.set_target_cell..get_or_set_cached_cell_and_set_connections" {{(pid=106970) inner /opt/stack/data/venv/lib/python3.12/site-packages/oslo_concurrency/lockutils.py:511}}
Jul 15 01:15:33.502164 np0000185384 devstack@n-api-meta.service[106970]: DEBUG oslo_concurrency.lockutils [None req-ebda0517-2d86-4fd6-829f-2d54682a7ba6 None None] Lock "00000000-0000-0000-0000-000000000000" acquired by "nova.context.set_target_cell..get_or_set_cached_cell_and_set_connections" :: waited 0.000s {{(pid=106970) inner /opt/stack/data/venv/lib/python3.12/site-packages/oslo_concurrency/lockutils.py:524}}
Jul 15 01:15:33.502164 np0000185384 devstack@n-api-meta.service[106970]: DEBUG oslo_concurrency.lockutils [None req-ebda0517-2d86-4fd6-829f-2d54682a7ba6 None None] Lock "00000000-0000-0000-0000-000000000000" "released" by "nova.context.set_target_cell..get_or_set_cached_cell_and_set_connections" :: held 0.000s {{(pid=106970) inner /opt/stack/data/venv/lib/python3.12/site-packages/oslo_concurrency/lockutils.py:543}}
Jul 15 01:15:33.502164 np0000185384 devstack@n-api-meta.service[106970]: DEBUG oslo_concurrency.lockutils [None req-ebda0517-2d86-4fd6-829f-2d54682a7ba6 None None] Acquiring lock "5764b5b8-2159-4073-ad1b-023da22ba04a" by "nova.context.set_target_cell..get_or_set_cached_cell_and_set_connections" {{(pid=106970) inner /opt/stack/data/venv/lib/python3.12/site-packages/oslo_concurrency/lockutils.py:511}}
Jul 15 01:15:33.502164 np0000185384 devstack@n-api-meta.service[106970]: DEBUG oslo_concurrency.lockutils [None req-ebda0517-2d86-4fd6-829f-2d54682a7ba6 None None] Lock "5764b5b8-2159-4073-ad1b-023da22ba04a" acquired by "nova.context.set_target_cell..get_or_set_cached_cell_and_set_connections" :: waited 0.000s {{(pid=106970) inner /opt/stack/data/venv/lib/python3.12/site-packages/oslo_concurrency/lockutils.py:524}}
Jul 15 01:15:33.503020 np0000185384 devstack@n-api-meta.service[106970]: DEBUG oslo_concurrency.lockutils [None req-ebda0517-2d86-4fd6-829f-2d54682a7ba6 None None] Lock "5764b5b8-2159-4073-ad1b-023da22ba04a" "released" by "nova.context.set_target_cell..get_or_set_cached_cell_and_set_connections" :: held 0.001s {{(pid=106970) inner /opt/stack/data/venv/lib/python3.12/site-packages/oslo_concurrency/lockutils.py:543}}
Jul 15 01:15:33.506175 np0000185384 devstack@n-api-meta.service[106970]: INFO dbcounter [None req-ebda0517-2d86-4fd6-829f-2d54682a7ba6 None None] Registered counter for database nova_cell0
Jul 15 01:15:33.512059 np0000185384 devstack@n-api-meta.service[106970]: INFO dbcounter [None req-ebda0517-2d86-4fd6-829f-2d54682a7ba6 None None] Registered counter for database nova_cell1
Jul 15 01:15:33.523839 np0000185384 devstack@n-api-meta.service[106973]: DEBUG dbcounter [-] [106973] Writer thread running {{(pid=106973) stat_writer /opt/stack/data/venv/lib/python3.12/site-packages/dbcounter.py:102}}
Jul 15 01:15:33.529971 np0000185384 devstack@n-api-meta.service[106973]: DEBUG dbcounter [-] [106973] Writer thread running {{(pid=106973) stat_writer /opt/stack/data/venv/lib/python3.12/site-packages/dbcounter.py:102}}
Jul 15 01:15:33.535059 np0000185384 devstack@n-api-meta.service[106973]: INFO dbcounter [None req-43cc8dd8-3525-4675-a7a0-4cbfad021476 None None] Registered counter for database nova_cell0
Jul 15 01:15:33.570575 np0000185384 devstack@n-api-meta.service[106970]: DEBUG oslo_db.sqlalchemy.engines [None req-ebda0517-2d86-4fd6-829f-2d54682a7ba6 None None] MySQL server mode set to STRICT_TRANS_TABLES,STRICT_ALL_TABLES,NO_ZERO_IN_DATE,NO_ZERO_DATE,ERROR_FOR_DIVISION_BY_ZERO,TRADITIONAL,NO_ENGINE_SUBSTITUTION {{(pid=106970) _check_effective_sql_mode /opt/stack/data/venv/lib/python3.12/site-packages/oslo_db/sqlalchemy/engines.py:325}}
Jul 15 01:15:33.572541 np0000185384 devstack@n-api-meta.service[106972]: DEBUG dbcounter [-] [106972] Writer thread running {{(pid=106972) stat_writer /opt/stack/data/venv/lib/python3.12/site-packages/dbcounter.py:102}}
Jul 15 01:15:33.574948 np0000185384 devstack@n-api-meta.service[106970]: DEBUG oslo_db.sqlalchemy.engines [None req-ebda0517-2d86-4fd6-829f-2d54682a7ba6 None None] MySQL server mode set to STRICT_TRANS_TABLES,STRICT_ALL_TABLES,NO_ZERO_IN_DATE,NO_ZERO_DATE,ERROR_FOR_DIVISION_BY_ZERO,TRADITIONAL,NO_ENGINE_SUBSTITUTION {{(pid=106970) _check_effective_sql_mode /opt/stack/data/venv/lib/python3.12/site-packages/oslo_db/sqlalchemy/engines.py:325}}
Jul 15 01:15:33.579104 np0000185384 devstack@n-api-meta.service[106971]: DEBUG dbcounter [-] [106971] Writer thread running {{(pid=106971) stat_writer /opt/stack/data/venv/lib/python3.12/site-packages/dbcounter.py:102}}
Jul 15 01:15:33.580132 np0000185384 devstack@n-api-meta.service[106972]: DEBUG dbcounter [-] [106972] Writer thread running {{(pid=106972) stat_writer /opt/stack/data/venv/lib/python3.12/site-packages/dbcounter.py:102}}
Jul 15 01:15:33.582419 np0000185384 devstack@n-api-meta.service[106973]: DEBUG oslo_db.sqlalchemy.engines [None req-43cc8dd8-3525-4675-a7a0-4cbfad021476 None None] MySQL server mode set to STRICT_TRANS_TABLES,STRICT_ALL_TABLES,NO_ZERO_IN_DATE,NO_ZERO_DATE,ERROR_FOR_DIVISION_BY_ZERO,TRADITIONAL,NO_ENGINE_SUBSTITUTION {{(pid=106973) _check_effective_sql_mode /opt/stack/data/venv/lib/python3.12/site-packages/oslo_db/sqlalchemy/engines.py:325}}
Jul 15 01:15:33.584448 np0000185384 devstack@n-api-meta.service[106971]: DEBUG dbcounter [-] [106971] Writer thread running {{(pid=106971) stat_writer /opt/stack/data/venv/lib/python3.12/site-packages/dbcounter.py:102}}
Jul 15 01:15:33.586070 np0000185384 devstack@n-api-meta.service[106972]: INFO dbcounter [None req-831a84f0-5c99-4b30-abfd-c449c54df5db None None] Registered counter for database nova_cell0
Jul 15 01:15:33.590625 np0000185384 devstack@n-api-meta.service[106971]: INFO dbcounter [None req-edb38dde-4a3c-4066-a480-5d76e8c1d487 None None] Registered counter for database nova_cell0
Jul 15 01:15:33.590745 np0000185384 devstack@n-api-meta.service[106973]: DEBUG dbcounter [-] [106973] Writer thread running {{(pid=106973) stat_writer /opt/stack/data/venv/lib/python3.12/site-packages/dbcounter.py:102}}
Jul 15 01:15:33.627068 np0000185384 devstack@n-api-meta.service[106971]: DEBUG oslo_db.sqlalchemy.engines [None req-edb38dde-4a3c-4066-a480-5d76e8c1d487 None None] MySQL server mode set to STRICT_TRANS_TABLES,STRICT_ALL_TABLES,NO_ZERO_IN_DATE,NO_ZERO_DATE,ERROR_FOR_DIVISION_BY_ZERO,TRADITIONAL,NO_ENGINE_SUBSTITUTION {{(pid=106971) _check_effective_sql_mode /opt/stack/data/venv/lib/python3.12/site-packages/oslo_db/sqlalchemy/engines.py:325}}
Jul 15 01:15:33.633489 np0000185384 devstack@n-api-meta.service[106971]: DEBUG dbcounter [-] [106971] Writer thread running {{(pid=106971) stat_writer /opt/stack/data/venv/lib/python3.12/site-packages/dbcounter.py:102}}
Jul 15 01:15:33.635236 np0000185384 devstack@n-api-meta.service[106973]: WARNING nova.api.metadata.handler [None req-43cc8dd8-3525-4675-a7a0-4cbfad021476 None None] metadata_proxy_shared_secret is not configured, the metadata information returned by the proxy cannot be trusted
Jul 15 01:15:33.636044 np0000185384 devstack@n-api-meta.service[106972]: DEBUG oslo_db.sqlalchemy.engines [None req-831a84f0-5c99-4b30-abfd-c449c54df5db None None] MySQL server mode set to STRICT_TRANS_TABLES,STRICT_ALL_TABLES,NO_ZERO_IN_DATE,NO_ZERO_DATE,ERROR_FOR_DIVISION_BY_ZERO,TRADITIONAL,NO_ENGINE_SUBSTITUTION {{(pid=106972) _check_effective_sql_mode /opt/stack/data/venv/lib/python3.12/site-packages/oslo_db/sqlalchemy/engines.py:325}}
Jul 15 01:15:33.637471 np0000185384 devstack@n-api-meta.service[106973]: DEBUG nova.api.openstack.wsgi_app [None req-43cc8dd8-3525-4675-a7a0-4cbfad021476 None None] ******************************************************************************** {{(pid=106973) log_opt_values /opt/stack/data/venv/lib/python3.12/site-packages/oslo_config/cfg.py:3226}}
Jul 15 01:15:33.637598 np0000185384 devstack@n-api-meta.service[106973]: DEBUG nova.api.openstack.wsgi_app [None req-43cc8dd8-3525-4675-a7a0-4cbfad021476 None None] Configuration options gathered from: {{(pid=106973) log_opt_values /opt/stack/data/venv/lib/python3.12/site-packages/oslo_config/cfg.py:3227}}
Jul 15 01:15:33.637710 np0000185384 devstack@n-api-meta.service[106973]: DEBUG nova.api.openstack.wsgi_app [None req-43cc8dd8-3525-4675-a7a0-4cbfad021476 None None] command line args: [] {{(pid=106973) log_opt_values /opt/stack/data/venv/lib/python3.12/site-packages/oslo_config/cfg.py:3228}}
Jul 15 01:15:33.637861 np0000185384 devstack@n-api-meta.service[106973]: DEBUG nova.api.openstack.wsgi_app [None req-43cc8dd8-3525-4675-a7a0-4cbfad021476 None None] config files: ['/etc/nova/api-paste.ini', '/etc/nova/nova.conf'] {{(pid=106973) log_opt_values /opt/stack/data/venv/lib/python3.12/site-packages/oslo_config/cfg.py:3229}}
Jul 15 01:15:33.637958 np0000185384 devstack@n-api-meta.service[106973]: DEBUG nova.api.openstack.wsgi_app [None req-43cc8dd8-3525-4675-a7a0-4cbfad021476 None None] ================================================================================ {{(pid=106973) log_opt_values /opt/stack/data/venv/lib/python3.12/site-packages/oslo_config/cfg.py:3234}}
Jul 15 01:15:33.638140 np0000185384 devstack@n-api-meta.service[106973]: DEBUG nova.api.openstack.wsgi_app [None req-43cc8dd8-3525-4675-a7a0-4cbfad021476 None None] allow_resize_to_same_host = True {{(pid=106973) log_opt_values /opt/stack/data/venv/lib/python3.12/site-packages/oslo_config/cfg.py:3242}}
Jul 15 01:15:33.638273 np0000185384 devstack@n-api-meta.service[106973]: DEBUG nova.api.openstack.wsgi_app [None req-43cc8dd8-3525-4675-a7a0-4cbfad021476 None None] arq_binding_timeout = 300 {{(pid=106973) log_opt_values /opt/stack/data/venv/lib/python3.12/site-packages/oslo_config/cfg.py:3242}}
Jul 15 01:15:33.638402 np0000185384 devstack@n-api-meta.service[106973]: DEBUG nova.api.openstack.wsgi_app [None req-43cc8dd8-3525-4675-a7a0-4cbfad021476 None None] block_device_allocate_retries = 60 {{(pid=106973) log_opt_values /opt/stack/data/venv/lib/python3.12/site-packages/oslo_config/cfg.py:3242}}
Jul 15 01:15:33.638585 np0000185384 devstack@n-api-meta.service[106973]: DEBUG nova.api.openstack.wsgi_app [None req-43cc8dd8-3525-4675-a7a0-4cbfad021476 None None] block_device_allocate_retries_interval = 3 {{(pid=106973) log_opt_values /opt/stack/data/venv/lib/python3.12/site-packages/oslo_config/cfg.py:3242}}
Jul 15 01:15:33.638708 np0000185384 devstack@n-api-meta.service[106973]: DEBUG nova.api.openstack.wsgi_app [None req-43cc8dd8-3525-4675-a7a0-4cbfad021476 None None] cell_worker_thread_pool_size = 5 {{(pid=106973) log_opt_values /opt/stack/data/venv/lib/python3.12/site-packages/oslo_config/cfg.py:3242}}
Jul 15 01:15:33.638842 np0000185384 devstack@n-api-meta.service[106973]: DEBUG nova.api.openstack.wsgi_app [None req-43cc8dd8-3525-4675-a7a0-4cbfad021476 None None] cert = self.pem {{(pid=106973) log_opt_values /opt/stack/data/venv/lib/python3.12/site-packages/oslo_config/cfg.py:3242}}
Jul 15 01:15:33.638978 np0000185384 devstack@n-api-meta.service[106973]: DEBUG nova.api.openstack.wsgi_app [None req-43cc8dd8-3525-4675-a7a0-4cbfad021476 None None] compute_driver = libvirt.LibvirtDriver {{(pid=106973) log_opt_values /opt/stack/data/venv/lib/python3.12/site-packages/oslo_config/cfg.py:3242}}
Jul 15 01:15:33.639117 np0000185384 devstack@n-api-meta.service[106973]: DEBUG nova.api.openstack.wsgi_app [None req-43cc8dd8-3525-4675-a7a0-4cbfad021476 None None] compute_monitors = [] {{(pid=106973) log_opt_values /opt/stack/data/venv/lib/python3.12/site-packages/oslo_config/cfg.py:3242}}
Jul 15 01:15:33.639251 np0000185384 devstack@n-api-meta.service[106973]: DEBUG nova.api.openstack.wsgi_app [None req-43cc8dd8-3525-4675-a7a0-4cbfad021476 None None] concurrency_backend = auto {{(pid=106973) log_opt_values /opt/stack/data/venv/lib/python3.12/site-packages/oslo_config/cfg.py:3242}}
Jul 15 01:15:33.639384 np0000185384 devstack@n-api-meta.service[106973]: DEBUG nova.api.openstack.wsgi_app [None req-43cc8dd8-3525-4675-a7a0-4cbfad021476 None None] config_dir = [] {{(pid=106973) log_opt_values /opt/stack/data/venv/lib/python3.12/site-packages/oslo_config/cfg.py:3242}}
Jul 15 01:15:33.639539 np0000185384 devstack@n-api-meta.service[106973]: DEBUG nova.api.openstack.wsgi_app [None req-43cc8dd8-3525-4675-a7a0-4cbfad021476 None None] config_drive_format = iso9660 {{(pid=106973) log_opt_values /opt/stack/data/venv/lib/python3.12/site-packages/oslo_config/cfg.py:3242}}
Jul 15 01:15:33.639645 np0000185384 devstack@n-api-meta.service[106973]: DEBUG nova.api.openstack.wsgi_app [None req-43cc8dd8-3525-4675-a7a0-4cbfad021476 None None] config_file = ['/etc/nova/api-paste.ini', '/etc/nova/nova.conf'] {{(pid=106973) log_opt_values /opt/stack/data/venv/lib/python3.12/site-packages/oslo_config/cfg.py:3242}}
Jul 15 01:15:33.639775 np0000185384 devstack@n-api-meta.service[106973]: DEBUG nova.api.openstack.wsgi_app [None req-43cc8dd8-3525-4675-a7a0-4cbfad021476 None None] config_source = [] {{(pid=106973) log_opt_values /opt/stack/data/venv/lib/python3.12/site-packages/oslo_config/cfg.py:3242}}
Jul 15 01:15:33.639907 np0000185384 devstack@n-api-meta.service[106973]: DEBUG nova.api.openstack.wsgi_app [None req-43cc8dd8-3525-4675-a7a0-4cbfad021476 None None] console_host = np0000185384 {{(pid=106973) log_opt_values /opt/stack/data/venv/lib/python3.12/site-packages/oslo_config/cfg.py:3242}}
Jul 15 01:15:33.640041 np0000185384 devstack@n-api-meta.service[106973]: DEBUG nova.api.openstack.wsgi_app [None req-43cc8dd8-3525-4675-a7a0-4cbfad021476 None None] control_exchange = nova {{(pid=106973) log_opt_values /opt/stack/data/venv/lib/python3.12/site-packages/oslo_config/cfg.py:3242}}
Jul 15 01:15:33.640165 np0000185384 devstack@n-api-meta.service[106973]: DEBUG nova.api.openstack.wsgi_app [None req-43cc8dd8-3525-4675-a7a0-4cbfad021476 None None] cpu_allocation_ratio = None {{(pid=106973) log_opt_values /opt/stack/data/venv/lib/python3.12/site-packages/oslo_config/cfg.py:3242}}
Jul 15 01:15:33.640291 np0000185384 devstack@n-api-meta.service[106973]: DEBUG nova.api.openstack.wsgi_app [None req-43cc8dd8-3525-4675-a7a0-4cbfad021476 None None] daemon = False {{(pid=106973) log_opt_values /opt/stack/data/venv/lib/python3.12/site-packages/oslo_config/cfg.py:3242}}
Jul 15 01:15:33.640421 np0000185384 devstack@n-api-meta.service[106973]: DEBUG nova.api.openstack.wsgi_app [None req-43cc8dd8-3525-4675-a7a0-4cbfad021476 None None] debug = True {{(pid=106973) log_opt_values /opt/stack/data/venv/lib/python3.12/site-packages/oslo_config/cfg.py:3242}}
Jul 15 01:15:33.640565 np0000185384 devstack@n-api-meta.service[106973]: DEBUG nova.api.openstack.wsgi_app [None req-43cc8dd8-3525-4675-a7a0-4cbfad021476 None None] default_access_ip_network_name = None {{(pid=106973) log_opt_values /opt/stack/data/venv/lib/python3.12/site-packages/oslo_config/cfg.py:3242}}
Jul 15 01:15:33.640701 np0000185384 devstack@n-api-meta.service[106973]: DEBUG nova.api.openstack.wsgi_app [None req-43cc8dd8-3525-4675-a7a0-4cbfad021476 None None] default_availability_zone = nova {{(pid=106973) log_opt_values /opt/stack/data/venv/lib/python3.12/site-packages/oslo_config/cfg.py:3242}}
Jul 15 01:15:33.640832 np0000185384 devstack@n-api-meta.service[106973]: DEBUG nova.api.openstack.wsgi_app [None req-43cc8dd8-3525-4675-a7a0-4cbfad021476 None None] default_ephemeral_format = ext4 {{(pid=106973) log_opt_values /opt/stack/data/venv/lib/python3.12/site-packages/oslo_config/cfg.py:3242}}
Jul 15 01:15:33.640959 np0000185384 devstack@n-api-meta.service[106973]: DEBUG nova.api.openstack.wsgi_app [None req-43cc8dd8-3525-4675-a7a0-4cbfad021476 None None] default_green_pool_size = 1000 {{(pid=106973) log_opt_values /opt/stack/data/venv/lib/python3.12/site-packages/oslo_config/cfg.py:3242}}
Jul 15 01:15:33.641225 np0000185384 devstack@n-api-meta.service[106973]: DEBUG nova.api.openstack.wsgi_app [None req-43cc8dd8-3525-4675-a7a0-4cbfad021476 None None] default_log_levels = ['amqp=WARN', 'boto=WARN', 'sqlalchemy=WARN', 'suds=INFO', 'oslo.messaging=INFO', 'oslo_messaging=INFO', 'iso8601=WARN', 'requests.packages.urllib3.connectionpool=WARN', 'urllib3.connectionpool=WARN', 'websocket=WARN', 'requests.packages.urllib3.util.retry=WARN', 'urllib3.util.retry=WARN', 'keystonemiddleware=WARN', 'routes.middleware=WARN', 'stevedore=WARN', 'taskflow=WARN', 'keystoneauth=WARN', 'oslo.cache=INFO', 'oslo_policy=INFO', 'dogpile.core.dogpile=INFO', 'glanceclient=WARN', 'oslo.privsep.daemon=INFO'] {{(pid=106973) log_opt_values /opt/stack/data/venv/lib/python3.12/site-packages/oslo_config/cfg.py:3242}}
Jul 15 01:15:33.641344 np0000185384 devstack@n-api-meta.service[106973]: DEBUG nova.api.openstack.wsgi_app [None req-43cc8dd8-3525-4675-a7a0-4cbfad021476 None None] default_schedule_zone = None {{(pid=106973) log_opt_values /opt/stack/data/venv/lib/python3.12/site-packages/oslo_config/cfg.py:3242}}
Jul 15 01:15:33.641471 np0000185384 devstack@n-api-meta.service[106973]: DEBUG nova.api.openstack.wsgi_app [None req-43cc8dd8-3525-4675-a7a0-4cbfad021476 None None] default_thread_pool_size = 10 {{(pid=106973) log_opt_values /opt/stack/data/venv/lib/python3.12/site-packages/oslo_config/cfg.py:3242}}
Jul 15 01:15:33.641612 np0000185384 devstack@n-api-meta.service[106973]: DEBUG nova.api.openstack.wsgi_app [None req-43cc8dd8-3525-4675-a7a0-4cbfad021476 None None] disk_allocation_ratio = None {{(pid=106973) log_opt_values /opt/stack/data/venv/lib/python3.12/site-packages/oslo_config/cfg.py:3242}}
Jul 15 01:15:33.641738 np0000185384 devstack@n-api-meta.service[106973]: DEBUG nova.api.openstack.wsgi_app [None req-43cc8dd8-3525-4675-a7a0-4cbfad021476 None None] enable_new_services = True {{(pid=106973) log_opt_values /opt/stack/data/venv/lib/python3.12/site-packages/oslo_config/cfg.py:3242}}
Jul 15 01:15:33.641861 np0000185384 devstack@n-api-meta.service[106973]: DEBUG nova.api.openstack.wsgi_app [None req-43cc8dd8-3525-4675-a7a0-4cbfad021476 None None] flat_injected = False {{(pid=106973) log_opt_values /opt/stack/data/venv/lib/python3.12/site-packages/oslo_config/cfg.py:3242}}
Jul 15 01:15:33.641985 np0000185384 devstack@n-api-meta.service[106973]: DEBUG nova.api.openstack.wsgi_app [None req-43cc8dd8-3525-4675-a7a0-4cbfad021476 None None] force_config_drive = False {{(pid=106973) log_opt_values /opt/stack/data/venv/lib/python3.12/site-packages/oslo_config/cfg.py:3242}}
Jul 15 01:15:33.642122 np0000185384 devstack@n-api-meta.service[106973]: DEBUG nova.api.openstack.wsgi_app [None req-43cc8dd8-3525-4675-a7a0-4cbfad021476 None None] force_raw_images = True {{(pid=106973) log_opt_values /opt/stack/data/venv/lib/python3.12/site-packages/oslo_config/cfg.py:3242}}
Jul 15 01:15:33.642251 np0000185384 devstack@n-api-meta.service[106973]: DEBUG nova.api.openstack.wsgi_app [None req-43cc8dd8-3525-4675-a7a0-4cbfad021476 None None] graceful_shutdown_timeout = 5 {{(pid=106973) log_opt_values /opt/stack/data/venv/lib/python3.12/site-packages/oslo_config/cfg.py:3242}}
Jul 15 01:15:33.642383 np0000185384 devstack@n-api-meta.service[106973]: DEBUG nova.api.openstack.wsgi_app [None req-43cc8dd8-3525-4675-a7a0-4cbfad021476 None None] heal_instance_info_cache_interval = -1 {{(pid=106973) log_opt_values /opt/stack/data/venv/lib/python3.12/site-packages/oslo_config/cfg.py:3242}}
Jul 15 01:15:33.642587 np0000185384 devstack@n-api-meta.service[106973]: DEBUG nova.api.openstack.wsgi_app [None req-43cc8dd8-3525-4675-a7a0-4cbfad021476 None None] host = np0000185384 {{(pid=106973) log_opt_values /opt/stack/data/venv/lib/python3.12/site-packages/oslo_config/cfg.py:3242}}
Jul 15 01:15:33.642723 np0000185384 devstack@n-api-meta.service[106973]: DEBUG nova.api.openstack.wsgi_app [None req-43cc8dd8-3525-4675-a7a0-4cbfad021476 None None] initial_cpu_allocation_ratio = 4.0 {{(pid=106973) log_opt_values /opt/stack/data/venv/lib/python3.12/site-packages/oslo_config/cfg.py:3242}}
Jul 15 01:15:33.642853 np0000185384 devstack@n-api-meta.service[106973]: DEBUG nova.api.openstack.wsgi_app [None req-43cc8dd8-3525-4675-a7a0-4cbfad021476 None None] initial_disk_allocation_ratio = 1.0 {{(pid=106973) log_opt_values /opt/stack/data/venv/lib/python3.12/site-packages/oslo_config/cfg.py:3242}}
Jul 15 01:15:33.642981 np0000185384 devstack@n-api-meta.service[106973]: DEBUG nova.api.openstack.wsgi_app [None req-43cc8dd8-3525-4675-a7a0-4cbfad021476 None None] initial_ram_allocation_ratio = 1.0 {{(pid=106973) log_opt_values /opt/stack/data/venv/lib/python3.12/site-packages/oslo_config/cfg.py:3242}}
Jul 15 01:15:33.643152 np0000185384 devstack@n-api-meta.service[106973]: DEBUG nova.api.openstack.wsgi_app [None req-43cc8dd8-3525-4675-a7a0-4cbfad021476 None None] injected_network_template = /opt/stack/nova/nova/virt/interfaces.template {{(pid=106973) log_opt_values /opt/stack/data/venv/lib/python3.12/site-packages/oslo_config/cfg.py:3242}}
Jul 15 01:15:33.643283 np0000185384 devstack@n-api-meta.service[106973]: DEBUG nova.api.openstack.wsgi_app [None req-43cc8dd8-3525-4675-a7a0-4cbfad021476 None None] instance_build_timeout = 0 {{(pid=106973) log_opt_values /opt/stack/data/venv/lib/python3.12/site-packages/oslo_config/cfg.py:3242}}
Jul 15 01:15:33.643410 np0000185384 devstack@n-api-meta.service[106973]: DEBUG nova.api.openstack.wsgi_app [None req-43cc8dd8-3525-4675-a7a0-4cbfad021476 None None] instance_delete_interval = 300 {{(pid=106973) log_opt_values /opt/stack/data/venv/lib/python3.12/site-packages/oslo_config/cfg.py:3242}}
Jul 15 01:15:33.643564 np0000185384 devstack@n-api-meta.service[106973]: DEBUG nova.api.openstack.wsgi_app [None req-43cc8dd8-3525-4675-a7a0-4cbfad021476 None None] instance_format = [instance: %(uuid)s] {{(pid=106973) log_opt_values /opt/stack/data/venv/lib/python3.12/site-packages/oslo_config/cfg.py:3242}}
Jul 15 01:15:33.643696 np0000185384 devstack@n-api-meta.service[106973]: DEBUG nova.api.openstack.wsgi_app [None req-43cc8dd8-3525-4675-a7a0-4cbfad021476 None None] instance_name_template = instance-%08x {{(pid=106973) log_opt_values /opt/stack/data/venv/lib/python3.12/site-packages/oslo_config/cfg.py:3242}}
Jul 15 01:15:33.643821 np0000185384 devstack@n-api-meta.service[106973]: DEBUG nova.api.openstack.wsgi_app [None req-43cc8dd8-3525-4675-a7a0-4cbfad021476 None None] instance_usage_audit = False {{(pid=106973) log_opt_values /opt/stack/data/venv/lib/python3.12/site-packages/oslo_config/cfg.py:3242}}
Jul 15 01:15:33.643953 np0000185384 devstack@n-api-meta.service[106973]: DEBUG nova.api.openstack.wsgi_app [None req-43cc8dd8-3525-4675-a7a0-4cbfad021476 None None] instance_usage_audit_period = month {{(pid=106973) log_opt_values /opt/stack/data/venv/lib/python3.12/site-packages/oslo_config/cfg.py:3242}}
Jul 15 01:15:33.644085 np0000185384 devstack@n-api-meta.service[106973]: DEBUG nova.api.openstack.wsgi_app [None req-43cc8dd8-3525-4675-a7a0-4cbfad021476 None None] instance_uuid_format = [instance: %(uuid)s] {{(pid=106973) log_opt_values /opt/stack/data/venv/lib/python3.12/site-packages/oslo_config/cfg.py:3242}}
Jul 15 01:15:33.644217 np0000185384 devstack@n-api-meta.service[106973]: DEBUG nova.api.openstack.wsgi_app [None req-43cc8dd8-3525-4675-a7a0-4cbfad021476 None None] instances_path = /opt/stack/data/nova/instances {{(pid=106973) log_opt_values /opt/stack/data/venv/lib/python3.12/site-packages/oslo_config/cfg.py:3242}}
Jul 15 01:15:33.644348 np0000185384 devstack@n-api-meta.service[106973]: DEBUG nova.api.openstack.wsgi_app [None req-43cc8dd8-3525-4675-a7a0-4cbfad021476 None None] internal_service_availability_zone = internal {{(pid=106973) log_opt_values /opt/stack/data/venv/lib/python3.12/site-packages/oslo_config/cfg.py:3242}}
Jul 15 01:15:33.644489 np0000185384 devstack@n-api-meta.service[106973]: DEBUG nova.api.openstack.wsgi_app [None req-43cc8dd8-3525-4675-a7a0-4cbfad021476 None None] key = None {{(pid=106973) log_opt_values /opt/stack/data/venv/lib/python3.12/site-packages/oslo_config/cfg.py:3242}}
Jul 15 01:15:33.644618 np0000185384 devstack@n-api-meta.service[106973]: DEBUG nova.api.openstack.wsgi_app [None req-43cc8dd8-3525-4675-a7a0-4cbfad021476 None None] live_migration_retry_count = 30 {{(pid=106973) log_opt_values /opt/stack/data/venv/lib/python3.12/site-packages/oslo_config/cfg.py:3242}}
Jul 15 01:15:33.644753 np0000185384 devstack@n-api-meta.service[106973]: DEBUG nova.api.openstack.wsgi_app [None req-43cc8dd8-3525-4675-a7a0-4cbfad021476 None None] log_color = False {{(pid=106973) log_opt_values /opt/stack/data/venv/lib/python3.12/site-packages/oslo_config/cfg.py:3242}}
Jul 15 01:15:33.644884 np0000185384 devstack@n-api-meta.service[106973]: DEBUG nova.api.openstack.wsgi_app [None req-43cc8dd8-3525-4675-a7a0-4cbfad021476 None None] log_config_append = None {{(pid=106973) log_opt_values /opt/stack/data/venv/lib/python3.12/site-packages/oslo_config/cfg.py:3242}}
Jul 15 01:15:33.645018 np0000185384 devstack@n-api-meta.service[106973]: DEBUG nova.api.openstack.wsgi_app [None req-43cc8dd8-3525-4675-a7a0-4cbfad021476 None None] log_date_format = %Y-%m-%d %H:%M:%S {{(pid=106973) log_opt_values /opt/stack/data/venv/lib/python3.12/site-packages/oslo_config/cfg.py:3242}}
Jul 15 01:15:33.645149 np0000185384 devstack@n-api-meta.service[106973]: DEBUG nova.api.openstack.wsgi_app [None req-43cc8dd8-3525-4675-a7a0-4cbfad021476 None None] log_dir = None {{(pid=106973) log_opt_values /opt/stack/data/venv/lib/python3.12/site-packages/oslo_config/cfg.py:3242}}
Jul 15 01:15:33.645302 np0000185384 devstack@n-api-meta.service[106973]: DEBUG nova.api.openstack.wsgi_app [None req-43cc8dd8-3525-4675-a7a0-4cbfad021476 None None] log_file = None {{(pid=106973) log_opt_values /opt/stack/data/venv/lib/python3.12/site-packages/oslo_config/cfg.py:3242}}
Jul 15 01:15:33.645402 np0000185384 devstack@n-api-meta.service[106973]: DEBUG nova.api.openstack.wsgi_app [None req-43cc8dd8-3525-4675-a7a0-4cbfad021476 None None] log_options = True {{(pid=106973) log_opt_values /opt/stack/data/venv/lib/python3.12/site-packages/oslo_config/cfg.py:3242}}
Jul 15 01:15:33.645546 np0000185384 devstack@n-api-meta.service[106973]: DEBUG nova.api.openstack.wsgi_app [None req-43cc8dd8-3525-4675-a7a0-4cbfad021476 None None] log_rotate_interval = 1 {{(pid=106973) log_opt_values /opt/stack/data/venv/lib/python3.12/site-packages/oslo_config/cfg.py:3242}}
Jul 15 01:15:33.645588 np0000185384 devstack@n-api-meta.service[106972]: DEBUG dbcounter [-] [106972] Writer thread running {{(pid=106972) stat_writer /opt/stack/data/venv/lib/python3.12/site-packages/dbcounter.py:102}}
Jul 15 01:15:33.645682 np0000185384 devstack@n-api-meta.service[106973]: DEBUG nova.api.openstack.wsgi_app [None req-43cc8dd8-3525-4675-a7a0-4cbfad021476 None None] log_rotate_interval_type = days {{(pid=106973) log_opt_values /opt/stack/data/venv/lib/python3.12/site-packages/oslo_config/cfg.py:3242}}
Jul 15 01:15:33.645815 np0000185384 devstack@n-api-meta.service[106973]: DEBUG nova.api.openstack.wsgi_app [None req-43cc8dd8-3525-4675-a7a0-4cbfad021476 None None] log_rotation_type = none {{(pid=106973) log_opt_values /opt/stack/data/venv/lib/python3.12/site-packages/oslo_config/cfg.py:3242}}
Jul 15 01:15:33.645916 np0000185384 devstack@n-api-meta.service[106973]: DEBUG nova.api.openstack.wsgi_app [None req-43cc8dd8-3525-4675-a7a0-4cbfad021476 None None] logging_context_format_string = %(color)s%(levelname)s %(name)s [%(global_request_id)s %(request_id)s %(project_name)s %(user_name)s%(color)s] %(instance)s%(color)s%(message)s {{(pid=106973) log_opt_values /opt/stack/data/venv/lib/python3.12/site-packages/oslo_config/cfg.py:3242}}
Jul 15 01:15:33.646017 np0000185384 devstack@n-api-meta.service[106973]: DEBUG nova.api.openstack.wsgi_app [None req-43cc8dd8-3525-4675-a7a0-4cbfad021476 None None] logging_debug_format_suffix = {{(pid=%(process)d) %(funcName)s %(pathname)s:%(lineno)d}} {{(pid=106973) log_opt_values /opt/stack/data/venv/lib/python3.12/site-packages/oslo_config/cfg.py:3242}}
Jul 15 01:15:33.646159 np0000185384 devstack@n-api-meta.service[106973]: DEBUG nova.api.openstack.wsgi_app [None req-43cc8dd8-3525-4675-a7a0-4cbfad021476 None None] logging_default_format_string = %(color)s%(levelname)s %(name)s [-%(color)s] %(instance)s%(color)s%(message)s {{(pid=106973) log_opt_values /opt/stack/data/venv/lib/python3.12/site-packages/oslo_config/cfg.py:3242}}
Jul 15 01:15:33.646295 np0000185384 devstack@n-api-meta.service[106973]: DEBUG nova.api.openstack.wsgi_app [None req-43cc8dd8-3525-4675-a7a0-4cbfad021476 None None] logging_exception_prefix = ERROR %(name)s %(instance)s {{(pid=106973) log_opt_values /opt/stack/data/venv/lib/python3.12/site-packages/oslo_config/cfg.py:3242}}
