2026-07-25 22:19:04.686 8 INFO neutron.db.ovn_revision_numbers_db [None req-a1befc78-a2f7-4981-ab09-de1bac0f14ff 6f7c59fd282347f58179c2bbb5160d20 865466298b774649822dbb62ba6b0c40 - - default default] Successfully bumped revision number for resource 759dc125-3b55-4483-b9b4-f0b3d256bda9 (type: security_groups) to 1
2026-07-25 22:19:04.695 8 INFO neutron.db.ovn_revision_numbers_db [None req-a1befc78-a2f7-4981-ab09-de1bac0f14ff 6f7c59fd282347f58179c2bbb5160d20 865466298b774649822dbb62ba6b0c40 - - default default] Successfully bumped revision number for resource 3c81f149-9da3-48d8-ad8c-979624929717 (type: security_group_rules) to 0
2026-07-25 22:19:04.707 8 INFO neutron.db.ovn_revision_numbers_db [None req-a1befc78-a2f7-4981-ab09-de1bac0f14ff 6f7c59fd282347f58179c2bbb5160d20 865466298b774649822dbb62ba6b0c40 - - default default] Successfully bumped revision number for resource 876f2e38-6aa8-4887-9d2b-b121c17e2a80 (type: security_group_rules) to 0
2026-07-25 22:19:04.718 8 INFO neutron.db.ovn_revision_numbers_db [None req-a1befc78-a2f7-4981-ab09-de1bac0f14ff 6f7c59fd282347f58179c2bbb5160d20 865466298b774649822dbb62ba6b0c40 - - default default] Successfully bumped revision number for resource b38a0683-eccd-4e02-a346-eb4d99c03dde (type: security_group_rules) to 0
2026-07-25 22:19:04.729 8 INFO neutron.db.ovn_revision_numbers_db [None req-a1befc78-a2f7-4981-ab09-de1bac0f14ff 6f7c59fd282347f58179c2bbb5160d20 865466298b774649822dbb62ba6b0c40 - - default default] Successfully bumped revision number for resource dc76fa3c-d539-478d-ad51-fc916850eee3 (type: security_group_rules) to 0
2026-07-25 22:19:04.803 8 INFO neutron.db.segments_db [None req-a1befc78-a2f7-4981-ab09-de1bac0f14ff 6f7c59fd282347f58179c2bbb5160d20 865466298b774649822dbb62ba6b0c40 - - default default] Added segment 072a69fe-cab6-4953-9a5f-4aa09514d26b of type geneve for network 48249334-098a-4942-aca7-3f63555f5170
2026-07-25 22:19:04.808 7 INFO neutron.db.ovn_revision_numbers_db [req-aee73fee-2a0f-4e93-94a6-f55290d3f171 req-bcc4ec63-ed86-4912-bb8a-1effea431098 ee3dbcf4e2c043f0815ac79090581281 bd6c8679c66e44669afef803f3f87ee3 - - 0f0c2add939642868a2962025b338c5f 0f0c2add939642868a2962025b338c5f] Successfully bumped revision number for resource 8d780799-8d70-41df-ab9a-29f11ea31d0a (type: ports) to 4 [pid: 7|app: 0|req: 616/1223] 199.204.45.156 () {38 vars in 1028 bytes} [Sat Jul 25 22:19:04 2026] PUT /v2.0/ports/8d780799-8d70-41df-ab9a-29f11ea31d0a => generated 1204 bytes in 617 msecs (HTTP/1.1 200) 4 headers in 158 bytes (1 switches on core 0) /var/lib/openstack/lib/python3.12/site-packages/pycadf/identifier.py:70: UserWarning: Invalid uuid: neutron. To ensure interoperability, identifiers should be a valid uuid. warnings.warn(('Invalid uuid: %s. To ensure interoperability, '
2026-07-25 22:19:04.870 7 INFO neutron.notifiers.nova [-] Nova event matching ['req-b54d816a-9022-4881-8132-b2ff9967608e'] response: {'name': 'network-changed', 'server_uuid': '71cd6a13-3812-40a7-ba9d-d65045088273', 'tag': '8d780799-8d70-41df-ab9a-29f11ea31d0a', 'status': 'completed', 'code': 200} [pid: 7|app: 0|req: 617/1224] 10.0.0.142 () {32 vars in 649 bytes} [Sat Jul 25 22:19:04 2026] GET /v2.0/networks => generated 689 bytes in 50 msecs (HTTP/1.1 200) 4 headers in 157 bytes (1 switches on core 0)
2026-07-25 22:19:04.915 8 INFO neutron.db.ovn_revision_numbers_db [None req-a1befc78-a2f7-4981-ab09-de1bac0f14ff 6f7c59fd282347f58179c2bbb5160d20 865466298b774649822dbb62ba6b0c40 - - default default] Successfully bumped revision number for resource 48249334-098a-4942-aca7-3f63555f5170 (type: networks) to 1
2026-07-25 22:19:04.972 7 INFO neutron.db.segments_db [None req-decf5770-fa35-42b1-a8cb-504bc12975b6 ce3bcc36b72a412fae95599fa5b9a9c7 1b1cf4236831417aa9066a4e28c88b63 - - default default] Added segment e6ff9993-0546-43cb-81de-e880d9b6cced of type geneve for network 4b41bc4f-f089-4755-a2c7-89e530e3e89a
2026-07-25 22:19:05.072 7 INFO neutron.db.ovn_revision_numbers_db [None req-decf5770-fa35-42b1-a8cb-504bc12975b6 ce3bcc36b72a412fae95599fa5b9a9c7 1b1cf4236831417aa9066a4e28c88b63 - - default default] Successfully bumped revision number for resource 4b41bc4f-f089-4755-a2c7-89e530e3e89a (type: networks) to 1
2026-07-25 22:19:05.085 8 WARNING neutron.scheduler.dhcp_agent_scheduler [None req-a1befc78-a2f7-4981-ab09-de1bac0f14ff 6f7c59fd282347f58179c2bbb5160d20 865466298b774649822dbb62ba6b0c40 - - default default] No more DHCP agents
2026-07-25 22:19:05.086 8 WARNING neutron.api.rpc.agentnotifiers.dhcp_rpc_agent_api [None req-a1befc78-a2f7-4981-ab09-de1bac0f14ff 6f7c59fd282347f58179c2bbb5160d20 865466298b774649822dbb62ba6b0c40 - - default default] Unable to schedule network 48249334-098a-4942-aca7-3f63555f5170: no agents available; will retry on subsequent port and subnet creation events.
2026-07-25 22:19:05.162 8 INFO neutron.db.ovn_revision_numbers_db [None req-a1befc78-a2f7-4981-ab09-de1bac0f14ff 6f7c59fd282347f58179c2bbb5160d20 865466298b774649822dbb62ba6b0c40 - - default default] Successfully bumped revision number for resource 7cc52ccc-c5e0-4096-b18b-871870a05a8e (type: ports) to 1
2026-07-25 22:19:05.167 7 INFO neutron.plugins.ml2.drivers.ovn.mech_driver.mech_driver [None req-d1af5c3e-446f-4ca7-8eaa-47777195cded - - - - - -] OVN reports status down for port: 7cc52ccc-c5e0-4096-b18b-871870a05a8e [pid: 8|app: 0|req: 608/1227] 10.0.0.142 () {34 vars in 670 bytes} [Sat Jul 25 22:19:04 2026] POST /v2.0/networks => generated 668 bytes in 800 msecs (HTTP/1.1 201) 4 headers in 162 bytes (1 switches on core 0)
2026-07-25 22:19:05.380 7 WARNING neutron.scheduler.dhcp_agent_scheduler [None req-decf5770-fa35-42b1-a8cb-504bc12975b6 ce3bcc36b72a412fae95599fa5b9a9c7 1b1cf4236831417aa9066a4e28c88b63 - - default default] No more DHCP agents
2026-07-25 22:19:05.382 7 WARNING neutron.api.rpc.agentnotifiers.dhcp_rpc_agent_api [None req-decf5770-fa35-42b1-a8cb-504bc12975b6 ce3bcc36b72a412fae95599fa5b9a9c7 1b1cf4236831417aa9066a4e28c88b63 - - default default] Unable to schedule network 4b41bc4f-f089-4755-a2c7-89e530e3e89a: no agents available; will retry on subsequent port and subnet creation events.
2026-07-25 22:19:05.422 8 WARNING neutron.scheduler.dhcp_agent_scheduler [None req-83c1c62f-6549-4327-8b42-8e826f0ffb5a 6f7c59fd282347f58179c2bbb5160d20 865466298b774649822dbb62ba6b0c40 - - default default] No more DHCP agents
2026-07-25 22:19:05.438 8 WARNING neutron.api.rpc.agentnotifiers.dhcp_rpc_agent_api [None req-83c1c62f-6549-4327-8b42-8e826f0ffb5a 6f7c59fd282347f58179c2bbb5160d20 865466298b774649822dbb62ba6b0c40 - - default default] Unable to schedule network 48249334-098a-4942-aca7-3f63555f5170: no agents available; will retry on subsequent port and subnet creation events.
2026-07-25 22:19:05.451 8 INFO neutron.plugins.ml2.drivers.ovn.mech_driver.mech_driver [None req-cc0b0454-058d-44c9-a631-98e1c9ed976f - - - - - -] OVN reports status down for port: 251b15ad-d148-4fdd-a4f5-87535cfc5030
2026-07-25 22:19:05.465 7 INFO neutron.db.ovn_revision_numbers_db [None req-decf5770-fa35-42b1-a8cb-504bc12975b6 ce3bcc36b72a412fae95599fa5b9a9c7 1b1cf4236831417aa9066a4e28c88b63 - - default default] Successfully bumped revision number for resource 251b15ad-d148-4fdd-a4f5-87535cfc5030 (type: ports) to 1
2026-07-25 22:19:05.469 8 INFO neutron.db.ovn_revision_numbers_db [None req-83c1c62f-6549-4327-8b42-8e826f0ffb5a 6f7c59fd282347f58179c2bbb5160d20 865466298b774649822dbb62ba6b0c40 - - default default] Successfully bumped revision number for resource f4550d7c-9e4a-4509-ae57-89df95a43779 (type: subnets) to 0 [pid: 7|app: 0|req: 620/1228] 10.0.0.142 () {34 vars in 670 bytes} [Sat Jul 25 22:19:04 2026] POST /v2.0/networks => generated 671 bytes in 604 msecs (HTTP/1.1 201) 4 headers in 162 bytes (1 switches on core 0) [pid: 8|app: 0|req: 609/1229] 10.0.0.142 () {34 vars in 669 bytes} [Sat Jul 25 22:19:05 2026] POST /v2.0/subnets => generated 627 bytes in 320 msecs (HTTP/1.1 201) 4 headers in 162 bytes (1 switches on core 0) [pid: 7|app: 0|req: 621/1230] 10.0.0.193 () {34 vars in 990 bytes} [Sat Jul 25 22:19:05 2026] GET /v2.0/ports?device_id=71cd6a13-3812-40a7-ba9d-d65045088273 => generated 969 bytes in 39 msecs (HTTP/1.1 200) 4 headers in 157 bytes (1 switches on core 0) [pid: 8|app: 0|req: 610/1231] 199.204.45.156 () {34 vars in 1080 bytes} [Sat Jul 25 22:19:05 2026] GET /v2.0/ports?tenant_id=21532888529f492f807eb576a25fdc85&device_id=71cd6a13-3812-40a7-ba9d-d65045088273 => generated 1207 bytes in 58 msecs (HTTP/1.1 200) 4 headers in 158 bytes (1 switches on core 0)
2026-07-25 22:19:05.613 7 INFO neutron.db.segments_db [None req-040fcd2d-40a5-46eb-a6b4-1b655c5d87ac ce3bcc36b72a412fae95599fa5b9a9c7 1b1cf4236831417aa9066a4e28c88b63 - - default default] Added segment 8056d8ea-fa50-4e48-a06f-bd1f60c15237 of type geneve for network 3d95cce5-18c4-436d-9913-df844e0c172b
2026-07-25 22:19:05.744 7 INFO neutron.db.ovn_revision_numbers_db [None req-040fcd2d-40a5-46eb-a6b4-1b655c5d87ac ce3bcc36b72a412fae95599fa5b9a9c7 1b1cf4236831417aa9066a4e28c88b63 - - default default] Successfully bumped revision number for resource 3d95cce5-18c4-436d-9913-df844e0c172b (type: networks) to 1
2026-07-25 22:19:05.904 7 WARNING neutron.scheduler.dhcp_agent_scheduler [None req-040fcd2d-40a5-46eb-a6b4-1b655c5d87ac ce3bcc36b72a412fae95599fa5b9a9c7 1b1cf4236831417aa9066a4e28c88b63 - - default default] No more DHCP agents
2026-07-25 22:19:05.906 7 WARNING neutron.api.rpc.agentnotifiers.dhcp_rpc_agent_api [None req-040fcd2d-40a5-46eb-a6b4-1b655c5d87ac ce3bcc36b72a412fae95599fa5b9a9c7 1b1cf4236831417aa9066a4e28c88b63 - - default default] Unable to schedule network 3d95cce5-18c4-436d-9913-df844e0c172b: no agents available; will retry on subsequent port and subnet creation events.
2026-07-25 22:19:05.971 8 INFO neutron.services.segments.plugin [-] Segment 8d9e049e-ca41-449f-9deb-70e8c5f5e548 resource provider aggregate not found
2026-07-25 22:19:05.976 8 INFO neutron.services.segments.plugin [-] Segment 8d9e049e-ca41-449f-9deb-70e8c5f5e548 resource provider aggregate not found
2026-07-25 22:19:05.988 7 INFO neutron.plugins.ml2.drivers.ovn.mech_driver.mech_driver [None req-d1af5c3e-446f-4ca7-8eaa-47777195cded - - - - - -] OVN reports status down for port: effffd86-9e47-4960-88fc-98b38ea071e3
2026-07-25 22:19:05.998 8 INFO neutron.services.segments.plugin [-] Segment 8d9e049e-ca41-449f-9deb-70e8c5f5e548 resource provider not found; error: Placement Client Error (4xx): {"errors": [{"status": 404, "title": "Not Found", "detail": "The resource could not be found.\n\n No resource provider with uuid 8d9e049e-ca41-449f-9deb-70e8c5f5e548 found for delete ", "request_id": "req-983cc3bf-1eba-4e5d-a5b6-47c2087159e2"}]}
2026-07-25 22:19:06.000 8 INFO neutron.services.segments.plugin [-] Segment 8d9e049e-ca41-449f-9deb-70e8c5f5e548 resource provider not found; error: Placement Client Error (4xx): {"errors": [{"status": 404, "title": "Not Found", "detail": "The resource could not be found.\n\n No resource provider with uuid 8d9e049e-ca41-449f-9deb-70e8c5f5e548 found for delete ", "request_id": "req-1b282851-f920-4a49-a0d5-b7ebf0e472b4"}]}
2026-07-25 22:19:06.052 8 WARNING neutron.scheduler.dhcp_agent_scheduler [None req-9ff4cd84-55f1-407d-9fea-b8323fe9f35a 6f7c59fd282347f58179c2bbb5160d20 865466298b774649822dbb62ba6b0c40 - - default default] No more DHCP agents
2026-07-25 22:19:06.053 8 WARNING neutron.api.rpc.agentnotifiers.dhcp_rpc_agent_api [None req-9ff4cd84-55f1-407d-9fea-b8323fe9f35a 6f7c59fd282347f58179c2bbb5160d20 865466298b774649822dbb62ba6b0c40 - - default default] Unable to schedule network ceb2df02-4425-4d62-8b43-de4d6c3727ff: no agents available; will retry on subsequent port and subnet creation events.
2026-07-25 22:19:06.060 7 INFO neutron.db.ovn_revision_numbers_db [None req-040fcd2d-40a5-46eb-a6b4-1b655c5d87ac ce3bcc36b72a412fae95599fa5b9a9c7 1b1cf4236831417aa9066a4e28c88b63 - - default default] Successfully bumped revision number for resource effffd86-9e47-4960-88fc-98b38ea071e3 (type: ports) to 1 [pid: 7|app: 0|req: 622/1232] 10.0.0.142 () {34 vars in 670 bytes} [Sat Jul 25 22:19:05 2026] POST /v2.0/networks => generated 672 bytes in 570 msecs (HTTP/1.1 201) 4 headers in 162 bytes (1 switches on core 0) [pid: 7|app: 0|req: 623/1233] 10.0.0.193 () {34 vars in 1040 bytes} [Sat Jul 25 22:19:06 2026] GET /v2.0/security-groups?id=a7357d72-3d64-4118-85b2-5e4fce44f002&fields=id&fields=name => generated 113 bytes in 58 msecs (HTTP/1.1 200) 4 headers in 157 bytes (1 switches on core 0)
2026-07-25 22:19:06.173 7 INFO neutron.plugins.ml2.drivers.ovn.mech_driver.mech_driver [None req-d1af5c3e-446f-4ca7-8eaa-47777195cded - - - - - -] OVN reports status down for port: 1b3c5b6d-9a63-489e-b08a-f0a3c0516f76
2026-07-25 22:19:06.179 8 INFO neutron.db.ovn_revision_numbers_db [None req-9ff4cd84-55f1-407d-9fea-b8323fe9f35a 6f7c59fd282347f58179c2bbb5160d20 865466298b774649822dbb62ba6b0c40 - - default default] Successfully bumped revision number for resource 1b3c5b6d-9a63-489e-b08a-f0a3c0516f76 (type: ports) to 1 [pid: 7|app: 0|req: 624/1234] 199.204.45.156 () {34 vars in 1018 bytes} [Sat Jul 25 22:19:06 2026] GET /v2.0/networks?tenant_id=21532888529f492f807eb576a25fdc85&shared=False => generated 812 bytes in 89 msecs (HTTP/1.1 200) 4 headers in 157 bytes (1 switches on core 0)
2026-07-25 22:19:06.663 7 WARNING neutron.scheduler.dhcp_agent_scheduler [None req-e7e81101-061c-41aa-9862-938f0b197f07 ce3bcc36b72a412fae95599fa5b9a9c7 1b1cf4236831417aa9066a4e28c88b63 - - default default] No more DHCP agents
2026-07-25 22:19:06.664 7 WARNING neutron.api.rpc.agentnotifiers.dhcp_rpc_agent_api [None req-e7e81101-061c-41aa-9862-938f0b197f07 ce3bcc36b72a412fae95599fa5b9a9c7 1b1cf4236831417aa9066a4e28c88b63 - - default default] Unable to schedule network 4b41bc4f-f089-4755-a2c7-89e530e3e89a: no agents available; will retry on subsequent port and subnet creation events.
2026-07-25 22:19:06.718 7 INFO neutron.plugins.ml2.drivers.ovn.mech_driver.mech_driver [None req-d1af5c3e-446f-4ca7-8eaa-47777195cded - - - - - -] OVN reports status down for port: 5a94f02d-1698-4d84-99a4-732ce42bffaa
2026-07-25 22:19:06.770 7 INFO neutron.db.ovn_revision_numbers_db [None req-e7e81101-061c-41aa-9862-938f0b197f07 ce3bcc36b72a412fae95599fa5b9a9c7 1b1cf4236831417aa9066a4e28c88b63 - - default default] Successfully bumped revision number for resource 5a94f02d-1698-4d84-99a4-732ce42bffaa (type: ports) to 1
2026-07-25 22:19:06.832 7 WARNING neutron.scheduler.dhcp_agent_scheduler [None req-e7e81101-061c-41aa-9862-938f0b197f07 ce3bcc36b72a412fae95599fa5b9a9c7 1b1cf4236831417aa9066a4e28c88b63 - - default default] No more DHCP agents
2026-07-25 22:19:06.834 7 WARNING neutron.api.rpc.agentnotifiers.dhcp_rpc_agent_api [None req-e7e81101-061c-41aa-9862-938f0b197f07 ce3bcc36b72a412fae95599fa5b9a9c7 1b1cf4236831417aa9066a4e28c88b63 - - default default] Unable to schedule network 3d95cce5-18c4-436d-9913-df844e0c172b: no agents available; will retry on subsequent port and subnet creation events.
2026-07-25 22:19:06.893 7 INFO neutron.plugins.ml2.drivers.ovn.mech_driver.mech_driver [None req-d1af5c3e-446f-4ca7-8eaa-47777195cded - - - - - -] OVN reports status down for port: ea9c80c4-7f62-4e82-9d7a-1b2ce3a05a34
2026-07-25 22:19:06.956 7 INFO neutron.db.ovn_revision_numbers_db [None req-e7e81101-061c-41aa-9862-938f0b197f07 ce3bcc36b72a412fae95599fa5b9a9c7 1b1cf4236831417aa9066a4e28c88b63 - - default default] Successfully bumped revision number for resource ea9c80c4-7f62-4e82-9d7a-1b2ce3a05a34 (type: ports) to 1 [pid: 7|app: 0|req: 625/1235] 10.0.0.142 () {34 vars in 665 bytes} [Sat Jul 25 22:19:06 2026] POST /v2.0/ports => generated 1506 bytes in 822 msecs (HTTP/1.1 201) 4 headers in 163 bytes (1 switches on core 0) /var/lib/openstack/lib/python3.12/site-packages/pycadf/identifier.py:70: UserWarning: Invalid uuid: neutron. To ensure interoperability, identifiers should be a valid uuid. warnings.warn(('Invalid uuid: %s. To ensure interoperability, ' [pid: 7|app: 0|req: 626/1236] 199.204.45.156 () {34 vars in 930 bytes} [Sat Jul 25 22:19:07 2026] GET /v2.0/networks?shared=True => generated 791 bytes in 47 msecs (HTTP/1.1 200) 4 headers in 157 bytes (1 switches on core 0) [pid: 7|app: 0|req: 627/1237] 10.0.0.142 () {32 vars in 643 bytes} [Sat Jul 25 22:19:07 2026] GET /v2.0/ports => generated 3018 bytes in 68 msecs (HTTP/1.1 200) 4 headers in 158 bytes (1 switches on core 0)
2026-07-25 22:19:07.316 7 INFO neutron_taas.services.taas.taas_plugin [None req-1f7318c6-ea5e-4772-bf31-b3a193c0f0f4 ce3bcc36b72a412fae95599fa5b9a9c7 1b1cf4236831417aa9066a4e28c88b63 - - default default] TaaS: Handle Delete Port: 5a94f02d-1698-4d84-99a4-732ce42bffaa
2026-07-25 22:19:07.319 7 INFO neutron_taas.services.taas.tap_mirror_plugin [None req-1f7318c6-ea5e-4772-bf31-b3a193c0f0f4 ce3bcc36b72a412fae95599fa5b9a9c7 1b1cf4236831417aa9066a4e28c88b63 - - default default] Tap Mirror: Handle Delete Port: 5a94f02d-1698-4d84-99a4-732ce42bffaa
2026-07-25 22:19:07.436 8 INFO neutron.plugins.ml2.drivers.ovn.mech_driver.ovsdb.commands [None req-6edbf6ab-dd3b-41fd-b7c9-03a698025a5c - - - - - -] Schedule LRP lrp-1b3c5b6d-9a63-489e-b08a-f0a3c0516f76 on gateway dd7c6e83-9760-40a3-92a7-e734da88ac34 with priority 1 [pid: 7|app: 0|req: 628/1238] 10.0.0.142 () {32 vars in 720 bytes} [Sat Jul 25 22:19:07 2026] DELETE /v2.0/ports/5a94f02d-1698-4d84-99a4-732ce42bffaa => generated 0 bytes in 267 msecs (HTTP/1.1 204) 3 headers in 131 bytes (1 switches on core 0)
2026-07-25 22:19:07.487 8 INFO neutron.db.ovn_revision_numbers_db [None req-9ff4cd84-55f1-407d-9fea-b8323fe9f35a 6f7c59fd282347f58179c2bbb5160d20 865466298b774649822dbb62ba6b0c40 - - default default] Successfully bumped revision number for resource 1b3c5b6d-9a63-489e-b08a-f0a3c0516f76 (type: router_ports) to 1
2026-07-25 22:19:07.516 7 INFO neutron.plugins.ml2.drivers.ovn.mech_driver.mech_driver [None req-d1af5c3e-446f-4ca7-8eaa-47777195cded - - - - - -] OVN reports status up for port: 1b3c5b6d-9a63-489e-b08a-f0a3c0516f76 [pid: 7|app: 0|req: 629/1239] 10.0.0.193 () {34 vars in 990 bytes} [Sat Jul 25 22:19:07 2026] GET /v2.0/ports?device_id=71cd6a13-3812-40a7-ba9d-d65045088273 => generated 969 bytes in 63 msecs (HTTP/1.1 200) 4 headers in 157 bytes (1 switches on core 0)
2026-07-25 22:19:07.549 8 INFO neutron.db.ovn_revision_numbers_db [None req-9ff4cd84-55f1-407d-9fea-b8323fe9f35a 6f7c59fd282347f58179c2bbb5160d20 865466298b774649822dbb62ba6b0c40 - - default default] Successfully bumped revision number for resource 8a5eaa0c-e458-40f7-ace6-215d59aa04b1 (type: routers) to 2
2026-07-25 22:19:07.554 7 INFO neutron.plugins.ml2.plugin [None req-d1af5c3e-446f-4ca7-8eaa-47777195cded - - - - - -] Attempt 1 to provision port 1b3c5b6d-9a63-489e-b08a-f0a3c0516f76 [pid: 8|app: 0|req: 611/1240] 10.0.0.142 () {34 vars in 669 bytes} [Sat Jul 25 22:19:05 2026] POST /v2.0/routers => generated 955 bytes in 2000 msecs (HTTP/1.1 201) 4 headers in 162 bytes (1 switches on core 0) [pid: 8|app: 0|req: 612/1241] 10.0.0.193 () {34 vars in 1040 bytes} [Sat Jul 25 22:19:07 2026] GET /v2.0/security-groups?id=a7357d72-3d64-4118-85b2-5e4fce44f002&fields=id&fields=name => generated 113 bytes in 24 msecs (HTTP/1.1 200) 4 headers in 157 bytes (1 switches on core 0)
2026-07-25 22:19:07.719 7 INFO neutron_taas.services.taas.taas_plugin [None req-93a495b9-6ba0-4ec3-9054-3f3d33787f4a ce3bcc36b72a412fae95599fa5b9a9c7 1b1cf4236831417aa9066a4e28c88b63 - - default default] TaaS: Handle Delete Port: ea9c80c4-7f62-4e82-9d7a-1b2ce3a05a34
2026-07-25 22:19:07.722 7 INFO neutron_taas.services.taas.tap_mirror_plugin [None req-93a495b9-6ba0-4ec3-9054-3f3d33787f4a ce3bcc36b72a412fae95599fa5b9a9c7 1b1cf4236831417aa9066a4e28c88b63 - - default default] Tap Mirror: Handle Delete Port: ea9c80c4-7f62-4e82-9d7a-1b2ce3a05a34 [pid: 7|app: 0|req: 630/1242] 10.0.0.142 () {32 vars in 720 bytes} [Sat Jul 25 22:19:07 2026] DELETE /v2.0/ports/ea9c80c4-7f62-4e82-9d7a-1b2ce3a05a34 => generated 0 bytes in 314 msecs (HTTP/1.1 204) 3 headers in 131 bytes (1 switches on core 0) [pid: 7|app: 0|req: 631/1243] 10.0.0.142 () {32 vars in 643 bytes} [Sat Jul 25 22:19:07 2026] GET /v2.0/ports => generated 1523 bytes in 38 msecs (HTTP/1.1 200) 4 headers in 158 bytes (1 switches on core 0)
2026-07-25 22:19:07.984 7 INFO neutron.db.segments_db [None req-bd187e8c-f429-4be4-9f8a-2095111439fc ce3bcc36b72a412fae95599fa5b9a9c7 1b1cf4236831417aa9066a4e28c88b63 - - default default] Added segment 5e93ca6b-fab9-4a03-9970-24d8d3cc9892 of type geneve for network c5f7eda0-dd02-41b3-a9f8-b83a075c9642
2026-07-25 22:19:08.123 8 WARNING neutron.scheduler.dhcp_agent_scheduler [None req-528d2e83-31b8-4eea-96db-7d0af5a98cea 6f7c59fd282347f58179c2bbb5160d20 865466298b774649822dbb62ba6b0c40 - - default default] No more DHCP agents
2026-07-25 22:19:08.124 8 WARNING neutron.api.rpc.agentnotifiers.dhcp_rpc_agent_api [None req-528d2e83-31b8-4eea-96db-7d0af5a98cea 6f7c59fd282347f58179c2bbb5160d20 865466298b774649822dbb62ba6b0c40 - - default default] Unable to schedule network 48249334-098a-4942-aca7-3f63555f5170: no agents available; will retry on subsequent port and subnet creation events.
2026-07-25 22:19:08.145 7 INFO neutron.db.ovn_revision_numbers_db [None req-bd187e8c-f429-4be4-9f8a-2095111439fc ce3bcc36b72a412fae95599fa5b9a9c7 1b1cf4236831417aa9066a4e28c88b63 - - default default] Successfully bumped revision number for resource c5f7eda0-dd02-41b3-a9f8-b83a075c9642 (type: networks) to 1
2026-07-25 22:19:08.279 8 INFO neutron.plugins.ml2.drivers.ovn.mech_driver.mech_driver [None req-cc0b0454-058d-44c9-a631-98e1c9ed976f - - - - - -] OVN reports status down for port: c50ad2bf-a802-42c4-a9fe-1a526c8212d4
2026-07-25 22:19:08.354 8 INFO neutron.db.ovn_revision_numbers_db [None req-528d2e83-31b8-4eea-96db-7d0af5a98cea 6f7c59fd282347f58179c2bbb5160d20 865466298b774649822dbb62ba6b0c40 - - default default] Successfully bumped revision number for resource c50ad2bf-a802-42c4-a9fe-1a526c8212d4 (type: ports) to 1
2026-07-25 22:19:08.388 7 WARNING neutron.scheduler.dhcp_agent_scheduler [None req-bd187e8c-f429-4be4-9f8a-2095111439fc ce3bcc36b72a412fae95599fa5b9a9c7 1b1cf4236831417aa9066a4e28c88b63 - - default default] No more DHCP agents
2026-07-25 22:19:08.390 7 WARNING neutron.api.rpc.agentnotifiers.dhcp_rpc_agent_api [None req-bd187e8c-f429-4be4-9f8a-2095111439fc ce3bcc36b72a412fae95599fa5b9a9c7 1b1cf4236831417aa9066a4e28c88b63 - - default default] Unable to schedule network c5f7eda0-dd02-41b3-a9f8-b83a075c9642: no agents available; will retry on subsequent port and subnet creation events.
2026-07-25 22:19:08.488 7 INFO neutron.db.ovn_revision_numbers_db [None req-bd187e8c-f429-4be4-9f8a-2095111439fc ce3bcc36b72a412fae95599fa5b9a9c7 1b1cf4236831417aa9066a4e28c88b63 - - default default] Successfully bumped revision number for resource 66b4c04a-8c20-4be9-b8d1-740ce10d17ee (type: ports) to 1 [pid: 7|app: 0|req: 632/1244] 10.0.0.142 () {34 vars in 670 bytes} [Sat Jul 25 22:19:07 2026] POST /v2.0/networks => generated 673 bytes in 624 msecs (HTTP/1.1 201) 4 headers in 162 bytes (1 switches on core 0) [pid: 7|app: 0|req: 633/1245] 199.204.45.156 () {34 vars in 1080 bytes} [Sat Jul 25 22:19:08 2026] GET /v2.0/ports?tenant_id=21532888529f492f807eb576a25fdc85&device_id=71cd6a13-3812-40a7-ba9d-d65045088273 => generated 1207 bytes in 39 msecs (HTTP/1.1 200) 4 headers in 158 bytes (1 switches on core 0)
2026-07-25 22:19:08.633 7 INFO neutron.db.segments_db [None req-e4f6fc22-7f80-471d-934e-0d823c066775 ce3bcc36b72a412fae95599fa5b9a9c7 1b1cf4236831417aa9066a4e28c88b63 - - default default] Added segment 5a6c48f6-9f1e-41d1-99fa-825bcc071871 of type geneve for network 1afa7b17-7d69-485f-bdd7-24df38d7b382
2026-07-25 22:19:08.745 7 INFO neutron.db.ovn_revision_numbers_db [None req-e4f6fc22-7f80-471d-934e-0d823c066775 ce3bcc36b72a412fae95599fa5b9a9c7 1b1cf4236831417aa9066a4e28c88b63 - - default default] Successfully bumped revision number for resource 1afa7b17-7d69-485f-bdd7-24df38d7b382 (type: networks) to 1
2026-07-25 22:19:08.933 7 WARNING neutron.scheduler.dhcp_agent_scheduler [None req-e4f6fc22-7f80-471d-934e-0d823c066775 ce3bcc36b72a412fae95599fa5b9a9c7 1b1cf4236831417aa9066a4e28c88b63 - - default default] No more DHCP agents
2026-07-25 22:19:08.934 7 WARNING neutron.api.rpc.agentnotifiers.dhcp_rpc_agent_api [None req-e4f6fc22-7f80-471d-934e-0d823c066775 ce3bcc36b72a412fae95599fa5b9a9c7 1b1cf4236831417aa9066a4e28c88b63 - - default default] Unable to schedule network 1afa7b17-7d69-485f-bdd7-24df38d7b382: no agents available; will retry on subsequent port and subnet creation events.
2026-07-25 22:19:09.017 8 INFO neutron.plugins.ml2.drivers.ovn.mech_driver.mech_driver [None req-cc0b0454-058d-44c9-a631-98e1c9ed976f - - - - - -] OVN reports status down for port: c8e9d604-e386-4315-a63e-8489d709e609
2026-07-25 22:19:09.018 7 INFO neutron.db.ovn_revision_numbers_db [None req-e4f6fc22-7f80-471d-934e-0d823c066775 ce3bcc36b72a412fae95599fa5b9a9c7 1b1cf4236831417aa9066a4e28c88b63 - - default default] Successfully bumped revision number for resource c8e9d604-e386-4315-a63e-8489d709e609 (type: ports) to 1 [pid: 7|app: 0|req: 634/1246] 10.0.0.142 () {34 vars in 670 bytes} [Sat Jul 25 22:19:08 2026] POST /v2.0/networks => generated 673 bytes in 486 msecs (HTTP/1.1 201) 4 headers in 162 bytes (1 switches on core 0) [pid: 7|app: 0|req: 635/1247] 199.204.45.156 () {34 vars in 1058 bytes} [Sat Jul 25 22:19:09 2026] GET /v2.0/floatingips?fixed_ip_address=10.100.0.8&port_id=8d780799-8d70-41df-ab9a-29f11ea31d0a => generated 19 bytes in 17 msecs (HTTP/1.1 200) 4 headers in 156 bytes (1 switches on core 0) [pid: 7|app: 0|req: 636/1248] 10.0.0.193 () {34 vars in 990 bytes} [Sat Jul 25 22:19:09 2026] GET /v2.0/ports?device_id=71cd6a13-3812-40a7-ba9d-d65045088273 => generated 969 bytes in 45 msecs (HTTP/1.1 200) 4 headers in 157 bytes (1 switches on core 0) [pid: 7|app: 0|req: 637/1249] 199.204.45.156 () {34 vars in 984 bytes} [Sat Jul 25 22:19:09 2026] GET /v2.0/subnets?id=811470b4-9b6a-44cf-b68b-0b22cb41cfc3 => generated 693 bytes in 21 msecs (HTTP/1.1 200) 4 headers in 157 bytes (1 switches on core 0) [pid: 7|app: 0|req: 638/1250] 10.0.0.193 () {34 vars in 1040 bytes} [Sat Jul 25 22:19:09 2026] GET /v2.0/security-groups?id=a7357d72-3d64-4118-85b2-5e4fce44f002&fields=id&fields=name => generated 113 bytes in 29 msecs (HTTP/1.1 200) 4 headers in 157 bytes (1 switches on core 0)
2026-07-25 22:19:09.159 8 INFO neutron.plugins.ml2.drivers.ovn.mech_driver.mech_driver [None req-cc0b0454-058d-44c9-a631-98e1c9ed976f - - - - - -] OVN reports status up for port: c50ad2bf-a802-42c4-a9fe-1a526c8212d4
2026-07-25 22:19:09.178 8 INFO neutron.plugins.ml2.plugin [None req-cc0b0454-058d-44c9-a631-98e1c9ed976f - - - - - -] Attempt 1 to provision port c50ad2bf-a802-42c4-a9fe-1a526c8212d4 [pid: 7|app: 0|req: 639/1251] 199.204.45.156 () {34 vars in 1052 bytes} [Sat Jul 25 22:19:09 2026] GET /v2.0/ports?network_id=7cd61b7f-18cf-4e0d-b93a-8bb84f96c45d&device_owner=network%3Adhcp => generated 12 bytes in 36 msecs (HTTP/1.1 200) 4 headers in 156 bytes (1 switches on core 0)
2026-07-25 22:19:09.202 8 INFO neutron.plugins.ml2.plugin [None req-528d2e83-31b8-4eea-96db-7d0af5a98cea 6f7c59fd282347f58179c2bbb5160d20 865466298b774649822dbb62ba6b0c40 - - default default] Attempt 1 to provision port c50ad2bf-a802-42c4-a9fe-1a526c8212d4 [pid: 7|app: 0|req: 640/1252] 199.204.45.156 () {34 vars in 1012 bytes} [Sat Jul 25 22:19:09 2026] GET /v2.0/networks/7cd61b7f-18cf-4e0d-b93a-8bb84f96c45d?fields=segments => generated 14 bytes in 49 msecs (HTTP/1.1 200) 4 headers in 156 bytes (1 switches on core 0) [pid: 7|app: 0|req: 641/1253] 199.204.45.156 () {34 vars in 1112 bytes} [Sat Jul 25 22:19:09 2026] GET /v2.0/networks/7cd61b7f-18cf-4e0d-b93a-8bb84f96c45d?fields=provider%3Aphysical_network&fields=provider%3Anetwork_type => generated 79 bytes in 53 msecs (HTTP/1.1 200) 4 headers in 156 bytes (1 switches on core 0)
2026-07-25 22:19:09.365 8 WARNING neutron.scheduler.dhcp_agent_scheduler [None req-528d2e83-31b8-4eea-96db-7d0af5a98cea 6f7c59fd282347f58179c2bbb5160d20 865466298b774649822dbb62ba6b0c40 - - default default] No more DHCP agents
2026-07-25 22:19:09.367 8 WARNING neutron.api.rpc.agentnotifiers.dhcp_rpc_agent_api [None req-528d2e83-31b8-4eea-96db-7d0af5a98cea 6f7c59fd282347f58179c2bbb5160d20 865466298b774649822dbb62ba6b0c40 - - default default] Unable to schedule network 48249334-098a-4942-aca7-3f63555f5170: no agents available; will retry on subsequent port and subnet creation events.
2026-07-25 22:19:09.910 7 WARNING neutron.scheduler.dhcp_agent_scheduler [None req-02b0d03f-dea9-4eb5-b8e4-322125115e77 ce3bcc36b72a412fae95599fa5b9a9c7 1b1cf4236831417aa9066a4e28c88b63 - - default default] No more DHCP agents
2026-07-25 22:19:09.911 8 INFO neutron.db.ovn_revision_numbers_db [None req-cc0b0454-058d-44c9-a631-98e1c9ed976f - - - - - -] Successfully bumped revision number for resource c50ad2bf-a802-42c4-a9fe-1a526c8212d4 (type: ports) to 2
2026-07-25 22:19:09.913 7 WARNING neutron.api.rpc.agentnotifiers.dhcp_rpc_agent_api [None req-02b0d03f-dea9-4eb5-b8e4-322125115e77 ce3bcc36b72a412fae95599fa5b9a9c7 1b1cf4236831417aa9066a4e28c88b63 - - default default] Unable to schedule network c5f7eda0-dd02-41b3-a9f8-b83a075c9642: no agents available; will retry on subsequent port and subnet creation events.
2026-07-25 22:19:09.952 7 INFO neutron.db.ovn_revision_numbers_db [None req-02b0d03f-dea9-4eb5-b8e4-322125115e77 ce3bcc36b72a412fae95599fa5b9a9c7 1b1cf4236831417aa9066a4e28c88b63 - - default default] Successfully bumped revision number for resource 60128b3b-e00e-4f1c-9469-7562fc837c7c (type: subnets) to 0
2026-07-25 22:19:09.986 7 WARNING neutron.scheduler.dhcp_agent_scheduler [None req-02b0d03f-dea9-4eb5-b8e4-322125115e77 ce3bcc36b72a412fae95599fa5b9a9c7 1b1cf4236831417aa9066a4e28c88b63 - - default default] No more DHCP agents
2026-07-25 22:19:09.988 7 WARNING neutron.api.rpc.agentnotifiers.dhcp_rpc_agent_api [None req-02b0d03f-dea9-4eb5-b8e4-322125115e77 ce3bcc36b72a412fae95599fa5b9a9c7 1b1cf4236831417aa9066a4e28c88b63 - - default default] Unable to schedule network 1afa7b17-7d69-485f-bdd7-24df38d7b382: no agents available; will retry on subsequent port and subnet creation events.
2026-07-25 22:19:10.019 7 INFO neutron.db.ovn_revision_numbers_db [None req-02b0d03f-dea9-4eb5-b8e4-322125115e77 ce3bcc36b72a412fae95599fa5b9a9c7 1b1cf4236831417aa9066a4e28c88b63 - - default default] Successfully bumped revision number for resource 643aad4c-39fc-497c-910b-0da3d95025ab (type: subnets) to 0 [pid: 7|app: 0|req: 642/1254] 10.0.0.142 () {34 vars in 669 bytes} [Sat Jul 25 22:19:09 2026] POST /v2.0/subnets => generated 1324 bytes in 433 msecs (HTTP/1.1 201) 4 headers in 163 bytes (1 switches on core 0) [pid: 7|app: 0|req: 643/1255] 10.0.0.142 () {32 vars in 647 bytes} [Sat Jul 25 22:19:10 2026] GET /v2.0/subnets => generated 1960 bytes in 52 msecs (HTTP/1.1 200) 4 headers in 158 bytes (1 switches on core 0)
2026-07-25 22:19:10.147 8 INFO neutron.db.ovn_revision_numbers_db [None req-528d2e83-31b8-4eea-96db-7d0af5a98cea 6f7c59fd282347f58179c2bbb5160d20 865466298b774649822dbb62ba6b0c40 - - default default] Successfully bumped revision number for resource c50ad2bf-a802-42c4-a9fe-1a526c8212d4 (type: router_ports) to 1 [pid: 8|app: 0|req: 613/1256] 10.0.0.142 () {34 vars in 783 bytes} [Sat Jul 25 22:19:07 2026] PUT /v2.0/routers/8a5eaa0c-e458-40f7-ace6-215d59aa04b1/add_router_interface => generated 309 bytes in 2563 msecs (HTTP/1.1 200) 4 headers in 157 bytes (1 switches on core 0) [pid: 7|app: 0|req: 644/1257] 10.0.0.142 () {32 vars in 724 bytes} [Sat Jul 25 22:19:10 2026] DELETE /v2.0/subnets/60128b3b-e00e-4f1c-9469-7562fc837c7c => generated 0 bytes in 136 msecs (HTTP/1.1 204) 3 headers in 131 bytes (1 switches on core 0) [pid: 7|app: 0|req: 645/1258] 10.0.0.193 () {34 vars in 990 bytes} [Sat Jul 25 22:19:10 2026] GET /v2.0/ports?device_id=71cd6a13-3812-40a7-ba9d-d65045088273 => generated 969 bytes in 99 msecs (HTTP/1.1 200) 4 headers in 157 bytes (1 switches on core 0)
2026-07-25 22:19:10.506 8 WARNING neutron.scheduler.dhcp_agent_scheduler [None req-8363539c-4475-4aa3-a755-5a47d8364fc5 6f7c59fd282347f58179c2bbb5160d20 865466298b774649822dbb62ba6b0c40 - - default default] No more DHCP agents
2026-07-25 22:19:10.508 8 WARNING neutron.api.rpc.agentnotifiers.dhcp_rpc_agent_api [None req-8363539c-4475-4aa3-a755-5a47d8364fc5 6f7c59fd282347f58179c2bbb5160d20 865466298b774649822dbb62ba6b0c40 - - default default] Unable to schedule network 48249334-098a-4942-aca7-3f63555f5170: no agents available; will retry on subsequent port and subnet creation events. [pid: 7|app: 0|req: 646/1259] 10.0.0.142 () {32 vars in 724 bytes} [Sat Jul 25 22:19:10 2026] DELETE /v2.0/subnets/643aad4c-39fc-497c-910b-0da3d95025ab => generated 0 bytes in 164 msecs (HTTP/1.1 204) 3 headers in 131 bytes (1 switches on core 0) [pid: 7|app: 0|req: 647/1260] 10.0.0.193 () {34 vars in 1040 bytes} [Sat Jul 25 22:19:10 2026] GET /v2.0/security-groups?id=a7357d72-3d64-4118-85b2-5e4fce44f002&fields=id&fields=name => generated 113 bytes in 35 msecs (HTTP/1.1 200) 4 headers in 157 bytes (1 switches on core 0) [pid: 7|app: 0|req: 648/1261] 10.0.0.142 () {32 vars in 647 bytes} [Sat Jul 25 22:19:10 2026] GET /v2.0/subnets => generated 649 bytes in 27 msecs (HTTP/1.1 200) 4 headers in 157 bytes (1 switches on core 0)
2026-07-25 22:19:10.658 8 INFO neutron.db.ovn_revision_numbers_db [None req-8363539c-4475-4aa3-a755-5a47d8364fc5 6f7c59fd282347f58179c2bbb5160d20 865466298b774649822dbb62ba6b0c40 - - default default] Successfully bumped revision number for resource 7c598a6c-9dc1-46fa-a0b9-1fa0098cae99 (type: ports) to 1 [pid: 8|app: 0|req: 614/1262] 10.0.0.142 () {34 vars in 665 bytes} [Sat Jul 25 22:19:10 2026] POST /v2.0/ports => generated 955 bytes in 555 msecs (HTTP/1.1 201) 4 headers in 162 bytes (1 switches on core 0) /var/lib/openstack/lib/python3.12/site-packages/pycadf/identifier.py:70: UserWarning: Invalid uuid: neutron. To ensure interoperability, identifiers should be a valid uuid. warnings.warn(('Invalid uuid: %s. To ensure interoperability, '
2026-07-25 22:19:10.737 7 INFO neutron_taas.services.taas.taas_plugin [None req-a97ce21f-d242-4eae-a58b-45d62ccb55c4 ce3bcc36b72a412fae95599fa5b9a9c7 1b1cf4236831417aa9066a4e28c88b63 - - default default] TaaS: Handle Delete Port: c8e9d604-e386-4315-a63e-8489d709e609
2026-07-25 22:19:10.740 7 INFO neutron_taas.services.taas.tap_mirror_plugin [None req-a97ce21f-d242-4eae-a58b-45d62ccb55c4 ce3bcc36b72a412fae95599fa5b9a9c7 1b1cf4236831417aa9066a4e28c88b63 - - default default] Tap Mirror: Handle Delete Port: c8e9d604-e386-4315-a63e-8489d709e609
2026-07-25 22:19:10.914 7 INFO neutron.services.segments.plugin [-] Segment 5a6c48f6-9f1e-41d1-99fa-825bcc071871 resource provider aggregate not found
2026-07-25 22:19:10.920 7 INFO neutron.services.segments.plugin [-] Segment 5a6c48f6-9f1e-41d1-99fa-825bcc071871 resource provider aggregate not found
2026-07-25 22:19:10.935 7 INFO neutron.services.segments.plugin [-] Segment 5a6c48f6-9f1e-41d1-99fa-825bcc071871 resource provider not found; error: Placement Client Error (4xx): {"errors": [{"status": 404, "title": "Not Found", "detail": "The resource could not be found.\n\n No resource provider with uuid 5a6c48f6-9f1e-41d1-99fa-825bcc071871 found for delete ", "request_id": "req-82a73656-01fd-41a6-936d-fb98d1bac4bb"}]}
2026-07-25 22:19:10.938 7 INFO neutron.services.segments.plugin [-] Segment 5a6c48f6-9f1e-41d1-99fa-825bcc071871 resource provider not found; error: Placement Client Error (4xx): {"errors": [{"status": 404, "title": "Not Found", "detail": "The resource could not be found.\n\n No resource provider with uuid 5a6c48f6-9f1e-41d1-99fa-825bcc071871 found for delete ", "request_id": "req-b4a50a97-2a95-4a08-a594-cfabe72a152d"}]} [pid: 7|app: 0|req: 649/1263] 10.0.0.142 () {32 vars in 726 bytes} [Sat Jul 25 22:19:10 2026] DELETE /v2.0/networks/1afa7b17-7d69-485f-bdd7-24df38d7b382 => generated 0 bytes in 372 msecs (HTTP/1.1 204) 3 headers in 131 bytes (1 switches on core 0)
2026-07-25 22:19:10.991 8 WARNING neutron.scheduler.dhcp_agent_scheduler [None req-2fc968dd-e22c-4f1c-8931-418b0df39e03 6f7c59fd282347f58179c2bbb5160d20 865466298b774649822dbb62ba6b0c40 - - default default] No more DHCP agents
2026-07-25 22:19:10.992 8 WARNING neutron.api.rpc.agentnotifiers.dhcp_rpc_agent_api [None req-2fc968dd-e22c-4f1c-8931-418b0df39e03 6f7c59fd282347f58179c2bbb5160d20 865466298b774649822dbb62ba6b0c40 - - default default] Unable to schedule network 48249334-098a-4942-aca7-3f63555f5170: no agents available; will retry on subsequent port and subnet creation events.
2026-07-25 22:19:11.067 7 INFO neutron_taas.services.taas.taas_plugin [None req-f2f2d7f1-b4a8-46d2-91f9-d9874c41d6bf ce3bcc36b72a412fae95599fa5b9a9c7 1b1cf4236831417aa9066a4e28c88b63 - - default default] TaaS: Handle Delete Port: 66b4c04a-8c20-4be9-b8d1-740ce10d17ee
2026-07-25 22:19:11.070 7 INFO neutron_taas.services.taas.tap_mirror_plugin [None req-f2f2d7f1-b4a8-46d2-91f9-d9874c41d6bf ce3bcc36b72a412fae95599fa5b9a9c7 1b1cf4236831417aa9066a4e28c88b63 - - default default] Tap Mirror: Handle Delete Port: 66b4c04a-8c20-4be9-b8d1-740ce10d17ee
2026-07-25 22:19:11.129 8 INFO neutron.db.ovn_revision_numbers_db [None req-2fc968dd-e22c-4f1c-8931-418b0df39e03 6f7c59fd282347f58179c2bbb5160d20 865466298b774649822dbb62ba6b0c40 - - default default] Successfully bumped revision number for resource 97311b5d-deda-4899-a260-bc5b01f23c77 (type: ports) to 1 [pid: 8|app: 0|req: 615/1264] 10.0.0.142 () {34 vars in 665 bytes} [Sat Jul 25 22:19:10 2026] POST /v2.0/ports => generated 959 bytes in 430 msecs (HTTP/1.1 201) 4 headers in 162 bytes (1 switches on core 0) /var/lib/openstack/lib/python3.12/site-packages/pycadf/identifier.py:70: UserWarning: Invalid uuid: neutron. To ensure interoperability, identifiers should be a valid uuid. warnings.warn(('Invalid uuid: %s. To ensure interoperability, ' [pid: 7|app: 0|req: 650/1265] 10.0.0.142 () {32 vars in 726 bytes} [Sat Jul 25 22:19:10 2026] DELETE /v2.0/networks/c5f7eda0-dd02-41b3-a9f8-b83a075c9642 => generated 0 bytes in 368 msecs (HTTP/1.1 204) 3 headers in 131 bytes (1 switches on core 0)
2026-07-25 22:19:11.447 8 WARNING neutron.scheduler.dhcp_agent_scheduler [None req-58774ca7-2535-46c0-8da0-6c95871fae8c 6f7c59fd282347f58179c2bbb5160d20 865466298b774649822dbb62ba6b0c40 - - default default] No more DHCP agents
2026-07-25 22:19:11.448 7 INFO neutron_taas.services.taas.taas_plugin [None req-f3de229e-6375-48db-a59f-01af8e04e3cf ce3bcc36b72a412fae95599fa5b9a9c7 1b1cf4236831417aa9066a4e28c88b63 - - default default] TaaS: Handle Delete Port: effffd86-9e47-4960-88fc-98b38ea071e3
2026-07-25 22:19:11.449 8 WARNING neutron.api.rpc.agentnotifiers.dhcp_rpc_agent_api [None req-58774ca7-2535-46c0-8da0-6c95871fae8c 6f7c59fd282347f58179c2bbb5160d20 865466298b774649822dbb62ba6b0c40 - - default default] Unable to schedule network ceb2df02-4425-4d62-8b43-de4d6c3727ff: no agents available; will retry on subsequent port and subnet creation events.
2026-07-25 22:19:11.451 7 INFO neutron_taas.services.taas.tap_mirror_plugin [None req-f3de229e-6375-48db-a59f-01af8e04e3cf ce3bcc36b72a412fae95599fa5b9a9c7 1b1cf4236831417aa9066a4e28c88b63 - - default default] Tap Mirror: Handle Delete Port: effffd86-9e47-4960-88fc-98b38ea071e3 [pid: 7|app: 0|req: 651/1266] 10.0.0.142 () {32 vars in 726 bytes} [Sat Jul 25 22:19:11 2026] DELETE /v2.0/networks/3d95cce5-18c4-436d-9913-df844e0c172b => generated 0 bytes in 332 msecs (HTTP/1.1 204) 3 headers in 131 bytes (1 switches on core 0)
2026-07-25 22:19:11.882 7 INFO neutron.db.ovn_revision_numbers_db [None req-e0f4acb8-dac6-4864-bccb-2c23e19aa079 5678bb65cbee46e1b285b18aa11cb206 e522aa9bcf8a4918963b9237d424f2ff - - default default] Successfully bumped revision number for resource b67b874f-9026-4d80-87b5-30a351925ddc (type: security_groups) to 1
2026-07-25 22:19:11.900 7 INFO neutron.db.ovn_revision_numbers_db [None req-e0f4acb8-dac6-4864-bccb-2c23e19aa079 5678bb65cbee46e1b285b18aa11cb206 e522aa9bcf8a4918963b9237d424f2ff - - default default] Successfully bumped revision number for resource 5cf387e6-9db3-4cda-9406-b53be59d0107 (type: security_group_rules) to 0
2026-07-25 22:19:11.912 7 INFO neutron.db.ovn_revision_numbers_db [None req-e0f4acb8-dac6-4864-bccb-2c23e19aa079 5678bb65cbee46e1b285b18aa11cb206 e522aa9bcf8a4918963b9237d424f2ff - - default default] Successfully bumped revision number for resource 8e82e4fe-abb7-4015-a71c-2f23b3b5faa2 (type: security_group_rules) to 0
2026-07-25 22:19:11.925 7 INFO neutron.db.ovn_revision_numbers_db [None req-e0f4acb8-dac6-4864-bccb-2c23e19aa079 5678bb65cbee46e1b285b18aa11cb206 e522aa9bcf8a4918963b9237d424f2ff - - default default] Successfully bumped revision number for resource bca1a83b-1989-42ce-a48d-e7b6461916b9 (type: security_group_rules) to 0
2026-07-25 22:19:11.943 7 INFO neutron.db.ovn_revision_numbers_db [None req-e0f4acb8-dac6-4864-bccb-2c23e19aa079 5678bb65cbee46e1b285b18aa11cb206 e522aa9bcf8a4918963b9237d424f2ff - - default default] Successfully bumped revision number for resource c077761e-83cb-43ba-8bfc-8041b621a14a (type: security_group_rules) to 0 [pid: 7|app: 0|req: 652/1267] 10.0.0.142 () {32 vars in 774 bytes} [Sat Jul 25 22:19:11 2026] GET /v2.0/security-groups?tenant_id=29849741a43d4a93a1ee50dd00804023&name=default => generated 2925 bytes in 367 msecs (HTTP/1.1 200) 4 headers in 158 bytes (1 switches on core 0) [pid: 7|app: 0|req: 653/1268] 10.0.0.193 () {34 vars in 990 bytes} [Sat Jul 25 22:19:12 2026] GET /v2.0/ports?device_id=71cd6a13-3812-40a7-ba9d-d65045088273 => generated 969 bytes in 59 msecs (HTTP/1.1 200) 4 headers in 157 bytes (1 switches on core 0)
2026-07-25 22:19:12.227 7 INFO neutron_taas.services.taas.taas_plugin [None req-1c112264-6416-40d6-a5d2-63bba30b591d ce3bcc36b72a412fae95599fa5b9a9c7 1b1cf4236831417aa9066a4e28c88b63 - - default default] TaaS: Handle Delete Port: 251b15ad-d148-4fdd-a4f5-87535cfc5030
2026-07-25 22:19:12.229 7 INFO neutron_taas.services.taas.tap_mirror_plugin [None req-1c112264-6416-40d6-a5d2-63bba30b591d ce3bcc36b72a412fae95599fa5b9a9c7 1b1cf4236831417aa9066a4e28c88b63 - - default default] Tap Mirror: Handle Delete Port: 251b15ad-d148-4fdd-a4f5-87535cfc5030
2026-07-25 22:19:12.500 8 INFO neutron.db.ovn_revision_numbers_db [None req-58774ca7-2535-46c0-8da0-6c95871fae8c 6f7c59fd282347f58179c2bbb5160d20 865466298b774649822dbb62ba6b0c40 - - default default] Successfully bumped revision number for resource e669d516-aabf-4766-a623-25a924546e02 (type: floatingips) to 1
2026-07-25 22:19:12.501 8 INFO neutron.db.l3_db [None req-58774ca7-2535-46c0-8da0-6c95871fae8c 6f7c59fd282347f58179c2bbb5160d20 865466298b774649822dbb62ba6b0c40 - - default default] Floating IP e669d516-aabf-4766-a623-25a924546e02 associated. External IP: 10.96.250.211, port: 97311b5d-deda-4899-a260-bc5b01f23c77. [pid: 7|app: 0|req: 654/1269] 10.0.0.142 () {32 vars in 726 bytes} [Sat Jul 25 22:19:12 2026] DELETE /v2.0/networks/4b41bc4f-f089-4755-a2c7-89e530e3e89a => generated 0 bytes in 438 msecs (HTTP/1.1 204) 3 headers in 131 bytes (1 switches on core 0) [pid: 8|app: 0|req: 616/1270] 10.0.0.142 () {34 vars in 677 bytes} [Sat Jul 25 22:19:11 2026] POST /v2.0/floatingips => generated 843 bytes in 1400 msecs (HTTP/1.1 201) 4 headers in 162 bytes (1 switches on core 0) [pid: 8|app: 0|req: 617/1271] 10.0.0.193 () {34 vars in 1040 bytes} [Sat Jul 25 22:19:12 2026] GET /v2.0/security-groups?id=a7357d72-3d64-4118-85b2-5e4fce44f002&fields=id&fields=name => generated 113 bytes in 31 msecs (HTTP/1.1 200) 4 headers in 157 bytes (1 switches on core 0)
2026-07-25 22:19:12.770 8 INFO neutron.db.ovn_revision_numbers_db [None req-5a7f1603-37de-401c-95a2-586603d13182 6f7c59fd282347f58179c2bbb5160d20 865466298b774649822dbb62ba6b0c40 - - default default] Successfully bumped revision number for resource e669d516-aabf-4766-a623-25a924546e02 (type: floatingips) to 2
2026-07-25 22:19:12.804 7 WARNING neutron.plugins.ml2.drivers.ovn.mech_driver.ovsdb.ovn_client [None req-d1af5c3e-446f-4ca7-8eaa-47777195cded - - - - - -] No hosting information found for port 1b3c5b6d-9a63-489e-b08a-f0a3c0516f76: RuntimeError: No hosting information found for port 1b3c5b6d-9a63-489e-b08a-f0a3c0516f76
2026-07-25 22:19:12.804 7 INFO neutron.plugins.ml2.drivers.ovn.mech_driver.mech_driver [None req-d1af5c3e-446f-4ca7-8eaa-47777195cded - - - - - -] OVN reports status down for port: 66b4c04a-8c20-4be9-b8d1-740ce10d17ee
2026-07-25 22:19:12.821 8 INFO neutron.db.l3_db [None req-5a7f1603-37de-401c-95a2-586603d13182 6f7c59fd282347f58179c2bbb5160d20 865466298b774649822dbb62ba6b0c40 - - default default] Floating IP e669d516-aabf-4766-a623-25a924546e02 disassociated. External IP: 10.96.250.211, port: 97311b5d-deda-4899-a260-bc5b01f23c77.
2026-07-25 22:19:12.825 7 INFO neutron.plugins.ml2.drivers.ovn.mech_driver.mech_driver [None req-d1af5c3e-446f-4ca7-8eaa-47777195cded - - - - - -] OVN reports status down for port: 7c598a6c-9dc1-46fa-a0b9-1fa0098cae99 [pid: 8|app: 0|req: 618/1272] 10.0.0.142 () {34 vars in 749 bytes} [Sat Jul 25 22:19:12 2026] PUT /v2.0/floatingips/e669d516-aabf-4766-a623-25a924546e02 => generated 554 bytes in 258 msecs (HTTP/1.1 200) 4 headers in 157 bytes (1 switches on core 0)
2026-07-25 22:19:12.913 7 INFO neutron.plugins.ml2.drivers.ovn.mech_driver.mech_driver [None req-d1af5c3e-446f-4ca7-8eaa-47777195cded - - - - - -] OVN reports status up for port: 8d780799-8d70-41df-ab9a-29f11ea31d0a [pid: 7|app: 0|req: 655/1273] 10.0.0.142 () {32 vars in 740 bytes} [Sat Jul 25 22:19:12 2026] DELETE /v2.0/security-groups/b67b874f-9026-4d80-87b5-30a351925ddc => generated 0 bytes in 388 msecs (HTTP/1.1 204) 2 headers in 112 bytes (1 switches on core 0)
2026-07-25 22:19:12.935 7 INFO neutron.plugins.ml2.plugin [None req-d1af5c3e-446f-4ca7-8eaa-47777195cded - - - - - -] Attempt 1 to provision port 8d780799-8d70-41df-ab9a-29f11ea31d0a
2026-07-25 22:19:12.963 7 INFO neutron.services.segments.plugin [-] Segment 5e93ca6b-fab9-4a03-9970-24d8d3cc9892 resource provider aggregate not found
2026-07-25 22:19:12.967 7 INFO neutron.services.segments.plugin [-] Segment 5e93ca6b-fab9-4a03-9970-24d8d3cc9892 resource provider aggregate not found
2026-07-25 22:19:12.983 7 INFO neutron.services.segments.plugin [-] Segment 5e93ca6b-fab9-4a03-9970-24d8d3cc9892 resource provider not found; error: Placement Client Error (4xx): {"errors": [{"status": 404, "title": "Not Found", "detail": "The resource could not be found.\n\n No resource provider with uuid 5e93ca6b-fab9-4a03-9970-24d8d3cc9892 found for delete ", "request_id": "req-1e1820ac-fa8a-4405-a6ce-7abbc98fad2d"}]}
2026-07-25 22:19:12.991 7 INFO neutron.services.segments.plugin [-] Segment 5e93ca6b-fab9-4a03-9970-24d8d3cc9892 resource provider not found; error: Placement Client Error (4xx): {"errors": [{"status": 404, "title": "Not Found", "detail": "The resource could not be found.\n\n No resource provider with uuid 5e93ca6b-fab9-4a03-9970-24d8d3cc9892 found for delete ", "request_id": "req-c7c0ec07-5a38-4a57-ab1f-8b4718443d35"}]}
2026-07-25 22:19:13.002 7 INFO neutron.services.segments.plugin [-] Segment 8056d8ea-fa50-4e48-a06f-bd1f60c15237 resource provider aggregate not found
2026-07-25 22:19:13.013 7 INFO neutron.services.segments.plugin [-] Segment 8056d8ea-fa50-4e48-a06f-bd1f60c15237 resource provider aggregate not found
2026-07-25 22:19:13.022 7 INFO neutron.services.segments.plugin [-] Segment 8056d8ea-fa50-4e48-a06f-bd1f60c15237 resource provider not found; error: Placement Client Error (4xx): {"errors": [{"status": 404, "title": "Not Found", "detail": "The resource could not be found.\n\n No resource provider with uuid 8056d8ea-fa50-4e48-a06f-bd1f60c15237 found for delete ", "request_id": "req-ff163664-ec86-42b4-b7a8-a76865b42b11"}]}
2026-07-25 22:19:13.043 7 INFO neutron.services.segments.plugin [-] Segment 8056d8ea-fa50-4e48-a06f-bd1f60c15237 resource provider not found; error: Placement Client Error (4xx): {"errors": [{"status": 404, "title": "Not Found", "detail": "The resource could not be found.\n\n No resource provider with uuid 8056d8ea-fa50-4e48-a06f-bd1f60c15237 found for delete ", "request_id": "req-55935bd5-951d-4ffd-aa36-708bc704921d"}]}
2026-07-25 22:19:13.048 7 INFO neutron.services.segments.plugin [-] Segment e6ff9993-0546-43cb-81de-e880d9b6cced resource provider aggregate not found
2026-07-25 22:19:13.068 7 INFO neutron.services.segments.plugin [-] Segment e6ff9993-0546-43cb-81de-e880d9b6cced resource provider aggregate not found
2026-07-25 22:19:13.070 8 INFO neutron_taas.services.taas.taas_plugin [None req-6e4cab71-ae18-4960-a3c1-446a6ce31449 6f7c59fd282347f58179c2bbb5160d20 865466298b774649822dbb62ba6b0c40 - - default default] TaaS: Handle Delete Port: b0828037-923b-4321-a65d-a70e08f148d4
2026-07-25 22:19:13.073 8 INFO neutron_taas.services.taas.tap_mirror_plugin [None req-6e4cab71-ae18-4960-a3c1-446a6ce31449 6f7c59fd282347f58179c2bbb5160d20 865466298b774649822dbb62ba6b0c40 - - default default] Tap Mirror: Handle Delete Port: b0828037-923b-4321-a65d-a70e08f148d4
2026-07-25 22:19:13.078 7 INFO neutron.services.segments.plugin [-] Segment e6ff9993-0546-43cb-81de-e880d9b6cced resource provider not found; error: Placement Client Error (4xx): {"errors": [{"status": 404, "title": "Not Found", "detail": "The resource could not be found.\n\n No resource provider with uuid e6ff9993-0546-43cb-81de-e880d9b6cced found for delete ", "request_id": "req-29b14833-5677-4544-8e7f-6b62d55fe114"}]}
2026-07-25 22:19:13.091 7 INFO neutron.services.segments.plugin [-] Segment e6ff9993-0546-43cb-81de-e880d9b6cced resource provider not found; error: Placement Client Error (4xx): {"errors": [{"status": 404, "title": "Not Found", "detail": "The resource could not be found.\n\n No resource provider with uuid e6ff9993-0546-43cb-81de-e880d9b6cced found for delete ", "request_id": "req-bec482db-c753-4945-a39a-815cd630139c"}]}
