2026-07-25 22:17:23.783 8 INFO neutron.db.ovn_revision_numbers_db [None req-060a6753-74fd-429e-981f-695758fe652f 5678bb65cbee46e1b285b18aa11cb206 e522aa9bcf8a4918963b9237d424f2ff - - default default] Successfully bumped revision number for resource 01b41a8c-fcd2-43fb-b743-212f9a4d7464 (type: router_ports) to 1 [pid: 8|app: 0|req: 282/555] 10.0.0.142 () {34 vars in 783 bytes} [Sat Jul 25 22:17:21 2026] PUT /v2.0/routers/e48a9ec6-dbeb-40e1-bc9d-e7bd1b7789d2/add_router_interface => generated 309 bytes in 2296 msecs (HTTP/1.1 200) 4 headers in 157 bytes (1 switches on core 0)
2026-07-25 22:17:24.029 8 WARNING neutron.scheduler.dhcp_agent_scheduler [None req-5af45c08-672c-44d7-b91f-ed75bb4a73aa 5678bb65cbee46e1b285b18aa11cb206 e522aa9bcf8a4918963b9237d424f2ff - - default default] No more DHCP agents
2026-07-25 22:17:24.032 8 WARNING neutron.api.rpc.agentnotifiers.dhcp_rpc_agent_api [None req-5af45c08-672c-44d7-b91f-ed75bb4a73aa 5678bb65cbee46e1b285b18aa11cb206 e522aa9bcf8a4918963b9237d424f2ff - - default default] Unable to schedule network 9c74aaa0-5fca-434e-8c84-4dc6394b0d75: no agents available; will retry on subsequent port and subnet creation events.
2026-07-25 22:17:24.562 7 WARNING neutron.scheduler.dhcp_agent_scheduler [None req-cf213ea0-eba5-4f3f-8793-3fa40a5bde30 5678bb65cbee46e1b285b18aa11cb206 e522aa9bcf8a4918963b9237d424f2ff - - default default] No more DHCP agents
2026-07-25 22:17:24.567 7 WARNING neutron.api.rpc.agentnotifiers.dhcp_rpc_agent_api [None req-cf213ea0-eba5-4f3f-8793-3fa40a5bde30 5678bb65cbee46e1b285b18aa11cb206 e522aa9bcf8a4918963b9237d424f2ff - - default default] Unable to schedule network 4835dd34-baff-44ad-a379-6e9d5d2b1584: no agents available; will retry on subsequent port and subnet creation events.
2026-07-25 22:17:24.794 7 INFO neutron.db.ovn_revision_numbers_db [None req-cf213ea0-eba5-4f3f-8793-3fa40a5bde30 5678bb65cbee46e1b285b18aa11cb206 e522aa9bcf8a4918963b9237d424f2ff - - default default] Successfully bumped revision number for resource aed074ff-77ef-4f19-a5cc-53d51dc2fdce (type: ports) to 1
2026-07-25 22:17:24.873 8 INFO neutron.db.ovn_revision_numbers_db [None req-c892003b-a89e-4be0-bb73-45adedf9c562 - - - - - -] Successfully bumped revision number for resource d67ad110-7244-4b48-86b8-db1b4b721d03 (type: ports) to 2
2026-07-25 22:17:24.937 8 INFO neutron.db.ovn_revision_numbers_db [None req-c892003b-a89e-4be0-bb73-45adedf9c562 - - - - - -] Successfully bumped revision number for resource 0837e2f7-7cef-4183-a9e6-e0ff20ee1d2d (type: subnets) to 0
2026-07-25 22:17:24.945 8 INFO neutron.db.ovn_revision_numbers_db [None req-be957b15-9334-4a62-abca-e8afdf7a7e2a - - - - - -] Successfully bumped revision number for resource 60abe915-194f-4c6f-a526-7b2f4f1d740e (type: ports) to 4 [pid: 8|app: 0|req: 283/556] 10.0.0.142 () {34 vars in 669 bytes} [Sat Jul 25 22:17:23 2026] POST /v2.0/subnets => generated 690 bytes in 1168 msecs (HTTP/1.1 201) 4 headers in 162 bytes (1 switches on core 0)
2026-07-25 22:17:25.208 7 INFO neutron.db.ovn_revision_numbers_db [None req-032d758c-3c7a-4ff4-a6a6-b3a8e9f35ac2 - - - - - -] Successfully bumped revision number for resource 2d1f137c-7d61-41ad-a439-1f374d14eb62 (type: ports) to 4
2026-07-25 22:17:25.600 8 INFO neutron.db.ovn_revision_numbers_db [None req-be957b15-9334-4a62-abca-e8afdf7a7e2a - - - - - -] Successfully bumped revision number for resource 60abe915-194f-4c6f-a526-7b2f4f1d740e (type: ports) to 5
2026-07-25 22:17:25.773 7 INFO neutron.plugins.ml2.drivers.ovn.mech_driver.mech_driver [None req-1969fe2e-acc8-486a-ae3c-4b6ca04cce5e - - - - - -] OVN reports status down for port: d67ad110-7244-4b48-86b8-db1b4b721d03
2026-07-25 22:17:25.808 8 WARNING neutron.scheduler.dhcp_agent_scheduler [None req-9712c3b5-6ecb-4444-9f5f-7bdebc65a69c 5678bb65cbee46e1b285b18aa11cb206 e522aa9bcf8a4918963b9237d424f2ff - - default default] No more DHCP agents
2026-07-25 22:17:25.810 8 WARNING neutron.api.rpc.agentnotifiers.dhcp_rpc_agent_api [None req-9712c3b5-6ecb-4444-9f5f-7bdebc65a69c 5678bb65cbee46e1b285b18aa11cb206 e522aa9bcf8a4918963b9237d424f2ff - - default default] Unable to schedule network 9a136930-0ace-4977-9e08-9d910b7c5b5c: no agents available; will retry on subsequent port and subnet creation events.
2026-07-25 22:17:25.886 8 INFO neutron.plugins.ml2.drivers.ovn.mech_driver.mech_driver [None req-fd0a7e25-6aa1-4c81-bd27-3a10bb443bca - - - - - -] OVN reports status down for port: c8e49f80-3aa2-42ea-a06d-75003eaaff38
2026-07-25 22:17:25.976 8 INFO neutron.db.ovn_revision_numbers_db [None req-9712c3b5-6ecb-4444-9f5f-7bdebc65a69c 5678bb65cbee46e1b285b18aa11cb206 e522aa9bcf8a4918963b9237d424f2ff - - default default] Successfully bumped revision number for resource c8e49f80-3aa2-42ea-a06d-75003eaaff38 (type: ports) to 1
2026-07-25 22:17:26.004 7 INFO neutron.db.ovn_revision_numbers_db [None req-032d758c-3c7a-4ff4-a6a6-b3a8e9f35ac2 - - - - - -] Successfully bumped revision number for resource 2d1f137c-7d61-41ad-a439-1f374d14eb62 (type: ports) to 5
2026-07-25 22:17:26.015 7 INFO neutron.plugins.ml2.drivers.ovn.mech_driver.mech_driver [None req-1969fe2e-acc8-486a-ae3c-4b6ca04cce5e - - - - - -] OVN reports status down for port: 60abe915-194f-4c6f-a526-7b2f4f1d740e
2026-07-25 22:17:26.390 7 WARNING neutron.scheduler.dhcp_agent_scheduler [None req-cf213ea0-eba5-4f3f-8793-3fa40a5bde30 5678bb65cbee46e1b285b18aa11cb206 e522aa9bcf8a4918963b9237d424f2ff - - default default] No more DHCP agents
2026-07-25 22:17:26.394 7 WARNING neutron.api.rpc.agentnotifiers.dhcp_rpc_agent_api [None req-cf213ea0-eba5-4f3f-8793-3fa40a5bde30 5678bb65cbee46e1b285b18aa11cb206 e522aa9bcf8a4918963b9237d424f2ff - - default default] Unable to schedule network 4835dd34-baff-44ad-a379-6e9d5d2b1584: no agents available; will retry on subsequent port and subnet creation events.
2026-07-25 22:17:26.588 8 INFO neutron.plugins.ml2.drivers.ovn.mech_driver.mech_driver [None req-fd0a7e25-6aa1-4c81-bd27-3a10bb443bca - - - - - -] OVN reports status up for port: c8e49f80-3aa2-42ea-a06d-75003eaaff38
2026-07-25 22:17:26.624 8 INFO neutron.plugins.ml2.plugin [None req-fd0a7e25-6aa1-4c81-bd27-3a10bb443bca - - - - - -] Attempt 1 to provision port c8e49f80-3aa2-42ea-a06d-75003eaaff38
2026-07-25 22:17:26.772 8 WARNING neutron.scheduler.dhcp_agent_scheduler [None req-9712c3b5-6ecb-4444-9f5f-7bdebc65a69c 5678bb65cbee46e1b285b18aa11cb206 e522aa9bcf8a4918963b9237d424f2ff - - default default] No more DHCP agents
2026-07-25 22:17:26.775 8 WARNING neutron.api.rpc.agentnotifiers.dhcp_rpc_agent_api [None req-9712c3b5-6ecb-4444-9f5f-7bdebc65a69c 5678bb65cbee46e1b285b18aa11cb206 e522aa9bcf8a4918963b9237d424f2ff - - default default] Unable to schedule network 9a136930-0ace-4977-9e08-9d910b7c5b5c: no agents available; will retry on subsequent port and subnet creation events.
2026-07-25 22:17:26.776 7 INFO neutron.db.ovn_revision_numbers_db [None req-1969fe2e-acc8-486a-ae3c-4b6ca04cce5e - - - - - -] Successfully bumped revision number for resource 60abe915-194f-4c6f-a526-7b2f4f1d740e (type: ports) to 6
2026-07-25 22:17:26.914 7 WARNING neutron.plugins.ml2.drivers.ovn.mech_driver.ovsdb.ovn_client [None req-0744c6f4-1a1a-4ca5-bfa3-9cda6c4ed716 - - - - - -] Logical_Switch_Port %s host information not removed, the port state is up
2026-07-25 22:17:26.915 7 INFO neutron.plugins.ml2.drivers.ovn.mech_driver.mech_driver [None req-0744c6f4-1a1a-4ca5-bfa3-9cda6c4ed716 - - - - - -] OVN reports status down for port: 01b41a8c-fcd2-43fb-b743-212f9a4d7464
2026-07-25 22:17:27.022 7 WARNING neutron.plugins.ml2.drivers.ovn.mech_driver.ovsdb.ovn_client [None req-0744c6f4-1a1a-4ca5-bfa3-9cda6c4ed716 - - - - - -] Logical_Switch_Port %s host information not removed, the port state is up
2026-07-25 22:17:27.023 7 INFO neutron.plugins.ml2.drivers.ovn.mech_driver.mech_driver [None req-0744c6f4-1a1a-4ca5-bfa3-9cda6c4ed716 - - - - - -] OVN reports status up for port: 01b41a8c-fcd2-43fb-b743-212f9a4d7464
2026-07-25 22:17:27.049 7 INFO neutron.plugins.ml2.plugin [None req-0744c6f4-1a1a-4ca5-bfa3-9cda6c4ed716 - - - - - -] Attempt 1 to provision port 01b41a8c-fcd2-43fb-b743-212f9a4d7464
2026-07-25 22:17:27.379 7 INFO neutron.db.ovn_revision_numbers_db [None req-cf213ea0-eba5-4f3f-8793-3fa40a5bde30 5678bb65cbee46e1b285b18aa11cb206 e522aa9bcf8a4918963b9237d424f2ff - - default default] Successfully bumped revision number for resource aed074ff-77ef-4f19-a5cc-53d51dc2fdce (type: router_ports) to 1 [pid: 7|app: 0|req: 274/557] 10.0.0.142 () {34 vars in 783 bytes} [Sat Jul 25 22:17:23 2026] PUT /v2.0/routers/b53daee1-706a-4e24-b779-a47ea9c08beb/add_router_interface => generated 309 bytes in 3708 msecs (HTTP/1.1 200) 4 headers in 157 bytes (1 switches on core 0)
2026-07-25 22:17:27.442 8 INFO neutron.db.ovn_revision_numbers_db [None req-fd0a7e25-6aa1-4c81-bd27-3a10bb443bca - - - - - -] Successfully bumped revision number for resource c8e49f80-3aa2-42ea-a06d-75003eaaff38 (type: ports) to 2
2026-07-25 22:17:27.725 7 INFO neutron.db.ovn_revision_numbers_db [req-dbf13469-e337-4c59-a16b-8b343a5f62e7 req-6bd050fb-9fb8-4d8a-be22-059d44c66ac3 004c83c23c8e4c459eeb06410f6d9167 d45025a8c3cf4b3bbb556d6ca91f1b14 - - default default] Successfully bumped revision number for resource 5e17a3d9-ae4e-4cdf-9174-f29b7dd34aea (type: security_groups) to 1
2026-07-25 22:17:27.753 7 INFO neutron.db.ovn_revision_numbers_db [req-dbf13469-e337-4c59-a16b-8b343a5f62e7 req-6bd050fb-9fb8-4d8a-be22-059d44c66ac3 004c83c23c8e4c459eeb06410f6d9167 d45025a8c3cf4b3bbb556d6ca91f1b14 - - default default] Successfully bumped revision number for resource 0579b128-f844-41e5-a087-ffc030c9bd7d (type: security_group_rules) to 0
2026-07-25 22:17:27.770 8 INFO neutron.db.ovn_revision_numbers_db [None req-9712c3b5-6ecb-4444-9f5f-7bdebc65a69c 5678bb65cbee46e1b285b18aa11cb206 e522aa9bcf8a4918963b9237d424f2ff - - default default] Successfully bumped revision number for resource c8e49f80-3aa2-42ea-a06d-75003eaaff38 (type: router_ports) to 1 [pid: 8|app: 0|req: 284/558] 10.0.0.142 () {34 vars in 783 bytes} [Sat Jul 25 22:17:24 2026] PUT /v2.0/routers/62a775d4-b652-49d0-af08-66c83c3bd7b1/add_router_interface => generated 309 bytes in 2811 msecs (HTTP/1.1 200) 4 headers in 157 bytes (1 switches on core 0)
2026-07-25 22:17:27.782 7 INFO neutron.db.ovn_revision_numbers_db [req-dbf13469-e337-4c59-a16b-8b343a5f62e7 req-6bd050fb-9fb8-4d8a-be22-059d44c66ac3 004c83c23c8e4c459eeb06410f6d9167 d45025a8c3cf4b3bbb556d6ca91f1b14 - - default default] Successfully bumped revision number for resource 187bc1dd-7cc6-45e3-a6f3-aa44650d3161 (type: security_group_rules) to 0 [pid: 7|app: 0|req: 275/559] 10.0.0.193 () {38 vars in 971 bytes} [Sat Jul 25 22:17:27 2026] POST /v2.0/security-groups => generated 1683 bytes in 474 msecs (HTTP/1.1 201) 4 headers in 163 bytes (1 switches on core 0)
2026-07-25 22:17:27.870 7 INFO neutron.db.ovn_revision_numbers_db [None req-0744c6f4-1a1a-4ca5-bfa3-9cda6c4ed716 - - - - - -] Successfully bumped revision number for resource 01b41a8c-fcd2-43fb-b743-212f9a4d7464 (type: ports) to 2
2026-07-25 22:17:28.068 7 INFO neutron.db.ovn_revision_numbers_db [None req-17a3e85d-b452-405f-a0d6-d5821905f2c3 b6009924cd8e494f9235ec42970dd45f 55e43840837e490db50fffb1ed3212b4 - - default default] Successfully bumped revision number for resource ec6aef49-822f-4cdc-9974-4733443df2e4 (type: security_groups) to 1
2026-07-25 22:17:28.081 7 INFO neutron.db.ovn_revision_numbers_db [None req-17a3e85d-b452-405f-a0d6-d5821905f2c3 b6009924cd8e494f9235ec42970dd45f 55e43840837e490db50fffb1ed3212b4 - - default default] Successfully bumped revision number for resource 3747200c-5dbe-4a9b-99db-3714e1fa8b98 (type: security_group_rules) to 0
2026-07-25 22:17:28.098 7 INFO neutron.db.ovn_revision_numbers_db [None req-17a3e85d-b452-405f-a0d6-d5821905f2c3 b6009924cd8e494f9235ec42970dd45f 55e43840837e490db50fffb1ed3212b4 - - default default] Successfully bumped revision number for resource e0c10dac-c985-44b0-9b88-d6123037b8a6 (type: security_group_rules) to 0 [pid: 7|app: 0|req: 276/560] 10.0.0.142 () {34 vars in 685 bytes} [Sat Jul 25 22:17:27 2026] POST /v2.0/security-groups => generated 1660 bytes in 252 msecs (HTTP/1.1 201) 4 headers in 163 bytes (1 switches on core 0) [pid: 7|app: 0|req: 277/561] 10.0.0.193 () {34 vars in 991 bytes} [Sat Jul 25 22:17:28 2026] GET /v2.0/security-groups/5e17a3d9-ae4e-4cdf-9174-f29b7dd34aea => generated 1683 bytes in 22 msecs (HTTP/1.1 200) 4 headers in 158 bytes (1 switches on core 0)
2026-07-25 22:17:28.198 8 WARNING neutron.scheduler.dhcp_agent_scheduler [None req-3dd504ca-2a0b-4a07-88a4-731b54b3d9e5 5678bb65cbee46e1b285b18aa11cb206 e522aa9bcf8a4918963b9237d424f2ff - - default default] No more DHCP agents
2026-07-25 22:17:28.200 8 WARNING neutron.api.rpc.agentnotifiers.dhcp_rpc_agent_api [None req-3dd504ca-2a0b-4a07-88a4-731b54b3d9e5 5678bb65cbee46e1b285b18aa11cb206 e522aa9bcf8a4918963b9237d424f2ff - - default default] Unable to schedule network ceb2df02-4425-4d62-8b43-de4d6c3727ff: no agents available; will retry on subsequent port and subnet creation events.
2026-07-25 22:17:28.297 7 INFO neutron.db.ovn_revision_numbers_db [None req-35390d99-4ae5-4556-9866-6fec3353eba7 b6009924cd8e494f9235ec42970dd45f 55e43840837e490db50fffb1ed3212b4 - - default default] Successfully bumped revision number for resource 4dafb0bc-1fc4-4362-98c3-9fb572df6c35 (type: security_group_rules) to 0 [pid: 7|app: 0|req: 278/562] 10.0.0.142 () {34 vars in 695 bytes} [Sat Jul 25 22:17:28 2026] POST /v2.0/security-group-rules => generated 597 bytes in 210 msecs (HTTP/1.1 201) 4 headers in 162 bytes (1 switches on core 0)
2026-07-25 22:17:28.391 8 INFO neutron.db.ovn_revision_numbers_db [None req-3dd504ca-2a0b-4a07-88a4-731b54b3d9e5 5678bb65cbee46e1b285b18aa11cb206 e522aa9bcf8a4918963b9237d424f2ff - - default default] Successfully bumped revision number for resource 46a3c264-8162-4856-ab27-6181556b9e47 (type: ports) to 1
2026-07-25 22:17:28.548 7 INFO neutron.db.ovn_revision_numbers_db [req-2c8ec845-3ba4-4ac8-8dad-c11d4ccb2b6b req-e44cf72d-d2e2-43f3-9c12-1dda1b36b187 004c83c23c8e4c459eeb06410f6d9167 d45025a8c3cf4b3bbb556d6ca91f1b14 - - default default] Successfully bumped revision number for resource 9a9bf62c-890c-468a-a014-2352c71a17d3 (type: security_group_rules) to 0 [pid: 7|app: 0|req: 279/563] 10.0.0.193 () {38 vars in 981 bytes} [Sat Jul 25 22:17:28 2026] POST /v2.0/security-group-rules => generated 614 bytes in 206 msecs (HTTP/1.1 201) 4 headers in 162 bytes (1 switches on core 0)
2026-07-25 22:17:28.685 7 INFO neutron.db.ovn_revision_numbers_db [None req-6ce6a563-f0c9-4679-8bdb-74f5233f2b07 b6009924cd8e494f9235ec42970dd45f 55e43840837e490db50fffb1ed3212b4 - - default default] Successfully bumped revision number for resource 92363475-a598-4570-aa26-ff154a1837e0 (type: security_group_rules) to 0 [pid: 7|app: 0|req: 280/564] 10.0.0.142 () {34 vars in 695 bytes} [Sat Jul 25 22:17:28 2026] POST /v2.0/security-group-rules => generated 602 bytes in 150 msecs (HTTP/1.1 201) 4 headers in 162 bytes (1 switches on core 0)
2026-07-25 22:17:28.877 7 INFO neutron.db.ovn_revision_numbers_db [req-fe39cb17-8c31-4e66-b6df-ef2488b142ad req-e5c95db0-ecdc-454a-8b92-b68779e325a6 9f30012425bb47cdbf5a5e3d9dcef0e6 b045fe6695f94212a5c70e18e721ea63 - - default default] Successfully bumped revision number for resource 69884894-9347-408a-99a0-a11a8bbc63e0 (type: security_groups) to 1
2026-07-25 22:17:28.889 7 INFO neutron.db.ovn_revision_numbers_db [req-fe39cb17-8c31-4e66-b6df-ef2488b142ad req-e5c95db0-ecdc-454a-8b92-b68779e325a6 9f30012425bb47cdbf5a5e3d9dcef0e6 b045fe6695f94212a5c70e18e721ea63 - - default default] Successfully bumped revision number for resource 271fabe2-c4bb-456c-8018-bd9d449c2228 (type: security_group_rules) to 0
2026-07-25 22:17:28.904 7 INFO neutron.db.ovn_revision_numbers_db [req-fe39cb17-8c31-4e66-b6df-ef2488b142ad req-e5c95db0-ecdc-454a-8b92-b68779e325a6 9f30012425bb47cdbf5a5e3d9dcef0e6 b045fe6695f94212a5c70e18e721ea63 - - default default] Successfully bumped revision number for resource 3f32d09e-a700-46b9-aad2-3a9f901cb845 (type: security_group_rules) to 0 [pid: 7|app: 0|req: 281/565] 10.0.0.193 () {38 vars in 971 bytes} [Sat Jul 25 22:17:28 2026] POST /v2.0/security-groups => generated 1682 bytes in 213 msecs (HTTP/1.1 201) 4 headers in 163 bytes (1 switches on core 0)
2026-07-25 22:17:29.047 7 INFO neutron.db.ovn_revision_numbers_db [req-d1cce511-e209-4655-a797-057f43b9bf1c req-086f996d-3f3d-425c-bfbc-9f8b0ac2fa86 004c83c23c8e4c459eeb06410f6d9167 d45025a8c3cf4b3bbb556d6ca91f1b14 - - default default] Successfully bumped revision number for resource f01b80d1-3720-4ff4-9bfe-6577a7294573 (type: security_groups) to 1
2026-07-25 22:17:29.053 8 INFO neutron.plugins.ml2.drivers.ovn.mech_driver.ovsdb.commands [None req-6edbf6ab-dd3b-41fd-b7c9-03a698025a5c - - - - - -] Schedule LRP lrp-46a3c264-8162-4856-ab27-6181556b9e47 on gateway dd7c6e83-9760-40a3-92a7-e734da88ac34 with priority 1
2026-07-25 22:17:29.063 7 INFO neutron.db.ovn_revision_numbers_db [req-d1cce511-e209-4655-a797-057f43b9bf1c req-086f996d-3f3d-425c-bfbc-9f8b0ac2fa86 004c83c23c8e4c459eeb06410f6d9167 d45025a8c3cf4b3bbb556d6ca91f1b14 - - default default] Successfully bumped revision number for resource 75333aaa-bec6-48d1-a86e-c2324f094ced (type: security_group_rules) to 0
2026-07-25 22:17:29.097 7 INFO neutron.db.ovn_revision_numbers_db [req-d1cce511-e209-4655-a797-057f43b9bf1c req-086f996d-3f3d-425c-bfbc-9f8b0ac2fa86 004c83c23c8e4c459eeb06410f6d9167 d45025a8c3cf4b3bbb556d6ca91f1b14 - - default default] Successfully bumped revision number for resource ce6395d7-0842-4373-8459-fee80af79a0c (type: security_group_rules) to 0
2026-07-25 22:17:29.128 8 INFO neutron.db.ovn_revision_numbers_db [None req-3dd504ca-2a0b-4a07-88a4-731b54b3d9e5 5678bb65cbee46e1b285b18aa11cb206 e522aa9bcf8a4918963b9237d424f2ff - - default default] Successfully bumped revision number for resource 46a3c264-8162-4856-ab27-6181556b9e47 (type: router_ports) to 1
2026-07-25 22:17:29.137 7 INFO neutron.plugins.ml2.drivers.ovn.mech_driver.ovsdb.ovsdb_monitor [None req-032d758c-3c7a-4ff4-a6a6-b3a8e9f35ac2 - - - - - -] Router 2e410b04-1199-48aa-8982-fccafd36476d is bound to host instance [pid: 7|app: 0|req: 282/566] 10.0.0.193 () {38 vars in 971 bytes} [Sat Jul 25 22:17:28 2026] POST /v2.0/security-groups => generated 1684 bytes in 224 msecs (HTTP/1.1 201) 4 headers in 163 bytes (1 switches on core 0)
2026-07-25 22:17:29.201 8 INFO neutron.db.ovn_revision_numbers_db [None req-3dd504ca-2a0b-4a07-88a4-731b54b3d9e5 5678bb65cbee46e1b285b18aa11cb206 e522aa9bcf8a4918963b9237d424f2ff - - default default] Successfully bumped revision number for resource 2e410b04-1199-48aa-8982-fccafd36476d (type: routers) to 2 [pid: 8|app: 0|req: 285/567] 10.0.0.142 () {34 vars in 669 bytes} [Sat Jul 25 22:17:27 2026] POST /v2.0/routers => generated 968 bytes in 1448 msecs (HTTP/1.1 201) 4 headers in 162 bytes (1 switches on core 0)
2026-07-25 22:17:29.374 8 INFO neutron.db.ovn_revision_numbers_db [req-b2e470d7-5ba6-4817-ba19-c4c59c10f44c req-d8ff75c6-fc94-44b4-b30b-9b77f9f022a7 9f30012425bb47cdbf5a5e3d9dcef0e6 b045fe6695f94212a5c70e18e721ea63 - - default default] Successfully bumped revision number for resource 9b2b4d17-216c-4eaf-bbb4-a9d3a41844f8 (type: security_groups) to 1
2026-07-25 22:17:29.386 8 INFO neutron.db.ovn_revision_numbers_db [req-b2e470d7-5ba6-4817-ba19-c4c59c10f44c req-d8ff75c6-fc94-44b4-b30b-9b77f9f022a7 9f30012425bb47cdbf5a5e3d9dcef0e6 b045fe6695f94212a5c70e18e721ea63 - - default default] Successfully bumped revision number for resource 7f17a219-d9c7-4ffe-8789-5cf801d4f901 (type: security_group_rules) to 0
2026-07-25 22:17:29.397 8 INFO neutron.db.ovn_revision_numbers_db [req-b2e470d7-5ba6-4817-ba19-c4c59c10f44c req-d8ff75c6-fc94-44b4-b30b-9b77f9f022a7 9f30012425bb47cdbf5a5e3d9dcef0e6 b045fe6695f94212a5c70e18e721ea63 - - default default] Successfully bumped revision number for resource d932135f-81f9-473c-ba1a-71b8ff161775 (type: security_group_rules) to 0 [pid: 8|app: 0|req: 286/568] 10.0.0.193 () {38 vars in 971 bytes} [Sat Jul 25 22:17:29 2026] POST /v2.0/security-groups => generated 1681 bytes in 204 msecs (HTTP/1.1 201) 4 headers in 163 bytes (1 switches on core 0) [pid: 8|app: 0|req: 287/569] 10.0.0.193 () {34 vars in 991 bytes} [Sat Jul 25 22:17:29 2026] GET /v2.0/security-groups/f01b80d1-3720-4ff4-9bfe-6577a7294573 => generated 1684 bytes in 19 msecs (HTTP/1.1 200) 4 headers in 158 bytes (1 switches on core 0)
2026-07-25 22:17:29.843 8 WARNING neutron.scheduler.dhcp_agent_scheduler [None req-8719a2d6-8190-494f-9aa7-1480ae57a6fd 5678bb65cbee46e1b285b18aa11cb206 e522aa9bcf8a4918963b9237d424f2ff - - default default] No more DHCP agents
2026-07-25 22:17:29.845 8 WARNING neutron.api.rpc.agentnotifiers.dhcp_rpc_agent_api [None req-8719a2d6-8190-494f-9aa7-1480ae57a6fd 5678bb65cbee46e1b285b18aa11cb206 e522aa9bcf8a4918963b9237d424f2ff - - default default] Unable to schedule network 9c74aaa0-5fca-434e-8c84-4dc6394b0d75: no agents available; will retry on subsequent port and subnet creation events.
2026-07-25 22:17:29.991 8 INFO neutron.db.ovn_revision_numbers_db [None req-8719a2d6-8190-494f-9aa7-1480ae57a6fd 5678bb65cbee46e1b285b18aa11cb206 e522aa9bcf8a4918963b9237d424f2ff - - default default] Successfully bumped revision number for resource a1820b8c-243b-4009-ab65-45735640f3d0 (type: ports) to 1
2026-07-25 22:17:30.025 7 WARNING neutron.scheduler.dhcp_agent_scheduler [None req-b02d982c-415f-4d83-8909-9c5ed59d8d66 b6009924cd8e494f9235ec42970dd45f 55e43840837e490db50fffb1ed3212b4 - - default default] No more DHCP agents
2026-07-25 22:17:30.026 7 WARNING neutron.api.rpc.agentnotifiers.dhcp_rpc_agent_api [None req-b02d982c-415f-4d83-8909-9c5ed59d8d66 b6009924cd8e494f9235ec42970dd45f 55e43840837e490db50fffb1ed3212b4 - - default default] Unable to schedule network ceb2df02-4425-4d62-8b43-de4d6c3727ff: no agents available; will retry on subsequent port and subnet creation events. [pid: 7|app: 0|req: 283/570] 10.0.0.142 () {34 vars in 676 bytes} [Sat Jul 25 22:17:29 2026] POST /v2.0/floatingips => generated 552 bytes in 1374 msecs (HTTP/1.1 201) 4 headers in 162 bytes (1 switches on core 0)
2026-07-25 22:17:30.675 8 WARNING neutron.scheduler.dhcp_agent_scheduler [None req-8719a2d6-8190-494f-9aa7-1480ae57a6fd 5678bb65cbee46e1b285b18aa11cb206 e522aa9bcf8a4918963b9237d424f2ff - - default default] No more DHCP agents
2026-07-25 22:17:30.677 8 WARNING neutron.api.rpc.agentnotifiers.dhcp_rpc_agent_api [None req-8719a2d6-8190-494f-9aa7-1480ae57a6fd 5678bb65cbee46e1b285b18aa11cb206 e522aa9bcf8a4918963b9237d424f2ff - - default default] Unable to schedule network 9c74aaa0-5fca-434e-8c84-4dc6394b0d75: no agents available; will retry on subsequent port and subnet creation events.
2026-07-25 22:17:30.826 7 INFO neutron.db.ovn_revision_numbers_db [req-b2dd7447-35e6-49ad-97aa-111bdcf2a468 req-a5ed052b-4dd7-4e4f-87f3-5b2afbb35900 004c83c23c8e4c459eeb06410f6d9167 d45025a8c3cf4b3bbb556d6ca91f1b14 - - default default] Successfully bumped revision number for resource 978b6edb-5b35-496d-ad43-e1733f0ab920 (type: security_group_rules) to 0 [pid: 7|app: 0|req: 284/571] 10.0.0.193 () {38 vars in 981 bytes} [Sat Jul 25 22:17:30 2026] POST /v2.0/security-group-rules => generated 614 bytes in 360 msecs (HTTP/1.1 201) 4 headers in 162 bytes (1 switches on core 0)
2026-07-25 22:17:31.017 7 INFO neutron.db.ovn_revision_numbers_db [None req-ac7f7e70-4339-4c9c-bc50-56c5b2d1f25c - - - - - -] Successfully bumped revision number for resource 46a3c264-8162-4856-ab27-6181556b9e47 (type: ports) to 4
2026-07-25 22:17:31.168 7 INFO neutron.db.ovn_revision_numbers_db [req-7fbb2ba8-8e16-440b-bd75-573e01964ffd req-3024f872-e7c5-4540-8af7-f8f572073eff 9f30012425bb47cdbf5a5e3d9dcef0e6 b045fe6695f94212a5c70e18e721ea63 - - default default] Successfully bumped revision number for resource 4931089a-6caa-4f64-bed2-346612780769 (type: security_groups) to 1
2026-07-25 22:17:31.203 7 INFO neutron.db.ovn_revision_numbers_db [req-7fbb2ba8-8e16-440b-bd75-573e01964ffd req-3024f872-e7c5-4540-8af7-f8f572073eff 9f30012425bb47cdbf5a5e3d9dcef0e6 b045fe6695f94212a5c70e18e721ea63 - - default default] Successfully bumped revision number for resource 4757cbc6-2e09-42bf-a8f7-2738ec1c8a5e (type: security_group_rules) to 0
2026-07-25 22:17:31.248 7 INFO neutron.db.ovn_revision_numbers_db [req-7fbb2ba8-8e16-440b-bd75-573e01964ffd req-3024f872-e7c5-4540-8af7-f8f572073eff 9f30012425bb47cdbf5a5e3d9dcef0e6 b045fe6695f94212a5c70e18e721ea63 - - default default] Successfully bumped revision number for resource 5de932f3-c152-4ec9-92de-58fd04b1c9c4 (type: security_group_rules) to 0
2026-07-25 22:17:31.253 8 INFO neutron.db.ovn_revision_numbers_db [None req-8719a2d6-8190-494f-9aa7-1480ae57a6fd 5678bb65cbee46e1b285b18aa11cb206 e522aa9bcf8a4918963b9237d424f2ff - - default default] Successfully bumped revision number for resource a1820b8c-243b-4009-ab65-45735640f3d0 (type: router_ports) to 1 [pid: 8|app: 0|req: 288/572] 10.0.0.142 () {34 vars in 783 bytes} [Sat Jul 25 22:17:29 2026] PUT /v2.0/routers/2e410b04-1199-48aa-8982-fccafd36476d/add_router_interface => generated 309 bytes in 1811 msecs (HTTP/1.1 200) 4 headers in 157 bytes (1 switches on core 0) [pid: 8|app: 0|req: 289/573] 10.0.0.193 () {34 vars in 991 bytes} [Sat Jul 25 22:17:31 2026] GET /v2.0/security-groups/f01b80d1-3720-4ff4-9bfe-6577a7294573 => generated 2309 bytes in 30 msecs (HTTP/1.1 200) 4 headers in 158 bytes (1 switches on core 0) [pid: 7|app: 0|req: 285/574] 10.0.0.193 () {38 vars in 971 bytes} [Sat Jul 25 22:17:30 2026] POST /v2.0/security-groups => generated 1680 bytes in 430 msecs (HTTP/1.1 201) 4 headers in 163 bytes (1 switches on core 0)
2026-07-25 22:17:31.453 8 INFO neutron.db.ovn_revision_numbers_db [req-16a9392f-4a4c-4a69-8c7a-652312ee0598 req-e7a55264-fb02-40c0-82cf-556a5f6cd391 004c83c23c8e4c459eeb06410f6d9167 d45025a8c3cf4b3bbb556d6ca91f1b14 - - default default] Successfully bumped revision number for resource 80a25940-a7ad-4979-9c50-787215c89213 (type: security_group_rules) to 0 [pid: 7|app: 0|req: 286/575] 10.0.0.193 () {34 vars in 1002 bytes} [Sat Jul 25 22:17:31 2026] GET /v2.0/security-groups?tenant_id=b045fe6695f94212a5c70e18e721ea63 => generated 7904 bytes in 97 msecs (HTTP/1.1 200) 4 headers in 158 bytes (1 switches on core 0) [pid: 8|app: 0|req: 290/576] 10.0.0.193 () {38 vars in 981 bytes} [Sat Jul 25 22:17:31 2026] POST /v2.0/security-group-rules => generated 619 bytes in 207 msecs (HTTP/1.1 201) 4 headers in 162 bytes (1 switches on core 0) [pid: 7|app: 0|req: 287/577] 10.0.0.193 () {34 vars in 991 bytes} [Sat Jul 25 22:17:31 2026] GET /v2.0/security-groups/d8cf7e05-5683-4f1f-8c07-1ac715838526 => generated 2918 bytes in 100 msecs (HTTP/1.1 200) 4 headers in 158 bytes (1 switches on core 0) [pid: 8|app: 0|req: 291/578] 10.0.0.193 () {34 vars in 991 bytes} [Sat Jul 25 22:17:31 2026] GET /v2.0/security-groups/f01b80d1-3720-4ff4-9bfe-6577a7294573 => generated 2939 bytes in 53 msecs (HTTP/1.1 200) 4 headers in 158 bytes (1 switches on core 0) [pid: 8|app: 0|req: 292/579] 10.0.0.193 () {34 vars in 1001 bytes} [Sat Jul 25 22:17:31 2026] GET /v2.0/security-group-rules/80a25940-a7ad-4979-9c50-787215c89213 => generated 616 bytes in 22 msecs (HTTP/1.1 200) 4 headers in 157 bytes (1 switches on core 0) [pid: 7|app: 0|req: 288/580] 10.0.0.193 () {34 vars in 991 bytes} [Sat Jul 25 22:17:31 2026] GET /v2.0/security-groups/d8cf7e05-5683-4f1f-8c07-1ac715838526 => generated 2918 bytes in 73 msecs (HTTP/1.1 200) 4 headers in 158 bytes (1 switches on core 0) [pid: 8|app: 0|req: 293/581] 10.0.0.193 () {34 vars in 991 bytes} [Sat Jul 25 22:17:31 2026] GET /v2.0/security-groups/f01b80d1-3720-4ff4-9bfe-6577a7294573 => generated 2939 bytes in 37 msecs (HTTP/1.1 200) 4 headers in 158 bytes (1 switches on core 0) [pid: 7|app: 0|req: 289/582] 10.0.0.193 () {34 vars in 991 bytes} [Sat Jul 25 22:17:31 2026] GET /v2.0/security-groups/69884894-9347-408a-99a0-a11a8bbc63e0 => generated 1682 bytes in 43 msecs (HTTP/1.1 200) 4 headers in 158 bytes (1 switches on core 0)
2026-07-25 22:17:31.724 7 INFO neutron.db.ovn_revision_numbers_db [None req-ac7f7e70-4339-4c9c-bc50-56c5b2d1f25c - - - - - -] Successfully bumped revision number for resource 46a3c264-8162-4856-ab27-6181556b9e47 (type: ports) to 5 [pid: 8|app: 0|req: 294/583] 10.0.0.193 () {36 vars in 1023 bytes} [Sat Jul 25 22:17:31 2026] DELETE /v2.0/security-group-rules/80a25940-a7ad-4979-9c50-787215c89213 => generated 0 bytes in 149 msecs (HTTP/1.1 204) 2 headers in 112 bytes (1 switches on core 0) [pid: 7|app: 0|req: 290/584] 10.0.0.193 () {36 vars in 1013 bytes} [Sat Jul 25 22:17:31 2026] DELETE /v2.0/security-groups/69884894-9347-408a-99a0-a11a8bbc63e0 => generated 0 bytes in 171 msecs (HTTP/1.1 204) 2 headers in 112 bytes (1 switches on core 0) [pid: 8|app: 0|req: 295/585] 10.0.0.193 () {34 vars in 991 bytes} [Sat Jul 25 22:17:31 2026] GET /v2.0/security-groups/f01b80d1-3720-4ff4-9bfe-6577a7294573 => generated 2309 bytes in 41 msecs (HTTP/1.1 200) 4 headers in 158 bytes (1 switches on core 0)
2026-07-25 22:17:31.963 8 INFO neutron.api.v2.resource [req-a0785394-b6a3-4e5f-9807-961b28a29178 req-f7f6d692-4670-4d51-8cd6-101600be9a40 9f30012425bb47cdbf5a5e3d9dcef0e6 b045fe6695f94212a5c70e18e721ea63 - - default default] show failed (client error): The resource could not be found. [pid: 8|app: 0|req: 296/586] 10.0.0.193 () {34 vars in 991 bytes} [Sat Jul 25 22:17:31 2026] GET /v2.0/security-groups/69884894-9347-408a-99a0-a11a8bbc63e0 => generated 146 bytes in 15 msecs (HTTP/1.1 404) 4 headers in 164 bytes (1 switches on core 0)
2026-07-25 22:17:32.058 7 INFO neutron.db.ovn_revision_numbers_db [None req-832121cc-bdfb-47dd-b1f8-18ba532afd5f ab4908a0688a4a9da768cd2afb129c1d bdce226eaa0a499e83a421a3ca96764f - - default default] Successfully bumped revision number for resource 1ba30649-e2e0-4ed7-ba30-04c16892783d (type: security_groups) to 1
2026-07-25 22:17:32.073 7 INFO neutron.db.ovn_revision_numbers_db [None req-832121cc-bdfb-47dd-b1f8-18ba532afd5f ab4908a0688a4a9da768cd2afb129c1d bdce226eaa0a499e83a421a3ca96764f - - default default] Successfully bumped revision number for resource 150e7746-ac89-4725-a971-2773bf95363a (type: security_group_rules) to 0
2026-07-25 22:17:32.087 7 INFO neutron.db.ovn_revision_numbers_db [None req-832121cc-bdfb-47dd-b1f8-18ba532afd5f ab4908a0688a4a9da768cd2afb129c1d bdce226eaa0a499e83a421a3ca96764f - - default default] Successfully bumped revision number for resource 42109ceb-5cbe-4ef1-9d1f-d7359b09fafc (type: security_group_rules) to 0 [pid: 8|app: 0|req: 297/587] 10.0.0.193 () {36 vars in 1013 bytes} [Sat Jul 25 22:17:31 2026] DELETE /v2.0/security-groups/f01b80d1-3720-4ff4-9bfe-6577a7294573 => generated 0 bytes in 136 msecs (HTTP/1.1 204) 2 headers in 112 bytes (1 switches on core 0) [pid: 7|app: 0|req: 291/588] 10.0.0.142 () {34 vars in 685 bytes} [Sat Jul 25 22:17:31 2026] POST /v2.0/security-groups => generated 1661 bytes in 200 msecs (HTTP/1.1 201) 4 headers in 163 bytes (1 switches on core 0) [pid: 8|app: 0|req: 298/589] 10.0.0.193 () {34 vars in 991 bytes} [Sat Jul 25 22:17:32 2026] GET /v2.0/security-groups/9b2b4d17-216c-4eaf-bbb4-a9d3a41844f8 => generated 1681 bytes in 22 msecs (HTTP/1.1 200) 4 headers in 158 bytes (1 switches on core 0) [pid: 7|app: 0|req: 292/590] 10.0.0.193 () {34 vars in 991 bytes} [Sat Jul 25 22:17:32 2026] GET /v2.0/security-groups/5e17a3d9-ae4e-4cdf-9174-f29b7dd34aea => generated 2308 bytes in 30 msecs (HTTP/1.1 200) 4 headers in 158 bytes (1 switches on core 0)
2026-07-25 22:17:32.281 8 INFO neutron.db.ovn_revision_numbers_db [None req-426349d0-b8c1-4ffe-accb-33db3132fd57 ab4908a0688a4a9da768cd2afb129c1d bdce226eaa0a499e83a421a3ca96764f - - default default] Successfully bumped revision number for resource 3a2d4f49-6fcd-4b6f-a20f-df8c35bc166d (type: security_group_rules) to 0 [pid: 7|app: 0|req: 293/591] 10.0.0.193 () {36 vars in 1013 bytes} [Sat Jul 25 22:17:32 2026] DELETE /v2.0/security-groups/9b2b4d17-216c-4eaf-bbb4-a9d3a41844f8 => generated 0 bytes in 144 msecs (HTTP/1.1 204) 2 headers in 112 bytes (1 switches on core 0) [pid: 8|app: 0|req: 299/592] 10.0.0.142 () {34 vars in 695 bytes} [Sat Jul 25 22:17:32 2026] POST /v2.0/security-group-rules => generated 597 bytes in 198 msecs (HTTP/1.1 201) 4 headers in 162 bytes (1 switches on core 0)
2026-07-25 22:17:32.333 8 INFO neutron.api.v2.resource [req-dedf6b37-722c-49d1-9627-4d815f4cf4f2 req-0ec1e1dc-2990-4bd6-81fe-0e0d9653ace8 9f30012425bb47cdbf5a5e3d9dcef0e6 b045fe6695f94212a5c70e18e721ea63 - - default default] show failed (client error): The resource could not be found. [pid: 8|app: 0|req: 300/593] 10.0.0.193 () {34 vars in 991 bytes} [Sat Jul 25 22:17:32 2026] GET /v2.0/security-groups/9b2b4d17-216c-4eaf-bbb4-a9d3a41844f8 => generated 146 bytes in 12 msecs (HTTP/1.1 404) 4 headers in 164 bytes (1 switches on core 0) [pid: 7|app: 0|req: 294/594] 10.0.0.193 () {36 vars in 1013 bytes} [Sat Jul 25 22:17:32 2026] DELETE /v2.0/security-groups/5e17a3d9-ae4e-4cdf-9174-f29b7dd34aea => generated 0 bytes in 187 msecs (HTTP/1.1 204) 2 headers in 112 bytes (1 switches on core 0)
2026-07-25 22:17:32.490 8 INFO neutron.db.ovn_revision_numbers_db [None req-c084a4f3-64d6-4341-93a4-4ff12ecbc405 ab4908a0688a4a9da768cd2afb129c1d bdce226eaa0a499e83a421a3ca96764f - - default default] Successfully bumped revision number for resource c7e9b255-6290-4f22-9f56-acfb4fd28c8b (type: security_group_rules) to 0 [pid: 7|app: 0|req: 295/595] 10.0.0.193 () {34 vars in 991 bytes} [Sat Jul 25 22:17:32 2026] GET /v2.0/security-groups/4931089a-6caa-4f64-bed2-346612780769 => generated 1680 bytes in 21 msecs (HTTP/1.1 200) 4 headers in 158 bytes (1 switches on core 0) [pid: 8|app: 0|req: 301/596] 10.0.0.142 () {34 vars in 695 bytes} [Sat Jul 25 22:17:32 2026] POST /v2.0/security-group-rules => generated 602 bytes in 188 msecs (HTTP/1.1 201) 4 headers in 162 bytes (1 switches on core 0) [pid: 8|app: 0|req: 302/597] 10.0.0.193 () {36 vars in 1013 bytes} [Sat Jul 25 22:17:32 2026] DELETE /v2.0/security-groups/4931089a-6caa-4f64-bed2-346612780769 => generated 0 bytes in 153 msecs (HTTP/1.1 204) 2 headers in 112 bytes (1 switches on core 0)
2026-07-25 22:17:32.900 8 WARNING neutron.scheduler.dhcp_agent_scheduler [None req-fcc3048c-baaf-4600-a3b2-d76fe91f77aa ab4908a0688a4a9da768cd2afb129c1d bdce226eaa0a499e83a421a3ca96764f - - default default] No more DHCP agents
2026-07-25 22:17:32.901 8 WARNING neutron.api.rpc.agentnotifiers.dhcp_rpc_agent_api [None req-fcc3048c-baaf-4600-a3b2-d76fe91f77aa ab4908a0688a4a9da768cd2afb129c1d bdce226eaa0a499e83a421a3ca96764f - - default default] Unable to schedule network ceb2df02-4425-4d62-8b43-de4d6c3727ff: no agents available; will retry on subsequent port and subnet creation events.
2026-07-25 22:17:32.934 7 INFO neutron_taas.services.taas.taas_plugin [None req-253320e9-333a-44e8-ac2a-a131b116c653 5678bb65cbee46e1b285b18aa11cb206 e522aa9bcf8a4918963b9237d424f2ff - - default default] TaaS: Handle Delete Port: 01b41a8c-fcd2-43fb-b743-212f9a4d7464
2026-07-25 22:17:32.947 7 INFO neutron_taas.services.taas.tap_mirror_plugin [None req-253320e9-333a-44e8-ac2a-a131b116c653 5678bb65cbee46e1b285b18aa11cb206 e522aa9bcf8a4918963b9237d424f2ff - - default default] Tap Mirror: Handle Delete Port: 01b41a8c-fcd2-43fb-b743-212f9a4d7464
2026-07-25 22:17:33.161 8 WARNING neutron.plugins.ml2.drivers.ovn.mech_driver.ovsdb.ovn_client [None req-70e287a4-b7af-49db-8b1c-3c63908d26e8 - - - - - -] No hosting information found for port c8e49f80-3aa2-42ea-a06d-75003eaaff38: RuntimeError: No hosting information found for port c8e49f80-3aa2-42ea-a06d-75003eaaff38 [pid: 8|app: 0|req: 303/598] 10.0.0.142 () {34 vars in 676 bytes} [Sat Jul 25 22:17:32 2026] POST /v2.0/floatingips => generated 552 bytes in 608 msecs (HTTP/1.1 201) 4 headers in 162 bytes (1 switches on core 0)
2026-07-25 22:17:33.314 8 INFO neutron.api.v2.resource [req-90a4ba4b-541b-446b-a343-0bf432690574 req-4f2edc4a-6cd8-4959-9e41-a16bd9f05b13 9f30012425bb47cdbf5a5e3d9dcef0e6 b045fe6695f94212a5c70e18e721ea63 - - default default] show failed (client error): The resource could not be found. [pid: 8|app: 0|req: 304/599] 10.0.0.193 () {34 vars in 991 bytes} [Sat Jul 25 22:17:33 2026] GET /v2.0/security-groups/4931089a-6caa-4f64-bed2-346612780769 => generated 146 bytes in 39 msecs (HTTP/1.1 404) 4 headers in 164 bytes (1 switches on core 0)
2026-07-25 22:17:33.356 8 INFO neutron.db.ovn_revision_numbers_db [None req-70e287a4-b7af-49db-8b1c-3c63908d26e8 - - - - - -] Successfully bumped revision number for resource c8e49f80-3aa2-42ea-a06d-75003eaaff38 (type: router_ports) to 2
2026-07-25 22:17:33.357 8 INFO neutron.plugins.ml2.drivers.ovn.mech_driver.mech_driver [None req-70e287a4-b7af-49db-8b1c-3c63908d26e8 - - - - - -] OVN reports status down for port: 46a3c264-8162-4856-ab27-6181556b9e47 [pid: 7|app: 0|req: 296/600] 10.0.0.142 () {34 vars in 789 bytes} [Sat Jul 25 22:17:32 2026] PUT /v2.0/routers/e48a9ec6-dbeb-40e1-bc9d-e7bd1b7789d2/remove_router_interface => generated 309 bytes in 1153 msecs (HTTP/1.1 200) 4 headers in 157 bytes (1 switches on core 0) /var/lib/openstack/lib/python3.12/site-packages/pycadf/identifier.py:70: UserWarning: Invalid uuid: neutron. To ensure interoperability, identifiers should be a valid uuid. warnings.warn(('Invalid uuid: %s. To ensure interoperability, '
2026-07-25 22:17:33.665 7 WARNING neutron.plugins.ml2.drivers.ovn.mech_driver.ovsdb.ovn_client [None req-dcf6fd6a-2e61-419b-81fc-9ffe475a23cd - - - - - -] No port found with ID 01b41a8c-fcd2-43fb-b743-212f9a4d7464: RuntimeError: No port found with ID 01b41a8c-fcd2-43fb-b743-212f9a4d7464
2026-07-25 22:17:33.667 7 INFO neutron.plugins.ml2.drivers.ovn.mech_driver.mech_driver [None req-dcf6fd6a-2e61-419b-81fc-9ffe475a23cd - - - - - -] OVN reports status up for port: 60abe915-194f-4c6f-a526-7b2f4f1d740e
2026-07-25 22:17:33.707 7 INFO neutron.plugins.ml2.plugin [None req-dcf6fd6a-2e61-419b-81fc-9ffe475a23cd - - - - - -] Attempt 1 to provision port 60abe915-194f-4c6f-a526-7b2f4f1d740e [pid: 8|app: 0|req: 305/601] 10.0.0.193 () {34 vars in 1002 bytes} [Sat Jul 25 22:17:33 2026] GET /v2.0/security-groups?tenant_id=b045fe6695f94212a5c70e18e721ea63 => generated 2921 bytes in 454 msecs (HTTP/1.1 200) 4 headers in 158 bytes (1 switches on core 0) [pid: 8|app: 0|req: 306/602] 10.0.0.193 () {34 vars in 1100 bytes} [Sat Jul 25 22:17:33 2026] GET /v2.0/security-groups?name=tempest-securitygroup--1821747040&fields=id&tenant_id=bdce226eaa0a499e83a421a3ca96764f => generated 69 bytes in 108 msecs (HTTP/1.1 200) 4 headers in 156 bytes (1 switches on core 0) [pid: 8|app: 0|req: 307/603] 10.0.0.193 () {34 vars in 991 bytes} [Sat Jul 25 22:17:33 2026] GET /v2.0/security-groups/d8cf7e05-5683-4f1f-8c07-1ac715838526 => generated 2918 bytes in 62 msecs (HTTP/1.1 200) 4 headers in 158 bytes (1 switches on core 0) [pid: 8|app: 0|req: 308/604] 10.0.0.193 () {34 vars in 982 bytes} [Sat Jul 25 22:17:33 2026] GET /v2.0/networks?id=9c74aaa0-5fca-434e-8c84-4dc6394b0d75 => generated 713 bytes in 79 msecs (HTTP/1.1 200) 4 headers in 157 bytes (1 switches on core 0) [pid: 8|app: 0|req: 309/605] 10.0.0.193 () {34 vars in 991 bytes} [Sat Jul 25 22:17:34 2026] GET /v2.0/security-groups/d8cf7e05-5683-4f1f-8c07-1ac715838526 => generated 2918 bytes in 42 msecs (HTTP/1.1 200) 4 headers in 158 bytes (1 switches on core 0) [pid: 8|app: 0|req: 310/606] 10.0.0.193 () {34 vars in 965 bytes} [Sat Jul 25 22:17:34 2026] GET /v2.0/quotas/bdce226eaa0a499e83a421a3ca96764f => generated 292 bytes in 23 msecs (HTTP/1.1 200) 4 headers in 157 bytes (1 switches on core 0)
2026-07-25 22:17:34.145 8 INFO neutron.api.v2.resource [req-13dedb0b-d7aa-42ab-8957-e30af88f62e9 req-3148d5af-090c-4cba-9683-18a64ac4f3e0 9f30012425bb47cdbf5a5e3d9dcef0e6 b045fe6695f94212a5c70e18e721ea63 - - default default] show failed (client error): The resource could not be found. [pid: 8|app: 0|req: 311/607] 10.0.0.193 () {34 vars in 991 bytes} [Sat Jul 25 22:17:34 2026] GET /v2.0/security-groups/4931089a-6caa-4f64-bed2-346612780769 => generated 146 bytes in 27 msecs (HTTP/1.1 404) 4 headers in 164 bytes (1 switches on core 0)
2026-07-25 22:17:34.308 7 INFO neutron_taas.services.taas.taas_plugin [None req-a1b94d44-b921-4d55-8ff9-f3971a50593c 5678bb65cbee46e1b285b18aa11cb206 e522aa9bcf8a4918963b9237d424f2ff - - default default] TaaS: Handle Delete Port: 977c0914-e66a-4b10-b0ea-fe50c624c24f
2026-07-25 22:17:34.317 7 INFO neutron_taas.services.taas.tap_mirror_plugin [None req-a1b94d44-b921-4d55-8ff9-f3971a50593c 5678bb65cbee46e1b285b18aa11cb206 e522aa9bcf8a4918963b9237d424f2ff - - default default] Tap Mirror: Handle Delete Port: 977c0914-e66a-4b10-b0ea-fe50c624c24f
2026-07-25 22:17:34.415 7 INFO neutron.db.ovn_revision_numbers_db [None req-dcf6fd6a-2e61-419b-81fc-9ffe475a23cd - - - - - -] Successfully bumped revision number for resource 60abe915-194f-4c6f-a526-7b2f4f1d740e (type: ports) to 7 [pid: 8|app: 0|req: 312/608] 10.0.0.193 () {34 vars in 1002 bytes} [Sat Jul 25 22:17:34 2026] GET /v2.0/ports?tenant_id=bdce226eaa0a499e83a421a3ca96764f&fields=id => generated 103 bytes in 298 msecs (HTTP/1.1 200) 4 headers in 157 bytes (1 switches on core 0)
2026-07-25 22:17:34.459 8 INFO neutron.api.v2.resource [req-724e708b-c6ca-484c-9190-c4ffe2f6befa req-c2352ece-aba7-425b-8a58-e4425c6f0709 9f30012425bb47cdbf5a5e3d9dcef0e6 b045fe6695f94212a5c70e18e721ea63 - - default default] show failed (client error): The resource could not be found. [pid: 8|app: 0|req: 313/609] 10.0.0.193 () {34 vars in 991 bytes} [Sat Jul 25 22:17:34 2026] GET /v2.0/security-groups/9b2b4d17-216c-4eaf-bbb4-a9d3a41844f8 => generated 146 bytes in 12 msecs (HTTP/1.1 404) 4 headers in 164 bytes (1 switches on core 0)
2026-07-25 22:17:34.490 8 INFO neutron.db.ovn_revision_numbers_db [None req-70e287a4-b7af-49db-8b1c-3c63908d26e8 - - - - - -] Successfully bumped revision number for resource 46a3c264-8162-4856-ab27-6181556b9e47 (type: ports) to 6
2026-07-25 22:17:34.507 8 INFO neutron.api.v2.resource [req-c072a523-09b4-4e16-b467-8360c45bd08a req-fafea376-5803-4cd0-baa3-93257a3203ba 9f30012425bb47cdbf5a5e3d9dcef0e6 b045fe6695f94212a5c70e18e721ea63 - - default default] show failed (client error): The resource could not be found. [pid: 8|app: 0|req: 314/610] 10.0.0.193 () {34 vars in 991 bytes} [Sat Jul 25 22:17:34 2026] GET /v2.0/security-groups/69884894-9347-408a-99a0-a11a8bbc63e0 => generated 146 bytes in 19 msecs (HTTP/1.1 404) 4 headers in 164 bytes (1 switches on core 0)
2026-07-25 22:17:34.620 8 WARNING neutron.plugins.ml2.drivers.ovn.mech_driver.ovsdb.ovn_client [None req-69b00851-77f5-4037-b10c-3c4c8be04300 - - - - - -] Logical_Switch_Port %s host information not removed, the port state is up
2026-07-25 22:17:34.620 8 INFO neutron.plugins.ml2.drivers.ovn.mech_driver.mech_driver [None req-69b00851-77f5-4037-b10c-3c4c8be04300 - - - - - -] OVN reports status up for port: 46a3c264-8162-4856-ab27-6181556b9e47
2026-07-25 22:17:34.642 7 INFO neutron.plugins.ml2.drivers.ovn.mech_driver.mech_driver [None req-4dd0501b-6dff-4d10-a1d5-60999bdfeb53 - - - - - -] OVN reports status down for port: aed074ff-77ef-4f19-a5cc-53d51dc2fdce
2026-07-25 22:17:34.642 8 INFO neutron.plugins.ml2.plugin [None req-69b00851-77f5-4037-b10c-3c4c8be04300 - - - - - -] Attempt 1 to provision port 46a3c264-8162-4856-ab27-6181556b9e47
2026-07-25 22:17:34.747 7 WARNING neutron.plugins.ml2.drivers.ovn.mech_driver.ovsdb.ovn_client [None req-4dd0501b-6dff-4d10-a1d5-60999bdfeb53 - - - - - -] Logical_Switch_Port %s host information not removed, the port state is up
2026-07-25 22:17:34.747 7 INFO neutron.plugins.ml2.drivers.ovn.mech_driver.mech_driver [None req-4dd0501b-6dff-4d10-a1d5-60999bdfeb53 - - - - - -] OVN reports status up for port: aed074ff-77ef-4f19-a5cc-53d51dc2fdce
2026-07-25 22:17:34.764 7 INFO neutron.plugins.ml2.plugin [None req-4dd0501b-6dff-4d10-a1d5-60999bdfeb53 - - - - - -] Attempt 1 to provision port aed074ff-77ef-4f19-a5cc-53d51dc2fdce [pid: 7|app: 0|req: 297/611] 10.0.0.142 () {32 vars in 724 bytes} [Sat Jul 25 22:17:33 2026] DELETE /v2.0/routers/e48a9ec6-dbeb-40e1-bc9d-e7bd1b7789d2 => generated 0 bytes in 1452 msecs (HTTP/1.1 204) 2 headers in 112 bytes (1 switches on core 0) [pid: 7|app: 0|req: 300/614] 10.0.0.193 () {34 vars in 907 bytes} [Sat Jul 25 22:17:35 2026] GET /v2.0/extensions => generated 20541 bytes in 50 msecs (HTTP/1.1 200) 4 headers in 159 bytes (1 switches on core 0)
2026-07-25 22:17:35.207 8 INFO neutron_taas.services.taas.taas_plugin [None req-e4e4808f-21e7-4990-9b83-67088d1683b7 5678bb65cbee46e1b285b18aa11cb206 e522aa9bcf8a4918963b9237d424f2ff - - default default] TaaS: Handle Delete Port: c8e49f80-3aa2-42ea-a06d-75003eaaff38
2026-07-25 22:17:35.240 8 INFO neutron_taas.services.taas.tap_mirror_plugin [None req-e4e4808f-21e7-4990-9b83-67088d1683b7 5678bb65cbee46e1b285b18aa11cb206 e522aa9bcf8a4918963b9237d424f2ff - - default default] Tap Mirror: Handle Delete Port: c8e49f80-3aa2-42ea-a06d-75003eaaff38
2026-07-25 22:17:35.534 8 INFO neutron.db.ovn_revision_numbers_db [None req-69b00851-77f5-4037-b10c-3c4c8be04300 - - - - - -] Successfully bumped revision number for resource 46a3c264-8162-4856-ab27-6181556b9e47 (type: ports) to 7 [pid: 7|app: 0|req: 301/615] 10.0.0.142 () {32 vars in 724 bytes} [Sat Jul 25 22:17:35 2026] DELETE /v2.0/subnets/bd68b43f-3698-4105-af34-14bbfa9d9b95 => generated 0 bytes in 401 msecs (HTTP/1.1 204) 3 headers in 131 bytes (1 switches on core 0)
2026-07-25 22:17:35.674 8 INFO neutron.plugins.ml2.drivers.ovn.mech_driver.mech_driver [None req-91ca8e05-6eac-42e9-af53-cbaa90b40ea7 - - - - - -] OVN reports status down for port: a1820b8c-243b-4009-ab65-45735640f3d0 [pid: 7|app: 0|req: 302/616] 10.0.0.193 () {34 vars in 1008 bytes} [Sat Jul 25 22:17:35 2026] GET /v2.0/networks/9c74aaa0-5fca-434e-8c84-4dc6394b0d75?fields=segments => generated 14 bytes in 119 msecs (HTTP/1.1 200) 4 headers in 156 bytes (1 switches on core 0)
2026-07-25 22:17:35.720 7 INFO neutron.db.ovn_revision_numbers_db [None req-4dd0501b-6dff-4d10-a1d5-60999bdfeb53 - - - - - -] Successfully bumped revision number for resource aed074ff-77ef-4f19-a5cc-53d51dc2fdce (type: ports) to 2 [pid: 7|app: 0|req: 303/617] 10.0.0.193 () {34 vars in 1100 bytes} [Sat Jul 25 22:17:35 2026] GET /v2.0/security-groups?name=tempest-securitygroup--2034341980&fields=id&tenant_id=55e43840837e490db50fffb1ed3212b4 => generated 69 bytes in 57 msecs (HTTP/1.1 200) 4 headers in 156 bytes (1 switches on core 0)
2026-07-25 22:17:35.799 8 WARNING neutron.plugins.ml2.drivers.ovn.mech_driver.ovsdb.ovn_client [None req-91ca8e05-6eac-42e9-af53-cbaa90b40ea7 - - - - - -] Logical_Switch_Port %s host information not removed, the port state is up
2026-07-25 22:17:35.799 8 INFO neutron.plugins.ml2.drivers.ovn.mech_driver.mech_driver [None req-91ca8e05-6eac-42e9-af53-cbaa90b40ea7 - - - - - -] OVN reports status up for port: a1820b8c-243b-4009-ab65-45735640f3d0
2026-07-25 22:17:35.818 8 INFO neutron.plugins.ml2.plugin [None req-91ca8e05-6eac-42e9-af53-cbaa90b40ea7 - - - - - -] Attempt 1 to provision port a1820b8c-243b-4009-ab65-45735640f3d0
2026-07-25 22:17:35.930 7 INFO neutron_taas.services.taas.taas_plugin [None req-60f9ada9-e8a3-4c11-8b53-b69470dc2db2 5678bb65cbee46e1b285b18aa11cb206 e522aa9bcf8a4918963b9237d424f2ff - - default default] TaaS: Handle Delete Port: fa5fc1e7-2ea5-4e5a-b56b-ca19b66e19b1
2026-07-25 22:17:35.933 7 INFO neutron_taas.services.taas.tap_mirror_plugin [None req-60f9ada9-e8a3-4c11-8b53-b69470dc2db2 5678bb65cbee46e1b285b18aa11cb206 e522aa9bcf8a4918963b9237d424f2ff - - default default] Tap Mirror: Handle Delete Port: fa5fc1e7-2ea5-4e5a-b56b-ca19b66e19b1 [pid: 7|app: 0|req: 304/618] 10.0.0.142 () {32 vars in 726 bytes} [Sat Jul 25 22:17:35 2026] DELETE /v2.0/networks/0f75a05f-cb4d-4968-9021-6750dfad3d60 => generated 0 bytes in 421 msecs (HTTP/1.1 204) 3 headers in 131 bytes (1 switches on core 0) [pid: 7|app: 0|req: 305/619] 10.0.0.193 () {34 vars in 1108 bytes} [Sat Jul 25 22:17:36 2026] GET /v2.0/networks/9c74aaa0-5fca-434e-8c84-4dc6394b0d75?fields=provider%3Aphysical_network&fields=provider%3Anetwork_type => generated 79 bytes in 50 msecs (HTTP/1.1 200) 4 headers in 156 bytes (1 switches on core 0) [pid: 7|app: 0|req: 306/620] 10.0.0.193 () {34 vars in 982 bytes} [Sat Jul 25 22:17:36 2026] GET /v2.0/networks?id=4835dd34-baff-44ad-a379-6e9d5d2b1584 => generated 717 bytes in 92 msecs (HTTP/1.1 200) 4 headers in 157 bytes (1 switches on core 0) [pid: 7|app: 0|req: 307/621] 10.0.0.142 () {32 vars in 774 bytes} [Sat Jul 25 22:17:36 2026] GET /v2.0/security-groups?tenant_id=d45025a8c3cf4b3bbb556d6ca91f1b14&name=default => generated 2921 bytes in 36 msecs (HTTP/1.1 200) 4 headers in 158 bytes (1 switches on core 0) [pid: 7|app: 0|req: 308/622] 10.0.0.193 () {34 vars in 965 bytes} [Sat Jul 25 22:17:36 2026] GET /v2.0/quotas/55e43840837e490db50fffb1ed3212b4 => generated 292 bytes in 20 msecs (HTTP/1.1 200) 4 headers in 157 bytes (1 switches on core 0)
2026-07-25 22:17:36.573 7 INFO neutron.services.segments.plugin [-] Segment 11e98d09-6d04-4e90-ab5c-2a89d79bd525 resource provider aggregate not found
2026-07-25 22:17:36.598 7 INFO neutron.services.segments.plugin [-] Segment 11e98d09-6d04-4e90-ab5c-2a89d79bd525 resource provider not found; error: Placement Client Error (4xx): {"errors": [{"status": 404, "title": "Not Found", "detail": "The resource could not be found.\n\n No resource provider with uuid 11e98d09-6d04-4e90-ab5c-2a89d79bd525 found for delete ", "request_id": "req-73b67ee3-c012-433c-a522-763c9e07fd2f"}]}
2026-07-25 22:17:36.619 7 INFO neutron.services.segments.plugin [-] Segment 11e98d09-6d04-4e90-ab5c-2a89d79bd525 resource provider aggregate not found [pid: 8|app: 0|req: 315/623] 10.0.0.142 () {34 vars in 789 bytes} [Sat Jul 25 22:17:34 2026] PUT /v2.0/routers/62a775d4-b652-49d0-af08-66c83c3bd7b1/remove_router_interface => generated 309 bytes in 2117 msecs (HTTP/1.1 200) 4 headers in 157 bytes (1 switches on core 0)
