2026-07-25 22:21:09.445 8 INFO neutron.db.ovn_revision_numbers_db [None req-d28e1918-0571-465a-b1aa-8f6c5c759332 5678bb65cbee46e1b285b18aa11cb206 e522aa9bcf8a4918963b9237d424f2ff - - default default] Successfully bumped revision number for resource b01b036b-b769-4c25-8a25-44a345a78bcd (type: security_group_rules) to 0 [pid: 7|app: 0|req: 1122/2169] 10.0.0.142 () {32 vars in 698 bytes} [Sat Jul 25 22:21:09 2026] GET /v2.0/security-groups?not-tags-any=blue => generated 7680 bytes in 53 msecs (HTTP/1.1 200) 4 headers in 158 bytes (1 switches on core 0) [pid: 8|app: 0|req: 1048/2170] 10.0.0.142 () {32 vars in 774 bytes} [Sat Jul 25 22:21:09 2026] GET /v2.0/security-groups?tenant_id=b7985aabab66458f9fe080c794c5d14f&name=default => generated 2925 bytes in 400 msecs (HTTP/1.1 200) 4 headers in 158 bytes (1 switches on core 0) [pid: 7|app: 0|req: 1123/2171] 10.0.0.142 () {32 vars in 710 bytes} [Sat Jul 25 22:21:09 2026] GET /v2.0/security-groups?not-tags-any=red%2Cblue => generated 6094 bytes in 66 msecs (HTTP/1.1 200) 4 headers in 158 bytes (1 switches on core 0)
2026-07-25 22:21:09.558 8 INFO neutron.plugins.ml2.drivers.ovn.mech_driver.mech_driver [None req-018514dd-172d-4ae3-9fdc-f43595733afc - - - - - -] OVN reports status down for port: a9a91a6b-7842-4375-87cd-b4fa8f675eee [pid: 7|app: 0|req: 1124/2172] 10.0.0.142 () {32 vars in 740 bytes} [Sat Jul 25 22:21:09 2026] DELETE /v2.0/security-groups/eb22f5ba-ca4b-41e3-b9c3-edd1a7d1f293 => generated 0 bytes in 153 msecs (HTTP/1.1 204) 2 headers in 112 bytes (1 switches on core 0) [pid: 7|app: 0|req: 1125/2173] 10.0.0.193 () {34 vars in 990 bytes} [Sat Jul 25 22:21:09 2026] GET /v2.0/ports?device_id=8e22f7a0-3454-48de-af70-9676d73ba01d => generated 1010 bytes in 39 msecs (HTTP/1.1 200) 4 headers in 158 bytes (1 switches on core 0)
2026-07-25 22:21:09.858 8 INFO neutron.notifiers.nova [-] Nova event matching ['req-496382ce-456e-4cae-a581-c4c83f21a71f'] response: {'server_uuid': '8e22f7a0-3454-48de-af70-9676d73ba01d', 'name': 'network-vif-unplugged', 'status': 'completed', 'tag': 'a9a91a6b-7842-4375-87cd-b4fa8f675eee', 'code': 200} [pid: 7|app: 0|req: 1126/2174] 10.0.0.142 () {32 vars in 740 bytes} [Sat Jul 25 22:21:09 2026] DELETE /v2.0/security-groups/0fb996a1-2c00-43de-b4e3-5cbc225db747 => generated 0 bytes in 119 msecs (HTTP/1.1 204) 2 headers in 112 bytes (1 switches on core 0) [pid: 7|app: 0|req: 1127/2175] 10.0.0.193 () {34 vars in 1120 bytes} [Sat Jul 25 22:21:09 2026] GET /v2.0/security-groups?id=afa1ab88-6dfd-4856-a9b1-b5d9d1f9c638&id=65aa0980-764f-4a3f-bee9-38ec0e71458d&fields=id&fields=name => generated 207 bytes in 31 msecs (HTTP/1.1 200) 4 headers in 157 bytes (1 switches on core 0) [pid: 7|app: 0|req: 1128/2176] 10.0.0.142 () {32 vars in 740 bytes} [Sat Jul 25 22:21:09 2026] DELETE /v2.0/security-groups/6ec44e98-857a-457e-925c-81b245f1af56 => generated 0 bytes in 111 msecs (HTTP/1.1 204) 2 headers in 112 bytes (1 switches on core 0) [pid: 8|app: 0|req: 1049/2177] 10.0.0.142 () {32 vars in 740 bytes} [Sat Jul 25 22:21:09 2026] DELETE /v2.0/security-groups/fb3af7af-2671-4510-bd20-9c90ba420fa4 => generated 0 bytes in 500 msecs (HTTP/1.1 204) 2 headers in 112 bytes (1 switches on core 0)
2026-07-25 22:21:10.065 8 INFO neutron.db.ovn_revision_numbers_db [None req-018514dd-172d-4ae3-9fdc-f43595733afc - - - - - -] Successfully bumped revision number for resource a9a91a6b-7842-4375-87cd-b4fa8f675eee (type: ports) to 6 /var/lib/openstack/lib/python3.12/site-packages/pycadf/identifier.py:70: UserWarning: Invalid uuid: neutron. To ensure interoperability, identifiers should be a valid uuid. warnings.warn(('Invalid uuid: %s. To ensure interoperability, ' [pid: 7|app: 0|req: 1129/2178] 10.0.0.142 () {32 vars in 740 bytes} [Sat Jul 25 22:21:10 2026] DELETE /v2.0/security-groups/14871795-e42b-4894-896f-9e34653fcdc3 => generated 0 bytes in 139 msecs (HTTP/1.1 204) 2 headers in 112 bytes (1 switches on core 0)
2026-07-25 22:21:10.299 8 INFO neutron.db.ovn_revision_numbers_db [None req-d205823b-9826-4db7-ac29-813505b436e6 5678bb65cbee46e1b285b18aa11cb206 e522aa9bcf8a4918963b9237d424f2ff - - default default] Successfully bumped revision number for resource 690915d1-c332-4dfb-9202-a47c595b811c (type: security_groups) to 1 [pid: 7|app: 0|req: 1130/2179] 10.0.0.142 () {32 vars in 740 bytes} [Sat Jul 25 22:21:10 2026] DELETE /v2.0/security-groups/d4d915c3-57d1-432f-8ee8-afd1dd03e454 => generated 0 bytes in 146 msecs (HTTP/1.1 204) 2 headers in 112 bytes (1 switches on core 0)
2026-07-25 22:21:10.315 8 INFO neutron.db.ovn_revision_numbers_db [None req-d205823b-9826-4db7-ac29-813505b436e6 5678bb65cbee46e1b285b18aa11cb206 e522aa9bcf8a4918963b9237d424f2ff - - default default] Successfully bumped revision number for resource 128c45c5-d762-4bd8-8f6c-2bdd1457f96b (type: security_group_rules) to 0
2026-07-25 22:21:10.337 8 INFO neutron.db.ovn_revision_numbers_db [None req-d205823b-9826-4db7-ac29-813505b436e6 5678bb65cbee46e1b285b18aa11cb206 e522aa9bcf8a4918963b9237d424f2ff - - default default] Successfully bumped revision number for resource 4a4284d9-ef21-4ead-9085-a55ec3bd5fdd (type: security_group_rules) to 0
2026-07-25 22:21:10.351 8 INFO neutron.db.ovn_revision_numbers_db [None req-d205823b-9826-4db7-ac29-813505b436e6 5678bb65cbee46e1b285b18aa11cb206 e522aa9bcf8a4918963b9237d424f2ff - - default default] Successfully bumped revision number for resource 74e70ce9-4a17-4dfd-b0d1-f6c09ad82e87 (type: security_group_rules) to 0
2026-07-25 22:21:10.366 8 INFO neutron.db.ovn_revision_numbers_db [None req-d205823b-9826-4db7-ac29-813505b436e6 5678bb65cbee46e1b285b18aa11cb206 e522aa9bcf8a4918963b9237d424f2ff - - default default] Successfully bumped revision number for resource e4cb4a5f-4f06-406f-a964-daeb5ea9c847 (type: security_group_rules) to 0 [pid: 8|app: 0|req: 1050/2180] 10.0.0.142 () {32 vars in 774 bytes} [Sat Jul 25 22:21:10 2026] GET /v2.0/security-groups?tenant_id=73a170b3ab93423293ddcb2008d74ae2&name=default => generated 2925 bytes in 275 msecs (HTTP/1.1 200) 4 headers in 158 bytes (1 switches on core 0) [pid: 7|app: 0|req: 1131/2181] 10.0.0.142 () {32 vars in 740 bytes} [Sat Jul 25 22:21:10 2026] DELETE /v2.0/security-groups/690915d1-c332-4dfb-9202-a47c595b811c => generated 0 bytes in 237 msecs (HTTP/1.1 204) 2 headers in 112 bytes (1 switches on core 0) [pid: 8|app: 0|req: 1051/2182] 199.204.45.156 () {34 vars in 994 bytes} [Sat Jul 25 22:21:10 2026] GET /v2.0/ports?device_id=8e22f7a0-3454-48de-af70-9676d73ba01d => generated 1008 bytes in 33 msecs (HTTP/1.1 200) 4 headers in 158 bytes (1 switches on core 0)
2026-07-25 22:21:10.935 7 INFO neutron_taas.services.taas.taas_plugin [req-74a2c3eb-2191-47ae-84a0-9fe78341621e req-d1d0c94d-2866-4ec0-b136-e704aa439e61 69d031c116f54b53b6fb5c592b863bd7 c80dfd1085724cbeba93dd1c6d96d2b9 - - default default] TaaS: Handle Delete Port: a9a91a6b-7842-4375-87cd-b4fa8f675eee
2026-07-25 22:21:10.938 7 INFO neutron_taas.services.taas.tap_mirror_plugin [req-74a2c3eb-2191-47ae-84a0-9fe78341621e req-d1d0c94d-2866-4ec0-b136-e704aa439e61 69d031c116f54b53b6fb5c592b863bd7 c80dfd1085724cbeba93dd1c6d96d2b9 - - default default] Tap Mirror: Handle Delete Port: a9a91a6b-7842-4375-87cd-b4fa8f675eee [pid: 8|app: 0|req: 1052/2183] 10.0.0.193 () {34 vars in 990 bytes} [Sat Jul 25 22:21:10 2026] GET /v2.0/ports?device_id=8e22f7a0-3454-48de-af70-9676d73ba01d => generated 1008 bytes in 35 msecs (HTTP/1.1 200) 4 headers in 158 bytes (1 switches on core 0) [pid: 8|app: 0|req: 1053/2184] 10.0.0.193 () {34 vars in 1120 bytes} [Sat Jul 25 22:21:11 2026] GET /v2.0/security-groups?id=afa1ab88-6dfd-4856-a9b1-b5d9d1f9c638&id=65aa0980-764f-4a3f-bee9-38ec0e71458d&fields=id&fields=name => generated 207 bytes in 41 msecs (HTTP/1.1 200) 4 headers in 157 bytes (1 switches on core 0)
2026-07-25 22:21:11.104 7 INFO neutron.db.l3_db [req-74a2c3eb-2191-47ae-84a0-9fe78341621e req-d1d0c94d-2866-4ec0-b136-e704aa439e61 69d031c116f54b53b6fb5c592b863bd7 c80dfd1085724cbeba93dd1c6d96d2b9 - - default default] Floating IP 211dd76c-b857-402a-bffb-7f18630960fd disassociated. External IP: 10.96.250.210, port: a9a91a6b-7842-4375-87cd-b4fa8f675eee. [pid: 8|app: 0|req: 1054/2185] 10.0.0.142 () {32 vars in 774 bytes} [Sat Jul 25 22:21:11 2026] GET /v2.0/security-groups?tenant_id=fd52e207cfd34be7bf386623fb6559c5&name=default => generated 2925 bytes in 114 msecs (HTTP/1.1 200) 4 headers in 158 bytes (1 switches on core 0) [pid: 7|app: 0|req: 1132/2186] 199.204.45.156 () {36 vars in 997 bytes} [Sat Jul 25 22:21:10 2026] DELETE /v2.0/ports/a9a91a6b-7842-4375-87cd-b4fa8f675eee => generated 0 bytes in 475 msecs (HTTP/1.1 204) 3 headers in 131 bytes (1 switches on core 0)
2026-07-25 22:21:11.309 7 INFO neutron.notifiers.nova [-] Nova event matching ['req-000afacb-e82c-4b1e-b4ff-8045c0d3ea3b'] response: {'server_uuid': '8e22f7a0-3454-48de-af70-9676d73ba01d', 'name': 'network-vif-deleted', 'tag': 'a9a91a6b-7842-4375-87cd-b4fa8f675eee', 'status': 'completed', 'code': 200} [pid: 8|app: 0|req: 1055/2187] 10.0.0.142 () {32 vars in 740 bytes} [Sat Jul 25 22:21:11 2026] DELETE /v2.0/security-groups/441ff0d0-b052-4555-97f8-33c7f95f0daa => generated 0 bytes in 261 msecs (HTTP/1.1 204) 2 headers in 112 bytes (1 switches on core 0) /var/lib/openstack/lib/python3.12/site-packages/pycadf/identifier.py:70: UserWarning: Invalid uuid: neutron. To ensure interoperability, identifiers should be a valid uuid. warnings.warn(('Invalid uuid: %s. To ensure interoperability, '
2026-07-25 22:21:11.737 7 INFO neutron.db.ovn_revision_numbers_db [None req-86d2e0b2-23bf-4121-a982-68813892d785 5678bb65cbee46e1b285b18aa11cb206 e522aa9bcf8a4918963b9237d424f2ff - - default default] Successfully bumped revision number for resource 65a9e7a0-fa91-4b87-b90f-6abcfdbf3657 (type: security_groups) to 1
2026-07-25 22:21:11.747 7 INFO neutron.db.ovn_revision_numbers_db [None req-86d2e0b2-23bf-4121-a982-68813892d785 5678bb65cbee46e1b285b18aa11cb206 e522aa9bcf8a4918963b9237d424f2ff - - default default] Successfully bumped revision number for resource 2b4c988e-c153-45b0-a530-86ffaa04bbd4 (type: security_group_rules) to 0
2026-07-25 22:21:11.759 7 INFO neutron.db.ovn_revision_numbers_db [None req-86d2e0b2-23bf-4121-a982-68813892d785 5678bb65cbee46e1b285b18aa11cb206 e522aa9bcf8a4918963b9237d424f2ff - - default default] Successfully bumped revision number for resource 2d81d2c2-d3be-42ab-b026-5e646b763b49 (type: security_group_rules) to 0
2026-07-25 22:21:11.773 7 INFO neutron.db.ovn_revision_numbers_db [None req-86d2e0b2-23bf-4121-a982-68813892d785 5678bb65cbee46e1b285b18aa11cb206 e522aa9bcf8a4918963b9237d424f2ff - - default default] Successfully bumped revision number for resource 7b615e9d-e791-41b3-9fcd-1757bb8193dc (type: security_group_rules) to 0
2026-07-25 22:21:11.784 7 INFO neutron.db.ovn_revision_numbers_db [None req-86d2e0b2-23bf-4121-a982-68813892d785 5678bb65cbee46e1b285b18aa11cb206 e522aa9bcf8a4918963b9237d424f2ff - - default default] Successfully bumped revision number for resource a86fcb0c-9d88-40af-b9ee-560741827302 (type: security_group_rules) to 0 [pid: 7|app: 0|req: 1133/2188] 10.0.0.142 () {32 vars in 774 bytes} [Sat Jul 25 22:21:11 2026] GET /v2.0/security-groups?tenant_id=bce2a418c2074874a50dbae3c2c2336e&name=default => generated 2925 bytes in 231 msecs (HTTP/1.1 200) 4 headers in 158 bytes (1 switches on core 0)
2026-07-25 22:21:11.909 8 INFO neutron.notifiers.nova [-] Nova event matching ['req-a61d401c-fd95-4b01-ba0c-65ac9b1f48c5'] response: {'server_uuid': '8e22f7a0-3454-48de-af70-9676d73ba01d', 'name': 'network-vif-unplugged', 'status': 'completed', 'tag': 'a9a91a6b-7842-4375-87cd-b4fa8f675eee', 'code': 200} [pid: 8|app: 0|req: 1056/2189] 10.0.0.142 () {32 vars in 740 bytes} [Sat Jul 25 22:21:11 2026] DELETE /v2.0/security-groups/65a9e7a0-fa91-4b87-b90f-6abcfdbf3657 => generated 0 bytes in 241 msecs (HTTP/1.1 204) 2 headers in 112 bytes (1 switches on core 0) [pid: 7|app: 0|req: 1134/2190] 10.0.0.193 () {34 vars in 990 bytes} [Sat Jul 25 22:21:12 2026] GET /v2.0/ports?device_id=8e22f7a0-3454-48de-af70-9676d73ba01d => generated 12 bytes in 30 msecs (HTTP/1.1 200) 4 headers in 156 bytes (1 switches on core 0)
2026-07-25 22:21:12.394 8 INFO neutron.db.ovn_revision_numbers_db [None req-24384b11-a335-484c-8f07-6b1bd71c84f1 5678bb65cbee46e1b285b18aa11cb206 e522aa9bcf8a4918963b9237d424f2ff - - default default] Successfully bumped revision number for resource 9ac1a929-fcbb-4871-829a-7e7e695222dd (type: security_groups) to 1
2026-07-25 22:21:12.406 8 INFO neutron.db.ovn_revision_numbers_db [None req-24384b11-a335-484c-8f07-6b1bd71c84f1 5678bb65cbee46e1b285b18aa11cb206 e522aa9bcf8a4918963b9237d424f2ff - - default default] Successfully bumped revision number for resource 2f618639-1d84-4a40-8225-e56bba0f70c2 (type: security_group_rules) to 0
2026-07-25 22:21:12.417 8 INFO neutron.db.ovn_revision_numbers_db [None req-24384b11-a335-484c-8f07-6b1bd71c84f1 5678bb65cbee46e1b285b18aa11cb206 e522aa9bcf8a4918963b9237d424f2ff - - default default] Successfully bumped revision number for resource 38a059bf-1836-4320-a7e1-73a50759c431 (type: security_group_rules) to 0
2026-07-25 22:21:12.430 8 INFO neutron.db.ovn_revision_numbers_db [None req-24384b11-a335-484c-8f07-6b1bd71c84f1 5678bb65cbee46e1b285b18aa11cb206 e522aa9bcf8a4918963b9237d424f2ff - - default default] Successfully bumped revision number for resource 5b0857e8-7cc4-440b-aa73-f8c53ce4c50d (type: security_group_rules) to 0
2026-07-25 22:21:12.440 8 INFO neutron.db.ovn_revision_numbers_db [None req-24384b11-a335-484c-8f07-6b1bd71c84f1 5678bb65cbee46e1b285b18aa11cb206 e522aa9bcf8a4918963b9237d424f2ff - - default default] Successfully bumped revision number for resource 70083c50-a2dc-4cb7-8d3e-9e44ae89f04a (type: security_group_rules) to 0 [pid: 8|app: 0|req: 1057/2191] 10.0.0.142 () {32 vars in 774 bytes} [Sat Jul 25 22:21:12 2026] GET /v2.0/security-groups?tenant_id=bd51cb9bbb264ef08e3b3d722a522651&name=default => generated 2925 bytes in 238 msecs (HTTP/1.1 200) 4 headers in 158 bytes (1 switches on core 0) [pid: 7|app: 0|req: 1135/2192] 10.0.0.142 () {32 vars in 740 bytes} [Sat Jul 25 22:21:12 2026] DELETE /v2.0/security-groups/9ac1a929-fcbb-4871-829a-7e7e695222dd => generated 0 bytes in 211 msecs (HTTP/1.1 204) 2 headers in 112 bytes (1 switches on core 0) [pid: 8|app: 0|req: 1058/2193] 10.0.0.193 () {34 vars in 990 bytes} [Sat Jul 25 22:21:13 2026] GET /v2.0/ports?device_id=8e22f7a0-3454-48de-af70-9676d73ba01d => generated 12 bytes in 41 msecs (HTTP/1.1 200) 4 headers in 156 bytes (1 switches on core 0) [pid: 7|app: 0|req: 1136/2194] 10.0.0.193 () {34 vars in 990 bytes} [Sat Jul 25 22:21:14 2026] GET /v2.0/ports?device_id=8e22f7a0-3454-48de-af70-9676d73ba01d => generated 12 bytes in 27 msecs (HTTP/1.1 200) 4 headers in 156 bytes (1 switches on core 0) [pid: 8|app: 0|req: 1059/2195] 10.0.0.142 () {32 vars in 740 bytes} [Sat Jul 25 22:21:15 2026] DELETE /v2.0/security-groups/65aa0980-764f-4a3f-bee9-38ec0e71458d => generated 0 bytes in 149 msecs (HTTP/1.1 204) 2 headers in 112 bytes (1 switches on core 0)
2026-07-25 22:21:15.747 8 INFO neutron.api.v2.resource [None req-1a920eef-c16b-4d72-9113-337aad371b74 69d031c116f54b53b6fb5c592b863bd7 c80dfd1085724cbeba93dd1c6d96d2b9 - - default default] show failed (client error): The resource could not be found. [pid: 8|app: 0|req: 1060/2196] 10.0.0.142 () {32 vars in 737 bytes} [Sat Jul 25 22:21:15 2026] GET /v2.0/security-groups/65aa0980-764f-4a3f-bee9-38ec0e71458d => generated 146 bytes in 12 msecs (HTTP/1.1 404) 4 headers in 164 bytes (1 switches on core 0)
2026-07-25 22:21:15.882 8 INFO neutron_taas.services.taas.taas_plugin [None req-4221dda0-0e5c-4be9-b4e9-330dee3fa47b 69d031c116f54b53b6fb5c592b863bd7 c80dfd1085724cbeba93dd1c6d96d2b9 - - default default] TaaS: Handle Delete Port: f21ae312-2c6c-48bb-93b6-529dffc56156
2026-07-25 22:21:15.886 8 INFO neutron_taas.services.taas.tap_mirror_plugin [None req-4221dda0-0e5c-4be9-b4e9-330dee3fa47b 69d031c116f54b53b6fb5c592b863bd7 c80dfd1085724cbeba93dd1c6d96d2b9 - - default default] Tap Mirror: Handle Delete Port: f21ae312-2c6c-48bb-93b6-529dffc56156
2026-07-25 22:21:15.973 7 INFO neutron.db.ovn_revision_numbers_db [None req-88eb4385-c0c9-4ac3-b6c9-450a302ac157 5678bb65cbee46e1b285b18aa11cb206 e522aa9bcf8a4918963b9237d424f2ff - - default default] Successfully bumped revision number for resource 253a4ac8-3850-4588-ae0d-eccc15c5d92b (type: security_groups) to 1
2026-07-25 22:21:15.989 7 INFO neutron.db.ovn_revision_numbers_db [None req-88eb4385-c0c9-4ac3-b6c9-450a302ac157 5678bb65cbee46e1b285b18aa11cb206 e522aa9bcf8a4918963b9237d424f2ff - - default default] Successfully bumped revision number for resource 18b57afc-c17e-4376-85e3-90d4855e5fb4 (type: security_group_rules) to 0
2026-07-25 22:21:16.002 7 INFO neutron.db.ovn_revision_numbers_db [None req-88eb4385-c0c9-4ac3-b6c9-450a302ac157 5678bb65cbee46e1b285b18aa11cb206 e522aa9bcf8a4918963b9237d424f2ff - - default default] Successfully bumped revision number for resource 7713e6b1-c2ef-489d-bb73-e2f542b698d5 (type: security_group_rules) to 0
2026-07-25 22:21:16.012 7 INFO neutron.db.ovn_revision_numbers_db [None req-88eb4385-c0c9-4ac3-b6c9-450a302ac157 5678bb65cbee46e1b285b18aa11cb206 e522aa9bcf8a4918963b9237d424f2ff - - default default] Successfully bumped revision number for resource 81bd56cd-c479-4589-9832-422b745d0d18 (type: security_group_rules) to 0
2026-07-25 22:21:16.023 7 INFO neutron.db.ovn_revision_numbers_db [None req-88eb4385-c0c9-4ac3-b6c9-450a302ac157 5678bb65cbee46e1b285b18aa11cb206 e522aa9bcf8a4918963b9237d424f2ff - - default default] Successfully bumped revision number for resource c56e278b-0b62-44b9-bf2a-50f81f6cfde2 (type: security_group_rules) to 0 [pid: 7|app: 0|req: 1137/2197] 10.0.0.142 () {32 vars in 774 bytes} [Sat Jul 25 22:21:15 2026] GET /v2.0/security-groups?tenant_id=d25e86e36a5b40b981b74e6d19a319cc&name=default => generated 2925 bytes in 349 msecs (HTTP/1.1 200) 4 headers in 158 bytes (1 switches on core 0) [pid: 8|app: 0|req: 1061/2198] 10.0.0.142 () {32 vars in 732 bytes} [Sat Jul 25 22:21:15 2026] DELETE /v2.0/floatingips/211dd76c-b857-402a-bffb-7f18630960fd => generated 0 bytes in 325 msecs (HTTP/1.1 204) 2 headers in 112 bytes (1 switches on core 0) [pid: 7|app: 0|req: 1138/2199] 10.0.0.142 () {32 vars in 740 bytes} [Sat Jul 25 22:21:16 2026] DELETE /v2.0/security-groups/253a4ac8-3850-4588-ae0d-eccc15c5d92b => generated 0 bytes in 230 msecs (HTTP/1.1 204) 2 headers in 112 bytes (1 switches on core 0) [pid: 8|app: 0|req: 1062/2200] 10.0.0.142 () {32 vars in 740 bytes} [Sat Jul 25 22:21:16 2026] DELETE /v2.0/security-groups/afa1ab88-6dfd-4856-a9b1-b5d9d1f9c638 => generated 0 bytes in 235 msecs (HTTP/1.1 204) 2 headers in 112 bytes (1 switches on core 0)
2026-07-25 22:21:16.595 8 INFO neutron.db.ovn_revision_numbers_db [None req-ed856e7d-a443-4031-98d5-de97d02a569a 5678bb65cbee46e1b285b18aa11cb206 e522aa9bcf8a4918963b9237d424f2ff - - default default] Successfully bumped revision number for resource 1b6ba007-4025-4020-a64b-89c8944e2451 (type: security_groups) to 1
2026-07-25 22:21:16.629 8 INFO neutron.db.ovn_revision_numbers_db [None req-ed856e7d-a443-4031-98d5-de97d02a569a 5678bb65cbee46e1b285b18aa11cb206 e522aa9bcf8a4918963b9237d424f2ff - - default default] Successfully bumped revision number for resource 3010c418-21ed-42da-9049-3ffa25376d97 (type: security_group_rules) to 0
2026-07-25 22:21:16.643 8 INFO neutron.db.ovn_revision_numbers_db [None req-ed856e7d-a443-4031-98d5-de97d02a569a 5678bb65cbee46e1b285b18aa11cb206 e522aa9bcf8a4918963b9237d424f2ff - - default default] Successfully bumped revision number for resource 45e3b7a4-a9c9-4fd0-8f62-ab66305e975a (type: security_group_rules) to 0
2026-07-25 22:21:16.650 7 INFO neutron_taas.services.taas.taas_plugin [None req-78f1c009-a963-4181-8312-0c7bb208337f 5678bb65cbee46e1b285b18aa11cb206 e522aa9bcf8a4918963b9237d424f2ff - - default default] TaaS: Handle Delete Port: 428b6c78-4975-4695-9337-3aaff5f787d1
2026-07-25 22:21:16.653 7 INFO neutron_taas.services.taas.tap_mirror_plugin [None req-78f1c009-a963-4181-8312-0c7bb208337f 5678bb65cbee46e1b285b18aa11cb206 e522aa9bcf8a4918963b9237d424f2ff - - default default] Tap Mirror: Handle Delete Port: 428b6c78-4975-4695-9337-3aaff5f787d1
2026-07-25 22:21:16.653 8 INFO neutron.db.ovn_revision_numbers_db [None req-ed856e7d-a443-4031-98d5-de97d02a569a 5678bb65cbee46e1b285b18aa11cb206 e522aa9bcf8a4918963b9237d424f2ff - - default default] Successfully bumped revision number for resource 4cb93b8d-2a74-4eec-9fee-c2ebe701cd82 (type: security_group_rules) to 0
2026-07-25 22:21:16.664 8 INFO neutron.db.ovn_revision_numbers_db [None req-ed856e7d-a443-4031-98d5-de97d02a569a 5678bb65cbee46e1b285b18aa11cb206 e522aa9bcf8a4918963b9237d424f2ff - - default default] Successfully bumped revision number for resource 5eb6f5c4-5f86-42c2-b4fe-a6c6503d1a19 (type: security_group_rules) to 0 [pid: 8|app: 0|req: 1063/2201] 10.0.0.142 () {32 vars in 774 bytes} [Sat Jul 25 22:21:16 2026] GET /v2.0/security-groups?tenant_id=31098397628d4a1489d94f8a801e9b23&name=default => generated 2925 bytes in 251 msecs (HTTP/1.1 200) 4 headers in 158 bytes (1 switches on core 0) [pid: 8|app: 0|req: 1064/2202] 10.0.0.142 () {32 vars in 740 bytes} [Sat Jul 25 22:21:16 2026] DELETE /v2.0/security-groups/1b6ba007-4025-4020-a64b-89c8944e2451 => generated 0 bytes in 244 msecs (HTTP/1.1 204) 2 headers in 112 bytes (1 switches on core 0)
2026-07-25 22:21:17.222 8 INFO neutron.db.ovn_revision_numbers_db [None req-eab22279-30ba-4c1c-ba63-17461ad6e2fc 8f8569089e6743a4a40fb3165a93e124 7842d37ac99745c4959b4a7d16465116 - - default default] Successfully bumped revision number for resource de331fc7-1e78-402d-82c0-9773d6d510dd (type: security_groups) to 1
2026-07-25 22:21:17.242 8 INFO neutron.db.ovn_revision_numbers_db [None req-eab22279-30ba-4c1c-ba63-17461ad6e2fc 8f8569089e6743a4a40fb3165a93e124 7842d37ac99745c4959b4a7d16465116 - - default default] Successfully bumped revision number for resource 164dd973-b6ee-40a2-8eb7-61eedfc43c8a (type: security_group_rules) to 0
2026-07-25 22:21:17.253 8 INFO neutron.db.ovn_revision_numbers_db [None req-eab22279-30ba-4c1c-ba63-17461ad6e2fc 8f8569089e6743a4a40fb3165a93e124 7842d37ac99745c4959b4a7d16465116 - - default default] Successfully bumped revision number for resource 4c29e175-c18b-483a-befe-4673d412a67c (type: security_group_rules) to 0
2026-07-25 22:21:17.263 8 INFO neutron.db.ovn_revision_numbers_db [None req-eab22279-30ba-4c1c-ba63-17461ad6e2fc 8f8569089e6743a4a40fb3165a93e124 7842d37ac99745c4959b4a7d16465116 - - default default] Successfully bumped revision number for resource 85a4e14f-192d-4a91-a5d7-c3d0987a8e28 (type: security_group_rules) to 0
2026-07-25 22:21:17.274 8 INFO neutron.db.ovn_revision_numbers_db [None req-eab22279-30ba-4c1c-ba63-17461ad6e2fc 8f8569089e6743a4a40fb3165a93e124 7842d37ac99745c4959b4a7d16465116 - - default default] Successfully bumped revision number for resource e0bbe6e5-8de6-4fdb-8982-738a3be0a221 (type: security_group_rules) to 0 [pid: 7|app: 0|req: 1139/2203] 10.0.0.142 () {34 vars in 789 bytes} [Sat Jul 25 22:21:16 2026] PUT /v2.0/routers/629aa550-659c-4776-8cbc-223b25fd6185/remove_router_interface => generated 309 bytes in 982 msecs (HTTP/1.1 200) 4 headers in 157 bytes (1 switches on core 0) /var/lib/openstack/lib/python3.12/site-packages/pycadf/identifier.py:70: UserWarning: Invalid uuid: neutron. To ensure interoperability, identifiers should be a valid uuid. warnings.warn(('Invalid uuid: %s. To ensure interoperability, '
2026-07-25 22:21:17.359 8 INFO neutron.db.segments_db [None req-eab22279-30ba-4c1c-ba63-17461ad6e2fc 8f8569089e6743a4a40fb3165a93e124 7842d37ac99745c4959b4a7d16465116 - - default default] Added segment 28e54202-c311-49bc-b19f-f5a1eb1bd9b3 of type geneve for network d72eb384-3662-4561-b1a6-02eccbeb75b9
2026-07-25 22:21:17.464 8 INFO neutron.db.ovn_revision_numbers_db [None req-eab22279-30ba-4c1c-ba63-17461ad6e2fc 8f8569089e6743a4a40fb3165a93e124 7842d37ac99745c4959b4a7d16465116 - - default default] Successfully bumped revision number for resource d72eb384-3662-4561-b1a6-02eccbeb75b9 (type: networks) to 1
2026-07-25 22:21:17.617 8 WARNING neutron.scheduler.dhcp_agent_scheduler [None req-eab22279-30ba-4c1c-ba63-17461ad6e2fc 8f8569089e6743a4a40fb3165a93e124 7842d37ac99745c4959b4a7d16465116 - - default default] No more DHCP agents
2026-07-25 22:21:17.618 8 WARNING neutron.api.rpc.agentnotifiers.dhcp_rpc_agent_api [None req-eab22279-30ba-4c1c-ba63-17461ad6e2fc 8f8569089e6743a4a40fb3165a93e124 7842d37ac99745c4959b4a7d16465116 - - default default] Unable to schedule network d72eb384-3662-4561-b1a6-02eccbeb75b9: no agents available; will retry on subsequent port and subnet creation events.
2026-07-25 22:21:17.656 8 INFO neutron.plugins.ml2.drivers.ovn.mech_driver.mech_driver [None req-3574f6cd-726f-45f3-9f5a-9799ee39c0c2 - - - - - -] OVN reports status down for port: c599ce3a-4379-4722-8f7b-4e940f580c9e
2026-07-25 22:21:17.671 7 INFO neutron_taas.services.taas.taas_plugin [None req-6d4d7732-3c66-4f93-8e14-abda17ae8ec5 5678bb65cbee46e1b285b18aa11cb206 e522aa9bcf8a4918963b9237d424f2ff - - default default] TaaS: Handle Delete Port: c5e9077d-81ba-407c-bbe2-5a29c606947b
2026-07-25 22:21:17.675 7 INFO neutron_taas.services.taas.tap_mirror_plugin [None req-6d4d7732-3c66-4f93-8e14-abda17ae8ec5 5678bb65cbee46e1b285b18aa11cb206 e522aa9bcf8a4918963b9237d424f2ff - - default default] Tap Mirror: Handle Delete Port: c5e9077d-81ba-407c-bbe2-5a29c606947b
2026-07-25 22:21:17.718 8 INFO neutron.db.ovn_revision_numbers_db [None req-eab22279-30ba-4c1c-ba63-17461ad6e2fc 8f8569089e6743a4a40fb3165a93e124 7842d37ac99745c4959b4a7d16465116 - - default default] Successfully bumped revision number for resource c599ce3a-4379-4722-8f7b-4e940f580c9e (type: ports) to 1 [pid: 8|app: 0|req: 1065/2204] 10.0.0.142 () {34 vars in 670 bytes} [Sat Jul 25 22:21:16 2026] POST /v2.0/networks => generated 651 bytes in 807 msecs (HTTP/1.1 201) 4 headers in 162 bytes (1 switches on core 0)
2026-07-25 22:21:17.974 8 WARNING neutron.scheduler.dhcp_agent_scheduler [None req-d85fb56a-c956-45a4-b048-1504a349199d 8f8569089e6743a4a40fb3165a93e124 7842d37ac99745c4959b4a7d16465116 - - default default] No more DHCP agents
2026-07-25 22:21:17.975 8 WARNING neutron.api.rpc.agentnotifiers.dhcp_rpc_agent_api [None req-d85fb56a-c956-45a4-b048-1504a349199d 8f8569089e6743a4a40fb3165a93e124 7842d37ac99745c4959b4a7d16465116 - - default default] Unable to schedule network d72eb384-3662-4561-b1a6-02eccbeb75b9: no agents available; will retry on subsequent port and subnet creation events. [pid: 7|app: 0|req: 1140/2205] 10.0.0.142 () {32 vars in 724 bytes} [Sat Jul 25 22:21:17 2026] DELETE /v2.0/routers/629aa550-659c-4776-8cbc-223b25fd6185 => generated 0 bytes in 727 msecs (HTTP/1.1 204) 2 headers in 112 bytes (1 switches on core 0) [pid: 7|app: 0|req: 1141/2206] 10.0.0.142 () {32 vars in 724 bytes} [Sat Jul 25 22:21:18 2026] DELETE /v2.0/subnets/c922b7fc-d8ce-4366-95de-7d059e3686dd => generated 0 bytes in 162 msecs (HTTP/1.1 204) 3 headers in 131 bytes (1 switches on core 0)
2026-07-25 22:21:18.422 7 INFO neutron_taas.services.taas.taas_plugin [None req-f9bf3cd6-ab50-4833-8d18-db4ce828d52c 5678bb65cbee46e1b285b18aa11cb206 e522aa9bcf8a4918963b9237d424f2ff - - default default] TaaS: Handle Delete Port: 22407e88-0468-4a39-9a64-594c10b7ecd7
2026-07-25 22:21:18.426 7 INFO neutron_taas.services.taas.tap_mirror_plugin [None req-f9bf3cd6-ab50-4833-8d18-db4ce828d52c 5678bb65cbee46e1b285b18aa11cb206 e522aa9bcf8a4918963b9237d424f2ff - - default default] Tap Mirror: Handle Delete Port: 22407e88-0468-4a39-9a64-594c10b7ecd7
2026-07-25 22:21:18.454 8 INFO neutron.db.ovn_revision_numbers_db [None req-08d3668d-60ba-49d1-9e93-8c4fddca5692 - - - - - -] Successfully bumped revision number for resource c599ce3a-4379-4722-8f7b-4e940f580c9e (type: ports) to 2
2026-07-25 22:21:18.488 8 INFO neutron.db.ovn_revision_numbers_db [None req-08d3668d-60ba-49d1-9e93-8c4fddca5692 - - - - - -] Successfully bumped revision number for resource 5456bb03-46e8-4a56-bd77-f74a3c5e4325 (type: subnets) to 0 [pid: 8|app: 0|req: 1066/2207] 10.0.0.142 () {34 vars in 669 bytes} [Sat Jul 25 22:21:17 2026] POST /v2.0/subnets => generated 626 bytes in 741 msecs (HTTP/1.1 201) 4 headers in 162 bytes (1 switches on core 0)
2026-07-25 22:21:18.603 8 INFO neutron.db.segments_db [None req-5aa603e1-0c77-4337-a873-c0dd312d0533 8f8569089e6743a4a40fb3165a93e124 7842d37ac99745c4959b4a7d16465116 - - default default] Added segment 93f81fa4-09af-4d9b-994e-ff438035c028 of type geneve for network fb4ece1e-caad-441d-9a1a-197a03aca8aa
2026-07-25 22:21:18.627 7 INFO neutron.services.segments.plugin [-] Segment 3598176c-a1d7-43bd-81c9-8421b0c8db22 resource provider aggregate not found
2026-07-25 22:21:18.630 7 INFO neutron.services.segments.plugin [-] Segment 3598176c-a1d7-43bd-81c9-8421b0c8db22 resource provider aggregate not found
2026-07-25 22:21:18.649 7 INFO neutron.services.segments.plugin [-] Segment 3598176c-a1d7-43bd-81c9-8421b0c8db22 resource provider not found; error: Placement Client Error (4xx): {"errors": [{"status": 404, "title": "Not Found", "detail": "The resource could not be found.\n\n No resource provider with uuid 3598176c-a1d7-43bd-81c9-8421b0c8db22 found for delete ", "request_id": "req-e8a63236-0253-4e95-ac18-aeb0ddc5319d"}]}
2026-07-25 22:21:18.654 7 INFO neutron.services.segments.plugin [-] Segment 3598176c-a1d7-43bd-81c9-8421b0c8db22 resource provider not found; error: Placement Client Error (4xx): {"errors": [{"status": 404, "title": "Not Found", "detail": "The resource could not be found.\n\n No resource provider with uuid 3598176c-a1d7-43bd-81c9-8421b0c8db22 found for delete ", "request_id": "req-0222bf0a-dc5b-48ff-b935-534fd736ffe5"}]} [pid: 7|app: 0|req: 1142/2208] 10.0.0.142 () {32 vars in 726 bytes} [Sat Jul 25 22:21:18 2026] DELETE /v2.0/networks/80f4d429-5eda-40e0-9b50-a9addb640fde => generated 0 bytes in 406 msecs (HTTP/1.1 204) 3 headers in 131 bytes (1 switches on core 0)
2026-07-25 22:21:18.721 8 INFO neutron.db.ovn_revision_numbers_db [None req-5aa603e1-0c77-4337-a873-c0dd312d0533 8f8569089e6743a4a40fb3165a93e124 7842d37ac99745c4959b4a7d16465116 - - default default] Successfully bumped revision number for resource fb4ece1e-caad-441d-9a1a-197a03aca8aa (type: networks) to 1
2026-07-25 22:21:18.903 8 WARNING neutron.scheduler.dhcp_agent_scheduler [None req-5aa603e1-0c77-4337-a873-c0dd312d0533 8f8569089e6743a4a40fb3165a93e124 7842d37ac99745c4959b4a7d16465116 - - default default] No more DHCP agents
2026-07-25 22:21:18.905 8 WARNING neutron.api.rpc.agentnotifiers.dhcp_rpc_agent_api [None req-5aa603e1-0c77-4337-a873-c0dd312d0533 8f8569089e6743a4a40fb3165a93e124 7842d37ac99745c4959b4a7d16465116 - - default default] Unable to schedule network fb4ece1e-caad-441d-9a1a-197a03aca8aa: no agents available; will retry on subsequent port and subnet creation events.
2026-07-25 22:21:18.958 7 INFO neutron.plugins.ml2.drivers.ovn.mech_driver.mech_driver [None req-85fc199b-f854-4dc3-84db-6fa122e157af - - - - - -] OVN reports status down for port: bce39e9e-3fec-4617-a19d-c7a15fc138f7
2026-07-25 22:21:18.982 8 INFO neutron.db.ovn_revision_numbers_db [None req-5aa603e1-0c77-4337-a873-c0dd312d0533 8f8569089e6743a4a40fb3165a93e124 7842d37ac99745c4959b4a7d16465116 - - default default] Successfully bumped revision number for resource bce39e9e-3fec-4617-a19d-c7a15fc138f7 (type: ports) to 1 [pid: 8|app: 0|req: 1067/2209] 10.0.0.142 () {34 vars in 670 bytes} [Sat Jul 25 22:21:18 2026] POST /v2.0/networks => generated 650 bytes in 499 msecs (HTTP/1.1 201) 4 headers in 162 bytes (1 switches on core 0)
2026-07-25 22:21:19.020 7 INFO neutron.db.ovn_revision_numbers_db [None req-4ae76234-ab8e-4d5d-9f1e-c39983f160d9 5678bb65cbee46e1b285b18aa11cb206 e522aa9bcf8a4918963b9237d424f2ff - - default default] Successfully bumped revision number for resource 017204bd-474d-4fb0-8ef6-dfe03147c476 (type: security_groups) to 1
2026-07-25 22:21:19.043 7 INFO neutron.db.ovn_revision_numbers_db [None req-4ae76234-ab8e-4d5d-9f1e-c39983f160d9 5678bb65cbee46e1b285b18aa11cb206 e522aa9bcf8a4918963b9237d424f2ff - - default default] Successfully bumped revision number for resource 638788da-0810-4fc9-802e-0c9e033ef96e (type: security_group_rules) to 0
2026-07-25 22:21:19.064 7 INFO neutron.db.ovn_revision_numbers_db [None req-4ae76234-ab8e-4d5d-9f1e-c39983f160d9 5678bb65cbee46e1b285b18aa11cb206 e522aa9bcf8a4918963b9237d424f2ff - - default default] Successfully bumped revision number for resource 83c5a64d-987f-4ccf-ad42-3e7a98cc3fff (type: security_group_rules) to 0
2026-07-25 22:21:19.078 7 INFO neutron.db.ovn_revision_numbers_db [None req-4ae76234-ab8e-4d5d-9f1e-c39983f160d9 5678bb65cbee46e1b285b18aa11cb206 e522aa9bcf8a4918963b9237d424f2ff - - default default] Successfully bumped revision number for resource c0416710-193d-4094-9d18-ee403ea9ae38 (type: security_group_rules) to 0
2026-07-25 22:21:19.093 7 INFO neutron.db.ovn_revision_numbers_db [None req-4ae76234-ab8e-4d5d-9f1e-c39983f160d9 5678bb65cbee46e1b285b18aa11cb206 e522aa9bcf8a4918963b9237d424f2ff - - default default] Successfully bumped revision number for resource d39e87d5-1f09-482e-b924-aeb6bc7c9a23 (type: security_group_rules) to 0
2026-07-25 22:21:19.171 7 INFO neutron.db.segments_db [None req-4ae76234-ab8e-4d5d-9f1e-c39983f160d9 5678bb65cbee46e1b285b18aa11cb206 e522aa9bcf8a4918963b9237d424f2ff - - default default] Added segment b27d94e8-c360-4bfd-9c4a-7c0fb9a9b303 of type geneve for network 102b4504-8de4-4608-ada8-63a093915273
2026-07-25 22:21:19.287 7 INFO neutron.db.ovn_revision_numbers_db [None req-4ae76234-ab8e-4d5d-9f1e-c39983f160d9 5678bb65cbee46e1b285b18aa11cb206 e522aa9bcf8a4918963b9237d424f2ff - - default default] Successfully bumped revision number for resource 102b4504-8de4-4608-ada8-63a093915273 (type: networks) to 1
2026-07-25 22:21:19.321 8 INFO neutron_taas.services.taas.taas_plugin [None req-78558d9f-fef1-4f83-bca6-00fa93fc43f9 5678bb65cbee46e1b285b18aa11cb206 e522aa9bcf8a4918963b9237d424f2ff - - default default] TaaS: Handle Delete Port: e05a2c98-4ab1-48fb-b2b0-09ae7604b3ea
2026-07-25 22:21:19.325 8 INFO neutron_taas.services.taas.tap_mirror_plugin [None req-78558d9f-fef1-4f83-bca6-00fa93fc43f9 5678bb65cbee46e1b285b18aa11cb206 e522aa9bcf8a4918963b9237d424f2ff - - default default] Tap Mirror: Handle Delete Port: e05a2c98-4ab1-48fb-b2b0-09ae7604b3ea
2026-07-25 22:21:19.467 7 WARNING neutron.scheduler.dhcp_agent_scheduler [None req-4ae76234-ab8e-4d5d-9f1e-c39983f160d9 5678bb65cbee46e1b285b18aa11cb206 e522aa9bcf8a4918963b9237d424f2ff - - default default] No more DHCP agents
2026-07-25 22:21:19.468 7 WARNING neutron.api.rpc.agentnotifiers.dhcp_rpc_agent_api [None req-4ae76234-ab8e-4d5d-9f1e-c39983f160d9 5678bb65cbee46e1b285b18aa11cb206 e522aa9bcf8a4918963b9237d424f2ff - - default default] Unable to schedule network 102b4504-8de4-4608-ada8-63a093915273: no agents available; will retry on subsequent port and subnet creation events.
2026-07-25 22:21:19.512 7 INFO neutron.plugins.ml2.drivers.ovn.mech_driver.mech_driver [None req-85fc199b-f854-4dc3-84db-6fa122e157af - - - - - -] OVN reports status down for port: 60ecffab-da4f-44bb-88c8-fc98415731bb
2026-07-25 22:21:19.598 7 INFO neutron.db.ovn_revision_numbers_db [None req-4ae76234-ab8e-4d5d-9f1e-c39983f160d9 5678bb65cbee46e1b285b18aa11cb206 e522aa9bcf8a4918963b9237d424f2ff - - default default] Successfully bumped revision number for resource 60ecffab-da4f-44bb-88c8-fc98415731bb (type: ports) to 1 [pid: 7|app: 0|req: 1143/2210] 10.0.0.142 () {34 vars in 671 bytes} [Sat Jul 25 22:21:18 2026] POST /v2.0/networks => generated 763 bytes in 963 msecs (HTTP/1.1 201) 4 headers in 162 bytes (1 switches on core 0)
2026-07-25 22:21:19.818 7 WARNING neutron.scheduler.dhcp_agent_scheduler [None req-a031a46f-d601-44df-b8a1-23d406418baf 8f8569089e6743a4a40fb3165a93e124 7842d37ac99745c4959b4a7d16465116 - - default default] No more DHCP agents
2026-07-25 22:21:19.819 7 WARNING neutron.api.rpc.agentnotifiers.dhcp_rpc_agent_api [None req-a031a46f-d601-44df-b8a1-23d406418baf 8f8569089e6743a4a40fb3165a93e124 7842d37ac99745c4959b4a7d16465116 - - default default] Unable to schedule network fb4ece1e-caad-441d-9a1a-197a03aca8aa: no agents available; will retry on subsequent port and subnet creation events. [pid: 8|app: 0|req: 1068/2211] 10.0.0.142 () {34 vars in 789 bytes} [Sat Jul 25 22:21:19 2026] PUT /v2.0/routers/8d1ce7bb-c88c-48cb-b2d8-831d3ce207b7/remove_router_interface => generated 309 bytes in 1059 msecs (HTTP/1.1 200) 4 headers in 157 bytes (1 switches on core 0) /var/lib/openstack/lib/python3.12/site-packages/pycadf/identifier.py:70: UserWarning: Invalid uuid: neutron. To ensure interoperability, identifiers should be a valid uuid. warnings.warn(('Invalid uuid: %s. To ensure interoperability, '
2026-07-25 22:21:20.212 8 WARNING neutron.scheduler.dhcp_agent_scheduler [None req-650cbd94-9325-42ff-b7b5-23a334ca4a56 5678bb65cbee46e1b285b18aa11cb206 e522aa9bcf8a4918963b9237d424f2ff - - default default] No more DHCP agents
2026-07-25 22:21:20.215 8 WARNING neutron.api.rpc.agentnotifiers.dhcp_rpc_agent_api [None req-650cbd94-9325-42ff-b7b5-23a334ca4a56 5678bb65cbee46e1b285b18aa11cb206 e522aa9bcf8a4918963b9237d424f2ff - - default default] Unable to schedule network 102b4504-8de4-4608-ada8-63a093915273: no agents available; will retry on subsequent port and subnet creation events.
2026-07-25 22:21:20.298 7 INFO neutron.db.ovn_revision_numbers_db [None req-32f6cf65-e270-4893-a918-28b82413da0d - - - - - -] Successfully bumped revision number for resource bce39e9e-3fec-4617-a19d-c7a15fc138f7 (type: ports) to 2
2026-07-25 22:21:20.352 7 INFO neutron.db.ovn_revision_numbers_db [None req-32f6cf65-e270-4893-a918-28b82413da0d - - - - - -] Successfully bumped revision number for resource e340a721-4b3d-45c9-a129-91317e5b6abb (type: subnets) to 0 [pid: 7|app: 0|req: 1144/2214] 10.0.0.142 () {34 vars in 669 bytes} [Sat Jul 25 22:21:19 2026] POST /v2.0/subnets => generated 629 bytes in 735 msecs (HTTP/1.1 201) 4 headers in 162 bytes (1 switches on core 0)
2026-07-25 22:21:20.686 7 INFO neutron_taas.services.taas.taas_plugin [None req-b682723a-4b35-48e9-8baf-741dc422cd92 5678bb65cbee46e1b285b18aa11cb206 e522aa9bcf8a4918963b9237d424f2ff - - default default] TaaS: Handle Delete Port: af1a6862-af02-4649-90ea-254dccb93f97
2026-07-25 22:21:20.689 7 INFO neutron_taas.services.taas.tap_mirror_plugin [None req-b682723a-4b35-48e9-8baf-741dc422cd92 5678bb65cbee46e1b285b18aa11cb206 e522aa9bcf8a4918963b9237d424f2ff - - default default] Tap Mirror: Handle Delete Port: af1a6862-af02-4649-90ea-254dccb93f97
2026-07-25 22:21:20.697 8 INFO neutron.db.ovn_revision_numbers_db [None req-3572dc5c-af5d-4f3e-80e6-570420d3a9a6 - - - - - -] Successfully bumped revision number for resource 60ecffab-da4f-44bb-88c8-fc98415731bb (type: ports) to 2
2026-07-25 22:21:20.728 8 INFO neutron.db.ovn_revision_numbers_db [None req-3572dc5c-af5d-4f3e-80e6-570420d3a9a6 - - - - - -] Successfully bumped revision number for resource 69091c67-05f7-4ab2-9f55-3eea980d7526 (type: subnets) to 0 [pid: 8|app: 0|req: 1071/2215] 10.0.0.142 () {34 vars in 669 bytes} [Sat Jul 25 22:21:20 2026] POST /v2.0/subnets => generated 688 bytes in 686 msecs (HTTP/1.1 201) 4 headers in 162 bytes (1 switches on core 0)
2026-07-25 22:21:20.868 8 INFO neutron.db.segments_db [None req-22f36d69-836f-4667-87cc-32974f9eca41 8f8569089e6743a4a40fb3165a93e124 7842d37ac99745c4959b4a7d16465116 - - default default] Added segment 7e2df8a8-6d09-409c-82ba-2874571374e4 of type geneve for network a2d0b722-c094-4653-ab31-8d7a67064856
2026-07-25 22:21:21.021 8 INFO neutron.db.ovn_revision_numbers_db [None req-22f36d69-836f-4667-87cc-32974f9eca41 8f8569089e6743a4a40fb3165a93e124 7842d37ac99745c4959b4a7d16465116 - - default default] Successfully bumped revision number for resource a2d0b722-c094-4653-ab31-8d7a67064856 (type: networks) to 1 [pid: 7|app: 0|req: 1145/2216] 10.0.0.142 () {32 vars in 724 bytes} [Sat Jul 25 22:21:20 2026] DELETE /v2.0/routers/8d1ce7bb-c88c-48cb-b2d8-831d3ce207b7 => generated 0 bytes in 752 msecs (HTTP/1.1 204) 2 headers in 112 bytes (1 switches on core 0)
2026-07-25 22:21:21.213 8 WARNING neutron.scheduler.dhcp_agent_scheduler [None req-22f36d69-836f-4667-87cc-32974f9eca41 8f8569089e6743a4a40fb3165a93e124 7842d37ac99745c4959b4a7d16465116 - - default default] No more DHCP agents
2026-07-25 22:21:21.215 8 WARNING neutron.api.rpc.agentnotifiers.dhcp_rpc_agent_api [None req-22f36d69-836f-4667-87cc-32974f9eca41 8f8569089e6743a4a40fb3165a93e124 7842d37ac99745c4959b4a7d16465116 - - default default] Unable to schedule network a2d0b722-c094-4653-ab31-8d7a67064856: no agents available; will retry on subsequent port and subnet creation events.
2026-07-25 22:21:21.278 7 INFO neutron.plugins.ml2.drivers.ovn.mech_driver.mech_driver [None req-85fc199b-f854-4dc3-84db-6fa122e157af - - - - - -] OVN reports status down for port: 05aecb01-c9ef-4527-b684-899fec7f3d4c
2026-07-25 22:21:21.331 8 INFO neutron.db.ovn_revision_numbers_db [None req-22f36d69-836f-4667-87cc-32974f9eca41 8f8569089e6743a4a40fb3165a93e124 7842d37ac99745c4959b4a7d16465116 - - default default] Successfully bumped revision number for resource 05aecb01-c9ef-4527-b684-899fec7f3d4c (type: ports) to 1 [pid: 8|app: 0|req: 1072/2217] 10.0.0.142 () {34 vars in 670 bytes} [Sat Jul 25 22:21:20 2026] POST /v2.0/networks => generated 651 bytes in 599 msecs (HTTP/1.1 201) 4 headers in 162 bytes (1 switches on core 0) [pid: 8|app: 0|req: 1073/2218] 10.0.0.142 () {32 vars in 724 bytes} [Sat Jul 25 22:21:21 2026] DELETE /v2.0/subnets/ed6f613e-2eb2-4014-adc7-a51f4b1b7288 => generated 0 bytes in 147 msecs (HTTP/1.1 204) 3 headers in 131 bytes (1 switches on core 0)
2026-07-25 22:21:21.611 7 WARNING neutron.scheduler.dhcp_agent_scheduler [None req-7d49314f-6712-4a86-a7ad-344528a8b894 5678bb65cbee46e1b285b18aa11cb206 e522aa9bcf8a4918963b9237d424f2ff - - default default] No more DHCP agents
2026-07-25 22:21:21.611 7 WARNING neutron.api.rpc.agentnotifiers.dhcp_rpc_agent_api [None req-7d49314f-6712-4a86-a7ad-344528a8b894 5678bb65cbee46e1b285b18aa11cb206 e522aa9bcf8a4918963b9237d424f2ff - - default default] Unable to schedule network ceb2df02-4425-4d62-8b43-de4d6c3727ff: no agents available; will retry on subsequent port and subnet creation events.
2026-07-25 22:21:21.716 7 INFO neutron.plugins.ml2.drivers.ovn.mech_driver.mech_driver [None req-85fc199b-f854-4dc3-84db-6fa122e157af - - - - - -] OVN reports status down for port: 16483a2a-de72-41fe-bb63-3c70bec8ab4f
2026-07-25 22:21:21.754 8 WARNING neutron.scheduler.dhcp_agent_scheduler [None req-fbb45d96-22bb-4315-993d-071e48e02b1e 8f8569089e6743a4a40fb3165a93e124 7842d37ac99745c4959b4a7d16465116 - - default default] No more DHCP agents
2026-07-25 22:21:21.755 8 WARNING neutron.api.rpc.agentnotifiers.dhcp_rpc_agent_api [None req-fbb45d96-22bb-4315-993d-071e48e02b1e 8f8569089e6743a4a40fb3165a93e124 7842d37ac99745c4959b4a7d16465116 - - default default] Unable to schedule network a2d0b722-c094-4653-ab31-8d7a67064856: no agents available; will retry on subsequent port and subnet creation events.
2026-07-25 22:21:21.781 7 INFO neutron.db.ovn_revision_numbers_db [None req-7d49314f-6712-4a86-a7ad-344528a8b894 5678bb65cbee46e1b285b18aa11cb206 e522aa9bcf8a4918963b9237d424f2ff - - default default] Successfully bumped revision number for resource 16483a2a-de72-41fe-bb63-3c70bec8ab4f (type: ports) to 1
2026-07-25 22:21:22.219 8 INFO neutron.db.ovn_revision_numbers_db [None req-5fd96a08-e58a-4676-b8d1-0b1f1268b337 - - - - - -] Successfully bumped revision number for resource 05aecb01-c9ef-4527-b684-899fec7f3d4c (type: ports) to 2
2026-07-25 22:21:22.275 8 INFO neutron.db.ovn_revision_numbers_db [None req-5fd96a08-e58a-4676-b8d1-0b1f1268b337 - - - - - -] Successfully bumped revision number for resource 9e443b01-c73e-4423-9ce9-0916fd283f42 (type: subnets) to 0 [pid: 8|app: 0|req: 1074/2219] 10.0.0.142 () {34 vars in 669 bytes} [Sat Jul 25 22:21:21 2026] POST /v2.0/subnets => generated 629 bytes in 794 msecs (HTTP/1.1 201) 4 headers in 162 bytes (1 switches on core 0)
2026-07-25 22:21:22.400 7 INFO neutron.plugins.ml2.drivers.ovn.mech_driver.ovsdb.commands [None req-35c65bc9-b60a-4117-bc84-f18052a43ac7 - - - - - -] Schedule LRP lrp-16483a2a-de72-41fe-bb63-3c70bec8ab4f on gateway dd7c6e83-9760-40a3-92a7-e734da88ac34 with priority 1
2026-07-25 22:21:22.423 7 INFO neutron.plugins.ml2.drivers.ovn.mech_driver.mech_driver [None req-85fc199b-f854-4dc3-84db-6fa122e157af - - - - - -] OVN reports status up for port: 16483a2a-de72-41fe-bb63-3c70bec8ab4f
2026-07-25 22:21:22.445 8 INFO neutron_taas.services.taas.taas_plugin [None req-fbb02baf-c92d-4702-b797-4f5f54470ce8 5678bb65cbee46e1b285b18aa11cb206 e522aa9bcf8a4918963b9237d424f2ff - - default default] TaaS: Handle Delete Port: 7df068e7-468d-4fb2-ad9d-ef5cc3a9ff27
2026-07-25 22:21:22.451 8 INFO neutron_taas.services.taas.tap_mirror_plugin [None req-fbb02baf-c92d-4702-b797-4f5f54470ce8 5678bb65cbee46e1b285b18aa11cb206 e522aa9bcf8a4918963b9237d424f2ff - - default default] Tap Mirror: Handle Delete Port: 7df068e7-468d-4fb2-ad9d-ef5cc3a9ff27
2026-07-25 22:21:22.468 7 INFO neutron.plugins.ml2.plugin [None req-85fc199b-f854-4dc3-84db-6fa122e157af - - - - - -] Attempt 1 to provision port 16483a2a-de72-41fe-bb63-3c70bec8ab4f
2026-07-25 22:21:22.478 8 INFO neutron.plugins.ml2.drivers.ovn.mech_driver.ovsdb.ovsdb_monitor [None req-ffe03cb8-329b-40f8-ba13-9773efd28cc4 - - - - - -] Router d0dad1a3-36cb-41b8-a048-480b6addaa83 is bound to host instance
2026-07-25 22:21:22.491 7 INFO neutron.db.ovn_revision_numbers_db [None req-7d49314f-6712-4a86-a7ad-344528a8b894 5678bb65cbee46e1b285b18aa11cb206 e522aa9bcf8a4918963b9237d424f2ff - - default default] Successfully bumped revision number for resource 16483a2a-de72-41fe-bb63-3c70bec8ab4f (type: router_ports) to 1
2026-07-25 22:21:22.693 7 INFO neutron.db.ovn_revision_numbers_db [None req-7d49314f-6712-4a86-a7ad-344528a8b894 5678bb65cbee46e1b285b18aa11cb206 e522aa9bcf8a4918963b9237d424f2ff - - default default] Successfully bumped revision number for resource d0dad1a3-36cb-41b8-a048-480b6addaa83 (type: routers) to 2 [pid: 7|app: 0|req: 1146/2220] 10.0.0.142 () {34 vars in 669 bytes} [Sat Jul 25 22:21:21 2026] POST /v2.0/routers => generated 966 bytes in 1592 msecs (HTTP/1.1 201) 4 headers in 162 bytes (1 switches on core 0)
2026-07-25 22:21:22.797 8 INFO neutron.services.segments.plugin [-] Segment b3d4d430-db8e-427b-99d4-c26cc9552602 resource provider aggregate not found
2026-07-25 22:21:22.799 7 INFO neutron.db.segments_db [None req-743f97b8-5cc3-4c08-bbcc-8023948fbe68 8f8569089e6743a4a40fb3165a93e124 7842d37ac99745c4959b4a7d16465116 - - default default] Added segment 8bc19eff-e2b4-4f52-8c8c-a1ac1cac58f8 of type geneve for network 41f5c6e5-ea41-4bb3-b5ae-b1c8e8581609
2026-07-25 22:21:22.799 8 INFO neutron.services.segments.plugin [-] Segment b3d4d430-db8e-427b-99d4-c26cc9552602 resource provider aggregate not found
2026-07-25 22:21:22.822 8 INFO neutron.services.segments.plugin [-] Segment b3d4d430-db8e-427b-99d4-c26cc9552602 resource provider not found; error: Placement Client Error (4xx): {"errors": [{"status": 404, "title": "Not Found", "detail": "The resource could not be found.\n\n No resource provider with uuid b3d4d430-db8e-427b-99d4-c26cc9552602 found for delete ", "request_id": "req-6b6cc609-637d-465b-893b-efb50054d1ac"}]}
2026-07-25 22:21:22.828 8 INFO neutron.services.segments.plugin [-] Segment b3d4d430-db8e-427b-99d4-c26cc9552602 resource provider not found; error: Placement Client Error (4xx): {"errors": [{"status": 404, "title": "Not Found", "detail": "The resource could not be found.\n\n No resource provider with uuid b3d4d430-db8e-427b-99d4-c26cc9552602 found for delete ", "request_id": "req-cf1151a4-b06c-4206-93f1-a0a92ab6aee9"}]}
2026-07-25 22:21:22.897 7 INFO neutron.db.ovn_revision_numbers_db [None req-743f97b8-5cc3-4c08-bbcc-8023948fbe68 8f8569089e6743a4a40fb3165a93e124 7842d37ac99745c4959b4a7d16465116 - - default default] Successfully bumped revision number for resource 41f5c6e5-ea41-4bb3-b5ae-b1c8e8581609 (type: networks) to 1 [pid: 8|app: 0|req: 1075/2221] 10.0.0.142 () {32 vars in 726 bytes} [Sat Jul 25 22:21:22 2026] DELETE /v2.0/networks/2b73f260-1a2a-4414-835d-5393134ec8b3 => generated 0 bytes in 610 msecs (HTTP/1.1 204) 3 headers in 131 bytes (1 switches on core 0)
2026-07-25 22:21:23.075 7 WARNING neutron.scheduler.dhcp_agent_scheduler [None req-743f97b8-5cc3-4c08-bbcc-8023948fbe68 8f8569089e6743a4a40fb3165a93e124 7842d37ac99745c4959b4a7d16465116 - - default default] No more DHCP agents
2026-07-25 22:21:23.076 7 WARNING neutron.api.rpc.agentnotifiers.dhcp_rpc_agent_api [None req-743f97b8-5cc3-4c08-bbcc-8023948fbe68 8f8569089e6743a4a40fb3165a93e124 7842d37ac99745c4959b4a7d16465116 - - default default] Unable to schedule network 41f5c6e5-ea41-4bb3-b5ae-b1c8e8581609: no agents available; will retry on subsequent port and subnet creation events.
2026-07-25 22:21:23.123 8 INFO neutron.plugins.ml2.drivers.ovn.mech_driver.mech_driver [None req-3574f6cd-726f-45f3-9f5a-9799ee39c0c2 - - - - - -] OVN reports status down for port: e00eb987-677a-42de-9d32-079174d23d8b
2026-07-25 22:21:23.154 7 INFO neutron.db.ovn_revision_numbers_db [None req-743f97b8-5cc3-4c08-bbcc-8023948fbe68 8f8569089e6743a4a40fb3165a93e124 7842d37ac99745c4959b4a7d16465116 - - default default] Successfully bumped revision number for resource e00eb987-677a-42de-9d32-079174d23d8b (type: ports) to 1 [pid: 7|app: 0|req: 1147/2222] 10.0.0.142 () {34 vars in 670 bytes} [Sat Jul 25 22:21:22 2026] POST /v2.0/networks => generated 650 bytes in 463 msecs (HTTP/1.1 201) 4 headers in 162 bytes (1 switches on core 0) [pid: 7|app: 0|req: 1148/2223] 10.0.0.142 () {32 vars in 774 bytes} [Sat Jul 25 22:21:23 2026] GET /v2.0/security-groups?tenant_id=ed42c20ab74e4015b273cbe709cf294b&name=default => generated 2925 bytes in 39 msecs (HTTP/1.1 200) 4 headers in 158 bytes (1 switches on core 0)
