2026-07-25 22:22:15.747 8 INFO neutron.plugins.ml2.drivers.ovn.mech_driver.mech_driver [None req-aef5153a-1a10-4f2a-831a-971cfc4e4990 - - - - - -] OVN reports status down for port: 0808b5ee-7653-4b90-b877-e6d8df857351
2026-07-25 22:22:15.790 8 INFO neutron.db.ovn_revision_numbers_db [None req-a1dd21a5-096f-4c2c-8033-a3f9df36bd25 15a6868d79e44d77822877b2e085d49a 41823fc96c72402ba9d116b419233a66 - - default default] Successfully bumped revision number for resource 0808b5ee-7653-4b90-b877-e6d8df857351 (type: ports) to 1 [pid: 8|app: 0|req: 1240/2611] 10.0.0.142 () {34 vars in 670 bytes} [Sat Jul 25 22:22:15 2026] POST /v2.0/networks => generated 651 bytes in 611 msecs (HTTP/1.1 201) 4 headers in 162 bytes (1 switches on core 0)
2026-07-25 22:22:15.969 7 INFO neutron.db.ovn_revision_numbers_db [None req-0e8459ad-6d75-45aa-92ea-728ffa6db771 5678bb65cbee46e1b285b18aa11cb206 e522aa9bcf8a4918963b9237d424f2ff - - default default] Successfully bumped revision number for resource a043f0c8-b0e6-4cd4-a437-5b25910d5244 (type: security_groups) to 1
2026-07-25 22:22:15.992 7 INFO neutron.db.ovn_revision_numbers_db [None req-0e8459ad-6d75-45aa-92ea-728ffa6db771 5678bb65cbee46e1b285b18aa11cb206 e522aa9bcf8a4918963b9237d424f2ff - - default default] Successfully bumped revision number for resource 3014d0db-141b-40fe-81cc-c1d283c46395 (type: security_group_rules) to 0
2026-07-25 22:22:16.004 7 INFO neutron.db.ovn_revision_numbers_db [None req-0e8459ad-6d75-45aa-92ea-728ffa6db771 5678bb65cbee46e1b285b18aa11cb206 e522aa9bcf8a4918963b9237d424f2ff - - default default] Successfully bumped revision number for resource 67dc94b8-d203-4399-94c0-f99406100988 (type: security_group_rules) to 0
2026-07-25 22:22:16.015 7 INFO neutron.db.ovn_revision_numbers_db [None req-0e8459ad-6d75-45aa-92ea-728ffa6db771 5678bb65cbee46e1b285b18aa11cb206 e522aa9bcf8a4918963b9237d424f2ff - - default default] Successfully bumped revision number for resource 9fb1706d-fc5c-4781-8217-5f094228d29f (type: security_group_rules) to 0
2026-07-25 22:22:16.027 7 INFO neutron.db.ovn_revision_numbers_db [None req-0e8459ad-6d75-45aa-92ea-728ffa6db771 5678bb65cbee46e1b285b18aa11cb206 e522aa9bcf8a4918963b9237d424f2ff - - default default] Successfully bumped revision number for resource a62bc0db-90a1-4d40-a20d-e7180977fb72 (type: security_group_rules) to 0
2026-07-25 22:22:16.058 8 WARNING neutron.scheduler.dhcp_agent_scheduler [None req-ffa3efaa-9b2a-4d45-a82b-53cbd545fe79 df7ea50b7cf04efeacbc7727cc899a72 9fe6709f7ffc486ab07574c51795289d - - default default] No more DHCP agents
2026-07-25 22:22:16.060 8 WARNING neutron.api.rpc.agentnotifiers.dhcp_rpc_agent_api [None req-ffa3efaa-9b2a-4d45-a82b-53cbd545fe79 df7ea50b7cf04efeacbc7727cc899a72 9fe6709f7ffc486ab07574c51795289d - - default default] Unable to schedule network b553b469-32ba-4306-891c-e5c2e7297ffe: no agents available; will retry on subsequent port and subnet creation events. [pid: 7|app: 0|req: 1372/2612] 10.0.0.142 () {32 vars in 774 bytes} [Sat Jul 25 22:22:15 2026] GET /v2.0/security-groups?tenant_id=6965be72bb114c6284e498eaedecc6dd&name=default => generated 2929 bytes in 396 msecs (HTTP/1.1 200) 4 headers in 158 bytes (1 switches on core 0)
2026-07-25 22:22:16.145 8 INFO neutron.plugins.ml2.drivers.ovn.mech_driver.mech_driver [None req-aef5153a-1a10-4f2a-831a-971cfc4e4990 - - - - - -] OVN reports status down for port: a762209c-c162-45e4-82ef-83d49b15f431
2026-07-25 22:22:16.187 7 WARNING neutron.plugins.ml2.drivers.ovn.mech_driver.ovsdb.ovn_client [None req-2d1bd1fc-8aaf-44ab-b5cd-0f96317f75d2 - - - - - -] No hosting information found for port 65c307bd-cb81-4d4e-b51a-b89b40d511a9: RuntimeError: No hosting information found for port 65c307bd-cb81-4d4e-b51a-b89b40d511a9
2026-07-25 22:22:16.212 8 INFO neutron.db.ovn_revision_numbers_db [None req-ffa3efaa-9b2a-4d45-a82b-53cbd545fe79 df7ea50b7cf04efeacbc7727cc899a72 9fe6709f7ffc486ab07574c51795289d - - default default] Successfully bumped revision number for resource a762209c-c162-45e4-82ef-83d49b15f431 (type: ports) to 1 [pid: 8|app: 0|req: 1241/2613] 10.0.0.142 () {34 vars in 664 bytes} [Sat Jul 25 22:22:15 2026] POST /v2.0/ports => generated 743 bytes in 467 msecs (HTTP/1.1 201) 4 headers in 162 bytes (1 switches on core 0) /var/lib/openstack/lib/python3.12/site-packages/pycadf/identifier.py:70: UserWarning: Invalid uuid: neutron. To ensure interoperability, identifiers should be a valid uuid. warnings.warn(('Invalid uuid: %s. To ensure interoperability, '
2026-07-25 22:22:16.340 7 INFO neutron.db.ovn_revision_numbers_db [None req-2d1bd1fc-8aaf-44ab-b5cd-0f96317f75d2 - - - - - -] Successfully bumped revision number for resource 65c307bd-cb81-4d4e-b51a-b89b40d511a9 (type: router_ports) to 2
2026-07-25 22:22:16.340 7 INFO neutron.plugins.ml2.drivers.ovn.mech_driver.mech_driver [None req-2d1bd1fc-8aaf-44ab-b5cd-0f96317f75d2 - - - - - -] OVN reports status down for port: 9e2b4f6d-7874-4be0-bd56-4503b57927dd
2026-07-25 22:22:16.492 7 WARNING neutron.scheduler.dhcp_agent_scheduler [None req-f1c42746-fac0-4d3e-a04a-878c72d2961d 15a6868d79e44d77822877b2e085d49a 41823fc96c72402ba9d116b419233a66 - - default default] No more DHCP agents
2026-07-25 22:22:16.494 7 WARNING neutron.api.rpc.agentnotifiers.dhcp_rpc_agent_api [None req-f1c42746-fac0-4d3e-a04a-878c72d2961d 15a6868d79e44d77822877b2e085d49a 41823fc96c72402ba9d116b419233a66 - - default default] Unable to schedule network 17b88ec0-b87f-451f-9025-f0eeb1013d59: no agents available; will retry on subsequent port and subnet creation events. [pid: 8|app: 0|req: 1242/2614] 10.0.0.142 () {32 vars in 740 bytes} [Sat Jul 25 22:22:16 2026] DELETE /v2.0/security-groups/a043f0c8-b0e6-4cd4-a437-5b25910d5244 => generated 0 bytes in 214 msecs (HTTP/1.1 204) 2 headers in 112 bytes (1 switches on core 0) [pid: 8|app: 0|req: 1243/2615] 10.0.0.142 () {34 vars in 747 bytes} [Sat Jul 25 22:22:16 2026] PUT /v2.0/ports/58e1c15b-4756-4ae2-a426-6145b3be497a/tags => generated 17 bytes in 68 msecs (HTTP/1.1 200) 4 headers in 156 bytes (1 switches on core 0) /var/lib/openstack/lib/python3.12/site-packages/pycadf/identifier.py:70: UserWarning: Invalid uuid: neutron. To ensure interoperability, identifiers should be a valid uuid. warnings.warn(('Invalid uuid: %s. To ensure interoperability, '
2026-07-25 22:22:16.585 7 INFO neutron.plugins.ml2.drivers.ovn.mech_driver.mech_driver [None req-2d1bd1fc-8aaf-44ab-b5cd-0f96317f75d2 - - - - - -] OVN reports status down for port: 5eb361bb-beec-49ef-bf8f-28902930d8f4 [pid: 8|app: 0|req: 1244/2616] 10.0.0.142 () {34 vars in 747 bytes} [Sat Jul 25 22:22:16 2026] PUT /v2.0/ports/073edd63-3a60-408f-94f9-45b0c59f0af4/tags => generated 25 bytes in 64 msecs (HTTP/1.1 200) 4 headers in 156 bytes (1 switches on core 0) /var/lib/openstack/lib/python3.12/site-packages/pycadf/identifier.py:70: UserWarning: Invalid uuid: neutron. To ensure interoperability, identifiers should be a valid uuid. warnings.warn(('Invalid uuid: %s. To ensure interoperability, '
2026-07-25 22:22:16.703 7 INFO neutron.plugins.ml2.drivers.ovn.mech_driver.mech_driver [None req-2d1bd1fc-8aaf-44ab-b5cd-0f96317f75d2 - - - - - -] OVN reports status down for port: 58e1c15b-4756-4ae2-a426-6145b3be497a
2026-07-25 22:22:16.785 8 INFO neutron.db.ovn_revision_numbers_db [None req-b7b8a7c5-17e5-4583-b1d0-1611d34befb3 5678bb65cbee46e1b285b18aa11cb206 e522aa9bcf8a4918963b9237d424f2ff - - default default] Successfully bumped revision number for resource 3533eb06-5232-45f8-92a6-4d76b302a407 (type: security_groups) to 1
2026-07-25 22:22:16.804 8 INFO neutron.db.ovn_revision_numbers_db [None req-b7b8a7c5-17e5-4583-b1d0-1611d34befb3 5678bb65cbee46e1b285b18aa11cb206 e522aa9bcf8a4918963b9237d424f2ff - - default default] Successfully bumped revision number for resource 04f4fcbf-72d7-41d6-b493-9ecb588ded17 (type: security_group_rules) to 0
2026-07-25 22:22:16.815 8 INFO neutron.db.ovn_revision_numbers_db [None req-b7b8a7c5-17e5-4583-b1d0-1611d34befb3 5678bb65cbee46e1b285b18aa11cb206 e522aa9bcf8a4918963b9237d424f2ff - - default default] Successfully bumped revision number for resource 60e7fc7e-5ffb-4839-a73e-d9d0fb823319 (type: security_group_rules) to 0
2026-07-25 22:22:16.829 8 INFO neutron.db.ovn_revision_numbers_db [None req-b7b8a7c5-17e5-4583-b1d0-1611d34befb3 5678bb65cbee46e1b285b18aa11cb206 e522aa9bcf8a4918963b9237d424f2ff - - default default] Successfully bumped revision number for resource eae8bc8e-5084-4561-b0cb-1b065488e0e3 (type: security_group_rules) to 0
2026-07-25 22:22:16.840 8 INFO neutron.db.ovn_revision_numbers_db [None req-b7b8a7c5-17e5-4583-b1d0-1611d34befb3 5678bb65cbee46e1b285b18aa11cb206 e522aa9bcf8a4918963b9237d424f2ff - - default default] Successfully bumped revision number for resource fe016498-7662-4eda-b201-ebfcfade3295 (type: security_group_rules) to 0
2026-07-25 22:22:16.869 7 INFO neutron.plugins.ml2.drivers.ovn.mech_driver.mech_driver [None req-2d1bd1fc-8aaf-44ab-b5cd-0f96317f75d2 - - - - - -] OVN reports status down for port: 409c3bcc-1640-411c-b5cd-2c8ce338e319 [pid: 8|app: 0|req: 1245/2617] 10.0.0.142 () {32 vars in 774 bytes} [Sat Jul 25 22:22:16 2026] GET /v2.0/security-groups?tenant_id=7c749b48930e435da068ab4e874728b2&name=default => generated 2929 bytes in 235 msecs (HTTP/1.1 200) 4 headers in 158 bytes (1 switches on core 0) [pid: 8|app: 0|req: 1246/2618] 10.0.0.142 () {34 vars in 747 bytes} [Sat Jul 25 22:22:16 2026] PUT /v2.0/ports/9ccd2dc3-aac7-4e9c-8861-512e74a71d51/tags => generated 34 bytes in 58 msecs (HTTP/1.1 200) 4 headers in 156 bytes (1 switches on core 0) /var/lib/openstack/lib/python3.12/site-packages/pycadf/identifier.py:70: UserWarning: Invalid uuid: neutron. To ensure interoperability, identifiers should be a valid uuid. warnings.warn(('Invalid uuid: %s. To ensure interoperability, '
2026-07-25 22:22:16.965 7 INFO neutron.plugins.ml2.drivers.ovn.mech_driver.mech_driver [None req-2d1bd1fc-8aaf-44ab-b5cd-0f96317f75d2 - - - - - -] OVN reports status down for port: 073edd63-3a60-408f-94f9-45b0c59f0af4
2026-07-25 22:22:17.094 7 INFO neutron.plugins.ml2.drivers.ovn.mech_driver.mech_driver [None req-2d1bd1fc-8aaf-44ab-b5cd-0f96317f75d2 - - - - - -] OVN reports status down for port: 9ccd2dc3-aac7-4e9c-8861-512e74a71d51 [pid: 8|app: 0|req: 1247/2619] 10.0.0.142 () {32 vars in 740 bytes} [Sat Jul 25 22:22:16 2026] DELETE /v2.0/security-groups/3533eb06-5232-45f8-92a6-4d76b302a407 => generated 0 bytes in 215 msecs (HTTP/1.1 204) 2 headers in 112 bytes (1 switches on core 0)
2026-07-25 22:22:17.238 7 INFO neutron.plugins.ml2.drivers.ovn.mech_driver.mech_driver [None req-2d1bd1fc-8aaf-44ab-b5cd-0f96317f75d2 - - - - - -] OVN reports status down for port: faceea9c-1bea-43f2-a1b0-e235710373a9 [pid: 8|app: 0|req: 1248/2620] 10.0.0.142 () {34 vars in 747 bytes} [Sat Jul 25 22:22:17 2026] PUT /v2.0/ports/faceea9c-1bea-43f2-a1b0-e235710373a9/tags => generated 19 bytes in 100 msecs (HTTP/1.1 200) 4 headers in 156 bytes (1 switches on core 0) /var/lib/openstack/lib/python3.12/site-packages/pycadf/identifier.py:70: UserWarning: Invalid uuid: neutron. To ensure interoperability, identifiers should be a valid uuid. warnings.warn(('Invalid uuid: %s. To ensure interoperability, '
2026-07-25 22:22:17.273 7 INFO neutron.db.ovn_revision_numbers_db [None req-16bc9dc5-c016-4392-a7ea-7f33aabc41f9 - - - - - -] Successfully bumped revision number for resource 0808b5ee-7653-4b90-b877-e6d8df857351 (type: ports) to 2
2026-07-25 22:22:17.343 7 INFO neutron.db.ovn_revision_numbers_db [None req-16bc9dc5-c016-4392-a7ea-7f33aabc41f9 - - - - - -] Successfully bumped revision number for resource 2bdc4af1-44b5-47d1-b2c9-a02cfbe9528b (type: subnets) to 0 [pid: 7|app: 0|req: 1373/2621] 10.0.0.142 () {34 vars in 669 bytes} [Sat Jul 25 22:22:16 2026] POST /v2.0/subnets => generated 629 bytes in 1299 msecs (HTTP/1.1 201) 4 headers in 162 bytes (1 switches on core 0) [pid: 8|app: 0|req: 1249/2622] 10.0.0.142 () {32 vars in 660 bytes} [Sat Jul 25 22:22:17 2026] GET /v2.0/ports?tags=red => generated 2253 bytes in 137 msecs (HTTP/1.1 200) 4 headers in 158 bytes (1 switches on core 0) [pid: 8|app: 0|req: 1250/2623] 10.0.0.142 () {32 vars in 674 bytes} [Sat Jul 25 22:22:17 2026] GET /v2.0/ports?tags=red%2Cblue => generated 1513 bytes in 68 msecs (HTTP/1.1 200) 4 headers in 158 bytes (1 switches on core 0) [pid: 8|app: 0|req: 1251/2624] 10.0.0.142 () {32 vars in 670 bytes} [Sat Jul 25 22:22:17 2026] GET /v2.0/ports?tags-any=blue => generated 1513 bytes in 67 msecs (HTTP/1.1 200) 4 headers in 158 bytes (1 switches on core 0) [pid: 8|app: 0|req: 1252/2625] 10.0.0.142 () {32 vars in 682 bytes} [Sat Jul 25 22:22:17 2026] GET /v2.0/ports?tags-any=red%2Cblue => generated 2253 bytes in 40 msecs (HTTP/1.1 200) 4 headers in 158 bytes (1 switches on core 0) [pid: 8|app: 0|req: 1253/2626] 10.0.0.142 () {32 vars in 668 bytes} [Sat Jul 25 22:22:17 2026] GET /v2.0/ports?not-tags=red => generated 5268 bytes in 114 msecs (HTTP/1.1 200) 4 headers in 158 bytes (1 switches on core 0)
2026-07-25 22:22:17.782 7 WARNING neutron.scheduler.dhcp_agent_scheduler [None req-f0062182-ea6a-4c68-b5ce-f352c58f0554 15a6868d79e44d77822877b2e085d49a 41823fc96c72402ba9d116b419233a66 - - default default] No more DHCP agents
2026-07-25 22:22:17.783 7 WARNING neutron.api.rpc.agentnotifiers.dhcp_rpc_agent_api [None req-f0062182-ea6a-4c68-b5ce-f352c58f0554 15a6868d79e44d77822877b2e085d49a 41823fc96c72402ba9d116b419233a66 - - default default] Unable to schedule network ceb2df02-4425-4d62-8b43-de4d6c3727ff: no agents available; will retry on subsequent port and subnet creation events. [pid: 8|app: 0|req: 1254/2627] 10.0.0.142 () {32 vars in 682 bytes} [Sat Jul 25 22:22:17 2026] GET /v2.0/ports?not-tags=red%2Cblue => generated 6008 bytes in 93 msecs (HTTP/1.1 200) 4 headers in 158 bytes (1 switches on core 0)
2026-07-25 22:22:17.889 8 INFO neutron.plugins.ml2.drivers.ovn.mech_driver.mech_driver [None req-aef5153a-1a10-4f2a-831a-971cfc4e4990 - - - - - -] OVN reports status down for port: 8ba77d63-42eb-419a-8741-e58a8d870c64
2026-07-25 22:22:17.927 7 INFO neutron.db.ovn_revision_numbers_db [None req-f0062182-ea6a-4c68-b5ce-f352c58f0554 15a6868d79e44d77822877b2e085d49a 41823fc96c72402ba9d116b419233a66 - - default default] Successfully bumped revision number for resource 8ba77d63-42eb-419a-8741-e58a8d870c64 (type: ports) to 1 [pid: 8|app: 0|req: 1255/2628] 10.0.0.142 () {32 vars in 678 bytes} [Sat Jul 25 22:22:17 2026] GET /v2.0/ports?not-tags-any=blue => generated 6008 bytes in 149 msecs (HTTP/1.1 200) 4 headers in 158 bytes (1 switches on core 0) [pid: 8|app: 0|req: 1256/2629] 10.0.0.142 () {32 vars in 690 bytes} [Sat Jul 25 22:22:17 2026] GET /v2.0/ports?not-tags-any=red%2Cblue => generated 5268 bytes in 100 msecs (HTTP/1.1 200) 4 headers in 158 bytes (1 switches on core 0)
2026-07-25 22:22:18.194 8 INFO neutron_taas.services.taas.taas_plugin [None req-45ef5e2a-638b-4f9a-b0db-360eb7635ea1 df7ea50b7cf04efeacbc7727cc899a72 9fe6709f7ffc486ab07574c51795289d - - default default] TaaS: Handle Delete Port: 58e1c15b-4756-4ae2-a426-6145b3be497a
2026-07-25 22:22:18.196 8 INFO neutron_taas.services.taas.tap_mirror_plugin [None req-45ef5e2a-638b-4f9a-b0db-360eb7635ea1 df7ea50b7cf04efeacbc7727cc899a72 9fe6709f7ffc486ab07574c51795289d - - default default] Tap Mirror: Handle Delete Port: 58e1c15b-4756-4ae2-a426-6145b3be497a [pid: 8|app: 0|req: 1257/2630] 10.0.0.142 () {32 vars in 720 bytes} [Sat Jul 25 22:22:18 2026] DELETE /v2.0/ports/58e1c15b-4756-4ae2-a426-6145b3be497a => generated 0 bytes in 297 msecs (HTTP/1.1 204) 3 headers in 131 bytes (1 switches on core 0)
2026-07-25 22:22:18.493 8 INFO neutron_taas.services.taas.taas_plugin [None req-ee1f89f0-cfc1-4111-a85c-6be00e4d4f55 df7ea50b7cf04efeacbc7727cc899a72 9fe6709f7ffc486ab07574c51795289d - - default default] TaaS: Handle Delete Port: 073edd63-3a60-408f-94f9-45b0c59f0af4
2026-07-25 22:22:18.496 8 INFO neutron_taas.services.taas.tap_mirror_plugin [None req-ee1f89f0-cfc1-4111-a85c-6be00e4d4f55 df7ea50b7cf04efeacbc7727cc899a72 9fe6709f7ffc486ab07574c51795289d - - default default] Tap Mirror: Handle Delete Port: 073edd63-3a60-408f-94f9-45b0c59f0af4 [pid: 8|app: 0|req: 1258/2631] 10.0.0.142 () {32 vars in 720 bytes} [Sat Jul 25 22:22:18 2026] DELETE /v2.0/ports/073edd63-3a60-408f-94f9-45b0c59f0af4 => generated 0 bytes in 234 msecs (HTTP/1.1 204) 3 headers in 131 bytes (1 switches on core 0)
2026-07-25 22:22:18.627 7 INFO neutron.plugins.ml2.drivers.ovn.mech_driver.ovsdb.commands [None req-35c65bc9-b60a-4117-bc84-f18052a43ac7 - - - - - -] Schedule LRP lrp-8ba77d63-42eb-419a-8741-e58a8d870c64 on gateway dd7c6e83-9760-40a3-92a7-e734da88ac34 with priority 1
2026-07-25 22:22:18.645 8 INFO neutron.plugins.ml2.drivers.ovn.mech_driver.mech_driver [None req-aef5153a-1a10-4f2a-831a-971cfc4e4990 - - - - - -] OVN reports status up for port: 8ba77d63-42eb-419a-8741-e58a8d870c64
2026-07-25 22:22:18.666 8 INFO neutron.plugins.ml2.plugin [None req-aef5153a-1a10-4f2a-831a-971cfc4e4990 - - - - - -] Attempt 1 to provision port 8ba77d63-42eb-419a-8741-e58a8d870c64
2026-07-25 22:22:18.676 7 INFO neutron.db.ovn_revision_numbers_db [None req-f0062182-ea6a-4c68-b5ce-f352c58f0554 15a6868d79e44d77822877b2e085d49a 41823fc96c72402ba9d116b419233a66 - - default default] Successfully bumped revision number for resource 8ba77d63-42eb-419a-8741-e58a8d870c64 (type: router_ports) to 1
2026-07-25 22:22:18.758 7 INFO neutron.db.ovn_revision_numbers_db [None req-f0062182-ea6a-4c68-b5ce-f352c58f0554 15a6868d79e44d77822877b2e085d49a 41823fc96c72402ba9d116b419233a66 - - default default] Successfully bumped revision number for resource 7a7af7bd-6059-46a4-a043-e9529a29eaa9 (type: routers) to 2 [pid: 7|app: 0|req: 1374/2632] 10.0.0.142 () {34 vars in 669 bytes} [Sat Jul 25 22:22:17 2026] POST /v2.0/routers => generated 937 bytes in 1411 msecs (HTTP/1.1 201) 4 headers in 162 bytes (1 switches on core 0)
2026-07-25 22:22:18.800 8 INFO neutron_taas.services.taas.taas_plugin [None req-f86f243b-c148-4b6b-95e8-2927c02d3a1a df7ea50b7cf04efeacbc7727cc899a72 9fe6709f7ffc486ab07574c51795289d - - default default] TaaS: Handle Delete Port: 9ccd2dc3-aac7-4e9c-8861-512e74a71d51
2026-07-25 22:22:18.803 8 INFO neutron_taas.services.taas.tap_mirror_plugin [None req-f86f243b-c148-4b6b-95e8-2927c02d3a1a df7ea50b7cf04efeacbc7727cc899a72 9fe6709f7ffc486ab07574c51795289d - - default default] Tap Mirror: Handle Delete Port: 9ccd2dc3-aac7-4e9c-8861-512e74a71d51 [pid: 8|app: 0|req: 1259/2633] 10.0.0.142 () {32 vars in 720 bytes} [Sat Jul 25 22:22:18 2026] DELETE /v2.0/ports/9ccd2dc3-aac7-4e9c-8861-512e74a71d51 => generated 0 bytes in 308 msecs (HTTP/1.1 204) 3 headers in 131 bytes (1 switches on core 0)
2026-07-25 22:22:19.037 8 INFO neutron_taas.services.taas.taas_plugin [None req-6c6f4957-8055-45a7-8607-f53c6525e4d6 df7ea50b7cf04efeacbc7727cc899a72 9fe6709f7ffc486ab07574c51795289d - - default default] TaaS: Handle Delete Port: faceea9c-1bea-43f2-a1b0-e235710373a9
2026-07-25 22:22:19.039 8 INFO neutron_taas.services.taas.tap_mirror_plugin [None req-6c6f4957-8055-45a7-8607-f53c6525e4d6 df7ea50b7cf04efeacbc7727cc899a72 9fe6709f7ffc486ab07574c51795289d - - default default] Tap Mirror: Handle Delete Port: faceea9c-1bea-43f2-a1b0-e235710373a9 [pid: 8|app: 0|req: 1260/2634] 10.0.0.142 () {32 vars in 720 bytes} [Sat Jul 25 22:22:18 2026] DELETE /v2.0/ports/faceea9c-1bea-43f2-a1b0-e235710373a9 => generated 0 bytes in 186 msecs (HTTP/1.1 204) 3 headers in 131 bytes (1 switches on core 0)
2026-07-25 22:22:19.249 8 INFO neutron_taas.services.taas.taas_plugin [None req-bc90199d-295d-400c-a526-c8c7727a5cfc df7ea50b7cf04efeacbc7727cc899a72 9fe6709f7ffc486ab07574c51795289d - - default default] TaaS: Handle Delete Port: a762209c-c162-45e4-82ef-83d49b15f431
2026-07-25 22:22:19.256 8 INFO neutron_taas.services.taas.tap_mirror_plugin [None req-bc90199d-295d-400c-a526-c8c7727a5cfc df7ea50b7cf04efeacbc7727cc899a72 9fe6709f7ffc486ab07574c51795289d - - default default] Tap Mirror: Handle Delete Port: a762209c-c162-45e4-82ef-83d49b15f431 [pid: 8|app: 0|req: 1261/2635] 10.0.0.142 () {32 vars in 720 bytes} [Sat Jul 25 22:22:19 2026] DELETE /v2.0/ports/a762209c-c162-45e4-82ef-83d49b15f431 => generated 0 bytes in 253 msecs (HTTP/1.1 204) 3 headers in 131 bytes (1 switches on core 0)
2026-07-25 22:22:19.386 7 WARNING neutron.scheduler.dhcp_agent_scheduler [None req-b162fac6-3eda-4cde-9357-5ffdf6cf8ea3 15a6868d79e44d77822877b2e085d49a 41823fc96c72402ba9d116b419233a66 - - default default] No more DHCP agents
2026-07-25 22:22:19.388 7 WARNING neutron.api.rpc.agentnotifiers.dhcp_rpc_agent_api [None req-b162fac6-3eda-4cde-9357-5ffdf6cf8ea3 15a6868d79e44d77822877b2e085d49a 41823fc96c72402ba9d116b419233a66 - - default default] Unable to schedule network 17b88ec0-b87f-451f-9025-f0eeb1013d59: no agents available; will retry on subsequent port and subnet creation events.
2026-07-25 22:22:19.516 8 INFO neutron_taas.services.taas.taas_plugin [None req-5a3c52ad-4cfd-4001-8461-d450d1e1ab14 df7ea50b7cf04efeacbc7727cc899a72 9fe6709f7ffc486ab07574c51795289d - - default default] TaaS: Handle Delete Port: 5eb361bb-beec-49ef-bf8f-28902930d8f4
2026-07-25 22:22:19.519 8 INFO neutron_taas.services.taas.tap_mirror_plugin [None req-5a3c52ad-4cfd-4001-8461-d450d1e1ab14 df7ea50b7cf04efeacbc7727cc899a72 9fe6709f7ffc486ab07574c51795289d - - default default] Tap Mirror: Handle Delete Port: 5eb361bb-beec-49ef-bf8f-28902930d8f4
2026-07-25 22:22:19.531 7 INFO neutron.db.ovn_revision_numbers_db [None req-b162fac6-3eda-4cde-9357-5ffdf6cf8ea3 15a6868d79e44d77822877b2e085d49a 41823fc96c72402ba9d116b419233a66 - - default default] Successfully bumped revision number for resource 8dfa2b8f-72a0-4d45-9c1a-49c33cab1b81 (type: ports) to 1
2026-07-25 22:22:19.705 7 INFO neutron.plugins.ml2.drivers.ovn.mech_driver.mech_driver [None req-2d1bd1fc-8aaf-44ab-b5cd-0f96317f75d2 - - - - - -] OVN reports status up for port: 9e2b4f6d-7874-4be0-bd56-4503b57927dd
2026-07-25 22:22:19.711 8 INFO neutron.services.segments.plugin [-] Segment 01bcbda1-a731-41b4-afaf-4e4c7f4f4be0 resource provider aggregate not found
2026-07-25 22:22:19.716 8 INFO neutron.services.segments.plugin [-] Segment 01bcbda1-a731-41b4-afaf-4e4c7f4f4be0 resource provider aggregate not found
2026-07-25 22:22:19.733 8 INFO neutron.services.segments.plugin [-] Segment 01bcbda1-a731-41b4-afaf-4e4c7f4f4be0 resource provider not found; error: Placement Client Error (4xx): {"errors": [{"status": 404, "title": "Not Found", "detail": "The resource could not be found.\n\n No resource provider with uuid 01bcbda1-a731-41b4-afaf-4e4c7f4f4be0 found for delete ", "request_id": "req-b4a60ff0-ea6a-4af9-ae9e-10c7df5f9aea"}]}
2026-07-25 22:22:19.736 7 INFO neutron.plugins.ml2.plugin [None req-2d1bd1fc-8aaf-44ab-b5cd-0f96317f75d2 - - - - - -] Attempt 1 to provision port 9e2b4f6d-7874-4be0-bd56-4503b57927dd
2026-07-25 22:22:19.739 8 INFO neutron.services.segments.plugin [-] Segment 01bcbda1-a731-41b4-afaf-4e4c7f4f4be0 resource provider not found; error: Placement Client Error (4xx): {"errors": [{"status": 404, "title": "Not Found", "detail": "The resource could not be found.\n\n No resource provider with uuid 01bcbda1-a731-41b4-afaf-4e4c7f4f4be0 found for delete ", "request_id": "req-d3bb3abe-cbd1-4ba2-868b-e31a944674a6"}]} [pid: 8|app: 0|req: 1262/2636] 10.0.0.142 () {32 vars in 726 bytes} [Sat Jul 25 22:22:19 2026] DELETE /v2.0/networks/e4ab9010-8d82-473e-ac60-eba00b5f3a8f => generated 0 bytes in 385 msecs (HTTP/1.1 204) 3 headers in 131 bytes (1 switches on core 0)
2026-07-25 22:22:19.863 8 INFO neutron_taas.services.taas.taas_plugin [None req-85bcada3-878c-42eb-89ca-b8307c9aed05 df7ea50b7cf04efeacbc7727cc899a72 9fe6709f7ffc486ab07574c51795289d - - default default] TaaS: Handle Delete Port: 409c3bcc-1640-411c-b5cd-2c8ce338e319
2026-07-25 22:22:19.866 8 INFO neutron_taas.services.taas.tap_mirror_plugin [None req-85bcada3-878c-42eb-89ca-b8307c9aed05 df7ea50b7cf04efeacbc7727cc899a72 9fe6709f7ffc486ab07574c51795289d - - default default] Tap Mirror: Handle Delete Port: 409c3bcc-1640-411c-b5cd-2c8ce338e319 [pid: 8|app: 0|req: 1265/2639] 10.0.0.142 () {32 vars in 726 bytes} [Sat Jul 25 22:22:19 2026] DELETE /v2.0/networks/b010624e-26d8-421c-a99e-56d7a8326dfd => generated 0 bytes in 274 msecs (HTTP/1.1 204) 3 headers in 131 bytes (1 switches on core 0)
2026-07-25 22:22:20.167 8 INFO neutron_taas.services.taas.taas_plugin [None req-129960e1-afa5-48dc-b4c2-c8f32aea9744 df7ea50b7cf04efeacbc7727cc899a72 9fe6709f7ffc486ab07574c51795289d - - default default] TaaS: Handle Delete Port: 2a3b82fa-8f0c-492d-bd47-7bdbd7e01a7d
2026-07-25 22:22:20.171 8 INFO neutron_taas.services.taas.tap_mirror_plugin [None req-129960e1-afa5-48dc-b4c2-c8f32aea9744 df7ea50b7cf04efeacbc7727cc899a72 9fe6709f7ffc486ab07574c51795289d - - default default] Tap Mirror: Handle Delete Port: 2a3b82fa-8f0c-492d-bd47-7bdbd7e01a7d
2026-07-25 22:22:20.225 7 INFO neutron.db.ovn_revision_numbers_db [None req-2d1bd1fc-8aaf-44ab-b5cd-0f96317f75d2 - - - - - -] Successfully bumped revision number for resource 9e2b4f6d-7874-4be0-bd56-4503b57927dd (type: ports) to 4 [pid: 8|app: 0|req: 1266/2640] 10.0.0.142 () {32 vars in 726 bytes} [Sat Jul 25 22:22:20 2026] DELETE /v2.0/networks/93d2def6-0a58-4b07-a9c9-8b69f174d0aa => generated 0 bytes in 327 msecs (HTTP/1.1 204) 3 headers in 131 bytes (1 switches on core 0)
2026-07-25 22:22:20.513 8 INFO neutron_taas.services.taas.taas_plugin [None req-bda86331-a26b-4d79-a4b0-578cf0ded7b1 df7ea50b7cf04efeacbc7727cc899a72 9fe6709f7ffc486ab07574c51795289d - - default default] TaaS: Handle Delete Port: 3219be85-1793-4371-b25e-172f968fa5e3
2026-07-25 22:22:20.516 8 INFO neutron_taas.services.taas.tap_mirror_plugin [None req-bda86331-a26b-4d79-a4b0-578cf0ded7b1 df7ea50b7cf04efeacbc7727cc899a72 9fe6709f7ffc486ab07574c51795289d - - default default] Tap Mirror: Handle Delete Port: 3219be85-1793-4371-b25e-172f968fa5e3
2026-07-25 22:22:20.709 7 WARNING neutron.scheduler.dhcp_agent_scheduler [None req-b162fac6-3eda-4cde-9357-5ffdf6cf8ea3 15a6868d79e44d77822877b2e085d49a 41823fc96c72402ba9d116b419233a66 - - default default] No more DHCP agents
2026-07-25 22:22:20.710 7 WARNING neutron.api.rpc.agentnotifiers.dhcp_rpc_agent_api [None req-b162fac6-3eda-4cde-9357-5ffdf6cf8ea3 15a6868d79e44d77822877b2e085d49a 41823fc96c72402ba9d116b419233a66 - - default default] Unable to schedule network 17b88ec0-b87f-451f-9025-f0eeb1013d59: no agents available; will retry on subsequent port and subnet creation events. [pid: 8|app: 0|req: 1267/2641] 10.0.0.142 () {32 vars in 726 bytes} [Sat Jul 25 22:22:20 2026] DELETE /v2.0/networks/78db24e6-a0dc-44df-8646-5487e6beca8c => generated 0 bytes in 331 msecs (HTTP/1.1 204) 3 headers in 131 bytes (1 switches on core 0)
2026-07-25 22:22:20.824 8 INFO neutron_taas.services.taas.taas_plugin [None req-7a6e936d-33ee-46e8-a8ca-1c22ff35c01d df7ea50b7cf04efeacbc7727cc899a72 9fe6709f7ffc486ab07574c51795289d - - default default] TaaS: Handle Delete Port: 3638403d-08d7-4e24-8529-9e2fd185eab8
2026-07-25 22:22:20.827 8 INFO neutron_taas.services.taas.tap_mirror_plugin [None req-7a6e936d-33ee-46e8-a8ca-1c22ff35c01d df7ea50b7cf04efeacbc7727cc899a72 9fe6709f7ffc486ab07574c51795289d - - default default] Tap Mirror: Handle Delete Port: 3638403d-08d7-4e24-8529-9e2fd185eab8
2026-07-25 22:22:21.104 7 INFO neutron.db.ovn_revision_numbers_db [None req-b162fac6-3eda-4cde-9357-5ffdf6cf8ea3 15a6868d79e44d77822877b2e085d49a 41823fc96c72402ba9d116b419233a66 - - default default] Successfully bumped revision number for resource 8dfa2b8f-72a0-4d45-9c1a-49c33cab1b81 (type: router_ports) to 1 [pid: 7|app: 0|req: 1375/2642] 10.0.0.142 () {34 vars in 783 bytes} [Sat Jul 25 22:22:18 2026] PUT /v2.0/routers/7a7af7bd-6059-46a4-a043-e9529a29eaa9/add_router_interface => generated 309 bytes in 2322 msecs (HTTP/1.1 200) 4 headers in 157 bytes (1 switches on core 0) [pid: 8|app: 0|req: 1268/2643] 10.0.0.142 () {32 vars in 726 bytes} [Sat Jul 25 22:22:20 2026] DELETE /v2.0/networks/b553b469-32ba-4306-891c-e5c2e7297ffe => generated 0 bytes in 394 msecs (HTTP/1.1 204) 3 headers in 131 bytes (1 switches on core 0)
2026-07-25 22:22:21.666 7 WARNING neutron.scheduler.dhcp_agent_scheduler [None req-4bf598db-f5a9-4d57-b43e-a2c859da2829 - - - - - -] No more DHCP agents
2026-07-25 22:22:21.667 7 WARNING neutron.api.rpc.agentnotifiers.dhcp_rpc_agent_api [None req-4bf598db-f5a9-4d57-b43e-a2c859da2829 - - - - - -] Unable to schedule network ceb2df02-4425-4d62-8b43-de4d6c3727ff: no agents available; will retry on subsequent port and subnet creation events.
2026-07-25 22:22:21.766 8 INFO neutron.services.segments.plugin [-] Segment 8063c12b-afd3-481c-9b30-6f40ef3e5d30 resource provider aggregate not found
2026-07-25 22:22:21.772 8 INFO neutron.services.segments.plugin [-] Segment 8063c12b-afd3-481c-9b30-6f40ef3e5d30 resource provider aggregate not found
2026-07-25 22:22:21.801 8 INFO neutron.services.segments.plugin [-] Segment 8063c12b-afd3-481c-9b30-6f40ef3e5d30 resource provider not found; error: Placement Client Error (4xx): {"errors": [{"status": 404, "title": "Not Found", "detail": "The resource could not be found.\n\n No resource provider with uuid 8063c12b-afd3-481c-9b30-6f40ef3e5d30 found for delete ", "request_id": "req-a2bcb011-9db4-4870-a194-2b531df6575d"}]}
2026-07-25 22:22:21.804 8 INFO neutron.services.segments.plugin [-] Segment 8063c12b-afd3-481c-9b30-6f40ef3e5d30 resource provider not found; error: Placement Client Error (4xx): {"errors": [{"status": 404, "title": "Not Found", "detail": "The resource could not be found.\n\n No resource provider with uuid 8063c12b-afd3-481c-9b30-6f40ef3e5d30 found for delete ", "request_id": "req-816bf3b1-3bef-43f2-b298-79ec756bc7aa"}]}
2026-07-25 22:22:21.805 7 INFO neutron.db.ovn_revision_numbers_db [None req-4bf598db-f5a9-4d57-b43e-a2c859da2829 - - - - - -] Successfully bumped revision number for resource 542bf858-106e-4ae4-82df-929bcfddf262 (type: ports) to 1
2026-07-25 22:22:21.816 8 INFO neutron.services.segments.plugin [-] Segment 5abddee6-4f8b-4c14-bed4-4295128fece0 resource provider aggregate not found
2026-07-25 22:22:21.823 8 INFO neutron.services.segments.plugin [-] Segment 5abddee6-4f8b-4c14-bed4-4295128fece0 resource provider aggregate not found
2026-07-25 22:22:21.831 8 INFO neutron.services.segments.plugin [-] Segment 5abddee6-4f8b-4c14-bed4-4295128fece0 resource provider not found; error: Placement Client Error (4xx): {"errors": [{"status": 404, "title": "Not Found", "detail": "The resource could not be found.\n\n No resource provider with uuid 5abddee6-4f8b-4c14-bed4-4295128fece0 found for delete ", "request_id": "req-ca8e7676-527d-470b-9a1d-0efa59e390b2"}]}
2026-07-25 22:22:21.848 8 INFO neutron.services.segments.plugin [-] Segment 5abddee6-4f8b-4c14-bed4-4295128fece0 resource provider not found; error: Placement Client Error (4xx): {"errors": [{"status": 404, "title": "Not Found", "detail": "The resource could not be found.\n\n No resource provider with uuid 5abddee6-4f8b-4c14-bed4-4295128fece0 found for delete ", "request_id": "req-433417e5-f22b-43d8-9ea9-93c194a98510"}]}
2026-07-25 22:22:21.854 8 INFO neutron.services.segments.plugin [-] Segment 9d063b95-aee2-4076-9d78-612713d167f0 resource provider aggregate not found
2026-07-25 22:22:21.875 8 INFO neutron.services.segments.plugin [-] Segment 9d063b95-aee2-4076-9d78-612713d167f0 resource provider not found; error: Placement Client Error (4xx): {"errors": [{"status": 404, "title": "Not Found", "detail": "The resource could not be found.\n\n No resource provider with uuid 9d063b95-aee2-4076-9d78-612713d167f0 found for delete ", "request_id": "req-ceadeeae-be73-418a-9a3e-c852c564f7cd"}]}
2026-07-25 22:22:21.880 8 INFO neutron.services.segments.plugin [-] Segment 9d063b95-aee2-4076-9d78-612713d167f0 resource provider aggregate not found
2026-07-25 22:22:21.897 8 INFO neutron.services.segments.plugin [-] Segment 57ef483b-9520-4a61-9bc5-22eb04da19ea resource provider aggregate not found
2026-07-25 22:22:21.901 8 INFO neutron.services.segments.plugin [-] Segment 9d063b95-aee2-4076-9d78-612713d167f0 resource provider not found; error: Placement Client Error (4xx): {"errors": [{"status": 404, "title": "Not Found", "detail": "The resource could not be found.\n\n No resource provider with uuid 9d063b95-aee2-4076-9d78-612713d167f0 found for delete ", "request_id": "req-f1e5c438-bd74-4a54-b220-6d90088cc70f"}]}
2026-07-25 22:22:21.914 8 INFO neutron.services.segments.plugin [-] Segment 57ef483b-9520-4a61-9bc5-22eb04da19ea resource provider not found; error: Placement Client Error (4xx): {"errors": [{"status": 404, "title": "Not Found", "detail": "The resource could not be found.\n\n No resource provider with uuid 57ef483b-9520-4a61-9bc5-22eb04da19ea found for delete ", "request_id": "req-fb4a5a82-02cf-4589-b9f6-75bb5cbc06a8"}]}
2026-07-25 22:22:21.918 8 INFO neutron.services.segments.plugin [-] Segment 57ef483b-9520-4a61-9bc5-22eb04da19ea resource provider aggregate not found
2026-07-25 22:22:21.930 8 INFO neutron.services.segments.plugin [-] Segment 57ef483b-9520-4a61-9bc5-22eb04da19ea resource provider not found; error: Placement Client Error (4xx): {"errors": [{"status": 404, "title": "Not Found", "detail": "The resource could not be found.\n\n No resource provider with uuid 57ef483b-9520-4a61-9bc5-22eb04da19ea found for delete ", "request_id": "req-acfc4589-c2f5-493a-90e7-aa2fb8d4c44b"}]}
2026-07-25 22:22:22.069 7 INFO neutron.db.ovn_revision_numbers_db [None req-4bf598db-f5a9-4d57-b43e-a2c859da2829 - - - - - -] Successfully bumped revision number for resource 542bf858-106e-4ae4-82df-929bcfddf262 (type: ports) to 3
2026-07-25 22:22:22.129 7 INFO neutron.db.segments_db [None req-4bf598db-f5a9-4d57-b43e-a2c859da2829 - - - - - -] Added segment 83bd31c9-5d66-46a0-8b01-88c284d0a199 of type geneve for network 32023e9e-5df0-486c-a6ab-37d50ea71eb6
2026-07-25 22:22:22.269 7 INFO neutron.db.ovn_revision_numbers_db [None req-60f5fcd3-3ede-41e5-8b55-73f9ef5e88eb - - - - - -] Successfully bumped revision number for resource 32023e9e-5df0-486c-a6ab-37d50ea71eb6 (type: networks) to 1
2026-07-25 22:22:22.360 8 INFO neutron.db.ovn_revision_numbers_db [None req-9151c6d7-e7f2-4f89-adbd-837b5c37380b 5678bb65cbee46e1b285b18aa11cb206 e522aa9bcf8a4918963b9237d424f2ff - - default default] Successfully bumped revision number for resource 014f5e92-d125-43a9-87db-4eee69d6affc (type: security_groups) to 1
2026-07-25 22:22:22.373 8 INFO neutron.db.ovn_revision_numbers_db [None req-9151c6d7-e7f2-4f89-adbd-837b5c37380b 5678bb65cbee46e1b285b18aa11cb206 e522aa9bcf8a4918963b9237d424f2ff - - default default] Successfully bumped revision number for resource 67087da8-a713-4c28-860d-5191341e5a8c (type: security_group_rules) to 0
2026-07-25 22:22:22.388 8 INFO neutron.db.ovn_revision_numbers_db [None req-9151c6d7-e7f2-4f89-adbd-837b5c37380b 5678bb65cbee46e1b285b18aa11cb206 e522aa9bcf8a4918963b9237d424f2ff - - default default] Successfully bumped revision number for resource b2a72185-740e-42a0-ae96-f3224eeb2b8f (type: security_group_rules) to 0
2026-07-25 22:22:22.401 8 INFO neutron.db.ovn_revision_numbers_db [None req-9151c6d7-e7f2-4f89-adbd-837b5c37380b 5678bb65cbee46e1b285b18aa11cb206 e522aa9bcf8a4918963b9237d424f2ff - - default default] Successfully bumped revision number for resource b69514bf-7e56-40b1-9892-89a69ea1646d (type: security_group_rules) to 0
2026-07-25 22:22:22.417 8 INFO neutron.db.ovn_revision_numbers_db [None req-9151c6d7-e7f2-4f89-adbd-837b5c37380b 5678bb65cbee46e1b285b18aa11cb206 e522aa9bcf8a4918963b9237d424f2ff - - default default] Successfully bumped revision number for resource c5f2664a-70d5-4ae0-a2d8-03465d7559aa (type: security_group_rules) to 0
2026-07-25 22:22:22.449 7 WARNING neutron.scheduler.dhcp_agent_scheduler [None req-60f5fcd3-3ede-41e5-8b55-73f9ef5e88eb - - - - - -] No more DHCP agents
2026-07-25 22:22:22.450 7 WARNING neutron.api.rpc.agentnotifiers.dhcp_rpc_agent_api [None req-60f5fcd3-3ede-41e5-8b55-73f9ef5e88eb - - - - - -] Unable to schedule network 32023e9e-5df0-486c-a6ab-37d50ea71eb6: no agents available; will retry on subsequent port and subnet creation events. [pid: 8|app: 0|req: 1269/2644] 10.0.0.142 () {32 vars in 774 bytes} [Sat Jul 25 22:22:22 2026] GET /v2.0/security-groups?tenant_id=95ca3598cf88416788494680fa40b8e5&name=default => generated 2929 bytes in 461 msecs (HTTP/1.1 200) 4 headers in 158 bytes (1 switches on core 0)
2026-07-25 22:22:22.496 7 INFO neutron.plugins.ml2.drivers.ovn.mech_driver.mech_driver [None req-0c137847-6068-4737-ad41-4e8d61817e04 - - - - - -] OVN reports status down for port: 5390e004-e148-4e37-8bd7-cb6b0e22e1ab
2026-07-25 22:22:22.559 7 INFO neutron.db.ovn_revision_numbers_db [None req-60f5fcd3-3ede-41e5-8b55-73f9ef5e88eb - - - - - -] Successfully bumped revision number for resource 5390e004-e148-4e37-8bd7-cb6b0e22e1ab (type: ports) to 1 [pid: 8|app: 0|req: 1270/2645] 10.0.0.142 () {32 vars in 740 bytes} [Sat Jul 25 22:22:22 2026] DELETE /v2.0/security-groups/014f5e92-d125-43a9-87db-4eee69d6affc => generated 0 bytes in 256 msecs (HTTP/1.1 204) 2 headers in 112 bytes (1 switches on core 0)
2026-07-25 22:22:22.724 7 WARNING neutron.scheduler.dhcp_agent_scheduler [None req-60f5fcd3-3ede-41e5-8b55-73f9ef5e88eb - - - - - -] No more DHCP agents
2026-07-25 22:22:22.725 7 WARNING neutron.api.rpc.agentnotifiers.dhcp_rpc_agent_api [None req-60f5fcd3-3ede-41e5-8b55-73f9ef5e88eb - - - - - -] Unable to schedule network 32023e9e-5df0-486c-a6ab-37d50ea71eb6: no agents available; will retry on subsequent port and subnet creation events.
2026-07-25 22:22:22.745 7 INFO neutron.db.ovn_revision_numbers_db [None req-60f5fcd3-3ede-41e5-8b55-73f9ef5e88eb - - - - - -] Successfully bumped revision number for resource 89ccd416-1105-45a2-8265-c20280f6ab64 (type: subnets) to 0
2026-07-25 22:22:22.928 8 INFO neutron.db.ovn_revision_numbers_db [None req-01338202-ec23-431b-b9b4-d59b57d53fda 5678bb65cbee46e1b285b18aa11cb206 e522aa9bcf8a4918963b9237d424f2ff - - default default] Successfully bumped revision number for resource e485687e-ec1a-4a2d-b452-2ea7aacfa125 (type: security_groups) to 1
2026-07-25 22:22:22.942 8 INFO neutron.db.ovn_revision_numbers_db [None req-01338202-ec23-431b-b9b4-d59b57d53fda 5678bb65cbee46e1b285b18aa11cb206 e522aa9bcf8a4918963b9237d424f2ff - - default default] Successfully bumped revision number for resource 63db106a-72e4-4717-b42d-452690dc22ec (type: security_group_rules) to 0
2026-07-25 22:22:22.953 8 INFO neutron.db.ovn_revision_numbers_db [None req-01338202-ec23-431b-b9b4-d59b57d53fda 5678bb65cbee46e1b285b18aa11cb206 e522aa9bcf8a4918963b9237d424f2ff - - default default] Successfully bumped revision number for resource 7c490416-6c17-4e52-a834-edb5775a9af3 (type: security_group_rules) to 0
2026-07-25 22:22:22.965 8 INFO neutron.db.ovn_revision_numbers_db [None req-01338202-ec23-431b-b9b4-d59b57d53fda 5678bb65cbee46e1b285b18aa11cb206 e522aa9bcf8a4918963b9237d424f2ff - - default default] Successfully bumped revision number for resource a2575d35-bf55-46da-85b6-ff61f36f1bd7 (type: security_group_rules) to 0
2026-07-25 22:22:22.977 8 INFO neutron.db.ovn_revision_numbers_db [None req-01338202-ec23-431b-b9b4-d59b57d53fda 5678bb65cbee46e1b285b18aa11cb206 e522aa9bcf8a4918963b9237d424f2ff - - default default] Successfully bumped revision number for resource fbe551ba-80ef-489f-aa49-9c85174efc69 (type: security_group_rules) to 0 [pid: 8|app: 0|req: 1271/2646] 10.0.0.142 () {32 vars in 774 bytes} [Sat Jul 25 22:22:22 2026] GET /v2.0/security-groups?tenant_id=fb711081e4184f43a2f0924f9b86cb28&name=default => generated 2929 bytes in 210 msecs (HTTP/1.1 200) 4 headers in 158 bytes (1 switches on core 0)
2026-07-25 22:22:23.162 7 WARNING neutron.scheduler.dhcp_agent_scheduler [None req-60f5fcd3-3ede-41e5-8b55-73f9ef5e88eb - - - - - -] No more DHCP agents
2026-07-25 22:22:23.165 7 WARNING neutron.api.rpc.agentnotifiers.dhcp_rpc_agent_api [None req-60f5fcd3-3ede-41e5-8b55-73f9ef5e88eb - - - - - -] Unable to schedule network 32023e9e-5df0-486c-a6ab-37d50ea71eb6: no agents available; will retry on subsequent port and subnet creation events. [pid: 8|app: 0|req: 1272/2647] 10.0.0.142 () {32 vars in 740 bytes} [Sat Jul 25 22:22:23 2026] DELETE /v2.0/security-groups/e485687e-ec1a-4a2d-b452-2ea7aacfa125 => generated 0 bytes in 229 msecs (HTTP/1.1 204) 2 headers in 112 bytes (1 switches on core 0)
2026-07-25 22:22:23.317 7 INFO neutron.db.ovn_revision_numbers_db [None req-60f5fcd3-3ede-41e5-8b55-73f9ef5e88eb - - - - - -] Successfully bumped revision number for resource f4f2bc19-f813-4043-9d17-8392a408eff4 (type: ports) to 1 [pid: 8|app: 0|req: 1273/2648] 10.0.0.142 () {32 vars in 774 bytes} [Sat Jul 25 22:22:23 2026] GET /v2.0/security-groups?tenant_id=9fe6709f7ffc486ab07574c51795289d&name=default => generated 2929 bytes in 26 msecs (HTTP/1.1 200) 4 headers in 158 bytes (1 switches on core 0) [pid: 8|app: 0|req: 1274/2649] 10.0.0.142 () {32 vars in 740 bytes} [Sat Jul 25 22:22:23 2026] DELETE /v2.0/security-groups/8ed46f1a-e775-4875-8b94-dc4a317f787b => generated 0 bytes in 207 msecs (HTTP/1.1 204) 2 headers in 112 bytes (1 switches on core 0)
2026-07-25 22:22:23.946 8 WARNING neutron.plugins.ml2.drivers.ovn.mech_driver.ovsdb.ovn_client [None req-aef5153a-1a10-4f2a-831a-971cfc4e4990 - - - - - -] No hosting information found for port 8ba77d63-42eb-419a-8741-e58a8d870c64: RuntimeError: No hosting information found for port 8ba77d63-42eb-419a-8741-e58a8d870c64
2026-07-25 22:22:23.946 8 INFO neutron.plugins.ml2.drivers.ovn.mech_driver.mech_driver [None req-aef5153a-1a10-4f2a-831a-971cfc4e4990 - - - - - -] OVN reports status up for port: b35fbdb1-4940-4997-87be-69a42fe894c6
2026-07-25 22:22:23.955 7 WARNING neutron.scheduler.dhcp_agent_scheduler [None req-60f5fcd3-3ede-41e5-8b55-73f9ef5e88eb - - - - - -] No more DHCP agents
2026-07-25 22:22:23.957 7 WARNING neutron.api.rpc.agentnotifiers.dhcp_rpc_agent_api [None req-60f5fcd3-3ede-41e5-8b55-73f9ef5e88eb - - - - - -] Unable to schedule network 32023e9e-5df0-486c-a6ab-37d50ea71eb6: no agents available; will retry on subsequent port and subnet creation events.
2026-07-25 22:22:23.959 8 INFO neutron.plugins.ml2.plugin [None req-aef5153a-1a10-4f2a-831a-971cfc4e4990 - - - - - -] Attempt 1 to provision port b35fbdb1-4940-4997-87be-69a42fe894c6
2026-07-25 22:22:24.129 8 INFO neutron.db.ovn_revision_numbers_db [None req-aef5153a-1a10-4f2a-831a-971cfc4e4990 - - - - - -] Successfully bumped revision number for resource b35fbdb1-4940-4997-87be-69a42fe894c6 (type: ports) to 4
2026-07-25 22:22:24.223 8 INFO neutron.plugins.ml2.drivers.ovn.mech_driver.mech_driver [None req-10dfe62e-18fb-402a-8680-f8b92b0b0f97 - - - - - -] OVN reports status down for port: 8dfa2b8f-72a0-4d45-9c1a-49c33cab1b81
2026-07-25 22:22:24.272 8 WARNING neutron.plugins.ml2.drivers.ovn.mech_driver.ovsdb.ovn_client [None req-10dfe62e-18fb-402a-8680-f8b92b0b0f97 - - - - - -] Logical_Switch_Port %s host information not removed, the port state is up
2026-07-25 22:22:24.273 8 INFO neutron.plugins.ml2.drivers.ovn.mech_driver.mech_driver [None req-10dfe62e-18fb-402a-8680-f8b92b0b0f97 - - - - - -] OVN reports status up for port: 8dfa2b8f-72a0-4d45-9c1a-49c33cab1b81
2026-07-25 22:22:24.282 8 INFO neutron.plugins.ml2.plugin [None req-10dfe62e-18fb-402a-8680-f8b92b0b0f97 - - - - - -] Attempt 1 to provision port 8dfa2b8f-72a0-4d45-9c1a-49c33cab1b81
2026-07-25 22:22:24.437 7 INFO neutron.db.ovn_revision_numbers_db [None req-60f5fcd3-3ede-41e5-8b55-73f9ef5e88eb - - - - - -] Successfully bumped revision number for resource f4f2bc19-f813-4043-9d17-8392a408eff4 (type: router_ports) to 1
2026-07-25 22:22:24.703 7 WARNING neutron.scheduler.dhcp_agent_scheduler [None req-60f5fcd3-3ede-41e5-8b55-73f9ef5e88eb - - - - - -] No more DHCP agents
2026-07-25 22:22:24.704 7 WARNING neutron.api.rpc.agentnotifiers.dhcp_rpc_agent_api [None req-60f5fcd3-3ede-41e5-8b55-73f9ef5e88eb - - - - - -] Unable to schedule network 32023e9e-5df0-486c-a6ab-37d50ea71eb6: no agents available; will retry on subsequent port and subnet creation events.
2026-07-25 22:22:24.769 8 INFO neutron.db.ovn_revision_numbers_db [None req-10dfe62e-18fb-402a-8680-f8b92b0b0f97 - - - - - -] Successfully bumped revision number for resource 8dfa2b8f-72a0-4d45-9c1a-49c33cab1b81 (type: ports) to 2
2026-07-25 22:22:24.838 7 INFO neutron.db.ovn_revision_numbers_db [None req-60f5fcd3-3ede-41e5-8b55-73f9ef5e88eb - - - - - -] Successfully bumped revision number for resource 828ceee1-b631-4173-ae41-613dae8afa5a (type: ports) to 1
2026-07-25 22:22:25.069 7 INFO neutron.db.ovn_revision_numbers_db [None req-60f5fcd3-3ede-41e5-8b55-73f9ef5e88eb - - - - - -] Successfully bumped revision number for resource 828ceee1-b631-4173-ae41-613dae8afa5a (type: ports) to 3 [pid: 7|app: 0|req: 1376/2650] 10.0.0.142 () {34 vars in 685 bytes} [Sat Jul 25 22:22:21 2026] POST /v2.0/vpn/vpnservices => generated 457 bytes in 4187 msecs (HTTP/1.1 201) 4 headers in 162 bytes (1 switches on core 0) [pid: 8|app: 0|req: 1275/2651] 10.0.0.142 () {32 vars in 663 bytes} [Sat Jul 25 22:22:25 2026] GET /v2.0/vpn/vpnservices => generated 1314 bytes in 18 msecs (HTTP/1.1 200) 4 headers in 158 bytes (1 switches on core 0)
2026-07-25 22:22:25.585 7 INFO neutron_taas.services.taas.taas_plugin [None req-b2ec371b-b1e8-4880-967f-36a56321ab6c 7a7dfd321fa241169ec9e0f585adccc2 3bcef9e0d3d545898b83862d70fc0885 - - default default] TaaS: Handle Delete Port: 542bf858-106e-4ae4-82df-929bcfddf262
2026-07-25 22:22:25.588 7 INFO neutron_taas.services.taas.tap_mirror_plugin [None req-b2ec371b-b1e8-4880-967f-36a56321ab6c 7a7dfd321fa241169ec9e0f585adccc2 3bcef9e0d3d545898b83862d70fc0885 - - default default] Tap Mirror: Handle Delete Port: 542bf858-106e-4ae4-82df-929bcfddf262
2026-07-25 22:22:25.847 7 INFO neutron_taas.services.taas.taas_plugin [None req-cb915793-273d-4a0f-8e70-feca3896d338 - - - - - -] TaaS: Handle Delete Port: 828ceee1-b631-4173-ae41-613dae8afa5a
2026-07-25 22:22:25.851 7 INFO neutron_taas.services.taas.tap_mirror_plugin [None req-cb915793-273d-4a0f-8e70-feca3896d338 - - - - - -] Tap Mirror: Handle Delete Port: 828ceee1-b631-4173-ae41-613dae8afa5a
2026-07-25 22:22:26.370 7 INFO neutron_taas.services.taas.taas_plugin [None req-ca6217bb-42a0-490a-bebf-79f97e38354c - - - - - -] TaaS: Handle Delete Port: f4f2bc19-f813-4043-9d17-8392a408eff4
2026-07-25 22:22:26.376 7 INFO neutron_taas.services.taas.tap_mirror_plugin [None req-ca6217bb-42a0-490a-bebf-79f97e38354c - - - - - -] Tap Mirror: Handle Delete Port: f4f2bc19-f813-4043-9d17-8392a408eff4
2026-07-25 22:22:27.133 7 INFO neutron_taas.services.taas.taas_plugin [None req-ca6217bb-42a0-490a-bebf-79f97e38354c - - - - - -] TaaS: Handle Delete Port: 5390e004-e148-4e37-8bd7-cb6b0e22e1ab
2026-07-25 22:22:27.136 7 INFO neutron_taas.services.taas.tap_mirror_plugin [None req-ca6217bb-42a0-490a-bebf-79f97e38354c - - - - - -] Tap Mirror: Handle Delete Port: 5390e004-e148-4e37-8bd7-cb6b0e22e1ab
2026-07-25 22:22:27.216 8 WARNING neutron.scheduler.dhcp_agent_scheduler [None req-7534c4e5-60f8-4729-9309-b221fee63363 e0b6457156b34baf8bb8d646cfcd1611 6851d8de4c4a47439688fb681d62faca - - default default] No more DHCP agents
2026-07-25 22:22:27.218 8 WARNING neutron.api.rpc.agentnotifiers.dhcp_rpc_agent_api [None req-7534c4e5-60f8-4729-9309-b221fee63363 e0b6457156b34baf8bb8d646cfcd1611 6851d8de4c4a47439688fb681d62faca - - default default] Unable to schedule network ceb2df02-4425-4d62-8b43-de4d6c3727ff: no agents available; will retry on subsequent port and subnet creation events.
2026-07-25 22:22:27.368 7 INFO neutron.services.segments.plugin [-] Segment 83bd31c9-5d66-46a0-8b01-88c284d0a199 resource provider aggregate not found
2026-07-25 22:22:27.374 7 INFO neutron.services.segments.plugin [-] Segment 83bd31c9-5d66-46a0-8b01-88c284d0a199 resource provider aggregate not found
2026-07-25 22:22:27.386 7 INFO neutron.services.segments.plugin [-] Segment 83bd31c9-5d66-46a0-8b01-88c284d0a199 resource provider not found; error: Placement Client Error (4xx): {"errors": [{"status": 404, "title": "Not Found", "detail": "The resource could not be found.\n\n No resource provider with uuid 83bd31c9-5d66-46a0-8b01-88c284d0a199 found for delete ", "request_id": "req-628a8293-4406-4c5d-a497-334e3aef1232"}]}
2026-07-25 22:22:27.390 7 INFO neutron.services.segments.plugin [-] Segment 83bd31c9-5d66-46a0-8b01-88c284d0a199 resource provider not found; error: Placement Client Error (4xx): {"errors": [{"status": 404, "title": "Not Found", "detail": "The resource could not be found.\n\n No resource provider with uuid 83bd31c9-5d66-46a0-8b01-88c284d0a199 found for delete ", "request_id": "req-308831a6-7440-4fde-a8ab-6b1da65b5565"}]} [pid: 7|app: 0|req: 1377/2652] 10.0.0.142 () {32 vars in 740 bytes} [Sat Jul 25 22:22:25 2026] DELETE /v2.0/vpn/vpnservices/0d738909-a9f1-459e-9c13-8fdd17eecc82 => generated 0 bytes in 2092 msecs (HTTP/1.1 204) 2 headers in 112 bytes (1 switches on core 0) /var/lib/openstack/lib/python3.12/site-packages/pycadf/identifier.py:70: UserWarning: Invalid uuid: neutron. To ensure interoperability, identifiers should be a valid uuid. warnings.warn(('Invalid uuid: %s. To ensure interoperability, ' [pid: 7|app: 0|req: 1378/2653] 10.0.0.142 () {34 vars in 693 bytes} [Sat Jul 25 22:22:27 2026] POST /v2.0/vpn/endpoint-groups => generated 302 bytes in 55 msecs (HTTP/1.1 201) 4 headers in 162 bytes (1 switches on core 0) [pid: 7|app: 0|req: 1379/2654] 10.0.0.142 () {34 vars in 693 bytes} [Sat Jul 25 22:22:27 2026] POST /v2.0/vpn/endpoint-groups => generated 293 bytes in 33 msecs (HTTP/1.1 201) 4 headers in 162 bytes (1 switches on core 0)
2026-07-25 22:22:27.531 7 WARNING neutron.api.v2.base [None req-72b78a55-3f83-478a-9bf7-eafb3df7e565 15a6868d79e44d77822877b2e085d49a 41823fc96c72402ba9d116b419233a66 - - default default] An exception happened while processing the request body. The exception message is [Unrecognized attribute(s) 'peer_cidr'].: webob.exc.HTTPBadRequest: Unrecognized attribute(s) 'peer_cidr'
