2026-07-25 22:19:22.789 7 INFO neutron_taas.services.taas.tap_mirror_plugin [None req-eee838d2-4719-4f43-8660-7beb50080f84 c71b80b97d2d4eb2bf792c5d347d0791 5edcf32af5894da49defec27e87a2259 - - default default] Tap Mirror: Handle Delete Port: b489fff7-079b-4d03-9248-03a3af498824 [pid: 7|app: 0|req: 685/1330] 10.0.0.142 () {32 vars in 720 bytes} [Sat Jul 25 22:19:22 2026] DELETE /v2.0/ports/b489fff7-079b-4d03-9248-03a3af498824 => generated 0 bytes in 226 msecs (HTTP/1.1 204) 3 headers in 131 bytes (1 switches on core 0)
2026-07-25 22:19:23.011 7 INFO neutron_taas.services.taas.taas_plugin [None req-7e82cd8f-777d-4bea-bde3-b4abde2e9376 c71b80b97d2d4eb2bf792c5d347d0791 5edcf32af5894da49defec27e87a2259 - - default default] TaaS: Handle Delete Port: cb98b0fc-163f-4350-879d-bf238c558c50
2026-07-25 22:19:23.020 7 INFO neutron_taas.services.taas.tap_mirror_plugin [None req-7e82cd8f-777d-4bea-bde3-b4abde2e9376 c71b80b97d2d4eb2bf792c5d347d0791 5edcf32af5894da49defec27e87a2259 - - default default] Tap Mirror: Handle Delete Port: cb98b0fc-163f-4350-879d-bf238c558c50 [pid: 7|app: 0|req: 686/1331] 10.0.0.142 () {32 vars in 720 bytes} [Sat Jul 25 22:19:22 2026] DELETE /v2.0/ports/cb98b0fc-163f-4350-879d-bf238c558c50 => generated 0 bytes in 234 msecs (HTTP/1.1 204) 3 headers in 131 bytes (1 switches on core 0) [pid: 7|app: 0|req: 687/1332] 10.0.0.142 () {32 vars in 643 bytes} [Sat Jul 25 22:19:23 2026] GET /v2.0/ports => generated 1523 bytes in 39 msecs (HTTP/1.1 200) 4 headers in 158 bytes (1 switches on core 0)
2026-07-25 22:19:23.216 8 WARNING neutron.scheduler.dhcp_agent_scheduler [None req-a720fa7d-8b26-4afd-9c72-3db019a50f4b 5fe4b750e3184e15b6433eb7bea8ad58 61978cbd288d4875acfa4081629d186b - - default default] No more DHCP agents
2026-07-25 22:19:23.218 8 WARNING neutron.api.rpc.agentnotifiers.dhcp_rpc_agent_api [None req-a720fa7d-8b26-4afd-9c72-3db019a50f4b 5fe4b750e3184e15b6433eb7bea8ad58 61978cbd288d4875acfa4081629d186b - - default default] Unable to schedule network 8890112c-5b59-4ce2-b999-c3139358f82d: no agents available; will retry on subsequent port and subnet creation events. [pid: 7|app: 0|req: 688/1333] 10.0.0.142 () {32 vars in 774 bytes} [Sat Jul 25 22:19:23 2026] GET /v2.0/security-groups?tenant_id=865466298b774649822dbb62ba6b0c40&name=default => generated 2925 bytes in 137 msecs (HTTP/1.1 200) 4 headers in 158 bytes (1 switches on core 0)
2026-07-25 22:19:23.339 7 INFO neutron.plugins.ml2.drivers.ovn.mech_driver.mech_driver [None req-e390c5e7-baf7-4118-b1b3-1fb35006bf12 - - - - - -] OVN reports status down for port: 09a01590-1be2-47c8-b232-425e9112b0ce
2026-07-25 22:19:23.390 8 INFO neutron.db.ovn_revision_numbers_db [None req-a720fa7d-8b26-4afd-9c72-3db019a50f4b 5fe4b750e3184e15b6433eb7bea8ad58 61978cbd288d4875acfa4081629d186b - - default default] Successfully bumped revision number for resource 09a01590-1be2-47c8-b232-425e9112b0ce (type: ports) to 1
2026-07-25 22:19:23.475 7 INFO neutron.db.segments_db [None req-533c6817-0f31-4e1e-aacf-f8d9379ec193 c71b80b97d2d4eb2bf792c5d347d0791 5edcf32af5894da49defec27e87a2259 - - default default] Added segment 0b173bc7-e6ce-4e8c-b9ab-4948e8254c72 of type geneve for network 9e0bce1f-16bd-489c-a8fe-1f7dd65891df
2026-07-25 22:19:23.593 7 INFO neutron.db.ovn_revision_numbers_db [None req-533c6817-0f31-4e1e-aacf-f8d9379ec193 c71b80b97d2d4eb2bf792c5d347d0791 5edcf32af5894da49defec27e87a2259 - - default default] Successfully bumped revision number for resource 9e0bce1f-16bd-489c-a8fe-1f7dd65891df (type: networks) to 1
2026-07-25 22:19:23.763 7 WARNING neutron.scheduler.dhcp_agent_scheduler [None req-533c6817-0f31-4e1e-aacf-f8d9379ec193 c71b80b97d2d4eb2bf792c5d347d0791 5edcf32af5894da49defec27e87a2259 - - default default] No more DHCP agents
2026-07-25 22:19:23.764 7 WARNING neutron.api.rpc.agentnotifiers.dhcp_rpc_agent_api [None req-533c6817-0f31-4e1e-aacf-f8d9379ec193 c71b80b97d2d4eb2bf792c5d347d0791 5edcf32af5894da49defec27e87a2259 - - default default] Unable to schedule network 9e0bce1f-16bd-489c-a8fe-1f7dd65891df: no agents available; will retry on subsequent port and subnet creation events.
2026-07-25 22:19:23.800 7 INFO neutron.plugins.ml2.drivers.ovn.mech_driver.mech_driver [None req-e390c5e7-baf7-4118-b1b3-1fb35006bf12 - - - - - -] OVN reports status down for port: 74c69890-f021-4e5d-862f-f1065532151e
2026-07-25 22:19:23.856 7 INFO neutron.db.ovn_revision_numbers_db [None req-533c6817-0f31-4e1e-aacf-f8d9379ec193 c71b80b97d2d4eb2bf792c5d347d0791 5edcf32af5894da49defec27e87a2259 - - default default] Successfully bumped revision number for resource 74c69890-f021-4e5d-862f-f1065532151e (type: ports) to 1 [pid: 7|app: 0|req: 689/1334] 10.0.0.142 () {34 vars in 670 bytes} [Sat Jul 25 22:19:23 2026] POST /v2.0/networks => generated 669 bytes in 602 msecs (HTTP/1.1 201) 4 headers in 162 bytes (1 switches on core 0) [pid: 7|app: 0|req: 690/1335] 10.0.0.193 () {34 vars in 990 bytes} [Sat Jul 25 22:19:23 2026] GET /v2.0/ports?device_id=71cd6a13-3812-40a7-ba9d-d65045088273 => generated 12 bytes in 20 msecs (HTTP/1.1 200) 4 headers in 156 bytes (1 switches on core 0)
2026-07-25 22:19:24.020 7 INFO neutron.plugins.ml2.drivers.ovn.mech_driver.mech_driver [None req-e390c5e7-baf7-4118-b1b3-1fb35006bf12 - - - - - -] OVN reports status up for port: 09a01590-1be2-47c8-b232-425e9112b0ce
2026-07-25 22:19:24.050 7 INFO neutron.plugins.ml2.plugin [None req-e390c5e7-baf7-4118-b1b3-1fb35006bf12 - - - - - -] Attempt 1 to provision port 09a01590-1be2-47c8-b232-425e9112b0ce
2026-07-25 22:19:24.091 8 WARNING neutron.scheduler.dhcp_agent_scheduler [None req-a720fa7d-8b26-4afd-9c72-3db019a50f4b 5fe4b750e3184e15b6433eb7bea8ad58 61978cbd288d4875acfa4081629d186b - - default default] No more DHCP agents
2026-07-25 22:19:24.092 8 WARNING neutron.api.rpc.agentnotifiers.dhcp_rpc_agent_api [None req-a720fa7d-8b26-4afd-9c72-3db019a50f4b 5fe4b750e3184e15b6433eb7bea8ad58 61978cbd288d4875acfa4081629d186b - - default default] Unable to schedule network 8890112c-5b59-4ce2-b999-c3139358f82d: no agents available; will retry on subsequent port and subnet creation events. [pid: 7|app: 0|req: 691/1336] 10.0.0.142 () {32 vars in 740 bytes} [Sat Jul 25 22:19:23 2026] DELETE /v2.0/security-groups/759dc125-3b55-4483-b9b4-f0b3d256bda9 => generated 0 bytes in 337 msecs (HTTP/1.1 204) 2 headers in 112 bytes (1 switches on core 0)
2026-07-25 22:19:24.435 7 INFO neutron.db.segments_db [None req-92506ddc-21a9-4617-94bd-2c47b5d48298 c71b80b97d2d4eb2bf792c5d347d0791 5edcf32af5894da49defec27e87a2259 - - default default] Added segment d3a529c0-dc16-4f50-9cd1-6df8f76bbbe2 of type geneve for network 8b3ff89a-690c-46ac-b596-9b77333d0d5d
2026-07-25 22:19:24.517 8 INFO neutron.db.ovn_revision_numbers_db [None req-a720fa7d-8b26-4afd-9c72-3db019a50f4b 5fe4b750e3184e15b6433eb7bea8ad58 61978cbd288d4875acfa4081629d186b - - default default] Successfully bumped revision number for resource 09a01590-1be2-47c8-b232-425e9112b0ce (type: router_ports) to 1 [pid: 8|app: 0|req: 646/1337] 10.0.0.142 () {34 vars in 783 bytes} [Sat Jul 25 22:19:22 2026] PUT /v2.0/routers/b363f903-a1c0-493e-a62f-3b56844443fc/add_router_interface => generated 309 bytes in 1807 msecs (HTTP/1.1 200) 4 headers in 157 bytes (1 switches on core 0) [pid: 8|app: 0|req: 647/1338] 10.0.0.142 () {32 vars in 649 bytes} [Sat Jul 25 22:19:24 2026] GET /v2.0/networks => generated 6157 bytes in 69 msecs (HTTP/1.1 200) 4 headers in 158 bytes (1 switches on core 0) [pid: 8|app: 0|req: 648/1339] 10.0.0.142 () {32 vars in 647 bytes} [Sat Jul 25 22:19:24 2026] GET /v2.0/subnets => generated 2653 bytes in 47 msecs (HTTP/1.1 200) 4 headers in 158 bytes (1 switches on core 0) [pid: 8|app: 0|req: 649/1340] 10.0.0.142 () {32 vars in 647 bytes} [Sat Jul 25 22:19:24 2026] GET /v2.0/routers => generated 1940 bytes in 66 msecs (HTTP/1.1 200) 4 headers in 158 bytes (1 switches on core 0)
2026-07-25 22:19:24.759 7 INFO neutron.db.ovn_revision_numbers_db [None req-e390c5e7-baf7-4118-b1b3-1fb35006bf12 - - - - - -] Successfully bumped revision number for resource 09a01590-1be2-47c8-b232-425e9112b0ce (type: ports) to 2
2026-07-25 22:19:24.803 7 INFO neutron.db.ovn_revision_numbers_db [None req-92506ddc-21a9-4617-94bd-2c47b5d48298 c71b80b97d2d4eb2bf792c5d347d0791 5edcf32af5894da49defec27e87a2259 - - default default] Successfully bumped revision number for resource 8b3ff89a-690c-46ac-b596-9b77333d0d5d (type: networks) to 1
2026-07-25 22:19:24.897 8 INFO neutron.db.ovn_revision_numbers_db [None req-11d33e8a-b267-47a1-b1d6-141c62d74b4a 5fe4b750e3184e15b6433eb7bea8ad58 61978cbd288d4875acfa4081629d186b - - default default] Successfully bumped revision number for resource ca09acba-9c20-4e15-9323-ff3eb5d9470a (type: security_groups) to 1
2026-07-25 22:19:24.909 8 INFO neutron.db.ovn_revision_numbers_db [None req-11d33e8a-b267-47a1-b1d6-141c62d74b4a 5fe4b750e3184e15b6433eb7bea8ad58 61978cbd288d4875acfa4081629d186b - - default default] Successfully bumped revision number for resource 30d6f5c1-c6cc-4609-8294-44b17c65dc7c (type: security_group_rules) to 0
2026-07-25 22:19:24.921 8 INFO neutron.db.ovn_revision_numbers_db [None req-11d33e8a-b267-47a1-b1d6-141c62d74b4a 5fe4b750e3184e15b6433eb7bea8ad58 61978cbd288d4875acfa4081629d186b - - default default] Successfully bumped revision number for resource fd21e76f-a782-4b15-903b-fcf753d355bd (type: security_group_rules) to 0 [pid: 8|app: 0|req: 650/1341] 10.0.0.142 () {34 vars in 685 bytes} [Sat Jul 25 22:19:24 2026] POST /v2.0/security-groups => generated 1675 bytes in 180 msecs (HTTP/1.1 201) 4 headers in 163 bytes (1 switches on core 0)
2026-07-25 22:19:24.991 7 WARNING neutron.scheduler.dhcp_agent_scheduler [None req-92506ddc-21a9-4617-94bd-2c47b5d48298 c71b80b97d2d4eb2bf792c5d347d0791 5edcf32af5894da49defec27e87a2259 - - default default] No more DHCP agents
2026-07-25 22:19:24.992 7 WARNING neutron.api.rpc.agentnotifiers.dhcp_rpc_agent_api [None req-92506ddc-21a9-4617-94bd-2c47b5d48298 c71b80b97d2d4eb2bf792c5d347d0791 5edcf32af5894da49defec27e87a2259 - - default default] Unable to schedule network 8b3ff89a-690c-46ac-b596-9b77333d0d5d: no agents available; will retry on subsequent port and subnet creation events.
2026-07-25 22:19:25.038 8 INFO neutron.plugins.ml2.drivers.ovn.mech_driver.mech_driver [None req-6b5e854e-bedd-4564-8289-02675e4578ff - - - - - -] OVN reports status down for port: c1a7e0d9-af81-4d59-931d-dcccc37f60ae
2026-07-25 22:19:25.070 7 INFO neutron.db.ovn_revision_numbers_db [None req-92506ddc-21a9-4617-94bd-2c47b5d48298 c71b80b97d2d4eb2bf792c5d347d0791 5edcf32af5894da49defec27e87a2259 - - default default] Successfully bumped revision number for resource c1a7e0d9-af81-4d59-931d-dcccc37f60ae (type: ports) to 1 [pid: 7|app: 0|req: 692/1342] 10.0.0.142 () {34 vars in 670 bytes} [Sat Jul 25 22:19:24 2026] POST /v2.0/networks => generated 669 bytes in 817 msecs (HTTP/1.1 201) 4 headers in 162 bytes (1 switches on core 0)
2026-07-25 22:19:25.153 8 INFO neutron.db.ovn_revision_numbers_db [None req-8a78587c-cde3-437e-95ee-968a8763f122 5fe4b750e3184e15b6433eb7bea8ad58 61978cbd288d4875acfa4081629d186b - - default default] Successfully bumped revision number for resource 74c86740-b338-4896-9989-e746c31dd86f (type: security_group_rules) to 0 [pid: 7|app: 0|req: 693/1343] 10.0.0.142 () {32 vars in 740 bytes} [Sat Jul 25 22:19:25 2026] DELETE /v2.0/security-groups/a7357d72-3d64-4118-85b2-5e4fce44f002 => generated 0 bytes in 103 msecs (HTTP/1.1 204) 2 headers in 112 bytes (1 switches on core 0) [pid: 8|app: 0|req: 651/1344] 10.0.0.142 () {34 vars in 695 bytes} [Sat Jul 25 22:19:24 2026] POST /v2.0/security-group-rules => generated 597 bytes in 225 msecs (HTTP/1.1 201) 4 headers in 162 bytes (1 switches on core 0)
2026-07-25 22:19:25.209 8 INFO neutron.api.v2.resource [None req-e258558f-665d-4205-808d-e194c006226c 692592af3f924cfa870e3e6b9d0481fb 21532888529f492f807eb576a25fdc85 - - default default] show failed (client error): The resource could not be found. [pid: 8|app: 0|req: 652/1345] 10.0.0.142 () {32 vars in 737 bytes} [Sat Jul 25 22:19:25 2026] GET /v2.0/security-groups/a7357d72-3d64-4118-85b2-5e4fce44f002 => generated 146 bytes in 14 msecs (HTTP/1.1 404) 4 headers in 164 bytes (1 switches on core 0)
2026-07-25 22:19:25.358 8 INFO neutron.db.ovn_revision_numbers_db [None req-b6b7c2c1-4768-4158-b8f7-d744bdb57566 5fe4b750e3184e15b6433eb7bea8ad58 61978cbd288d4875acfa4081629d186b - - default default] Successfully bumped revision number for resource d4867f18-eed4-4529-b06d-31dc69582cad (type: security_group_rules) to 0 [pid: 8|app: 0|req: 653/1346] 10.0.0.142 () {34 vars in 695 bytes} [Sat Jul 25 22:19:25 2026] POST /v2.0/security-group-rules => generated 596 bytes in 177 msecs (HTTP/1.1 201) 4 headers in 162 bytes (1 switches on core 0)
2026-07-25 22:19:25.503 8 INFO neutron_taas.services.taas.taas_plugin [None req-bdc0366e-be60-4f64-8681-105be2f26f64 692592af3f924cfa870e3e6b9d0481fb 21532888529f492f807eb576a25fdc85 - - default default] TaaS: Handle Delete Port: 45ff27b4-a5a9-40e6-897a-480f48749b61
2026-07-25 22:19:25.506 8 INFO neutron_taas.services.taas.tap_mirror_plugin [None req-bdc0366e-be60-4f64-8681-105be2f26f64 692592af3f924cfa870e3e6b9d0481fb 21532888529f492f807eb576a25fdc85 - - default default] Tap Mirror: Handle Delete Port: 45ff27b4-a5a9-40e6-897a-480f48749b61
2026-07-25 22:19:25.545 7 WARNING neutron.scheduler.dhcp_agent_scheduler [None req-829268f2-7cd1-4e57-99c9-5b7cc2fc93db c71b80b97d2d4eb2bf792c5d347d0791 5edcf32af5894da49defec27e87a2259 - - default default] No more DHCP agents
2026-07-25 22:19:25.547 7 WARNING neutron.api.rpc.agentnotifiers.dhcp_rpc_agent_api [None req-829268f2-7cd1-4e57-99c9-5b7cc2fc93db c71b80b97d2d4eb2bf792c5d347d0791 5edcf32af5894da49defec27e87a2259 - - default default] Unable to schedule network 9e0bce1f-16bd-489c-a8fe-1f7dd65891df: no agents available; will retry on subsequent port and subnet creation events. [pid: 8|app: 0|req: 654/1347] 10.0.0.142 () {32 vars in 732 bytes} [Sat Jul 25 22:19:25 2026] DELETE /v2.0/floatingips/66b2abb3-870b-4f49-b4f7-5a16de8bfbeb => generated 0 bytes in 262 msecs (HTTP/1.1 204) 2 headers in 112 bytes (1 switches on core 0)
2026-07-25 22:19:25.784 8 INFO neutron.db.ovn_revision_numbers_db [None req-28181406-19c5-435b-9506-52b13fb174ab 5fe4b750e3184e15b6433eb7bea8ad58 61978cbd288d4875acfa4081629d186b - - default default] Successfully bumped revision number for resource 9cc53bab-be65-481a-bb37-1193ace581c0 (type: security_group_rules) to 0 [pid: 8|app: 0|req: 655/1348] 10.0.0.142 () {34 vars in 695 bytes} [Sat Jul 25 22:19:25 2026] POST /v2.0/security-group-rules => generated 602 bytes in 168 msecs (HTTP/1.1 201) 4 headers in 162 bytes (1 switches on core 0)
2026-07-25 22:19:26.023 7 INFO neutron.db.ovn_revision_numbers_db [None req-623cd5b3-06af-44fe-b5e0-5c63c0fcbc30 - - - - - -] Successfully bumped revision number for resource 74c69890-f021-4e5d-862f-f1065532151e (type: ports) to 2
2026-07-25 22:19:26.073 7 INFO neutron.db.ovn_revision_numbers_db [None req-623cd5b3-06af-44fe-b5e0-5c63c0fcbc30 - - - - - -] Successfully bumped revision number for resource fe9d5eb4-56cc-4917-a09f-f74fe7928d8f (type: subnets) to 0
2026-07-25 22:19:26.114 7 WARNING neutron.scheduler.dhcp_agent_scheduler [None req-829268f2-7cd1-4e57-99c9-5b7cc2fc93db c71b80b97d2d4eb2bf792c5d347d0791 5edcf32af5894da49defec27e87a2259 - - default default] No more DHCP agents
2026-07-25 22:19:26.115 7 WARNING neutron.api.rpc.agentnotifiers.dhcp_rpc_agent_api [None req-829268f2-7cd1-4e57-99c9-5b7cc2fc93db c71b80b97d2d4eb2bf792c5d347d0791 5edcf32af5894da49defec27e87a2259 - - default default] Unable to schedule network 8b3ff89a-690c-46ac-b596-9b77333d0d5d: no agents available; will retry on subsequent port and subnet creation events.
2026-07-25 22:19:26.141 8 INFO neutron_taas.services.taas.taas_plugin [None req-458aec0d-df51-4efb-9ac1-d8385d5cfa3f 5678bb65cbee46e1b285b18aa11cb206 e522aa9bcf8a4918963b9237d424f2ff - - default default] TaaS: Handle Delete Port: 64c1cd55-e4a6-4706-8245-7cf43b9ae644
2026-07-25 22:19:26.143 8 INFO neutron_taas.services.taas.tap_mirror_plugin [None req-458aec0d-df51-4efb-9ac1-d8385d5cfa3f 5678bb65cbee46e1b285b18aa11cb206 e522aa9bcf8a4918963b9237d424f2ff - - default default] Tap Mirror: Handle Delete Port: 64c1cd55-e4a6-4706-8245-7cf43b9ae644
2026-07-25 22:19:26.520 7 INFO neutron.db.ovn_revision_numbers_db [None req-9e33aab0-5e66-4356-8d76-1af13422159b - - - - - -] Successfully bumped revision number for resource c1a7e0d9-af81-4d59-931d-dcccc37f60ae (type: ports) to 2
2026-07-25 22:19:26.573 7 INFO neutron.db.ovn_revision_numbers_db [None req-9e33aab0-5e66-4356-8d76-1af13422159b - - - - - -] Successfully bumped revision number for resource 72e195a2-496c-4389-bc99-90b777549660 (type: subnets) to 0 [pid: 7|app: 0|req: 694/1349] 10.0.0.142 () {34 vars in 669 bytes} [Sat Jul 25 22:19:25 2026] POST /v2.0/subnets => generated 1274 bytes in 1397 msecs (HTTP/1.1 201) 4 headers in 163 bytes (1 switches on core 0)
2026-07-25 22:19:26.710 7 INFO neutron.db.ovn_revision_numbers_db [None req-47ab2298-ce12-430f-b7bc-fd36a1da5d19 5fe4b750e3184e15b6433eb7bea8ad58 61978cbd288d4875acfa4081629d186b - - default default] Successfully bumped revision number for resource 13935ed3-093e-425c-9a62-0ae31e1aa4e4 (type: security_group_rules) to 0 [pid: 7|app: 0|req: 695/1350] 10.0.0.142 () {34 vars in 695 bytes} [Sat Jul 25 22:19:26 2026] POST /v2.0/security-group-rules => generated 601 bytes in 157 msecs (HTTP/1.1 201) 4 headers in 162 bytes (1 switches on core 0) [pid: 8|app: 0|req: 656/1351] 10.0.0.142 () {34 vars in 789 bytes} [Sat Jul 25 22:19:25 2026] PUT /v2.0/routers/c66f22c8-bc79-4e4e-a0f8-a3b61eac4a19/remove_router_interface => generated 309 bytes in 949 msecs (HTTP/1.1 200) 4 headers in 157 bytes (1 switches on core 0) /var/lib/openstack/lib/python3.12/site-packages/pycadf/identifier.py:70: UserWarning: Invalid uuid: neutron. To ensure interoperability, identifiers should be a valid uuid. warnings.warn(('Invalid uuid: %s. To ensure interoperability, ' [pid: 8|app: 0|req: 657/1352] 10.0.0.142 () {32 vars in 647 bytes} [Sat Jul 25 22:19:26 2026] GET /v2.0/subnets => generated 1910 bytes in 41 msecs (HTTP/1.1 200) 4 headers in 158 bytes (1 switches on core 0)
2026-07-25 22:19:26.850 8 INFO neutron.db.securitygroups_db [None req-cf70c17f-9d93-4d3b-8b59-dcf026bc2d72 5fe4b750e3184e15b6433eb7bea8ad58 61978cbd288d4875acfa4081629d186b - - default default] Project 61978cbd288d4875acfa4081629d186b added a security group rule with legacy IPv6 ICMP protocol name icmp, ipv6-icmp should be used instead. It was automatically converted.
2026-07-25 22:19:26.979 8 INFO neutron.db.ovn_revision_numbers_db [None req-cf70c17f-9d93-4d3b-8b59-dcf026bc2d72 5fe4b750e3184e15b6433eb7bea8ad58 61978cbd288d4875acfa4081629d186b - - default default] Successfully bumped revision number for resource 31d3bcc3-e4a4-4244-9f1b-e8128c7b3738 (type: security_group_rules) to 0 [pid: 8|app: 0|req: 658/1353] 10.0.0.142 () {34 vars in 695 bytes} [Sat Jul 25 22:19:26 2026] POST /v2.0/security-group-rules => generated 607 bytes in 202 msecs (HTTP/1.1 201) 4 headers in 162 bytes (1 switches on core 0)
2026-07-25 22:19:27.106 7 INFO neutron.db.ovn_revision_numbers_db [None req-264a0725-a79b-49b0-91e7-a1e02a2eae65 2eccc46cbebb4f9299d836534b3fef91 90ea835c02a940cc9288f57183e324d0 - - default default] Successfully bumped revision number for resource bc820dc2-459c-40ec-9140-ea118fad6327 (type: security_groups) to 1
2026-07-25 22:19:27.116 7 INFO neutron.db.ovn_revision_numbers_db [None req-264a0725-a79b-49b0-91e7-a1e02a2eae65 2eccc46cbebb4f9299d836534b3fef91 90ea835c02a940cc9288f57183e324d0 - - default default] Successfully bumped revision number for resource 508bd4bd-e831-412f-9f0c-ae3c93fd7212 (type: security_group_rules) to 0
2026-07-25 22:19:27.125 7 INFO neutron.db.ovn_revision_numbers_db [None req-264a0725-a79b-49b0-91e7-a1e02a2eae65 2eccc46cbebb4f9299d836534b3fef91 90ea835c02a940cc9288f57183e324d0 - - default default] Successfully bumped revision number for resource 78594121-30bb-4fdc-872e-2f5003dce068 (type: security_group_rules) to 0
2026-07-25 22:19:27.135 7 INFO neutron.db.ovn_revision_numbers_db [None req-264a0725-a79b-49b0-91e7-a1e02a2eae65 2eccc46cbebb4f9299d836534b3fef91 90ea835c02a940cc9288f57183e324d0 - - default default] Successfully bumped revision number for resource b2e20218-ec8d-4d0f-b25f-d2ad3d26e4e1 (type: security_group_rules) to 0
2026-07-25 22:19:27.146 7 INFO neutron.db.ovn_revision_numbers_db [None req-264a0725-a79b-49b0-91e7-a1e02a2eae65 2eccc46cbebb4f9299d836534b3fef91 90ea835c02a940cc9288f57183e324d0 - - default default] Successfully bumped revision number for resource f920ec5e-a901-4755-a216-39a31cdb5ff9 (type: security_group_rules) to 0
2026-07-25 22:19:27.207 7 INFO neutron.db.segments_db [None req-264a0725-a79b-49b0-91e7-a1e02a2eae65 2eccc46cbebb4f9299d836534b3fef91 90ea835c02a940cc9288f57183e324d0 - - default default] Added segment c8e00583-01c9-4f11-a35f-8c927825cc9b of type geneve for network b802dabc-705b-4277-bc89-bd47b0db3481
2026-07-25 22:19:27.368 7 INFO neutron.db.ovn_revision_numbers_db [None req-264a0725-a79b-49b0-91e7-a1e02a2eae65 2eccc46cbebb4f9299d836534b3fef91 90ea835c02a940cc9288f57183e324d0 - - default default] Successfully bumped revision number for resource b802dabc-705b-4277-bc89-bd47b0db3481 (type: networks) to 1
2026-07-25 22:19:27.402 8 INFO neutron_taas.services.taas.taas_plugin [None req-34d079dc-93aa-4dc0-bdcd-25ee86b706a0 5678bb65cbee46e1b285b18aa11cb206 e522aa9bcf8a4918963b9237d424f2ff - - default default] TaaS: Handle Delete Port: d4bc5ce6-ee39-4561-81d6-abcf63b23e4e
2026-07-25 22:19:27.405 8 INFO neutron_taas.services.taas.tap_mirror_plugin [None req-34d079dc-93aa-4dc0-bdcd-25ee86b706a0 5678bb65cbee46e1b285b18aa11cb206 e522aa9bcf8a4918963b9237d424f2ff - - default default] Tap Mirror: Handle Delete Port: d4bc5ce6-ee39-4561-81d6-abcf63b23e4e
2026-07-25 22:19:27.529 7 WARNING neutron.scheduler.dhcp_agent_scheduler [None req-264a0725-a79b-49b0-91e7-a1e02a2eae65 2eccc46cbebb4f9299d836534b3fef91 90ea835c02a940cc9288f57183e324d0 - - default default] No more DHCP agents
2026-07-25 22:19:27.531 7 WARNING neutron.api.rpc.agentnotifiers.dhcp_rpc_agent_api [None req-264a0725-a79b-49b0-91e7-a1e02a2eae65 2eccc46cbebb4f9299d836534b3fef91 90ea835c02a940cc9288f57183e324d0 - - default default] Unable to schedule network b802dabc-705b-4277-bc89-bd47b0db3481: no agents available; will retry on subsequent port and subnet creation events.
2026-07-25 22:19:27.578 8 INFO neutron.plugins.ml2.drivers.ovn.mech_driver.mech_driver [None req-6b5e854e-bedd-4564-8289-02675e4578ff - - - - - -] OVN reports status down for port: f63fe644-ab1c-49dd-ba53-9dfc37973e54
2026-07-25 22:19:27.630 7 INFO neutron.db.ovn_revision_numbers_db [None req-264a0725-a79b-49b0-91e7-a1e02a2eae65 2eccc46cbebb4f9299d836534b3fef91 90ea835c02a940cc9288f57183e324d0 - - default default] Successfully bumped revision number for resource f63fe644-ab1c-49dd-ba53-9dfc37973e54 (type: ports) to 1 [pid: 7|app: 0|req: 696/1354] 10.0.0.142 () {34 vars in 670 bytes} [Sat Jul 25 22:19:26 2026] POST /v2.0/networks => generated 667 bytes in 907 msecs (HTTP/1.1 201) 4 headers in 162 bytes (1 switches on core 0) [pid: 7|app: 0|req: 697/1355] 10.0.0.142 () {32 vars in 724 bytes} [Sat Jul 25 22:19:27 2026] DELETE /v2.0/subnets/fe9d5eb4-56cc-4917-a09f-f74fe7928d8f => generated 0 bytes in 148 msecs (HTTP/1.1 204) 3 headers in 131 bytes (1 switches on core 0) [pid: 8|app: 0|req: 659/1356] 10.0.0.142 () {32 vars in 724 bytes} [Sat Jul 25 22:19:27 2026] DELETE /v2.0/routers/c66f22c8-bc79-4e4e-a0f8-a3b61eac4a19 => generated 0 bytes in 824 msecs (HTTP/1.1 204) 2 headers in 112 bytes (1 switches on core 0)
2026-07-25 22:19:27.855 7 INFO neutron.db.securitygroups_db [None req-2677fdab-94bf-4b11-89e9-90c31fe95879 5fe4b750e3184e15b6433eb7bea8ad58 61978cbd288d4875acfa4081629d186b - - default default] Project 61978cbd288d4875acfa4081629d186b added a security group rule with legacy IPv6 ICMP protocol name icmp, ipv6-icmp should be used instead. It was automatically converted.
2026-07-25 22:19:27.965 7 INFO neutron.db.ovn_revision_numbers_db [None req-2677fdab-94bf-4b11-89e9-90c31fe95879 5fe4b750e3184e15b6433eb7bea8ad58 61978cbd288d4875acfa4081629d186b - - default default] Successfully bumped revision number for resource d7c00b0b-09f0-43d4-ac02-8885069e5ea8 (type: security_group_rules) to 0 [pid: 7|app: 0|req: 698/1357] 10.0.0.142 () {34 vars in 695 bytes} [Sat Jul 25 22:19:27 2026] POST /v2.0/security-group-rules => generated 606 bytes in 183 msecs (HTTP/1.1 201) 4 headers in 162 bytes (1 switches on core 0)
2026-07-25 22:19:28.043 8 WARNING neutron.scheduler.dhcp_agent_scheduler [None req-99d41045-cfd0-42b5-b290-fdcc4ce73227 2eccc46cbebb4f9299d836534b3fef91 90ea835c02a940cc9288f57183e324d0 - - default default] No more DHCP agents
2026-07-25 22:19:28.044 8 WARNING neutron.api.rpc.agentnotifiers.dhcp_rpc_agent_api [None req-99d41045-cfd0-42b5-b290-fdcc4ce73227 2eccc46cbebb4f9299d836534b3fef91 90ea835c02a940cc9288f57183e324d0 - - default default] Unable to schedule network b802dabc-705b-4277-bc89-bd47b0db3481: no agents available; will retry on subsequent port and subnet creation events.
2026-07-25 22:19:28.140 8 INFO neutron.db.ovn_revision_numbers_db [None req-99d41045-cfd0-42b5-b290-fdcc4ce73227 2eccc46cbebb4f9299d836534b3fef91 90ea835c02a940cc9288f57183e324d0 - - default default] Successfully bumped revision number for resource 366bfacc-be4c-422a-99f1-db77f230efdf (type: ports) to 1 [pid: 7|app: 0|req: 699/1358] 10.0.0.142 () {32 vars in 724 bytes} [Sat Jul 25 22:19:27 2026] DELETE /v2.0/subnets/72e195a2-496c-4389-bc99-90b777549660 => generated 0 bytes in 164 msecs (HTTP/1.1 204) 3 headers in 131 bytes (1 switches on core 0) [pid: 8|app: 0|req: 660/1359] 10.0.0.142 () {34 vars in 665 bytes} [Sat Jul 25 22:19:27 2026] POST /v2.0/ports => generated 779 bytes in 364 msecs (HTTP/1.1 201) 4 headers in 162 bytes (1 switches on core 0) /var/lib/openstack/lib/python3.12/site-packages/pycadf/identifier.py:70: UserWarning: Invalid uuid: neutron. To ensure interoperability, identifiers should be a valid uuid. warnings.warn(('Invalid uuid: %s. To ensure interoperability, ' [pid: 8|app: 0|req: 661/1360] 10.0.0.142 () {32 vars in 647 bytes} [Sat Jul 25 22:19:28 2026] GET /v2.0/subnets => generated 649 bytes in 37 msecs (HTTP/1.1 200) 4 headers in 157 bytes (1 switches on core 0) [pid: 7|app: 0|req: 700/1361] 10.0.0.142 () {32 vars in 724 bytes} [Sat Jul 25 22:19:28 2026] DELETE /v2.0/subnets/811470b4-9b6a-44cf-b68b-0b22cb41cfc3 => generated 0 bytes in 124 msecs (HTTP/1.1 204) 3 headers in 131 bytes (1 switches on core 0)
2026-07-25 22:19:28.344 8 INFO neutron.db.segments_db [None req-845497c3-ae6d-4fa5-821e-39f6f1c8cdfd 2eccc46cbebb4f9299d836534b3fef91 90ea835c02a940cc9288f57183e324d0 - - default default] Added segment ee1fe3e0-8263-4f22-8e7f-1d5bc09d917a of type geneve for network b2c2df41-a9ef-4248-bc76-1be56badae0d
2026-07-25 22:19:28.370 7 INFO neutron_taas.services.taas.taas_plugin [None req-7749ad44-a263-4bdd-b0c0-a9a2ec7d40d6 c71b80b97d2d4eb2bf792c5d347d0791 5edcf32af5894da49defec27e87a2259 - - default default] TaaS: Handle Delete Port: c1a7e0d9-af81-4d59-931d-dcccc37f60ae
2026-07-25 22:19:28.372 7 INFO neutron_taas.services.taas.tap_mirror_plugin [None req-7749ad44-a263-4bdd-b0c0-a9a2ec7d40d6 c71b80b97d2d4eb2bf792c5d347d0791 5edcf32af5894da49defec27e87a2259 - - default default] Tap Mirror: Handle Delete Port: c1a7e0d9-af81-4d59-931d-dcccc37f60ae
2026-07-25 22:19:28.468 8 INFO neutron.db.ovn_revision_numbers_db [None req-845497c3-ae6d-4fa5-821e-39f6f1c8cdfd 2eccc46cbebb4f9299d836534b3fef91 90ea835c02a940cc9288f57183e324d0 - - default default] Successfully bumped revision number for resource b2c2df41-a9ef-4248-bc76-1be56badae0d (type: networks) to 1
2026-07-25 22:19:28.521 7 INFO neutron.services.segments.plugin [-] Segment d3a529c0-dc16-4f50-9cd1-6df8f76bbbe2 resource provider aggregate not found
2026-07-25 22:19:28.524 7 INFO neutron.services.segments.plugin [-] Segment d3a529c0-dc16-4f50-9cd1-6df8f76bbbe2 resource provider aggregate not found
2026-07-25 22:19:28.545 7 INFO neutron.services.segments.plugin [-] Segment d3a529c0-dc16-4f50-9cd1-6df8f76bbbe2 resource provider not found; error: Placement Client Error (4xx): {"errors": [{"status": 404, "title": "Not Found", "detail": "The resource could not be found.\n\n No resource provider with uuid d3a529c0-dc16-4f50-9cd1-6df8f76bbbe2 found for delete ", "request_id": "req-b193181b-3436-4193-bbf4-88c3faaa4442"}]}
2026-07-25 22:19:28.547 7 INFO neutron.services.segments.plugin [-] Segment d3a529c0-dc16-4f50-9cd1-6df8f76bbbe2 resource provider not found; error: Placement Client Error (4xx): {"errors": [{"status": 404, "title": "Not Found", "detail": "The resource could not be found.\n\n No resource provider with uuid d3a529c0-dc16-4f50-9cd1-6df8f76bbbe2 found for delete ", "request_id": "req-046f2996-0cdf-4184-8b90-4184c1be0e61"}]} [pid: 7|app: 0|req: 701/1362] 10.0.0.142 () {32 vars in 726 bytes} [Sat Jul 25 22:19:28 2026] DELETE /v2.0/networks/8b3ff89a-690c-46ac-b596-9b77333d0d5d => generated 0 bytes in 280 msecs (HTTP/1.1 204) 3 headers in 131 bytes (1 switches on core 0)
2026-07-25 22:19:28.650 8 WARNING neutron.scheduler.dhcp_agent_scheduler [None req-845497c3-ae6d-4fa5-821e-39f6f1c8cdfd 2eccc46cbebb4f9299d836534b3fef91 90ea835c02a940cc9288f57183e324d0 - - default default] No more DHCP agents
2026-07-25 22:19:28.651 8 WARNING neutron.api.rpc.agentnotifiers.dhcp_rpc_agent_api [None req-845497c3-ae6d-4fa5-821e-39f6f1c8cdfd 2eccc46cbebb4f9299d836534b3fef91 90ea835c02a940cc9288f57183e324d0 - - default default] Unable to schedule network b2c2df41-a9ef-4248-bc76-1be56badae0d: no agents available; will retry on subsequent port and subnet creation events.
2026-07-25 22:19:28.659 7 INFO neutron_taas.services.taas.taas_plugin [None req-6d7c74b9-2740-4596-8161-7de221dc128d 5678bb65cbee46e1b285b18aa11cb206 e522aa9bcf8a4918963b9237d424f2ff - - default default] TaaS: Handle Delete Port: 0fa83461-c906-4254-a880-24ebb9eeb185
2026-07-25 22:19:28.662 7 INFO neutron_taas.services.taas.tap_mirror_plugin [None req-6d7c74b9-2740-4596-8161-7de221dc128d 5678bb65cbee46e1b285b18aa11cb206 e522aa9bcf8a4918963b9237d424f2ff - - default default] Tap Mirror: Handle Delete Port: 0fa83461-c906-4254-a880-24ebb9eeb185
2026-07-25 22:19:28.720 8 INFO neutron.db.ovn_revision_numbers_db [None req-845497c3-ae6d-4fa5-821e-39f6f1c8cdfd 2eccc46cbebb4f9299d836534b3fef91 90ea835c02a940cc9288f57183e324d0 - - default default] Successfully bumped revision number for resource e075ede4-c30f-401c-981c-88ff67575b93 (type: ports) to 1 [pid: 8|app: 0|req: 662/1363] 10.0.0.142 () {34 vars in 670 bytes} [Sat Jul 25 22:19:28 2026] POST /v2.0/networks => generated 655 bytes in 502 msecs (HTTP/1.1 201) 4 headers in 162 bytes (1 switches on core 0) [pid: 8|app: 0|req: 663/1364] 10.0.0.142 () {32 vars in 649 bytes} [Sat Jul 25 22:19:28 2026] GET /v2.0/networks => generated 1374 bytes in 95 msecs (HTTP/1.1 200) 4 headers in 158 bytes (1 switches on core 0) [pid: 7|app: 0|req: 702/1365] 10.0.0.142 () {32 vars in 726 bytes} [Sat Jul 25 22:19:28 2026] DELETE /v2.0/networks/7cd61b7f-18cf-4e0d-b93a-8bb84f96c45d => generated 0 bytes in 311 msecs (HTTP/1.1 204) 3 headers in 131 bytes (1 switches on core 0)
2026-07-25 22:19:28.960 8 INFO neutron_taas.services.taas.taas_plugin [None req-d13b0438-aeec-481b-8763-ce58b26d60b5 c71b80b97d2d4eb2bf792c5d347d0791 5edcf32af5894da49defec27e87a2259 - - default default] TaaS: Handle Delete Port: 74c69890-f021-4e5d-862f-f1065532151e
2026-07-25 22:19:28.965 8 INFO neutron_taas.services.taas.tap_mirror_plugin [None req-d13b0438-aeec-481b-8763-ce58b26d60b5 c71b80b97d2d4eb2bf792c5d347d0791 5edcf32af5894da49defec27e87a2259 - - default default] Tap Mirror: Handle Delete Port: 74c69890-f021-4e5d-862f-f1065532151e
2026-07-25 22:19:29.045 7 WARNING neutron.scheduler.dhcp_agent_scheduler [None req-fc47aa6d-0e7b-4cbb-ba31-718263e5afd9 2eccc46cbebb4f9299d836534b3fef91 90ea835c02a940cc9288f57183e324d0 - - default default] No more DHCP agents
2026-07-25 22:19:29.046 7 WARNING neutron.api.rpc.agentnotifiers.dhcp_rpc_agent_api [None req-fc47aa6d-0e7b-4cbb-ba31-718263e5afd9 2eccc46cbebb4f9299d836534b3fef91 90ea835c02a940cc9288f57183e324d0 - - default default] Unable to schedule network b2c2df41-a9ef-4248-bc76-1be56badae0d: no agents available; will retry on subsequent port and subnet creation events.
2026-07-25 22:19:29.081 7 INFO neutron.db.ovn_revision_numbers_db [None req-fc47aa6d-0e7b-4cbb-ba31-718263e5afd9 2eccc46cbebb4f9299d836534b3fef91 90ea835c02a940cc9288f57183e324d0 - - default default] Successfully bumped revision number for resource 2cbd2ebf-6ecc-4479-b1d7-4833e58c70ef (type: subnets) to 0 [pid: 7|app: 0|req: 703/1366] 10.0.0.142 () {34 vars in 669 bytes} [Sat Jul 25 22:19:28 2026] POST /v2.0/subnets => generated 646 bytes in 241 msecs (HTTP/1.1 201) 4 headers in 162 bytes (1 switches on core 0)
2026-07-25 22:19:29.141 8 INFO neutron.services.segments.plugin [-] Segment 0b173bc7-e6ce-4e8c-b9ab-4948e8254c72 resource provider aggregate not found
2026-07-25 22:19:29.145 8 INFO neutron.services.segments.plugin [-] Segment 0b173bc7-e6ce-4e8c-b9ab-4948e8254c72 resource provider aggregate not found [pid: 7|app: 0|req: 704/1367] 10.0.0.193 () {34 vars in 1100 bytes} [Sat Jul 25 22:19:29 2026] GET /v2.0/security-groups?name=tempest-secgroup-smoke-1251893985&fields=id&tenant_id=61978cbd288d4875acfa4081629d186b => generated 69 bytes in 34 msecs (HTTP/1.1 200) 4 headers in 156 bytes (1 switches on core 0)
2026-07-25 22:19:29.165 8 INFO neutron.services.segments.plugin [-] Segment 0b173bc7-e6ce-4e8c-b9ab-4948e8254c72 resource provider not found; error: Placement Client Error (4xx): {"errors": [{"status": 404, "title": "Not Found", "detail": "The resource could not be found.\n\n No resource provider with uuid 0b173bc7-e6ce-4e8c-b9ab-4948e8254c72 found for delete ", "request_id": "req-b40d4970-d22a-4ea5-a0e1-0d364bc234a9"}]}
2026-07-25 22:19:29.170 8 INFO neutron.services.segments.plugin [-] Segment 0b173bc7-e6ce-4e8c-b9ab-4948e8254c72 resource provider not found; error: Placement Client Error (4xx): {"errors": [{"status": 404, "title": "Not Found", "detail": "The resource could not be found.\n\n No resource provider with uuid 0b173bc7-e6ce-4e8c-b9ab-4948e8254c72 found for delete ", "request_id": "req-056502f4-e94c-4d98-aa28-66e28bc15fbd"}]} [pid: 7|app: 0|req: 705/1368] 10.0.0.142 () {32 vars in 774 bytes} [Sat Jul 25 22:19:29 2026] GET /v2.0/security-groups?tenant_id=21532888529f492f807eb576a25fdc85&name=default => generated 2925 bytes in 33 msecs (HTTP/1.1 200) 4 headers in 158 bytes (1 switches on core 0) [pid: 8|app: 0|req: 664/1369] 10.0.0.142 () {32 vars in 726 bytes} [Sat Jul 25 22:19:28 2026] DELETE /v2.0/networks/9e0bce1f-16bd-489c-a8fe-1f7dd65891df => generated 0 bytes in 353 msecs (HTTP/1.1 204) 3 headers in 131 bytes (1 switches on core 0) [pid: 8|app: 0|req: 665/1370] 10.0.0.193 () {34 vars in 982 bytes} [Sat Jul 25 22:19:29 2026] GET /v2.0/networks?id=8890112c-5b59-4ce2-b999-c3139358f82d => generated 699 bytes in 41 msecs (HTTP/1.1 200) 4 headers in 157 bytes (1 switches on core 0) [pid: 8|app: 0|req: 666/1371] 10.0.0.142 () {32 vars in 740 bytes} [Sat Jul 25 22:19:29 2026] DELETE /v2.0/security-groups/ef7525cf-cd44-4bac-89bc-934a34dbe1cb => generated 0 bytes in 243 msecs (HTTP/1.1 204) 2 headers in 112 bytes (1 switches on core 0)
2026-07-25 22:19:29.502 7 WARNING neutron.scheduler.dhcp_agent_scheduler [None req-2e4ae034-d583-4b7d-8a20-b38e93e4a9b5 2eccc46cbebb4f9299d836534b3fef91 90ea835c02a940cc9288f57183e324d0 - - default default] No more DHCP agents
2026-07-25 22:19:29.503 7 WARNING neutron.api.rpc.agentnotifiers.dhcp_rpc_agent_api [None req-2e4ae034-d583-4b7d-8a20-b38e93e4a9b5 2eccc46cbebb4f9299d836534b3fef91 90ea835c02a940cc9288f57183e324d0 - - default default] Unable to schedule network b2c2df41-a9ef-4248-bc76-1be56badae0d: no agents available; will retry on subsequent port and subnet creation events.
2026-07-25 22:19:29.608 7 INFO neutron.db.ovn_revision_numbers_db [None req-2e4ae034-d583-4b7d-8a20-b38e93e4a9b5 2eccc46cbebb4f9299d836534b3fef91 90ea835c02a940cc9288f57183e324d0 - - default default] Successfully bumped revision number for resource e2f07f08-95f8-4835-94cc-a8b4e92fa1dd (type: ports) to 1 [pid: 7|app: 0|req: 706/1372] 10.0.0.142 () {34 vars in 665 bytes} [Sat Jul 25 22:19:29 2026] POST /v2.0/ports => generated 965 bytes in 459 msecs (HTTP/1.1 201) 4 headers in 162 bytes (1 switches on core 0) /var/lib/openstack/lib/python3.12/site-packages/pycadf/identifier.py:70: UserWarning: Invalid uuid: neutron. To ensure interoperability, identifiers should be a valid uuid. warnings.warn(('Invalid uuid: %s. To ensure interoperability, ' [pid: 7|app: 0|req: 707/1373] 10.0.0.193 () {34 vars in 965 bytes} [Sat Jul 25 22:19:29 2026] GET /v2.0/quotas/61978cbd288d4875acfa4081629d186b => generated 292 bytes in 9 msecs (HTTP/1.1 200) 4 headers in 157 bytes (1 switches on core 0)
2026-07-25 22:19:29.761 7 INFO neutron_taas.services.taas.taas_plugin [None req-add86661-580c-475c-84af-eed8426ca603 2eccc46cbebb4f9299d836534b3fef91 90ea835c02a940cc9288f57183e324d0 - - default default] TaaS: Handle Delete Port: e2f07f08-95f8-4835-94cc-a8b4e92fa1dd
2026-07-25 22:19:29.764 7 INFO neutron_taas.services.taas.tap_mirror_plugin [None req-add86661-580c-475c-84af-eed8426ca603 2eccc46cbebb4f9299d836534b3fef91 90ea835c02a940cc9288f57183e324d0 - - default default] Tap Mirror: Handle Delete Port: e2f07f08-95f8-4835-94cc-a8b4e92fa1dd [pid: 7|app: 0|req: 708/1374] 10.0.0.142 () {32 vars in 720 bytes} [Sat Jul 25 22:19:29 2026] DELETE /v2.0/ports/e2f07f08-95f8-4835-94cc-a8b4e92fa1dd => generated 0 bytes in 243 msecs (HTTP/1.1 204) 3 headers in 131 bytes (1 switches on core 0)
2026-07-25 22:19:29.894 7 WARNING neutron.plugins.ml2.drivers.ovn.mech_driver.ovsdb.ovn_client [None req-04061136-cabd-4d1f-abf2-6b47a23fb445 - - - - - -] No hosting information found for port 09a01590-1be2-47c8-b232-425e9112b0ce: RuntimeError: No hosting information found for port 09a01590-1be2-47c8-b232-425e9112b0ce [pid: 7|app: 0|req: 709/1375] 10.0.0.193 () {34 vars in 1002 bytes} [Sat Jul 25 22:19:29 2026] GET /v2.0/ports?tenant_id=61978cbd288d4875acfa4081629d186b&fields=id => generated 103 bytes in 152 msecs (HTTP/1.1 200) 4 headers in 157 bytes (1 switches on core 0)
2026-07-25 22:19:30.063 7 INFO neutron.db.ovn_revision_numbers_db [None req-04061136-cabd-4d1f-abf2-6b47a23fb445 - - - - - -] Successfully bumped revision number for resource 09a01590-1be2-47c8-b232-425e9112b0ce (type: router_ports) to 2
2026-07-25 22:19:30.065 7 INFO neutron.pecan_wsgi.hooks.translation [None req-a70405fc-fa89-4d6f-9734-76a151b3d514 2eccc46cbebb4f9299d836534b3fef91 90ea835c02a940cc9288f57183e324d0 - - default default] DELETE failed (client error): The resource could not be found. [pid: 7|app: 0|req: 710/1376] 10.0.0.142 () {32 vars in 720 bytes} [Sat Jul 25 22:19:30 2026] DELETE /v2.0/ports/e2f07f08-95f8-4835-94cc-a8b4e92fa1dd => generated 132 bytes in 23 msecs (HTTP/1.1 404) 4 headers in 164 bytes (1 switches on core 0) [pid: 7|app: 0|req: 711/1377] 10.0.0.193 () {34 vars in 1008 bytes} [Sat Jul 25 22:19:30 2026] GET /v2.0/networks/8890112c-5b59-4ce2-b999-c3139358f82d?fields=segments => generated 14 bytes in 78 msecs (HTTP/1.1 200) 4 headers in 156 bytes (1 switches on core 0)
2026-07-25 22:19:30.166 7 INFO neutron.plugins.ml2.drivers.ovn.mech_driver.mech_driver [None req-04061136-cabd-4d1f-abf2-6b47a23fb445 - - - - - -] OVN reports status down for port: 366bfacc-be4c-422a-99f1-db77f230efdf
2026-07-25 22:19:30.180 7 INFO neutron.pecan_wsgi.hooks.translation [None req-44236f34-e771-4066-909c-575933c8a982 2eccc46cbebb4f9299d836534b3fef91 90ea835c02a940cc9288f57183e324d0 - - default default] GET failed (client error): The resource could not be found. [pid: 7|app: 0|req: 712/1378] 10.0.0.142 () {32 vars in 717 bytes} [Sat Jul 25 22:19:30 2026] GET /v2.0/ports/e2f07f08-95f8-4835-94cc-a8b4e92fa1dd => generated 132 bytes in 33 msecs (HTTP/1.1 404) 4 headers in 164 bytes (1 switches on core 0) [pid: 7|app: 0|req: 713/1379] 10.0.0.193 () {34 vars in 1108 bytes} [Sat Jul 25 22:19:30 2026] GET /v2.0/networks/8890112c-5b59-4ce2-b999-c3139358f82d?fields=provider%3Aphysical_network&fields=provider%3Anetwork_type => generated 79 bytes in 90 msecs (HTTP/1.1 200) 4 headers in 156 bytes (1 switches on core 0)
2026-07-25 22:19:30.317 7 INFO neutron.plugins.ml2.drivers.ovn.mech_driver.mech_driver [None req-04061136-cabd-4d1f-abf2-6b47a23fb445 - - - - - -] OVN reports status down for port: e075ede4-c30f-401c-981c-88ff67575b93
2026-07-25 22:19:30.318 8 INFO neutron_taas.services.taas.taas_plugin [None req-47718fd5-71ab-4785-9c8d-e5ab605dfd9f c71b80b97d2d4eb2bf792c5d347d0791 5edcf32af5894da49defec27e87a2259 - - default default] TaaS: Handle Delete Port: c59ddb02-5d8c-4d1e-aca7-fa236158f91d
2026-07-25 22:19:30.322 8 INFO neutron_taas.services.taas.tap_mirror_plugin [None req-47718fd5-71ab-4785-9c8d-e5ab605dfd9f c71b80b97d2d4eb2bf792c5d347d0791 5edcf32af5894da49defec27e87a2259 - - default default] Tap Mirror: Handle Delete Port: c59ddb02-5d8c-4d1e-aca7-fa236158f91d
2026-07-25 22:19:30.468 7 INFO neutron.plugins.ml2.drivers.ovn.mech_driver.mech_driver [None req-04061136-cabd-4d1f-abf2-6b47a23fb445 - - - - - -] OVN reports status down for port: e2f07f08-95f8-4835-94cc-a8b4e92fa1dd [pid: 8|app: 0|req: 667/1380] 10.0.0.142 () {32 vars in 726 bytes} [Sat Jul 25 22:19:29 2026] DELETE /v2.0/networks/0d0f090a-f16e-4a8a-99bc-3d214d148893 => generated 0 bytes in 1057 msecs (HTTP/1.1 204) 3 headers in 131 bytes (1 switches on core 0) [pid: 7|app: 0|req: 714/1381] 10.0.0.142 () {32 vars in 724 bytes} [Sat Jul 25 22:19:30 2026] DELETE /v2.0/subnets/2cbd2ebf-6ecc-4479-b1d7-4833e58c70ef => generated 0 bytes in 266 msecs (HTTP/1.1 204) 3 headers in 131 bytes (1 switches on core 0) [pid: 8|app: 0|req: 668/1382] 10.0.0.193 () {34 vars in 990 bytes} [Sat Jul 25 22:19:30 2026] GET /v2.0/ports?device_id=91041ed4-27b3-4711-aee0-8655ae3ecb05 => generated 12 bytes in 20 msecs (HTTP/1.1 200) 4 headers in 156 bytes (1 switches on core 0)
2026-07-25 22:19:30.569 7 INFO neutron.services.segments.plugin [-] Segment a704b954-71d8-4d58-a599-494db3d59fae resource provider aggregate not found
2026-07-25 22:19:30.573 7 INFO neutron.services.segments.plugin [-] Segment a704b954-71d8-4d58-a599-494db3d59fae resource provider aggregate not found
2026-07-25 22:19:30.593 7 INFO neutron.services.segments.plugin [-] Segment a704b954-71d8-4d58-a599-494db3d59fae resource provider not found; error: Placement Client Error (4xx): {"errors": [{"status": 404, "title": "Not Found", "detail": "The resource could not be found.\n\n No resource provider with uuid a704b954-71d8-4d58-a599-494db3d59fae found for delete ", "request_id": "req-bfd3f96e-bb4f-4b86-bf95-787816622776"}]}
2026-07-25 22:19:30.594 7 INFO neutron.services.segments.plugin [-] Segment a704b954-71d8-4d58-a599-494db3d59fae resource provider not found; error: Placement Client Error (4xx): {"errors": [{"status": 404, "title": "Not Found", "detail": "The resource could not be found.\n\n No resource provider with uuid a704b954-71d8-4d58-a599-494db3d59fae found for delete ", "request_id": "req-2efd1e0f-3d5b-4487-8420-be1620c18e7e"}]}
2026-07-25 22:19:30.657 8 INFO neutron_taas.services.taas.taas_plugin [None req-245616b4-b420-4137-a2c4-ae23ff449738 2eccc46cbebb4f9299d836534b3fef91 90ea835c02a940cc9288f57183e324d0 - - default default] TaaS: Handle Delete Port: e075ede4-c30f-401c-981c-88ff67575b93
2026-07-25 22:19:30.659 8 INFO neutron_taas.services.taas.tap_mirror_plugin [None req-245616b4-b420-4137-a2c4-ae23ff449738 2eccc46cbebb4f9299d836534b3fef91 90ea835c02a940cc9288f57183e324d0 - - default default] Tap Mirror: Handle Delete Port: e075ede4-c30f-401c-981c-88ff67575b93
2026-07-25 22:19:30.674 7 INFO neutron_taas.services.taas.taas_plugin [None req-d89efd19-6fde-44ac-9da1-3127aa2c7cbc c71b80b97d2d4eb2bf792c5d347d0791 5edcf32af5894da49defec27e87a2259 - - default default] TaaS: Handle Delete Port: 0391218d-2045-4ef1-9053-85870ed0fafc
2026-07-25 22:19:30.678 7 INFO neutron_taas.services.taas.tap_mirror_plugin [None req-d89efd19-6fde-44ac-9da1-3127aa2c7cbc c71b80b97d2d4eb2bf792c5d347d0791 5edcf32af5894da49defec27e87a2259 - - default default] Tap Mirror: Handle Delete Port: 0391218d-2045-4ef1-9053-85870ed0fafc [pid: 8|app: 0|req: 669/1383] 10.0.0.142 () {32 vars in 726 bytes} [Sat Jul 25 22:19:30 2026] DELETE /v2.0/networks/b2c2df41-a9ef-4248-bc76-1be56badae0d => generated 0 bytes in 361 msecs (HTTP/1.1 204) 3 headers in 131 bytes (1 switches on core 0) [pid: 7|app: 0|req: 715/1384] 10.0.0.142 () {32 vars in 726 bytes} [Sat Jul 25 22:19:30 2026] DELETE /v2.0/networks/0ffbca73-719b-461c-aa72-f4e655090272 => generated 0 bytes in 386 msecs (HTTP/1.1 204) 3 headers in 131 bytes (1 switches on core 0)
2026-07-25 22:19:31.018 8 INFO neutron.db.segments_db [None req-71ce6f6a-1464-42e4-ac2a-d89c17c338bb 2eccc46cbebb4f9299d836534b3fef91 90ea835c02a940cc9288f57183e324d0 - - default default] Added segment 237983fc-4302-4bac-960c-03c7ea084f20 of type geneve for network 392fd357-74c1-458f-a970-1186cfde34e3
2026-07-25 22:19:31.127 8 INFO neutron.db.ovn_revision_numbers_db [None req-71ce6f6a-1464-42e4-ac2a-d89c17c338bb 2eccc46cbebb4f9299d836534b3fef91 90ea835c02a940cc9288f57183e324d0 - - default default] Successfully bumped revision number for resource 392fd357-74c1-458f-a970-1186cfde34e3 (type: networks) to 1
2026-07-25 22:19:31.198 8 INFO neutron.services.segments.plugin [-] Segment 35629461-e45e-454c-970d-4578f3c5204f resource provider aggregate not found
2026-07-25 22:19:31.215 8 INFO neutron.services.segments.plugin [-] Segment 35629461-e45e-454c-970d-4578f3c5204f resource provider aggregate not found
2026-07-25 22:19:31.238 8 INFO neutron.services.segments.plugin [-] Segment 35629461-e45e-454c-970d-4578f3c5204f resource provider not found; error: Placement Client Error (4xx): {"errors": [{"status": 404, "title": "Not Found", "detail": "The resource could not be found.\n\n No resource provider with uuid 35629461-e45e-454c-970d-4578f3c5204f found for delete ", "request_id": "req-e4324e96-aca9-4b20-9020-a73cc4397d0c"}]}
2026-07-25 22:19:31.246 8 INFO neutron.services.segments.plugin [-] Segment 35629461-e45e-454c-970d-4578f3c5204f resource provider not found; error: Placement Client Error (4xx): {"errors": [{"status": 404, "title": "Not Found", "detail": "The resource could not be found.\n\n No resource provider with uuid 35629461-e45e-454c-970d-4578f3c5204f found for delete ", "request_id": "req-7fa4f3d3-ce19-495f-a630-c543206fd166"}]}
2026-07-25 22:19:31.274 8 INFO neutron.services.segments.plugin [-] Segment ee1fe3e0-8263-4f22-8e7f-1d5bc09d917a resource provider aggregate not found
2026-07-25 22:19:31.282 8 INFO neutron.services.segments.plugin [-] Segment ee1fe3e0-8263-4f22-8e7f-1d5bc09d917a resource provider aggregate not found
2026-07-25 22:19:31.299 8 INFO neutron.services.segments.plugin [-] Segment ee1fe3e0-8263-4f22-8e7f-1d5bc09d917a resource provider not found; error: Placement Client Error (4xx): {"errors": [{"status": 404, "title": "Not Found", "detail": "The resource could not be found.\n\n No resource provider with uuid ee1fe3e0-8263-4f22-8e7f-1d5bc09d917a found for delete ", "request_id": "req-f37d2eac-1a63-4f06-a63a-bcae4cc603ed"}]}
2026-07-25 22:19:31.304 8 INFO neutron.services.segments.plugin [-] Segment ee1fe3e0-8263-4f22-8e7f-1d5bc09d917a resource provider not found; error: Placement Client Error (4xx): {"errors": [{"status": 404, "title": "Not Found", "detail": "The resource could not be found.\n\n No resource provider with uuid ee1fe3e0-8263-4f22-8e7f-1d5bc09d917a found for delete ", "request_id": "req-cffe47e6-2213-4cde-89e2-d5f2bd9ca292"}]}
2026-07-25 22:19:31.354 8 WARNING neutron.scheduler.dhcp_agent_scheduler [None req-71ce6f6a-1464-42e4-ac2a-d89c17c338bb 2eccc46cbebb4f9299d836534b3fef91 90ea835c02a940cc9288f57183e324d0 - - default default] No more DHCP agents
2026-07-25 22:19:31.355 8 WARNING neutron.api.rpc.agentnotifiers.dhcp_rpc_agent_api [None req-71ce6f6a-1464-42e4-ac2a-d89c17c338bb 2eccc46cbebb4f9299d836534b3fef91 90ea835c02a940cc9288f57183e324d0 - - default default] Unable to schedule network 392fd357-74c1-458f-a970-1186cfde34e3: no agents available; will retry on subsequent port and subnet creation events.
2026-07-25 22:19:31.404 7 INFO neutron.plugins.ml2.drivers.ovn.mech_driver.mech_driver [None req-04061136-cabd-4d1f-abf2-6b47a23fb445 - - - - - -] OVN reports status down for port: b6fa5163-e902-4f4a-9ebc-ea0c3e80a157
2026-07-25 22:19:31.440 8 INFO neutron.db.ovn_revision_numbers_db [None req-71ce6f6a-1464-42e4-ac2a-d89c17c338bb 2eccc46cbebb4f9299d836534b3fef91 90ea835c02a940cc9288f57183e324d0 - - default default] Successfully bumped revision number for resource b6fa5163-e902-4f4a-9ebc-ea0c3e80a157 (type: ports) to 1 [pid: 8|app: 0|req: 670/1385] 10.0.0.142 () {34 vars in 670 bytes} [Sat Jul 25 22:19:30 2026] POST /v2.0/networks => generated 655 bytes in 544 msecs (HTTP/1.1 201) 4 headers in 162 bytes (1 switches on core 0) [pid: 8|app: 0|req: 671/1386] 10.0.0.142 () {32 vars in 774 bytes} [Sat Jul 25 22:19:31 2026] GET /v2.0/security-groups?tenant_id=5edcf32af5894da49defec27e87a2259&name=default => generated 2925 bytes in 56 msecs (HTTP/1.1 200) 4 headers in 158 bytes (1 switches on core 0)
2026-07-25 22:19:31.616 7 INFO neutron.db.ovn_revision_numbers_db [None req-5ef5e9a5-8cb9-40aa-b81b-4c5adf013a95 5678bb65cbee46e1b285b18aa11cb206 e522aa9bcf8a4918963b9237d424f2ff - - default default] Successfully bumped revision number for resource fe27d52d-10d6-4b2f-a8f7-20ec1f329daf (type: security_groups) to 1
