2026-07-25 22:20:07.970 7 INFO placement.requestlog [req-e90de200-7231-4410-9883-2c1c6c3e019f req-b3109e20-3cef-416b-ae87-bb4d52113bab 2e263a8d58dd4f299abc07cfd5d08c96 bd6c8679c66e44669afef803f3f87ee3 - - 0f0c2add939642868a2962025b338c5f 0f0c2add939642868a2962025b338c5f] 199.204.45.156 "GET /allocations/91041ed4-27b3-4711-aee0-8655ae3ecb05" status: 200 len: 258 microversion: 1.28 [pid: 7|app: 0|req: 328/654] 199.204.45.156 () {34 vars in 863 bytes} [Sat Jul 25 22:20:07 2026] GET /allocations/91041ed4-27b3-4711-aee0-8655ae3ecb05 => generated 258 bytes in 12 msecs (HTTP/1.1 200) 8 headers in 296 bytes (1 switches on core 0)
2026-07-25 22:20:08.017 8 INFO placement.requestlog [req-e90de200-7231-4410-9883-2c1c6c3e019f req-309364f7-dfd8-47b1-b124-71abefbe2c8e 2e263a8d58dd4f299abc07cfd5d08c96 bd6c8679c66e44669afef803f3f87ee3 - - 0f0c2add939642868a2962025b338c5f 0f0c2add939642868a2962025b338c5f] 199.204.45.156 "GET /allocations/02b6911b-ec4e-455f-8e4a-112c45af3d25" status: 200 len: 258 microversion: 1.28 [pid: 8|app: 0|req: 327/655] 199.204.45.156 () {34 vars in 863 bytes} [Sat Jul 25 22:20:07 2026] GET /allocations/02b6911b-ec4e-455f-8e4a-112c45af3d25 => generated 258 bytes in 28 msecs (HTTP/1.1 200) 8 headers in 296 bytes (1 switches on core 0)
2026-07-25 22:20:10.510 7 INFO placement.requestlog [None req-f908760b-f7d6-438e-a14d-da275eacfcfd ee3dbcf4e2c043f0815ac79090581281 bd6c8679c66e44669afef803f3f87ee3 - - 0f0c2add939642868a2962025b338c5f 0f0c2add939642868a2962025b338c5f] 10.0.0.132 "GET /resource_providers/1c058e0f-cd7a-4349-a348-6d0bb2271f74/aggregates" status: 404 len: 235 microversion: 1.1 [pid: 7|app: 0|req: 329/656] 10.0.0.132 () {32 vars in 816 bytes} [Sat Jul 25 22:20:10 2026] GET /resource_providers/1c058e0f-cd7a-4349-a348-6d0bb2271f74/aggregates => generated 235 bytes in 8 msecs (HTTP/1.1 404) 5 headers in 202 bytes (1 switches on core 0)
2026-07-25 22:20:10.514 8 INFO placement.requestlog [None req-180d78d0-d92e-44c0-9074-41f6ba0b4baf ee3dbcf4e2c043f0815ac79090581281 bd6c8679c66e44669afef803f3f87ee3 - - 0f0c2add939642868a2962025b338c5f 0f0c2add939642868a2962025b338c5f] 10.0.0.132 "GET /resource_providers/1c058e0f-cd7a-4349-a348-6d0bb2271f74/aggregates" status: 404 len: 235 microversion: 1.1 [pid: 8|app: 0|req: 328/657] 10.0.0.132 () {32 vars in 816 bytes} [Sat Jul 25 22:20:10 2026] GET /resource_providers/1c058e0f-cd7a-4349-a348-6d0bb2271f74/aggregates => generated 235 bytes in 12 msecs (HTTP/1.1 404) 5 headers in 202 bytes (1 switches on core 0)
2026-07-25 22:20:10.536 7 INFO placement.requestlog [None req-9b552bf5-7836-4320-8564-8b613de224d9 ee3dbcf4e2c043f0815ac79090581281 bd6c8679c66e44669afef803f3f87ee3 - - 0f0c2add939642868a2962025b338c5f 0f0c2add939642868a2962025b338c5f] 10.0.0.132 "DELETE /resource_providers/1c058e0f-cd7a-4349-a348-6d0bb2271f74" status: 404 len: 246 microversion: 1.1 [pid: 7|app: 0|req: 330/658] 10.0.0.132 () {34 vars in 816 bytes} [Sat Jul 25 22:20:10 2026] DELETE /resource_providers/1c058e0f-cd7a-4349-a348-6d0bb2271f74 => generated 246 bytes in 9 msecs (HTTP/1.1 404) 6 headers in 231 bytes (1 switches on core 0)
2026-07-25 22:20:10.538 8 INFO placement.requestlog [None req-d826ebc7-42ae-4259-8b46-dfdab2be6f19 ee3dbcf4e2c043f0815ac79090581281 bd6c8679c66e44669afef803f3f87ee3 - - 0f0c2add939642868a2962025b338c5f 0f0c2add939642868a2962025b338c5f] 10.0.0.132 "DELETE /resource_providers/1c058e0f-cd7a-4349-a348-6d0bb2271f74" status: 404 len: 246 microversion: 1.1 [pid: 8|app: 0|req: 329/659] 10.0.0.132 () {34 vars in 816 bytes} [Sat Jul 25 22:20:10 2026] DELETE /resource_providers/1c058e0f-cd7a-4349-a348-6d0bb2271f74 => generated 246 bytes in 9 msecs (HTTP/1.1 404) 6 headers in 231 bytes (1 switches on core 0)
2026-07-25 22:20:12.268 7 INFO placement.requestlog [req-ba0674c5-21a1-46ac-9ba0-a4f685d43660 req-818fbb59-25c1-4d6f-aa32-839958c10403 2e263a8d58dd4f299abc07cfd5d08c96 bd6c8679c66e44669afef803f3f87ee3 - - 0f0c2add939642868a2962025b338c5f 0f0c2add939642868a2962025b338c5f] 199.204.45.156 "GET /resource_providers/3511dc38-c4c8-4d57-a65a-f9fb8758ad91/allocations" status: 200 len: 253 microversion: 1.0 [pid: 7|app: 0|req: 331/660] 199.204.45.156 () {32 vars in 857 bytes} [Sat Jul 25 22:20:12 2026] GET /resource_providers/3511dc38-c4c8-4d57-a65a-f9fb8758ad91/allocations => generated 253 bytes in 131 msecs (HTTP/1.1 200) 6 headers in 224 bytes (1 switches on core 0)
2026-07-25 22:20:12.295 8 INFO placement.requestlog [req-ba0674c5-21a1-46ac-9ba0-a4f685d43660 req-55362787-2e10-402b-8668-8c40f67d7bd5 2e263a8d58dd4f299abc07cfd5d08c96 bd6c8679c66e44669afef803f3f87ee3 - - 0f0c2add939642868a2962025b338c5f 0f0c2add939642868a2962025b338c5f] 199.204.45.156 "GET /resource_providers?in_tree=3511dc38-c4c8-4d57-a65a-f9fb8758ad91" status: 200 len: 798 microversion: 1.14 [pid: 8|app: 0|req: 330/661] 199.204.45.156 () {34 vars in 892 bytes} [Sat Jul 25 22:20:12 2026] GET /resource_providers?in_tree=3511dc38-c4c8-4d57-a65a-f9fb8758ad91 => generated 798 bytes in 22 msecs (HTTP/1.1 200) 6 headers in 225 bytes (1 switches on core 0)
2026-07-25 22:20:12.325 7 INFO placement.requestlog [req-ba0674c5-21a1-46ac-9ba0-a4f685d43660 req-35dbc625-d814-4af9-9476-2c19476eda74 2e263a8d58dd4f299abc07cfd5d08c96 bd6c8679c66e44669afef803f3f87ee3 - - 0f0c2add939642868a2962025b338c5f 0f0c2add939642868a2962025b338c5f] 199.204.45.156 "GET /resource_providers/3511dc38-c4c8-4d57-a65a-f9fb8758ad91/inventories" status: 200 len: 401 microversion: 1.0 [pid: 7|app: 0|req: 332/662] 199.204.45.156 () {32 vars in 857 bytes} [Sat Jul 25 22:20:12 2026] GET /resource_providers/3511dc38-c4c8-4d57-a65a-f9fb8758ad91/inventories => generated 401 bytes in 21 msecs (HTTP/1.1 200) 6 headers in 224 bytes (1 switches on core 0)
2026-07-25 22:20:12.349 8 INFO placement.requestlog [req-ba0674c5-21a1-46ac-9ba0-a4f685d43660 req-a071e530-8d98-42e9-94f4-ed3ac170b51f 2e263a8d58dd4f299abc07cfd5d08c96 bd6c8679c66e44669afef803f3f87ee3 - - 0f0c2add939642868a2962025b338c5f 0f0c2add939642868a2962025b338c5f] 199.204.45.156 "GET /resource_providers/3511dc38-c4c8-4d57-a65a-f9fb8758ad91/aggregates" status: 200 len: 54 microversion: 1.19 [pid: 8|app: 0|req: 331/663] 199.204.45.156 () {34 vars in 899 bytes} [Sat Jul 25 22:20:12 2026] GET /resource_providers/3511dc38-c4c8-4d57-a65a-f9fb8758ad91/aggregates => generated 54 bytes in 18 msecs (HTTP/1.1 200) 8 headers in 295 bytes (1 switches on core 0)
2026-07-25 22:20:12.377 7 INFO placement.requestlog [req-ba0674c5-21a1-46ac-9ba0-a4f685d43660 req-cc74a9bf-0cd1-4152-885d-9543a41eddbd 2e263a8d58dd4f299abc07cfd5d08c96 bd6c8679c66e44669afef803f3f87ee3 - - 0f0c2add939642868a2962025b338c5f 0f0c2add939642868a2962025b338c5f] 199.204.45.156 "GET /resource_providers/3511dc38-c4c8-4d57-a65a-f9fb8758ad91/traits" status: 200 len: 2317 microversion: 1.6 [pid: 7|app: 0|req: 333/664] 199.204.45.156 () {34 vars in 890 bytes} [Sat Jul 25 22:20:12 2026] GET /resource_providers/3511dc38-c4c8-4d57-a65a-f9fb8758ad91/traits => generated 2317 bytes in 21 msecs (HTTP/1.1 200) 6 headers in 225 bytes (1 switches on core 0)
2026-07-25 22:20:12.395 7 INFO placement.requestlog [None req-f8d2b1c4-80a5-49bc-9343-bf8230d15ae4 ee3dbcf4e2c043f0815ac79090581281 bd6c8679c66e44669afef803f3f87ee3 - - 0f0c2add939642868a2962025b338c5f 0f0c2add939642868a2962025b338c5f] 10.0.0.132 "GET /resource_providers/54f50467-dd8a-4e9b-9c0a-6828a45144d2/aggregates" status: 404 len: 235 microversion: 1.1 [pid: 7|app: 0|req: 334/665] 10.0.0.132 () {32 vars in 816 bytes} [Sat Jul 25 22:20:12 2026] GET /resource_providers/54f50467-dd8a-4e9b-9c0a-6828a45144d2/aggregates => generated 235 bytes in 7 msecs (HTTP/1.1 404) 5 headers in 202 bytes (1 switches on core 0)
2026-07-25 22:20:12.401 8 INFO placement.requestlog [req-ba0674c5-21a1-46ac-9ba0-a4f685d43660 req-f19c499f-8a4e-4693-b544-ea4b7683fbd1 2e263a8d58dd4f299abc07cfd5d08c96 bd6c8679c66e44669afef803f3f87ee3 - - 0f0c2add939642868a2962025b338c5f 0f0c2add939642868a2962025b338c5f] 199.204.45.156 "GET /resource_providers/3511dc38-c4c8-4d57-a65a-f9fb8758ad91/allocations" status: 200 len: 253 microversion: 1.0 [pid: 8|app: 0|req: 332/666] 199.204.45.156 () {32 vars in 857 bytes} [Sat Jul 25 22:20:12 2026] GET /resource_providers/3511dc38-c4c8-4d57-a65a-f9fb8758ad91/allocations => generated 253 bytes in 19 msecs (HTTP/1.1 200) 6 headers in 224 bytes (1 switches on core 0)
2026-07-25 22:20:12.401 7 INFO placement.requestlog [None req-2f8a2132-afa1-46e5-aa69-fc69e76df25f ee3dbcf4e2c043f0815ac79090581281 bd6c8679c66e44669afef803f3f87ee3 - - 0f0c2add939642868a2962025b338c5f 0f0c2add939642868a2962025b338c5f] 10.0.0.132 "GET /resource_providers/54f50467-dd8a-4e9b-9c0a-6828a45144d2/aggregates" status: 404 len: 235 microversion: 1.1 [pid: 7|app: 0|req: 335/667] 10.0.0.132 () {32 vars in 816 bytes} [Sat Jul 25 22:20:12 2026] GET /resource_providers/54f50467-dd8a-4e9b-9c0a-6828a45144d2/aggregates => generated 235 bytes in 6 msecs (HTTP/1.1 404) 5 headers in 202 bytes (1 switches on core 0)
2026-07-25 22:20:12.418 7 INFO placement.requestlog [None req-4876f325-cfad-467b-80a1-2ff6b5a68e3e ee3dbcf4e2c043f0815ac79090581281 bd6c8679c66e44669afef803f3f87ee3 - - 0f0c2add939642868a2962025b338c5f 0f0c2add939642868a2962025b338c5f] 10.0.0.132 "DELETE /resource_providers/54f50467-dd8a-4e9b-9c0a-6828a45144d2" status: 404 len: 246 microversion: 1.1 [pid: 7|app: 0|req: 336/668] 10.0.0.132 () {34 vars in 816 bytes} [Sat Jul 25 22:20:12 2026] DELETE /resource_providers/54f50467-dd8a-4e9b-9c0a-6828a45144d2 => generated 246 bytes in 10 msecs (HTTP/1.1 404) 6 headers in 231 bytes (1 switches on core 0)
2026-07-25 22:20:12.419 7 INFO placement.requestlog [None req-b42b27a7-b1f9-45a2-944d-8e7662faca82 - - - - - -] 10.0.0.218 "GET /" status: 200 len: 136 microversion: 1.0
2026-07-25 22:20:12.420 7 INFO placement.requestlog [None req-3948341f-d315-41d3-a6a2-2d888866a721 - - - - - -] 10.0.0.218 "GET /" status: 200 len: 136 microversion: 1.0
2026-07-25 22:20:12.425 8 INFO placement.requestlog [req-ba0674c5-21a1-46ac-9ba0-a4f685d43660 req-736a33a5-7e11-4ebc-9dbf-e66344633429 2e263a8d58dd4f299abc07cfd5d08c96 bd6c8679c66e44669afef803f3f87ee3 - - 0f0c2add939642868a2962025b338c5f 0f0c2add939642868a2962025b338c5f] 199.204.45.156 "GET /allocations/91041ed4-27b3-4711-aee0-8655ae3ecb05" status: 200 len: 258 microversion: 1.28 [pid: 8|app: 0|req: 333/671] 199.204.45.156 () {34 vars in 863 bytes} [Sat Jul 25 22:20:12 2026] GET /allocations/91041ed4-27b3-4711-aee0-8655ae3ecb05 => generated 258 bytes in 19 msecs (HTTP/1.1 200) 8 headers in 296 bytes (1 switches on core 0)
2026-07-25 22:20:12.427 7 INFO placement.requestlog [None req-3402b31f-cb14-4321-bdbb-c0b23811e92c ee3dbcf4e2c043f0815ac79090581281 bd6c8679c66e44669afef803f3f87ee3 - - 0f0c2add939642868a2962025b338c5f 0f0c2add939642868a2962025b338c5f] 10.0.0.132 "DELETE /resource_providers/54f50467-dd8a-4e9b-9c0a-6828a45144d2" status: 404 len: 246 microversion: 1.1 [pid: 7|app: 0|req: 339/672] 10.0.0.132 () {34 vars in 816 bytes} [Sat Jul 25 22:20:12 2026] DELETE /resource_providers/54f50467-dd8a-4e9b-9c0a-6828a45144d2 => generated 246 bytes in 7 msecs (HTTP/1.1 404) 6 headers in 231 bytes (1 switches on core 0)
2026-07-25 22:20:12.445 8 INFO placement.requestlog [req-ba0674c5-21a1-46ac-9ba0-a4f685d43660 req-35c8a8fb-6c59-4791-9fc8-6e0878290e9e 2e263a8d58dd4f299abc07cfd5d08c96 bd6c8679c66e44669afef803f3f87ee3 - - 0f0c2add939642868a2962025b338c5f 0f0c2add939642868a2962025b338c5f] 199.204.45.156 "GET /allocations/02b6911b-ec4e-455f-8e4a-112c45af3d25" status: 200 len: 258 microversion: 1.28 [pid: 8|app: 0|req: 334/673] 199.204.45.156 () {34 vars in 863 bytes} [Sat Jul 25 22:20:12 2026] GET /allocations/02b6911b-ec4e-455f-8e4a-112c45af3d25 => generated 258 bytes in 10 msecs (HTTP/1.1 200) 8 headers in 296 bytes (1 switches on core 0)
2026-07-25 22:20:15.343 8 INFO placement.requestlog [None req-3027c771-1d8b-4600-b4b1-a3e7ab672ee1 ee3dbcf4e2c043f0815ac79090581281 bd6c8679c66e44669afef803f3f87ee3 - - 0f0c2add939642868a2962025b338c5f 0f0c2add939642868a2962025b338c5f] 10.0.0.132 "GET /resource_providers/5a1046ca-aef0-45d6-b0eb-deed69efd76f/aggregates" status: 404 len: 235 microversion: 1.1 [pid: 8|app: 0|req: 335/674] 10.0.0.132 () {32 vars in 816 bytes} [Sat Jul 25 22:20:15 2026] GET /resource_providers/5a1046ca-aef0-45d6-b0eb-deed69efd76f/aggregates => generated 235 bytes in 8 msecs (HTTP/1.1 404) 5 headers in 202 bytes (1 switches on core 0)
2026-07-25 22:20:15.347 7 INFO placement.requestlog [None req-bccc88c3-3acb-4027-8a83-b27dc36bc442 ee3dbcf4e2c043f0815ac79090581281 bd6c8679c66e44669afef803f3f87ee3 - - 0f0c2add939642868a2962025b338c5f 0f0c2add939642868a2962025b338c5f] 10.0.0.132 "GET /resource_providers/5a1046ca-aef0-45d6-b0eb-deed69efd76f/aggregates" status: 404 len: 235 microversion: 1.1 [pid: 7|app: 0|req: 340/675] 10.0.0.132 () {32 vars in 816 bytes} [Sat Jul 25 22:20:15 2026] GET /resource_providers/5a1046ca-aef0-45d6-b0eb-deed69efd76f/aggregates => generated 235 bytes in 14 msecs (HTTP/1.1 404) 5 headers in 202 bytes (1 switches on core 0)
2026-07-25 22:20:15.363 8 INFO placement.requestlog [None req-248c83f9-5cb5-49ff-98f4-de0af1c8e9f2 ee3dbcf4e2c043f0815ac79090581281 bd6c8679c66e44669afef803f3f87ee3 - - 0f0c2add939642868a2962025b338c5f 0f0c2add939642868a2962025b338c5f] 10.0.0.132 "DELETE /resource_providers/5a1046ca-aef0-45d6-b0eb-deed69efd76f" status: 404 len: 246 microversion: 1.1 [pid: 8|app: 0|req: 336/676] 10.0.0.132 () {34 vars in 816 bytes} [Sat Jul 25 22:20:15 2026] DELETE /resource_providers/5a1046ca-aef0-45d6-b0eb-deed69efd76f => generated 246 bytes in 7 msecs (HTTP/1.1 404) 6 headers in 231 bytes (1 switches on core 0)
2026-07-25 22:20:15.367 7 INFO placement.requestlog [None req-d4bb4f6b-8991-4ece-b338-2c9f9738d523 ee3dbcf4e2c043f0815ac79090581281 bd6c8679c66e44669afef803f3f87ee3 - - 0f0c2add939642868a2962025b338c5f 0f0c2add939642868a2962025b338c5f] 10.0.0.132 "DELETE /resource_providers/5a1046ca-aef0-45d6-b0eb-deed69efd76f" status: 404 len: 246 microversion: 1.1 [pid: 7|app: 0|req: 341/677] 10.0.0.132 () {34 vars in 816 bytes} [Sat Jul 25 22:20:15 2026] DELETE /resource_providers/5a1046ca-aef0-45d6-b0eb-deed69efd76f => generated 246 bytes in 9 msecs (HTTP/1.1 404) 6 headers in 231 bytes (1 switches on core 0)
2026-07-25 22:20:22.417 8 INFO placement.requestlog [None req-6ead06cb-be56-42db-b150-bfc737d1dde6 - - - - - -] 10.0.0.218 "GET /" status: 200 len: 136 microversion: 1.0
2026-07-25 22:20:22.419 7 INFO placement.requestlog [None req-f0fdc936-ed58-4b61-a6d5-65c5f9432f93 - - - - - -] 10.0.0.218 "GET /" status: 200 len: 136 microversion: 1.0
2026-07-25 22:20:32.316 8 INFO placement.requestlog [req-c5ab8bfc-7795-460a-bf9b-0998b89795e1 req-bb1a86ae-18e0-4835-b95a-ae0ce3543966 2e263a8d58dd4f299abc07cfd5d08c96 bd6c8679c66e44669afef803f3f87ee3 - - 0f0c2add939642868a2962025b338c5f 0f0c2add939642868a2962025b338c5f] 199.204.45.156 "GET /resource_providers/3511dc38-c4c8-4d57-a65a-f9fb8758ad91/allocations" status: 200 len: 253 microversion: 1.0 [pid: 8|app: 0|req: 338/680] 199.204.45.156 () {32 vars in 857 bytes} [Sat Jul 25 22:20:32 2026] GET /resource_providers/3511dc38-c4c8-4d57-a65a-f9fb8758ad91/allocations => generated 253 bytes in 21 msecs (HTTP/1.1 200) 6 headers in 224 bytes (1 switches on core 0)
2026-07-25 22:20:32.335 7 INFO placement.requestlog [req-c5ab8bfc-7795-460a-bf9b-0998b89795e1 req-b118e7a9-49e5-4b13-9555-427384ce49b5 2e263a8d58dd4f299abc07cfd5d08c96 bd6c8679c66e44669afef803f3f87ee3 - - 0f0c2add939642868a2962025b338c5f 0f0c2add939642868a2962025b338c5f] 199.204.45.156 "GET /allocations/91041ed4-27b3-4711-aee0-8655ae3ecb05" status: 200 len: 258 microversion: 1.28 [pid: 7|app: 0|req: 343/681] 199.204.45.156 () {34 vars in 863 bytes} [Sat Jul 25 22:20:32 2026] GET /allocations/91041ed4-27b3-4711-aee0-8655ae3ecb05 => generated 258 bytes in 10 msecs (HTTP/1.1 200) 8 headers in 296 bytes (1 switches on core 0)
2026-07-25 22:20:32.358 8 INFO placement.requestlog [req-c5ab8bfc-7795-460a-bf9b-0998b89795e1 req-95c492e8-0b9e-42c2-a498-eb63cfaf7590 2e263a8d58dd4f299abc07cfd5d08c96 bd6c8679c66e44669afef803f3f87ee3 - - 0f0c2add939642868a2962025b338c5f 0f0c2add939642868a2962025b338c5f] 199.204.45.156 "GET /allocations/02b6911b-ec4e-455f-8e4a-112c45af3d25" status: 200 len: 258 microversion: 1.28 [pid: 8|app: 0|req: 339/682] 199.204.45.156 () {34 vars in 863 bytes} [Sat Jul 25 22:20:32 2026] GET /allocations/02b6911b-ec4e-455f-8e4a-112c45af3d25 => generated 258 bytes in 19 msecs (HTTP/1.1 200) 8 headers in 296 bytes (1 switches on core 0)
2026-07-25 22:20:32.417 8 INFO placement.requestlog [None req-0a82abbe-1070-46bc-8579-58b6af241db6 - - - - - -] 10.0.0.218 "GET /" status: 200 len: 136 microversion: 1.0
2026-07-25 22:20:32.417 7 INFO placement.requestlog [None req-465cc2b7-5ff2-42ae-a619-545bf31b1c4f - - - - - -] 10.0.0.218 "GET /" status: 200 len: 136 microversion: 1.0
2026-07-25 22:20:33.407 8 INFO placement.requestlog [req-c5ab8bfc-7795-460a-bf9b-0998b89795e1 req-96c0b3b0-de8c-47c9-948d-bb3570aab760 2e263a8d58dd4f299abc07cfd5d08c96 bd6c8679c66e44669afef803f3f87ee3 - - 0f0c2add939642868a2962025b338c5f 0f0c2add939642868a2962025b338c5f] 199.204.45.156 "DELETE /allocations/02b6911b-ec4e-455f-8e4a-112c45af3d25" status: 204 len: 0 microversion: 1.0 [pid: 8|app: 0|req: 341/685] 199.204.45.156 () {34 vars in 841 bytes} [Sat Jul 25 22:20:33 2026] DELETE /allocations/02b6911b-ec4e-455f-8e4a-112c45af3d25 => generated 0 bytes in 23 msecs (HTTP/1.1 204) 5 headers in 198 bytes (1 switches on core 0)
2026-07-25 22:20:40.323 7 INFO placement.requestlog [None req-b702b0b8-6eae-4eb0-bfdc-f284bab7ac00 ee3dbcf4e2c043f0815ac79090581281 bd6c8679c66e44669afef803f3f87ee3 - - 0f0c2add939642868a2962025b338c5f 0f0c2add939642868a2962025b338c5f] 10.0.0.132 "GET /resource_providers/63705a73-ef79-47f3-879b-3c5d1c5b74a7/aggregates" status: 404 len: 235 microversion: 1.1 [pid: 7|app: 0|req: 345/686] 10.0.0.132 () {32 vars in 816 bytes} [Sat Jul 25 22:20:40 2026] GET /resource_providers/63705a73-ef79-47f3-879b-3c5d1c5b74a7/aggregates => generated 235 bytes in 10 msecs (HTTP/1.1 404) 5 headers in 202 bytes (1 switches on core 0)
2026-07-25 22:20:40.326 8 INFO placement.requestlog [None req-6e031afe-f4d4-48e2-ab78-eeef9fa910ef ee3dbcf4e2c043f0815ac79090581281 bd6c8679c66e44669afef803f3f87ee3 - - 0f0c2add939642868a2962025b338c5f 0f0c2add939642868a2962025b338c5f] 10.0.0.132 "GET /resource_providers/63705a73-ef79-47f3-879b-3c5d1c5b74a7/aggregates" status: 404 len: 235 microversion: 1.1 [pid: 8|app: 0|req: 342/687] 10.0.0.132 () {32 vars in 816 bytes} [Sat Jul 25 22:20:40 2026] GET /resource_providers/63705a73-ef79-47f3-879b-3c5d1c5b74a7/aggregates => generated 235 bytes in 13 msecs (HTTP/1.1 404) 5 headers in 202 bytes (1 switches on core 0)
2026-07-25 22:20:40.352 7 INFO placement.requestlog [None req-129a58a1-67bb-4186-975d-6181bbdb25ec ee3dbcf4e2c043f0815ac79090581281 bd6c8679c66e44669afef803f3f87ee3 - - 0f0c2add939642868a2962025b338c5f 0f0c2add939642868a2962025b338c5f] 10.0.0.132 "DELETE /resource_providers/63705a73-ef79-47f3-879b-3c5d1c5b74a7" status: 404 len: 246 microversion: 1.1 [pid: 7|app: 0|req: 346/688] 10.0.0.132 () {34 vars in 816 bytes} [Sat Jul 25 22:20:40 2026] DELETE /resource_providers/63705a73-ef79-47f3-879b-3c5d1c5b74a7 => generated 246 bytes in 12 msecs (HTTP/1.1 404) 6 headers in 231 bytes (1 switches on core 0)
2026-07-25 22:20:40.353 8 INFO placement.requestlog [None req-c2d7ab53-2077-4d62-818d-ceeac8f82190 ee3dbcf4e2c043f0815ac79090581281 bd6c8679c66e44669afef803f3f87ee3 - - 0f0c2add939642868a2962025b338c5f 0f0c2add939642868a2962025b338c5f] 10.0.0.132 "DELETE /resource_providers/63705a73-ef79-47f3-879b-3c5d1c5b74a7" status: 404 len: 246 microversion: 1.1 [pid: 8|app: 0|req: 343/689] 10.0.0.132 () {34 vars in 816 bytes} [Sat Jul 25 22:20:40 2026] DELETE /resource_providers/63705a73-ef79-47f3-879b-3c5d1c5b74a7 => generated 246 bytes in 10 msecs (HTTP/1.1 404) 6 headers in 231 bytes (1 switches on core 0)
2026-07-25 22:20:41.380 7 INFO placement.requestlog [req-55a238aa-7aac-4f6c-ab4e-10667c09b23a req-21d9bea6-e507-42ab-884b-e95c89113cd2 2e263a8d58dd4f299abc07cfd5d08c96 bd6c8679c66e44669afef803f3f87ee3 - - 0f0c2add939642868a2962025b338c5f 0f0c2add939642868a2962025b338c5f] 199.204.45.156 "GET /resource_providers/3511dc38-c4c8-4d57-a65a-f9fb8758ad91/allocations" status: 200 len: 153 microversion: 1.0 [pid: 7|app: 0|req: 347/690] 199.204.45.156 () {32 vars in 857 bytes} [Sat Jul 25 22:20:41 2026] GET /resource_providers/3511dc38-c4c8-4d57-a65a-f9fb8758ad91/allocations => generated 153 bytes in 16 msecs (HTTP/1.1 200) 6 headers in 224 bytes (1 switches on core 0)
2026-07-25 22:20:41.402 8 INFO placement.requestlog [req-55a238aa-7aac-4f6c-ab4e-10667c09b23a req-486d4763-281b-4214-9709-7d9e9607ca5b 2e263a8d58dd4f299abc07cfd5d08c96 bd6c8679c66e44669afef803f3f87ee3 - - 0f0c2add939642868a2962025b338c5f 0f0c2add939642868a2962025b338c5f] 199.204.45.156 "GET /allocations/91041ed4-27b3-4711-aee0-8655ae3ecb05" status: 200 len: 258 microversion: 1.28 [pid: 8|app: 0|req: 344/691] 199.204.45.156 () {34 vars in 863 bytes} [Sat Jul 25 22:20:41 2026] GET /allocations/91041ed4-27b3-4711-aee0-8655ae3ecb05 => generated 258 bytes in 15 msecs (HTTP/1.1 200) 8 headers in 296 bytes (1 switches on core 0)
2026-07-25 22:20:42.269 7 INFO placement.requestlog [req-d2618360-fe6a-4a4c-941b-084dcd8dcd1d req-05340af3-1b06-4cfd-bdeb-c86f96d1fd86 2e263a8d58dd4f299abc07cfd5d08c96 bd6c8679c66e44669afef803f3f87ee3 - - 0f0c2add939642868a2962025b338c5f 0f0c2add939642868a2962025b338c5f] 10.0.0.56 "GET /allocation_candidates?limit=1000&resources=DISK_GB%3A1%2CMEMORY_MB%3A512%2CVCPU%3A1&root_required=%21COMPUTE_STATUS_DISABLED" status: 200 len: 2783 microversion: 1.36 [pid: 7|app: 0|req: 348/692] 10.0.0.56 () {34 vars in 1011 bytes} [Sat Jul 25 22:20:42 2026] GET /allocation_candidates?limit=1000&resources=DISK_GB%3A1%2CMEMORY_MB%3A512%2CVCPU%3A1&root_required=%21COMPUTE_STATUS_DISABLED => generated 2783 bytes in 46 msecs (HTTP/1.1 200) 8 headers in 297 bytes (1 switches on core 0)
2026-07-25 22:20:42.314 8 INFO placement.requestlog [req-d2618360-fe6a-4a4c-941b-084dcd8dcd1d req-9088eb7d-03b5-4161-9b35-00981bf599ba 2e263a8d58dd4f299abc07cfd5d08c96 bd6c8679c66e44669afef803f3f87ee3 - - 0f0c2add939642868a2962025b338c5f 0f0c2add939642868a2962025b338c5f] 10.0.0.56 "GET /allocations/8e22f7a0-3454-48de-af70-9676d73ba01d" status: 200 len: 19 microversion: 1.28 [pid: 8|app: 0|req: 345/693] 10.0.0.56 () {34 vars in 860 bytes} [Sat Jul 25 22:20:42 2026] GET /allocations/8e22f7a0-3454-48de-af70-9676d73ba01d => generated 19 bytes in 16 msecs (HTTP/1.1 200) 8 headers in 295 bytes (1 switches on core 0)
2026-07-25 22:20:42.399 7 INFO placement.requestlog [req-d2618360-fe6a-4a4c-941b-084dcd8dcd1d req-5940b5ea-c744-442c-9ff0-96b84f951d3a 2e263a8d58dd4f299abc07cfd5d08c96 bd6c8679c66e44669afef803f3f87ee3 - - 0f0c2add939642868a2962025b338c5f 0f0c2add939642868a2962025b338c5f] 10.0.0.56 "PUT /allocations/8e22f7a0-3454-48de-af70-9676d73ba01d" status: 204 len: 0 microversion: 1.36 [pid: 7|app: 0|req: 349/694] 10.0.0.56 () {38 vars in 913 bytes} [Sat Jul 25 22:20:42 2026] PUT /allocations/8e22f7a0-3454-48de-af70-9676d73ba01d => generated 0 bytes in 80 msecs (HTTP/1.1 204) 5 headers in 199 bytes (1 switches on core 0)
2026-07-25 22:20:42.417 8 INFO placement.requestlog [None req-6651489e-2003-49dc-a9d6-d1bacbb48a88 - - - - - -] 10.0.0.218 "GET /" status: 200 len: 136 microversion: 1.0
2026-07-25 22:20:42.417 7 INFO placement.requestlog [None req-22994a83-e3e9-4112-a7b3-4cd1c06884d1 - - - - - -] 10.0.0.218 "GET /" status: 200 len: 136 microversion: 1.0
2026-07-25 22:20:42.446 8 INFO placement.requestlog [req-55a238aa-7aac-4f6c-ab4e-10667c09b23a req-6f619ebc-265c-4909-a4b4-18ddffe88d28 2e263a8d58dd4f299abc07cfd5d08c96 bd6c8679c66e44669afef803f3f87ee3 - - 0f0c2add939642868a2962025b338c5f 0f0c2add939642868a2962025b338c5f] 199.204.45.156 "DELETE /allocations/91041ed4-27b3-4711-aee0-8655ae3ecb05" status: 204 len: 0 microversion: 1.0 [pid: 8|app: 0|req: 347/697] 199.204.45.156 () {34 vars in 841 bytes} [Sat Jul 25 22:20:42 2026] DELETE /allocations/91041ed4-27b3-4711-aee0-8655ae3ecb05 => generated 0 bytes in 21 msecs (HTTP/1.1 204) 5 headers in 198 bytes (1 switches on core 0)
2026-07-25 22:20:43.861 7 INFO placement.requestlog [req-d2618360-fe6a-4a4c-941b-084dcd8dcd1d req-87a64d82-ee3b-4507-b65a-231cf20e2284 2e263a8d58dd4f299abc07cfd5d08c96 bd6c8679c66e44669afef803f3f87ee3 - - 0f0c2add939642868a2962025b338c5f 0f0c2add939642868a2962025b338c5f] 199.204.45.156 "GET /allocations/8e22f7a0-3454-48de-af70-9676d73ba01d" status: 200 len: 258 microversion: 1.28 [pid: 7|app: 0|req: 351/698] 199.204.45.156 () {34 vars in 863 bytes} [Sat Jul 25 22:20:43 2026] GET /allocations/8e22f7a0-3454-48de-af70-9676d73ba01d => generated 258 bytes in 13 msecs (HTTP/1.1 200) 8 headers in 296 bytes (1 switches on core 0)
2026-07-25 22:20:44.904 8 INFO placement.requestlog [req-d2618360-fe6a-4a4c-941b-084dcd8dcd1d req-b363c847-d3d6-4585-9aae-90414e784a32 2e263a8d58dd4f299abc07cfd5d08c96 bd6c8679c66e44669afef803f3f87ee3 - - 0f0c2add939642868a2962025b338c5f 0f0c2add939642868a2962025b338c5f] 199.204.45.156 "GET /resource_providers/3511dc38-c4c8-4d57-a65a-f9fb8758ad91/allocations" status: 200 len: 153 microversion: 1.0 [pid: 8|app: 0|req: 348/699] 199.204.45.156 () {32 vars in 857 bytes} [Sat Jul 25 22:20:44 2026] GET /resource_providers/3511dc38-c4c8-4d57-a65a-f9fb8758ad91/allocations => generated 153 bytes in 15 msecs (HTTP/1.1 200) 6 headers in 224 bytes (1 switches on core 0)
2026-07-25 22:20:44.928 7 INFO placement.requestlog [req-d2618360-fe6a-4a4c-941b-084dcd8dcd1d req-a7af8d54-003a-4dfd-bb62-7c46e3aa2dae 2e263a8d58dd4f299abc07cfd5d08c96 bd6c8679c66e44669afef803f3f87ee3 - - 0f0c2add939642868a2962025b338c5f 0f0c2add939642868a2962025b338c5f] 199.204.45.156 "GET /allocations/8e22f7a0-3454-48de-af70-9676d73ba01d" status: 200 len: 258 microversion: 1.28 [pid: 7|app: 0|req: 352/700] 199.204.45.156 () {34 vars in 863 bytes} [Sat Jul 25 22:20:44 2026] GET /allocations/8e22f7a0-3454-48de-af70-9676d73ba01d => generated 258 bytes in 16 msecs (HTTP/1.1 200) 8 headers in 296 bytes (1 switches on core 0)
2026-07-25 22:20:46.305 8 INFO placement.requestlog [None req-117c7d92-1b71-430c-bbce-0e498a871a5a ee3dbcf4e2c043f0815ac79090581281 bd6c8679c66e44669afef803f3f87ee3 - - 0f0c2add939642868a2962025b338c5f 0f0c2add939642868a2962025b338c5f] 10.0.0.132 "GET /resource_providers/a48d4417-bbfa-4892-9d4a-e07271661acc/aggregates" status: 404 len: 235 microversion: 1.1 [pid: 8|app: 0|req: 349/701] 10.0.0.132 () {32 vars in 816 bytes} [Sat Jul 25 22:20:46 2026] GET /resource_providers/a48d4417-bbfa-4892-9d4a-e07271661acc/aggregates => generated 235 bytes in 15 msecs (HTTP/1.1 404) 5 headers in 202 bytes (1 switches on core 0)
2026-07-25 22:20:46.309 7 INFO placement.requestlog [None req-414163bb-6628-42bd-bed6-9237dd003f15 ee3dbcf4e2c043f0815ac79090581281 bd6c8679c66e44669afef803f3f87ee3 - - 0f0c2add939642868a2962025b338c5f 0f0c2add939642868a2962025b338c5f] 10.0.0.132 "GET /resource_providers/a48d4417-bbfa-4892-9d4a-e07271661acc/aggregates" status: 404 len: 235 microversion: 1.1 [pid: 7|app: 0|req: 353/702] 10.0.0.132 () {32 vars in 816 bytes} [Sat Jul 25 22:20:46 2026] GET /resource_providers/a48d4417-bbfa-4892-9d4a-e07271661acc/aggregates => generated 235 bytes in 14 msecs (HTTP/1.1 404) 5 headers in 202 bytes (1 switches on core 0)
2026-07-25 22:20:46.338 7 INFO placement.requestlog [None req-335b1b44-8fef-44ce-8497-99998ac9f421 ee3dbcf4e2c043f0815ac79090581281 bd6c8679c66e44669afef803f3f87ee3 - - 0f0c2add939642868a2962025b338c5f 0f0c2add939642868a2962025b338c5f] 10.0.0.132 "DELETE /resource_providers/a48d4417-bbfa-4892-9d4a-e07271661acc" status: 404 len: 246 microversion: 1.1 [pid: 7|app: 0|req: 354/703] 10.0.0.132 () {34 vars in 816 bytes} [Sat Jul 25 22:20:46 2026] DELETE /resource_providers/a48d4417-bbfa-4892-9d4a-e07271661acc => generated 246 bytes in 14 msecs (HTTP/1.1 404) 6 headers in 231 bytes (1 switches on core 0)
2026-07-25 22:20:46.340 8 INFO placement.requestlog [None req-98d33822-5739-41a3-8473-0714694b285b ee3dbcf4e2c043f0815ac79090581281 bd6c8679c66e44669afef803f3f87ee3 - - 0f0c2add939642868a2962025b338c5f 0f0c2add939642868a2962025b338c5f] 10.0.0.132 "DELETE /resource_providers/a48d4417-bbfa-4892-9d4a-e07271661acc" status: 404 len: 246 microversion: 1.1 [pid: 8|app: 0|req: 350/704] 10.0.0.132 () {34 vars in 816 bytes} [Sat Jul 25 22:20:46 2026] DELETE /resource_providers/a48d4417-bbfa-4892-9d4a-e07271661acc => generated 246 bytes in 16 msecs (HTTP/1.1 404) 6 headers in 231 bytes (1 switches on core 0)
2026-07-25 22:20:48.330 8 INFO placement.requestlog [None req-0aeadfb1-376a-49e2-8ef6-51451ecdd972 ee3dbcf4e2c043f0815ac79090581281 bd6c8679c66e44669afef803f3f87ee3 - - 0f0c2add939642868a2962025b338c5f 0f0c2add939642868a2962025b338c5f] 10.0.0.132 "GET /resource_providers/710c74f9-3318-4a26-b8ef-5a16dbbee738/aggregates" status: 404 len: 235 microversion: 1.1 [pid: 8|app: 0|req: 351/705] 10.0.0.132 () {32 vars in 816 bytes} [Sat Jul 25 22:20:48 2026] GET /resource_providers/710c74f9-3318-4a26-b8ef-5a16dbbee738/aggregates => generated 235 bytes in 13 msecs (HTTP/1.1 404) 5 headers in 202 bytes (1 switches on core 0)
2026-07-25 22:20:48.332 7 INFO placement.requestlog [None req-03650477-9bad-4b92-85b3-38f110f42e65 ee3dbcf4e2c043f0815ac79090581281 bd6c8679c66e44669afef803f3f87ee3 - - 0f0c2add939642868a2962025b338c5f 0f0c2add939642868a2962025b338c5f] 10.0.0.132 "GET /resource_providers/710c74f9-3318-4a26-b8ef-5a16dbbee738/aggregates" status: 404 len: 235 microversion: 1.1 [pid: 7|app: 0|req: 355/706] 10.0.0.132 () {32 vars in 816 bytes} [Sat Jul 25 22:20:48 2026] GET /resource_providers/710c74f9-3318-4a26-b8ef-5a16dbbee738/aggregates => generated 235 bytes in 15 msecs (HTTP/1.1 404) 5 headers in 202 bytes (1 switches on core 0)
2026-07-25 22:20:48.354 8 INFO placement.requestlog [None req-b7f5d739-3edd-4cb3-b121-a62f9179b7db ee3dbcf4e2c043f0815ac79090581281 bd6c8679c66e44669afef803f3f87ee3 - - 0f0c2add939642868a2962025b338c5f 0f0c2add939642868a2962025b338c5f] 10.0.0.132 "DELETE /resource_providers/710c74f9-3318-4a26-b8ef-5a16dbbee738" status: 404 len: 246 microversion: 1.1 [pid: 8|app: 0|req: 352/707] 10.0.0.132 () {34 vars in 816 bytes} [Sat Jul 25 22:20:48 2026] DELETE /resource_providers/710c74f9-3318-4a26-b8ef-5a16dbbee738 => generated 246 bytes in 9 msecs (HTTP/1.1 404) 6 headers in 231 bytes (1 switches on core 0)
2026-07-25 22:20:48.360 7 INFO placement.requestlog [None req-5e0199ee-5058-4c4b-8c11-f53f3814c5b3 ee3dbcf4e2c043f0815ac79090581281 bd6c8679c66e44669afef803f3f87ee3 - - 0f0c2add939642868a2962025b338c5f 0f0c2add939642868a2962025b338c5f] 10.0.0.132 "DELETE /resource_providers/710c74f9-3318-4a26-b8ef-5a16dbbee738" status: 404 len: 246 microversion: 1.1 [pid: 7|app: 0|req: 356/708] 10.0.0.132 () {34 vars in 816 bytes} [Sat Jul 25 22:20:48 2026] DELETE /resource_providers/710c74f9-3318-4a26-b8ef-5a16dbbee738 => generated 246 bytes in 14 msecs (HTTP/1.1 404) 6 headers in 231 bytes (1 switches on core 0)
2026-07-25 22:20:50.381 8 INFO placement.requestlog [None req-40666b4f-b458-4abc-bc89-f7812ceca1af ee3dbcf4e2c043f0815ac79090581281 bd6c8679c66e44669afef803f3f87ee3 - - 0f0c2add939642868a2962025b338c5f 0f0c2add939642868a2962025b338c5f] 10.0.0.132 "GET /resource_providers/36fe8273-3302-488f-af27-856af33a2edb/aggregates" status: 404 len: 235 microversion: 1.1 [pid: 8|app: 0|req: 353/709] 10.0.0.132 () {32 vars in 816 bytes} [Sat Jul 25 22:20:50 2026] GET /resource_providers/36fe8273-3302-488f-af27-856af33a2edb/aggregates => generated 235 bytes in 12 msecs (HTTP/1.1 404) 5 headers in 202 bytes (1 switches on core 0)
2026-07-25 22:20:50.384 7 INFO placement.requestlog [None req-0daea61a-bb2c-4a7f-98f0-dce1dbd463be ee3dbcf4e2c043f0815ac79090581281 bd6c8679c66e44669afef803f3f87ee3 - - 0f0c2add939642868a2962025b338c5f 0f0c2add939642868a2962025b338c5f] 10.0.0.132 "GET /resource_providers/36fe8273-3302-488f-af27-856af33a2edb/aggregates" status: 404 len: 235 microversion: 1.1 [pid: 7|app: 0|req: 357/710] 10.0.0.132 () {32 vars in 816 bytes} [Sat Jul 25 22:20:50 2026] GET /resource_providers/36fe8273-3302-488f-af27-856af33a2edb/aggregates => generated 235 bytes in 11 msecs (HTTP/1.1 404) 5 headers in 202 bytes (1 switches on core 0)
2026-07-25 22:20:50.407 8 INFO placement.requestlog [None req-2cb6b1f2-dfe2-4b75-a88a-e0e242f04059 ee3dbcf4e2c043f0815ac79090581281 bd6c8679c66e44669afef803f3f87ee3 - - 0f0c2add939642868a2962025b338c5f 0f0c2add939642868a2962025b338c5f] 10.0.0.132 "DELETE /resource_providers/36fe8273-3302-488f-af27-856af33a2edb" status: 404 len: 246 microversion: 1.1 [pid: 8|app: 0|req: 354/711] 10.0.0.132 () {34 vars in 816 bytes} [Sat Jul 25 22:20:50 2026] DELETE /resource_providers/36fe8273-3302-488f-af27-856af33a2edb => generated 246 bytes in 12 msecs (HTTP/1.1 404) 6 headers in 231 bytes (1 switches on core 0)
2026-07-25 22:20:50.417 7 INFO placement.requestlog [None req-f67b1f8f-4d3d-4b2b-a8e1-abad951cefff ee3dbcf4e2c043f0815ac79090581281 bd6c8679c66e44669afef803f3f87ee3 - - 0f0c2add939642868a2962025b338c5f 0f0c2add939642868a2962025b338c5f] 10.0.0.132 "DELETE /resource_providers/36fe8273-3302-488f-af27-856af33a2edb" status: 404 len: 246 microversion: 1.1 [pid: 7|app: 0|req: 358/712] 10.0.0.132 () {34 vars in 816 bytes} [Sat Jul 25 22:20:50 2026] DELETE /resource_providers/36fe8273-3302-488f-af27-856af33a2edb => generated 246 bytes in 18 msecs (HTTP/1.1 404) 6 headers in 231 bytes (1 switches on core 0)
2026-07-25 22:20:52.417 8 INFO placement.requestlog [None req-feefd23e-be29-4108-86ee-b370e8ad587d - - - - - -] 10.0.0.218 "GET /" status: 200 len: 136 microversion: 1.0
2026-07-25 22:20:52.417 7 INFO placement.requestlog [None req-964fa07e-54ab-4245-8a58-08a5b2a43ba9 - - - - - -] 10.0.0.218 "GET /" status: 200 len: 136 microversion: 1.0
2026-07-25 22:20:55.247 8 INFO placement.requestlog [None req-5809f67b-c014-418a-b8d1-c5ad2222e589 ee3dbcf4e2c043f0815ac79090581281 bd6c8679c66e44669afef803f3f87ee3 - - 0f0c2add939642868a2962025b338c5f 0f0c2add939642868a2962025b338c5f] 10.0.0.132 "GET /resource_providers/989d384e-5a10-45c7-9512-7daf519b947b/aggregates" status: 404 len: 235 microversion: 1.1 [pid: 8|app: 0|req: 356/715] 10.0.0.132 () {32 vars in 816 bytes} [Sat Jul 25 22:20:55 2026] GET /resource_providers/989d384e-5a10-45c7-9512-7daf519b947b/aggregates => generated 235 bytes in 11 msecs (HTTP/1.1 404) 5 headers in 202 bytes (1 switches on core 0)
2026-07-25 22:20:55.257 7 INFO placement.requestlog [None req-64516880-6cf8-4a82-b955-ef8769cdb2ba ee3dbcf4e2c043f0815ac79090581281 bd6c8679c66e44669afef803f3f87ee3 - - 0f0c2add939642868a2962025b338c5f 0f0c2add939642868a2962025b338c5f] 10.0.0.132 "GET /resource_providers/989d384e-5a10-45c7-9512-7daf519b947b/aggregates" status: 404 len: 235 microversion: 1.1 [pid: 7|app: 0|req: 360/716] 10.0.0.132 () {32 vars in 816 bytes} [Sat Jul 25 22:20:55 2026] GET /resource_providers/989d384e-5a10-45c7-9512-7daf519b947b/aggregates => generated 235 bytes in 11 msecs (HTTP/1.1 404) 5 headers in 202 bytes (1 switches on core 0)
2026-07-25 22:20:55.264 8 INFO placement.requestlog [None req-7ff8236b-fbcd-4429-91a1-8da7588967e5 ee3dbcf4e2c043f0815ac79090581281 bd6c8679c66e44669afef803f3f87ee3 - - 0f0c2add939642868a2962025b338c5f 0f0c2add939642868a2962025b338c5f] 10.0.0.132 "DELETE /resource_providers/989d384e-5a10-45c7-9512-7daf519b947b" status: 404 len: 246 microversion: 1.1 [pid: 8|app: 0|req: 357/717] 10.0.0.132 () {34 vars in 816 bytes} [Sat Jul 25 22:20:55 2026] DELETE /resource_providers/989d384e-5a10-45c7-9512-7daf519b947b => generated 246 bytes in 8 msecs (HTTP/1.1 404) 6 headers in 231 bytes (1 switches on core 0)
2026-07-25 22:20:55.289 7 INFO placement.requestlog [None req-03fb66ab-c851-4ad5-b49a-842651982b86 ee3dbcf4e2c043f0815ac79090581281 bd6c8679c66e44669afef803f3f87ee3 - - 0f0c2add939642868a2962025b338c5f 0f0c2add939642868a2962025b338c5f] 10.0.0.132 "DELETE /resource_providers/989d384e-5a10-45c7-9512-7daf519b947b" status: 404 len: 246 microversion: 1.1 [pid: 7|app: 0|req: 361/718] 10.0.0.132 () {34 vars in 816 bytes} [Sat Jul 25 22:20:55 2026] DELETE /resource_providers/989d384e-5a10-45c7-9512-7daf519b947b => generated 246 bytes in 19 msecs (HTTP/1.1 404) 6 headers in 231 bytes (1 switches on core 0)
2026-07-25 22:21:00.300 8 INFO placement.requestlog [None req-a31796aa-bc5b-4c5e-af9a-614b6bd9e101 ee3dbcf4e2c043f0815ac79090581281 bd6c8679c66e44669afef803f3f87ee3 - - 0f0c2add939642868a2962025b338c5f 0f0c2add939642868a2962025b338c5f] 10.0.0.132 "GET /resource_providers/9c2f4c38-50ea-4e57-938e-f36078dd5a09/aggregates" status: 404 len: 235 microversion: 1.1 [pid: 8|app: 0|req: 358/719] 10.0.0.132 () {32 vars in 816 bytes} [Sat Jul 25 22:21:00 2026] GET /resource_providers/9c2f4c38-50ea-4e57-938e-f36078dd5a09/aggregates => generated 235 bytes in 15 msecs (HTTP/1.1 404) 5 headers in 202 bytes (1 switches on core 0)
2026-07-25 22:21:00.301 7 INFO placement.requestlog [None req-b5a566f2-575d-4b90-9aad-db04cb96ed36 ee3dbcf4e2c043f0815ac79090581281 bd6c8679c66e44669afef803f3f87ee3 - - 0f0c2add939642868a2962025b338c5f 0f0c2add939642868a2962025b338c5f] 10.0.0.132 "GET /resource_providers/9c2f4c38-50ea-4e57-938e-f36078dd5a09/aggregates" status: 404 len: 235 microversion: 1.1 [pid: 7|app: 0|req: 362/720] 10.0.0.132 () {32 vars in 816 bytes} [Sat Jul 25 22:21:00 2026] GET /resource_providers/9c2f4c38-50ea-4e57-938e-f36078dd5a09/aggregates => generated 235 bytes in 15 msecs (HTTP/1.1 404) 5 headers in 202 bytes (1 switches on core 0)
2026-07-25 22:21:00.319 8 INFO placement.requestlog [None req-655539f4-20db-41c4-a8fe-d7ca971835dd ee3dbcf4e2c043f0815ac79090581281 bd6c8679c66e44669afef803f3f87ee3 - - 0f0c2add939642868a2962025b338c5f 0f0c2add939642868a2962025b338c5f] 10.0.0.132 "DELETE /resource_providers/9c2f4c38-50ea-4e57-938e-f36078dd5a09" status: 404 len: 246 microversion: 1.1 [pid: 8|app: 0|req: 359/721] 10.0.0.132 () {34 vars in 816 bytes} [Sat Jul 25 22:21:00 2026] DELETE /resource_providers/9c2f4c38-50ea-4e57-938e-f36078dd5a09 => generated 246 bytes in 7 msecs (HTTP/1.1 404) 6 headers in 231 bytes (1 switches on core 0)
2026-07-25 22:21:00.328 7 INFO placement.requestlog [None req-49d3f730-a464-44b5-9327-f10f06e2a383 ee3dbcf4e2c043f0815ac79090581281 bd6c8679c66e44669afef803f3f87ee3 - - 0f0c2add939642868a2962025b338c5f 0f0c2add939642868a2962025b338c5f] 10.0.0.132 "DELETE /resource_providers/9c2f4c38-50ea-4e57-938e-f36078dd5a09" status: 404 len: 246 microversion: 1.1 [pid: 7|app: 0|req: 363/722] 10.0.0.132 () {34 vars in 816 bytes} [Sat Jul 25 22:21:00 2026] DELETE /resource_providers/9c2f4c38-50ea-4e57-938e-f36078dd5a09 => generated 246 bytes in 13 msecs (HTTP/1.1 404) 6 headers in 231 bytes (1 switches on core 0)
2026-07-25 22:21:02.417 8 INFO placement.requestlog [None req-a8783231-b319-40c2-94df-93e4f7df98d0 - - - - - -] 10.0.0.218 "GET /" status: 200 len: 136 microversion: 1.0
2026-07-25 22:21:02.417 7 INFO placement.requestlog [None req-2d7fcc84-6528-4881-b1ee-4e1d62799fc3 - - - - - -] 10.0.0.218 "GET /" status: 200 len: 136 microversion: 1.0
2026-07-25 22:21:12.417 8 INFO placement.requestlog [None req-13e51627-0584-4eec-97ed-246fdde5a375 - - - - - -] 10.0.0.218 "GET /" status: 200 len: 136 microversion: 1.0
2026-07-25 22:21:12.418 7 INFO placement.requestlog [None req-118a4451-94b8-4a78-b1b4-f9e8647383d1 - - - - - -] 10.0.0.218 "GET /" status: 200 len: 136 microversion: 1.0
2026-07-25 22:21:13.537 8 INFO placement.requestlog [req-4f822b88-717a-4c57-a2f1-ce981cb370b9 req-52a90dcd-1df2-4f19-b7a1-8fff14cb1b7d 2e263a8d58dd4f299abc07cfd5d08c96 bd6c8679c66e44669afef803f3f87ee3 - - 0f0c2add939642868a2962025b338c5f 0f0c2add939642868a2962025b338c5f] 199.204.45.156 "GET /resource_providers/3511dc38-c4c8-4d57-a65a-f9fb8758ad91/allocations" status: 200 len: 153 microversion: 1.0 [pid: 8|app: 0|req: 362/727] 199.204.45.156 () {32 vars in 857 bytes} [Sat Jul 25 22:21:13 2026] GET /resource_providers/3511dc38-c4c8-4d57-a65a-f9fb8758ad91/allocations => generated 153 bytes in 17 msecs (HTTP/1.1 200) 6 headers in 224 bytes (1 switches on core 0)
2026-07-25 22:21:13.565 7 INFO placement.requestlog [req-4f822b88-717a-4c57-a2f1-ce981cb370b9 req-413d999b-5d95-4485-97c6-5e8c41fac2b8 2e263a8d58dd4f299abc07cfd5d08c96 bd6c8679c66e44669afef803f3f87ee3 - - 0f0c2add939642868a2962025b338c5f 0f0c2add939642868a2962025b338c5f] 199.204.45.156 "GET /resource_providers/3511dc38-c4c8-4d57-a65a-f9fb8758ad91/allocations" status: 200 len: 153 microversion: 1.0 [pid: 7|app: 0|req: 366/728] 199.204.45.156 () {32 vars in 857 bytes} [Sat Jul 25 22:21:13 2026] GET /resource_providers/3511dc38-c4c8-4d57-a65a-f9fb8758ad91/allocations => generated 153 bytes in 18 msecs (HTTP/1.1 200) 6 headers in 224 bytes (1 switches on core 0)
2026-07-25 22:21:13.583 8 INFO placement.requestlog [req-4f822b88-717a-4c57-a2f1-ce981cb370b9 req-bc520fda-4dec-470f-a214-856e2e785016 2e263a8d58dd4f299abc07cfd5d08c96 bd6c8679c66e44669afef803f3f87ee3 - - 0f0c2add939642868a2962025b338c5f 0f0c2add939642868a2962025b338c5f] 199.204.45.156 "GET /allocations/8e22f7a0-3454-48de-af70-9676d73ba01d" status: 200 len: 258 microversion: 1.28 [pid: 8|app: 0|req: 363/729] 199.204.45.156 () {34 vars in 863 bytes} [Sat Jul 25 22:21:13 2026] GET /allocations/8e22f7a0-3454-48de-af70-9676d73ba01d => generated 258 bytes in 12 msecs (HTTP/1.1 200) 8 headers in 296 bytes (1 switches on core 0)
2026-07-25 22:21:14.647 7 INFO placement.requestlog [req-74a2c3eb-2191-47ae-84a0-9fe78341621e req-fb288a5a-c4c5-4ef0-9019-202c37b9f775 2e263a8d58dd4f299abc07cfd5d08c96 bd6c8679c66e44669afef803f3f87ee3 - - 0f0c2add939642868a2962025b338c5f 0f0c2add939642868a2962025b338c5f] 199.204.45.156 "DELETE /allocations/8e22f7a0-3454-48de-af70-9676d73ba01d" status: 204 len: 0 microversion: 1.0 [pid: 7|app: 0|req: 367/730] 199.204.45.156 () {34 vars in 841 bytes} [Sat Jul 25 22:21:14 2026] DELETE /allocations/8e22f7a0-3454-48de-af70-9676d73ba01d => generated 0 bytes in 33 msecs (HTTP/1.1 204) 5 headers in 198 bytes (1 switches on core 0)
2026-07-25 22:21:18.622 8 INFO placement.requestlog [None req-28193a61-1dcf-40c1-9bcd-cdb65032a974 ee3dbcf4e2c043f0815ac79090581281 bd6c8679c66e44669afef803f3f87ee3 - - 0f0c2add939642868a2962025b338c5f 0f0c2add939642868a2962025b338c5f] 10.0.0.132 "GET /resource_providers/3598176c-a1d7-43bd-81c9-8421b0c8db22/aggregates" status: 404 len: 235 microversion: 1.1 [pid: 8|app: 0|req: 364/731] 10.0.0.132 () {32 vars in 816 bytes} [Sat Jul 25 22:21:18 2026] GET /resource_providers/3598176c-a1d7-43bd-81c9-8421b0c8db22/aggregates => generated 235 bytes in 8 msecs (HTTP/1.1 404) 5 headers in 202 bytes (1 switches on core 0)
2026-07-25 22:21:18.624 7 INFO placement.requestlog [None req-79f4b8e4-066c-44db-8c69-c1ca9d22e604 ee3dbcf4e2c043f0815ac79090581281 bd6c8679c66e44669afef803f3f87ee3 - - 0f0c2add939642868a2962025b338c5f 0f0c2add939642868a2962025b338c5f] 10.0.0.132 "GET /resource_providers/3598176c-a1d7-43bd-81c9-8421b0c8db22/aggregates" status: 404 len: 235 microversion: 1.1 [pid: 7|app: 0|req: 368/732] 10.0.0.132 () {32 vars in 816 bytes} [Sat Jul 25 22:21:18 2026] GET /resource_providers/3598176c-a1d7-43bd-81c9-8421b0c8db22/aggregates => generated 235 bytes in 10 msecs (HTTP/1.1 404) 5 headers in 202 bytes (1 switches on core 0)
2026-07-25 22:21:18.648 8 INFO placement.requestlog [None req-e8a63236-0253-4e95-ac18-aeb0ddc5319d ee3dbcf4e2c043f0815ac79090581281 bd6c8679c66e44669afef803f3f87ee3 - - 0f0c2add939642868a2962025b338c5f 0f0c2add939642868a2962025b338c5f] 10.0.0.132 "DELETE /resource_providers/3598176c-a1d7-43bd-81c9-8421b0c8db22" status: 404 len: 246 microversion: 1.1 [pid: 8|app: 0|req: 365/733] 10.0.0.132 () {34 vars in 816 bytes} [Sat Jul 25 22:21:18 2026] DELETE /resource_providers/3598176c-a1d7-43bd-81c9-8421b0c8db22 => generated 246 bytes in 10 msecs (HTTP/1.1 404) 6 headers in 231 bytes (1 switches on core 0)
2026-07-25 22:21:18.650 7 INFO placement.requestlog [None req-0222bf0a-dc5b-48ff-b935-534fd736ffe5 ee3dbcf4e2c043f0815ac79090581281 bd6c8679c66e44669afef803f3f87ee3 - - 0f0c2add939642868a2962025b338c5f 0f0c2add939642868a2962025b338c5f] 10.0.0.132 "DELETE /resource_providers/3598176c-a1d7-43bd-81c9-8421b0c8db22" status: 404 len: 246 microversion: 1.1 [pid: 7|app: 0|req: 369/734] 10.0.0.132 () {34 vars in 816 bytes} [Sat Jul 25 22:21:18 2026] DELETE /resource_providers/3598176c-a1d7-43bd-81c9-8421b0c8db22 => generated 246 bytes in 10 msecs (HTTP/1.1 404) 6 headers in 231 bytes (1 switches on core 0)
2026-07-25 22:21:22.417 7 INFO placement.requestlog [None req-2b16daba-ef8f-47fd-affa-5ecdf3ffb51a - - - - - -] 10.0.0.218 "GET /" status: 200 len: 136 microversion: 1.0
2026-07-25 22:21:22.417 8 INFO placement.requestlog [None req-383a08ef-3b49-4a1a-b6cb-13e08817e72b - - - - - -] 10.0.0.218 "GET /" status: 200 len: 136 microversion: 1.0
2026-07-25 22:21:22.790 7 INFO placement.requestlog [None req-6fed4f8e-13df-4e0c-96c0-a6db623c0962 ee3dbcf4e2c043f0815ac79090581281 bd6c8679c66e44669afef803f3f87ee3 - - 0f0c2add939642868a2962025b338c5f 0f0c2add939642868a2962025b338c5f] 10.0.0.132 "GET /resource_providers/b3d4d430-db8e-427b-99d4-c26cc9552602/aggregates" status: 404 len: 235 microversion: 1.1 [pid: 7|app: 0|req: 371/737] 10.0.0.132 () {32 vars in 816 bytes} [Sat Jul 25 22:21:22 2026] GET /resource_providers/b3d4d430-db8e-427b-99d4-c26cc9552602/aggregates => generated 235 bytes in 9 msecs (HTTP/1.1 404) 5 headers in 202 bytes (1 switches on core 0)
2026-07-25 22:21:22.792 8 INFO placement.requestlog [None req-c57513de-9b1a-45b4-a514-925172a82e03 ee3dbcf4e2c043f0815ac79090581281 bd6c8679c66e44669afef803f3f87ee3 - - 0f0c2add939642868a2962025b338c5f 0f0c2add939642868a2962025b338c5f] 10.0.0.132 "GET /resource_providers/b3d4d430-db8e-427b-99d4-c26cc9552602/aggregates" status: 404 len: 235 microversion: 1.1 [pid: 8|app: 0|req: 367/738] 10.0.0.132 () {32 vars in 816 bytes} [Sat Jul 25 22:21:22 2026] GET /resource_providers/b3d4d430-db8e-427b-99d4-c26cc9552602/aggregates => generated 235 bytes in 10 msecs (HTTP/1.1 404) 5 headers in 202 bytes (1 switches on core 0)
2026-07-25 22:21:22.815 7 INFO placement.requestlog [None req-cf1151a4-b06c-4206-93f1-a0a92ab6aee9 ee3dbcf4e2c043f0815ac79090581281 bd6c8679c66e44669afef803f3f87ee3 - - 0f0c2add939642868a2962025b338c5f 0f0c2add939642868a2962025b338c5f] 10.0.0.132 "DELETE /resource_providers/b3d4d430-db8e-427b-99d4-c26cc9552602" status: 404 len: 246 microversion: 1.1 [pid: 7|app: 0|req: 372/739] 10.0.0.132 () {34 vars in 816 bytes} [Sat Jul 25 22:21:22 2026] DELETE /resource_providers/b3d4d430-db8e-427b-99d4-c26cc9552602 => generated 246 bytes in 6 msecs (HTTP/1.1 404) 6 headers in 231 bytes (1 switches on core 0)
2026-07-25 22:21:22.817 8 INFO placement.requestlog [None req-6b6cc609-637d-465b-893b-efb50054d1ac ee3dbcf4e2c043f0815ac79090581281 bd6c8679c66e44669afef803f3f87ee3 - - 0f0c2add939642868a2962025b338c5f 0f0c2add939642868a2962025b338c5f] 10.0.0.132 "DELETE /resource_providers/b3d4d430-db8e-427b-99d4-c26cc9552602" status: 404 len: 246 microversion: 1.1 [pid: 8|app: 0|req: 368/740] 10.0.0.132 () {34 vars in 816 bytes} [Sat Jul 25 22:21:22 2026] DELETE /resource_providers/b3d4d430-db8e-427b-99d4-c26cc9552602 => generated 246 bytes in 8 msecs (HTTP/1.1 404) 6 headers in 231 bytes (1 switches on core 0)
2026-07-25 22:21:28.269 8 INFO placement.requestlog [None req-1a218650-8b53-41cf-9631-91dd70a5facf ee3dbcf4e2c043f0815ac79090581281 bd6c8679c66e44669afef803f3f87ee3 - - 0f0c2add939642868a2962025b338c5f 0f0c2add939642868a2962025b338c5f] 10.0.0.132 "GET /resource_providers/28e54202-c311-49bc-b19f-f5a1eb1bd9b3/aggregates" status: 404 len: 235 microversion: 1.1 [pid: 8|app: 0|req: 369/741] 10.0.0.132 () {32 vars in 816 bytes} [Sat Jul 25 22:21:28 2026] GET /resource_providers/28e54202-c311-49bc-b19f-f5a1eb1bd9b3/aggregates => generated 235 bytes in 10 msecs (HTTP/1.1 404) 5 headers in 202 bytes (1 switches on core 0)
2026-07-25 22:21:28.270 7 INFO placement.requestlog [None req-83afd71a-7bd1-488f-987f-bbdb10df3e4a ee3dbcf4e2c043f0815ac79090581281 bd6c8679c66e44669afef803f3f87ee3 - - 0f0c2add939642868a2962025b338c5f 0f0c2add939642868a2962025b338c5f] 10.0.0.132 "GET /resource_providers/28e54202-c311-49bc-b19f-f5a1eb1bd9b3/aggregates" status: 404 len: 235 microversion: 1.1 [pid: 7|app: 0|req: 373/742] 10.0.0.132 () {32 vars in 816 bytes} [Sat Jul 25 22:21:28 2026] GET /resource_providers/28e54202-c311-49bc-b19f-f5a1eb1bd9b3/aggregates => generated 235 bytes in 11 msecs (HTTP/1.1 404) 5 headers in 202 bytes (1 switches on core 0)
2026-07-25 22:21:28.295 8 INFO placement.requestlog [None req-6851e1bb-994e-4ffc-8f55-7f1c49bf309a ee3dbcf4e2c043f0815ac79090581281 bd6c8679c66e44669afef803f3f87ee3 - - 0f0c2add939642868a2962025b338c5f 0f0c2add939642868a2962025b338c5f] 10.0.0.132 "DELETE /resource_providers/28e54202-c311-49bc-b19f-f5a1eb1bd9b3" status: 404 len: 246 microversion: 1.1 [pid: 8|app: 0|req: 370/743] 10.0.0.132 () {34 vars in 816 bytes} [Sat Jul 25 22:21:28 2026] DELETE /resource_providers/28e54202-c311-49bc-b19f-f5a1eb1bd9b3 => generated 246 bytes in 12 msecs (HTTP/1.1 404) 6 headers in 231 bytes (1 switches on core 0)
2026-07-25 22:21:28.296 7 INFO placement.requestlog [None req-d233329d-b40f-48c9-9942-2fab5981245e ee3dbcf4e2c043f0815ac79090581281 bd6c8679c66e44669afef803f3f87ee3 - - 0f0c2add939642868a2962025b338c5f 0f0c2add939642868a2962025b338c5f] 10.0.0.132 "DELETE /resource_providers/28e54202-c311-49bc-b19f-f5a1eb1bd9b3" status: 404 len: 246 microversion: 1.1 [pid: 7|app: 0|req: 374/744] 10.0.0.132 () {34 vars in 816 bytes} [Sat Jul 25 22:21:28 2026] DELETE /resource_providers/28e54202-c311-49bc-b19f-f5a1eb1bd9b3 => generated 246 bytes in 13 msecs (HTTP/1.1 404) 6 headers in 231 bytes (1 switches on core 0)
