2026-07-25 22:18:16.031 8 INFO cinder.api.openstack.wsgi [None req-d69e69c7-38a4-4fca-8694-9c9515f42cdc e9441c818bd24e55b5e268d59c1a3d40 32bada048cca47368d7e505508985605 - - default default] GET http://cinder-api.openstack.svc.cluster.local:8776/v3/32bada048cca47368d7e505508985605/volumes/detail?all_tenants=true
2026-07-25 22:18:16.040 8 INFO cinder.volume.api [None req-d69e69c7-38a4-4fca-8694-9c9515f42cdc e9441c818bd24e55b5e268d59c1a3d40 32bada048cca47368d7e505508985605 - - default default] Get all volumes completed successfully.
2026-07-25 22:18:16.041 8 INFO cinder.api.openstack.wsgi [None req-d69e69c7-38a4-4fca-8694-9c9515f42cdc e9441c818bd24e55b5e268d59c1a3d40 32bada048cca47368d7e505508985605 - - default default] http://cinder-api.openstack.svc.cluster.local:8776/v3/32bada048cca47368d7e505508985605/volumes/detail?all_tenants=true returned with HTTP 200 [pid: 8|app: 0|req: 244/489] 10.0.0.10 () {28 vars in 683 bytes} [Sat Jul 25 22:18:16 2026] GET /v3/32bada048cca47368d7e505508985605/volumes/detail?all_tenants=true => generated 15 bytes in 19 msecs (HTTP/1.1 200) 7 headers in 284 bytes (1 switches on core 0)
2026-07-25 22:18:16.051 7 INFO cinder.api.openstack.wsgi [None req-a8398a2b-1af4-44f2-abf6-18a31c569cb3 e9441c818bd24e55b5e268d59c1a3d40 32bada048cca47368d7e505508985605 - - default default] GET http://cinder-api.openstack.svc.cluster.local:8776/v3/32bada048cca47368d7e505508985605/snapshots?all_tenants=true
2026-07-25 22:18:16.061 7 INFO cinder.volume.api [None req-a8398a2b-1af4-44f2-abf6-18a31c569cb3 e9441c818bd24e55b5e268d59c1a3d40 32bada048cca47368d7e505508985605 - - default default] Get all snapshots completed successfully.
2026-07-25 22:18:16.061 7 INFO cinder.api.openstack.wsgi [None req-a8398a2b-1af4-44f2-abf6-18a31c569cb3 e9441c818bd24e55b5e268d59c1a3d40 32bada048cca47368d7e505508985605 - - default default] http://cinder-api.openstack.svc.cluster.local:8776/v3/32bada048cca47368d7e505508985605/snapshots?all_tenants=true returned with HTTP 200 [pid: 7|app: 0|req: 246/490] 10.0.0.10 () {28 vars in 673 bytes} [Sat Jul 25 22:18:16 2026] GET /v3/32bada048cca47368d7e505508985605/snapshots?all_tenants=true => generated 17 bytes in 18 msecs (HTTP/1.1 200) 7 headers in 284 bytes (1 switches on core 0)
2026-07-25 22:18:16.073 8 INFO cinder.api.openstack.wsgi [None req-6662a0af-93b1-42ed-b8cf-27dc8f0116e6 e9441c818bd24e55b5e268d59c1a3d40 32bada048cca47368d7e505508985605 - - default default] GET http://cinder-api.openstack.svc.cluster.local:8776/v3/32bada048cca47368d7e505508985605/scheduler-stats/get_pools?detail=true
2026-07-25 22:18:16.577 8 INFO cinder.api.openstack.wsgi [None req-6662a0af-93b1-42ed-b8cf-27dc8f0116e6 e9441c818bd24e55b5e268d59c1a3d40 32bada048cca47368d7e505508985605 - - default default] http://cinder-api.openstack.svc.cluster.local:8776/v3/32bada048cca47368d7e505508985605/scheduler-stats/get_pools?detail=true returned with HTTP 200 [pid: 8|app: 0|req: 245/491] 10.0.0.10 () {28 vars in 695 bytes} [Sat Jul 25 22:18:16 2026] GET /v3/32bada048cca47368d7e505508985605/scheduler-stats/get_pools?detail=true => generated 670 bytes in 511 msecs (HTTP/1.1 200) 7 headers in 285 bytes (1 switches on core 0)
2026-07-25 22:18:16.650 7 INFO cinder.api.openstack.wsgi [None req-e3acd2ec-33f3-4340-aab9-73f2385796d4 e9441c818bd24e55b5e268d59c1a3d40 32bada048cca47368d7e505508985605 - - default default] GET http://cinder-api.openstack.svc.cluster.local:8776/v3/32bada048cca47368d7e505508985605/os-quota-sets/1d22653f00b34beba2fb5df76a0fd2fc?usage=true
2026-07-25 22:18:16.674 7 INFO cinder.api.openstack.wsgi [None req-e3acd2ec-33f3-4340-aab9-73f2385796d4 e9441c818bd24e55b5e268d59c1a3d40 32bada048cca47368d7e505508985605 - - default default] http://cinder-api.openstack.svc.cluster.local:8776/v3/32bada048cca47368d7e505508985605/os-quota-sets/1d22653f00b34beba2fb5df76a0fd2fc?usage=true returned with HTTP 200 [pid: 7|app: 0|req: 247/492] 10.0.0.10 () {28 vars in 735 bytes} [Sat Jul 25 22:18:16 2026] GET /v3/32bada048cca47368d7e505508985605/os-quota-sets/1d22653f00b34beba2fb5df76a0fd2fc?usage=true => generated 847 bytes in 33 msecs (HTTP/1.1 200) 7 headers in 285 bytes (1 switches on core 0)
2026-07-25 22:18:16.684 8 INFO cinder.api.openstack.wsgi [None req-438b616e-2cca-4604-b4f3-fe641e45599d e9441c818bd24e55b5e268d59c1a3d40 32bada048cca47368d7e505508985605 - - default default] GET http://cinder-api.openstack.svc.cluster.local:8776/v3/32bada048cca47368d7e505508985605/os-quota-sets/32bada048cca47368d7e505508985605?usage=true
2026-07-25 22:18:16.711 8 INFO cinder.api.openstack.wsgi [None req-438b616e-2cca-4604-b4f3-fe641e45599d e9441c818bd24e55b5e268d59c1a3d40 32bada048cca47368d7e505508985605 - - default default] http://cinder-api.openstack.svc.cluster.local:8776/v3/32bada048cca47368d7e505508985605/os-quota-sets/32bada048cca47368d7e505508985605?usage=true returned with HTTP 200 [pid: 8|app: 0|req: 246/493] 10.0.0.10 () {28 vars in 735 bytes} [Sat Jul 25 22:18:16 2026] GET /v3/32bada048cca47368d7e505508985605/os-quota-sets/32bada048cca47368d7e505508985605?usage=true => generated 845 bytes in 33 msecs (HTTP/1.1 200) 7 headers in 285 bytes (1 switches on core 0)
2026-07-25 22:18:16.726 7 INFO cinder.api.openstack.wsgi [None req-86922945-ec2a-4309-9e04-c833cb23387d e9441c818bd24e55b5e268d59c1a3d40 32bada048cca47368d7e505508985605 - - default default] GET http://cinder-api.openstack.svc.cluster.local:8776/v3/32bada048cca47368d7e505508985605/os-quota-sets/5d563f422f5e418aaf3056966f39dcd9?usage=true
2026-07-25 22:18:16.746 7 INFO cinder.api.openstack.wsgi [None req-86922945-ec2a-4309-9e04-c833cb23387d e9441c818bd24e55b5e268d59c1a3d40 32bada048cca47368d7e505508985605 - - default default] http://cinder-api.openstack.svc.cluster.local:8776/v3/32bada048cca47368d7e505508985605/os-quota-sets/5d563f422f5e418aaf3056966f39dcd9?usage=true returned with HTTP 200 [pid: 7|app: 0|req: 248/494] 10.0.0.10 () {28 vars in 735 bytes} [Sat Jul 25 22:18:16 2026] GET /v3/32bada048cca47368d7e505508985605/os-quota-sets/5d563f422f5e418aaf3056966f39dcd9?usage=true => generated 847 bytes in 30 msecs (HTTP/1.1 200) 7 headers in 285 bytes (1 switches on core 0)
2026-07-25 22:18:16.759 8 INFO cinder.api.openstack.wsgi [None req-7d2f5819-43a3-4117-9fed-20f1359f307f e9441c818bd24e55b5e268d59c1a3d40 32bada048cca47368d7e505508985605 - - default default] GET http://cinder-api.openstack.svc.cluster.local:8776/v3/32bada048cca47368d7e505508985605/os-quota-sets/7f93b244434f4cfb98c0906b42385d3a?usage=true
2026-07-25 22:18:16.780 8 INFO cinder.api.openstack.wsgi [None req-7d2f5819-43a3-4117-9fed-20f1359f307f e9441c818bd24e55b5e268d59c1a3d40 32bada048cca47368d7e505508985605 - - default default] http://cinder-api.openstack.svc.cluster.local:8776/v3/32bada048cca47368d7e505508985605/os-quota-sets/7f93b244434f4cfb98c0906b42385d3a?usage=true returned with HTTP 200 [pid: 8|app: 0|req: 247/495] 10.0.0.10 () {28 vars in 735 bytes} [Sat Jul 25 22:18:16 2026] GET /v3/32bada048cca47368d7e505508985605/os-quota-sets/7f93b244434f4cfb98c0906b42385d3a?usage=true => generated 847 bytes in 31 msecs (HTTP/1.1 200) 7 headers in 285 bytes (1 switches on core 0)
2026-07-25 22:18:16.806 7 INFO cinder.api.openstack.wsgi [None req-0bf6da2b-05db-46fa-85e0-a3ca6e271b5e e9441c818bd24e55b5e268d59c1a3d40 32bada048cca47368d7e505508985605 - - default default] GET http://cinder-api.openstack.svc.cluster.local:8776/v3/32bada048cca47368d7e505508985605/os-quota-sets/a034de646ba24ce0bad9648c43e7bc89?usage=true
2026-07-25 22:18:16.830 7 INFO cinder.api.openstack.wsgi [None req-0bf6da2b-05db-46fa-85e0-a3ca6e271b5e e9441c818bd24e55b5e268d59c1a3d40 32bada048cca47368d7e505508985605 - - default default] http://cinder-api.openstack.svc.cluster.local:8776/v3/32bada048cca47368d7e505508985605/os-quota-sets/a034de646ba24ce0bad9648c43e7bc89?usage=true returned with HTTP 200 [pid: 7|app: 0|req: 249/496] 10.0.0.10 () {28 vars in 735 bytes} [Sat Jul 25 22:18:16 2026] GET /v3/32bada048cca47368d7e505508985605/os-quota-sets/a034de646ba24ce0bad9648c43e7bc89?usage=true => generated 847 bytes in 36 msecs (HTTP/1.1 200) 7 headers in 285 bytes (1 switches on core 0)
2026-07-25 22:18:16.844 8 INFO cinder.api.openstack.wsgi [None req-f7c3259a-a95f-462c-9c1a-2f80ecfd9c27 e9441c818bd24e55b5e268d59c1a3d40 32bada048cca47368d7e505508985605 - - default default] GET http://cinder-api.openstack.svc.cluster.local:8776/v3/32bada048cca47368d7e505508985605/os-quota-sets/a19b6efec354402a8f0b6f25aa8d9915?usage=true
2026-07-25 22:18:16.862 8 INFO cinder.api.openstack.wsgi [None req-f7c3259a-a95f-462c-9c1a-2f80ecfd9c27 e9441c818bd24e55b5e268d59c1a3d40 32bada048cca47368d7e505508985605 - - default default] http://cinder-api.openstack.svc.cluster.local:8776/v3/32bada048cca47368d7e505508985605/os-quota-sets/a19b6efec354402a8f0b6f25aa8d9915?usage=true returned with HTTP 200 [pid: 8|app: 0|req: 248/497] 10.0.0.10 () {28 vars in 735 bytes} [Sat Jul 25 22:18:16 2026] GET /v3/32bada048cca47368d7e505508985605/os-quota-sets/a19b6efec354402a8f0b6f25aa8d9915?usage=true => generated 847 bytes in 28 msecs (HTTP/1.1 200) 7 headers in 285 bytes (1 switches on core 0)
2026-07-25 22:18:16.880 7 INFO cinder.api.openstack.wsgi [None req-df38ddd2-d5c6-4946-960c-498c6091a111 e9441c818bd24e55b5e268d59c1a3d40 32bada048cca47368d7e505508985605 - - default default] GET http://cinder-api.openstack.svc.cluster.local:8776/v3/32bada048cca47368d7e505508985605/os-quota-sets/b18b45ce5b4a4a1f9a646e3c8dd3874a?usage=true
2026-07-25 22:18:16.912 7 INFO cinder.api.openstack.wsgi [None req-df38ddd2-d5c6-4946-960c-498c6091a111 e9441c818bd24e55b5e268d59c1a3d40 32bada048cca47368d7e505508985605 - - default default] http://cinder-api.openstack.svc.cluster.local:8776/v3/32bada048cca47368d7e505508985605/os-quota-sets/b18b45ce5b4a4a1f9a646e3c8dd3874a?usage=true returned with HTTP 200 [pid: 7|app: 0|req: 250/498] 10.0.0.10 () {28 vars in 735 bytes} [Sat Jul 25 22:18:16 2026] GET /v3/32bada048cca47368d7e505508985605/os-quota-sets/b18b45ce5b4a4a1f9a646e3c8dd3874a?usage=true => generated 847 bytes in 41 msecs (HTTP/1.1 200) 7 headers in 285 bytes (1 switches on core 0)
2026-07-25 22:18:16.926 8 INFO cinder.api.openstack.wsgi [None req-8dafd06b-b77f-4eeb-b7d3-662df6827c61 e9441c818bd24e55b5e268d59c1a3d40 32bada048cca47368d7e505508985605 - - default default] GET http://cinder-api.openstack.svc.cluster.local:8776/v3/32bada048cca47368d7e505508985605/os-quota-sets/b95802d8109b48a7ae2ecd8575f37de4?usage=true
2026-07-25 22:18:16.945 8 INFO cinder.api.openstack.wsgi [None req-8dafd06b-b77f-4eeb-b7d3-662df6827c61 e9441c818bd24e55b5e268d59c1a3d40 32bada048cca47368d7e505508985605 - - default default] http://cinder-api.openstack.svc.cluster.local:8776/v3/32bada048cca47368d7e505508985605/os-quota-sets/b95802d8109b48a7ae2ecd8575f37de4?usage=true returned with HTTP 200 [pid: 8|app: 0|req: 249/499] 10.0.0.10 () {28 vars in 735 bytes} [Sat Jul 25 22:18:16 2026] GET /v3/32bada048cca47368d7e505508985605/os-quota-sets/b95802d8109b48a7ae2ecd8575f37de4?usage=true => generated 845 bytes in 27 msecs (HTTP/1.1 200) 7 headers in 285 bytes (1 switches on core 0)
2026-07-25 22:18:21.546 8 INFO cinder.api.openstack.wsgi [None req-8dafd06b-b77f-4eeb-b7d3-662df6827c61 e9441c818bd24e55b5e268d59c1a3d40 32bada048cca47368d7e505508985605 - - default default] GET http://10.0.0.240:8776/
2026-07-25 22:18:21.548 8 INFO cinder.api.openstack.wsgi [None req-8dafd06b-b77f-4eeb-b7d3-662df6827c61 e9441c818bd24e55b5e268d59c1a3d40 32bada048cca47368d7e505508985605 - - default default] http://10.0.0.240:8776/ returned with HTTP 300
2026-07-25 22:18:21.549 7 INFO cinder.api.openstack.wsgi [None req-df38ddd2-d5c6-4946-960c-498c6091a111 e9441c818bd24e55b5e268d59c1a3d40 32bada048cca47368d7e505508985605 - - default default] GET http://10.0.0.240:8776/
2026-07-25 22:18:21.550 7 INFO cinder.api.openstack.wsgi [None req-df38ddd2-d5c6-4946-960c-498c6091a111 e9441c818bd24e55b5e268d59c1a3d40 32bada048cca47368d7e505508985605 - - default default] http://10.0.0.240:8776/ returned with HTTP 300
2026-07-25 22:18:31.546 8 INFO cinder.api.openstack.wsgi [None req-8dafd06b-b77f-4eeb-b7d3-662df6827c61 e9441c818bd24e55b5e268d59c1a3d40 32bada048cca47368d7e505508985605 - - default default] GET http://10.0.0.240:8776/
2026-07-25 22:18:31.547 7 INFO cinder.api.openstack.wsgi [None req-df38ddd2-d5c6-4946-960c-498c6091a111 e9441c818bd24e55b5e268d59c1a3d40 32bada048cca47368d7e505508985605 - - default default] GET http://10.0.0.240:8776/
2026-07-25 22:18:31.547 8 INFO cinder.api.openstack.wsgi [None req-8dafd06b-b77f-4eeb-b7d3-662df6827c61 e9441c818bd24e55b5e268d59c1a3d40 32bada048cca47368d7e505508985605 - - default default] http://10.0.0.240:8776/ returned with HTTP 300
2026-07-25 22:18:31.548 7 INFO cinder.api.openstack.wsgi [None req-df38ddd2-d5c6-4946-960c-498c6091a111 e9441c818bd24e55b5e268d59c1a3d40 32bada048cca47368d7e505508985605 - - default default] http://10.0.0.240:8776/ returned with HTTP 300
2026-07-25 22:18:41.546 8 INFO cinder.api.openstack.wsgi [None req-8dafd06b-b77f-4eeb-b7d3-662df6827c61 e9441c818bd24e55b5e268d59c1a3d40 32bada048cca47368d7e505508985605 - - default default] GET http://10.0.0.240:8776/
2026-07-25 22:18:41.546 7 INFO cinder.api.openstack.wsgi [None req-df38ddd2-d5c6-4946-960c-498c6091a111 e9441c818bd24e55b5e268d59c1a3d40 32bada048cca47368d7e505508985605 - - default default] GET http://10.0.0.240:8776/
2026-07-25 22:18:41.547 8 INFO cinder.api.openstack.wsgi [None req-8dafd06b-b77f-4eeb-b7d3-662df6827c61 e9441c818bd24e55b5e268d59c1a3d40 32bada048cca47368d7e505508985605 - - default default] http://10.0.0.240:8776/ returned with HTTP 300
2026-07-25 22:18:41.547 7 INFO cinder.api.openstack.wsgi [None req-df38ddd2-d5c6-4946-960c-498c6091a111 e9441c818bd24e55b5e268d59c1a3d40 32bada048cca47368d7e505508985605 - - default default] http://10.0.0.240:8776/ returned with HTTP 300
2026-07-25 22:18:51.546 8 INFO cinder.api.openstack.wsgi [None req-8dafd06b-b77f-4eeb-b7d3-662df6827c61 e9441c818bd24e55b5e268d59c1a3d40 32bada048cca47368d7e505508985605 - - default default] GET http://10.0.0.240:8776/
2026-07-25 22:18:51.547 7 INFO cinder.api.openstack.wsgi [None req-df38ddd2-d5c6-4946-960c-498c6091a111 e9441c818bd24e55b5e268d59c1a3d40 32bada048cca47368d7e505508985605 - - default default] GET http://10.0.0.240:8776/
2026-07-25 22:18:51.547 8 INFO cinder.api.openstack.wsgi [None req-8dafd06b-b77f-4eeb-b7d3-662df6827c61 e9441c818bd24e55b5e268d59c1a3d40 32bada048cca47368d7e505508985605 - - default default] http://10.0.0.240:8776/ returned with HTTP 300
2026-07-25 22:18:51.548 7 INFO cinder.api.openstack.wsgi [None req-df38ddd2-d5c6-4946-960c-498c6091a111 e9441c818bd24e55b5e268d59c1a3d40 32bada048cca47368d7e505508985605 - - default default] http://10.0.0.240:8776/ returned with HTTP 300
2026-07-25 22:18:56.055 8 INFO cinder.api.openstack.wsgi [None req-be8fbc86-9c22-421f-acfc-f6bba740313c de250f1079c5478e8087199cc851346f 306360eacd744057bd1e4d95b8b9fed8 - - default default] POST http://cinder-api.openstack.svc.cluster.local:8776/v3/306360eacd744057bd1e4d95b8b9fed8/volumes
2026-07-25 22:18:56.058 8 INFO cinder.api.v3.volumes [None req-be8fbc86-9c22-421f-acfc-f6bba740313c de250f1079c5478e8087199cc851346f 306360eacd744057bd1e4d95b8b9fed8 - - default default] Create volume of 1 GB
2026-07-25 22:18:56.080 8 INFO cinder.volume.api [None req-be8fbc86-9c22-421f-acfc-f6bba740313c de250f1079c5478e8087199cc851346f 306360eacd744057bd1e4d95b8b9fed8 - - default default] Availability Zones retrieved successfully.
2026-07-25 22:18:56.341 8 INFO cinder.volume.api [None req-be8fbc86-9c22-421f-acfc-f6bba740313c de250f1079c5478e8087199cc851346f 306360eacd744057bd1e4d95b8b9fed8 - - default default] Create volume request issued successfully.
2026-07-25 22:18:56.342 8 INFO cinder.api.openstack.wsgi [None req-be8fbc86-9c22-421f-acfc-f6bba740313c de250f1079c5478e8087199cc851346f 306360eacd744057bd1e4d95b8b9fed8 - - default default] http://cinder-api.openstack.svc.cluster.local:8776/v3/306360eacd744057bd1e4d95b8b9fed8/volumes returned with HTTP 202 [pid: 8|app: 0|req: 254/508] 10.0.0.64 () {34 vars in 721 bytes} [Sat Jul 25 22:18:55 2026] POST /v3/306360eacd744057bd1e4d95b8b9fed8/volumes => generated 861 bytes in 431 msecs (HTTP/1.1 202) 7 headers in 291 bytes (1 switches on core 0)
2026-07-25 22:18:56.373 7 INFO cinder.api.openstack.wsgi [None req-93225c66-28ac-46fc-9c1d-d3cab9260655 de250f1079c5478e8087199cc851346f 306360eacd744057bd1e4d95b8b9fed8 - - default default] GET http://cinder-api.openstack.svc.cluster.local:8776/v3/306360eacd744057bd1e4d95b8b9fed8/volumes/66760f8e-ba16-40d8-bfc1-a8115f4383ab /var/lib/openstack/lib/python3.12/site-packages/oslo_context/context.py:101: DeprecationWarning: Policy enforcement is depending on the value of is_admin. This key is deprecated. Please update your policy file to use the standard policy values. warnings.warn(
2026-07-25 22:18:56.390 7 INFO cinder.volume.api [None req-93225c66-28ac-46fc-9c1d-d3cab9260655 de250f1079c5478e8087199cc851346f 306360eacd744057bd1e4d95b8b9fed8 - - default default] Volume info retrieved successfully.
2026-07-25 22:18:56.396 7 INFO cinder.api.openstack.wsgi [None req-93225c66-28ac-46fc-9c1d-d3cab9260655 de250f1079c5478e8087199cc851346f 306360eacd744057bd1e4d95b8b9fed8 - - default default] http://cinder-api.openstack.svc.cluster.local:8776/v3/306360eacd744057bd1e4d95b8b9fed8/volumes/66760f8e-ba16-40d8-bfc1-a8115f4383ab returned with HTTP 200 [pid: 7|app: 0|req: 255/509] 10.0.0.64 () {32 vars in 774 bytes} [Sat Jul 25 22:18:56 2026] GET /v3/306360eacd744057bd1e4d95b8b9fed8/volumes/66760f8e-ba16-40d8-bfc1-a8115f4383ab => generated 929 bytes in 34 msecs (HTTP/1.1 200) 7 headers in 285 bytes (1 switches on core 0) /var/lib/openstack/lib/python3.12/site-packages/pycadf/identifier.py:70: UserWarning: Invalid uuid: cinderv3. To ensure interoperability, identifiers should be a valid uuid. warnings.warn(('Invalid uuid: %s. To ensure interoperability, '
2026-07-25 22:18:57.417 8 INFO cinder.api.openstack.wsgi [None req-9883715f-d8b8-4d7c-9f88-f5c3544b4e6f de250f1079c5478e8087199cc851346f 306360eacd744057bd1e4d95b8b9fed8 - - default default] GET http://cinder-api.openstack.svc.cluster.local:8776/v3/306360eacd744057bd1e4d95b8b9fed8/volumes/66760f8e-ba16-40d8-bfc1-a8115f4383ab /var/lib/openstack/lib/python3.12/site-packages/oslo_context/context.py:101: DeprecationWarning: Policy enforcement is depending on the value of is_admin. This key is deprecated. Please update your policy file to use the standard policy values. warnings.warn(
2026-07-25 22:18:57.438 8 INFO cinder.volume.api [None req-9883715f-d8b8-4d7c-9f88-f5c3544b4e6f de250f1079c5478e8087199cc851346f 306360eacd744057bd1e4d95b8b9fed8 - - default default] Volume info retrieved successfully.
2026-07-25 22:18:57.444 8 INFO cinder.api.openstack.wsgi [None req-9883715f-d8b8-4d7c-9f88-f5c3544b4e6f de250f1079c5478e8087199cc851346f 306360eacd744057bd1e4d95b8b9fed8 - - default default] http://cinder-api.openstack.svc.cluster.local:8776/v3/306360eacd744057bd1e4d95b8b9fed8/volumes/66760f8e-ba16-40d8-bfc1-a8115f4383ab returned with HTTP 200 [pid: 8|app: 0|req: 255/510] 10.0.0.64 () {32 vars in 774 bytes} [Sat Jul 25 22:18:57 2026] GET /v3/306360eacd744057bd1e4d95b8b9fed8/volumes/66760f8e-ba16-40d8-bfc1-a8115f4383ab => generated 954 bytes in 34 msecs (HTTP/1.1 200) 7 headers in 285 bytes (1 switches on core 0)
2026-07-25 22:19:01.545 7 INFO cinder.api.openstack.wsgi [None req-93225c66-28ac-46fc-9c1d-d3cab9260655 de250f1079c5478e8087199cc851346f 306360eacd744057bd1e4d95b8b9fed8 - - default default] GET http://10.0.0.240:8776/
2026-07-25 22:19:01.547 7 INFO cinder.api.openstack.wsgi [None req-93225c66-28ac-46fc-9c1d-d3cab9260655 de250f1079c5478e8087199cc851346f 306360eacd744057bd1e4d95b8b9fed8 - - default default] http://10.0.0.240:8776/ returned with HTTP 300
2026-07-25 22:19:01.546 8 INFO cinder.api.openstack.wsgi [None req-9883715f-d8b8-4d7c-9f88-f5c3544b4e6f de250f1079c5478e8087199cc851346f 306360eacd744057bd1e4d95b8b9fed8 - - default default] GET http://10.0.0.240:8776/
2026-07-25 22:19:01.548 8 INFO cinder.api.openstack.wsgi [None req-9883715f-d8b8-4d7c-9f88-f5c3544b4e6f de250f1079c5478e8087199cc851346f 306360eacd744057bd1e4d95b8b9fed8 - - default default] http://10.0.0.240:8776/ returned with HTTP 300 /var/lib/openstack/lib/python3.12/site-packages/pycadf/identifier.py:70: UserWarning: Invalid uuid: cinderv3. To ensure interoperability, identifiers should be a valid uuid. warnings.warn(('Invalid uuid: %s. To ensure interoperability, '
2026-07-25 22:19:10.603 7 INFO cinder.api.openstack.wsgi [None req-93830d5b-cc85-44c5-8165-e9f3ca497693 de250f1079c5478e8087199cc851346f 306360eacd744057bd1e4d95b8b9fed8 - - default default] POST http://cinder-api.openstack.svc.cluster.local:8776/v3/306360eacd744057bd1e4d95b8b9fed8/volumes/66760f8e-ba16-40d8-bfc1-a8115f4383ab/action /var/lib/openstack/lib/python3.12/site-packages/oslo_context/context.py:101: DeprecationWarning: Policy enforcement is depending on the value of is_admin. This key is deprecated. Please update your policy file to use the standard policy values. warnings.warn(
2026-07-25 22:19:10.618 7 INFO cinder.volume.api [None req-93830d5b-cc85-44c5-8165-e9f3ca497693 de250f1079c5478e8087199cc851346f 306360eacd744057bd1e4d95b8b9fed8 - - default default] Volume info retrieved successfully.
2026-07-25 22:19:10.637 7 INFO cinder.volume.api [None req-93830d5b-cc85-44c5-8165-e9f3ca497693 de250f1079c5478e8087199cc851346f 306360eacd744057bd1e4d95b8b9fed8 - - default default] Update volume admin metadata completed successfully.
2026-07-25 22:19:11.144 7 INFO cinder.volume.api [None req-93830d5b-cc85-44c5-8165-e9f3ca497693 de250f1079c5478e8087199cc851346f 306360eacd744057bd1e4d95b8b9fed8 - - default default] Attach volume completed successfully.
2026-07-25 22:19:11.145 7 INFO cinder.api.openstack.wsgi [None req-93830d5b-cc85-44c5-8165-e9f3ca497693 de250f1079c5478e8087199cc851346f 306360eacd744057bd1e4d95b8b9fed8 - - default default] http://cinder-api.openstack.svc.cluster.local:8776/v3/306360eacd744057bd1e4d95b8b9fed8/volumes/66760f8e-ba16-40d8-bfc1-a8115f4383ab/action returned with HTTP 202 [pid: 7|app: 0|req: 257/513] 10.0.0.64 () {34 vars in 809 bytes} [Sat Jul 25 22:19:10 2026] POST /v3/306360eacd744057bd1e4d95b8b9fed8/volumes/66760f8e-ba16-40d8-bfc1-a8115f4383ab/action => generated 0 bytes in 552 msecs (HTTP/1.1 202) 7 headers in 289 bytes (1 switches on core 0) /var/lib/openstack/lib/python3.12/site-packages/pycadf/identifier.py:70: UserWarning: Invalid uuid: cinderv3. To ensure interoperability, identifiers should be a valid uuid. warnings.warn(('Invalid uuid: %s. To ensure interoperability, '
2026-07-25 22:19:11.158 8 INFO cinder.api.openstack.wsgi [None req-0fef3c59-33d0-40af-b26a-b032ec1a0af5 de250f1079c5478e8087199cc851346f 306360eacd744057bd1e4d95b8b9fed8 - - default default] GET http://cinder-api.openstack.svc.cluster.local:8776/v3/306360eacd744057bd1e4d95b8b9fed8/volumes/66760f8e-ba16-40d8-bfc1-a8115f4383ab /var/lib/openstack/lib/python3.12/site-packages/oslo_context/context.py:101: DeprecationWarning: Policy enforcement is depending on the value of is_admin. This key is deprecated. Please update your policy file to use the standard policy values. warnings.warn(
2026-07-25 22:19:11.175 8 INFO cinder.volume.api [None req-0fef3c59-33d0-40af-b26a-b032ec1a0af5 de250f1079c5478e8087199cc851346f 306360eacd744057bd1e4d95b8b9fed8 - - default default] Volume info retrieved successfully.
2026-07-25 22:19:11.181 8 INFO cinder.api.openstack.wsgi [None req-0fef3c59-33d0-40af-b26a-b032ec1a0af5 de250f1079c5478e8087199cc851346f 306360eacd744057bd1e4d95b8b9fed8 - - default default] http://cinder-api.openstack.svc.cluster.local:8776/v3/306360eacd744057bd1e4d95b8b9fed8/volumes/66760f8e-ba16-40d8-bfc1-a8115f4383ab returned with HTTP 200 [pid: 8|app: 0|req: 257/514] 10.0.0.64 () {32 vars in 774 bytes} [Sat Jul 25 22:19:11 2026] GET /v3/306360eacd744057bd1e4d95b8b9fed8/volumes/66760f8e-ba16-40d8-bfc1-a8115f4383ab => generated 1288 bytes in 29 msecs (HTTP/1.1 200) 7 headers in 286 bytes (1 switches on core 0) /var/lib/openstack/lib/python3.12/site-packages/pycadf/identifier.py:70: UserWarning: Invalid uuid: cinderv3. To ensure interoperability, identifiers should be a valid uuid. warnings.warn(('Invalid uuid: %s. To ensure interoperability, '
2026-07-25 22:19:11.204 7 INFO cinder.api.openstack.wsgi [None req-17a77b1d-a454-40ac-85c5-442cf46f6991 de250f1079c5478e8087199cc851346f 306360eacd744057bd1e4d95b8b9fed8 - - default default] POST http://cinder-api.openstack.svc.cluster.local:8776/v3/306360eacd744057bd1e4d95b8b9fed8/volumes/66760f8e-ba16-40d8-bfc1-a8115f4383ab/action /var/lib/openstack/lib/python3.12/site-packages/oslo_context/context.py:101: DeprecationWarning: Policy enforcement is depending on the value of is_admin. This key is deprecated. Please update your policy file to use the standard policy values. warnings.warn(
2026-07-25 22:19:11.243 7 INFO cinder.volume.api [None req-17a77b1d-a454-40ac-85c5-442cf46f6991 de250f1079c5478e8087199cc851346f 306360eacd744057bd1e4d95b8b9fed8 - - default default] Volume info retrieved successfully.
2026-07-25 22:19:11.546 8 INFO cinder.api.openstack.wsgi [None req-0fef3c59-33d0-40af-b26a-b032ec1a0af5 de250f1079c5478e8087199cc851346f 306360eacd744057bd1e4d95b8b9fed8 - - default default] GET http://10.0.0.240:8776/
2026-07-25 22:19:11.547 8 INFO cinder.api.openstack.wsgi [None req-0fef3c59-33d0-40af-b26a-b032ec1a0af5 de250f1079c5478e8087199cc851346f 306360eacd744057bd1e4d95b8b9fed8 - - default default] http://10.0.0.240:8776/ returned with HTTP 300
2026-07-25 22:19:11.548 8 INFO cinder.api.openstack.wsgi [None req-0fef3c59-33d0-40af-b26a-b032ec1a0af5 de250f1079c5478e8087199cc851346f 306360eacd744057bd1e4d95b8b9fed8 - - default default] GET http://10.0.0.240:8776/
2026-07-25 22:19:11.548 8 INFO cinder.api.openstack.wsgi [None req-0fef3c59-33d0-40af-b26a-b032ec1a0af5 de250f1079c5478e8087199cc851346f 306360eacd744057bd1e4d95b8b9fed8 - - default default] http://10.0.0.240:8776/ returned with HTTP 300
2026-07-25 22:19:11.749 7 INFO cinder.volume.api [None req-17a77b1d-a454-40ac-85c5-442cf46f6991 de250f1079c5478e8087199cc851346f 306360eacd744057bd1e4d95b8b9fed8 - - default default] Detach volume completed successfully.
2026-07-25 22:19:11.749 7 INFO cinder.api.openstack.wsgi [None req-17a77b1d-a454-40ac-85c5-442cf46f6991 de250f1079c5478e8087199cc851346f 306360eacd744057bd1e4d95b8b9fed8 - - default default] http://cinder-api.openstack.svc.cluster.local:8776/v3/306360eacd744057bd1e4d95b8b9fed8/volumes/66760f8e-ba16-40d8-bfc1-a8115f4383ab/action returned with HTTP 202 [pid: 7|app: 0|req: 258/517] 10.0.0.64 () {34 vars in 809 bytes} [Sat Jul 25 22:19:11 2026] POST /v3/306360eacd744057bd1e4d95b8b9fed8/volumes/66760f8e-ba16-40d8-bfc1-a8115f4383ab/action => generated 0 bytes in 554 msecs (HTTP/1.1 202) 7 headers in 289 bytes (1 switches on core 0) /var/lib/openstack/lib/python3.12/site-packages/pycadf/identifier.py:70: UserWarning: Invalid uuid: cinderv3. To ensure interoperability, identifiers should be a valid uuid. warnings.warn(('Invalid uuid: %s. To ensure interoperability, '
2026-07-25 22:19:11.764 8 INFO cinder.api.openstack.wsgi [None req-785f2b2d-edfc-45a3-9e85-dadc07109909 de250f1079c5478e8087199cc851346f 306360eacd744057bd1e4d95b8b9fed8 - - default default] GET http://cinder-api.openstack.svc.cluster.local:8776/v3/306360eacd744057bd1e4d95b8b9fed8/volumes/66760f8e-ba16-40d8-bfc1-a8115f4383ab /var/lib/openstack/lib/python3.12/site-packages/oslo_context/context.py:101: DeprecationWarning: Policy enforcement is depending on the value of is_admin. This key is deprecated. Please update your policy file to use the standard policy values. warnings.warn(
2026-07-25 22:19:11.788 8 INFO cinder.volume.api [None req-785f2b2d-edfc-45a3-9e85-dadc07109909 de250f1079c5478e8087199cc851346f 306360eacd744057bd1e4d95b8b9fed8 - - default default] Volume info retrieved successfully.
2026-07-25 22:19:11.796 8 INFO cinder.api.openstack.wsgi [None req-785f2b2d-edfc-45a3-9e85-dadc07109909 de250f1079c5478e8087199cc851346f 306360eacd744057bd1e4d95b8b9fed8 - - default default] http://cinder-api.openstack.svc.cluster.local:8776/v3/306360eacd744057bd1e4d95b8b9fed8/volumes/66760f8e-ba16-40d8-bfc1-a8115f4383ab returned with HTTP 200 [pid: 8|app: 0|req: 260/518] 10.0.0.64 () {32 vars in 774 bytes} [Sat Jul 25 22:19:11 2026] GET /v3/306360eacd744057bd1e4d95b8b9fed8/volumes/66760f8e-ba16-40d8-bfc1-a8115f4383ab => generated 973 bytes in 39 msecs (HTTP/1.1 200) 7 headers in 285 bytes (1 switches on core 0) /var/lib/openstack/lib/python3.12/site-packages/pycadf/identifier.py:70: UserWarning: Invalid uuid: cinderv3. To ensure interoperability, identifiers should be a valid uuid. warnings.warn(('Invalid uuid: %s. To ensure interoperability, '
2026-07-25 22:19:14.777 7 INFO cinder.api.openstack.wsgi [req-5fb2c3d3-e179-47dc-b0bb-d6f4492f5128 req-bec316af-8537-4e85-bf92-f3d0f10d83fb c4f197dab73545b6a12964c289fa1c37 632478c96abd4ddfa3b55fd6d22ec9df - - default default] GET http://cinder-api.openstack.svc.cluster.local:8776/v3/632478c96abd4ddfa3b55fd6d22ec9df/attachments?instance_id=62c2d8df-41a9-495d-a803-aa2f62435a68
2026-07-25 22:19:14.794 7 INFO cinder.api.openstack.wsgi [req-5fb2c3d3-e179-47dc-b0bb-d6f4492f5128 req-bec316af-8537-4e85-bf92-f3d0f10d83fb c4f197dab73545b6a12964c289fa1c37 632478c96abd4ddfa3b55fd6d22ec9df - - default default] http://cinder-api.openstack.svc.cluster.local:8776/v3/632478c96abd4ddfa3b55fd6d22ec9df/attachments?instance_id=62c2d8df-41a9-495d-a803-aa2f62435a68 returned with HTTP 200 [pid: 7|app: 0|req: 259/519] 199.204.45.222 () {36 vars in 1104 bytes} [Sat Jul 25 22:19:14 2026] GET /v3/632478c96abd4ddfa3b55fd6d22ec9df/attachments?instance_id=62c2d8df-41a9-495d-a803-aa2f62435a68 => generated 19 bytes in 28 msecs (HTTP/1.1 200) 7 headers in 285 bytes (1 switches on core 0) /var/lib/openstack/lib/python3.12/site-packages/pycadf/identifier.py:70: UserWarning: Invalid uuid: cinderv3. To ensure interoperability, identifiers should be a valid uuid. warnings.warn(('Invalid uuid: %s. To ensure interoperability, '
2026-07-25 22:19:15.916 8 INFO cinder.api.openstack.wsgi [None req-760391d2-eb97-4f98-8ba5-4b048e9304f7 e9441c818bd24e55b5e268d59c1a3d40 32bada048cca47368d7e505508985605 - - default default] GET http://cinder-api.openstack.svc.cluster.local:8776/v3/32bada048cca47368d7e505508985605/os-services
2026-07-25 22:19:15.926 8 INFO cinder.api.openstack.wsgi [None req-760391d2-eb97-4f98-8ba5-4b048e9304f7 e9441c818bd24e55b5e268d59c1a3d40 32bada048cca47368d7e505508985605 - - default default] http://cinder-api.openstack.svc.cluster.local:8776/v3/32bada048cca47368d7e505508985605/os-services returned with HTTP 200 [pid: 8|app: 0|req: 261/520] 10.0.0.10 () {28 vars in 644 bytes} [Sat Jul 25 22:19:15 2026] GET /v3/32bada048cca47368d7e505508985605/os-services => generated 646 bytes in 199 msecs (HTTP/1.1 200) 7 headers in 285 bytes (1 switches on core 0)
2026-07-25 22:19:15.942 7 INFO cinder.api.openstack.wsgi [None req-63f46940-e19e-4574-9472-94f7494c86c2 e9441c818bd24e55b5e268d59c1a3d40 32bada048cca47368d7e505508985605 - - default default] GET http://cinder-api.openstack.svc.cluster.local:8776/v3/32bada048cca47368d7e505508985605/volumes/detail?all_tenants=true
2026-07-25 22:19:15.961 7 INFO cinder.volume.api [None req-63f46940-e19e-4574-9472-94f7494c86c2 e9441c818bd24e55b5e268d59c1a3d40 32bada048cca47368d7e505508985605 - - default default] Get all volumes completed successfully. /var/lib/openstack/lib/python3.12/site-packages/oslo_context/context.py:101: DeprecationWarning: Policy enforcement is depending on the value of is_admin. This key is deprecated. Please update your policy file to use the standard policy values. warnings.warn(
2026-07-25 22:19:15.968 7 INFO cinder.api.openstack.wsgi [None req-63f46940-e19e-4574-9472-94f7494c86c2 e9441c818bd24e55b5e268d59c1a3d40 32bada048cca47368d7e505508985605 - - default default] http://cinder-api.openstack.svc.cluster.local:8776/v3/32bada048cca47368d7e505508985605/volumes/detail?all_tenants=true returned with HTTP 200 [pid: 7|app: 0|req: 260/521] 10.0.0.10 () {28 vars in 683 bytes} [Sat Jul 25 22:19:15 2026] GET /v3/32bada048cca47368d7e505508985605/volumes/detail?all_tenants=true => generated 1141 bytes in 38 msecs (HTTP/1.1 200) 7 headers in 286 bytes (1 switches on core 0)
2026-07-25 22:19:15.990 8 INFO cinder.api.openstack.wsgi [None req-b1e245c0-1011-4558-b750-cd7ca9ac26fa e9441c818bd24e55b5e268d59c1a3d40 32bada048cca47368d7e505508985605 - - default default] GET http://cinder-api.openstack.svc.cluster.local:8776/v3/32bada048cca47368d7e505508985605/volumes/detail?all_tenants=true
2026-07-25 22:19:16.006 8 INFO cinder.volume.api [None req-b1e245c0-1011-4558-b750-cd7ca9ac26fa e9441c818bd24e55b5e268d59c1a3d40 32bada048cca47368d7e505508985605 - - default default] Get all volumes completed successfully. /var/lib/openstack/lib/python3.12/site-packages/oslo_context/context.py:101: DeprecationWarning: Policy enforcement is depending on the value of is_admin. This key is deprecated. Please update your policy file to use the standard policy values. warnings.warn(
2026-07-25 22:19:16.013 8 INFO cinder.api.openstack.wsgi [None req-b1e245c0-1011-4558-b750-cd7ca9ac26fa e9441c818bd24e55b5e268d59c1a3d40 32bada048cca47368d7e505508985605 - - default default] http://cinder-api.openstack.svc.cluster.local:8776/v3/32bada048cca47368d7e505508985605/volumes/detail?all_tenants=true returned with HTTP 200 [pid: 8|app: 0|req: 262/522] 10.0.0.10 () {28 vars in 683 bytes} [Sat Jul 25 22:19:15 2026] GET /v3/32bada048cca47368d7e505508985605/volumes/detail?all_tenants=true => generated 1141 bytes in 30 msecs (HTTP/1.1 200) 7 headers in 286 bytes (1 switches on core 0) /var/lib/openstack/lib/python3.12/site-packages/pycadf/identifier.py:70: UserWarning: Invalid uuid: cinderv3. To ensure interoperability, identifiers should be a valid uuid. warnings.warn(('Invalid uuid: %s. To ensure interoperability, '
2026-07-25 22:19:16.028 7 INFO cinder.api.openstack.wsgi [None req-1cecf10b-a9ea-4cc4-aa31-0be3a32996c6 e9441c818bd24e55b5e268d59c1a3d40 32bada048cca47368d7e505508985605 - - default default] GET http://cinder-api.openstack.svc.cluster.local:8776/v3/32bada048cca47368d7e505508985605/snapshots?all_tenants=true
2026-07-25 22:19:16.036 7 INFO cinder.volume.api [None req-1cecf10b-a9ea-4cc4-aa31-0be3a32996c6 e9441c818bd24e55b5e268d59c1a3d40 32bada048cca47368d7e505508985605 - - default default] Get all snapshots completed successfully.
2026-07-25 22:19:16.037 7 INFO cinder.api.openstack.wsgi [None req-1cecf10b-a9ea-4cc4-aa31-0be3a32996c6 e9441c818bd24e55b5e268d59c1a3d40 32bada048cca47368d7e505508985605 - - default default] http://cinder-api.openstack.svc.cluster.local:8776/v3/32bada048cca47368d7e505508985605/snapshots?all_tenants=true returned with HTTP 200 [pid: 7|app: 0|req: 261/523] 10.0.0.10 () {28 vars in 673 bytes} [Sat Jul 25 22:19:16 2026] GET /v3/32bada048cca47368d7e505508985605/snapshots?all_tenants=true => generated 17 bytes in 19 msecs (HTTP/1.1 200) 7 headers in 284 bytes (1 switches on core 0) /var/lib/openstack/lib/python3.12/site-packages/pycadf/identifier.py:70: UserWarning: Invalid uuid: cinderv3. To ensure interoperability, identifiers should be a valid uuid. warnings.warn(('Invalid uuid: %s. To ensure interoperability, '
2026-07-25 22:19:16.051 8 INFO cinder.api.openstack.wsgi [None req-ed77d172-a6eb-4b22-977c-a29eb3aabf41 e9441c818bd24e55b5e268d59c1a3d40 32bada048cca47368d7e505508985605 - - default default] GET http://cinder-api.openstack.svc.cluster.local:8776/v3/32bada048cca47368d7e505508985605/scheduler-stats/get_pools?detail=true
2026-07-25 22:19:16.556 8 INFO cinder.api.openstack.wsgi [None req-ed77d172-a6eb-4b22-977c-a29eb3aabf41 e9441c818bd24e55b5e268d59c1a3d40 32bada048cca47368d7e505508985605 - - default default] http://cinder-api.openstack.svc.cluster.local:8776/v3/32bada048cca47368d7e505508985605/scheduler-stats/get_pools?detail=true returned with HTTP 200 [pid: 8|app: 0|req: 263/524] 10.0.0.10 () {28 vars in 695 bytes} [Sat Jul 25 22:19:16 2026] GET /v3/32bada048cca47368d7e505508985605/scheduler-stats/get_pools?detail=true => generated 670 bytes in 516 msecs (HTTP/1.1 200) 7 headers in 285 bytes (1 switches on core 0)
2026-07-25 22:19:16.608 7 INFO cinder.api.openstack.wsgi [None req-dc06b977-56c0-4e0a-a09f-966928f560c0 e9441c818bd24e55b5e268d59c1a3d40 32bada048cca47368d7e505508985605 - - default default] GET http://cinder-api.openstack.svc.cluster.local:8776/v3/32bada048cca47368d7e505508985605/os-quota-sets/306360eacd744057bd1e4d95b8b9fed8?usage=true
2026-07-25 22:19:16.634 7 INFO cinder.api.openstack.wsgi [None req-dc06b977-56c0-4e0a-a09f-966928f560c0 e9441c818bd24e55b5e268d59c1a3d40 32bada048cca47368d7e505508985605 - - default default] http://cinder-api.openstack.svc.cluster.local:8776/v3/32bada048cca47368d7e505508985605/os-quota-sets/306360eacd744057bd1e4d95b8b9fed8?usage=true returned with HTTP 200 [pid: 7|app: 0|req: 262/525] 10.0.0.10 () {28 vars in 735 bytes} [Sat Jul 25 22:19:16 2026] GET /v3/32bada048cca47368d7e505508985605/os-quota-sets/306360eacd744057bd1e4d95b8b9fed8?usage=true => generated 847 bytes in 32 msecs (HTTP/1.1 200) 7 headers in 285 bytes (1 switches on core 0)
2026-07-25 22:19:16.646 8 INFO cinder.api.openstack.wsgi [None req-fe54e3b9-effd-4d24-8829-dd28655b1877 e9441c818bd24e55b5e268d59c1a3d40 32bada048cca47368d7e505508985605 - - default default] GET http://cinder-api.openstack.svc.cluster.local:8776/v3/32bada048cca47368d7e505508985605/os-quota-sets/32bada048cca47368d7e505508985605?usage=true
2026-07-25 22:19:16.682 8 INFO cinder.api.openstack.wsgi [None req-fe54e3b9-effd-4d24-8829-dd28655b1877 e9441c818bd24e55b5e268d59c1a3d40 32bada048cca47368d7e505508985605 - - default default] http://cinder-api.openstack.svc.cluster.local:8776/v3/32bada048cca47368d7e505508985605/os-quota-sets/32bada048cca47368d7e505508985605?usage=true returned with HTTP 200 [pid: 8|app: 0|req: 264/526] 10.0.0.10 () {28 vars in 735 bytes} [Sat Jul 25 22:19:16 2026] GET /v3/32bada048cca47368d7e505508985605/os-quota-sets/32bada048cca47368d7e505508985605?usage=true => generated 845 bytes in 46 msecs (HTTP/1.1 200) 7 headers in 285 bytes (1 switches on core 0)
2026-07-25 22:19:16.696 7 INFO cinder.api.openstack.wsgi [None req-91a55e9b-5350-4ea3-a1b3-e2d45e0d27ae e9441c818bd24e55b5e268d59c1a3d40 32bada048cca47368d7e505508985605 - - default default] GET http://cinder-api.openstack.svc.cluster.local:8776/v3/32bada048cca47368d7e505508985605/os-quota-sets/3bb56331b05b4517a84b1c9e26b6854e?usage=true
2026-07-25 22:19:16.716 7 INFO cinder.api.openstack.wsgi [None req-91a55e9b-5350-4ea3-a1b3-e2d45e0d27ae e9441c818bd24e55b5e268d59c1a3d40 32bada048cca47368d7e505508985605 - - default default] http://cinder-api.openstack.svc.cluster.local:8776/v3/32bada048cca47368d7e505508985605/os-quota-sets/3bb56331b05b4517a84b1c9e26b6854e?usage=true returned with HTTP 200 [pid: 7|app: 0|req: 263/527] 10.0.0.10 () {28 vars in 735 bytes} [Sat Jul 25 22:19:16 2026] GET /v3/32bada048cca47368d7e505508985605/os-quota-sets/3bb56331b05b4517a84b1c9e26b6854e?usage=true => generated 847 bytes in 27 msecs (HTTP/1.1 200) 7 headers in 285 bytes (1 switches on core 0)
2026-07-25 22:19:16.730 8 INFO cinder.api.openstack.wsgi [None req-ada1444b-c16b-491b-8443-24a6c7ddfe3e e9441c818bd24e55b5e268d59c1a3d40 32bada048cca47368d7e505508985605 - - default default] GET http://cinder-api.openstack.svc.cluster.local:8776/v3/32bada048cca47368d7e505508985605/os-quota-sets/632478c96abd4ddfa3b55fd6d22ec9df?usage=true
2026-07-25 22:19:16.754 8 INFO cinder.api.openstack.wsgi [None req-ada1444b-c16b-491b-8443-24a6c7ddfe3e e9441c818bd24e55b5e268d59c1a3d40 32bada048cca47368d7e505508985605 - - default default] http://cinder-api.openstack.svc.cluster.local:8776/v3/32bada048cca47368d7e505508985605/os-quota-sets/632478c96abd4ddfa3b55fd6d22ec9df?usage=true returned with HTTP 200 [pid: 8|app: 0|req: 265/528] 10.0.0.10 () {28 vars in 735 bytes} [Sat Jul 25 22:19:16 2026] GET /v3/32bada048cca47368d7e505508985605/os-quota-sets/632478c96abd4ddfa3b55fd6d22ec9df?usage=true => generated 847 bytes in 36 msecs (HTTP/1.1 200) 7 headers in 285 bytes (1 switches on core 0)
2026-07-25 22:19:16.770 7 INFO cinder.api.openstack.wsgi [None req-247f8b86-e6a8-4521-80b6-4cbce93edef3 e9441c818bd24e55b5e268d59c1a3d40 32bada048cca47368d7e505508985605 - - default default] GET http://cinder-api.openstack.svc.cluster.local:8776/v3/32bada048cca47368d7e505508985605/os-quota-sets/9a013bcfb62a4ed5b80b7430ff46b472?usage=true
2026-07-25 22:19:16.805 7 INFO cinder.api.openstack.wsgi [None req-247f8b86-e6a8-4521-80b6-4cbce93edef3 e9441c818bd24e55b5e268d59c1a3d40 32bada048cca47368d7e505508985605 - - default default] http://cinder-api.openstack.svc.cluster.local:8776/v3/32bada048cca47368d7e505508985605/os-quota-sets/9a013bcfb62a4ed5b80b7430ff46b472?usage=true returned with HTTP 200 [pid: 7|app: 0|req: 264/529] 10.0.0.10 () {28 vars in 735 bytes} [Sat Jul 25 22:19:16 2026] GET /v3/32bada048cca47368d7e505508985605/os-quota-sets/9a013bcfb62a4ed5b80b7430ff46b472?usage=true => generated 847 bytes in 47 msecs (HTTP/1.1 200) 7 headers in 285 bytes (1 switches on core 0)
2026-07-25 22:19:16.815 8 INFO cinder.api.openstack.wsgi [None req-4d4e8e0a-b587-4ee9-8675-36af32194390 e9441c818bd24e55b5e268d59c1a3d40 32bada048cca47368d7e505508985605 - - default default] GET http://cinder-api.openstack.svc.cluster.local:8776/v3/32bada048cca47368d7e505508985605/os-quota-sets/a19b6efec354402a8f0b6f25aa8d9915?usage=true
2026-07-25 22:19:16.838 8 INFO cinder.api.openstack.wsgi [None req-4d4e8e0a-b587-4ee9-8675-36af32194390 e9441c818bd24e55b5e268d59c1a3d40 32bada048cca47368d7e505508985605 - - default default] http://cinder-api.openstack.svc.cluster.local:8776/v3/32bada048cca47368d7e505508985605/os-quota-sets/a19b6efec354402a8f0b6f25aa8d9915?usage=true returned with HTTP 200 [pid: 8|app: 0|req: 266/530] 10.0.0.10 () {28 vars in 735 bytes} [Sat Jul 25 22:19:16 2026] GET /v3/32bada048cca47368d7e505508985605/os-quota-sets/a19b6efec354402a8f0b6f25aa8d9915?usage=true => generated 847 bytes in 28 msecs (HTTP/1.1 200) 7 headers in 285 bytes (1 switches on core 0)
2026-07-25 22:19:16.850 7 INFO cinder.api.openstack.wsgi [None req-be12b430-6319-4a03-91f1-7e78bce0e7a0 e9441c818bd24e55b5e268d59c1a3d40 32bada048cca47368d7e505508985605 - - default default] GET http://cinder-api.openstack.svc.cluster.local:8776/v3/32bada048cca47368d7e505508985605/os-quota-sets/b95802d8109b48a7ae2ecd8575f37de4?usage=true
2026-07-25 22:19:16.890 7 INFO cinder.api.openstack.wsgi [None req-be12b430-6319-4a03-91f1-7e78bce0e7a0 e9441c818bd24e55b5e268d59c1a3d40 32bada048cca47368d7e505508985605 - - default default] http://cinder-api.openstack.svc.cluster.local:8776/v3/32bada048cca47368d7e505508985605/os-quota-sets/b95802d8109b48a7ae2ecd8575f37de4?usage=true returned with HTTP 200 [pid: 7|app: 0|req: 265/531] 10.0.0.10 () {28 vars in 735 bytes} [Sat Jul 25 22:19:16 2026] GET /v3/32bada048cca47368d7e505508985605/os-quota-sets/b95802d8109b48a7ae2ecd8575f37de4?usage=true => generated 845 bytes in 48 msecs (HTTP/1.1 200) 7 headers in 285 bytes (1 switches on core 0)
2026-07-25 22:19:16.902 8 INFO cinder.api.openstack.wsgi [None req-0277262d-c38d-4556-af05-751811e15e03 e9441c818bd24e55b5e268d59c1a3d40 32bada048cca47368d7e505508985605 - - default default] GET http://cinder-api.openstack.svc.cluster.local:8776/v3/32bada048cca47368d7e505508985605/os-quota-sets/c97d7d710fdf4925ac25e588f26ebbd6?usage=true
2026-07-25 22:19:16.922 8 INFO cinder.api.openstack.wsgi [None req-0277262d-c38d-4556-af05-751811e15e03 e9441c818bd24e55b5e268d59c1a3d40 32bada048cca47368d7e505508985605 - - default default] http://cinder-api.openstack.svc.cluster.local:8776/v3/32bada048cca47368d7e505508985605/os-quota-sets/c97d7d710fdf4925ac25e588f26ebbd6?usage=true returned with HTTP 200 [pid: 8|app: 0|req: 267/532] 10.0.0.10 () {28 vars in 735 bytes} [Sat Jul 25 22:19:16 2026] GET /v3/32bada048cca47368d7e505508985605/os-quota-sets/c97d7d710fdf4925ac25e588f26ebbd6?usage=true => generated 847 bytes in 27 msecs (HTTP/1.1 200) 7 headers in 285 bytes (1 switches on core 0)
2026-07-25 22:19:19.072 7 INFO cinder.api.openstack.wsgi [None req-76d227f0-629b-4ef4-842a-fb2d520c8614 de250f1079c5478e8087199cc851346f 306360eacd744057bd1e4d95b8b9fed8 - - default default] GET http://cinder-api.openstack.svc.cluster.local:8776/v3/306360eacd744057bd1e4d95b8b9fed8/volumes/66760f8e-ba16-40d8-bfc1-a8115f4383ab /var/lib/openstack/lib/python3.12/site-packages/oslo_context/context.py:101: DeprecationWarning: Policy enforcement is depending on the value of is_admin. This key is deprecated. Please update your policy file to use the standard policy values. warnings.warn(
2026-07-25 22:19:19.085 7 INFO cinder.volume.api [None req-76d227f0-629b-4ef4-842a-fb2d520c8614 de250f1079c5478e8087199cc851346f 306360eacd744057bd1e4d95b8b9fed8 - - default default] Volume info retrieved successfully.
2026-07-25 22:19:19.093 7 INFO cinder.api.openstack.wsgi [None req-76d227f0-629b-4ef4-842a-fb2d520c8614 de250f1079c5478e8087199cc851346f 306360eacd744057bd1e4d95b8b9fed8 - - default default] http://cinder-api.openstack.svc.cluster.local:8776/v3/306360eacd744057bd1e4d95b8b9fed8/volumes/66760f8e-ba16-40d8-bfc1-a8115f4383ab returned with HTTP 200 [pid: 7|app: 0|req: 266/533] 10.0.0.64 () {32 vars in 774 bytes} [Sat Jul 25 22:19:19 2026] GET /v3/306360eacd744057bd1e4d95b8b9fed8/volumes/66760f8e-ba16-40d8-bfc1-a8115f4383ab => generated 973 bytes in 30 msecs (HTTP/1.1 200) 7 headers in 285 bytes (1 switches on core 0)
2026-07-25 22:19:19.111 8 INFO cinder.api.openstack.wsgi [None req-dd14f3e0-7c63-426f-899b-c3b6a7b1adec de250f1079c5478e8087199cc851346f 306360eacd744057bd1e4d95b8b9fed8 - - default default] DELETE http://cinder-api.openstack.svc.cluster.local:8776/v3/306360eacd744057bd1e4d95b8b9fed8/volumes/66760f8e-ba16-40d8-bfc1-a8115f4383ab
2026-07-25 22:19:19.112 8 INFO cinder.api.v3.volumes [None req-dd14f3e0-7c63-426f-899b-c3b6a7b1adec de250f1079c5478e8087199cc851346f 306360eacd744057bd1e4d95b8b9fed8 - - default default] Delete volume with id: 66760f8e-ba16-40d8-bfc1-a8115f4383ab /var/lib/openstack/lib/python3.12/site-packages/oslo_context/context.py:101: DeprecationWarning: Policy enforcement is depending on the value of is_admin. This key is deprecated. Please update your policy file to use the standard policy values. warnings.warn(
2026-07-25 22:19:19.127 8 INFO cinder.volume.api [None req-dd14f3e0-7c63-426f-899b-c3b6a7b1adec de250f1079c5478e8087199cc851346f 306360eacd744057bd1e4d95b8b9fed8 - - default default] Volume info retrieved successfully.
2026-07-25 22:19:19.150 8 INFO cinder.volume.api [None req-dd14f3e0-7c63-426f-899b-c3b6a7b1adec de250f1079c5478e8087199cc851346f 306360eacd744057bd1e4d95b8b9fed8 - - default default] Delete volume request issued successfully.
2026-07-25 22:19:19.150 8 INFO cinder.api.openstack.wsgi [None req-dd14f3e0-7c63-426f-899b-c3b6a7b1adec de250f1079c5478e8087199cc851346f 306360eacd744057bd1e4d95b8b9fed8 - - default default] http://cinder-api.openstack.svc.cluster.local:8776/v3/306360eacd744057bd1e4d95b8b9fed8/volumes/66760f8e-ba16-40d8-bfc1-a8115f4383ab returned with HTTP 202 [pid: 8|app: 0|req: 268/534] 10.0.0.64 () {32 vars in 777 bytes} [Sat Jul 25 22:19:19 2026] DELETE /v3/306360eacd744057bd1e4d95b8b9fed8/volumes/66760f8e-ba16-40d8-bfc1-a8115f4383ab => generated 0 bytes in 44 msecs (HTTP/1.1 202) 6 headers in 233 bytes (1 switches on core 0) /var/lib/openstack/lib/python3.12/site-packages/pycadf/identifier.py:70: UserWarning: Invalid uuid: cinderv3. To ensure interoperability, identifiers should be a valid uuid. warnings.warn(('Invalid uuid: %s. To ensure interoperability, '
2026-07-25 22:19:19.164 7 INFO cinder.api.openstack.wsgi [None req-5035485e-682b-4977-b6c0-9bb1be6f51f1 de250f1079c5478e8087199cc851346f 306360eacd744057bd1e4d95b8b9fed8 - - default default] GET http://cinder-api.openstack.svc.cluster.local:8776/v3/306360eacd744057bd1e4d95b8b9fed8/volumes/66760f8e-ba16-40d8-bfc1-a8115f4383ab /var/lib/openstack/lib/python3.12/site-packages/oslo_context/context.py:101: DeprecationWarning: Policy enforcement is depending on the value of is_admin. This key is deprecated. Please update your policy file to use the standard policy values. warnings.warn(
2026-07-25 22:19:19.176 7 INFO cinder.volume.api [None req-5035485e-682b-4977-b6c0-9bb1be6f51f1 de250f1079c5478e8087199cc851346f 306360eacd744057bd1e4d95b8b9fed8 - - default default] Volume info retrieved successfully.
2026-07-25 22:19:19.182 7 INFO cinder.api.openstack.wsgi [None req-5035485e-682b-4977-b6c0-9bb1be6f51f1 de250f1079c5478e8087199cc851346f 306360eacd744057bd1e4d95b8b9fed8 - - default default] http://cinder-api.openstack.svc.cluster.local:8776/v3/306360eacd744057bd1e4d95b8b9fed8/volumes/66760f8e-ba16-40d8-bfc1-a8115f4383ab returned with HTTP 200 [pid: 7|app: 0|req: 267/535] 10.0.0.64 () {32 vars in 774 bytes} [Sat Jul 25 22:19:19 2026] GET /v3/306360eacd744057bd1e4d95b8b9fed8/volumes/66760f8e-ba16-40d8-bfc1-a8115f4383ab => generated 972 bytes in 26 msecs (HTTP/1.1 200) 7 headers in 285 bytes (1 switches on core 0) /var/lib/openstack/lib/python3.12/site-packages/pycadf/identifier.py:70: UserWarning: Invalid uuid: cinderv3. To ensure interoperability, identifiers should be a valid uuid. warnings.warn(('Invalid uuid: %s. To ensure interoperability, '
2026-07-25 22:19:20.202 8 INFO cinder.api.openstack.wsgi [None req-459cfd4a-8859-42b4-8fe4-e20fbcbe0927 de250f1079c5478e8087199cc851346f 306360eacd744057bd1e4d95b8b9fed8 - - default default] GET http://cinder-api.openstack.svc.cluster.local:8776/v3/306360eacd744057bd1e4d95b8b9fed8/volumes/66760f8e-ba16-40d8-bfc1-a8115f4383ab
