2026-07-25 21:58:20.015 7 INFO neutron.api.extensions [None req-db140b9b-3ec3-4ca1-94e1-a0463edd5fa8 - - - - - -] Extension l3-ext-ndp-proxy not supported by any of loaded plugins
2026-07-25 21:58:20.016 7 INFO neutron.api.extensions [None req-db140b9b-3ec3-4ca1-94e1-a0463edd5fa8 - - - - - -] Extension external-gateway-multihoming not supported by any of loaded plugins
2026-07-25 21:58:20.016 7 INFO neutron.api.extensions [None req-db140b9b-3ec3-4ca1-94e1-a0463edd5fa8 - - - - - -] Loaded extension: l3-flavors
2026-07-25 21:58:20.017 7 INFO neutron.api.extensions [None req-db140b9b-3ec3-4ca1-94e1-a0463edd5fa8 - - - - - -] Extension l3-ndp-proxy not supported by any of loaded plugins
2026-07-25 21:58:20.029 7 INFO neutron.api.extensions [None req-db140b9b-3ec3-4ca1-94e1-a0463edd5fa8 - - - - - -] Loaded extension: l3-port-ip-change-not-allowed
2026-07-25 21:58:20.029 8 INFO neutron.quota.resource_registry [None req-1c458f00-ae8a-4773-a854-a4213fb08c94 - - - - - -] Creating instance of CountableResource for resource:rbac_policy
2026-07-25 21:58:20.030 8 INFO neutron.quota.resource_registry [None req-1c458f00-ae8a-4773-a854-a4213fb08c94 - - - - - -] Creating instance of TrackedResource for resource:security_group
2026-07-25 21:58:20.031 8 INFO neutron.quota.resource_registry [None req-1c458f00-ae8a-4773-a854-a4213fb08c94 - - - - - -] Creating instance of TrackedResource for resource:security_group_rule
2026-07-25 21:58:20.032 7 INFO neutron.api.extensions [None req-db140b9b-3ec3-4ca1-94e1-a0463edd5fa8 - - - - - -] Loaded extension: l3_agent_scheduler
2026-07-25 21:58:20.032 8 INFO neutron.quota.resource_registry [None req-1c458f00-ae8a-4773-a854-a4213fb08c94 - - - - - -] Creating instance of TrackedResource for resource:subnetpool
2026-07-25 21:58:20.032 8 WARNING neutron.quota.resource_registry [None req-1c458f00-ae8a-4773-a854-a4213fb08c94 - - - - - -] subnetpool is already registered
2026-07-25 21:58:20.032 8 INFO neutron.quota.resource_registry [None req-1c458f00-ae8a-4773-a854-a4213fb08c94 - - - - - -] Creating instance of TrackedResource for resource:subnetpool
2026-07-25 21:58:20.032 8 WARNING neutron.quota.resource_registry [None req-1c458f00-ae8a-4773-a854-a4213fb08c94 - - - - - -] subnetpool is already registered
2026-07-25 21:58:20.033 8 INFO neutron.quota.resource_registry [None req-1c458f00-ae8a-4773-a854-a4213fb08c94 - - - - - -] Creating instance of CountableResource for resource:trunk
2026-07-25 21:58:20.033 7 INFO neutron.api.extensions [None req-db140b9b-3ec3-4ca1-94e1-a0463edd5fa8 - - - - - -] Extension local_ip not supported by any of loaded plugins
2026-07-25 21:58:20.033 8 INFO neutron.quota.resource_registry [None req-1c458f00-ae8a-4773-a854-a4213fb08c94 - - - - - -] Creating instance of CountableResource for resource:ikepolicy
2026-07-25 21:58:20.034 8 INFO neutron.quota.resource_registry [None req-1c458f00-ae8a-4773-a854-a4213fb08c94 - - - - - -] Creating instance of CountableResource for resource:ipsecpolicy
2026-07-25 21:58:20.034 7 INFO neutron.api.extensions [None req-db140b9b-3ec3-4ca1-94e1-a0463edd5fa8 - - - - - -] Extension logging not supported by any of loaded plugins
2026-07-25 21:58:20.034 8 INFO neutron.quota.resource_registry [None req-1c458f00-ae8a-4773-a854-a4213fb08c94 - - - - - -] Creating instance of CountableResource for resource:endpoint_group
2026-07-25 21:58:20.035 8 INFO neutron.quota.resource_registry [None req-1c458f00-ae8a-4773-a854-a4213fb08c94 - - - - - -] Creating instance of CountableResource for resource:vpnservice
2026-07-25 21:58:20.035 8 INFO neutron.quota.resource_registry [None req-1c458f00-ae8a-4773-a854-a4213fb08c94 - - - - - -] Creating instance of CountableResource for resource:ipsec_site_connection
2026-07-25 21:58:20.035 7 INFO neutron.api.extensions [None req-db140b9b-3ec3-4ca1-94e1-a0463edd5fa8 - - - - - -] Extension metering not supported by any of loaded plugins
2026-07-25 21:58:20.035 8 INFO neutron.quota.resource_registry [None req-1c458f00-ae8a-4773-a854-a4213fb08c94 - - - - - -] Creating instance of CountableResource for resource:ipsecpolicy
2026-07-25 21:58:20.035 8 WARNING neutron.quota.resource_registry [None req-1c458f00-ae8a-4773-a854-a4213fb08c94 - - - - - -] ipsecpolicy is already registered
2026-07-25 21:58:20.036 8 INFO neutron.quota.resource_registry [None req-1c458f00-ae8a-4773-a854-a4213fb08c94 - - - - - -] Creating instance of CountableResource for resource:ikepolicy
2026-07-25 21:58:20.036 7 INFO neutron.api.extensions [None req-db140b9b-3ec3-4ca1-94e1-a0463edd5fa8 - - - - - -] Extension metering_source_and_destination_fields not supported by any of loaded plugins
2026-07-25 21:58:20.036 8 WARNING neutron.quota.resource_registry [None req-1c458f00-ae8a-4773-a854-a4213fb08c94 - - - - - -] ikepolicy is already registered
2026-07-25 21:58:20.036 7 INFO neutron.api.extensions [None req-db140b9b-3ec3-4ca1-94e1-a0463edd5fa8 - - - - - -] Loaded extension: multi-provider
2026-07-25 21:58:20.037 7 INFO neutron.api.extensions [None req-db140b9b-3ec3-4ca1-94e1-a0463edd5fa8 - - - - - -] Loaded extension: net-mtu
2026-07-25 21:58:20.038 7 INFO neutron.api.extensions [None req-db140b9b-3ec3-4ca1-94e1-a0463edd5fa8 - - - - - -] Loaded extension: net-mtu-writable
2026-07-25 21:58:20.038 7 INFO neutron.api.extensions [None req-db140b9b-3ec3-4ca1-94e1-a0463edd5fa8 - - - - - -] Loaded extension: network_availability_zone
2026-07-25 21:58:20.039 7 INFO neutron.api.extensions [None req-db140b9b-3ec3-4ca1-94e1-a0463edd5fa8 - - - - - -] Loaded extension: network_ha
2026-07-25 21:58:20.039 7 INFO neutron.api.extensions [None req-db140b9b-3ec3-4ca1-94e1-a0463edd5fa8 - - - - - -] Loaded extension: network-ip-availability
2026-07-25 21:58:20.041 7 INFO neutron.api.extensions [None req-db140b9b-3ec3-4ca1-94e1-a0463edd5fa8 - - - - - -] Extension network-segment-range not supported by any of loaded plugins
2026-07-25 21:58:20.041 8 INFO neutron.quota.resource_registry [None req-1c458f00-ae8a-4773-a854-a4213fb08c94 - - - - - -] Creating instance of TrackedResource for resource:router
2026-07-25 21:58:20.041 7 INFO neutron.api.extensions [None req-db140b9b-3ec3-4ca1-94e1-a0463edd5fa8 - - - - - -] Loaded extension: pagination
2026-07-25 21:58:20.041 8 WARNING neutron.quota.resource_registry [None req-1c458f00-ae8a-4773-a854-a4213fb08c94 - - - - - -] router is already registered
2026-07-25 21:58:20.041 7 INFO neutron.api.extensions [None req-db140b9b-3ec3-4ca1-94e1-a0463edd5fa8 - - - - - -] Loaded extension: port-device-profile
2026-07-25 21:58:20.041 8 INFO neutron.quota.resource_registry [None req-1c458f00-ae8a-4773-a854-a4213fb08c94 - - - - - -] Creating instance of TrackedResource for resource:floatingip
2026-07-25 21:58:20.042 8 WARNING neutron.quota.resource_registry [None req-1c458f00-ae8a-4773-a854-a4213fb08c94 - - - - - -] floatingip is already registered
2026-07-25 21:58:20.042 7 INFO neutron.api.extensions [None req-db140b9b-3ec3-4ca1-94e1-a0463edd5fa8 - - - - - -] Extension port-hardware-offload-type not supported by any of loaded plugins
2026-07-25 21:58:20.042 7 INFO neutron.api.extensions [None req-db140b9b-3ec3-4ca1-94e1-a0463edd5fa8 - - - - - -] Extension port-hint-ovs-tx-steering not supported by any of loaded plugins
2026-07-25 21:58:20.043 7 INFO neutron.api.extensions [None req-db140b9b-3ec3-4ca1-94e1-a0463edd5fa8 - - - - - -] Extension port-hints not supported by any of loaded plugins
2026-07-25 21:58:20.043 7 INFO neutron.api.extensions [None req-db140b9b-3ec3-4ca1-94e1-a0463edd5fa8 - - - - - -] Loaded extension: port-mac-override
2026-07-25 21:58:20.044 7 INFO neutron.api.extensions [None req-db140b9b-3ec3-4ca1-94e1-a0463edd5fa8 - - - - - -] Loaded extension: port-mac-address-regenerate
2026-07-25 21:58:20.044 7 INFO neutron.api.extensions [None req-db140b9b-3ec3-4ca1-94e1-a0463edd5fa8 - - - - - -] Loaded extension: port-numa-affinity-policy
2026-07-25 21:58:20.045 7 INFO neutron.api.extensions [None req-db140b9b-3ec3-4ca1-94e1-a0463edd5fa8 - - - - - -] Loaded extension: port-numa-affinity-policy-socket
2026-07-25 21:58:20.045 7 INFO neutron.api.extensions [None req-db140b9b-3ec3-4ca1-94e1-a0463edd5fa8 - - - - - -] Loaded extension: port-resource-request
2026-07-25 21:58:20.045 8 INFO neutron.quota.resource_registry [None req-1c458f00-ae8a-4773-a854-a4213fb08c94 - - - - - -] Creating instance of CountableResource for resource:rbac_policy
2026-07-25 21:58:20.046 8 WARNING neutron.quota.resource_registry [None req-1c458f00-ae8a-4773-a854-a4213fb08c94 - - - - - -] rbac_policy is already registered
2026-07-25 21:58:20.046 7 INFO neutron.api.extensions [None req-db140b9b-3ec3-4ca1-94e1-a0463edd5fa8 - - - - - -] Loaded extension: port-resource-request-groups
2026-07-25 21:58:20.046 8 INFO neutron.quota.resource_registry [None req-1c458f00-ae8a-4773-a854-a4213fb08c94 - - - - - -] Creating instance of TrackedResource for resource:security_group
2026-07-25 21:58:20.046 7 INFO neutron.api.extensions [None req-db140b9b-3ec3-4ca1-94e1-a0463edd5fa8 - - - - - -] Extension port-trusted-vif not supported by any of loaded plugins
2026-07-25 21:58:20.046 8 WARNING neutron.quota.resource_registry [None req-1c458f00-ae8a-4773-a854-a4213fb08c94 - - - - - -] security_group is already registered
2026-07-25 21:58:20.047 8 INFO neutron.quota.resource_registry [None req-1c458f00-ae8a-4773-a854-a4213fb08c94 - - - - - -] Creating instance of TrackedResource for resource:security_group_rule
2026-07-25 21:58:20.047 7 INFO neutron.api.extensions [None req-db140b9b-3ec3-4ca1-94e1-a0463edd5fa8 - - - - - -] Loaded extension: binding
2026-07-25 21:58:20.047 8 WARNING neutron.quota.resource_registry [None req-1c458f00-ae8a-4773-a854-a4213fb08c94 - - - - - -] security_group_rule is already registered
2026-07-25 21:58:20.047 7 INFO neutron.api.extensions [None req-db140b9b-3ec3-4ca1-94e1-a0463edd5fa8 - - - - - -] Loaded extension: binding-extended
2026-07-25 21:58:20.048 8 INFO neutron.quota.resource_registry [None req-1c458f00-ae8a-4773-a854-a4213fb08c94 - - - - - -] Creating instance of TrackedResource for resource:subnetpool
2026-07-25 21:58:20.048 8 WARNING neutron.quota.resource_registry [None req-1c458f00-ae8a-4773-a854-a4213fb08c94 - - - - - -] subnetpool is already registered
2026-07-25 21:58:20.048 7 INFO neutron.api.extensions [None req-db140b9b-3ec3-4ca1-94e1-a0463edd5fa8 - - - - - -] Loaded extension: port-security
2026-07-25 21:58:20.048 8 INFO neutron.quota.resource_registry [None req-1c458f00-ae8a-4773-a854-a4213fb08c94 - - - - - -] Creating instance of TrackedResource for resource:subnetpool
2026-07-25 21:58:20.048 8 WARNING neutron.quota.resource_registry [None req-1c458f00-ae8a-4773-a854-a4213fb08c94 - - - - - -] subnetpool is already registered
2026-07-25 21:58:20.048 7 INFO neutron.api.extensions [None req-db140b9b-3ec3-4ca1-94e1-a0463edd5fa8 - - - - - -] Loaded extension: project-id
2026-07-25 21:58:20.049 8 INFO neutron.quota.resource_registry [None req-1c458f00-ae8a-4773-a854-a4213fb08c94 - - - - - -] Creating instance of CountableResource for resource:trunk
2026-07-25 21:58:20.049 7 INFO neutron.api.extensions [None req-db140b9b-3ec3-4ca1-94e1-a0463edd5fa8 - - - - - -] Loaded extension: provider
2026-07-25 21:58:20.049 8 WARNING neutron.quota.resource_registry [None req-1c458f00-ae8a-4773-a854-a4213fb08c94 - - - - - -] trunk is already registered
2026-07-25 21:58:20.049 8 INFO neutron.quota.resource_registry [None req-1c458f00-ae8a-4773-a854-a4213fb08c94 - - - - - -] Creating instance of CountableResource for resource:ikepolicy
2026-07-25 21:58:20.049 8 WARNING neutron.quota.resource_registry [None req-1c458f00-ae8a-4773-a854-a4213fb08c94 - - - - - -] ikepolicy is already registered
2026-07-25 21:58:20.050 7 INFO neutron.api.extensions [None req-db140b9b-3ec3-4ca1-94e1-a0463edd5fa8 - - - - - -] Extension qinq not supported by any of loaded plugins
2026-07-25 21:58:20.050 8 INFO neutron.quota.resource_registry [None req-1c458f00-ae8a-4773-a854-a4213fb08c94 - - - - - -] Creating instance of CountableResource for resource:ipsecpolicy
2026-07-25 21:58:20.050 8 WARNING neutron.quota.resource_registry [None req-1c458f00-ae8a-4773-a854-a4213fb08c94 - - - - - -] ipsecpolicy is already registered
2026-07-25 21:58:20.050 8 INFO neutron.quota.resource_registry [None req-1c458f00-ae8a-4773-a854-a4213fb08c94 - - - - - -] Creating instance of CountableResource for resource:endpoint_group
2026-07-25 21:58:20.050 8 WARNING neutron.quota.resource_registry [None req-1c458f00-ae8a-4773-a854-a4213fb08c94 - - - - - -] endpoint_group is already registered
2026-07-25 21:58:20.051 8 INFO neutron.quota.resource_registry [None req-1c458f00-ae8a-4773-a854-a4213fb08c94 - - - - - -] Creating instance of CountableResource for resource:vpnservice
2026-07-25 21:58:20.051 8 WARNING neutron.quota.resource_registry [None req-1c458f00-ae8a-4773-a854-a4213fb08c94 - - - - - -] vpnservice is already registered
2026-07-25 21:58:20.051 8 INFO neutron.quota.resource_registry [None req-1c458f00-ae8a-4773-a854-a4213fb08c94 - - - - - -] Creating instance of CountableResource for resource:ipsec_site_connection
2026-07-25 21:58:20.051 8 WARNING neutron.quota.resource_registry [None req-1c458f00-ae8a-4773-a854-a4213fb08c94 - - - - - -] ipsec_site_connection is already registered
2026-07-25 21:58:20.052 7 INFO neutron.api.extensions [None req-db140b9b-3ec3-4ca1-94e1-a0463edd5fa8 - - - - - -] Loaded extension: qos
2026-07-25 21:58:20.052 8 INFO neutron.quota.resource_registry [None req-1c458f00-ae8a-4773-a854-a4213fb08c94 - - - - - -] Creating instance of CountableResource for resource:ipsecpolicy
2026-07-25 21:58:20.052 8 WARNING neutron.quota.resource_registry [None req-1c458f00-ae8a-4773-a854-a4213fb08c94 - - - - - -] ipsecpolicy is already registered
2026-07-25 21:58:20.052 8 INFO neutron.quota.resource_registry [None req-1c458f00-ae8a-4773-a854-a4213fb08c94 - - - - - -] Creating instance of CountableResource for resource:ikepolicy
2026-07-25 21:58:20.052 8 WARNING neutron.quota.resource_registry [None req-1c458f00-ae8a-4773-a854-a4213fb08c94 - - - - - -] ikepolicy is already registered
2026-07-25 21:58:20.052 7 INFO neutron.api.extensions [None req-db140b9b-3ec3-4ca1-94e1-a0463edd5fa8 - - - - - -] Loaded extension: qos-bw-limit-direction
2026-07-25 21:58:20.053 7 INFO neutron.api.extensions [None req-db140b9b-3ec3-4ca1-94e1-a0463edd5fa8 - - - - - -] Loaded extension: qos-bw-minimum-ingress
2026-07-25 21:58:20.053 7 INFO neutron.api.extensions [None req-db140b9b-3ec3-4ca1-94e1-a0463edd5fa8 - - - - - -] Loaded extension: qos-default
2026-07-25 21:58:20.054 7 INFO neutron.api.extensions [None req-db140b9b-3ec3-4ca1-94e1-a0463edd5fa8 - - - - - -] Loaded extension: qos-fip
2026-07-25 21:58:20.054 7 INFO neutron.api.extensions [None req-db140b9b-3ec3-4ca1-94e1-a0463edd5fa8 - - - - - -] Extension qos-fip-network-policy not supported by any of loaded plugins
2026-07-25 21:58:20.055 7 INFO neutron.api.extensions [None req-db140b9b-3ec3-4ca1-94e1-a0463edd5fa8 - - - - - -] Loaded extension: qos-gateway-ip
2026-07-25 21:58:20.055 7 INFO neutron.api.extensions [None req-db140b9b-3ec3-4ca1-94e1-a0463edd5fa8 - - - - - -] Loaded extension: qos-port-network-policy
2026-07-25 21:58:20.056 7 INFO neutron.api.extensions [None req-db140b9b-3ec3-4ca1-94e1-a0463edd5fa8 - - - - - -] Loaded extension: qos-pps-minimum
2026-07-25 21:58:20.057 7 INFO neutron.api.extensions [None req-db140b9b-3ec3-4ca1-94e1-a0463edd5fa8 - - - - - -] Loaded extension: qos-pps-minimum-rule-alias
2026-07-25 21:58:20.057 7 INFO neutron.api.extensions [None req-db140b9b-3ec3-4ca1-94e1-a0463edd5fa8 - - - - - -] Loaded extension: qos-pps
2026-07-25 21:58:20.058 7 INFO neutron.api.extensions [None req-db140b9b-3ec3-4ca1-94e1-a0463edd5fa8 - - - - - -] Loaded extension: qos-rule-type-details
2026-07-25 21:58:20.058 7 INFO neutron.api.extensions [None req-db140b9b-3ec3-4ca1-94e1-a0463edd5fa8 - - - - - -] Loaded extension: qos-rule-type-filter
2026-07-25 21:58:20.059 7 INFO neutron.api.extensions [None req-db140b9b-3ec3-4ca1-94e1-a0463edd5fa8 - - - - - -] Loaded extension: qos-rules-alias
2026-07-25 21:58:20.059 7 INFO neutron.api.extensions [None req-db140b9b-3ec3-4ca1-94e1-a0463edd5fa8 - - - - - -] Loaded extension: quota-check-limit
2026-07-25 21:58:20.060 7 INFO neutron.api.extensions [None req-db140b9b-3ec3-4ca1-94e1-a0463edd5fa8 - - - - - -] Loaded extension: quota-check-limit-default
2026-07-25 21:58:20.062 7 INFO neutron.api.extensions [None req-db140b9b-3ec3-4ca1-94e1-a0463edd5fa8 - - - - - -] Loaded extension: quotas
2026-07-25 21:58:20.063 7 INFO neutron.api.extensions [None req-db140b9b-3ec3-4ca1-94e1-a0463edd5fa8 - - - - - -] Loaded extension: quota_details
2026-07-25 21:58:20.065 7 INFO neutron.api.extensions [None req-db140b9b-3ec3-4ca1-94e1-a0463edd5fa8 - - - - - -] Loaded extension: rbac-policies
2026-07-25 21:58:20.065 7 INFO neutron.api.extensions [None req-db140b9b-3ec3-4ca1-94e1-a0463edd5fa8 - - - - - -] Loaded extension: rbac-address-group
2026-07-25 21:58:20.066 7 INFO neutron.api.extensions [None req-db140b9b-3ec3-4ca1-94e1-a0463edd5fa8 - - - - - -] Loaded extension: rbac-address-scope
2026-07-25 21:58:20.067 7 INFO neutron.api.extensions [None req-db140b9b-3ec3-4ca1-94e1-a0463edd5fa8 - - - - - -] Loaded extension: rbac-security-groups
2026-07-25 21:58:20.067 7 INFO neutron.api.extensions [None req-db140b9b-3ec3-4ca1-94e1-a0463edd5fa8 - - - - - -] Loaded extension: rbac-subnetpool
2026-07-25 21:58:20.068 7 INFO neutron.api.extensions [None req-db140b9b-3ec3-4ca1-94e1-a0463edd5fa8 - - - - - -] Loaded extension: revision-if-match
2026-07-25 21:58:20.068 7 INFO neutron.api.extensions [None req-db140b9b-3ec3-4ca1-94e1-a0463edd5fa8 - - - - - -] Loaded extension: standard-attr-revisions
2026-07-25 21:58:20.069 7 INFO neutron.api.extensions [None req-db140b9b-3ec3-4ca1-94e1-a0463edd5fa8 - - - - - -] Loaded extension: router_availability_zone
2026-07-25 21:58:20.070 7 INFO neutron.api.extensions [None req-db140b9b-3ec3-4ca1-94e1-a0463edd5fa8 - - - - - -] Extension router-service-type not supported by any of loaded plugins
2026-07-25 21:58:20.074 7 INFO neutron.api.extensions [None req-db140b9b-3ec3-4ca1-94e1-a0463edd5fa8 - - - - - -] Loaded extension: security-groups-default-rules
2026-07-25 21:58:20.074 7 INFO neutron.api.extensions [None req-db140b9b-3ec3-4ca1-94e1-a0463edd5fa8 - - - - - -] Loaded extension: security-groups-normalized-cidr
2026-07-25 21:58:20.075 7 INFO neutron.api.extensions [None req-db140b9b-3ec3-4ca1-94e1-a0463edd5fa8 - - - - - -] Loaded extension: port-security-groups-filtering
2026-07-25 21:58:20.075 7 INFO neutron.api.extensions [None req-db140b9b-3ec3-4ca1-94e1-a0463edd5fa8 - - - - - -] Loaded extension: security-groups-remote-address-group
2026-07-25 21:58:20.076 7 INFO neutron.api.extensions [None req-db140b9b-3ec3-4ca1-94e1-a0463edd5fa8 - - - - - -] Loaded extension: security-groups-rules-belongs-to-default-sg
2026-07-25 21:58:20.076 7 INFO neutron.api.extensions [None req-db140b9b-3ec3-4ca1-94e1-a0463edd5fa8 - - - - - -] Loaded extension: security-groups-shared-filtering
2026-07-25 21:58:20.081 7 INFO neutron.api.extensions [None req-db140b9b-3ec3-4ca1-94e1-a0463edd5fa8 - - - - - -] Loaded extension: security-group
2026-07-25 21:58:20.082 7 INFO neutron.api.extensions [None req-db140b9b-3ec3-4ca1-94e1-a0463edd5fa8 - - - - - -] Loaded extension: segment
2026-07-25 21:58:20.082 7 INFO neutron.api.extensions [None req-db140b9b-3ec3-4ca1-94e1-a0463edd5fa8 - - - - - -] Loaded extension: segments-peer-subnet-host-routes
2026-07-25 21:58:20.083 7 INFO neutron.api.extensions [None req-db140b9b-3ec3-4ca1-94e1-a0463edd5fa8 - - - - - -] Loaded extension: service-type
2026-07-25 21:58:20.083 7 INFO neutron.api.extensions [None req-db140b9b-3ec3-4ca1-94e1-a0463edd5fa8 - - - - - -] Loaded extension: sorting
2026-07-25 21:58:20.084 7 INFO neutron.api.extensions [None req-db140b9b-3ec3-4ca1-94e1-a0463edd5fa8 - - - - - -] Loaded extension: standard-attr-segment
2026-07-25 21:58:20.084 7 INFO neutron.api.extensions [None req-db140b9b-3ec3-4ca1-94e1-a0463edd5fa8 - - - - - -] Loaded extension: standard-attr-description
2026-07-25 21:58:20.085 7 INFO neutron.api.extensions [None req-db140b9b-3ec3-4ca1-94e1-a0463edd5fa8 - - - - - -] Loaded extension: stateful-security-group
2026-07-25 21:58:20.086 7 WARNING neutron.api.extensions [None req-db140b9b-3ec3-4ca1-94e1-a0463edd5fa8 - - - - - -] Did not find expected name "Stdattrs_common" in /var/lib/openstack/lib/python3.12/site-packages/neutron/extensions/stdattrs_common.py
2026-07-25 21:58:20.086 7 INFO neutron.api.extensions [None req-db140b9b-3ec3-4ca1-94e1-a0463edd5fa8 - - - - - -] Extension subnet-dns-publish-fixed-ip not supported by any of loaded plugins
2026-07-25 21:58:20.087 7 INFO neutron.api.extensions [None req-db140b9b-3ec3-4ca1-94e1-a0463edd5fa8 - - - - - -] Loaded extension: subnet-external-network
2026-07-25 21:58:20.087 7 INFO neutron.api.extensions [None req-db140b9b-3ec3-4ca1-94e1-a0463edd5fa8 - - - - - -] Loaded extension: subnet_onboard
2026-07-25 21:58:20.088 7 INFO neutron.api.extensions [None req-db140b9b-3ec3-4ca1-94e1-a0463edd5fa8 - - - - - -] Loaded extension: subnet-segmentid-writable
2026-07-25 21:58:20.088 7 INFO neutron.api.extensions [None req-db140b9b-3ec3-4ca1-94e1-a0463edd5fa8 - - - - - -] Loaded extension: subnet-service-types
2026-07-25 21:58:20.089 7 INFO neutron.api.extensions [None req-db140b9b-3ec3-4ca1-94e1-a0463edd5fa8 - - - - - -] Loaded extension: subnet_allocation
2026-07-25 21:58:20.091 7 INFO neutron.api.extensions [None req-db140b9b-3ec3-4ca1-94e1-a0463edd5fa8 - - - - - -] Loaded extension: subnetpool-prefix-ops
2026-07-25 21:58:20.091 7 INFO neutron.api.extensions [None req-db140b9b-3ec3-4ca1-94e1-a0463edd5fa8 - - - - - -] Loaded extension: tag-creation
2026-07-25 21:58:20.092 7 INFO neutron.api.extensions [None req-db140b9b-3ec3-4ca1-94e1-a0463edd5fa8 - - - - - -] Extension tag-ports-during-bulk-creation not supported by any of loaded plugins
2026-07-25 21:58:20.092 8 WARNING keystonemiddleware._common.config [None req-1c458f00-ae8a-4773-a854-a4213fb08c94 - - - - - -] The option "audit_map_file" is not known to keystonemiddleware
2026-07-25 21:58:20.096 7 INFO neutron.api.extensions [None req-db140b9b-3ec3-4ca1-94e1-a0463edd5fa8 - - - - - -] Loaded extension: standard-attr-tag
2026-07-25 21:58:20.096 7 INFO neutron.api.extensions [None req-db140b9b-3ec3-4ca1-94e1-a0463edd5fa8 - - - - - -] Loaded extension: standard-attr-timestamp
2026-07-25 21:58:20.097 7 INFO neutron.api.extensions [None req-db140b9b-3ec3-4ca1-94e1-a0463edd5fa8 - - - - - -] Loaded extension: trunk
2026-07-25 21:58:20.097 7 INFO neutron.api.extensions [None req-db140b9b-3ec3-4ca1-94e1-a0463edd5fa8 - - - - - -] Loaded extension: trunk-details
2026-07-25 21:58:20.098 7 INFO neutron.api.extensions [None req-db140b9b-3ec3-4ca1-94e1-a0463edd5fa8 - - - - - -] Extension uplink-status-propagation not supported by any of loaded plugins
2026-07-25 21:58:20.098 7 INFO neutron.api.extensions [None req-db140b9b-3ec3-4ca1-94e1-a0463edd5fa8 - - - - - -] Extension uplink-status-propagation-updatable not supported by any of loaded plugins
2026-07-25 21:58:20.099 7 INFO neutron.api.extensions [None req-db140b9b-3ec3-4ca1-94e1-a0463edd5fa8 - - - - - -] Extension vlan-transparent not supported by any of loaded plugins
2026-07-25 21:58:20.099 8 WARNING oslo_config.cfg [None req-1c458f00-ae8a-4773-a854-a4213fb08c94 - - - - - -] Deprecated: Option "auth_uri" from group "keystone_authtoken" is deprecated. Use option "www_authenticate_uri" from group "keystone_authtoken".
2026-07-25 21:58:20.100 7 INFO neutron.api.extensions [None req-db140b9b-3ec3-4ca1-94e1-a0463edd5fa8 - - - - - -] Loaded extension: vpn-aes-ctr
2026-07-25 21:58:20.102 7 INFO neutron.api.extensions [None req-db140b9b-3ec3-4ca1-94e1-a0463edd5fa8 - - - - - -] Extension vpn-agent-scheduler not supported by any of loaded plugins WSGI app 0 (mountpoint='') ready in 8 seconds on interpreter 0x7f7b260cf668 pid: 8 (default app)
2026-07-25 21:58:20.103 7 INFO neutron.api.extensions [None req-db140b9b-3ec3-4ca1-94e1-a0463edd5fa8 - - - - - -] Loaded extension: vpn-endpoint-groups
2026-07-25 21:58:20.103 7 INFO neutron.api.extensions [None req-db140b9b-3ec3-4ca1-94e1-a0463edd5fa8 - - - - - -] Loaded extension: vpn-flavors
2026-07-25 21:58:20.105 7 INFO neutron.api.extensions [None req-db140b9b-3ec3-4ca1-94e1-a0463edd5fa8 - - - - - -] Loaded extension: vpnaas
2026-07-25 21:58:20.106 7 INFO neutron.api.extensions [None req-db140b9b-3ec3-4ca1-94e1-a0463edd5fa8 - - - - - -] Loaded extension: taas
2026-07-25 21:58:20.107 7 INFO neutron.api.extensions [None req-db140b9b-3ec3-4ca1-94e1-a0463edd5fa8 - - - - - -] Loaded extension: tap-mirror
2026-07-25 21:58:20.108 7 INFO neutron.api.extensions [None req-db140b9b-3ec3-4ca1-94e1-a0463edd5fa8 - - - - - -] Loaded extension: taas-vlan-filter
2026-07-25 21:58:20.110 7 INFO neutron.quota.resource_registry [None req-db140b9b-3ec3-4ca1-94e1-a0463edd5fa8 - - - - - -] Creating instance of TrackedResource for resource:network
2026-07-25 21:58:20.111 7 INFO neutron.quota.resource_registry [None req-db140b9b-3ec3-4ca1-94e1-a0463edd5fa8 - - - - - -] Creating instance of TrackedResource for resource:subnet
2026-07-25 21:58:20.111 7 INFO neutron.quota.resource_registry [None req-db140b9b-3ec3-4ca1-94e1-a0463edd5fa8 - - - - - -] Creating instance of TrackedResource for resource:subnetpool
2026-07-25 21:58:20.111 7 INFO neutron.quota.resource_registry [None req-db140b9b-3ec3-4ca1-94e1-a0463edd5fa8 - - - - - -] Creating instance of TrackedResource for resource:port
2026-07-25 21:58:20.114 7 INFO neutron.quota.resource_registry [None req-db140b9b-3ec3-4ca1-94e1-a0463edd5fa8 - - - - - -] Creating instance of TrackedResource for resource:router
2026-07-25 21:58:20.115 7 INFO neutron.quota.resource_registry [None req-db140b9b-3ec3-4ca1-94e1-a0463edd5fa8 - - - - - -] Creating instance of TrackedResource for resource:floatingip
2026-07-25 21:58:20.119 7 INFO neutron.quota.resource_registry [None req-db140b9b-3ec3-4ca1-94e1-a0463edd5fa8 - - - - - -] Creating instance of CountableResource for resource:rbac_policy
2026-07-25 21:58:20.120 7 INFO neutron.quota.resource_registry [None req-db140b9b-3ec3-4ca1-94e1-a0463edd5fa8 - - - - - -] Creating instance of TrackedResource for resource:security_group
2026-07-25 21:58:20.120 7 INFO neutron.quota.resource_registry [None req-db140b9b-3ec3-4ca1-94e1-a0463edd5fa8 - - - - - -] Creating instance of TrackedResource for resource:security_group_rule
2026-07-25 21:58:20.121 7 INFO neutron.quota.resource_registry [None req-db140b9b-3ec3-4ca1-94e1-a0463edd5fa8 - - - - - -] Creating instance of TrackedResource for resource:subnetpool
2026-07-25 21:58:20.121 7 WARNING neutron.quota.resource_registry [None req-db140b9b-3ec3-4ca1-94e1-a0463edd5fa8 - - - - - -] subnetpool is already registered
2026-07-25 21:58:20.122 7 INFO neutron.quota.resource_registry [None req-db140b9b-3ec3-4ca1-94e1-a0463edd5fa8 - - - - - -] Creating instance of TrackedResource for resource:subnetpool
2026-07-25 21:58:20.122 7 WARNING neutron.quota.resource_registry [None req-db140b9b-3ec3-4ca1-94e1-a0463edd5fa8 - - - - - -] subnetpool is already registered
2026-07-25 21:58:20.122 7 INFO neutron.quota.resource_registry [None req-db140b9b-3ec3-4ca1-94e1-a0463edd5fa8 - - - - - -] Creating instance of CountableResource for resource:trunk
2026-07-25 21:58:20.123 7 INFO neutron.quota.resource_registry [None req-db140b9b-3ec3-4ca1-94e1-a0463edd5fa8 - - - - - -] Creating instance of CountableResource for resource:ikepolicy
2026-07-25 21:58:20.123 7 INFO neutron.quota.resource_registry [None req-db140b9b-3ec3-4ca1-94e1-a0463edd5fa8 - - - - - -] Creating instance of CountableResource for resource:ipsecpolicy
2026-07-25 21:58:20.124 7 INFO neutron.quota.resource_registry [None req-db140b9b-3ec3-4ca1-94e1-a0463edd5fa8 - - - - - -] Creating instance of CountableResource for resource:endpoint_group
2026-07-25 21:58:20.124 7 INFO neutron.quota.resource_registry [None req-db140b9b-3ec3-4ca1-94e1-a0463edd5fa8 - - - - - -] Creating instance of CountableResource for resource:vpnservice
2026-07-25 21:58:20.124 7 INFO neutron.quota.resource_registry [None req-db140b9b-3ec3-4ca1-94e1-a0463edd5fa8 - - - - - -] Creating instance of CountableResource for resource:ipsec_site_connection
2026-07-25 21:58:20.125 7 INFO neutron.quota.resource_registry [None req-db140b9b-3ec3-4ca1-94e1-a0463edd5fa8 - - - - - -] Creating instance of CountableResource for resource:ipsecpolicy
2026-07-25 21:58:20.125 7 WARNING neutron.quota.resource_registry [None req-db140b9b-3ec3-4ca1-94e1-a0463edd5fa8 - - - - - -] ipsecpolicy is already registered
2026-07-25 21:58:20.125 7 INFO neutron.quota.resource_registry [None req-db140b9b-3ec3-4ca1-94e1-a0463edd5fa8 - - - - - -] Creating instance of CountableResource for resource:ikepolicy
2026-07-25 21:58:20.125 7 WARNING neutron.quota.resource_registry [None req-db140b9b-3ec3-4ca1-94e1-a0463edd5fa8 - - - - - -] ikepolicy is already registered
2026-07-25 21:58:20.130 7 INFO neutron.quota.resource_registry [None req-db140b9b-3ec3-4ca1-94e1-a0463edd5fa8 - - - - - -] Creating instance of TrackedResource for resource:router
2026-07-25 21:58:20.130 7 WARNING neutron.quota.resource_registry [None req-db140b9b-3ec3-4ca1-94e1-a0463edd5fa8 - - - - - -] router is already registered
2026-07-25 21:58:20.131 7 INFO neutron.quota.resource_registry [None req-db140b9b-3ec3-4ca1-94e1-a0463edd5fa8 - - - - - -] Creating instance of TrackedResource for resource:floatingip
2026-07-25 21:58:20.131 7 WARNING neutron.quota.resource_registry [None req-db140b9b-3ec3-4ca1-94e1-a0463edd5fa8 - - - - - -] floatingip is already registered
2026-07-25 21:58:20.134 7 INFO neutron.quota.resource_registry [None req-db140b9b-3ec3-4ca1-94e1-a0463edd5fa8 - - - - - -] Creating instance of CountableResource for resource:rbac_policy
2026-07-25 21:58:20.135 7 WARNING neutron.quota.resource_registry [None req-db140b9b-3ec3-4ca1-94e1-a0463edd5fa8 - - - - - -] rbac_policy is already registered
2026-07-25 21:58:20.135 7 INFO neutron.quota.resource_registry [None req-db140b9b-3ec3-4ca1-94e1-a0463edd5fa8 - - - - - -] Creating instance of TrackedResource for resource:security_group
2026-07-25 21:58:20.135 7 WARNING neutron.quota.resource_registry [None req-db140b9b-3ec3-4ca1-94e1-a0463edd5fa8 - - - - - -] security_group is already registered
2026-07-25 21:58:20.136 7 INFO neutron.quota.resource_registry [None req-db140b9b-3ec3-4ca1-94e1-a0463edd5fa8 - - - - - -] Creating instance of TrackedResource for resource:security_group_rule
2026-07-25 21:58:20.136 7 WARNING neutron.quota.resource_registry [None req-db140b9b-3ec3-4ca1-94e1-a0463edd5fa8 - - - - - -] security_group_rule is already registered
2026-07-25 21:58:20.137 7 INFO neutron.quota.resource_registry [None req-db140b9b-3ec3-4ca1-94e1-a0463edd5fa8 - - - - - -] Creating instance of TrackedResource for resource:subnetpool
2026-07-25 21:58:20.137 7 WARNING neutron.quota.resource_registry [None req-db140b9b-3ec3-4ca1-94e1-a0463edd5fa8 - - - - - -] subnetpool is already registered
2026-07-25 21:58:20.137 7 INFO neutron.quota.resource_registry [None req-db140b9b-3ec3-4ca1-94e1-a0463edd5fa8 - - - - - -] Creating instance of TrackedResource for resource:subnetpool
2026-07-25 21:58:20.137 7 WARNING neutron.quota.resource_registry [None req-db140b9b-3ec3-4ca1-94e1-a0463edd5fa8 - - - - - -] subnetpool is already registered
2026-07-25 21:58:20.138 7 INFO neutron.quota.resource_registry [None req-db140b9b-3ec3-4ca1-94e1-a0463edd5fa8 - - - - - -] Creating instance of CountableResource for resource:trunk
2026-07-25 21:58:20.138 7 WARNING neutron.quota.resource_registry [None req-db140b9b-3ec3-4ca1-94e1-a0463edd5fa8 - - - - - -] trunk is already registered
2026-07-25 21:58:20.138 7 INFO neutron.quota.resource_registry [None req-db140b9b-3ec3-4ca1-94e1-a0463edd5fa8 - - - - - -] Creating instance of CountableResource for resource:ikepolicy
2026-07-25 21:58:20.138 7 WARNING neutron.quota.resource_registry [None req-db140b9b-3ec3-4ca1-94e1-a0463edd5fa8 - - - - - -] ikepolicy is already registered
2026-07-25 21:58:20.139 7 INFO neutron.quota.resource_registry [None req-db140b9b-3ec3-4ca1-94e1-a0463edd5fa8 - - - - - -] Creating instance of CountableResource for resource:ipsecpolicy
2026-07-25 21:58:20.139 7 WARNING neutron.quota.resource_registry [None req-db140b9b-3ec3-4ca1-94e1-a0463edd5fa8 - - - - - -] ipsecpolicy is already registered
2026-07-25 21:58:20.139 7 INFO neutron.quota.resource_registry [None req-db140b9b-3ec3-4ca1-94e1-a0463edd5fa8 - - - - - -] Creating instance of CountableResource for resource:endpoint_group
2026-07-25 21:58:20.139 7 WARNING neutron.quota.resource_registry [None req-db140b9b-3ec3-4ca1-94e1-a0463edd5fa8 - - - - - -] endpoint_group is already registered
2026-07-25 21:58:20.140 7 INFO neutron.quota.resource_registry [None req-db140b9b-3ec3-4ca1-94e1-a0463edd5fa8 - - - - - -] Creating instance of CountableResource for resource:vpnservice
2026-07-25 21:58:20.140 7 WARNING neutron.quota.resource_registry [None req-db140b9b-3ec3-4ca1-94e1-a0463edd5fa8 - - - - - -] vpnservice is already registered
2026-07-25 21:58:20.140 7 INFO neutron.quota.resource_registry [None req-db140b9b-3ec3-4ca1-94e1-a0463edd5fa8 - - - - - -] Creating instance of CountableResource for resource:ipsec_site_connection
2026-07-25 21:58:20.140 7 WARNING neutron.quota.resource_registry [None req-db140b9b-3ec3-4ca1-94e1-a0463edd5fa8 - - - - - -] ipsec_site_connection is already registered
2026-07-25 21:58:20.141 7 INFO neutron.quota.resource_registry [None req-db140b9b-3ec3-4ca1-94e1-a0463edd5fa8 - - - - - -] Creating instance of CountableResource for resource:ipsecpolicy
2026-07-25 21:58:20.141 7 WARNING neutron.quota.resource_registry [None req-db140b9b-3ec3-4ca1-94e1-a0463edd5fa8 - - - - - -] ipsecpolicy is already registered
2026-07-25 21:58:20.141 7 INFO neutron.quota.resource_registry [None req-db140b9b-3ec3-4ca1-94e1-a0463edd5fa8 - - - - - -] Creating instance of CountableResource for resource:ikepolicy
2026-07-25 21:58:20.141 7 WARNING neutron.quota.resource_registry [None req-db140b9b-3ec3-4ca1-94e1-a0463edd5fa8 - - - - - -] ikepolicy is already registered
2026-07-25 21:58:20.178 7 WARNING keystonemiddleware._common.config [None req-db140b9b-3ec3-4ca1-94e1-a0463edd5fa8 - - - - - -] The option "audit_map_file" is not known to keystonemiddleware
2026-07-25 21:58:20.184 7 WARNING oslo_config.cfg [None req-db140b9b-3ec3-4ca1-94e1-a0463edd5fa8 - - - - - -] Deprecated: Option "auth_uri" from group "keystone_authtoken" is deprecated. Use option "www_authenticate_uri" from group "keystone_authtoken". WSGI app 0 (mountpoint='') ready in 8 seconds on interpreter 0x7f7b260cf668 pid: 7 (default app) /var/lib/openstack/lib/python3.12/site-packages/pycadf/identifier.py:70: UserWarning: Invalid uuid: unknown. To ensure interoperability, identifiers should be a valid uuid. warnings.warn(('Invalid uuid: %s. To ensure interoperability, '
2026-07-25 21:58:28.150 8 INFO neutron.pecan_wsgi.hooks.translation [None req-c8516324-dc44-46a4-8e53-94983197be58 e9441c818bd24e55b5e268d59c1a3d40 32bada048cca47368d7e505508985605 - - default default] GET failed (client error): The resource could not be found. [pid: 8|app: 0|req: 2/3] 199.204.45.222 () {44 vars in 928 bytes} [Sat Jul 25 21:58:27 2026] GET /v2.0/networks/public => generated 108 bytes in 807 msecs (HTTP/1.1 404) 4 headers in 164 bytes (1 switches on core 0) /var/lib/openstack/lib/python3.12/site-packages/pycadf/identifier.py:70: UserWarning: Invalid uuid: unknown. To ensure interoperability, identifiers should be a valid uuid. warnings.warn(('Invalid uuid: %s. To ensure interoperability, ' [pid: 7|app: 0|req: 2/4] 199.204.45.222 () {44 vars in 950 bytes} [Sat Jul 25 21:58:28 2026] GET /v2.0/networks?name=public => generated 15 bytes in 405 msecs (HTTP/1.1 200) 4 headers in 156 bytes (1 switches on core 0)
2026-07-25 21:58:29.033 8 WARNING neutron.services.revisions.revision_plugin [None req-96921a1a-cccb-4012-adad-7dfb226aec9f e9441c818bd24e55b5e268d59c1a3d40 32bada048cca47368d7e505508985605 - - default default] Could not find related network for resource to bump revision.
2026-07-25 21:58:29.057 8 INFO neutron.db.segments_db [None req-96921a1a-cccb-4012-adad-7dfb226aec9f e9441c818bd24e55b5e268d59c1a3d40 32bada048cca47368d7e505508985605 - - default default] Added segment 9c7be084-87ec-49ac-a282-7853d6acc951 of type flat for network 15ce9930-fa52-470a-ba7a-44cc31465960
2026-07-25 21:58:29.120 8 INFO neutron.pecan_wsgi.hooks.translation [None req-96921a1a-cccb-4012-adad-7dfb226aec9f e9441c818bd24e55b5e268d59c1a3d40 32bada048cca47368d7e505508985605 - - default default] POST failed (client error): The resource could not be found. [pid: 8|app: 0|req: 3/5] 199.204.45.222 () {48 vars in 968 bytes} [Sat Jul 25 21:58:28 2026] POST /v2.0/networks => generated 124 bytes in 581 msecs (HTTP/1.1 404) 4 headers in 164 bytes (1 switches on core 0)
2026-07-25 21:58:35.538 7 INFO neutron.pecan_wsgi.hooks.translation [None req-7224aa8b-f1f1-4976-88b7-90f3d6171c11 e9441c818bd24e55b5e268d59c1a3d40 32bada048cca47368d7e505508985605 - - default default] GET failed (client error): The resource could not be found. [pid: 7|app: 0|req: 3/6] 199.204.45.222 () {44 vars in 928 bytes} [Sat Jul 25 21:58:35 2026] GET /v2.0/networks/public => generated 108 bytes in 412 msecs (HTTP/1.1 404) 4 headers in 164 bytes (1 switches on core 0) [pid: 8|app: 0|req: 4/7] 199.204.45.222 () {44 vars in 950 bytes} [Sat Jul 25 21:58:35 2026] GET /v2.0/networks?name=public => generated 15 bytes in 25 msecs (HTTP/1.1 200) 4 headers in 156 bytes (1 switches on core 0)
2026-07-25 21:58:35.812 7 WARNING neutron.services.revisions.revision_plugin [None req-e1c60277-84cd-4a36-ad61-799161e0527b e9441c818bd24e55b5e268d59c1a3d40 32bada048cca47368d7e505508985605 - - default default] Could not find related network for resource to bump revision.
2026-07-25 21:58:35.831 7 INFO neutron.db.segments_db [None req-e1c60277-84cd-4a36-ad61-799161e0527b e9441c818bd24e55b5e268d59c1a3d40 32bada048cca47368d7e505508985605 - - default default] Added segment 8533bad4-794e-49e1-8ac1-f96c64556e48 of type flat for network 75a90c26-c144-4c15-aa47-75b7f0ae3e16
2026-07-25 21:58:35.888 7 INFO neutron.pecan_wsgi.hooks.translation [None req-e1c60277-84cd-4a36-ad61-799161e0527b e9441c818bd24e55b5e268d59c1a3d40 32bada048cca47368d7e505508985605 - - default default] POST failed (client error): The resource could not be found. [pid: 7|app: 0|req: 4/8] 199.204.45.222 () {48 vars in 968 bytes} [Sat Jul 25 21:58:35 2026] POST /v2.0/networks => generated 124 bytes in 330 msecs (HTTP/1.1 404) 4 headers in 164 bytes (1 switches on core 0)
2026-07-25 21:58:41.882 7 INFO neutron.pecan_wsgi.hooks.translation [None req-b9deff87-60c9-46f9-9418-03bc0fb7996d e9441c818bd24e55b5e268d59c1a3d40 32bada048cca47368d7e505508985605 - - default default] GET failed (client error): The resource could not be found. [pid: 7|app: 0|req: 5/10] 199.204.45.222 () {44 vars in 928 bytes} [Sat Jul 25 21:58:41 2026] GET /v2.0/networks/public => generated 108 bytes in 40 msecs (HTTP/1.1 404) 4 headers in 164 bytes (1 switches on core 0) [pid: 8|app: 0|req: 6/11] 199.204.45.222 () {44 vars in 950 bytes} [Sat Jul 25 21:58:41 2026] GET /v2.0/networks?name=public => generated 15 bytes in 14 msecs (HTTP/1.1 200) 4 headers in 156 bytes (1 switches on core 0)
2026-07-25 21:58:41.953 7 WARNING neutron.services.revisions.revision_plugin [None req-1770a08d-d6dd-4a35-9bac-80ee4581a09b e9441c818bd24e55b5e268d59c1a3d40 32bada048cca47368d7e505508985605 - - default default] Could not find related network for resource to bump revision.
2026-07-25 21:58:41.968 7 INFO neutron.db.segments_db [None req-1770a08d-d6dd-4a35-9bac-80ee4581a09b e9441c818bd24e55b5e268d59c1a3d40 32bada048cca47368d7e505508985605 - - default default] Added segment 6696f5e9-223b-455d-a27d-01d9f79e6b52 of type flat for network 5d59d390-a6b7-4e57-bce4-7281c6a6b9a5
2026-07-25 21:58:41.995 7 INFO neutron.pecan_wsgi.hooks.translation [None req-1770a08d-d6dd-4a35-9bac-80ee4581a09b e9441c818bd24e55b5e268d59c1a3d40 32bada048cca47368d7e505508985605 - - default default] POST failed (client error): The resource could not be found. [pid: 7|app: 0|req: 6/12] 199.204.45.222 () {48 vars in 968 bytes} [Sat Jul 25 21:58:41 2026] POST /v2.0/networks => generated 124 bytes in 103 msecs (HTTP/1.1 404) 4 headers in 164 bytes (1 switches on core 0)
2026-07-25 21:58:47.963 8 WARNING keystonemiddleware.audit [None req-4e87adad-0e06-4e11-bdc3-d23903ba2f0c e9441c818bd24e55b5e268d59c1a3d40 32bada048cca47368d7e505508985605 - - default default] Skipping service magnum as it have no endpoints.
2026-07-25 21:58:47.975 8 INFO neutron.pecan_wsgi.hooks.translation [None req-40647440-a97b-4ed0-a027-ad3ec4e172b0 e9441c818bd24e55b5e268d59c1a3d40 32bada048cca47368d7e505508985605 - - default default] GET failed (client error): The resource could not be found. [pid: 8|app: 0|req: 7/13] 199.204.45.222 () {44 vars in 928 bytes} [Sat Jul 25 21:58:47 2026] GET /v2.0/networks/public => generated 108 bytes in 53 msecs (HTTP/1.1 404) 4 headers in 164 bytes (1 switches on core 0)
2026-07-25 21:58:47.984 7 WARNING keystonemiddleware.audit [None req-1770a08d-d6dd-4a35-9bac-80ee4581a09b e9441c818bd24e55b5e268d59c1a3d40 32bada048cca47368d7e505508985605 - - default default] Skipping service magnum as it have no endpoints. [pid: 7|app: 0|req: 7/14] 199.204.45.222 () {44 vars in 950 bytes} [Sat Jul 25 21:58:47 2026] GET /v2.0/networks?name=public => generated 15 bytes in 15 msecs (HTTP/1.1 200) 4 headers in 156 bytes (1 switches on core 0)
2026-07-25 21:58:48.005 8 WARNING keystonemiddleware.audit [None req-40647440-a97b-4ed0-a027-ad3ec4e172b0 e9441c818bd24e55b5e268d59c1a3d40 32bada048cca47368d7e505508985605 - - default default] Skipping service magnum as it have no endpoints.
2026-07-25 21:58:48.050 8 WARNING neutron.services.revisions.revision_plugin [None req-3e2213dd-64c6-482a-a001-543758558a08 e9441c818bd24e55b5e268d59c1a3d40 32bada048cca47368d7e505508985605 - - default default] Could not find related network for resource to bump revision.
2026-07-25 21:58:48.064 8 INFO neutron.db.segments_db [None req-3e2213dd-64c6-482a-a001-543758558a08 e9441c818bd24e55b5e268d59c1a3d40 32bada048cca47368d7e505508985605 - - default default] Added segment 58213de4-d18a-40d7-956c-6990ba126cd0 of type flat for network 2c38be8b-e4ef-4cbd-b553-13070a504d5f
2026-07-25 21:58:48.082 8 INFO neutron.pecan_wsgi.hooks.translation [None req-3e2213dd-64c6-482a-a001-543758558a08 e9441c818bd24e55b5e268d59c1a3d40 32bada048cca47368d7e505508985605 - - default default] POST failed (client error): The resource could not be found. [pid: 8|app: 0|req: 8/15] 199.204.45.222 () {48 vars in 968 bytes} [Sat Jul 25 21:58:48 2026] POST /v2.0/networks => generated 124 bytes in 90 msecs (HTTP/1.1 404) 4 headers in 164 bytes (1 switches on core 0)
2026-07-25 21:58:54.086 8 WARNING keystonemiddleware.audit [None req-3e2213dd-64c6-482a-a001-543758558a08 e9441c818bd24e55b5e268d59c1a3d40 32bada048cca47368d7e505508985605 - - default default] Skipping service magnum as it have no endpoints.
2026-07-25 21:58:54.096 8 INFO neutron.pecan_wsgi.hooks.translation [None req-35d0e256-80a1-4486-8a1b-eb9231986424 e9441c818bd24e55b5e268d59c1a3d40 32bada048cca47368d7e505508985605 - - default default] GET failed (client error): The resource could not be found. [pid: 8|app: 0|req: 9/17] 199.204.45.222 () {44 vars in 928 bytes} [Sat Jul 25 21:58:54 2026] GET /v2.0/networks/public => generated 108 bytes in 56 msecs (HTTP/1.1 404) 4 headers in 164 bytes (1 switches on core 0)
2026-07-25 21:58:54.103 7 WARNING keystonemiddleware.audit [None req-aa5d6bb5-916d-4f90-aabd-8a56ab8d59f4 e9441c818bd24e55b5e268d59c1a3d40 32bada048cca47368d7e505508985605 - - default default] Skipping service magnum as it have no endpoints. [pid: 7|app: 0|req: 9/18] 199.204.45.222 () {44 vars in 950 bytes} [Sat Jul 25 21:58:54 2026] GET /v2.0/networks?name=public => generated 15 bytes in 12 msecs (HTTP/1.1 200) 4 headers in 156 bytes (1 switches on core 0)
2026-07-25 21:58:54.122 8 WARNING keystonemiddleware.audit [None req-35d0e256-80a1-4486-8a1b-eb9231986424 e9441c818bd24e55b5e268d59c1a3d40 32bada048cca47368d7e505508985605 - - default default] Skipping service magnum as it have no endpoints.
2026-07-25 21:58:54.156 8 WARNING neutron.services.revisions.revision_plugin [None req-cc8a7bb2-7b38-467d-95b6-e189fbbc71cc e9441c818bd24e55b5e268d59c1a3d40 32bada048cca47368d7e505508985605 - - default default] Could not find related network for resource to bump revision.
2026-07-25 21:58:54.173 8 INFO neutron.db.segments_db [None req-cc8a7bb2-7b38-467d-95b6-e189fbbc71cc e9441c818bd24e55b5e268d59c1a3d40 32bada048cca47368d7e505508985605 - - default default] Added segment be769272-7305-42cf-8b7b-f200cfb4e2b5 of type flat for network b1ec7d15-ef04-40ea-b7c3-694368a9ed43 [pid: 8|app: 0|req: 10/19] 199.204.45.222 () {48 vars in 968 bytes} [Sat Jul 25 21:58:54 2026] POST /v2.0/networks => generated 706 bytes in 173 msecs (HTTP/1.1 201) 4 headers in 162 bytes (1 switches on core 0)
2026-07-25 21:58:55.441 7 WARNING keystonemiddleware.audit [None req-2220039a-18e1-4e96-b62f-cca7a56d312b e9441c818bd24e55b5e268d59c1a3d40 32bada048cca47368d7e505508985605 - - default default] Skipping service magnum as it have no endpoints.
2026-07-25 21:58:55.452 7 INFO neutron.pecan_wsgi.hooks.translation [None req-51e007fc-b3e9-427e-9d47-50ae02ea09de e9441c818bd24e55b5e268d59c1a3d40 32bada048cca47368d7e505508985605 - - default default] GET failed (client error): The resource could not be found. [pid: 7|app: 0|req: 10/20] 199.204.45.222 () {44 vars in 928 bytes} [Sat Jul 25 21:58:55 2026] GET /v2.0/networks/public => generated 108 bytes in 49 msecs (HTTP/1.1 404) 4 headers in 164 bytes (1 switches on core 0)
2026-07-25 21:58:55.460 8 WARNING keystonemiddleware.audit [None req-cc8a7bb2-7b38-467d-95b6-e189fbbc71cc e9441c818bd24e55b5e268d59c1a3d40 32bada048cca47368d7e505508985605 - - default default] Skipping service magnum as it have no endpoints. [pid: 8|app: 0|req: 11/21] 199.204.45.222 () {44 vars in 950 bytes} [Sat Jul 25 21:58:55 2026] GET /v2.0/networks?name=public => generated 709 bytes in 42 msecs (HTTP/1.1 200) 4 headers in 157 bytes (1 switches on core 0)
2026-07-25 21:58:55.510 7 WARNING keystonemiddleware.audit [None req-51e007fc-b3e9-427e-9d47-50ae02ea09de e9441c818bd24e55b5e268d59c1a3d40 32bada048cca47368d7e505508985605 - - default default] Skipping service magnum as it have no endpoints.
2026-07-25 21:58:55.526 7 INFO neutron.pecan_wsgi.hooks.translation [None req-cba4b463-040c-480e-a4cc-b8690225f5f6 e9441c818bd24e55b5e268d59c1a3d40 32bada048cca47368d7e505508985605 - - default default] GET failed (client error): The resource could not be found. [pid: 7|app: 0|req: 11/22] 199.204.45.222 () {44 vars in 1035 bytes} [Sat Jul 25 21:58:55 2026] GET /v2.0/subnets/public-subnet?network_id=b1ec7d15-ef04-40ea-b7c3-694368a9ed43 => generated 113 bytes in 18 msecs (HTTP/1.1 404) 4 headers in 164 bytes (1 switches on core 0)
2026-07-25 21:58:55.533 8 WARNING keystonemiddleware.audit [None req-9fd4c6b2-5204-40b1-9a9a-81fce8e618d7 e9441c818bd24e55b5e268d59c1a3d40 32bada048cca47368d7e505508985605 - - default default] Skipping service magnum as it have no endpoints. [pid: 8|app: 0|req: 12/23] 199.204.45.222 () {44 vars in 1058 bytes} [Sat Jul 25 21:58:55 2026] GET /v2.0/subnets?name=public-subnet&network_id=b1ec7d15-ef04-40ea-b7c3-694368a9ed43 => generated 14 bytes in 26 msecs (HTTP/1.1 200) 4 headers in 156 bytes (1 switches on core 0)
2026-07-25 21:58:55.566 7 WARNING keystonemiddleware.audit [None req-cba4b463-040c-480e-a4cc-b8690225f5f6 e9441c818bd24e55b5e268d59c1a3d40 32bada048cca47368d7e505508985605 - - default default] Skipping service magnum as it have no endpoints. [pid: 7|app: 0|req: 12/24] 199.204.45.222 () {48 vars in 966 bytes} [Sat Jul 25 21:58:55 2026] POST /v2.0/subnets => generated 664 bytes in 298 msecs (HTTP/1.1 201) 4 headers in 162 bytes (1 switches on core 0) [pid: 7|app: 0|req: 14/28] 199.204.45.222 () {44 vars in 976 bytes} [Sat Jul 25 21:59:36 2026] GET /v2.0/quotas/32bada048cca47368d7e505508985605 => generated 292 bytes in 15 msecs (HTTP/1.1 200) 4 headers in 157 bytes (1 switches on core 0) [pid: 8|app: 0|req: 16/31] 199.204.45.222 () {48 vars in 1028 bytes} [Sat Jul 25 21:59:37 2026] PUT /v2.0/quotas/32bada048cca47368d7e505508985605 => generated 291 bytes in 67 msecs (HTTP/1.1 200) 4 headers in 157 bytes (1 switches on core 0)
2026-07-25 22:00:12.693 7 INFO neutron.pecan_wsgi.hooks.translation [None req-c7aee757-94a6-4dc4-bbf3-2031b07e812d e9441c818bd24e55b5e268d59c1a3d40 32bada048cca47368d7e505508985605 - - default default] GET failed (client error): The resource could not be found. [pid: 7|app: 0|req: 18/36] 199.204.45.222 () {44 vars in 938 bytes} [Sat Jul 25 22:00:12 2026] GET /v2.0/networks/lb-mgmt-net => generated 113 bytes in 147 msecs (HTTP/1.1 404) 4 headers in 164 bytes (1 switches on core 0) [pid: 8|app: 0|req: 19/37] 199.204.45.222 () {44 vars in 960 bytes} [Sat Jul 25 22:00:12 2026] GET /v2.0/networks?name=lb-mgmt-net => generated 15 bytes in 17 msecs (HTTP/1.1 200) 4 headers in 156 bytes (1 switches on core 0)
2026-07-25 22:00:12.779 7 INFO neutron.db.segments_db [None req-ba884018-abef-429d-9128-a317bb6cea7a e9441c818bd24e55b5e268d59c1a3d40 32bada048cca47368d7e505508985605 - - default default] Added segment b7391085-ab3d-4ff9-8ef9-cc035ceac517 of type vxlan for network a857a7b3-3919-43e4-bb51-f178aa661c54 [pid: 7|app: 0|req: 19/38] 199.204.45.222 () {48 vars in 967 bytes} [Sat Jul 25 22:00:12 2026] POST /v2.0/networks => generated 688 bytes in 159 msecs (HTTP/1.1 201) 4 headers in 162 bytes (1 switches on core 0)
