May 04 07:51:56.250076 np0000171538 devstack@n-api-meta.service[109194]: DEBUG nova.api.openstack.wsgi_app [None req-b4a3bc8e-f50b-4b50-b836-2dca8cf5026b None None] oslo_limit.endpoint_service_name = None {{(pid=109194) log_opt_values /opt/stack/data/venv/lib/python3.12/site-packages/oslo_config/cfg.py:3006}}
May 04 07:51:56.250076 np0000171538 devstack@n-api-meta.service[109194]: DEBUG nova.api.openstack.wsgi_app [None req-b4a3bc8e-f50b-4b50-b836-2dca8cf5026b None None] oslo_limit.endpoint_service_type = None {{(pid=109194) log_opt_values /opt/stack/data/venv/lib/python3.12/site-packages/oslo_config/cfg.py:3006}}
May 04 07:51:56.250076 np0000171538 devstack@n-api-meta.service[109194]: DEBUG nova.api.openstack.wsgi_app [None req-b4a3bc8e-f50b-4b50-b836-2dca8cf5026b None None] oslo_limit.insecure = False {{(pid=109194) log_opt_values /opt/stack/data/venv/lib/python3.12/site-packages/oslo_config/cfg.py:3006}}
May 04 07:51:56.250222 np0000171538 devstack@n-api-meta.service[109194]: DEBUG nova.api.openstack.wsgi_app [None req-b4a3bc8e-f50b-4b50-b836-2dca8cf5026b None None] oslo_limit.keyfile = None {{(pid=109194) log_opt_values /opt/stack/data/venv/lib/python3.12/site-packages/oslo_config/cfg.py:3006}}
May 04 07:51:56.250361 np0000171538 devstack@n-api-meta.service[109194]: DEBUG nova.api.openstack.wsgi_app [None req-b4a3bc8e-f50b-4b50-b836-2dca8cf5026b None None] oslo_limit.max_version = None {{(pid=109194) log_opt_values /opt/stack/data/venv/lib/python3.12/site-packages/oslo_config/cfg.py:3006}}
May 04 07:51:56.250494 np0000171538 devstack@n-api-meta.service[109194]: DEBUG nova.api.openstack.wsgi_app [None req-b4a3bc8e-f50b-4b50-b836-2dca8cf5026b None None] oslo_limit.min_version = None {{(pid=109194) log_opt_values /opt/stack/data/venv/lib/python3.12/site-packages/oslo_config/cfg.py:3006}}
May 04 07:51:56.250626 np0000171538 devstack@n-api-meta.service[109194]: DEBUG nova.api.openstack.wsgi_app [None req-b4a3bc8e-f50b-4b50-b836-2dca8cf5026b None None] oslo_limit.region_name = None {{(pid=109194) log_opt_values /opt/stack/data/venv/lib/python3.12/site-packages/oslo_config/cfg.py:3006}}
May 04 07:51:56.250757 np0000171538 devstack@n-api-meta.service[109194]: DEBUG nova.api.openstack.wsgi_app [None req-b4a3bc8e-f50b-4b50-b836-2dca8cf5026b None None] oslo_limit.retriable_status_codes = None {{(pid=109194) log_opt_values /opt/stack/data/venv/lib/python3.12/site-packages/oslo_config/cfg.py:3006}}
May 04 07:51:56.250936 np0000171538 devstack@n-api-meta.service[109194]: DEBUG nova.api.openstack.wsgi_app [None req-b4a3bc8e-f50b-4b50-b836-2dca8cf5026b None None] oslo_limit.service_name = None {{(pid=109194) log_opt_values /opt/stack/data/venv/lib/python3.12/site-packages/oslo_config/cfg.py:3006}}
May 04 07:51:56.251083 np0000171538 devstack@n-api-meta.service[109194]: DEBUG nova.api.openstack.wsgi_app [None req-b4a3bc8e-f50b-4b50-b836-2dca8cf5026b None None] oslo_limit.service_type = None {{(pid=109194) log_opt_values /opt/stack/data/venv/lib/python3.12/site-packages/oslo_config/cfg.py:3006}}
May 04 07:51:56.251272 np0000171538 devstack@n-api-meta.service[109194]: DEBUG nova.api.openstack.wsgi_app [None req-b4a3bc8e-f50b-4b50-b836-2dca8cf5026b None None] oslo_limit.split_loggers = False {{(pid=109194) log_opt_values /opt/stack/data/venv/lib/python3.12/site-packages/oslo_config/cfg.py:3006}}
May 04 07:51:56.251449 np0000171538 devstack@n-api-meta.service[109194]: DEBUG nova.api.openstack.wsgi_app [None req-b4a3bc8e-f50b-4b50-b836-2dca8cf5026b None None] oslo_limit.status_code_retries = None {{(pid=109194) log_opt_values /opt/stack/data/venv/lib/python3.12/site-packages/oslo_config/cfg.py:3006}}
May 04 07:51:56.251585 np0000171538 devstack@n-api-meta.service[109194]: DEBUG nova.api.openstack.wsgi_app [None req-b4a3bc8e-f50b-4b50-b836-2dca8cf5026b None None] oslo_limit.status_code_retry_delay = None {{(pid=109194) log_opt_values /opt/stack/data/venv/lib/python3.12/site-packages/oslo_config/cfg.py:3006}}
May 04 07:51:56.251714 np0000171538 devstack@n-api-meta.service[109194]: DEBUG nova.api.openstack.wsgi_app [None req-b4a3bc8e-f50b-4b50-b836-2dca8cf5026b None None] oslo_limit.timeout = None {{(pid=109194) log_opt_values /opt/stack/data/venv/lib/python3.12/site-packages/oslo_config/cfg.py:3006}}
May 04 07:51:56.251844 np0000171538 devstack@n-api-meta.service[109194]: DEBUG nova.api.openstack.wsgi_app [None req-b4a3bc8e-f50b-4b50-b836-2dca8cf5026b None None] oslo_limit.valid_interfaces = None {{(pid=109194) log_opt_values /opt/stack/data/venv/lib/python3.12/site-packages/oslo_config/cfg.py:3006}}
May 04 07:51:56.252013 np0000171538 devstack@n-api-meta.service[109194]: DEBUG nova.api.openstack.wsgi_app [None req-b4a3bc8e-f50b-4b50-b836-2dca8cf5026b None None] oslo_limit.version = None {{(pid=109194) log_opt_values /opt/stack/data/venv/lib/python3.12/site-packages/oslo_config/cfg.py:3006}}
May 04 07:51:56.252211 np0000171538 devstack@n-api-meta.service[109194]: DEBUG nova.api.openstack.wsgi_app [None req-b4a3bc8e-f50b-4b50-b836-2dca8cf5026b None None] oslo_messaging_rabbit.amqp_auto_delete = False {{(pid=109194) log_opt_values /opt/stack/data/venv/lib/python3.12/site-packages/oslo_config/cfg.py:3006}}
May 04 07:51:56.252360 np0000171538 devstack@n-api-meta.service[109194]: DEBUG nova.api.openstack.wsgi_app [None req-b4a3bc8e-f50b-4b50-b836-2dca8cf5026b None None] oslo_messaging_rabbit.amqp_durable_queues = False {{(pid=109194) log_opt_values /opt/stack/data/venv/lib/python3.12/site-packages/oslo_config/cfg.py:3006}}
May 04 07:51:56.252523 np0000171538 devstack@n-api-meta.service[109194]: DEBUG nova.api.openstack.wsgi_app [None req-b4a3bc8e-f50b-4b50-b836-2dca8cf5026b None None] oslo_messaging_rabbit.conn_pool_min_size = 2 {{(pid=109194) log_opt_values /opt/stack/data/venv/lib/python3.12/site-packages/oslo_config/cfg.py:3006}}
May 04 07:51:56.252671 np0000171538 devstack@n-api-meta.service[109194]: DEBUG nova.api.openstack.wsgi_app [None req-b4a3bc8e-f50b-4b50-b836-2dca8cf5026b None None] oslo_messaging_rabbit.conn_pool_ttl = 1200 {{(pid=109194) log_opt_values /opt/stack/data/venv/lib/python3.12/site-packages/oslo_config/cfg.py:3006}}
May 04 07:51:56.252805 np0000171538 devstack@n-api-meta.service[109194]: DEBUG nova.api.openstack.wsgi_app [None req-b4a3bc8e-f50b-4b50-b836-2dca8cf5026b None None] oslo_messaging_rabbit.direct_mandatory_flag = True {{(pid=109194) log_opt_values /opt/stack/data/venv/lib/python3.12/site-packages/oslo_config/cfg.py:3006}}
May 04 07:51:56.252977 np0000171538 devstack@n-api-meta.service[109194]: DEBUG nova.api.openstack.wsgi_app [None req-b4a3bc8e-f50b-4b50-b836-2dca8cf5026b None None] oslo_messaging_rabbit.enable_cancel_on_failover = False {{(pid=109194) log_opt_values /opt/stack/data/venv/lib/python3.12/site-packages/oslo_config/cfg.py:3006}}
May 04 07:51:56.253131 np0000171538 devstack@n-api-meta.service[109194]: DEBUG nova.api.openstack.wsgi_app [None req-b4a3bc8e-f50b-4b50-b836-2dca8cf5026b None None] oslo_messaging_rabbit.heartbeat_in_pthread = False {{(pid=109194) log_opt_values /opt/stack/data/venv/lib/python3.12/site-packages/oslo_config/cfg.py:3006}}
May 04 07:51:56.253264 np0000171538 devstack@n-api-meta.service[109194]: DEBUG nova.api.openstack.wsgi_app [None req-b4a3bc8e-f50b-4b50-b836-2dca8cf5026b None None] oslo_messaging_rabbit.heartbeat_rate = 3 {{(pid=109194) log_opt_values /opt/stack/data/venv/lib/python3.12/site-packages/oslo_config/cfg.py:3006}}
May 04 07:51:56.253397 np0000171538 devstack@n-api-meta.service[109194]: DEBUG nova.api.openstack.wsgi_app [None req-b4a3bc8e-f50b-4b50-b836-2dca8cf5026b None None] oslo_messaging_rabbit.heartbeat_timeout_threshold = 60 {{(pid=109194) log_opt_values /opt/stack/data/venv/lib/python3.12/site-packages/oslo_config/cfg.py:3006}}
May 04 07:51:56.253534 np0000171538 devstack@n-api-meta.service[109194]: DEBUG nova.api.openstack.wsgi_app [None req-b4a3bc8e-f50b-4b50-b836-2dca8cf5026b None None] oslo_messaging_rabbit.hostname = np0000171538 {{(pid=109194) log_opt_values /opt/stack/data/venv/lib/python3.12/site-packages/oslo_config/cfg.py:3006}}
May 04 07:51:56.253690 np0000171538 devstack@n-api-meta.service[109194]: DEBUG nova.api.openstack.wsgi_app [None req-b4a3bc8e-f50b-4b50-b836-2dca8cf5026b None None] oslo_messaging_rabbit.kombu_compression = None {{(pid=109194) log_opt_values /opt/stack/data/venv/lib/python3.12/site-packages/oslo_config/cfg.py:3006}}
May 04 07:51:56.253859 np0000171538 devstack@n-api-meta.service[109194]: DEBUG nova.api.openstack.wsgi_app [None req-b4a3bc8e-f50b-4b50-b836-2dca8cf5026b None None] oslo_messaging_rabbit.kombu_failover_strategy = round-robin {{(pid=109194) log_opt_values /opt/stack/data/venv/lib/python3.12/site-packages/oslo_config/cfg.py:3006}}
May 04 07:51:56.254075 np0000171538 devstack@n-api-meta.service[109194]: DEBUG nova.api.openstack.wsgi_app [None req-b4a3bc8e-f50b-4b50-b836-2dca8cf5026b None None] oslo_messaging_rabbit.kombu_missing_consumer_retry_timeout = 60 {{(pid=109194) log_opt_values /opt/stack/data/venv/lib/python3.12/site-packages/oslo_config/cfg.py:3006}}
May 04 07:51:56.254265 np0000171538 devstack@n-api-meta.service[109194]: DEBUG nova.api.openstack.wsgi_app [None req-b4a3bc8e-f50b-4b50-b836-2dca8cf5026b None None] oslo_messaging_rabbit.kombu_reconnect_delay = 1.0 {{(pid=109194) log_opt_values /opt/stack/data/venv/lib/python3.12/site-packages/oslo_config/cfg.py:3006}}
May 04 07:51:56.254394 np0000171538 devstack@n-api-meta.service[109194]: DEBUG nova.api.openstack.wsgi_app [None req-b4a3bc8e-f50b-4b50-b836-2dca8cf5026b None None] oslo_messaging_rabbit.kombu_reconnect_splay = 0.0 {{(pid=109194) log_opt_values /opt/stack/data/venv/lib/python3.12/site-packages/oslo_config/cfg.py:3006}}
May 04 07:51:56.254532 np0000171538 devstack@n-api-meta.service[109194]: DEBUG nova.api.openstack.wsgi_app [None req-b4a3bc8e-f50b-4b50-b836-2dca8cf5026b None None] oslo_messaging_rabbit.processname = uwsgi {{(pid=109194) log_opt_values /opt/stack/data/venv/lib/python3.12/site-packages/oslo_config/cfg.py:3006}}
May 04 07:51:56.254738 np0000171538 devstack@n-api-meta.service[109194]: DEBUG nova.api.openstack.wsgi_app [None req-b4a3bc8e-f50b-4b50-b836-2dca8cf5026b None None] oslo_messaging_rabbit.rabbit_ha_queues = False {{(pid=109194) log_opt_values /opt/stack/data/venv/lib/python3.12/site-packages/oslo_config/cfg.py:3006}}
May 04 07:51:56.254877 np0000171538 devstack@n-api-meta.service[109194]: DEBUG nova.api.openstack.wsgi_app [None req-b4a3bc8e-f50b-4b50-b836-2dca8cf5026b None None] oslo_messaging_rabbit.rabbit_interval_max = 30 {{(pid=109194) log_opt_values /opt/stack/data/venv/lib/python3.12/site-packages/oslo_config/cfg.py:3006}}
May 04 07:51:56.255085 np0000171538 devstack@n-api-meta.service[109194]: DEBUG nova.api.openstack.wsgi_app [None req-b4a3bc8e-f50b-4b50-b836-2dca8cf5026b None None] oslo_messaging_rabbit.rabbit_login_method = AMQPLAIN {{(pid=109194) log_opt_values /opt/stack/data/venv/lib/python3.12/site-packages/oslo_config/cfg.py:3006}}
May 04 07:51:56.255251 np0000171538 devstack@n-api-meta.service[109194]: DEBUG nova.api.openstack.wsgi_app [None req-b4a3bc8e-f50b-4b50-b836-2dca8cf5026b None None] oslo_messaging_rabbit.rabbit_qos_prefetch_count = 0 {{(pid=109194) log_opt_values /opt/stack/data/venv/lib/python3.12/site-packages/oslo_config/cfg.py:3006}}
May 04 07:51:56.255408 np0000171538 devstack@n-api-meta.service[109194]: DEBUG nova.api.openstack.wsgi_app [None req-b4a3bc8e-f50b-4b50-b836-2dca8cf5026b None None] oslo_messaging_rabbit.rabbit_quorum_delivery_limit = 0 {{(pid=109194) log_opt_values /opt/stack/data/venv/lib/python3.12/site-packages/oslo_config/cfg.py:3006}}
May 04 07:51:56.255553 np0000171538 devstack@n-api-meta.service[109194]: DEBUG nova.api.openstack.wsgi_app [None req-b4a3bc8e-f50b-4b50-b836-2dca8cf5026b None None] oslo_messaging_rabbit.rabbit_quorum_max_memory_bytes = 0 {{(pid=109194) log_opt_values /opt/stack/data/venv/lib/python3.12/site-packages/oslo_config/cfg.py:3006}}
May 04 07:51:56.255708 np0000171538 devstack@n-api-meta.service[109194]: DEBUG nova.api.openstack.wsgi_app [None req-b4a3bc8e-f50b-4b50-b836-2dca8cf5026b None None] oslo_messaging_rabbit.rabbit_quorum_max_memory_length = 0 {{(pid=109194) log_opt_values /opt/stack/data/venv/lib/python3.12/site-packages/oslo_config/cfg.py:3006}}
May 04 07:51:56.255866 np0000171538 devstack@n-api-meta.service[109194]: DEBUG nova.api.openstack.wsgi_app [None req-b4a3bc8e-f50b-4b50-b836-2dca8cf5026b None None] oslo_messaging_rabbit.rabbit_quorum_queue = False {{(pid=109194) log_opt_values /opt/stack/data/venv/lib/python3.12/site-packages/oslo_config/cfg.py:3006}}
May 04 07:51:56.256049 np0000171538 devstack@n-api-meta.service[109194]: DEBUG nova.api.openstack.wsgi_app [None req-b4a3bc8e-f50b-4b50-b836-2dca8cf5026b None None] oslo_messaging_rabbit.rabbit_retry_backoff = 2 {{(pid=109194) log_opt_values /opt/stack/data/venv/lib/python3.12/site-packages/oslo_config/cfg.py:3006}}
May 04 07:51:56.256190 np0000171538 devstack@n-api-meta.service[109194]: DEBUG nova.api.openstack.wsgi_app [None req-b4a3bc8e-f50b-4b50-b836-2dca8cf5026b None None] oslo_messaging_rabbit.rabbit_retry_interval = 1 {{(pid=109194) log_opt_values /opt/stack/data/venv/lib/python3.12/site-packages/oslo_config/cfg.py:3006}}
May 04 07:51:56.256323 np0000171538 devstack@n-api-meta.service[109194]: DEBUG nova.api.openstack.wsgi_app [None req-b4a3bc8e-f50b-4b50-b836-2dca8cf5026b None None] oslo_messaging_rabbit.rabbit_stream_fanout = False {{(pid=109194) log_opt_values /opt/stack/data/venv/lib/python3.12/site-packages/oslo_config/cfg.py:3006}}
May 04 07:51:56.256456 np0000171538 devstack@n-api-meta.service[109194]: DEBUG nova.api.openstack.wsgi_app [None req-b4a3bc8e-f50b-4b50-b836-2dca8cf5026b None None] oslo_messaging_rabbit.rabbit_transient_queues_ttl = 1800 {{(pid=109194) log_opt_values /opt/stack/data/venv/lib/python3.12/site-packages/oslo_config/cfg.py:3006}}
May 04 07:51:56.256587 np0000171538 devstack@n-api-meta.service[109194]: DEBUG nova.api.openstack.wsgi_app [None req-b4a3bc8e-f50b-4b50-b836-2dca8cf5026b None None] oslo_messaging_rabbit.rabbit_transient_quorum_queue = False {{(pid=109194) log_opt_values /opt/stack/data/venv/lib/python3.12/site-packages/oslo_config/cfg.py:3006}}
May 04 07:51:56.256717 np0000171538 devstack@n-api-meta.service[109194]: DEBUG nova.api.openstack.wsgi_app [None req-b4a3bc8e-f50b-4b50-b836-2dca8cf5026b None None] oslo_messaging_rabbit.rpc_conn_pool_size = 30 {{(pid=109194) log_opt_values /opt/stack/data/venv/lib/python3.12/site-packages/oslo_config/cfg.py:3006}}
May 04 07:51:56.256904 np0000171538 devstack@n-api-meta.service[109194]: DEBUG nova.api.openstack.wsgi_app [None req-b4a3bc8e-f50b-4b50-b836-2dca8cf5026b None None] oslo_messaging_rabbit.ssl = False {{(pid=109194) log_opt_values /opt/stack/data/venv/lib/python3.12/site-packages/oslo_config/cfg.py:3006}}
May 04 07:51:56.257101 np0000171538 devstack@n-api-meta.service[109194]: DEBUG nova.api.openstack.wsgi_app [None req-b4a3bc8e-f50b-4b50-b836-2dca8cf5026b None None] oslo_messaging_rabbit.ssl_ca_file = {{(pid=109194) log_opt_values /opt/stack/data/venv/lib/python3.12/site-packages/oslo_config/cfg.py:3006}}
May 04 07:51:56.257241 np0000171538 devstack@n-api-meta.service[109194]: DEBUG nova.api.openstack.wsgi_app [None req-b4a3bc8e-f50b-4b50-b836-2dca8cf5026b None None] oslo_messaging_rabbit.ssl_cert_file = {{(pid=109194) log_opt_values /opt/stack/data/venv/lib/python3.12/site-packages/oslo_config/cfg.py:3006}}
May 04 07:51:56.257374 np0000171538 devstack@n-api-meta.service[109194]: DEBUG nova.api.openstack.wsgi_app [None req-b4a3bc8e-f50b-4b50-b836-2dca8cf5026b None None] oslo_messaging_rabbit.ssl_enforce_fips_mode = False {{(pid=109194) log_opt_values /opt/stack/data/venv/lib/python3.12/site-packages/oslo_config/cfg.py:3006}}
May 04 07:51:56.257511 np0000171538 devstack@n-api-meta.service[109194]: DEBUG nova.api.openstack.wsgi_app [None req-b4a3bc8e-f50b-4b50-b836-2dca8cf5026b None None] oslo_messaging_rabbit.ssl_key_file = {{(pid=109194) log_opt_values /opt/stack/data/venv/lib/python3.12/site-packages/oslo_config/cfg.py:3006}}
May 04 07:51:56.257646 np0000171538 devstack@n-api-meta.service[109194]: DEBUG nova.api.openstack.wsgi_app [None req-b4a3bc8e-f50b-4b50-b836-2dca8cf5026b None None] oslo_messaging_rabbit.ssl_version = {{(pid=109194) log_opt_values /opt/stack/data/venv/lib/python3.12/site-packages/oslo_config/cfg.py:3006}}
May 04 07:51:56.257778 np0000171538 devstack@n-api-meta.service[109194]: DEBUG nova.api.openstack.wsgi_app [None req-b4a3bc8e-f50b-4b50-b836-2dca8cf5026b None None] oslo_messaging_rabbit.use_queue_manager = False {{(pid=109194) log_opt_values /opt/stack/data/venv/lib/python3.12/site-packages/oslo_config/cfg.py:3006}}
May 04 07:51:56.257956 np0000171538 devstack@n-api-meta.service[109194]: DEBUG nova.api.openstack.wsgi_app [None req-b4a3bc8e-f50b-4b50-b836-2dca8cf5026b None None] oslo_messaging_notifications.driver = ['messagingv2'] {{(pid=109194) log_opt_values /opt/stack/data/venv/lib/python3.12/site-packages/oslo_config/cfg.py:3006}}
May 04 07:51:56.258121 np0000171538 devstack@n-api-meta.service[109194]: DEBUG nova.api.openstack.wsgi_app [None req-b4a3bc8e-f50b-4b50-b836-2dca8cf5026b None None] oslo_messaging_notifications.retry = -1 {{(pid=109194) log_opt_values /opt/stack/data/venv/lib/python3.12/site-packages/oslo_config/cfg.py:3006}}
May 04 07:51:56.258287 np0000171538 devstack@n-api-meta.service[109194]: DEBUG nova.api.openstack.wsgi_app [None req-b4a3bc8e-f50b-4b50-b836-2dca8cf5026b None None] oslo_messaging_notifications.topics = ['notifications'] {{(pid=109194) log_opt_values /opt/stack/data/venv/lib/python3.12/site-packages/oslo_config/cfg.py:3006}}
May 04 07:51:56.258425 np0000171538 devstack@n-api-meta.service[109194]: DEBUG nova.api.openstack.wsgi_app [None req-b4a3bc8e-f50b-4b50-b836-2dca8cf5026b None None] oslo_messaging_notifications.transport_url = **** {{(pid=109194) log_opt_values /opt/stack/data/venv/lib/python3.12/site-packages/oslo_config/cfg.py:3006}}
May 04 07:51:56.258563 np0000171538 devstack@n-api-meta.service[109194]: DEBUG nova.api.openstack.wsgi_app [None req-b4a3bc8e-f50b-4b50-b836-2dca8cf5026b None None] oslo_reports.file_event_handler = None {{(pid=109194) log_opt_values /opt/stack/data/venv/lib/python3.12/site-packages/oslo_config/cfg.py:3006}}
May 04 07:51:56.258697 np0000171538 devstack@n-api-meta.service[109194]: DEBUG nova.api.openstack.wsgi_app [None req-b4a3bc8e-f50b-4b50-b836-2dca8cf5026b None None] oslo_reports.file_event_handler_interval = 1 {{(pid=109194) log_opt_values /opt/stack/data/venv/lib/python3.12/site-packages/oslo_config/cfg.py:3006}}
May 04 07:51:56.258827 np0000171538 devstack@n-api-meta.service[109194]: DEBUG nova.api.openstack.wsgi_app [None req-b4a3bc8e-f50b-4b50-b836-2dca8cf5026b None None] oslo_reports.log_dir = None {{(pid=109194) log_opt_values /opt/stack/data/venv/lib/python3.12/site-packages/oslo_config/cfg.py:3006}}
May 04 07:51:56.258984 np0000171538 devstack@n-api-meta.service[109194]: DEBUG nova.api.openstack.wsgi_app [None req-b4a3bc8e-f50b-4b50-b836-2dca8cf5026b None None] ******************************************************************************** {{(pid=109194) log_opt_values /opt/stack/data/venv/lib/python3.12/site-packages/oslo_config/cfg.py:3013}}
May 04 07:51:56.259139 np0000171538 devstack@n-api-meta.service[109194]: WSGI app 0 (mountpoint='') ready in 3 seconds on interpreter 0x7bdbe08a3668 pid: 109194 (default app)
May 04 07:52:05.798573 np0000171538 devstack@n-api-meta.service[109193]: DEBUG dbcounter [-] [109193] Writing DB stats nova_api:SELECT=1 {{(pid=109193) stat_writer /opt/stack/data/venv/lib/python3.12/site-packages/dbcounter.py:115}}
May 04 07:52:05.881151 np0000171538 devstack@n-api-meta.service[109192]: DEBUG dbcounter [-] [109192] Writing DB stats nova_api:SELECT=1 {{(pid=109192) stat_writer /opt/stack/data/venv/lib/python3.12/site-packages/dbcounter.py:115}}
May 04 07:52:05.902686 np0000171538 devstack@n-api-meta.service[109191]: DEBUG dbcounter [-] [109191] Writing DB stats nova_api:SELECT=1 {{(pid=109191) stat_writer /opt/stack/data/venv/lib/python3.12/site-packages/dbcounter.py:115}}
May 04 07:52:05.904171 np0000171538 devstack@n-api-meta.service[109194]: DEBUG dbcounter [-] [109194] Writing DB stats nova_api:SELECT=1 {{(pid=109194) stat_writer /opt/stack/data/venv/lib/python3.12/site-packages/dbcounter.py:115}}
May 04 07:52:05.942258 np0000171538 devstack@n-api-meta.service[109193]: DEBUG dbcounter [-] [109193] Writing DB stats nova_cell1:SELECT=1 {{(pid=109193) stat_writer /opt/stack/data/venv/lib/python3.12/site-packages/dbcounter.py:115}}
May 04 07:52:05.942988 np0000171538 devstack@n-api-meta.service[109193]: DEBUG dbcounter [-] [109193] Writing DB stats nova_cell0:SELECT=1 {{(pid=109193) stat_writer /opt/stack/data/venv/lib/python3.12/site-packages/dbcounter.py:115}}
May 04 07:52:05.981395 np0000171538 devstack@n-api-meta.service[109193]: DEBUG dbcounter [-] [109193] Writing DB stats nova_cell0:SELECT=2,nova_cell0:INSERT=1 {{(pid=109193) stat_writer /opt/stack/data/venv/lib/python3.12/site-packages/dbcounter.py:115}}
May 04 07:52:06.005519 np0000171538 devstack@n-api-meta.service[109192]: DEBUG dbcounter [-] [109192] Writing DB stats nova_cell1:SELECT=1 {{(pid=109192) stat_writer /opt/stack/data/venv/lib/python3.12/site-packages/dbcounter.py:115}}
May 04 07:52:06.010599 np0000171538 devstack@n-api-meta.service[109192]: DEBUG dbcounter [-] [109192] Writing DB stats nova_cell0:SELECT=1 {{(pid=109192) stat_writer /opt/stack/data/venv/lib/python3.12/site-packages/dbcounter.py:115}}
May 04 07:52:06.037936 np0000171538 devstack@n-api-meta.service[109192]: DEBUG dbcounter [-] [109192] Writing DB stats nova_cell0:SELECT=1 {{(pid=109192) stat_writer /opt/stack/data/venv/lib/python3.12/site-packages/dbcounter.py:115}}
May 04 07:52:06.042482 np0000171538 devstack@n-api-meta.service[109191]: DEBUG dbcounter [-] [109191] Writing DB stats nova_cell0:SELECT=1 {{(pid=109191) stat_writer /opt/stack/data/venv/lib/python3.12/site-packages/dbcounter.py:115}}
May 04 07:52:06.045501 np0000171538 devstack@n-api-meta.service[109194]: DEBUG dbcounter [-] [109194] Writing DB stats nova_cell1:SELECT=1 {{(pid=109194) stat_writer /opt/stack/data/venv/lib/python3.12/site-packages/dbcounter.py:115}}
May 04 07:52:06.048285 np0000171538 devstack@n-api-meta.service[109194]: DEBUG dbcounter [-] [109194] Writing DB stats nova_cell0:SELECT=1 {{(pid=109194) stat_writer /opt/stack/data/venv/lib/python3.12/site-packages/dbcounter.py:115}}
May 04 07:52:06.048999 np0000171538 devstack@n-api-meta.service[109191]: DEBUG dbcounter [-] [109191] Writing DB stats nova_cell1:SELECT=1 {{(pid=109191) stat_writer /opt/stack/data/venv/lib/python3.12/site-packages/dbcounter.py:115}}
May 04 07:52:06.073489 np0000171538 devstack@n-api-meta.service[109194]: DEBUG dbcounter [-] [109194] Writing DB stats nova_cell0:SELECT=1 {{(pid=109194) stat_writer /opt/stack/data/venv/lib/python3.12/site-packages/dbcounter.py:115}}
May 04 07:52:06.077183 np0000171538 devstack@n-api-meta.service[109191]: DEBUG dbcounter [-] [109191] Writing DB stats nova_cell0:SELECT=1 {{(pid=109191) stat_writer /opt/stack/data/venv/lib/python3.12/site-packages/dbcounter.py:115}}
May 04 07:57:22.661797 np0000171538 devstack@n-api-meta.service[109193]: DEBUG nova.api.metadata.handler [None req-0dfd44c2-f01d-4214-bda6-f42bf171d973 None None] Metadata request headers: {'Host': '199.204.45.19:8775', 'User-Agent': 'python-requests/2.33.1', 'Accept-Encoding': 'gzip, deflate', 'Accept': '*/*', 'Connection': 'keep-alive', 'X-Forwarded-For': '192.168.24.6', 'X-Instance-Id': '54c28e57-46a6-4296-a3d4-c8b7fd31b1e5', 'X-Tenant-Id': 'ae5cdeb85f3244559c7da67be35bac29', 'X-Instance-Id-Signature': '7307f7153ed74b3788701692347aaf97c5b2997b97fb80c7614ba63f2ed29711'} {{(pid=109193) __call__ /opt/stack/nova/nova/api/metadata/handler.py:109}}
May 04 07:57:22.676286 np0000171538 devstack@n-api-meta.service[109193]: DEBUG oslo_concurrency.lockutils [None req-e66039c8-05f7-4750-9407-b540a5dec46b None None] Acquiring lock "17687810-71de-40ee-9a5e-1a1d3041e217" by "nova.context.set_target_cell..get_or_set_cached_cell_and_set_connections" {{(pid=109193) inner /opt/stack/data/venv/lib/python3.12/site-packages/oslo_concurrency/lockutils.py:506}}
May 04 07:57:22.676477 np0000171538 devstack@n-api-meta.service[109193]: DEBUG oslo_concurrency.lockutils [None req-e66039c8-05f7-4750-9407-b540a5dec46b None None] Lock "17687810-71de-40ee-9a5e-1a1d3041e217" acquired by "nova.context.set_target_cell..get_or_set_cached_cell_and_set_connections" :: waited 0.000s {{(pid=109193) inner /opt/stack/data/venv/lib/python3.12/site-packages/oslo_concurrency/lockutils.py:519}}
May 04 07:57:22.676607 np0000171538 devstack@n-api-meta.service[109193]: DEBUG oslo_concurrency.lockutils [None req-e66039c8-05f7-4750-9407-b540a5dec46b None None] Lock "17687810-71de-40ee-9a5e-1a1d3041e217" "released" by "nova.context.set_target_cell..get_or_set_cached_cell_and_set_connections" :: held 0.000s {{(pid=109193) inner /opt/stack/data/venv/lib/python3.12/site-packages/oslo_concurrency/lockutils.py:538}}
May 04 07:57:22.737128 np0000171538 devstack@n-api-meta.service[109193]: WARNING neutronclient.v2_0.client [None req-e66039c8-05f7-4750-9407-b540a5dec46b None None] The python binding code in neutronclient is deprecated in favor of OpenstackSDK, please use that as this will be removed in a future release.
May 04 07:57:23.156276 np0000171538 devstack@n-api-meta.service[109193]: [pid: 109193|app: 0|req: 1/1] 199.204.45.19 () {40 vars in 637 bytes} [Mon May 4 07:57:22 2026] GET /openstack => generated 116 bytes in 498 msecs (HTTP/1.1 200) 3 headers in 100 bytes (1 switches on core 0)
May 04 07:57:23.172240 np0000171538 devstack@n-api-meta.service[109192]: DEBUG nova.api.metadata.handler [None req-70e6a11a-8319-4341-9c36-dafeee8654de None None] Metadata request headers: {'Host': '199.204.45.19:8775', 'User-Agent': 'python-requests/2.33.1', 'Accept-Encoding': 'gzip, deflate', 'Accept': '*/*', 'Connection': 'keep-alive', 'X-Forwarded-For': '192.168.24.6', 'X-Instance-Id': '54c28e57-46a6-4296-a3d4-c8b7fd31b1e5', 'X-Tenant-Id': 'ae5cdeb85f3244559c7da67be35bac29', 'X-Instance-Id-Signature': '7307f7153ed74b3788701692347aaf97c5b2997b97fb80c7614ba63f2ed29711'} {{(pid=109192) __call__ /opt/stack/nova/nova/api/metadata/handler.py:109}}
May 04 07:57:23.177816 np0000171538 devstack@n-api-meta.service[109192]: DEBUG nova.api.metadata.handler [None req-70e6a11a-8319-4341-9c36-dafeee8654de None None] Using cached metadata for instance 54c28e57-46a6-4296-a3d4-c8b7fd31b1e5 {{(pid=109192) get_metadata_by_instance_id /opt/stack/nova/nova/api/metadata/handler.py:84}}
May 04 07:57:23.178400 np0000171538 devstack@n-api-meta.service[109192]: [pid: 109192|app: 0|req: 1/2] 199.204.45.19 () {40 vars in 638 bytes} [Mon May 4 07:57:23 2026] GET /openstack => generated 116 bytes in 10 msecs (HTTP/1.1 200) 3 headers in 100 bytes (1 switches on core 0)
May 04 07:57:23.191439 np0000171538 devstack@n-api-meta.service[109191]: DEBUG nova.api.metadata.handler [None req-bdafcc0c-14d1-4301-aeef-4e19ea4efc2c None None] Metadata request headers: {'Host': '199.204.45.19:8775', 'User-Agent': 'python-requests/2.33.1', 'Accept-Encoding': 'gzip, deflate', 'Accept': '*/*', 'Connection': 'keep-alive', 'X-Forwarded-For': '192.168.24.6', 'X-Instance-Id': '54c28e57-46a6-4296-a3d4-c8b7fd31b1e5', 'X-Tenant-Id': 'ae5cdeb85f3244559c7da67be35bac29', 'X-Instance-Id-Signature': '7307f7153ed74b3788701692347aaf97c5b2997b97fb80c7614ba63f2ed29711'} {{(pid=109191) __call__ /opt/stack/nova/nova/api/metadata/handler.py:109}}
May 04 07:57:23.196811 np0000171538 devstack@n-api-meta.service[109191]: DEBUG nova.api.metadata.handler [None req-bdafcc0c-14d1-4301-aeef-4e19ea4efc2c None None] Using cached metadata for instance 54c28e57-46a6-4296-a3d4-c8b7fd31b1e5 {{(pid=109191) get_metadata_by_instance_id /opt/stack/nova/nova/api/metadata/handler.py:84}}
May 04 07:57:23.197814 np0000171538 devstack@n-api-meta.service[109191]: [pid: 109191|app: 0|req: 1/3] 199.204.45.19 () {40 vars in 690 bytes} [Mon May 4 07:57:23 2026] GET /openstack/2018-08-27/meta_data.json => generated 946 bytes in 11 msecs (HTTP/1.1 200) 3 headers in 91 bytes (1 switches on core 0)
May 04 07:57:23.209113 np0000171538 devstack@n-api-meta.service[109194]: DEBUG nova.api.metadata.handler [None req-b4a3bc8e-f50b-4b50-b836-2dca8cf5026b None None] Metadata request headers: {'Host': '199.204.45.19:8775', 'User-Agent': 'python-requests/2.33.1', 'Accept-Encoding': 'gzip, deflate', 'Accept': '*/*', 'Connection': 'keep-alive', 'X-Forwarded-For': '192.168.24.6', 'X-Instance-Id': '54c28e57-46a6-4296-a3d4-c8b7fd31b1e5', 'X-Tenant-Id': 'ae5cdeb85f3244559c7da67be35bac29', 'X-Instance-Id-Signature': '7307f7153ed74b3788701692347aaf97c5b2997b97fb80c7614ba63f2ed29711'} {{(pid=109194) __call__ /opt/stack/nova/nova/api/metadata/handler.py:109}}
May 04 07:57:23.213648 np0000171538 devstack@n-api-meta.service[109194]: DEBUG nova.api.metadata.handler [None req-b4a3bc8e-f50b-4b50-b836-2dca8cf5026b None None] Using cached metadata for instance 54c28e57-46a6-4296-a3d4-c8b7fd31b1e5 {{(pid=109194) get_metadata_by_instance_id /opt/stack/nova/nova/api/metadata/handler.py:84}}
May 04 07:57:23.214146 np0000171538 devstack@n-api-meta.service[109194]: [pid: 109194|app: 0|req: 1/4] 199.204.45.19 () {40 vars in 680 bytes} [Mon May 4 07:57:23 2026] GET /openstack/2018-08-27/user_data => generated 26434 bytes in 7 msecs (HTTP/1.1 200) 3 headers in 102 bytes (1 switches on core 0)
May 04 07:57:23.222536 np0000171538 devstack@n-api-meta.service[109193]: DEBUG nova.api.metadata.handler [None req-e66039c8-05f7-4750-9407-b540a5dec46b None None] Metadata request headers: {'Host': '199.204.45.19:8775', 'User-Agent': 'python-requests/2.33.1', 'Accept-Encoding': 'gzip, deflate', 'Accept': '*/*', 'Connection': 'keep-alive', 'X-Forwarded-For': '192.168.24.6', 'X-Instance-Id': '54c28e57-46a6-4296-a3d4-c8b7fd31b1e5', 'X-Tenant-Id': 'ae5cdeb85f3244559c7da67be35bac29', 'X-Instance-Id-Signature': '7307f7153ed74b3788701692347aaf97c5b2997b97fb80c7614ba63f2ed29711'} {{(pid=109193) __call__ /opt/stack/nova/nova/api/metadata/handler.py:109}}
May 04 07:57:23.225689 np0000171538 devstack@n-api-meta.service[109193]: DEBUG nova.api.metadata.handler [None req-e66039c8-05f7-4750-9407-b540a5dec46b None None] Using cached metadata for instance 54c28e57-46a6-4296-a3d4-c8b7fd31b1e5 {{(pid=109193) get_metadata_by_instance_id /opt/stack/nova/nova/api/metadata/handler.py:84}}
May 04 07:57:23.226361 np0000171538 devstack@n-api-meta.service[109193]: [pid: 109193|app: 0|req: 2/5] 199.204.45.19 () {40 vars in 694 bytes} [Mon May 4 07:57:23 2026] GET /openstack/2018-08-27/vendor_data.json => generated 2 bytes in 5 msecs (HTTP/1.1 200) 3 headers in 89 bytes (1 switches on core 0)
May 04 07:57:23.234187 np0000171538 devstack@n-api-meta.service[109192]: DEBUG nova.api.metadata.handler [None req-70e6a11a-8319-4341-9c36-dafeee8654de None None] Metadata request headers: {'Host': '199.204.45.19:8775', 'User-Agent': 'python-requests/2.33.1', 'Accept-Encoding': 'gzip, deflate', 'Accept': '*/*', 'Connection': 'keep-alive', 'X-Forwarded-For': '192.168.24.6', 'X-Instance-Id': '54c28e57-46a6-4296-a3d4-c8b7fd31b1e5', 'X-Tenant-Id': 'ae5cdeb85f3244559c7da67be35bac29', 'X-Instance-Id-Signature': '7307f7153ed74b3788701692347aaf97c5b2997b97fb80c7614ba63f2ed29711'} {{(pid=109192) __call__ /opt/stack/nova/nova/api/metadata/handler.py:109}}
May 04 07:57:23.237153 np0000171538 devstack@n-api-meta.service[109192]: DEBUG nova.api.metadata.handler [None req-70e6a11a-8319-4341-9c36-dafeee8654de None None] Using cached metadata for instance 54c28e57-46a6-4296-a3d4-c8b7fd31b1e5 {{(pid=109192) get_metadata_by_instance_id /opt/stack/nova/nova/api/metadata/handler.py:84}}
May 04 07:57:23.238040 np0000171538 devstack@n-api-meta.service[109192]: [pid: 109192|app: 0|req: 2/6] 199.204.45.19 () {40 vars in 697 bytes} [Mon May 4 07:57:23 2026] GET /openstack/2018-08-27/vendor_data2.json => generated 14 bytes in 4 msecs (HTTP/1.1 200) 3 headers in 90 bytes (1 switches on core 0)
May 04 07:57:23.246696 np0000171538 devstack@n-api-meta.service[109191]: DEBUG nova.api.metadata.handler [None req-bdafcc0c-14d1-4301-aeef-4e19ea4efc2c None None] Metadata request headers: {'Host': '199.204.45.19:8775', 'User-Agent': 'python-requests/2.33.1', 'Accept-Encoding': 'gzip, deflate', 'Accept': '*/*', 'Connection': 'keep-alive', 'X-Forwarded-For': '192.168.24.6', 'X-Instance-Id': '54c28e57-46a6-4296-a3d4-c8b7fd31b1e5', 'X-Tenant-Id': 'ae5cdeb85f3244559c7da67be35bac29', 'X-Instance-Id-Signature': '7307f7153ed74b3788701692347aaf97c5b2997b97fb80c7614ba63f2ed29711'} {{(pid=109191) __call__ /opt/stack/nova/nova/api/metadata/handler.py:109}}
May 04 07:57:23.249437 np0000171538 devstack@n-api-meta.service[109191]: DEBUG nova.api.metadata.handler [None req-bdafcc0c-14d1-4301-aeef-4e19ea4efc2c None None] Using cached metadata for instance 54c28e57-46a6-4296-a3d4-c8b7fd31b1e5 {{(pid=109191) get_metadata_by_instance_id /opt/stack/nova/nova/api/metadata/handler.py:84}}
May 04 07:57:23.250122 np0000171538 devstack@n-api-meta.service[109191]: [pid: 109191|app: 0|req: 2/7] 199.204.45.19 () {40 vars in 697 bytes} [Mon May 4 07:57:23 2026] GET /openstack/2018-08-27/network_data.json => generated 348 bytes in 4 msecs (HTTP/1.1 200) 3 headers in 100 bytes (1 switches on core 0)
May 04 07:57:23.257761 np0000171538 devstack@n-api-meta.service[109194]: DEBUG nova.api.metadata.handler [None req-b4a3bc8e-f50b-4b50-b836-2dca8cf5026b None None] Metadata request headers: {'Host': '199.204.45.19:8775', 'User-Agent': 'python-requests/2.33.1', 'Accept-Encoding': 'gzip, deflate', 'Accept': '*/*', 'Connection': 'keep-alive', 'X-Forwarded-For': '192.168.24.6', 'X-Instance-Id': '54c28e57-46a6-4296-a3d4-c8b7fd31b1e5', 'X-Tenant-Id': 'ae5cdeb85f3244559c7da67be35bac29', 'X-Instance-Id-Signature': '7307f7153ed74b3788701692347aaf97c5b2997b97fb80c7614ba63f2ed29711'} {{(pid=109194) __call__ /opt/stack/nova/nova/api/metadata/handler.py:109}}
May 04 07:57:23.259785 np0000171538 devstack@n-api-meta.service[109194]: DEBUG nova.api.metadata.handler [None req-b4a3bc8e-f50b-4b50-b836-2dca8cf5026b None None] Using cached metadata for instance 54c28e57-46a6-4296-a3d4-c8b7fd31b1e5 {{(pid=109194) get_metadata_by_instance_id /opt/stack/nova/nova/api/metadata/handler.py:84}}
May 04 07:57:23.260392 np0000171538 devstack@n-api-meta.service[109194]: [pid: 109194|app: 0|req: 2/8] 199.204.45.19 () {40 vars in 655 bytes} [Mon May 4 07:57:23 2026] GET /latest/meta-data/ => generated 210 bytes in 3 msecs (HTTP/1.1 200) 3 headers in 100 bytes (1 switches on core 0)
May 04 07:57:23.267120 np0000171538 devstack@n-api-meta.service[109193]: DEBUG nova.api.metadata.handler [None req-e66039c8-05f7-4750-9407-b540a5dec46b None None] Metadata request headers: {'Host': '199.204.45.19:8775', 'User-Agent': 'python-requests/2.33.1', 'Accept-Encoding': 'gzip, deflate', 'Accept': '*/*', 'Connection': 'keep-alive', 'X-Forwarded-For': '192.168.24.6', 'X-Instance-Id': '54c28e57-46a6-4296-a3d4-c8b7fd31b1e5', 'X-Tenant-Id': 'ae5cdeb85f3244559c7da67be35bac29', 'X-Instance-Id-Signature': '7307f7153ed74b3788701692347aaf97c5b2997b97fb80c7614ba63f2ed29711'} {{(pid=109193) __call__ /opt/stack/nova/nova/api/metadata/handler.py:109}}
May 04 07:57:23.270801 np0000171538 devstack@n-api-meta.service[109193]: DEBUG nova.api.metadata.handler [None req-e66039c8-05f7-4750-9407-b540a5dec46b None None] Using cached metadata for instance 54c28e57-46a6-4296-a3d4-c8b7fd31b1e5 {{(pid=109193) get_metadata_by_instance_id /opt/stack/nova/nova/api/metadata/handler.py:84}}
May 04 07:57:23.271935 np0000171538 devstack@n-api-meta.service[109193]: [pid: 109193|app: 0|req: 3/9] 199.204.45.19 () {40 vars in 697 bytes} [Mon May 4 07:57:23 2026] GET /latest/meta-data/block-device-mapping/ => generated 8 bytes in 6 msecs (HTTP/1.1 200) 3 headers in 98 bytes (1 switches on core 0)
May 04 07:57:23.283686 np0000171538 devstack@n-api-meta.service[109192]: DEBUG nova.api.metadata.handler [None req-70e6a11a-8319-4341-9c36-dafeee8654de None None] Metadata request headers: {'Host': '199.204.45.19:8775', 'User-Agent': 'python-requests/2.33.1', 'Accept-Encoding': 'gzip, deflate', 'Accept': '*/*', 'Connection': 'keep-alive', 'X-Forwarded-For': '192.168.24.6', 'X-Instance-Id': '54c28e57-46a6-4296-a3d4-c8b7fd31b1e5', 'X-Tenant-Id': 'ae5cdeb85f3244559c7da67be35bac29', 'X-Instance-Id-Signature': '7307f7153ed74b3788701692347aaf97c5b2997b97fb80c7614ba63f2ed29711'} {{(pid=109192) __call__ /opt/stack/nova/nova/api/metadata/handler.py:109}}
May 04 07:57:23.286381 np0000171538 devstack@n-api-meta.service[109192]: DEBUG nova.api.metadata.handler [None req-70e6a11a-8319-4341-9c36-dafeee8654de None None] Using cached metadata for instance 54c28e57-46a6-4296-a3d4-c8b7fd31b1e5 {{(pid=109192) get_metadata_by_instance_id /opt/stack/nova/nova/api/metadata/handler.py:84}}
May 04 07:57:23.286852 np0000171538 devstack@n-api-meta.service[109192]: [pid: 109192|app: 0|req: 3/10] 199.204.45.19 () {40 vars in 703 bytes} [Mon May 4 07:57:23 2026] GET /latest/meta-data/block-device-mapping/ami => generated 3 bytes in 4 msecs (HTTP/1.1 200) 3 headers in 98 bytes (1 switches on core 0)
May 04 07:57:23.292948 np0000171538 devstack@n-api-meta.service[109191]: DEBUG nova.api.metadata.handler [None req-bdafcc0c-14d1-4301-aeef-4e19ea4efc2c None None] Metadata request headers: {'Host': '199.204.45.19:8775', 'User-Agent': 'python-requests/2.33.1', 'Accept-Encoding': 'gzip, deflate', 'Accept': '*/*', 'Connection': 'keep-alive', 'X-Forwarded-For': '192.168.24.6', 'X-Instance-Id': '54c28e57-46a6-4296-a3d4-c8b7fd31b1e5', 'X-Tenant-Id': 'ae5cdeb85f3244559c7da67be35bac29', 'X-Instance-Id-Signature': '7307f7153ed74b3788701692347aaf97c5b2997b97fb80c7614ba63f2ed29711'} {{(pid=109191) __call__ /opt/stack/nova/nova/api/metadata/handler.py:109}}
May 04 07:57:23.295387 np0000171538 devstack@n-api-meta.service[109191]: DEBUG nova.api.metadata.handler [None req-bdafcc0c-14d1-4301-aeef-4e19ea4efc2c None None] Using cached metadata for instance 54c28e57-46a6-4296-a3d4-c8b7fd31b1e5 {{(pid=109191) get_metadata_by_instance_id /opt/stack/nova/nova/api/metadata/handler.py:84}}
May 04 07:57:23.296076 np0000171538 devstack@n-api-meta.service[109191]: [pid: 109191|app: 0|req: 3/11] 199.204.45.19 () {40 vars in 705 bytes} [Mon May 4 07:57:23 2026] GET /latest/meta-data/block-device-mapping/root => generated 8 bytes in 3 msecs (HTTP/1.1 200) 3 headers in 98 bytes (1 switches on core 0)
May 04 07:57:23.304074 np0000171538 devstack@n-api-meta.service[109194]: DEBUG nova.api.metadata.handler [None req-b4a3bc8e-f50b-4b50-b836-2dca8cf5026b None None] Metadata request headers: {'Host': '199.204.45.19:8775', 'User-Agent': 'python-requests/2.33.1', 'Accept-Encoding': 'gzip, deflate', 'Accept': '*/*', 'Connection': 'keep-alive', 'X-Forwarded-For': '192.168.24.6', 'X-Instance-Id': '54c28e57-46a6-4296-a3d4-c8b7fd31b1e5', 'X-Tenant-Id': 'ae5cdeb85f3244559c7da67be35bac29', 'X-Instance-Id-Signature': '7307f7153ed74b3788701692347aaf97c5b2997b97fb80c7614ba63f2ed29711'} {{(pid=109194) __call__ /opt/stack/nova/nova/api/metadata/handler.py:109}}
May 04 07:57:23.307203 np0000171538 devstack@n-api-meta.service[109194]: DEBUG nova.api.metadata.handler [None req-b4a3bc8e-f50b-4b50-b836-2dca8cf5026b None None] Using cached metadata for instance 54c28e57-46a6-4296-a3d4-c8b7fd31b1e5 {{(pid=109194) get_metadata_by_instance_id /opt/stack/nova/nova/api/metadata/handler.py:84}}
May 04 07:57:23.308315 np0000171538 devstack@n-api-meta.service[109194]: [pid: 109194|app: 0|req: 3/12] 199.204.45.19 () {40 vars in 675 bytes} [Mon May 4 07:57:23 2026] GET /latest/meta-data/placement/ => generated 17 bytes in 5 msecs (HTTP/1.1 200) 3 headers in 99 bytes (1 switches on core 0)
May 04 07:57:23.315675 np0000171538 devstack@n-api-meta.service[109193]: DEBUG nova.api.metadata.handler [None req-e66039c8-05f7-4750-9407-b540a5dec46b None None] Metadata request headers: {'Host': '199.204.45.19:8775', 'User-Agent': 'python-requests/2.33.1', 'Accept-Encoding': 'gzip, deflate', 'Accept': '*/*', 'Connection': 'keep-alive', 'X-Forwarded-For': '192.168.24.6', 'X-Instance-Id': '54c28e57-46a6-4296-a3d4-c8b7fd31b1e5', 'X-Tenant-Id': 'ae5cdeb85f3244559c7da67be35bac29', 'X-Instance-Id-Signature': '7307f7153ed74b3788701692347aaf97c5b2997b97fb80c7614ba63f2ed29711'} {{(pid=109193) __call__ /opt/stack/nova/nova/api/metadata/handler.py:109}}
May 04 07:57:23.318538 np0000171538 devstack@n-api-meta.service[109193]: DEBUG nova.api.metadata.handler [None req-e66039c8-05f7-4750-9407-b540a5dec46b None None] Using cached metadata for instance 54c28e57-46a6-4296-a3d4-c8b7fd31b1e5 {{(pid=109193) get_metadata_by_instance_id /opt/stack/nova/nova/api/metadata/handler.py:84}}
May 04 07:57:23.319229 np0000171538 devstack@n-api-meta.service[109193]: [pid: 109193|app: 0|req: 4/13] 199.204.45.19 () {40 vars in 709 bytes} [Mon May 4 07:57:23 2026] GET /latest/meta-data/placement/availability-zone => generated 4 bytes in 4 msecs (HTTP/1.1 200) 3 headers in 98 bytes (1 switches on core 0)
May 04 07:57:23.370309 np0000171538 devstack@n-api-meta.service[109192]: DEBUG nova.api.metadata.handler [None req-70e6a11a-8319-4341-9c36-dafeee8654de None None] Metadata request headers: {'Host': '199.204.45.19:8775', 'User-Agent': 'python-requests/2.33.1', 'Accept-Encoding': 'gzip, deflate', 'Accept': '*/*', 'Connection': 'keep-alive', 'X-Forwarded-For': '192.168.24.6', 'X-Instance-Id': '54c28e57-46a6-4296-a3d4-c8b7fd31b1e5', 'X-Tenant-Id': 'ae5cdeb85f3244559c7da67be35bac29', 'X-Instance-Id-Signature': '7307f7153ed74b3788701692347aaf97c5b2997b97fb80c7614ba63f2ed29711'} {{(pid=109192) __call__ /opt/stack/nova/nova/api/metadata/handler.py:109}}
May 04 07:57:23.372881 np0000171538 devstack@n-api-meta.service[109192]: DEBUG nova.api.metadata.handler [None req-70e6a11a-8319-4341-9c36-dafeee8654de None None] Using cached metadata for instance 54c28e57-46a6-4296-a3d4-c8b7fd31b1e5 {{(pid=109192) get_metadata_by_instance_id /opt/stack/nova/nova/api/metadata/handler.py:84}}
May 04 07:57:23.373537 np0000171538 devstack@n-api-meta.service[109192]: [pid: 109192|app: 0|req: 4/14] 199.204.45.19 () {40 vars in 667 bytes} [Mon May 4 07:57:23 2026] GET /latest/meta-data/ami-id => generated 12 bytes in 47 msecs (HTTP/1.1 200) 3 headers in 99 bytes (1 switches on core 0)
May 04 07:57:23.383714 np0000171538 devstack@n-api-meta.service[109191]: DEBUG nova.api.metadata.handler [None req-bdafcc0c-14d1-4301-aeef-4e19ea4efc2c None None] Metadata request headers: {'Host': '199.204.45.19:8775', 'User-Agent': 'python-requests/2.33.1', 'Accept-Encoding': 'gzip, deflate', 'Accept': '*/*', 'Connection': 'keep-alive', 'X-Forwarded-For': '192.168.24.6', 'X-Instance-Id': '54c28e57-46a6-4296-a3d4-c8b7fd31b1e5', 'X-Tenant-Id': 'ae5cdeb85f3244559c7da67be35bac29', 'X-Instance-Id-Signature': '7307f7153ed74b3788701692347aaf97c5b2997b97fb80c7614ba63f2ed29711'} {{(pid=109191) __call__ /opt/stack/nova/nova/api/metadata/handler.py:109}}
May 04 07:57:23.386367 np0000171538 devstack@n-api-meta.service[109191]: DEBUG nova.api.metadata.handler [None req-bdafcc0c-14d1-4301-aeef-4e19ea4efc2c None None] Using cached metadata for instance 54c28e57-46a6-4296-a3d4-c8b7fd31b1e5 {{(pid=109191) get_metadata_by_instance_id /opt/stack/nova/nova/api/metadata/handler.py:84}}
May 04 07:57:23.387155 np0000171538 devstack@n-api-meta.service[109191]: [pid: 109191|app: 0|req: 4/15] 199.204.45.19 () {40 vars in 687 bytes} [Mon May 4 07:57:23 2026] GET /latest/meta-data/ami-launch-index => generated 1 bytes in 4 msecs (HTTP/1.1 200) 3 headers in 98 bytes (1 switches on core 0)
May 04 07:57:23.395158 np0000171538 devstack@n-api-meta.service[109194]: DEBUG nova.api.metadata.handler [None req-b4a3bc8e-f50b-4b50-b836-2dca8cf5026b None None] Metadata request headers: {'Host': '199.204.45.19:8775', 'User-Agent': 'python-requests/2.33.1', 'Accept-Encoding': 'gzip, deflate', 'Accept': '*/*', 'Connection': 'keep-alive', 'X-Forwarded-For': '192.168.24.6', 'X-Instance-Id': '54c28e57-46a6-4296-a3d4-c8b7fd31b1e5', 'X-Tenant-Id': 'ae5cdeb85f3244559c7da67be35bac29', 'X-Instance-Id-Signature': '7307f7153ed74b3788701692347aaf97c5b2997b97fb80c7614ba63f2ed29711'} {{(pid=109194) __call__ /opt/stack/nova/nova/api/metadata/handler.py:109}}
May 04 07:57:23.398206 np0000171538 devstack@n-api-meta.service[109194]: DEBUG nova.api.metadata.handler [None req-b4a3bc8e-f50b-4b50-b836-2dca8cf5026b None None] Using cached metadata for instance 54c28e57-46a6-4296-a3d4-c8b7fd31b1e5 {{(pid=109194) get_metadata_by_instance_id /opt/stack/nova/nova/api/metadata/handler.py:84}}
May 04 07:57:23.398906 np0000171538 devstack@n-api-meta.service[109194]: [pid: 109194|app: 0|req: 4/16] 199.204.45.19 () {40 vars in 689 bytes} [Mon May 4 07:57:23 2026] GET /latest/meta-data/ami-manifest-path => generated 5 bytes in 4 msecs (HTTP/1.1 200) 3 headers in 98 bytes (1 switches on core 0)
May 04 07:57:23.407155 np0000171538 devstack@n-api-meta.service[109193]: DEBUG nova.api.metadata.handler [None req-e66039c8-05f7-4750-9407-b540a5dec46b None None] Metadata request headers: {'Host': '199.204.45.19:8775', 'User-Agent': 'python-requests/2.33.1', 'Accept-Encoding': 'gzip, deflate', 'Accept': '*/*', 'Connection': 'keep-alive', 'X-Forwarded-For': '192.168.24.6', 'X-Instance-Id': '54c28e57-46a6-4296-a3d4-c8b7fd31b1e5', 'X-Tenant-Id': 'ae5cdeb85f3244559c7da67be35bac29', 'X-Instance-Id-Signature': '7307f7153ed74b3788701692347aaf97c5b2997b97fb80c7614ba63f2ed29711'} {{(pid=109193) __call__ /opt/stack/nova/nova/api/metadata/handler.py:109}}
May 04 07:57:23.410080 np0000171538 devstack@n-api-meta.service[109193]: DEBUG nova.api.metadata.handler [None req-e66039c8-05f7-4750-9407-b540a5dec46b None None] Using cached metadata for instance 54c28e57-46a6-4296-a3d4-c8b7fd31b1e5 {{(pid=109193) get_metadata_by_instance_id /opt/stack/nova/nova/api/metadata/handler.py:84}}
May 04 07:57:23.410731 np0000171538 devstack@n-api-meta.service[109193]: [pid: 109193|app: 0|req: 5/17] 199.204.45.19 () {40 vars in 671 bytes} [Mon May 4 07:57:23 2026] GET /latest/meta-data/hostname => generated 32 bytes in 4 msecs (HTTP/1.1 200) 3 headers in 99 bytes (1 switches on core 0)
May 04 07:57:23.417527 np0000171538 devstack@n-api-meta.service[109192]: DEBUG nova.api.metadata.handler [None req-70e6a11a-8319-4341-9c36-dafeee8654de None None] Metadata request headers: {'Host': '199.204.45.19:8775', 'User-Agent': 'python-requests/2.33.1', 'Accept-Encoding': 'gzip, deflate', 'Accept': '*/*', 'Connection': 'keep-alive', 'X-Forwarded-For': '192.168.24.6', 'X-Instance-Id': '54c28e57-46a6-4296-a3d4-c8b7fd31b1e5', 'X-Tenant-Id': 'ae5cdeb85f3244559c7da67be35bac29', 'X-Instance-Id-Signature': '7307f7153ed74b3788701692347aaf97c5b2997b97fb80c7614ba63f2ed29711'} {{(pid=109192) __call__ /opt/stack/nova/nova/api/metadata/handler.py:109}}
May 04 07:57:23.420144 np0000171538 devstack@n-api-meta.service[109192]: DEBUG nova.api.metadata.handler [None req-70e6a11a-8319-4341-9c36-dafeee8654de None None] Using cached metadata for instance 54c28e57-46a6-4296-a3d4-c8b7fd31b1e5 {{(pid=109192) get_metadata_by_instance_id /opt/stack/nova/nova/api/metadata/handler.py:84}}
May 04 07:57:23.420697 np0000171538 devstack@n-api-meta.service[109192]: [pid: 109192|app: 0|req: 5/18] 199.204.45.19 () {40 vars in 685 bytes} [Mon May 4 07:57:23 2026] GET /latest/meta-data/instance-action => generated 4 bytes in 3 msecs (HTTP/1.1 200) 3 headers in 98 bytes (1 switches on core 0)
May 04 07:57:23.428890 np0000171538 devstack@n-api-meta.service[109191]: DEBUG nova.api.metadata.handler [None req-bdafcc0c-14d1-4301-aeef-4e19ea4efc2c None None] Metadata request headers: {'Host': '199.204.45.19:8775', 'User-Agent': 'python-requests/2.33.1', 'Accept-Encoding': 'gzip, deflate', 'Accept': '*/*', 'Connection': 'keep-alive', 'X-Forwarded-For': '192.168.24.6', 'X-Instance-Id': '54c28e57-46a6-4296-a3d4-c8b7fd31b1e5', 'X-Tenant-Id': 'ae5cdeb85f3244559c7da67be35bac29', 'X-Instance-Id-Signature': '7307f7153ed74b3788701692347aaf97c5b2997b97fb80c7614ba63f2ed29711'} {{(pid=109191) __call__ /opt/stack/nova/nova/api/metadata/handler.py:109}}
May 04 07:57:23.431701 np0000171538 devstack@n-api-meta.service[109191]: DEBUG nova.api.metadata.handler [None req-bdafcc0c-14d1-4301-aeef-4e19ea4efc2c None None] Using cached metadata for instance 54c28e57-46a6-4296-a3d4-c8b7fd31b1e5 {{(pid=109191) get_metadata_by_instance_id /opt/stack/nova/nova/api/metadata/handler.py:84}}
May 04 07:57:23.432327 np0000171538 devstack@n-api-meta.service[109191]: [pid: 109191|app: 0|req: 5/19] 199.204.45.19 () {40 vars in 677 bytes} [Mon May 4 07:57:23 2026] GET /latest/meta-data/instance-id => generated 10 bytes in 4 msecs (HTTP/1.1 200) 3 headers in 99 bytes (1 switches on core 0)
May 04 07:57:23.438741 np0000171538 devstack@n-api-meta.service[109194]: DEBUG nova.api.metadata.handler [None req-b4a3bc8e-f50b-4b50-b836-2dca8cf5026b None None] Metadata request headers: {'Host': '199.204.45.19:8775', 'User-Agent': 'python-requests/2.33.1', 'Accept-Encoding': 'gzip, deflate', 'Accept': '*/*', 'Connection': 'keep-alive', 'X-Forwarded-For': '192.168.24.6', 'X-Instance-Id': '54c28e57-46a6-4296-a3d4-c8b7fd31b1e5', 'X-Tenant-Id': 'ae5cdeb85f3244559c7da67be35bac29', 'X-Instance-Id-Signature': '7307f7153ed74b3788701692347aaf97c5b2997b97fb80c7614ba63f2ed29711'} {{(pid=109194) __call__ /opt/stack/nova/nova/api/metadata/handler.py:109}}
May 04 07:57:23.441582 np0000171538 devstack@n-api-meta.service[109194]: DEBUG nova.api.metadata.handler [None req-b4a3bc8e-f50b-4b50-b836-2dca8cf5026b None None] Using cached metadata for instance 54c28e57-46a6-4296-a3d4-c8b7fd31b1e5 {{(pid=109194) get_metadata_by_instance_id /opt/stack/nova/nova/api/metadata/handler.py:84}}
