May 04 07:51:53.826525 np0000171538 systemd[1]: Starting devstack@n-api-meta.service - Devstack devstack@n-api-meta.service...
May 04 07:51:53.833163 np0000171538 devstack@n-api-meta.service[109190]: [uWSGI] getting INI configuration from /etc/nova/nova-metadata-uwsgi.ini
May 04 07:51:53.833801 np0000171538 devstack@n-api-meta.service[109190]: open("./http_plugin.so"): No such file or directory [core/utils.c line 3709]
May 04 07:51:53.833801 np0000171538 devstack@n-api-meta.service[109190]: !!! UNABLE to load uWSGI plugin: ./http_plugin.so: cannot open shared object file: No such file or directory !!!
May 04 07:51:53.833801 np0000171538 devstack@n-api-meta.service[109190]: open("./python3_plugin.so"): No such file or directory [core/utils.c line 3709]
May 04 07:51:53.833801 np0000171538 devstack@n-api-meta.service[109190]: !!! UNABLE to load uWSGI plugin: ./python3_plugin.so: cannot open shared object file: No such file or directory !!!
May 04 07:51:53.833801 np0000171538 devstack@n-api-meta.service[109190]: *** Starting uWSGI 2.0.31 (64bit) on [Mon May 4 07:51:53 2026] ***
May 04 07:51:53.833801 np0000171538 devstack@n-api-meta.service[109190]: compiled with version: 13.3.0 on 04 May 2026 07:41:12
May 04 07:51:53.833801 np0000171538 devstack@n-api-meta.service[109190]: os: Linux-6.8.0-110-generic #110-Ubuntu SMP PREEMPT_DYNAMIC Thu Mar 19 15:09:20 UTC 2026
May 04 07:51:53.833801 np0000171538 devstack@n-api-meta.service[109190]: nodename: np0000171538
May 04 07:51:53.833801 np0000171538 devstack@n-api-meta.service[109190]: machine: x86_64
May 04 07:51:53.833801 np0000171538 devstack@n-api-meta.service[109190]: clock source: unix
May 04 07:51:53.833801 np0000171538 devstack@n-api-meta.service[109190]: pcre jit disabled
May 04 07:51:53.833801 np0000171538 devstack@n-api-meta.service[109190]: detected number of CPU cores: 16
May 04 07:51:53.833801 np0000171538 devstack@n-api-meta.service[109190]: current working directory: /
May 04 07:51:53.833801 np0000171538 devstack@n-api-meta.service[109190]: detected binary path: /opt/stack/data/venv/bin/uwsgi
May 04 07:51:53.833801 np0000171538 devstack@n-api-meta.service[109190]: your processes number limit is 256917
May 04 07:51:53.833801 np0000171538 devstack@n-api-meta.service[109190]: your memory page size is 4096 bytes
May 04 07:51:53.833801 np0000171538 devstack@n-api-meta.service[109190]: detected max file descriptor number: 2048
May 04 07:51:53.833801 np0000171538 devstack@n-api-meta.service[109190]: lock engine: pthread robust mutexes
May 04 07:51:53.833801 np0000171538 devstack@n-api-meta.service[109190]: thunder lock: enabled
May 04 07:51:53.833801 np0000171538 devstack@n-api-meta.service[109190]: uWSGI http bound on 0.0.0.0:8775 fd 5
May 04 07:51:53.833801 np0000171538 devstack@n-api-meta.service[109190]: uwsgi socket 0 bound to TCP address 127.0.0.1:46581 (port auto-assigned) fd 4
May 04 07:51:53.833801 np0000171538 devstack@n-api-meta.service[109190]: Python version: 3.12.3 (main, Mar 23 2026, 19:04:32) [GCC 13.3.0]
May 04 07:51:53.833801 np0000171538 devstack@n-api-meta.service[109190]: PEP 405 virtualenv detected: /opt/stack/data/venv
May 04 07:51:53.833801 np0000171538 devstack@n-api-meta.service[109190]: Set PythonHome to /opt/stack/data/venv
May 04 07:51:53.871163 np0000171538 devstack@n-api-meta.service[109190]: Python main interpreter initialized at 0x7bdbe08a3668
May 04 07:51:53.871163 np0000171538 devstack@n-api-meta.service[109190]: python threads support enabled
May 04 07:51:53.871163 np0000171538 devstack@n-api-meta.service[109190]: your server socket listen backlog is limited to 100 connections
May 04 07:51:53.871163 np0000171538 devstack@n-api-meta.service[109190]: your mercy for graceful operations on workers is 80 seconds
May 04 07:51:53.871656 np0000171538 devstack@n-api-meta.service[109190]: mapped 671795 bytes (656 KB) for 4 cores
May 04 07:51:53.871793 np0000171538 devstack@n-api-meta.service[109190]: *** Operational MODE: preforking ***
May 04 07:51:53.872020 np0000171538 devstack@n-api-meta.service[109190]: *** uWSGI is running in multiple interpreter mode ***
May 04 07:51:53.872020 np0000171538 devstack@n-api-meta.service[109190]: spawned uWSGI master process (pid: 109190)
May 04 07:51:53.872261 np0000171538 systemd[1]: Started devstack@n-api-meta.service - Devstack devstack@n-api-meta.service.
May 04 07:51:53.872601 np0000171538 devstack@n-api-meta.service[109190]: spawned uWSGI worker 1 (pid: 109191, cores: 1)
May 04 07:51:53.873098 np0000171538 devstack@n-api-meta.service[109190]: spawned uWSGI worker 2 (pid: 109192, cores: 1)
May 04 07:51:53.873513 np0000171538 devstack@n-api-meta.service[109190]: spawned uWSGI worker 3 (pid: 109193, cores: 1)
May 04 07:51:53.874093 np0000171538 devstack@n-api-meta.service[109190]: spawned uWSGI worker 4 (pid: 109194, cores: 1)
May 04 07:51:53.874508 np0000171538 devstack@n-api-meta.service[109190]: spawned uWSGI http 1 (pid: 109195)
May 04 07:51:53.874508 np0000171538 devstack@n-api-meta.service[109190]: running "unix_signal:15 gracefully_kill_them_all" (master-start)...
May 04 07:51:54.208870 np0000171538 devstack@n-api-meta.service[109192]: /opt/stack/data/venv/lib/python3.12/site-packages/oslo_concurrency/lockutils.py:41: EventletDeprecationWarning:
May 04 07:51:54.208870 np0000171538 devstack@n-api-meta.service[109192]: Eventlet is deprecated. It is currently being maintained in bugfix mode, and
May 04 07:51:54.208870 np0000171538 devstack@n-api-meta.service[109192]: we strongly recommend against using it for new projects.
May 04 07:51:54.208870 np0000171538 devstack@n-api-meta.service[109192]: If you are already using Eventlet, we recommend migrating to a different
May 04 07:51:54.208870 np0000171538 devstack@n-api-meta.service[109192]: framework. For more detail see
May 04 07:51:54.208870 np0000171538 devstack@n-api-meta.service[109192]: https://eventlet.readthedocs.io/en/latest/asyncio/migration.html
May 04 07:51:54.208870 np0000171538 devstack@n-api-meta.service[109192]: import eventlet
May 04 07:51:54.212750 np0000171538 devstack@n-api-meta.service[109193]: /opt/stack/data/venv/lib/python3.12/site-packages/oslo_concurrency/lockutils.py:41: EventletDeprecationWarning:
May 04 07:51:54.212750 np0000171538 devstack@n-api-meta.service[109193]: Eventlet is deprecated. It is currently being maintained in bugfix mode, and
May 04 07:51:54.212750 np0000171538 devstack@n-api-meta.service[109193]: we strongly recommend against using it for new projects.
May 04 07:51:54.212750 np0000171538 devstack@n-api-meta.service[109193]: If you are already using Eventlet, we recommend migrating to a different
May 04 07:51:54.212750 np0000171538 devstack@n-api-meta.service[109193]: framework. For more detail see
May 04 07:51:54.212750 np0000171538 devstack@n-api-meta.service[109193]: https://eventlet.readthedocs.io/en/latest/asyncio/migration.html
May 04 07:51:54.212750 np0000171538 devstack@n-api-meta.service[109193]: import eventlet
May 04 07:51:54.213155 np0000171538 devstack@n-api-meta.service[109194]: /opt/stack/data/venv/lib/python3.12/site-packages/oslo_concurrency/lockutils.py:41: EventletDeprecationWarning:
May 04 07:51:54.213155 np0000171538 devstack@n-api-meta.service[109194]: Eventlet is deprecated. It is currently being maintained in bugfix mode, and
May 04 07:51:54.213155 np0000171538 devstack@n-api-meta.service[109194]: we strongly recommend against using it for new projects.
May 04 07:51:54.213155 np0000171538 devstack@n-api-meta.service[109194]: If you are already using Eventlet, we recommend migrating to a different
May 04 07:51:54.213155 np0000171538 devstack@n-api-meta.service[109194]: framework. For more detail see
May 04 07:51:54.213155 np0000171538 devstack@n-api-meta.service[109194]: https://eventlet.readthedocs.io/en/latest/asyncio/migration.html
May 04 07:51:54.213155 np0000171538 devstack@n-api-meta.service[109194]: import eventlet
May 04 07:51:54.214844 np0000171538 devstack@n-api-meta.service[109191]: /opt/stack/data/venv/lib/python3.12/site-packages/oslo_concurrency/lockutils.py:41: EventletDeprecationWarning:
May 04 07:51:54.214844 np0000171538 devstack@n-api-meta.service[109191]: Eventlet is deprecated. It is currently being maintained in bugfix mode, and
May 04 07:51:54.214844 np0000171538 devstack@n-api-meta.service[109191]: we strongly recommend against using it for new projects.
May 04 07:51:54.214844 np0000171538 devstack@n-api-meta.service[109191]: If you are already using Eventlet, we recommend migrating to a different
May 04 07:51:54.214844 np0000171538 devstack@n-api-meta.service[109191]: framework. For more detail see
May 04 07:51:54.214844 np0000171538 devstack@n-api-meta.service[109191]: https://eventlet.readthedocs.io/en/latest/asyncio/migration.html
May 04 07:51:54.214844 np0000171538 devstack@n-api-meta.service[109191]: import eventlet
May 04 07:51:54.259232 np0000171538 devstack@n-api-meta.service[109192]: Service is starting with native threading. This is currently experimental. Do not use it in production without first testing it in pre-production.
May 04 07:51:54.260898 np0000171538 devstack@n-api-meta.service[109193]: Service is starting with native threading. This is currently experimental. Do not use it in production without first testing it in pre-production.
May 04 07:51:54.262221 np0000171538 devstack@n-api-meta.service[109194]: Service is starting with native threading. This is currently experimental. Do not use it in production without first testing it in pre-production.
May 04 07:51:54.271544 np0000171538 devstack@n-api-meta.service[109191]: Service is starting with native threading. This is currently experimental. Do not use it in production without first testing it in pre-production.
May 04 07:51:55.739346 np0000171538 devstack@n-api-meta.service[109193]: INFO dbcounter [None req-0dfd44c2-f01d-4214-bda6-f42bf171d973 None None] Registered counter for database nova_api
May 04 07:51:55.756350 np0000171538 devstack@n-api-meta.service[109193]: DEBUG oslo_db.sqlalchemy.engines [None req-0dfd44c2-f01d-4214-bda6-f42bf171d973 None None] MySQL server mode set to STRICT_TRANS_TABLES,STRICT_ALL_TABLES,NO_ZERO_IN_DATE,NO_ZERO_DATE,ERROR_FOR_DIVISION_BY_ZERO,TRADITIONAL,NO_ENGINE_SUBSTITUTION {{(pid=109193) _check_effective_sql_mode /opt/stack/data/venv/lib/python3.12/site-packages/oslo_db/sqlalchemy/engines.py:325}}
May 04 07:51:55.796263 np0000171538 devstack@n-api-meta.service[109193]: DEBUG dbcounter [-] [109193] Writer thread running {{(pid=109193) stat_writer /opt/stack/data/venv/lib/python3.12/site-packages/dbcounter.py:102}}
May 04 07:51:55.799170 np0000171538 devstack@n-api-meta.service[109193]: DEBUG nova.context [None req-0dfd44c2-f01d-4214-bda6-f42bf171d973 None None] Found 2 cells: 00000000-0000-0000-0000-000000000000(cell0),17687810-71de-40ee-9a5e-1a1d3041e217(cell1) {{(pid=109193) load_cells /opt/stack/nova/nova/context.py:509}}
May 04 07:51:55.799471 np0000171538 devstack@n-api-meta.service[109193]: INFO nova.utils [None req-0dfd44c2-f01d-4214-bda6-f42bf171d973 None None] The cell worker thread pool MainProcess.cell_worker is initialized
May 04 07:51:55.801901 np0000171538 devstack@n-api-meta.service[109193]: DEBUG oslo_concurrency.lockutils [None req-0dfd44c2-f01d-4214-bda6-f42bf171d973 None None] Acquiring lock "00000000-0000-0000-0000-000000000000" by "nova.context.set_target_cell..get_or_set_cached_cell_and_set_connections" {{(pid=109193) inner /opt/stack/data/venv/lib/python3.12/site-packages/oslo_concurrency/lockutils.py:506}}
May 04 07:51:55.802147 np0000171538 devstack@n-api-meta.service[109193]: DEBUG oslo_concurrency.lockutils [None req-0dfd44c2-f01d-4214-bda6-f42bf171d973 None None] Lock "00000000-0000-0000-0000-000000000000" acquired by "nova.context.set_target_cell..get_or_set_cached_cell_and_set_connections" :: waited 0.000s {{(pid=109193) inner /opt/stack/data/venv/lib/python3.12/site-packages/oslo_concurrency/lockutils.py:519}}
May 04 07:51:55.802634 np0000171538 devstack@n-api-meta.service[109193]: DEBUG oslo_concurrency.lockutils [None req-0dfd44c2-f01d-4214-bda6-f42bf171d973 None None] Lock "00000000-0000-0000-0000-000000000000" "released" by "nova.context.set_target_cell..get_or_set_cached_cell_and_set_connections" :: held 0.001s {{(pid=109193) inner /opt/stack/data/venv/lib/python3.12/site-packages/oslo_concurrency/lockutils.py:538}}
May 04 07:51:55.803550 np0000171538 devstack@n-api-meta.service[109193]: DEBUG oslo_concurrency.lockutils [None req-0dfd44c2-f01d-4214-bda6-f42bf171d973 None None] Acquiring lock "17687810-71de-40ee-9a5e-1a1d3041e217" by "nova.context.set_target_cell..get_or_set_cached_cell_and_set_connections" {{(pid=109193) inner /opt/stack/data/venv/lib/python3.12/site-packages/oslo_concurrency/lockutils.py:506}}
May 04 07:51:55.803749 np0000171538 devstack@n-api-meta.service[109193]: DEBUG oslo_concurrency.lockutils [None req-0dfd44c2-f01d-4214-bda6-f42bf171d973 None None] Lock "17687810-71de-40ee-9a5e-1a1d3041e217" acquired by "nova.context.set_target_cell..get_or_set_cached_cell_and_set_connections" :: waited 0.000s {{(pid=109193) inner /opt/stack/data/venv/lib/python3.12/site-packages/oslo_concurrency/lockutils.py:519}}
May 04 07:51:55.804901 np0000171538 devstack@n-api-meta.service[109193]: DEBUG oslo_concurrency.lockutils [None req-0dfd44c2-f01d-4214-bda6-f42bf171d973 None None] Lock "17687810-71de-40ee-9a5e-1a1d3041e217" "released" by "nova.context.set_target_cell..get_or_set_cached_cell_and_set_connections" :: held 0.001s {{(pid=109193) inner /opt/stack/data/venv/lib/python3.12/site-packages/oslo_concurrency/lockutils.py:538}}
May 04 07:51:55.808121 np0000171538 devstack@n-api-meta.service[109193]: INFO dbcounter [None req-0dfd44c2-f01d-4214-bda6-f42bf171d973 None None] Registered counter for database nova_cell0
May 04 07:51:55.813251 np0000171538 devstack@n-api-meta.service[109193]: INFO dbcounter [None req-0dfd44c2-f01d-4214-bda6-f42bf171d973 None None] Registered counter for database nova_cell1
May 04 07:51:55.821077 np0000171538 devstack@n-api-meta.service[109192]: INFO dbcounter [None req-70e6a11a-8319-4341-9c36-dafeee8654de None None] Registered counter for database nova_api
May 04 07:51:55.822762 np0000171538 devstack@n-api-meta.service[109193]: DEBUG oslo_db.sqlalchemy.engines [None req-0dfd44c2-f01d-4214-bda6-f42bf171d973 None None] MySQL server mode set to STRICT_TRANS_TABLES,STRICT_ALL_TABLES,NO_ZERO_IN_DATE,NO_ZERO_DATE,ERROR_FOR_DIVISION_BY_ZERO,TRADITIONAL,NO_ENGINE_SUBSTITUTION {{(pid=109193) _check_effective_sql_mode /opt/stack/data/venv/lib/python3.12/site-packages/oslo_db/sqlalchemy/engines.py:325}}
May 04 07:51:55.828709 np0000171538 devstack@n-api-meta.service[109193]: DEBUG oslo_db.sqlalchemy.engines [None req-0dfd44c2-f01d-4214-bda6-f42bf171d973 None None] MySQL server mode set to STRICT_TRANS_TABLES,STRICT_ALL_TABLES,NO_ZERO_IN_DATE,NO_ZERO_DATE,ERROR_FOR_DIVISION_BY_ZERO,TRADITIONAL,NO_ENGINE_SUBSTITUTION {{(pid=109193) _check_effective_sql_mode /opt/stack/data/venv/lib/python3.12/site-packages/oslo_db/sqlalchemy/engines.py:325}}
May 04 07:51:55.838877 np0000171538 devstack@n-api-meta.service[109192]: DEBUG oslo_db.sqlalchemy.engines [None req-70e6a11a-8319-4341-9c36-dafeee8654de None None] MySQL server mode set to STRICT_TRANS_TABLES,STRICT_ALL_TABLES,NO_ZERO_IN_DATE,NO_ZERO_DATE,ERROR_FOR_DIVISION_BY_ZERO,TRADITIONAL,NO_ENGINE_SUBSTITUTION {{(pid=109192) _check_effective_sql_mode /opt/stack/data/venv/lib/python3.12/site-packages/oslo_db/sqlalchemy/engines.py:325}}
May 04 07:51:55.839138 np0000171538 devstack@n-api-meta.service[109194]: INFO dbcounter [None req-b4a3bc8e-f50b-4b50-b836-2dca8cf5026b None None] Registered counter for database nova_api
May 04 07:51:55.842097 np0000171538 devstack@n-api-meta.service[109191]: INFO dbcounter [None req-bdafcc0c-14d1-4301-aeef-4e19ea4efc2c None None] Registered counter for database nova_api
May 04 07:51:55.859592 np0000171538 devstack@n-api-meta.service[109191]: DEBUG oslo_db.sqlalchemy.engines [None req-bdafcc0c-14d1-4301-aeef-4e19ea4efc2c None None] MySQL server mode set to STRICT_TRANS_TABLES,STRICT_ALL_TABLES,NO_ZERO_IN_DATE,NO_ZERO_DATE,ERROR_FOR_DIVISION_BY_ZERO,TRADITIONAL,NO_ENGINE_SUBSTITUTION {{(pid=109191) _check_effective_sql_mode /opt/stack/data/venv/lib/python3.12/site-packages/oslo_db/sqlalchemy/engines.py:325}}
May 04 07:51:55.864154 np0000171538 devstack@n-api-meta.service[109194]: DEBUG oslo_db.sqlalchemy.engines [None req-b4a3bc8e-f50b-4b50-b836-2dca8cf5026b None None] MySQL server mode set to STRICT_TRANS_TABLES,STRICT_ALL_TABLES,NO_ZERO_IN_DATE,NO_ZERO_DATE,ERROR_FOR_DIVISION_BY_ZERO,TRADITIONAL,NO_ENGINE_SUBSTITUTION {{(pid=109194) _check_effective_sql_mode /opt/stack/data/venv/lib/python3.12/site-packages/oslo_db/sqlalchemy/engines.py:325}}
May 04 07:51:55.880174 np0000171538 devstack@n-api-meta.service[109192]: DEBUG dbcounter [-] [109192] Writer thread running {{(pid=109192) stat_writer /opt/stack/data/venv/lib/python3.12/site-packages/dbcounter.py:102}}
May 04 07:51:55.883005 np0000171538 devstack@n-api-meta.service[109192]: DEBUG nova.context [None req-70e6a11a-8319-4341-9c36-dafeee8654de None None] Found 2 cells: 00000000-0000-0000-0000-000000000000(cell0),17687810-71de-40ee-9a5e-1a1d3041e217(cell1) {{(pid=109192) load_cells /opt/stack/nova/nova/context.py:509}}
May 04 07:51:55.883273 np0000171538 devstack@n-api-meta.service[109192]: INFO nova.utils [None req-70e6a11a-8319-4341-9c36-dafeee8654de None None] The cell worker thread pool MainProcess.cell_worker is initialized
May 04 07:51:55.885941 np0000171538 devstack@n-api-meta.service[109192]: DEBUG oslo_concurrency.lockutils [None req-70e6a11a-8319-4341-9c36-dafeee8654de None None] Acquiring lock "00000000-0000-0000-0000-000000000000" by "nova.context.set_target_cell..get_or_set_cached_cell_and_set_connections" {{(pid=109192) inner /opt/stack/data/venv/lib/python3.12/site-packages/oslo_concurrency/lockutils.py:506}}
May 04 07:51:55.885941 np0000171538 devstack@n-api-meta.service[109192]: DEBUG oslo_concurrency.lockutils [None req-70e6a11a-8319-4341-9c36-dafeee8654de None None] Lock "00000000-0000-0000-0000-000000000000" acquired by "nova.context.set_target_cell..get_or_set_cached_cell_and_set_connections" :: waited 0.000s {{(pid=109192) inner /opt/stack/data/venv/lib/python3.12/site-packages/oslo_concurrency/lockutils.py:519}}
May 04 07:51:55.885941 np0000171538 devstack@n-api-meta.service[109192]: DEBUG oslo_concurrency.lockutils [None req-70e6a11a-8319-4341-9c36-dafeee8654de None None] Lock "00000000-0000-0000-0000-000000000000" "released" by "nova.context.set_target_cell..get_or_set_cached_cell_and_set_connections" :: held 0.000s {{(pid=109192) inner /opt/stack/data/venv/lib/python3.12/site-packages/oslo_concurrency/lockutils.py:538}}
May 04 07:51:55.886609 np0000171538 devstack@n-api-meta.service[109192]: DEBUG oslo_concurrency.lockutils [None req-70e6a11a-8319-4341-9c36-dafeee8654de None None] Acquiring lock "17687810-71de-40ee-9a5e-1a1d3041e217" by "nova.context.set_target_cell..get_or_set_cached_cell_and_set_connections" {{(pid=109192) inner /opt/stack/data/venv/lib/python3.12/site-packages/oslo_concurrency/lockutils.py:506}}
May 04 07:51:55.886765 np0000171538 devstack@n-api-meta.service[109192]: DEBUG oslo_concurrency.lockutils [None req-70e6a11a-8319-4341-9c36-dafeee8654de None None] Lock "17687810-71de-40ee-9a5e-1a1d3041e217" acquired by "nova.context.set_target_cell..get_or_set_cached_cell_and_set_connections" :: waited 0.000s {{(pid=109192) inner /opt/stack/data/venv/lib/python3.12/site-packages/oslo_concurrency/lockutils.py:519}}
May 04 07:51:55.887796 np0000171538 devstack@n-api-meta.service[109192]: DEBUG oslo_concurrency.lockutils [None req-70e6a11a-8319-4341-9c36-dafeee8654de None None] Lock "17687810-71de-40ee-9a5e-1a1d3041e217" "released" by "nova.context.set_target_cell..get_or_set_cached_cell_and_set_connections" :: held 0.001s {{(pid=109192) inner /opt/stack/data/venv/lib/python3.12/site-packages/oslo_concurrency/lockutils.py:538}}
May 04 07:51:55.891436 np0000171538 devstack@n-api-meta.service[109192]: INFO dbcounter [None req-70e6a11a-8319-4341-9c36-dafeee8654de None None] Registered counter for database nova_cell0
May 04 07:51:55.895900 np0000171538 devstack@n-api-meta.service[109192]: INFO dbcounter [None req-70e6a11a-8319-4341-9c36-dafeee8654de None None] Registered counter for database nova_cell1
May 04 07:51:55.901924 np0000171538 devstack@n-api-meta.service[109191]: DEBUG dbcounter [-] [109191] Writer thread running {{(pid=109191) stat_writer /opt/stack/data/venv/lib/python3.12/site-packages/dbcounter.py:102}}
May 04 07:51:55.903065 np0000171538 devstack@n-api-meta.service[109192]: DEBUG oslo_db.sqlalchemy.engines [None req-70e6a11a-8319-4341-9c36-dafeee8654de None None] MySQL server mode set to STRICT_TRANS_TABLES,STRICT_ALL_TABLES,NO_ZERO_IN_DATE,NO_ZERO_DATE,ERROR_FOR_DIVISION_BY_ZERO,TRADITIONAL,NO_ENGINE_SUBSTITUTION {{(pid=109192) _check_effective_sql_mode /opt/stack/data/venv/lib/python3.12/site-packages/oslo_db/sqlalchemy/engines.py:325}}
May 04 07:51:55.903272 np0000171538 devstack@n-api-meta.service[109194]: DEBUG dbcounter [-] [109194] Writer thread running {{(pid=109194) stat_writer /opt/stack/data/venv/lib/python3.12/site-packages/dbcounter.py:102}}
May 04 07:51:55.904400 np0000171538 devstack@n-api-meta.service[109191]: DEBUG nova.context [None req-bdafcc0c-14d1-4301-aeef-4e19ea4efc2c None None] Found 2 cells: 00000000-0000-0000-0000-000000000000(cell0),17687810-71de-40ee-9a5e-1a1d3041e217(cell1) {{(pid=109191) load_cells /opt/stack/nova/nova/context.py:509}}
May 04 07:51:55.904578 np0000171538 devstack@n-api-meta.service[109191]: INFO nova.utils [None req-bdafcc0c-14d1-4301-aeef-4e19ea4efc2c None None] The cell worker thread pool MainProcess.cell_worker is initialized
May 04 07:51:55.906190 np0000171538 devstack@n-api-meta.service[109194]: DEBUG nova.context [None req-b4a3bc8e-f50b-4b50-b836-2dca8cf5026b None None] Found 2 cells: 00000000-0000-0000-0000-000000000000(cell0),17687810-71de-40ee-9a5e-1a1d3041e217(cell1) {{(pid=109194) load_cells /opt/stack/nova/nova/context.py:509}}
May 04 07:51:55.906440 np0000171538 devstack@n-api-meta.service[109191]: DEBUG oslo_concurrency.lockutils [None req-bdafcc0c-14d1-4301-aeef-4e19ea4efc2c None None] Acquiring lock "00000000-0000-0000-0000-000000000000" by "nova.context.set_target_cell..get_or_set_cached_cell_and_set_connections" {{(pid=109191) inner /opt/stack/data/venv/lib/python3.12/site-packages/oslo_concurrency/lockutils.py:506}}
May 04 07:51:55.906492 np0000171538 devstack@n-api-meta.service[109194]: INFO nova.utils [None req-b4a3bc8e-f50b-4b50-b836-2dca8cf5026b None None] The cell worker thread pool MainProcess.cell_worker is initialized
May 04 07:51:55.906605 np0000171538 devstack@n-api-meta.service[109191]: DEBUG oslo_concurrency.lockutils [None req-bdafcc0c-14d1-4301-aeef-4e19ea4efc2c None None] Lock "00000000-0000-0000-0000-000000000000" acquired by "nova.context.set_target_cell..get_or_set_cached_cell_and_set_connections" :: waited 0.000s {{(pid=109191) inner /opt/stack/data/venv/lib/python3.12/site-packages/oslo_concurrency/lockutils.py:519}}
May 04 07:51:55.906980 np0000171538 devstack@n-api-meta.service[109191]: DEBUG oslo_concurrency.lockutils [None req-bdafcc0c-14d1-4301-aeef-4e19ea4efc2c None None] Lock "00000000-0000-0000-0000-000000000000" "released" by "nova.context.set_target_cell..get_or_set_cached_cell_and_set_connections" :: held 0.000s {{(pid=109191) inner /opt/stack/data/venv/lib/python3.12/site-packages/oslo_concurrency/lockutils.py:538}}
May 04 07:51:55.907784 np0000171538 devstack@n-api-meta.service[109191]: DEBUG oslo_concurrency.lockutils [None req-bdafcc0c-14d1-4301-aeef-4e19ea4efc2c None None] Acquiring lock "17687810-71de-40ee-9a5e-1a1d3041e217" by "nova.context.set_target_cell..get_or_set_cached_cell_and_set_connections" {{(pid=109191) inner /opt/stack/data/venv/lib/python3.12/site-packages/oslo_concurrency/lockutils.py:506}}
May 04 07:51:55.907947 np0000171538 devstack@n-api-meta.service[109191]: DEBUG oslo_concurrency.lockutils [None req-bdafcc0c-14d1-4301-aeef-4e19ea4efc2c None None] Lock "17687810-71de-40ee-9a5e-1a1d3041e217" acquired by "nova.context.set_target_cell..get_or_set_cached_cell_and_set_connections" :: waited 0.000s {{(pid=109191) inner /opt/stack/data/venv/lib/python3.12/site-packages/oslo_concurrency/lockutils.py:519}}
May 04 07:51:55.907990 np0000171538 devstack@n-api-meta.service[109192]: DEBUG oslo_db.sqlalchemy.engines [None req-70e6a11a-8319-4341-9c36-dafeee8654de None None] MySQL server mode set to STRICT_TRANS_TABLES,STRICT_ALL_TABLES,NO_ZERO_IN_DATE,NO_ZERO_DATE,ERROR_FOR_DIVISION_BY_ZERO,TRADITIONAL,NO_ENGINE_SUBSTITUTION {{(pid=109192) _check_effective_sql_mode /opt/stack/data/venv/lib/python3.12/site-packages/oslo_db/sqlalchemy/engines.py:325}}
May 04 07:51:55.908414 np0000171538 devstack@n-api-meta.service[109194]: DEBUG oslo_concurrency.lockutils [None req-b4a3bc8e-f50b-4b50-b836-2dca8cf5026b None None] Acquiring lock "00000000-0000-0000-0000-000000000000" by "nova.context.set_target_cell..get_or_set_cached_cell_and_set_connections" {{(pid=109194) inner /opt/stack/data/venv/lib/python3.12/site-packages/oslo_concurrency/lockutils.py:506}}
May 04 07:51:55.908585 np0000171538 devstack@n-api-meta.service[109194]: DEBUG oslo_concurrency.lockutils [None req-b4a3bc8e-f50b-4b50-b836-2dca8cf5026b None None] Lock "00000000-0000-0000-0000-000000000000" acquired by "nova.context.set_target_cell..get_or_set_cached_cell_and_set_connections" :: waited 0.000s {{(pid=109194) inner /opt/stack/data/venv/lib/python3.12/site-packages/oslo_concurrency/lockutils.py:519}}
May 04 07:51:55.908769 np0000171538 devstack@n-api-meta.service[109191]: DEBUG oslo_concurrency.lockutils [None req-bdafcc0c-14d1-4301-aeef-4e19ea4efc2c None None] Lock "17687810-71de-40ee-9a5e-1a1d3041e217" "released" by "nova.context.set_target_cell..get_or_set_cached_cell_and_set_connections" :: held 0.001s {{(pid=109191) inner /opt/stack/data/venv/lib/python3.12/site-packages/oslo_concurrency/lockutils.py:538}}
May 04 07:51:55.908968 np0000171538 devstack@n-api-meta.service[109194]: DEBUG oslo_concurrency.lockutils [None req-b4a3bc8e-f50b-4b50-b836-2dca8cf5026b None None] Lock "00000000-0000-0000-0000-000000000000" "released" by "nova.context.set_target_cell..get_or_set_cached_cell_and_set_connections" :: held 0.000s {{(pid=109194) inner /opt/stack/data/venv/lib/python3.12/site-packages/oslo_concurrency/lockutils.py:538}}
May 04 07:51:55.909795 np0000171538 devstack@n-api-meta.service[109194]: DEBUG oslo_concurrency.lockutils [None req-b4a3bc8e-f50b-4b50-b836-2dca8cf5026b None None] Acquiring lock "17687810-71de-40ee-9a5e-1a1d3041e217" by "nova.context.set_target_cell..get_or_set_cached_cell_and_set_connections" {{(pid=109194) inner /opt/stack/data/venv/lib/python3.12/site-packages/oslo_concurrency/lockutils.py:506}}
May 04 07:51:55.909944 np0000171538 devstack@n-api-meta.service[109194]: DEBUG oslo_concurrency.lockutils [None req-b4a3bc8e-f50b-4b50-b836-2dca8cf5026b None None] Lock "17687810-71de-40ee-9a5e-1a1d3041e217" acquired by "nova.context.set_target_cell..get_or_set_cached_cell_and_set_connections" :: waited 0.000s {{(pid=109194) inner /opt/stack/data/venv/lib/python3.12/site-packages/oslo_concurrency/lockutils.py:519}}
May 04 07:51:55.910774 np0000171538 devstack@n-api-meta.service[109194]: DEBUG oslo_concurrency.lockutils [None req-b4a3bc8e-f50b-4b50-b836-2dca8cf5026b None None] Lock "17687810-71de-40ee-9a5e-1a1d3041e217" "released" by "nova.context.set_target_cell..get_or_set_cached_cell_and_set_connections" :: held 0.001s {{(pid=109194) inner /opt/stack/data/venv/lib/python3.12/site-packages/oslo_concurrency/lockutils.py:538}}
May 04 07:51:55.912711 np0000171538 devstack@n-api-meta.service[109191]: INFO dbcounter [None req-bdafcc0c-14d1-4301-aeef-4e19ea4efc2c None None] Registered counter for database nova_cell0
May 04 07:51:55.913352 np0000171538 devstack@n-api-meta.service[109194]: INFO dbcounter [None req-b4a3bc8e-f50b-4b50-b836-2dca8cf5026b None None] Registered counter for database nova_cell0
May 04 07:51:55.920329 np0000171538 devstack@n-api-meta.service[109191]: INFO dbcounter [None req-bdafcc0c-14d1-4301-aeef-4e19ea4efc2c None None] Registered counter for database nova_cell1
May 04 07:51:55.921153 np0000171538 devstack@n-api-meta.service[109194]: INFO dbcounter [None req-b4a3bc8e-f50b-4b50-b836-2dca8cf5026b None None] Registered counter for database nova_cell1
May 04 07:51:55.929148 np0000171538 devstack@n-api-meta.service[109194]: DEBUG oslo_db.sqlalchemy.engines [None req-b4a3bc8e-f50b-4b50-b836-2dca8cf5026b None None] MySQL server mode set to STRICT_TRANS_TABLES,STRICT_ALL_TABLES,NO_ZERO_IN_DATE,NO_ZERO_DATE,ERROR_FOR_DIVISION_BY_ZERO,TRADITIONAL,NO_ENGINE_SUBSTITUTION {{(pid=109194) _check_effective_sql_mode /opt/stack/data/venv/lib/python3.12/site-packages/oslo_db/sqlalchemy/engines.py:325}}
May 04 07:51:55.933741 np0000171538 devstack@n-api-meta.service[109194]: DEBUG oslo_db.sqlalchemy.engines [None req-b4a3bc8e-f50b-4b50-b836-2dca8cf5026b None None] MySQL server mode set to STRICT_TRANS_TABLES,STRICT_ALL_TABLES,NO_ZERO_IN_DATE,NO_ZERO_DATE,ERROR_FOR_DIVISION_BY_ZERO,TRADITIONAL,NO_ENGINE_SUBSTITUTION {{(pid=109194) _check_effective_sql_mode /opt/stack/data/venv/lib/python3.12/site-packages/oslo_db/sqlalchemy/engines.py:325}}
May 04 07:51:55.940149 np0000171538 devstack@n-api-meta.service[109191]: DEBUG oslo_db.sqlalchemy.engines [None req-bdafcc0c-14d1-4301-aeef-4e19ea4efc2c None None] MySQL server mode set to STRICT_TRANS_TABLES,STRICT_ALL_TABLES,NO_ZERO_IN_DATE,NO_ZERO_DATE,ERROR_FOR_DIVISION_BY_ZERO,TRADITIONAL,NO_ENGINE_SUBSTITUTION {{(pid=109191) _check_effective_sql_mode /opt/stack/data/venv/lib/python3.12/site-packages/oslo_db/sqlalchemy/engines.py:325}}
May 04 07:51:55.941236 np0000171538 devstack@n-api-meta.service[109193]: DEBUG dbcounter [-] [109193] Writer thread running {{(pid=109193) stat_writer /opt/stack/data/venv/lib/python3.12/site-packages/dbcounter.py:102}}
May 04 07:51:55.941390 np0000171538 devstack@n-api-meta.service[109193]: DEBUG dbcounter [-] [109193] Writer thread running {{(pid=109193) stat_writer /opt/stack/data/venv/lib/python3.12/site-packages/dbcounter.py:102}}
May 04 07:51:55.948098 np0000171538 devstack@n-api-meta.service[109191]: DEBUG oslo_db.sqlalchemy.engines [None req-bdafcc0c-14d1-4301-aeef-4e19ea4efc2c None None] MySQL server mode set to STRICT_TRANS_TABLES,STRICT_ALL_TABLES,NO_ZERO_IN_DATE,NO_ZERO_DATE,ERROR_FOR_DIVISION_BY_ZERO,TRADITIONAL,NO_ENGINE_SUBSTITUTION {{(pid=109191) _check_effective_sql_mode /opt/stack/data/venv/lib/python3.12/site-packages/oslo_db/sqlalchemy/engines.py:325}}
May 04 07:51:55.950516 np0000171538 devstack@n-api-meta.service[109193]: INFO dbcounter [None req-0dfd44c2-f01d-4214-bda6-f42bf171d973 None None] Registered counter for database nova_cell0
May 04 07:51:55.962071 np0000171538 devstack@n-api-meta.service[109193]: DEBUG oslo_db.sqlalchemy.engines [None req-0dfd44c2-f01d-4214-bda6-f42bf171d973 None None] MySQL server mode set to STRICT_TRANS_TABLES,STRICT_ALL_TABLES,NO_ZERO_IN_DATE,NO_ZERO_DATE,ERROR_FOR_DIVISION_BY_ZERO,TRADITIONAL,NO_ENGINE_SUBSTITUTION {{(pid=109193) _check_effective_sql_mode /opt/stack/data/venv/lib/python3.12/site-packages/oslo_db/sqlalchemy/engines.py:325}}
May 04 07:51:55.973286 np0000171538 devstack@n-api-meta.service[109193]: DEBUG dbcounter [-] [109193] Writer thread running {{(pid=109193) stat_writer /opt/stack/data/venv/lib/python3.12/site-packages/dbcounter.py:102}}
May 04 07:51:56.004483 np0000171538 devstack@n-api-meta.service[109192]: DEBUG dbcounter [-] [109192] Writer thread running {{(pid=109192) stat_writer /opt/stack/data/venv/lib/python3.12/site-packages/dbcounter.py:102}}
May 04 07:51:56.009540 np0000171538 devstack@n-api-meta.service[109192]: DEBUG dbcounter [-] [109192] Writer thread running {{(pid=109192) stat_writer /opt/stack/data/venv/lib/python3.12/site-packages/dbcounter.py:102}}
May 04 07:51:56.014059 np0000171538 devstack@n-api-meta.service[109192]: INFO dbcounter [None req-70e6a11a-8319-4341-9c36-dafeee8654de None None] Registered counter for database nova_cell0
May 04 07:51:56.021076 np0000171538 devstack@n-api-meta.service[109193]: WARNING nova.api.metadata.handler [None req-0dfd44c2-f01d-4214-bda6-f42bf171d973 None None] metadata_proxy_shared_secret is not configured, the metadata information returned by the proxy cannot be trusted
May 04 07:51:56.023684 np0000171538 devstack@n-api-meta.service[109193]: DEBUG nova.api.openstack.wsgi_app [None req-0dfd44c2-f01d-4214-bda6-f42bf171d973 None None] ******************************************************************************** {{(pid=109193) log_opt_values /opt/stack/data/venv/lib/python3.12/site-packages/oslo_config/cfg.py:2979}}
May 04 07:51:56.023817 np0000171538 devstack@n-api-meta.service[109193]: DEBUG nova.api.openstack.wsgi_app [None req-0dfd44c2-f01d-4214-bda6-f42bf171d973 None None] Configuration options gathered from: {{(pid=109193) log_opt_values /opt/stack/data/venv/lib/python3.12/site-packages/oslo_config/cfg.py:2980}}
May 04 07:51:56.023983 np0000171538 devstack@n-api-meta.service[109193]: DEBUG nova.api.openstack.wsgi_app [None req-0dfd44c2-f01d-4214-bda6-f42bf171d973 None None] command line args: [] {{(pid=109193) log_opt_values /opt/stack/data/venv/lib/python3.12/site-packages/oslo_config/cfg.py:2981}}
May 04 07:51:56.024162 np0000171538 devstack@n-api-meta.service[109193]: DEBUG nova.api.openstack.wsgi_app [None req-0dfd44c2-f01d-4214-bda6-f42bf171d973 None None] config files: ['/etc/nova/api-paste.ini', '/etc/nova/nova.conf'] {{(pid=109193) log_opt_values /opt/stack/data/venv/lib/python3.12/site-packages/oslo_config/cfg.py:2982}}
May 04 07:51:56.024291 np0000171538 devstack@n-api-meta.service[109193]: DEBUG nova.api.openstack.wsgi_app [None req-0dfd44c2-f01d-4214-bda6-f42bf171d973 None None] ================================================================================ {{(pid=109193) log_opt_values /opt/stack/data/venv/lib/python3.12/site-packages/oslo_config/cfg.py:2987}}
May 04 07:51:56.024576 np0000171538 devstack@n-api-meta.service[109193]: DEBUG nova.api.openstack.wsgi_app [None req-0dfd44c2-f01d-4214-bda6-f42bf171d973 None None] allow_resize_to_same_host = True {{(pid=109193) log_opt_values /opt/stack/data/venv/lib/python3.12/site-packages/oslo_config/cfg.py:2995}}
May 04 07:51:56.024746 np0000171538 devstack@n-api-meta.service[109193]: DEBUG nova.api.openstack.wsgi_app [None req-0dfd44c2-f01d-4214-bda6-f42bf171d973 None None] arq_binding_timeout = 300 {{(pid=109193) log_opt_values /opt/stack/data/venv/lib/python3.12/site-packages/oslo_config/cfg.py:2995}}
May 04 07:51:56.024953 np0000171538 devstack@n-api-meta.service[109193]: DEBUG nova.api.openstack.wsgi_app [None req-0dfd44c2-f01d-4214-bda6-f42bf171d973 None None] block_device_allocate_retries = 60 {{(pid=109193) log_opt_values /opt/stack/data/venv/lib/python3.12/site-packages/oslo_config/cfg.py:2995}}
May 04 07:51:56.025097 np0000171538 devstack@n-api-meta.service[109193]: DEBUG nova.api.openstack.wsgi_app [None req-0dfd44c2-f01d-4214-bda6-f42bf171d973 None None] block_device_allocate_retries_interval = 3 {{(pid=109193) log_opt_values /opt/stack/data/venv/lib/python3.12/site-packages/oslo_config/cfg.py:2995}}
May 04 07:51:56.025277 np0000171538 devstack@n-api-meta.service[109193]: DEBUG nova.api.openstack.wsgi_app [None req-0dfd44c2-f01d-4214-bda6-f42bf171d973 None None] cell_worker_thread_pool_size = 5 {{(pid=109193) log_opt_values /opt/stack/data/venv/lib/python3.12/site-packages/oslo_config/cfg.py:2995}}
May 04 07:51:56.025432 np0000171538 devstack@n-api-meta.service[109193]: DEBUG nova.api.openstack.wsgi_app [None req-0dfd44c2-f01d-4214-bda6-f42bf171d973 None None] cert = self.pem {{(pid=109193) log_opt_values /opt/stack/data/venv/lib/python3.12/site-packages/oslo_config/cfg.py:2995}}
May 04 07:51:56.025711 np0000171538 devstack@n-api-meta.service[109193]: DEBUG nova.api.openstack.wsgi_app [None req-0dfd44c2-f01d-4214-bda6-f42bf171d973 None None] compute_driver = libvirt.LibvirtDriver {{(pid=109193) log_opt_values /opt/stack/data/venv/lib/python3.12/site-packages/oslo_config/cfg.py:2995}}
May 04 07:51:56.025882 np0000171538 devstack@n-api-meta.service[109193]: DEBUG nova.api.openstack.wsgi_app [None req-0dfd44c2-f01d-4214-bda6-f42bf171d973 None None] compute_monitors = [] {{(pid=109193) log_opt_values /opt/stack/data/venv/lib/python3.12/site-packages/oslo_config/cfg.py:2995}}
May 04 07:51:56.026092 np0000171538 devstack@n-api-meta.service[109193]: DEBUG nova.api.openstack.wsgi_app [None req-0dfd44c2-f01d-4214-bda6-f42bf171d973 None None] config_dir = [] {{(pid=109193) log_opt_values /opt/stack/data/venv/lib/python3.12/site-packages/oslo_config/cfg.py:2995}}
May 04 07:51:56.026260 np0000171538 devstack@n-api-meta.service[109193]: DEBUG nova.api.openstack.wsgi_app [None req-0dfd44c2-f01d-4214-bda6-f42bf171d973 None None] config_drive_format = iso9660 {{(pid=109193) log_opt_values /opt/stack/data/venv/lib/python3.12/site-packages/oslo_config/cfg.py:2995}}
May 04 07:51:56.026398 np0000171538 devstack@n-api-meta.service[109193]: DEBUG nova.api.openstack.wsgi_app [None req-0dfd44c2-f01d-4214-bda6-f42bf171d973 None None] config_file = ['/etc/nova/api-paste.ini', '/etc/nova/nova.conf'] {{(pid=109193) log_opt_values /opt/stack/data/venv/lib/python3.12/site-packages/oslo_config/cfg.py:2995}}
May 04 07:51:56.026571 np0000171538 devstack@n-api-meta.service[109193]: DEBUG nova.api.openstack.wsgi_app [None req-0dfd44c2-f01d-4214-bda6-f42bf171d973 None None] config_source = [] {{(pid=109193) log_opt_values /opt/stack/data/venv/lib/python3.12/site-packages/oslo_config/cfg.py:2995}}
May 04 07:51:56.026747 np0000171538 devstack@n-api-meta.service[109193]: DEBUG nova.api.openstack.wsgi_app [None req-0dfd44c2-f01d-4214-bda6-f42bf171d973 None None] console_host = np0000171538 {{(pid=109193) log_opt_values /opt/stack/data/venv/lib/python3.12/site-packages/oslo_config/cfg.py:2995}}
May 04 07:51:56.026824 np0000171538 devstack@n-api-meta.service[109192]: DEBUG oslo_db.sqlalchemy.engines [None req-70e6a11a-8319-4341-9c36-dafeee8654de None None] MySQL server mode set to STRICT_TRANS_TABLES,STRICT_ALL_TABLES,NO_ZERO_IN_DATE,NO_ZERO_DATE,ERROR_FOR_DIVISION_BY_ZERO,TRADITIONAL,NO_ENGINE_SUBSTITUTION {{(pid=109192) _check_effective_sql_mode /opt/stack/data/venv/lib/python3.12/site-packages/oslo_db/sqlalchemy/engines.py:325}}
May 04 07:51:56.026944 np0000171538 devstack@n-api-meta.service[109193]: DEBUG nova.api.openstack.wsgi_app [None req-0dfd44c2-f01d-4214-bda6-f42bf171d973 None None] control_exchange = nova {{(pid=109193) log_opt_values /opt/stack/data/venv/lib/python3.12/site-packages/oslo_config/cfg.py:2995}}
May 04 07:51:56.027158 np0000171538 devstack@n-api-meta.service[109193]: DEBUG nova.api.openstack.wsgi_app [None req-0dfd44c2-f01d-4214-bda6-f42bf171d973 None None] cpu_allocation_ratio = None {{(pid=109193) log_opt_values /opt/stack/data/venv/lib/python3.12/site-packages/oslo_config/cfg.py:2995}}
May 04 07:51:56.027336 np0000171538 devstack@n-api-meta.service[109193]: DEBUG nova.api.openstack.wsgi_app [None req-0dfd44c2-f01d-4214-bda6-f42bf171d973 None None] daemon = False {{(pid=109193) log_opt_values /opt/stack/data/venv/lib/python3.12/site-packages/oslo_config/cfg.py:2995}}
May 04 07:51:56.027516 np0000171538 devstack@n-api-meta.service[109193]: DEBUG nova.api.openstack.wsgi_app [None req-0dfd44c2-f01d-4214-bda6-f42bf171d973 None None] debug = True {{(pid=109193) log_opt_values /opt/stack/data/venv/lib/python3.12/site-packages/oslo_config/cfg.py:2995}}
May 04 07:51:56.027688 np0000171538 devstack@n-api-meta.service[109193]: DEBUG nova.api.openstack.wsgi_app [None req-0dfd44c2-f01d-4214-bda6-f42bf171d973 None None] default_access_ip_network_name = None {{(pid=109193) log_opt_values /opt/stack/data/venv/lib/python3.12/site-packages/oslo_config/cfg.py:2995}}
May 04 07:51:56.027866 np0000171538 devstack@n-api-meta.service[109193]: DEBUG nova.api.openstack.wsgi_app [None req-0dfd44c2-f01d-4214-bda6-f42bf171d973 None None] default_availability_zone = nova {{(pid=109193) log_opt_values /opt/stack/data/venv/lib/python3.12/site-packages/oslo_config/cfg.py:2995}}
May 04 07:51:56.028054 np0000171538 devstack@n-api-meta.service[109193]: DEBUG nova.api.openstack.wsgi_app [None req-0dfd44c2-f01d-4214-bda6-f42bf171d973 None None] default_ephemeral_format = ext4 {{(pid=109193) log_opt_values /opt/stack/data/venv/lib/python3.12/site-packages/oslo_config/cfg.py:2995}}
May 04 07:51:56.028228 np0000171538 devstack@n-api-meta.service[109193]: DEBUG nova.api.openstack.wsgi_app [None req-0dfd44c2-f01d-4214-bda6-f42bf171d973 None None] default_green_pool_size = 1000 {{(pid=109193) log_opt_values /opt/stack/data/venv/lib/python3.12/site-packages/oslo_config/cfg.py:2995}}
May 04 07:51:56.028508 np0000171538 devstack@n-api-meta.service[109193]: DEBUG nova.api.openstack.wsgi_app [None req-0dfd44c2-f01d-4214-bda6-f42bf171d973 None None] default_log_levels = ['amqp=WARN', 'boto=WARN', 'sqlalchemy=WARN', 'suds=INFO', 'oslo.messaging=INFO', 'oslo_messaging=INFO', 'iso8601=WARN', 'requests.packages.urllib3.connectionpool=WARN', 'urllib3.connectionpool=WARN', 'websocket=WARN', 'requests.packages.urllib3.util.retry=WARN', 'urllib3.util.retry=WARN', 'keystonemiddleware=WARN', 'routes.middleware=WARN', 'stevedore=WARN', 'taskflow=WARN', 'keystoneauth=WARN', 'oslo.cache=INFO', 'oslo_policy=INFO', 'dogpile.core.dogpile=INFO', 'glanceclient=WARN', 'oslo.privsep.daemon=INFO'] {{(pid=109193) log_opt_values /opt/stack/data/venv/lib/python3.12/site-packages/oslo_config/cfg.py:2995}}
May 04 07:51:56.028647 np0000171538 devstack@n-api-meta.service[109193]: DEBUG nova.api.openstack.wsgi_app [None req-0dfd44c2-f01d-4214-bda6-f42bf171d973 None None] default_schedule_zone = None {{(pid=109193) log_opt_values /opt/stack/data/venv/lib/python3.12/site-packages/oslo_config/cfg.py:2995}}
May 04 07:51:56.028806 np0000171538 devstack@n-api-meta.service[109193]: DEBUG nova.api.openstack.wsgi_app [None req-0dfd44c2-f01d-4214-bda6-f42bf171d973 None None] default_thread_pool_size = 10 {{(pid=109193) log_opt_values /opt/stack/data/venv/lib/python3.12/site-packages/oslo_config/cfg.py:2995}}
May 04 07:51:56.028982 np0000171538 devstack@n-api-meta.service[109193]: DEBUG nova.api.openstack.wsgi_app [None req-0dfd44c2-f01d-4214-bda6-f42bf171d973 None None] disk_allocation_ratio = None {{(pid=109193) log_opt_values /opt/stack/data/venv/lib/python3.12/site-packages/oslo_config/cfg.py:2995}}
May 04 07:51:56.029144 np0000171538 devstack@n-api-meta.service[109193]: DEBUG nova.api.openstack.wsgi_app [None req-0dfd44c2-f01d-4214-bda6-f42bf171d973 None None] enable_new_services = True {{(pid=109193) log_opt_values /opt/stack/data/venv/lib/python3.12/site-packages/oslo_config/cfg.py:2995}}
May 04 07:51:56.029307 np0000171538 devstack@n-api-meta.service[109193]: DEBUG nova.api.openstack.wsgi_app [None req-0dfd44c2-f01d-4214-bda6-f42bf171d973 None None] flat_injected = False {{(pid=109193) log_opt_values /opt/stack/data/venv/lib/python3.12/site-packages/oslo_config/cfg.py:2995}}
May 04 07:51:56.029477 np0000171538 devstack@n-api-meta.service[109193]: DEBUG nova.api.openstack.wsgi_app [None req-0dfd44c2-f01d-4214-bda6-f42bf171d973 None None] force_config_drive = False {{(pid=109193) log_opt_values /opt/stack/data/venv/lib/python3.12/site-packages/oslo_config/cfg.py:2995}}
May 04 07:51:56.029653 np0000171538 devstack@n-api-meta.service[109193]: DEBUG nova.api.openstack.wsgi_app [None req-0dfd44c2-f01d-4214-bda6-f42bf171d973 None None] force_raw_images = True {{(pid=109193) log_opt_values /opt/stack/data/venv/lib/python3.12/site-packages/oslo_config/cfg.py:2995}}
May 04 07:51:56.029883 np0000171538 devstack@n-api-meta.service[109193]: DEBUG nova.api.openstack.wsgi_app [None req-0dfd44c2-f01d-4214-bda6-f42bf171d973 None None] graceful_shutdown_timeout = 5 {{(pid=109193) log_opt_values /opt/stack/data/venv/lib/python3.12/site-packages/oslo_config/cfg.py:2995}}
May 04 07:51:56.030066 np0000171538 devstack@n-api-meta.service[109193]: DEBUG nova.api.openstack.wsgi_app [None req-0dfd44c2-f01d-4214-bda6-f42bf171d973 None None] heal_instance_info_cache_interval = -1 {{(pid=109193) log_opt_values /opt/stack/data/venv/lib/python3.12/site-packages/oslo_config/cfg.py:2995}}
May 04 07:51:56.030271 np0000171538 devstack@n-api-meta.service[109193]: DEBUG nova.api.openstack.wsgi_app [None req-0dfd44c2-f01d-4214-bda6-f42bf171d973 None None] host = np0000171538 {{(pid=109193) log_opt_values /opt/stack/data/venv/lib/python3.12/site-packages/oslo_config/cfg.py:2995}}
May 04 07:51:56.030435 np0000171538 devstack@n-api-meta.service[109193]: DEBUG nova.api.openstack.wsgi_app [None req-0dfd44c2-f01d-4214-bda6-f42bf171d973 None None] initial_cpu_allocation_ratio = 4.0 {{(pid=109193) log_opt_values /opt/stack/data/venv/lib/python3.12/site-packages/oslo_config/cfg.py:2995}}
May 04 07:51:56.030599 np0000171538 devstack@n-api-meta.service[109193]: DEBUG nova.api.openstack.wsgi_app [None req-0dfd44c2-f01d-4214-bda6-f42bf171d973 None None] initial_disk_allocation_ratio = 1.0 {{(pid=109193) log_opt_values /opt/stack/data/venv/lib/python3.12/site-packages/oslo_config/cfg.py:2995}}
May 04 07:51:56.030762 np0000171538 devstack@n-api-meta.service[109193]: DEBUG nova.api.openstack.wsgi_app [None req-0dfd44c2-f01d-4214-bda6-f42bf171d973 None None] initial_ram_allocation_ratio = 1.0 {{(pid=109193) log_opt_values /opt/stack/data/venv/lib/python3.12/site-packages/oslo_config/cfg.py:2995}}
May 04 07:51:56.031134 np0000171538 devstack@n-api-meta.service[109193]: DEBUG nova.api.openstack.wsgi_app [None req-0dfd44c2-f01d-4214-bda6-f42bf171d973 None None] injected_network_template = /opt/stack/nova/nova/virt/interfaces.template {{(pid=109193) log_opt_values /opt/stack/data/venv/lib/python3.12/site-packages/oslo_config/cfg.py:2995}}
May 04 07:51:56.031284 np0000171538 devstack@n-api-meta.service[109193]: DEBUG nova.api.openstack.wsgi_app [None req-0dfd44c2-f01d-4214-bda6-f42bf171d973 None None] instance_build_timeout = 0 {{(pid=109193) log_opt_values /opt/stack/data/venv/lib/python3.12/site-packages/oslo_config/cfg.py:2995}}
May 04 07:51:56.031455 np0000171538 devstack@n-api-meta.service[109193]: DEBUG nova.api.openstack.wsgi_app [None req-0dfd44c2-f01d-4214-bda6-f42bf171d973 None None] instance_delete_interval = 300 {{(pid=109193) log_opt_values /opt/stack/data/venv/lib/python3.12/site-packages/oslo_config/cfg.py:2995}}
May 04 07:51:56.031624 np0000171538 devstack@n-api-meta.service[109193]: DEBUG nova.api.openstack.wsgi_app [None req-0dfd44c2-f01d-4214-bda6-f42bf171d973 None None] instance_format = [instance: %(uuid)s] {{(pid=109193) log_opt_values /opt/stack/data/venv/lib/python3.12/site-packages/oslo_config/cfg.py:2995}}
May 04 07:51:56.031793 np0000171538 devstack@n-api-meta.service[109193]: DEBUG nova.api.openstack.wsgi_app [None req-0dfd44c2-f01d-4214-bda6-f42bf171d973 None None] instance_name_template = instance-%08x {{(pid=109193) log_opt_values /opt/stack/data/venv/lib/python3.12/site-packages/oslo_config/cfg.py:2995}}
May 04 07:51:56.031993 np0000171538 devstack@n-api-meta.service[109193]: DEBUG nova.api.openstack.wsgi_app [None req-0dfd44c2-f01d-4214-bda6-f42bf171d973 None None] instance_usage_audit = False {{(pid=109193) log_opt_values /opt/stack/data/venv/lib/python3.12/site-packages/oslo_config/cfg.py:2995}}
May 04 07:51:56.032156 np0000171538 devstack@n-api-meta.service[109193]: DEBUG nova.api.openstack.wsgi_app [None req-0dfd44c2-f01d-4214-bda6-f42bf171d973 None None] instance_usage_audit_period = month {{(pid=109193) log_opt_values /opt/stack/data/venv/lib/python3.12/site-packages/oslo_config/cfg.py:2995}}
May 04 07:51:56.032330 np0000171538 devstack@n-api-meta.service[109193]: DEBUG nova.api.openstack.wsgi_app [None req-0dfd44c2-f01d-4214-bda6-f42bf171d973 None None] instance_uuid_format = [instance: %(uuid)s] {{(pid=109193) log_opt_values /opt/stack/data/venv/lib/python3.12/site-packages/oslo_config/cfg.py:2995}}
May 04 07:51:56.032505 np0000171538 devstack@n-api-meta.service[109193]: DEBUG nova.api.openstack.wsgi_app [None req-0dfd44c2-f01d-4214-bda6-f42bf171d973 None None] instances_path = /opt/stack/data/nova/instances {{(pid=109193) log_opt_values /opt/stack/data/venv/lib/python3.12/site-packages/oslo_config/cfg.py:2995}}
May 04 07:51:56.032679 np0000171538 devstack@n-api-meta.service[109193]: DEBUG nova.api.openstack.wsgi_app [None req-0dfd44c2-f01d-4214-bda6-f42bf171d973 None None] internal_service_availability_zone = internal {{(pid=109193) log_opt_values /opt/stack/data/venv/lib/python3.12/site-packages/oslo_config/cfg.py:2995}}
May 04 07:51:56.032847 np0000171538 devstack@n-api-meta.service[109193]: DEBUG nova.api.openstack.wsgi_app [None req-0dfd44c2-f01d-4214-bda6-f42bf171d973 None None] key = None {{(pid=109193) log_opt_values /opt/stack/data/venv/lib/python3.12/site-packages/oslo_config/cfg.py:2995}}
May 04 07:51:56.033035 np0000171538 devstack@n-api-meta.service[109193]: DEBUG nova.api.openstack.wsgi_app [None req-0dfd44c2-f01d-4214-bda6-f42bf171d973 None None] live_migration_retry_count = 30 {{(pid=109193) log_opt_values /opt/stack/data/venv/lib/python3.12/site-packages/oslo_config/cfg.py:2995}}
May 04 07:51:56.033214 np0000171538 devstack@n-api-meta.service[109193]: DEBUG nova.api.openstack.wsgi_app [None req-0dfd44c2-f01d-4214-bda6-f42bf171d973 None None] log_color = False {{(pid=109193) log_opt_values /opt/stack/data/venv/lib/python3.12/site-packages/oslo_config/cfg.py:2995}}
May 04 07:51:56.033388 np0000171538 devstack@n-api-meta.service[109193]: DEBUG nova.api.openstack.wsgi_app [None req-0dfd44c2-f01d-4214-bda6-f42bf171d973 None None] log_config_append = None {{(pid=109193) log_opt_values /opt/stack/data/venv/lib/python3.12/site-packages/oslo_config/cfg.py:2995}}
