May 04 07:50:51.186205 np0000171538 systemd[1]: Starting devstack@n-api.service - Devstack devstack@n-api.service...
May 04 07:50:51.198286 np0000171538 devstack@n-api.service[100854]: [uWSGI] getting INI configuration from /etc/nova/nova-api-uwsgi.ini
May 04 07:50:51.199086 np0000171538 devstack@n-api.service[100854]: open("./http_plugin.so"): No such file or directory [core/utils.c line 3709]
May 04 07:50:51.199086 np0000171538 devstack@n-api.service[100854]: !!! UNABLE to load uWSGI plugin: ./http_plugin.so: cannot open shared object file: No such file or directory !!!
May 04 07:50:51.199086 np0000171538 devstack@n-api.service[100854]: open("./python3_plugin.so"): No such file or directory [core/utils.c line 3709]
May 04 07:50:51.199086 np0000171538 devstack@n-api.service[100854]: !!! UNABLE to load uWSGI plugin: ./python3_plugin.so: cannot open shared object file: No such file or directory !!!
May 04 07:50:51.199086 np0000171538 devstack@n-api.service[100854]: *** Starting uWSGI 2.0.31 (64bit) on [Mon May 4 07:50:51 2026] ***
May 04 07:50:51.199086 np0000171538 devstack@n-api.service[100854]: compiled with version: 13.3.0 on 04 May 2026 07:41:12
May 04 07:50:51.199086 np0000171538 devstack@n-api.service[100854]: os: Linux-6.8.0-110-generic #110-Ubuntu SMP PREEMPT_DYNAMIC Thu Mar 19 15:09:20 UTC 2026
May 04 07:50:51.199086 np0000171538 devstack@n-api.service[100854]: nodename: np0000171538
May 04 07:50:51.199086 np0000171538 devstack@n-api.service[100854]: machine: x86_64
May 04 07:50:51.199086 np0000171538 devstack@n-api.service[100854]: clock source: unix
May 04 07:50:51.199086 np0000171538 devstack@n-api.service[100854]: pcre jit disabled
May 04 07:50:51.199086 np0000171538 devstack@n-api.service[100854]: detected number of CPU cores: 16
May 04 07:50:51.199086 np0000171538 devstack@n-api.service[100854]: current working directory: /
May 04 07:50:51.199086 np0000171538 devstack@n-api.service[100854]: detected binary path: /opt/stack/data/venv/bin/uwsgi
May 04 07:50:51.199086 np0000171538 devstack@n-api.service[100854]: your processes number limit is 256917
May 04 07:50:51.199086 np0000171538 devstack@n-api.service[100854]: your memory page size is 4096 bytes
May 04 07:50:51.199086 np0000171538 devstack@n-api.service[100854]: detected max file descriptor number: 2048
May 04 07:50:51.199086 np0000171538 devstack@n-api.service[100854]: lock engine: pthread robust mutexes
May 04 07:50:51.199086 np0000171538 devstack@n-api.service[100854]: thunder lock: enabled
May 04 07:50:51.200271 np0000171538 devstack@n-api.service[100854]: uwsgi socket 0 bound to UNIX address /var/run/uwsgi/nova-api.socket fd 4
May 04 07:50:51.200271 np0000171538 devstack@n-api.service[100854]: Python version: 3.12.3 (main, Mar 23 2026, 19:04:32) [GCC 13.3.0]
May 04 07:50:51.200271 np0000171538 devstack@n-api.service[100854]: PEP 405 virtualenv detected: /opt/stack/data/venv
May 04 07:50:51.200271 np0000171538 devstack@n-api.service[100854]: Set PythonHome to /opt/stack/data/venv
May 04 07:50:51.242663 np0000171538 devstack@n-api.service[100854]: Python main interpreter initialized at 0x7c7bf36a3668
May 04 07:50:51.242663 np0000171538 devstack@n-api.service[100854]: python threads support enabled
May 04 07:50:51.242663 np0000171538 devstack@n-api.service[100854]: your server socket listen backlog is limited to 100 connections
May 04 07:50:51.242663 np0000171538 devstack@n-api.service[100854]: your mercy for graceful operations on workers is 80 seconds
May 04 07:50:51.243193 np0000171538 devstack@n-api.service[100854]: mapped 671795 bytes (656 KB) for 4 cores
May 04 07:50:51.243357 np0000171538 devstack@n-api.service[100854]: *** Operational MODE: preforking ***
May 04 07:50:51.243586 np0000171538 devstack@n-api.service[100854]: *** uWSGI is running in multiple interpreter mode ***
May 04 07:50:51.243586 np0000171538 devstack@n-api.service[100854]: spawned uWSGI master process (pid: 100854)
May 04 07:50:51.243824 np0000171538 systemd[1]: Started devstack@n-api.service - Devstack devstack@n-api.service.
May 04 07:50:51.244359 np0000171538 devstack@n-api.service[100854]: spawned uWSGI worker 1 (pid: 100855, cores: 1)
May 04 07:50:51.244850 np0000171538 devstack@n-api.service[100854]: spawned uWSGI worker 2 (pid: 100856, cores: 1)
May 04 07:50:51.245377 np0000171538 devstack@n-api.service[100854]: spawned uWSGI worker 3 (pid: 100857, cores: 1)
May 04 07:50:51.245847 np0000171538 devstack@n-api.service[100854]: spawned uWSGI worker 4 (pid: 100858, cores: 1)
May 04 07:50:51.245847 np0000171538 devstack@n-api.service[100854]: running "unix_signal:15 gracefully_kill_them_all" (master-start)...
May 04 07:50:51.563767 np0000171538 devstack@n-api.service[100858]: /opt/stack/data/venv/lib/python3.12/site-packages/oslo_concurrency/lockutils.py:41: EventletDeprecationWarning:
May 04 07:50:51.563767 np0000171538 devstack@n-api.service[100858]: Eventlet is deprecated. It is currently being maintained in bugfix mode, and
May 04 07:50:51.563767 np0000171538 devstack@n-api.service[100858]: we strongly recommend against using it for new projects.
May 04 07:50:51.563767 np0000171538 devstack@n-api.service[100858]: If you are already using Eventlet, we recommend migrating to a different
May 04 07:50:51.563767 np0000171538 devstack@n-api.service[100858]: framework. For more detail see
May 04 07:50:51.563767 np0000171538 devstack@n-api.service[100858]: https://eventlet.readthedocs.io/en/latest/asyncio/migration.html
May 04 07:50:51.563767 np0000171538 devstack@n-api.service[100858]: import eventlet
May 04 07:50:51.576771 np0000171538 devstack@n-api.service[100855]: /opt/stack/data/venv/lib/python3.12/site-packages/oslo_concurrency/lockutils.py:41: EventletDeprecationWarning:
May 04 07:50:51.576771 np0000171538 devstack@n-api.service[100855]: Eventlet is deprecated. It is currently being maintained in bugfix mode, and
May 04 07:50:51.576771 np0000171538 devstack@n-api.service[100855]: we strongly recommend against using it for new projects.
May 04 07:50:51.576771 np0000171538 devstack@n-api.service[100855]: If you are already using Eventlet, we recommend migrating to a different
May 04 07:50:51.576771 np0000171538 devstack@n-api.service[100855]: framework. For more detail see
May 04 07:50:51.576771 np0000171538 devstack@n-api.service[100855]: https://eventlet.readthedocs.io/en/latest/asyncio/migration.html
May 04 07:50:51.576771 np0000171538 devstack@n-api.service[100855]: import eventlet
May 04 07:50:51.608784 np0000171538 devstack@n-api.service[100858]: Service is starting with native threading. This is currently experimental. Do not use it in production without first testing it in pre-production.
May 04 07:50:51.609503 np0000171538 devstack@n-api.service[100856]: /opt/stack/data/venv/lib/python3.12/site-packages/oslo_concurrency/lockutils.py:41: EventletDeprecationWarning:
May 04 07:50:51.609503 np0000171538 devstack@n-api.service[100856]: Eventlet is deprecated. It is currently being maintained in bugfix mode, and
May 04 07:50:51.609503 np0000171538 devstack@n-api.service[100856]: we strongly recommend against using it for new projects.
May 04 07:50:51.609503 np0000171538 devstack@n-api.service[100856]: If you are already using Eventlet, we recommend migrating to a different
May 04 07:50:51.609503 np0000171538 devstack@n-api.service[100856]: framework. For more detail see
May 04 07:50:51.609503 np0000171538 devstack@n-api.service[100856]: https://eventlet.readthedocs.io/en/latest/asyncio/migration.html
May 04 07:50:51.609503 np0000171538 devstack@n-api.service[100856]: import eventlet
May 04 07:50:51.627496 np0000171538 devstack@n-api.service[100855]: Service is starting with native threading. This is currently experimental. Do not use it in production without first testing it in pre-production.
May 04 07:50:51.655612 np0000171538 devstack@n-api.service[100856]: Service is starting with native threading. This is currently experimental. Do not use it in production without first testing it in pre-production.
May 04 07:50:51.661325 np0000171538 devstack@n-api.service[100857]: /opt/stack/data/venv/lib/python3.12/site-packages/oslo_concurrency/lockutils.py:41: EventletDeprecationWarning:
May 04 07:50:51.661325 np0000171538 devstack@n-api.service[100857]: Eventlet is deprecated. It is currently being maintained in bugfix mode, and
May 04 07:50:51.661325 np0000171538 devstack@n-api.service[100857]: we strongly recommend against using it for new projects.
May 04 07:50:51.661325 np0000171538 devstack@n-api.service[100857]: If you are already using Eventlet, we recommend migrating to a different
May 04 07:50:51.661325 np0000171538 devstack@n-api.service[100857]: framework. For more detail see
May 04 07:50:51.661325 np0000171538 devstack@n-api.service[100857]: https://eventlet.readthedocs.io/en/latest/asyncio/migration.html
May 04 07:50:51.661325 np0000171538 devstack@n-api.service[100857]: import eventlet
May 04 07:50:51.711680 np0000171538 devstack@n-api.service[100857]: Service is starting with native threading. This is currently experimental. Do not use it in production without first testing it in pre-production.
May 04 07:50:53.673045 np0000171538 devstack@n-api.service[100858]: INFO dbcounter [None req-42105f42-400d-45f4-82c7-126c3e3a961d None None] Registered counter for database nova_api
May 04 07:50:53.685204 np0000171538 devstack@n-api.service[100858]: DEBUG oslo_db.sqlalchemy.engines [None req-42105f42-400d-45f4-82c7-126c3e3a961d None None] MySQL server mode set to STRICT_TRANS_TABLES,STRICT_ALL_TABLES,NO_ZERO_IN_DATE,NO_ZERO_DATE,ERROR_FOR_DIVISION_BY_ZERO,TRADITIONAL,NO_ENGINE_SUBSTITUTION {{(pid=100858) _check_effective_sql_mode /opt/stack/data/venv/lib/python3.12/site-packages/oslo_db/sqlalchemy/engines.py:325}}
May 04 07:50:53.715520 np0000171538 devstack@n-api.service[100858]: DEBUG dbcounter [-] [100858] Writer thread running {{(pid=100858) stat_writer /opt/stack/data/venv/lib/python3.12/site-packages/dbcounter.py:102}}
May 04 07:50:53.717705 np0000171538 devstack@n-api.service[100858]: DEBUG nova.context [None req-42105f42-400d-45f4-82c7-126c3e3a961d None None] Found 2 cells: 00000000-0000-0000-0000-000000000000(cell0),17687810-71de-40ee-9a5e-1a1d3041e217(cell1) {{(pid=100858) load_cells /opt/stack/nova/nova/context.py:509}}
May 04 07:50:53.717990 np0000171538 devstack@n-api.service[100858]: INFO nova.utils [None req-42105f42-400d-45f4-82c7-126c3e3a961d None None] The cell worker thread pool MainProcess.cell_worker is initialized
May 04 07:50:53.719790 np0000171538 devstack@n-api.service[100858]: DEBUG oslo_concurrency.lockutils [None req-42105f42-400d-45f4-82c7-126c3e3a961d None None] Acquiring lock "00000000-0000-0000-0000-000000000000" by "nova.context.set_target_cell..get_or_set_cached_cell_and_set_connections" {{(pid=100858) inner /opt/stack/data/venv/lib/python3.12/site-packages/oslo_concurrency/lockutils.py:506}}
May 04 07:50:53.720085 np0000171538 devstack@n-api.service[100858]: DEBUG oslo_concurrency.lockutils [None req-42105f42-400d-45f4-82c7-126c3e3a961d None None] Lock "00000000-0000-0000-0000-000000000000" acquired by "nova.context.set_target_cell..get_or_set_cached_cell_and_set_connections" :: waited 0.000s {{(pid=100858) inner /opt/stack/data/venv/lib/python3.12/site-packages/oslo_concurrency/lockutils.py:519}}
May 04 07:50:53.720543 np0000171538 devstack@n-api.service[100858]: DEBUG oslo_concurrency.lockutils [None req-42105f42-400d-45f4-82c7-126c3e3a961d None None] Lock "00000000-0000-0000-0000-000000000000" "released" by "nova.context.set_target_cell..get_or_set_cached_cell_and_set_connections" :: held 0.000s {{(pid=100858) inner /opt/stack/data/venv/lib/python3.12/site-packages/oslo_concurrency/lockutils.py:538}}
May 04 07:50:53.721370 np0000171538 devstack@n-api.service[100858]: DEBUG oslo_concurrency.lockutils [None req-42105f42-400d-45f4-82c7-126c3e3a961d None None] Acquiring lock "17687810-71de-40ee-9a5e-1a1d3041e217" by "nova.context.set_target_cell..get_or_set_cached_cell_and_set_connections" {{(pid=100858) inner /opt/stack/data/venv/lib/python3.12/site-packages/oslo_concurrency/lockutils.py:506}}
May 04 07:50:53.723451 np0000171538 devstack@n-api.service[100858]: INFO dbcounter [None req-42105f42-400d-45f4-82c7-126c3e3a961d None None] Registered counter for database nova_cell0
May 04 07:50:53.724959 np0000171538 devstack@n-api.service[100858]: DEBUG oslo_concurrency.lockutils [None req-42105f42-400d-45f4-82c7-126c3e3a961d None None] Lock "17687810-71de-40ee-9a5e-1a1d3041e217" acquired by "nova.context.set_target_cell..get_or_set_cached_cell_and_set_connections" :: waited 0.002s {{(pid=100858) inner /opt/stack/data/venv/lib/python3.12/site-packages/oslo_concurrency/lockutils.py:519}}
May 04 07:50:53.726188 np0000171538 devstack@n-api.service[100858]: DEBUG oslo_concurrency.lockutils [None req-42105f42-400d-45f4-82c7-126c3e3a961d None None] Lock "17687810-71de-40ee-9a5e-1a1d3041e217" "released" by "nova.context.set_target_cell..get_or_set_cached_cell_and_set_connections" :: held 0.003s {{(pid=100858) inner /opt/stack/data/venv/lib/python3.12/site-packages/oslo_concurrency/lockutils.py:538}}
May 04 07:50:53.731248 np0000171538 devstack@n-api.service[100858]: INFO dbcounter [None req-42105f42-400d-45f4-82c7-126c3e3a961d None None] Registered counter for database nova_cell1
May 04 07:50:53.735795 np0000171538 devstack@n-api.service[100855]: INFO dbcounter [None req-92560327-9664-4a37-b5c5-8928bc8aed6b None None] Registered counter for database nova_api
May 04 07:50:53.736424 np0000171538 devstack@n-api.service[100858]: DEBUG oslo_db.sqlalchemy.engines [None req-42105f42-400d-45f4-82c7-126c3e3a961d None None] MySQL server mode set to STRICT_TRANS_TABLES,STRICT_ALL_TABLES,NO_ZERO_IN_DATE,NO_ZERO_DATE,ERROR_FOR_DIVISION_BY_ZERO,TRADITIONAL,NO_ENGINE_SUBSTITUTION {{(pid=100858) _check_effective_sql_mode /opt/stack/data/venv/lib/python3.12/site-packages/oslo_db/sqlalchemy/engines.py:325}}
May 04 07:50:53.739547 np0000171538 devstack@n-api.service[100858]: DEBUG oslo_db.sqlalchemy.engines [None req-42105f42-400d-45f4-82c7-126c3e3a961d None None] MySQL server mode set to STRICT_TRANS_TABLES,STRICT_ALL_TABLES,NO_ZERO_IN_DATE,NO_ZERO_DATE,ERROR_FOR_DIVISION_BY_ZERO,TRADITIONAL,NO_ENGINE_SUBSTITUTION {{(pid=100858) _check_effective_sql_mode /opt/stack/data/venv/lib/python3.12/site-packages/oslo_db/sqlalchemy/engines.py:325}}
May 04 07:50:53.747982 np0000171538 devstack@n-api.service[100856]: INFO dbcounter [None req-f5fe0b0f-6d2b-4be1-9761-2a7743d67f96 None None] Registered counter for database nova_api
May 04 07:50:53.751403 np0000171538 devstack@n-api.service[100855]: DEBUG oslo_db.sqlalchemy.engines [None req-92560327-9664-4a37-b5c5-8928bc8aed6b None None] MySQL server mode set to STRICT_TRANS_TABLES,STRICT_ALL_TABLES,NO_ZERO_IN_DATE,NO_ZERO_DATE,ERROR_FOR_DIVISION_BY_ZERO,TRADITIONAL,NO_ENGINE_SUBSTITUTION {{(pid=100855) _check_effective_sql_mode /opt/stack/data/venv/lib/python3.12/site-packages/oslo_db/sqlalchemy/engines.py:325}}
May 04 07:50:53.766273 np0000171538 devstack@n-api.service[100856]: DEBUG oslo_db.sqlalchemy.engines [None req-f5fe0b0f-6d2b-4be1-9761-2a7743d67f96 None None] MySQL server mode set to STRICT_TRANS_TABLES,STRICT_ALL_TABLES,NO_ZERO_IN_DATE,NO_ZERO_DATE,ERROR_FOR_DIVISION_BY_ZERO,TRADITIONAL,NO_ENGINE_SUBSTITUTION {{(pid=100856) _check_effective_sql_mode /opt/stack/data/venv/lib/python3.12/site-packages/oslo_db/sqlalchemy/engines.py:325}}
May 04 07:50:53.798072 np0000171538 devstack@n-api.service[100855]: DEBUG dbcounter [-] [100855] Writer thread running {{(pid=100855) stat_writer /opt/stack/data/venv/lib/python3.12/site-packages/dbcounter.py:102}}
May 04 07:50:53.801129 np0000171538 devstack@n-api.service[100855]: DEBUG nova.context [None req-92560327-9664-4a37-b5c5-8928bc8aed6b None None] Found 2 cells: 00000000-0000-0000-0000-000000000000(cell0),17687810-71de-40ee-9a5e-1a1d3041e217(cell1) {{(pid=100855) load_cells /opt/stack/nova/nova/context.py:509}}
May 04 07:50:53.801407 np0000171538 devstack@n-api.service[100855]: INFO nova.utils [None req-92560327-9664-4a37-b5c5-8928bc8aed6b None None] The cell worker thread pool MainProcess.cell_worker is initialized
May 04 07:50:53.803111 np0000171538 devstack@n-api.service[100856]: DEBUG dbcounter [-] [100856] Writer thread running {{(pid=100856) stat_writer /opt/stack/data/venv/lib/python3.12/site-packages/dbcounter.py:102}}
May 04 07:50:53.803208 np0000171538 devstack@n-api.service[100855]: DEBUG oslo_concurrency.lockutils [None req-92560327-9664-4a37-b5c5-8928bc8aed6b None None] Acquiring lock "00000000-0000-0000-0000-000000000000" by "nova.context.set_target_cell..get_or_set_cached_cell_and_set_connections" {{(pid=100855) inner /opt/stack/data/venv/lib/python3.12/site-packages/oslo_concurrency/lockutils.py:506}}
May 04 07:50:53.803421 np0000171538 devstack@n-api.service[100855]: DEBUG oslo_concurrency.lockutils [None req-92560327-9664-4a37-b5c5-8928bc8aed6b None None] Lock "00000000-0000-0000-0000-000000000000" acquired by "nova.context.set_target_cell..get_or_set_cached_cell_and_set_connections" :: waited 0.000s {{(pid=100855) inner /opt/stack/data/venv/lib/python3.12/site-packages/oslo_concurrency/lockutils.py:519}}
May 04 07:50:53.803753 np0000171538 devstack@n-api.service[100857]: INFO dbcounter [None req-61e85c9b-fe42-475e-be2f-cb31fc62b3cd None None] Registered counter for database nova_api
May 04 07:50:53.804363 np0000171538 devstack@n-api.service[100855]: DEBUG oslo_concurrency.lockutils [None req-92560327-9664-4a37-b5c5-8928bc8aed6b None None] Lock "00000000-0000-0000-0000-000000000000" "released" by "nova.context.set_target_cell..get_or_set_cached_cell_and_set_connections" :: held 0.000s {{(pid=100855) inner /opt/stack/data/venv/lib/python3.12/site-packages/oslo_concurrency/lockutils.py:538}}
May 04 07:50:53.804517 np0000171538 devstack@n-api.service[100855]: DEBUG oslo_concurrency.lockutils [None req-92560327-9664-4a37-b5c5-8928bc8aed6b None None] Acquiring lock "17687810-71de-40ee-9a5e-1a1d3041e217" by "nova.context.set_target_cell..get_or_set_cached_cell_and_set_connections" {{(pid=100855) inner /opt/stack/data/venv/lib/python3.12/site-packages/oslo_concurrency/lockutils.py:506}}
May 04 07:50:53.804648 np0000171538 devstack@n-api.service[100855]: DEBUG oslo_concurrency.lockutils [None req-92560327-9664-4a37-b5c5-8928bc8aed6b None None] Lock "17687810-71de-40ee-9a5e-1a1d3041e217" acquired by "nova.context.set_target_cell..get_or_set_cached_cell_and_set_connections" :: waited 0.000s {{(pid=100855) inner /opt/stack/data/venv/lib/python3.12/site-packages/oslo_concurrency/lockutils.py:519}}
May 04 07:50:53.805467 np0000171538 devstack@n-api.service[100855]: DEBUG oslo_concurrency.lockutils [None req-92560327-9664-4a37-b5c5-8928bc8aed6b None None] Lock "17687810-71de-40ee-9a5e-1a1d3041e217" "released" by "nova.context.set_target_cell..get_or_set_cached_cell_and_set_connections" :: held 0.001s {{(pid=100855) inner /opt/stack/data/venv/lib/python3.12/site-packages/oslo_concurrency/lockutils.py:538}}
May 04 07:50:53.805639 np0000171538 devstack@n-api.service[100856]: DEBUG nova.context [None req-f5fe0b0f-6d2b-4be1-9761-2a7743d67f96 None None] Found 2 cells: 00000000-0000-0000-0000-000000000000(cell0),17687810-71de-40ee-9a5e-1a1d3041e217(cell1) {{(pid=100856) load_cells /opt/stack/nova/nova/context.py:509}}
May 04 07:50:53.805737 np0000171538 devstack@n-api.service[100856]: INFO nova.utils [None req-f5fe0b0f-6d2b-4be1-9761-2a7743d67f96 None None] The cell worker thread pool MainProcess.cell_worker is initialized
May 04 07:50:53.807521 np0000171538 devstack@n-api.service[100856]: DEBUG oslo_concurrency.lockutils [None req-f5fe0b0f-6d2b-4be1-9761-2a7743d67f96 None None] Acquiring lock "00000000-0000-0000-0000-000000000000" by "nova.context.set_target_cell..get_or_set_cached_cell_and_set_connections" {{(pid=100856) inner /opt/stack/data/venv/lib/python3.12/site-packages/oslo_concurrency/lockutils.py:506}}
May 04 07:50:53.807727 np0000171538 devstack@n-api.service[100856]: DEBUG oslo_concurrency.lockutils [None req-f5fe0b0f-6d2b-4be1-9761-2a7743d67f96 None None] Lock "00000000-0000-0000-0000-000000000000" acquired by "nova.context.set_target_cell..get_or_set_cached_cell_and_set_connections" :: waited 0.000s {{(pid=100856) inner /opt/stack/data/venv/lib/python3.12/site-packages/oslo_concurrency/lockutils.py:519}}
May 04 07:50:53.808053 np0000171538 devstack@n-api.service[100856]: DEBUG oslo_concurrency.lockutils [None req-f5fe0b0f-6d2b-4be1-9761-2a7743d67f96 None None] Lock "00000000-0000-0000-0000-000000000000" "released" by "nova.context.set_target_cell..get_or_set_cached_cell_and_set_connections" :: held 0.000s {{(pid=100856) inner /opt/stack/data/venv/lib/python3.12/site-packages/oslo_concurrency/lockutils.py:538}}
May 04 07:50:53.809122 np0000171538 devstack@n-api.service[100855]: INFO dbcounter [None req-92560327-9664-4a37-b5c5-8928bc8aed6b None None] Registered counter for database nova_cell0
May 04 07:50:53.809202 np0000171538 devstack@n-api.service[100856]: DEBUG oslo_concurrency.lockutils [None req-f5fe0b0f-6d2b-4be1-9761-2a7743d67f96 None None] Acquiring lock "17687810-71de-40ee-9a5e-1a1d3041e217" by "nova.context.set_target_cell..get_or_set_cached_cell_and_set_connections" {{(pid=100856) inner /opt/stack/data/venv/lib/python3.12/site-packages/oslo_concurrency/lockutils.py:506}}
May 04 07:50:53.809202 np0000171538 devstack@n-api.service[100856]: DEBUG oslo_concurrency.lockutils [None req-f5fe0b0f-6d2b-4be1-9761-2a7743d67f96 None None] Lock "17687810-71de-40ee-9a5e-1a1d3041e217" acquired by "nova.context.set_target_cell..get_or_set_cached_cell_and_set_connections" :: waited 0.000s {{(pid=100856) inner /opt/stack/data/venv/lib/python3.12/site-packages/oslo_concurrency/lockutils.py:519}}
May 04 07:50:53.809674 np0000171538 devstack@n-api.service[100856]: DEBUG oslo_concurrency.lockutils [None req-f5fe0b0f-6d2b-4be1-9761-2a7743d67f96 None None] Lock "17687810-71de-40ee-9a5e-1a1d3041e217" "released" by "nova.context.set_target_cell..get_or_set_cached_cell_and_set_connections" :: held 0.001s {{(pid=100856) inner /opt/stack/data/venv/lib/python3.12/site-packages/oslo_concurrency/lockutils.py:538}}
May 04 07:50:53.812048 np0000171538 devstack@n-api.service[100856]: INFO dbcounter [None req-f5fe0b0f-6d2b-4be1-9761-2a7743d67f96 None None] Registered counter for database nova_cell0
May 04 07:50:53.815832 np0000171538 devstack@n-api.service[100855]: INFO dbcounter [None req-92560327-9664-4a37-b5c5-8928bc8aed6b None None] Registered counter for database nova_cell1
May 04 07:50:53.816786 np0000171538 devstack@n-api.service[100857]: DEBUG oslo_db.sqlalchemy.engines [None req-61e85c9b-fe42-475e-be2f-cb31fc62b3cd None None] MySQL server mode set to STRICT_TRANS_TABLES,STRICT_ALL_TABLES,NO_ZERO_IN_DATE,NO_ZERO_DATE,ERROR_FOR_DIVISION_BY_ZERO,TRADITIONAL,NO_ENGINE_SUBSTITUTION {{(pid=100857) _check_effective_sql_mode /opt/stack/data/venv/lib/python3.12/site-packages/oslo_db/sqlalchemy/engines.py:325}}
May 04 07:50:53.817098 np0000171538 devstack@n-api.service[100856]: INFO dbcounter [None req-f5fe0b0f-6d2b-4be1-9761-2a7743d67f96 None None] Registered counter for database nova_cell1
May 04 07:50:53.828936 np0000171538 devstack@n-api.service[100855]: DEBUG oslo_db.sqlalchemy.engines [None req-92560327-9664-4a37-b5c5-8928bc8aed6b None None] MySQL server mode set to STRICT_TRANS_TABLES,STRICT_ALL_TABLES,NO_ZERO_IN_DATE,NO_ZERO_DATE,ERROR_FOR_DIVISION_BY_ZERO,TRADITIONAL,NO_ENGINE_SUBSTITUTION {{(pid=100855) _check_effective_sql_mode /opt/stack/data/venv/lib/python3.12/site-packages/oslo_db/sqlalchemy/engines.py:325}}
May 04 07:50:53.830093 np0000171538 devstack@n-api.service[100858]: DEBUG dbcounter [-] [100858] Writer thread running {{(pid=100858) stat_writer /opt/stack/data/venv/lib/python3.12/site-packages/dbcounter.py:102}}
May 04 07:50:53.830521 np0000171538 devstack@n-api.service[100858]: DEBUG dbcounter [-] [100858] Writer thread running {{(pid=100858) stat_writer /opt/stack/data/venv/lib/python3.12/site-packages/dbcounter.py:102}}
May 04 07:50:53.831049 np0000171538 devstack@n-api.service[100856]: DEBUG oslo_db.sqlalchemy.engines [None req-f5fe0b0f-6d2b-4be1-9761-2a7743d67f96 None None] MySQL server mode set to STRICT_TRANS_TABLES,STRICT_ALL_TABLES,NO_ZERO_IN_DATE,NO_ZERO_DATE,ERROR_FOR_DIVISION_BY_ZERO,TRADITIONAL,NO_ENGINE_SUBSTITUTION {{(pid=100856) _check_effective_sql_mode /opt/stack/data/venv/lib/python3.12/site-packages/oslo_db/sqlalchemy/engines.py:325}}
May 04 07:50:53.837812 np0000171538 devstack@n-api.service[100856]: DEBUG oslo_db.sqlalchemy.engines [None req-f5fe0b0f-6d2b-4be1-9761-2a7743d67f96 None None] MySQL server mode set to STRICT_TRANS_TABLES,STRICT_ALL_TABLES,NO_ZERO_IN_DATE,NO_ZERO_DATE,ERROR_FOR_DIVISION_BY_ZERO,TRADITIONAL,NO_ENGINE_SUBSTITUTION {{(pid=100856) _check_effective_sql_mode /opt/stack/data/venv/lib/python3.12/site-packages/oslo_db/sqlalchemy/engines.py:325}}
May 04 07:50:53.838110 np0000171538 devstack@n-api.service[100858]: INFO dbcounter [None req-42105f42-400d-45f4-82c7-126c3e3a961d None None] Registered counter for database nova_cell0
May 04 07:50:53.847307 np0000171538 devstack@n-api.service[100855]: DEBUG oslo_db.sqlalchemy.engines [None req-92560327-9664-4a37-b5c5-8928bc8aed6b None None] MySQL server mode set to STRICT_TRANS_TABLES,STRICT_ALL_TABLES,NO_ZERO_IN_DATE,NO_ZERO_DATE,ERROR_FOR_DIVISION_BY_ZERO,TRADITIONAL,NO_ENGINE_SUBSTITUTION {{(pid=100855) _check_effective_sql_mode /opt/stack/data/venv/lib/python3.12/site-packages/oslo_db/sqlalchemy/engines.py:325}}
May 04 07:50:53.847894 np0000171538 devstack@n-api.service[100858]: DEBUG oslo_db.sqlalchemy.engines [None req-42105f42-400d-45f4-82c7-126c3e3a961d None None] MySQL server mode set to STRICT_TRANS_TABLES,STRICT_ALL_TABLES,NO_ZERO_IN_DATE,NO_ZERO_DATE,ERROR_FOR_DIVISION_BY_ZERO,TRADITIONAL,NO_ENGINE_SUBSTITUTION {{(pid=100858) _check_effective_sql_mode /opt/stack/data/venv/lib/python3.12/site-packages/oslo_db/sqlalchemy/engines.py:325}}
May 04 07:50:53.853684 np0000171538 devstack@n-api.service[100857]: DEBUG dbcounter [-] [100857] Writer thread running {{(pid=100857) stat_writer /opt/stack/data/venv/lib/python3.12/site-packages/dbcounter.py:102}}
May 04 07:50:53.855254 np0000171538 devstack@n-api.service[100858]: DEBUG dbcounter [-] [100858] Writer thread running {{(pid=100858) stat_writer /opt/stack/data/venv/lib/python3.12/site-packages/dbcounter.py:102}}
May 04 07:50:53.856123 np0000171538 devstack@n-api.service[100857]: DEBUG nova.context [None req-61e85c9b-fe42-475e-be2f-cb31fc62b3cd None None] Found 2 cells: 00000000-0000-0000-0000-000000000000(cell0),17687810-71de-40ee-9a5e-1a1d3041e217(cell1) {{(pid=100857) load_cells /opt/stack/nova/nova/context.py:509}}
May 04 07:50:53.856344 np0000171538 devstack@n-api.service[100857]: INFO nova.utils [None req-61e85c9b-fe42-475e-be2f-cb31fc62b3cd None None] The cell worker thread pool MainProcess.cell_worker is initialized
May 04 07:50:53.858192 np0000171538 devstack@n-api.service[100857]: DEBUG oslo_concurrency.lockutils [None req-61e85c9b-fe42-475e-be2f-cb31fc62b3cd None None] Acquiring lock "00000000-0000-0000-0000-000000000000" by "nova.context.set_target_cell..get_or_set_cached_cell_and_set_connections" {{(pid=100857) inner /opt/stack/data/venv/lib/python3.12/site-packages/oslo_concurrency/lockutils.py:506}}
May 04 07:50:53.858333 np0000171538 devstack@n-api.service[100857]: DEBUG oslo_concurrency.lockutils [None req-61e85c9b-fe42-475e-be2f-cb31fc62b3cd None None] Lock "00000000-0000-0000-0000-000000000000" acquired by "nova.context.set_target_cell..get_or_set_cached_cell_and_set_connections" :: waited 0.000s {{(pid=100857) inner /opt/stack/data/venv/lib/python3.12/site-packages/oslo_concurrency/lockutils.py:519}}
May 04 07:50:53.858691 np0000171538 devstack@n-api.service[100857]: DEBUG oslo_concurrency.lockutils [None req-61e85c9b-fe42-475e-be2f-cb31fc62b3cd None None] Lock "00000000-0000-0000-0000-000000000000" "released" by "nova.context.set_target_cell..get_or_set_cached_cell_and_set_connections" :: held 0.000s {{(pid=100857) inner /opt/stack/data/venv/lib/python3.12/site-packages/oslo_concurrency/lockutils.py:538}}
May 04 07:50:53.859518 np0000171538 devstack@n-api.service[100857]: DEBUG oslo_concurrency.lockutils [None req-61e85c9b-fe42-475e-be2f-cb31fc62b3cd None None] Acquiring lock "17687810-71de-40ee-9a5e-1a1d3041e217" by "nova.context.set_target_cell..get_or_set_cached_cell_and_set_connections" {{(pid=100857) inner /opt/stack/data/venv/lib/python3.12/site-packages/oslo_concurrency/lockutils.py:506}}
May 04 07:50:53.859661 np0000171538 devstack@n-api.service[100857]: DEBUG oslo_concurrency.lockutils [None req-61e85c9b-fe42-475e-be2f-cb31fc62b3cd None None] Lock "17687810-71de-40ee-9a5e-1a1d3041e217" acquired by "nova.context.set_target_cell..get_or_set_cached_cell_and_set_connections" :: waited 0.000s {{(pid=100857) inner /opt/stack/data/venv/lib/python3.12/site-packages/oslo_concurrency/lockutils.py:519}}
May 04 07:50:53.860490 np0000171538 devstack@n-api.service[100857]: DEBUG oslo_concurrency.lockutils [None req-61e85c9b-fe42-475e-be2f-cb31fc62b3cd None None] Lock "17687810-71de-40ee-9a5e-1a1d3041e217" "released" by "nova.context.set_target_cell..get_or_set_cached_cell_and_set_connections" :: held 0.001s {{(pid=100857) inner /opt/stack/data/venv/lib/python3.12/site-packages/oslo_concurrency/lockutils.py:538}}
May 04 07:50:53.863940 np0000171538 devstack@n-api.service[100857]: INFO dbcounter [None req-61e85c9b-fe42-475e-be2f-cb31fc62b3cd None None] Registered counter for database nova_cell0
May 04 07:50:53.870138 np0000171538 devstack@n-api.service[100857]: INFO dbcounter [None req-61e85c9b-fe42-475e-be2f-cb31fc62b3cd None None] Registered counter for database nova_cell1
May 04 07:50:53.878765 np0000171538 devstack@n-api.service[100857]: DEBUG oslo_db.sqlalchemy.engines [None req-61e85c9b-fe42-475e-be2f-cb31fc62b3cd None None] MySQL server mode set to STRICT_TRANS_TABLES,STRICT_ALL_TABLES,NO_ZERO_IN_DATE,NO_ZERO_DATE,ERROR_FOR_DIVISION_BY_ZERO,TRADITIONAL,NO_ENGINE_SUBSTITUTION {{(pid=100857) _check_effective_sql_mode /opt/stack/data/venv/lib/python3.12/site-packages/oslo_db/sqlalchemy/engines.py:325}}
May 04 07:50:53.884293 np0000171538 devstack@n-api.service[100857]: DEBUG oslo_db.sqlalchemy.engines [None req-61e85c9b-fe42-475e-be2f-cb31fc62b3cd None None] MySQL server mode set to STRICT_TRANS_TABLES,STRICT_ALL_TABLES,NO_ZERO_IN_DATE,NO_ZERO_DATE,ERROR_FOR_DIVISION_BY_ZERO,TRADITIONAL,NO_ENGINE_SUBSTITUTION {{(pid=100857) _check_effective_sql_mode /opt/stack/data/venv/lib/python3.12/site-packages/oslo_db/sqlalchemy/engines.py:325}}
May 04 07:50:53.928702 np0000171538 devstack@n-api.service[100855]: DEBUG dbcounter [-] [100855] Writer thread running {{(pid=100855) stat_writer /opt/stack/data/venv/lib/python3.12/site-packages/dbcounter.py:102}}
May 04 07:50:53.934428 np0000171538 devstack@n-api.service[100855]: DEBUG dbcounter [-] [100855] Writer thread running {{(pid=100855) stat_writer /opt/stack/data/venv/lib/python3.12/site-packages/dbcounter.py:102}}
May 04 07:50:53.942932 np0000171538 devstack@n-api.service[100856]: DEBUG dbcounter [-] [100856] Writer thread running {{(pid=100856) stat_writer /opt/stack/data/venv/lib/python3.12/site-packages/dbcounter.py:102}}
May 04 07:50:53.946370 np0000171538 devstack@n-api.service[100856]: DEBUG dbcounter [-] [100856] Writer thread running {{(pid=100856) stat_writer /opt/stack/data/venv/lib/python3.12/site-packages/dbcounter.py:102}}
May 04 07:50:53.968868 np0000171538 devstack@n-api.service[100857]: DEBUG dbcounter [-] [100857] Writer thread running {{(pid=100857) stat_writer /opt/stack/data/venv/lib/python3.12/site-packages/dbcounter.py:102}}
May 04 07:50:53.974770 np0000171538 devstack@n-api.service[100857]: DEBUG dbcounter [-] [100857] Writer thread running {{(pid=100857) stat_writer /opt/stack/data/venv/lib/python3.12/site-packages/dbcounter.py:102}}
May 04 07:50:53.990721 np0000171538 devstack@n-api.service[100855]: INFO dbcounter [None req-92560327-9664-4a37-b5c5-8928bc8aed6b None None] Registered counter for database nova_cell0
May 04 07:50:53.992524 np0000171538 devstack@n-api.service[100856]: INFO dbcounter [None req-f5fe0b0f-6d2b-4be1-9761-2a7743d67f96 None None] Registered counter for database nova_cell0
May 04 07:50:53.992756 np0000171538 devstack@n-api.service[100857]: INFO dbcounter [None req-61e85c9b-fe42-475e-be2f-cb31fc62b3cd None None] Registered counter for database nova_cell0
May 04 07:50:54.001965 np0000171538 devstack@n-api.service[100855]: DEBUG oslo_db.sqlalchemy.engines [None req-92560327-9664-4a37-b5c5-8928bc8aed6b None None] MySQL server mode set to STRICT_TRANS_TABLES,STRICT_ALL_TABLES,NO_ZERO_IN_DATE,NO_ZERO_DATE,ERROR_FOR_DIVISION_BY_ZERO,TRADITIONAL,NO_ENGINE_SUBSTITUTION {{(pid=100855) _check_effective_sql_mode /opt/stack/data/venv/lib/python3.12/site-packages/oslo_db/sqlalchemy/engines.py:325}}
May 04 07:50:54.004610 np0000171538 devstack@n-api.service[100857]: DEBUG oslo_db.sqlalchemy.engines [None req-61e85c9b-fe42-475e-be2f-cb31fc62b3cd None None] MySQL server mode set to STRICT_TRANS_TABLES,STRICT_ALL_TABLES,NO_ZERO_IN_DATE,NO_ZERO_DATE,ERROR_FOR_DIVISION_BY_ZERO,TRADITIONAL,NO_ENGINE_SUBSTITUTION {{(pid=100857) _check_effective_sql_mode /opt/stack/data/venv/lib/python3.12/site-packages/oslo_db/sqlalchemy/engines.py:325}}
May 04 07:50:54.011251 np0000171538 devstack@n-api.service[100856]: DEBUG oslo_db.sqlalchemy.engines [None req-f5fe0b0f-6d2b-4be1-9761-2a7743d67f96 None None] MySQL server mode set to STRICT_TRANS_TABLES,STRICT_ALL_TABLES,NO_ZERO_IN_DATE,NO_ZERO_DATE,ERROR_FOR_DIVISION_BY_ZERO,TRADITIONAL,NO_ENGINE_SUBSTITUTION {{(pid=100856) _check_effective_sql_mode /opt/stack/data/venv/lib/python3.12/site-packages/oslo_db/sqlalchemy/engines.py:325}}
May 04 07:50:54.013932 np0000171538 devstack@n-api.service[100855]: DEBUG dbcounter [-] [100855] Writer thread running {{(pid=100855) stat_writer /opt/stack/data/venv/lib/python3.12/site-packages/dbcounter.py:102}}
May 04 07:50:54.015584 np0000171538 devstack@n-api.service[100857]: DEBUG dbcounter [-] [100857] Writer thread running {{(pid=100857) stat_writer /opt/stack/data/venv/lib/python3.12/site-packages/dbcounter.py:102}}
May 04 07:50:54.022051 np0000171538 devstack@n-api.service[100856]: DEBUG dbcounter [-] [100856] Writer thread running {{(pid=100856) stat_writer /opt/stack/data/venv/lib/python3.12/site-packages/dbcounter.py:102}}
May 04 07:50:54.321963 np0000171538 devstack@n-api.service[100858]: DEBUG oslo_concurrency.processutils [None req-42105f42-400d-45f4-82c7-126c3e3a961d None None] Running cmd (subprocess): grep -F node.session.scan /sbin/iscsiadm {{(pid=100858) execute /opt/stack/data/venv/lib/python3.12/site-packages/oslo_concurrency/processutils.py:440}}
May 04 07:50:54.340378 np0000171538 devstack@n-api.service[100858]: DEBUG oslo_concurrency.processutils [None req-42105f42-400d-45f4-82c7-126c3e3a961d None None] CMD "grep -F node.session.scan /sbin/iscsiadm" returned: 0 in 0.018s {{(pid=100858) execute /opt/stack/data/venv/lib/python3.12/site-packages/oslo_concurrency/processutils.py:468}}
May 04 07:50:54.454824 np0000171538 devstack@n-api.service[100857]: DEBUG oslo_concurrency.processutils [None req-61e85c9b-fe42-475e-be2f-cb31fc62b3cd None None] Running cmd (subprocess): grep -F node.session.scan /sbin/iscsiadm {{(pid=100857) execute /opt/stack/data/venv/lib/python3.12/site-packages/oslo_concurrency/processutils.py:440}}
May 04 07:50:54.471792 np0000171538 devstack@n-api.service[100855]: DEBUG oslo_concurrency.processutils [None req-92560327-9664-4a37-b5c5-8928bc8aed6b None None] Running cmd (subprocess): grep -F node.session.scan /sbin/iscsiadm {{(pid=100855) execute /opt/stack/data/venv/lib/python3.12/site-packages/oslo_concurrency/processutils.py:440}}
May 04 07:50:54.473864 np0000171538 devstack@n-api.service[100857]: DEBUG oslo_concurrency.processutils [None req-61e85c9b-fe42-475e-be2f-cb31fc62b3cd None None] CMD "grep -F node.session.scan /sbin/iscsiadm" returned: 0 in 0.019s {{(pid=100857) execute /opt/stack/data/venv/lib/python3.12/site-packages/oslo_concurrency/processutils.py:468}}
May 04 07:50:54.488393 np0000171538 devstack@n-api.service[100855]: DEBUG oslo_concurrency.processutils [None req-92560327-9664-4a37-b5c5-8928bc8aed6b None None] CMD "grep -F node.session.scan /sbin/iscsiadm" returned: 0 in 0.017s {{(pid=100855) execute /opt/stack/data/venv/lib/python3.12/site-packages/oslo_concurrency/processutils.py:468}}
May 04 07:50:54.514127 np0000171538 devstack@n-api.service[100856]: DEBUG oslo_concurrency.processutils [None req-f5fe0b0f-6d2b-4be1-9761-2a7743d67f96 None None] Running cmd (subprocess): grep -F node.session.scan /sbin/iscsiadm {{(pid=100856) execute /opt/stack/data/venv/lib/python3.12/site-packages/oslo_concurrency/processutils.py:440}}
May 04 07:50:54.534477 np0000171538 devstack@n-api.service[100856]: DEBUG oslo_concurrency.processutils [None req-f5fe0b0f-6d2b-4be1-9761-2a7743d67f96 None None] CMD "grep -F node.session.scan /sbin/iscsiadm" returned: 0 in 0.020s {{(pid=100856) execute /opt/stack/data/venv/lib/python3.12/site-packages/oslo_concurrency/processutils.py:468}}
May 04 07:50:54.745137 np0000171538 devstack@n-api.service[100858]: WARNING keystonemiddleware.auth_token [None req-42105f42-400d-45f4-82c7-126c3e3a961d None None] AuthToken middleware is set with keystone_authtoken.service_token_roles_required set to False. This is backwards compatible but deprecated behaviour. Please set this to True.
May 04 07:50:54.746059 np0000171538 devstack@n-api.service[100855]: WARNING keystonemiddleware.auth_token [None req-92560327-9664-4a37-b5c5-8928bc8aed6b None None] AuthToken middleware is set with keystone_authtoken.service_token_roles_required set to False. This is backwards compatible but deprecated behaviour. Please set this to True.
May 04 07:50:54.748571 np0000171538 devstack@n-api.service[100857]: WARNING keystonemiddleware.auth_token [None req-61e85c9b-fe42-475e-be2f-cb31fc62b3cd None None] AuthToken middleware is set with keystone_authtoken.service_token_roles_required set to False. This is backwards compatible but deprecated behaviour. Please set this to True.
May 04 07:50:54.782854 np0000171538 devstack@n-api.service[100856]: WARNING keystonemiddleware.auth_token [None req-f5fe0b0f-6d2b-4be1-9761-2a7743d67f96 None None] AuthToken middleware is set with keystone_authtoken.service_token_roles_required set to False. This is backwards compatible but deprecated behaviour. Please set this to True.
May 04 07:50:54.923482 np0000171538 devstack@n-api.service[100858]: WARNING keystonemiddleware.auth_token [None req-42105f42-400d-45f4-82c7-126c3e3a961d None None] AuthToken middleware is set with keystone_authtoken.service_token_roles_required set to False. This is backwards compatible but deprecated behaviour. Please set this to True.
May 04 07:50:54.928511 np0000171538 devstack@n-api.service[100858]: DEBUG nova.api.openstack.wsgi_app [None req-42105f42-400d-45f4-82c7-126c3e3a961d None None] ******************************************************************************** {{(pid=100858) log_opt_values /opt/stack/data/venv/lib/python3.12/site-packages/oslo_config/cfg.py:2979}}
May 04 07:50:54.928768 np0000171538 devstack@n-api.service[100858]: DEBUG nova.api.openstack.wsgi_app [None req-42105f42-400d-45f4-82c7-126c3e3a961d None None] Configuration options gathered from: {{(pid=100858) log_opt_values /opt/stack/data/venv/lib/python3.12/site-packages/oslo_config/cfg.py:2980}}
May 04 07:50:54.929043 np0000171538 devstack@n-api.service[100858]: DEBUG nova.api.openstack.wsgi_app [None req-42105f42-400d-45f4-82c7-126c3e3a961d None None] command line args: [] {{(pid=100858) log_opt_values /opt/stack/data/venv/lib/python3.12/site-packages/oslo_config/cfg.py:2981}}
May 04 07:50:54.929228 np0000171538 devstack@n-api.service[100858]: DEBUG nova.api.openstack.wsgi_app [None req-42105f42-400d-45f4-82c7-126c3e3a961d None None] config files: ['/etc/nova/api-paste.ini', '/etc/nova/nova.conf'] {{(pid=100858) log_opt_values /opt/stack/data/venv/lib/python3.12/site-packages/oslo_config/cfg.py:2982}}
May 04 07:50:54.929373 np0000171538 devstack@n-api.service[100858]: DEBUG nova.api.openstack.wsgi_app [None req-42105f42-400d-45f4-82c7-126c3e3a961d None None] ================================================================================ {{(pid=100858) log_opt_values /opt/stack/data/venv/lib/python3.12/site-packages/oslo_config/cfg.py:2987}}
May 04 07:50:54.929500 np0000171538 devstack@n-api.service[100858]: DEBUG nova.api.openstack.wsgi_app [None req-42105f42-400d-45f4-82c7-126c3e3a961d None None] allow_resize_to_same_host = True {{(pid=100858) log_opt_values /opt/stack/data/venv/lib/python3.12/site-packages/oslo_config/cfg.py:2995}}
May 04 07:50:54.929620 np0000171538 devstack@n-api.service[100858]: DEBUG nova.api.openstack.wsgi_app [None req-42105f42-400d-45f4-82c7-126c3e3a961d None None] arq_binding_timeout = 300 {{(pid=100858) log_opt_values /opt/stack/data/venv/lib/python3.12/site-packages/oslo_config/cfg.py:2995}}
May 04 07:50:54.929754 np0000171538 devstack@n-api.service[100858]: DEBUG nova.api.openstack.wsgi_app [None req-42105f42-400d-45f4-82c7-126c3e3a961d None None] block_device_allocate_retries = 60 {{(pid=100858) log_opt_values /opt/stack/data/venv/lib/python3.12/site-packages/oslo_config/cfg.py:2995}}
May 04 07:50:54.929865 np0000171538 devstack@n-api.service[100858]: DEBUG nova.api.openstack.wsgi_app [None req-42105f42-400d-45f4-82c7-126c3e3a961d None None] block_device_allocate_retries_interval = 3 {{(pid=100858) log_opt_values /opt/stack/data/venv/lib/python3.12/site-packages/oslo_config/cfg.py:2995}}
May 04 07:50:54.930009 np0000171538 devstack@n-api.service[100858]: DEBUG nova.api.openstack.wsgi_app [None req-42105f42-400d-45f4-82c7-126c3e3a961d None None] cell_worker_thread_pool_size = 5 {{(pid=100858) log_opt_values /opt/stack/data/venv/lib/python3.12/site-packages/oslo_config/cfg.py:2995}}
May 04 07:50:54.930127 np0000171538 devstack@n-api.service[100858]: DEBUG nova.api.openstack.wsgi_app [None req-42105f42-400d-45f4-82c7-126c3e3a961d None None] cert = self.pem {{(pid=100858) log_opt_values /opt/stack/data/venv/lib/python3.12/site-packages/oslo_config/cfg.py:2995}}
May 04 07:50:54.930240 np0000171538 devstack@n-api.service[100858]: DEBUG nova.api.openstack.wsgi_app [None req-42105f42-400d-45f4-82c7-126c3e3a961d None None] compute_driver = libvirt.LibvirtDriver {{(pid=100858) log_opt_values /opt/stack/data/venv/lib/python3.12/site-packages/oslo_config/cfg.py:2995}}
May 04 07:50:54.930360 np0000171538 devstack@n-api.service[100858]: DEBUG nova.api.openstack.wsgi_app [None req-42105f42-400d-45f4-82c7-126c3e3a961d None None] compute_monitors = [] {{(pid=100858) log_opt_values /opt/stack/data/venv/lib/python3.12/site-packages/oslo_config/cfg.py:2995}}
May 04 07:50:54.930468 np0000171538 devstack@n-api.service[100858]: DEBUG nova.api.openstack.wsgi_app [None req-42105f42-400d-45f4-82c7-126c3e3a961d None None] config_dir = [] {{(pid=100858) log_opt_values /opt/stack/data/venv/lib/python3.12/site-packages/oslo_config/cfg.py:2995}}
May 04 07:50:54.930588 np0000171538 devstack@n-api.service[100855]: WARNING keystonemiddleware.auth_token [None req-92560327-9664-4a37-b5c5-8928bc8aed6b None None] AuthToken middleware is set with keystone_authtoken.service_token_roles_required set to False. This is backwards compatible but deprecated behaviour. Please set this to True.
May 04 07:50:54.930703 np0000171538 devstack@n-api.service[100858]: DEBUG nova.api.openstack.wsgi_app [None req-42105f42-400d-45f4-82c7-126c3e3a961d None None] config_drive_format = iso9660 {{(pid=100858) log_opt_values /opt/stack/data/venv/lib/python3.12/site-packages/oslo_config/cfg.py:2995}}
May 04 07:50:54.930703 np0000171538 devstack@n-api.service[100858]: DEBUG nova.api.openstack.wsgi_app [None req-42105f42-400d-45f4-82c7-126c3e3a961d None None] config_file = ['/etc/nova/api-paste.ini', '/etc/nova/nova.conf'] {{(pid=100858) log_opt_values /opt/stack/data/venv/lib/python3.12/site-packages/oslo_config/cfg.py:2995}}
May 04 07:50:54.931053 np0000171538 devstack@n-api.service[100858]: DEBUG nova.api.openstack.wsgi_app [None req-42105f42-400d-45f4-82c7-126c3e3a961d None None] config_source = [] {{(pid=100858) log_opt_values /opt/stack/data/venv/lib/python3.12/site-packages/oslo_config/cfg.py:2995}}
May 04 07:50:54.931053 np0000171538 devstack@n-api.service[100858]: DEBUG nova.api.openstack.wsgi_app [None req-42105f42-400d-45f4-82c7-126c3e3a961d None None] console_host = np0000171538 {{(pid=100858) log_opt_values /opt/stack/data/venv/lib/python3.12/site-packages/oslo_config/cfg.py:2995}}
May 04 07:50:54.931319 np0000171538 devstack@n-api.service[100858]: DEBUG nova.api.openstack.wsgi_app [None req-42105f42-400d-45f4-82c7-126c3e3a961d None None] control_exchange = nova {{(pid=100858) log_opt_values /opt/stack/data/venv/lib/python3.12/site-packages/oslo_config/cfg.py:2995}}
May 04 07:50:54.931319 np0000171538 devstack@n-api.service[100858]: DEBUG nova.api.openstack.wsgi_app [None req-42105f42-400d-45f4-82c7-126c3e3a961d None None] cpu_allocation_ratio = None {{(pid=100858) log_opt_values /opt/stack/data/venv/lib/python3.12/site-packages/oslo_config/cfg.py:2995}}
May 04 07:50:54.931566 np0000171538 devstack@n-api.service[100858]: DEBUG nova.api.openstack.wsgi_app [None req-42105f42-400d-45f4-82c7-126c3e3a961d None None] daemon = False {{(pid=100858) log_opt_values /opt/stack/data/venv/lib/python3.12/site-packages/oslo_config/cfg.py:2995}}
May 04 07:50:54.931566 np0000171538 devstack@n-api.service[100858]: DEBUG nova.api.openstack.wsgi_app [None req-42105f42-400d-45f4-82c7-126c3e3a961d None None] debug = True {{(pid=100858) log_opt_values /opt/stack/data/venv/lib/python3.12/site-packages/oslo_config/cfg.py:2995}}
May 04 07:50:54.931782 np0000171538 devstack@n-api.service[100858]: DEBUG nova.api.openstack.wsgi_app [None req-42105f42-400d-45f4-82c7-126c3e3a961d None None] default_access_ip_network_name = None {{(pid=100858) log_opt_values /opt/stack/data/venv/lib/python3.12/site-packages/oslo_config/cfg.py:2995}}
May 04 07:50:54.931782 np0000171538 devstack@n-api.service[100858]: DEBUG nova.api.openstack.wsgi_app [None req-42105f42-400d-45f4-82c7-126c3e3a961d None None] default_availability_zone = nova {{(pid=100858) log_opt_values /opt/stack/data/venv/lib/python3.12/site-packages/oslo_config/cfg.py:2995}}
May 04 07:50:54.932014 np0000171538 devstack@n-api.service[100858]: DEBUG nova.api.openstack.wsgi_app [None req-42105f42-400d-45f4-82c7-126c3e3a961d None None] default_ephemeral_format = ext4 {{(pid=100858) log_opt_values /opt/stack/data/venv/lib/python3.12/site-packages/oslo_config/cfg.py:2995}}
May 04 07:50:54.932014 np0000171538 devstack@n-api.service[100858]: DEBUG nova.api.openstack.wsgi_app [None req-42105f42-400d-45f4-82c7-126c3e3a961d None None] default_green_pool_size = 1000 {{(pid=100858) log_opt_values /opt/stack/data/venv/lib/python3.12/site-packages/oslo_config/cfg.py:2995}}
May 04 07:50:54.932234 np0000171538 devstack@n-api.service[100858]: DEBUG nova.api.openstack.wsgi_app [None req-42105f42-400d-45f4-82c7-126c3e3a961d None None] default_log_levels = ['amqp=WARN', 'boto=WARN', 'sqlalchemy=WARN', 'suds=INFO', 'oslo.messaging=INFO', 'oslo_messaging=INFO', 'iso8601=WARN', 'requests.packages.urllib3.connectionpool=WARN', 'urllib3.connectionpool=WARN', 'websocket=WARN', 'requests.packages.urllib3.util.retry=WARN', 'urllib3.util.retry=WARN', 'keystonemiddleware=WARN', 'routes.middleware=WARN', 'stevedore=WARN', 'taskflow=WARN', 'keystoneauth=WARN', 'oslo.cache=INFO', 'oslo_policy=INFO', 'dogpile.core.dogpile=INFO', 'glanceclient=WARN', 'oslo.privsep.daemon=INFO'] {{(pid=100858) log_opt_values /opt/stack/data/venv/lib/python3.12/site-packages/oslo_config/cfg.py:2995}}
May 04 07:50:54.932436 np0000171538 devstack@n-api.service[100858]: DEBUG nova.api.openstack.wsgi_app [None req-42105f42-400d-45f4-82c7-126c3e3a961d None None] default_schedule_zone = None {{(pid=100858) log_opt_values /opt/stack/data/venv/lib/python3.12/site-packages/oslo_config/cfg.py:2995}}
May 04 07:50:54.932507 np0000171538 devstack@n-api.service[100858]: DEBUG nova.api.openstack.wsgi_app [None req-42105f42-400d-45f4-82c7-126c3e3a961d None None] default_thread_pool_size = 10 {{(pid=100858) log_opt_values /opt/stack/data/venv/lib/python3.12/site-packages/oslo_config/cfg.py:2995}}
May 04 07:50:54.932587 np0000171538 devstack@n-api.service[100858]: DEBUG nova.api.openstack.wsgi_app [None req-42105f42-400d-45f4-82c7-126c3e3a961d None None] disk_allocation_ratio = None {{(pid=100858) log_opt_values /opt/stack/data/venv/lib/python3.12/site-packages/oslo_config/cfg.py:2995}}
May 04 07:50:54.932730 np0000171538 devstack@n-api.service[100858]: DEBUG nova.api.openstack.wsgi_app [None req-42105f42-400d-45f4-82c7-126c3e3a961d None None] enable_new_services = True {{(pid=100858) log_opt_values /opt/stack/data/venv/lib/python3.12/site-packages/oslo_config/cfg.py:2995}}
May 04 07:50:54.932850 np0000171538 devstack@n-api.service[100858]: DEBUG nova.api.openstack.wsgi_app [None req-42105f42-400d-45f4-82c7-126c3e3a961d None None] flat_injected = False {{(pid=100858) log_opt_values /opt/stack/data/venv/lib/python3.12/site-packages/oslo_config/cfg.py:2995}}
May 04 07:50:54.932979 np0000171538 devstack@n-api.service[100858]: DEBUG nova.api.openstack.wsgi_app [None req-42105f42-400d-45f4-82c7-126c3e3a961d None None] force_config_drive = False {{(pid=100858) log_opt_values /opt/stack/data/venv/lib/python3.12/site-packages/oslo_config/cfg.py:2995}}
May 04 07:50:54.933107 np0000171538 devstack@n-api.service[100858]: DEBUG nova.api.openstack.wsgi_app [None req-42105f42-400d-45f4-82c7-126c3e3a961d None None] force_raw_images = True {{(pid=100858) log_opt_values /opt/stack/data/venv/lib/python3.12/site-packages/oslo_config/cfg.py:2995}}
