Feb 26 00:46:04.185970 np0000157127 nova-scheduler[108387]: DEBUG cotyledon.oslo_config_glue [-] vnc.novncproxy_port = 6080 {{(pid=108387) log_opt_values /opt/stack/data/venv/lib/python3.12/site-packages/oslo_config/cfg.py:3006}}
Feb 26 00:46:04.185970 np0000157127 nova-scheduler[108387]: DEBUG cotyledon.oslo_config_glue [-] vnc.server_listen = 127.0.0.1 {{(pid=108387) log_opt_values /opt/stack/data/venv/lib/python3.12/site-packages/oslo_config/cfg.py:3006}}
Feb 26 00:46:04.185970 np0000157127 nova-scheduler[108387]: DEBUG cotyledon.oslo_config_glue [-] vnc.server_proxyclient_address = 127.0.0.1 {{(pid=108387) log_opt_values /opt/stack/data/venv/lib/python3.12/site-packages/oslo_config/cfg.py:3006}}
Feb 26 00:46:04.185970 np0000157127 nova-scheduler[108387]: DEBUG cotyledon.oslo_config_glue [-] vnc.vencrypt_ca_certs = None {{(pid=108387) log_opt_values /opt/stack/data/venv/lib/python3.12/site-packages/oslo_config/cfg.py:3006}}
Feb 26 00:46:04.185970 np0000157127 nova-scheduler[108387]: DEBUG cotyledon.oslo_config_glue [-] vnc.vencrypt_client_cert = None {{(pid=108387) log_opt_values /opt/stack/data/venv/lib/python3.12/site-packages/oslo_config/cfg.py:3006}}
Feb 26 00:46:04.186255 np0000157127 nova-scheduler[108387]: DEBUG cotyledon.oslo_config_glue [-] vnc.vencrypt_client_key = None {{(pid=108387) log_opt_values /opt/stack/data/venv/lib/python3.12/site-packages/oslo_config/cfg.py:3006}}
Feb 26 00:46:04.186255 np0000157127 nova-scheduler[108387]: DEBUG cotyledon.oslo_config_glue [-] workarounds.disable_compute_service_check_for_ffu = False {{(pid=108387) log_opt_values /opt/stack/data/venv/lib/python3.12/site-packages/oslo_config/cfg.py:3006}}
Feb 26 00:46:04.186255 np0000157127 nova-scheduler[108387]: DEBUG cotyledon.oslo_config_glue [-] workarounds.disable_deep_image_inspection = False {{(pid=108387) log_opt_values /opt/stack/data/venv/lib/python3.12/site-packages/oslo_config/cfg.py:3006}}
Feb 26 00:46:04.186255 np0000157127 nova-scheduler[108387]: DEBUG cotyledon.oslo_config_glue [-] workarounds.disable_fallback_pcpu_query = False {{(pid=108387) log_opt_values /opt/stack/data/venv/lib/python3.12/site-packages/oslo_config/cfg.py:3006}}
Feb 26 00:46:04.186255 np0000157127 nova-scheduler[108387]: DEBUG cotyledon.oslo_config_glue [-] workarounds.disable_group_policy_check_upcall = False {{(pid=108387) log_opt_values /opt/stack/data/venv/lib/python3.12/site-packages/oslo_config/cfg.py:3006}}
Feb 26 00:46:04.186255 np0000157127 nova-scheduler[108387]: DEBUG cotyledon.oslo_config_glue [-] workarounds.disable_libvirt_livesnapshot = False {{(pid=108387) log_opt_values /opt/stack/data/venv/lib/python3.12/site-packages/oslo_config/cfg.py:3006}}
Feb 26 00:46:04.186255 np0000157127 nova-scheduler[108387]: DEBUG cotyledon.oslo_config_glue [-] workarounds.disable_rootwrap = False {{(pid=108387) log_opt_values /opt/stack/data/venv/lib/python3.12/site-packages/oslo_config/cfg.py:3006}}
Feb 26 00:46:04.186255 np0000157127 nova-scheduler[108387]: DEBUG cotyledon.oslo_config_glue [-] workarounds.enable_numa_live_migration = False {{(pid=108387) log_opt_values /opt/stack/data/venv/lib/python3.12/site-packages/oslo_config/cfg.py:3006}}
Feb 26 00:46:04.186255 np0000157127 nova-scheduler[108387]: DEBUG cotyledon.oslo_config_glue [-] workarounds.enable_qemu_monitor_announce_self = False {{(pid=108387) log_opt_values /opt/stack/data/venv/lib/python3.12/site-packages/oslo_config/cfg.py:3006}}
Feb 26 00:46:04.186511 np0000157127 nova-scheduler[108387]: DEBUG cotyledon.oslo_config_glue [-] workarounds.ensure_libvirt_rbd_instance_dir_cleanup = False {{(pid=108387) log_opt_values /opt/stack/data/venv/lib/python3.12/site-packages/oslo_config/cfg.py:3006}}
Feb 26 00:46:04.186511 np0000157127 nova-scheduler[108387]: DEBUG cotyledon.oslo_config_glue [-] workarounds.handle_virt_lifecycle_events = True {{(pid=108387) log_opt_values /opt/stack/data/venv/lib/python3.12/site-packages/oslo_config/cfg.py:3006}}
Feb 26 00:46:04.186511 np0000157127 nova-scheduler[108387]: DEBUG cotyledon.oslo_config_glue [-] workarounds.libvirt_disable_apic = False {{(pid=108387) log_opt_values /opt/stack/data/venv/lib/python3.12/site-packages/oslo_config/cfg.py:3006}}
Feb 26 00:46:04.186511 np0000157127 nova-scheduler[108387]: DEBUG cotyledon.oslo_config_glue [-] workarounds.never_download_image_if_on_rbd = False {{(pid=108387) log_opt_values /opt/stack/data/venv/lib/python3.12/site-packages/oslo_config/cfg.py:3006}}
Feb 26 00:46:04.186511 np0000157127 nova-scheduler[108387]: DEBUG cotyledon.oslo_config_glue [-] workarounds.qemu_monitor_announce_self_count = 3 {{(pid=108387) log_opt_values /opt/stack/data/venv/lib/python3.12/site-packages/oslo_config/cfg.py:3006}}
Feb 26 00:46:04.186511 np0000157127 nova-scheduler[108387]: DEBUG cotyledon.oslo_config_glue [-] workarounds.qemu_monitor_announce_self_interval = 1 {{(pid=108387) log_opt_values /opt/stack/data/venv/lib/python3.12/site-packages/oslo_config/cfg.py:3006}}
Feb 26 00:46:04.186511 np0000157127 nova-scheduler[108387]: DEBUG cotyledon.oslo_config_glue [-] workarounds.reserve_disk_resource_for_image_cache = False {{(pid=108387) log_opt_values /opt/stack/data/venv/lib/python3.12/site-packages/oslo_config/cfg.py:3006}}
Feb 26 00:46:04.186511 np0000157127 nova-scheduler[108387]: DEBUG cotyledon.oslo_config_glue [-] workarounds.skip_cpu_compare_at_startup = False {{(pid=108387) log_opt_values /opt/stack/data/venv/lib/python3.12/site-packages/oslo_config/cfg.py:3006}}
Feb 26 00:46:04.186511 np0000157127 nova-scheduler[108387]: DEBUG cotyledon.oslo_config_glue [-] workarounds.skip_cpu_compare_on_dest = False {{(pid=108387) log_opt_values /opt/stack/data/venv/lib/python3.12/site-packages/oslo_config/cfg.py:3006}}
Feb 26 00:46:04.186767 np0000157127 nova-scheduler[108387]: DEBUG cotyledon.oslo_config_glue [-] workarounds.skip_hypervisor_version_check_on_lm = False {{(pid=108387) log_opt_values /opt/stack/data/venv/lib/python3.12/site-packages/oslo_config/cfg.py:3006}}
Feb 26 00:46:04.186767 np0000157127 nova-scheduler[108387]: DEBUG cotyledon.oslo_config_glue [-] workarounds.skip_reserve_in_use_ironic_nodes = False {{(pid=108387) log_opt_values /opt/stack/data/venv/lib/python3.12/site-packages/oslo_config/cfg.py:3006}}
Feb 26 00:46:04.186767 np0000157127 nova-scheduler[108387]: DEBUG cotyledon.oslo_config_glue [-] workarounds.unified_limits_count_pcpu_as_vcpu = False {{(pid=108387) log_opt_values /opt/stack/data/venv/lib/python3.12/site-packages/oslo_config/cfg.py:3006}}
Feb 26 00:46:04.186767 np0000157127 nova-scheduler[108387]: DEBUG cotyledon.oslo_config_glue [-] workarounds.wait_for_vif_plugged_event_during_hard_reboot = [] {{(pid=108387) log_opt_values /opt/stack/data/venv/lib/python3.12/site-packages/oslo_config/cfg.py:3006}}
Feb 26 00:46:04.186767 np0000157127 nova-scheduler[108387]: DEBUG cotyledon.oslo_config_glue [-] wsgi.api_paste_config = /etc/nova/api-paste.ini {{(pid=108387) log_opt_values /opt/stack/data/venv/lib/python3.12/site-packages/oslo_config/cfg.py:3006}}
Feb 26 00:46:04.186767 np0000157127 nova-scheduler[108387]: DEBUG cotyledon.oslo_config_glue [-] wsgi.secure_proxy_ssl_header = None {{(pid=108387) log_opt_values /opt/stack/data/venv/lib/python3.12/site-packages/oslo_config/cfg.py:3006}}
Feb 26 00:46:04.186767 np0000157127 nova-scheduler[108387]: DEBUG cotyledon.oslo_config_glue [-] zvm.ca_file = None {{(pid=108387) log_opt_values /opt/stack/data/venv/lib/python3.12/site-packages/oslo_config/cfg.py:3006}}
Feb 26 00:46:04.186767 np0000157127 nova-scheduler[108387]: DEBUG cotyledon.oslo_config_glue [-] zvm.cloud_connector_url = None {{(pid=108387) log_opt_values /opt/stack/data/venv/lib/python3.12/site-packages/oslo_config/cfg.py:3006}}
Feb 26 00:46:04.186767 np0000157127 nova-scheduler[108387]: DEBUG cotyledon.oslo_config_glue [-] zvm.image_tmp_path = /opt/stack/data/nova/images {{(pid=108387) log_opt_values /opt/stack/data/venv/lib/python3.12/site-packages/oslo_config/cfg.py:3006}}
Feb 26 00:46:04.187070 np0000157127 nova-scheduler[108387]: DEBUG cotyledon.oslo_config_glue [-] zvm.reachable_timeout = 300 {{(pid=108387) log_opt_values /opt/stack/data/venv/lib/python3.12/site-packages/oslo_config/cfg.py:3006}}
Feb 26 00:46:04.187070 np0000157127 nova-scheduler[108387]: DEBUG cotyledon.oslo_config_glue [-] oslo_versionedobjects.fatal_exception_format_errors = False {{(pid=108387) log_opt_values /opt/stack/data/venv/lib/python3.12/site-packages/oslo_config/cfg.py:3006}}
Feb 26 00:46:04.187070 np0000157127 nova-scheduler[108387]: DEBUG cotyledon.oslo_config_glue [-] oslo_middleware.http_basic_auth_user_file = /etc/htpasswd {{(pid=108387) log_opt_values /opt/stack/data/venv/lib/python3.12/site-packages/oslo_config/cfg.py:3006}}
Feb 26 00:46:04.187070 np0000157127 nova-scheduler[108387]: DEBUG cotyledon.oslo_config_glue [-] oslo_messaging_metrics.metrics_buffer_size = 1000 {{(pid=108387) log_opt_values /opt/stack/data/venv/lib/python3.12/site-packages/oslo_config/cfg.py:3006}}
Feb 26 00:46:04.187070 np0000157127 nova-scheduler[108387]: DEBUG cotyledon.oslo_config_glue [-] oslo_messaging_metrics.metrics_enabled = False {{(pid=108387) log_opt_values /opt/stack/data/venv/lib/python3.12/site-packages/oslo_config/cfg.py:3006}}
Feb 26 00:46:04.187070 np0000157127 nova-scheduler[108387]: DEBUG cotyledon.oslo_config_glue [-] oslo_messaging_metrics.metrics_process_name = {{(pid=108387) log_opt_values /opt/stack/data/venv/lib/python3.12/site-packages/oslo_config/cfg.py:3006}}
Feb 26 00:46:04.187070 np0000157127 nova-scheduler[108387]: DEBUG cotyledon.oslo_config_glue [-] oslo_messaging_metrics.metrics_socket_file = /var/tmp/metrics_collector.sock {{(pid=108387) log_opt_values /opt/stack/data/venv/lib/python3.12/site-packages/oslo_config/cfg.py:3006}}
Feb 26 00:46:04.187070 np0000157127 nova-scheduler[108387]: DEBUG cotyledon.oslo_config_glue [-] oslo_messaging_metrics.metrics_thread_stop_timeout = 10 {{(pid=108387) log_opt_values /opt/stack/data/venv/lib/python3.12/site-packages/oslo_config/cfg.py:3006}}
Feb 26 00:46:04.187316 np0000157127 nova-scheduler[108387]: DEBUG cotyledon.oslo_config_glue [-] profiler.connection_string = messaging:// {{(pid=108387) log_opt_values /opt/stack/data/venv/lib/python3.12/site-packages/oslo_config/cfg.py:3006}}
Feb 26 00:46:04.187316 np0000157127 nova-scheduler[108387]: DEBUG cotyledon.oslo_config_glue [-] profiler.enabled = False {{(pid=108387) log_opt_values /opt/stack/data/venv/lib/python3.12/site-packages/oslo_config/cfg.py:3006}}
Feb 26 00:46:04.187316 np0000157127 nova-scheduler[108387]: DEBUG cotyledon.oslo_config_glue [-] profiler.es_doc_type = notification {{(pid=108387) log_opt_values /opt/stack/data/venv/lib/python3.12/site-packages/oslo_config/cfg.py:3006}}
Feb 26 00:46:04.187411 np0000157127 nova-scheduler[108369]: DEBUG dbcounter [-] [108369] Writer thread running {{(pid=108369) stat_writer /opt/stack/data/venv/lib/python3.12/site-packages/dbcounter.py:102}}
Feb 26 00:46:04.187452 np0000157127 nova-scheduler[108387]: DEBUG cotyledon.oslo_config_glue [-] profiler.es_scroll_size = 10000 {{(pid=108387) log_opt_values /opt/stack/data/venv/lib/python3.12/site-packages/oslo_config/cfg.py:3006}}
Feb 26 00:46:04.187452 np0000157127 nova-scheduler[108387]: DEBUG cotyledon.oslo_config_glue [-] profiler.es_scroll_time = 2m {{(pid=108387) log_opt_values /opt/stack/data/venv/lib/python3.12/site-packages/oslo_config/cfg.py:3006}}
Feb 26 00:46:04.187452 np0000157127 nova-scheduler[108387]: DEBUG cotyledon.oslo_config_glue [-] profiler.filter_error_trace = False {{(pid=108387) log_opt_values /opt/stack/data/venv/lib/python3.12/site-packages/oslo_config/cfg.py:3006}}
Feb 26 00:46:04.187452 np0000157127 nova-scheduler[108387]: DEBUG cotyledon.oslo_config_glue [-] profiler.hmac_keys = **** {{(pid=108387) log_opt_values /opt/stack/data/venv/lib/python3.12/site-packages/oslo_config/cfg.py:3006}}
Feb 26 00:46:04.187452 np0000157127 nova-scheduler[108387]: DEBUG cotyledon.oslo_config_glue [-] profiler.sentinel_service_name = mymaster {{(pid=108387) log_opt_values /opt/stack/data/venv/lib/python3.12/site-packages/oslo_config/cfg.py:3006}}
Feb 26 00:46:04.187452 np0000157127 nova-scheduler[108387]: DEBUG cotyledon.oslo_config_glue [-] profiler.socket_timeout = 0.1 {{(pid=108387) log_opt_values /opt/stack/data/venv/lib/python3.12/site-packages/oslo_config/cfg.py:3006}}
Feb 26 00:46:04.187452 np0000157127 nova-scheduler[108387]: DEBUG cotyledon.oslo_config_glue [-] profiler.trace_requests = False {{(pid=108387) log_opt_values /opt/stack/data/venv/lib/python3.12/site-packages/oslo_config/cfg.py:3006}}
Feb 26 00:46:04.187452 np0000157127 nova-scheduler[108387]: DEBUG cotyledon.oslo_config_glue [-] profiler.trace_sqlalchemy = False {{(pid=108387) log_opt_values /opt/stack/data/venv/lib/python3.12/site-packages/oslo_config/cfg.py:3006}}
Feb 26 00:46:04.187452 np0000157127 nova-scheduler[108387]: DEBUG cotyledon.oslo_config_glue [-] profiler_jaeger.process_tags = {} {{(pid=108387) log_opt_values /opt/stack/data/venv/lib/python3.12/site-packages/oslo_config/cfg.py:3006}}
Feb 26 00:46:04.187753 np0000157127 nova-scheduler[108387]: DEBUG cotyledon.oslo_config_glue [-] profiler_jaeger.service_name_prefix = None {{(pid=108387) log_opt_values /opt/stack/data/venv/lib/python3.12/site-packages/oslo_config/cfg.py:3006}}
Feb 26 00:46:04.187753 np0000157127 nova-scheduler[108387]: DEBUG cotyledon.oslo_config_glue [-] profiler_otlp.service_name_prefix = None {{(pid=108387) log_opt_values /opt/stack/data/venv/lib/python3.12/site-packages/oslo_config/cfg.py:3006}}
Feb 26 00:46:04.187753 np0000157127 nova-scheduler[108387]: DEBUG cotyledon.oslo_config_glue [-] oslo_messaging_rabbit.amqp_auto_delete = False {{(pid=108387) log_opt_values /opt/stack/data/venv/lib/python3.12/site-packages/oslo_config/cfg.py:3006}}
Feb 26 00:46:04.187753 np0000157127 nova-scheduler[108387]: DEBUG cotyledon.oslo_config_glue [-] oslo_messaging_rabbit.amqp_durable_queues = False {{(pid=108387) log_opt_values /opt/stack/data/venv/lib/python3.12/site-packages/oslo_config/cfg.py:3006}}
Feb 26 00:46:04.187753 np0000157127 nova-scheduler[108387]: DEBUG cotyledon.oslo_config_glue [-] oslo_messaging_rabbit.conn_pool_min_size = 2 {{(pid=108387) log_opt_values /opt/stack/data/venv/lib/python3.12/site-packages/oslo_config/cfg.py:3006}}
Feb 26 00:46:04.187753 np0000157127 nova-scheduler[108387]: DEBUG cotyledon.oslo_config_glue [-] oslo_messaging_rabbit.conn_pool_ttl = 1200 {{(pid=108387) log_opt_values /opt/stack/data/venv/lib/python3.12/site-packages/oslo_config/cfg.py:3006}}
Feb 26 00:46:04.187753 np0000157127 nova-scheduler[108387]: DEBUG cotyledon.oslo_config_glue [-] oslo_messaging_rabbit.direct_mandatory_flag = True {{(pid=108387) log_opt_values /opt/stack/data/venv/lib/python3.12/site-packages/oslo_config/cfg.py:3006}}
Feb 26 00:46:04.187753 np0000157127 nova-scheduler[108387]: DEBUG cotyledon.oslo_config_glue [-] oslo_messaging_rabbit.enable_cancel_on_failover = False {{(pid=108387) log_opt_values /opt/stack/data/venv/lib/python3.12/site-packages/oslo_config/cfg.py:3006}}
Feb 26 00:46:04.187753 np0000157127 nova-scheduler[108387]: DEBUG cotyledon.oslo_config_glue [-] oslo_messaging_rabbit.heartbeat_in_pthread = False {{(pid=108387) log_opt_values /opt/stack/data/venv/lib/python3.12/site-packages/oslo_config/cfg.py:3006}}
Feb 26 00:46:04.188094 np0000157127 nova-scheduler[108387]: DEBUG cotyledon.oslo_config_glue [-] oslo_messaging_rabbit.heartbeat_rate = 3 {{(pid=108387) log_opt_values /opt/stack/data/venv/lib/python3.12/site-packages/oslo_config/cfg.py:3006}}
Feb 26 00:46:04.188094 np0000157127 nova-scheduler[108387]: DEBUG cotyledon.oslo_config_glue [-] oslo_messaging_rabbit.heartbeat_timeout_threshold = 60 {{(pid=108387) log_opt_values /opt/stack/data/venv/lib/python3.12/site-packages/oslo_config/cfg.py:3006}}
Feb 26 00:46:04.188094 np0000157127 nova-scheduler[108387]: DEBUG cotyledon.oslo_config_glue [-] oslo_messaging_rabbit.hostname = np0000157127 {{(pid=108387) log_opt_values /opt/stack/data/venv/lib/python3.12/site-packages/oslo_config/cfg.py:3006}}
Feb 26 00:46:04.188094 np0000157127 nova-scheduler[108387]: DEBUG cotyledon.oslo_config_glue [-] oslo_messaging_rabbit.kombu_compression = None {{(pid=108387) log_opt_values /opt/stack/data/venv/lib/python3.12/site-packages/oslo_config/cfg.py:3006}}
Feb 26 00:46:04.188094 np0000157127 nova-scheduler[108387]: DEBUG cotyledon.oslo_config_glue [-] oslo_messaging_rabbit.kombu_failover_strategy = round-robin {{(pid=108387) log_opt_values /opt/stack/data/venv/lib/python3.12/site-packages/oslo_config/cfg.py:3006}}
Feb 26 00:46:04.188094 np0000157127 nova-scheduler[108387]: DEBUG cotyledon.oslo_config_glue [-] oslo_messaging_rabbit.kombu_missing_consumer_retry_timeout = 60 {{(pid=108387) log_opt_values /opt/stack/data/venv/lib/python3.12/site-packages/oslo_config/cfg.py:3006}}
Feb 26 00:46:04.188094 np0000157127 nova-scheduler[108387]: DEBUG cotyledon.oslo_config_glue [-] oslo_messaging_rabbit.kombu_reconnect_delay = 1.0 {{(pid=108387) log_opt_values /opt/stack/data/venv/lib/python3.12/site-packages/oslo_config/cfg.py:3006}}
Feb 26 00:46:04.188094 np0000157127 nova-scheduler[108387]: DEBUG cotyledon.oslo_config_glue [-] oslo_messaging_rabbit.kombu_reconnect_splay = 0.0 {{(pid=108387) log_opt_values /opt/stack/data/venv/lib/python3.12/site-packages/oslo_config/cfg.py:3006}}
Feb 26 00:46:04.188339 np0000157127 nova-scheduler[108387]: DEBUG cotyledon.oslo_config_glue [-] oslo_messaging_rabbit.processname = nova-scheduler {{(pid=108387) log_opt_values /opt/stack/data/venv/lib/python3.12/site-packages/oslo_config/cfg.py:3006}}
Feb 26 00:46:04.188339 np0000157127 nova-scheduler[108387]: DEBUG cotyledon.oslo_config_glue [-] oslo_messaging_rabbit.rabbit_ha_queues = False {{(pid=108387) log_opt_values /opt/stack/data/venv/lib/python3.12/site-packages/oslo_config/cfg.py:3006}}
Feb 26 00:46:04.188339 np0000157127 nova-scheduler[108387]: DEBUG cotyledon.oslo_config_glue [-] oslo_messaging_rabbit.rabbit_interval_max = 30 {{(pid=108387) log_opt_values /opt/stack/data/venv/lib/python3.12/site-packages/oslo_config/cfg.py:3006}}
Feb 26 00:46:04.188339 np0000157127 nova-scheduler[108387]: DEBUG cotyledon.oslo_config_glue [-] oslo_messaging_rabbit.rabbit_login_method = AMQPLAIN {{(pid=108387) log_opt_values /opt/stack/data/venv/lib/python3.12/site-packages/oslo_config/cfg.py:3006}}
Feb 26 00:46:04.188339 np0000157127 nova-scheduler[108387]: DEBUG cotyledon.oslo_config_glue [-] oslo_messaging_rabbit.rabbit_qos_prefetch_count = 0 {{(pid=108387) log_opt_values /opt/stack/data/venv/lib/python3.12/site-packages/oslo_config/cfg.py:3006}}
Feb 26 00:46:04.188339 np0000157127 nova-scheduler[108387]: DEBUG cotyledon.oslo_config_glue [-] oslo_messaging_rabbit.rabbit_quorum_delivery_limit = 0 {{(pid=108387) log_opt_values /opt/stack/data/venv/lib/python3.12/site-packages/oslo_config/cfg.py:3006}}
Feb 26 00:46:04.188339 np0000157127 nova-scheduler[108387]: DEBUG cotyledon.oslo_config_glue [-] oslo_messaging_rabbit.rabbit_quorum_max_memory_bytes = 0 {{(pid=108387) log_opt_values /opt/stack/data/venv/lib/python3.12/site-packages/oslo_config/cfg.py:3006}}
Feb 26 00:46:04.188339 np0000157127 nova-scheduler[108387]: DEBUG cotyledon.oslo_config_glue [-] oslo_messaging_rabbit.rabbit_quorum_max_memory_length = 0 {{(pid=108387) log_opt_values /opt/stack/data/venv/lib/python3.12/site-packages/oslo_config/cfg.py:3006}}
Feb 26 00:46:04.188647 np0000157127 nova-scheduler[108387]: DEBUG cotyledon.oslo_config_glue [-] oslo_messaging_rabbit.rabbit_quorum_queue = False {{(pid=108387) log_opt_values /opt/stack/data/venv/lib/python3.12/site-packages/oslo_config/cfg.py:3006}}
Feb 26 00:46:04.188647 np0000157127 nova-scheduler[108387]: DEBUG cotyledon.oslo_config_glue [-] oslo_messaging_rabbit.rabbit_retry_backoff = 2 {{(pid=108387) log_opt_values /opt/stack/data/venv/lib/python3.12/site-packages/oslo_config/cfg.py:3006}}
Feb 26 00:46:04.188647 np0000157127 nova-scheduler[108387]: DEBUG cotyledon.oslo_config_glue [-] oslo_messaging_rabbit.rabbit_retry_interval = 1 {{(pid=108387) log_opt_values /opt/stack/data/venv/lib/python3.12/site-packages/oslo_config/cfg.py:3006}}
Feb 26 00:46:04.188647 np0000157127 nova-scheduler[108387]: DEBUG cotyledon.oslo_config_glue [-] oslo_messaging_rabbit.rabbit_stream_fanout = False {{(pid=108387) log_opt_values /opt/stack/data/venv/lib/python3.12/site-packages/oslo_config/cfg.py:3006}}
Feb 26 00:46:04.188647 np0000157127 nova-scheduler[108387]: DEBUG cotyledon.oslo_config_glue [-] oslo_messaging_rabbit.rabbit_transient_queues_ttl = 1800 {{(pid=108387) log_opt_values /opt/stack/data/venv/lib/python3.12/site-packages/oslo_config/cfg.py:3006}}
Feb 26 00:46:04.188647 np0000157127 nova-scheduler[108387]: DEBUG cotyledon.oslo_config_glue [-] oslo_messaging_rabbit.rabbit_transient_quorum_queue = False {{(pid=108387) log_opt_values /opt/stack/data/venv/lib/python3.12/site-packages/oslo_config/cfg.py:3006}}
Feb 26 00:46:04.188647 np0000157127 nova-scheduler[108387]: DEBUG cotyledon.oslo_config_glue [-] oslo_messaging_rabbit.rpc_conn_pool_size = 30 {{(pid=108387) log_opt_values /opt/stack/data/venv/lib/python3.12/site-packages/oslo_config/cfg.py:3006}}
Feb 26 00:46:04.188647 np0000157127 nova-scheduler[108387]: DEBUG cotyledon.oslo_config_glue [-] oslo_messaging_rabbit.ssl = False {{(pid=108387) log_opt_values /opt/stack/data/venv/lib/python3.12/site-packages/oslo_config/cfg.py:3006}}
Feb 26 00:46:04.188647 np0000157127 nova-scheduler[108387]: DEBUG cotyledon.oslo_config_glue [-] oslo_messaging_rabbit.ssl_ca_file = {{(pid=108387) log_opt_values /opt/stack/data/venv/lib/python3.12/site-packages/oslo_config/cfg.py:3006}}
Feb 26 00:46:04.188937 np0000157127 nova-scheduler[108387]: DEBUG cotyledon.oslo_config_glue [-] oslo_messaging_rabbit.ssl_cert_file = {{(pid=108387) log_opt_values /opt/stack/data/venv/lib/python3.12/site-packages/oslo_config/cfg.py:3006}}
Feb 26 00:46:04.188937 np0000157127 nova-scheduler[108387]: DEBUG cotyledon.oslo_config_glue [-] oslo_messaging_rabbit.ssl_enforce_fips_mode = False {{(pid=108387) log_opt_values /opt/stack/data/venv/lib/python3.12/site-packages/oslo_config/cfg.py:3006}}
Feb 26 00:46:04.188937 np0000157127 nova-scheduler[108387]: DEBUG cotyledon.oslo_config_glue [-] oslo_messaging_rabbit.ssl_key_file = {{(pid=108387) log_opt_values /opt/stack/data/venv/lib/python3.12/site-packages/oslo_config/cfg.py:3006}}
Feb 26 00:46:04.189045 np0000157127 nova-scheduler[108369]: DEBUG nova.service [None req-fe601d13-17bf-4a33-9570-931e257c61c1 None None] Creating RPC server for service: nova-scheduler on topic: scheduler {{(pid=108369) start /opt/stack/nova/nova/service.py:195}}
Feb 26 00:46:04.189089 np0000157127 nova-scheduler[108387]: DEBUG cotyledon.oslo_config_glue [-] oslo_messaging_rabbit.ssl_version = {{(pid=108387) log_opt_values /opt/stack/data/venv/lib/python3.12/site-packages/oslo_config/cfg.py:3006}}
Feb 26 00:46:04.189089 np0000157127 nova-scheduler[108387]: DEBUG cotyledon.oslo_config_glue [-] oslo_messaging_rabbit.use_queue_manager = False {{(pid=108387) log_opt_values /opt/stack/data/venv/lib/python3.12/site-packages/oslo_config/cfg.py:3006}}
Feb 26 00:46:04.189089 np0000157127 nova-scheduler[108387]: DEBUG cotyledon.oslo_config_glue [-] oslo_messaging_notifications.driver = ['messagingv2'] {{(pid=108387) log_opt_values /opt/stack/data/venv/lib/python3.12/site-packages/oslo_config/cfg.py:3006}}
Feb 26 00:46:04.189089 np0000157127 nova-scheduler[108387]: DEBUG cotyledon.oslo_config_glue [-] oslo_messaging_notifications.retry = -1 {{(pid=108387) log_opt_values /opt/stack/data/venv/lib/python3.12/site-packages/oslo_config/cfg.py:3006}}
Feb 26 00:46:04.189089 np0000157127 nova-scheduler[108387]: DEBUG cotyledon.oslo_config_glue [-] oslo_messaging_notifications.topics = ['notifications'] {{(pid=108387) log_opt_values /opt/stack/data/venv/lib/python3.12/site-packages/oslo_config/cfg.py:3006}}
Feb 26 00:46:04.189089 np0000157127 nova-scheduler[108387]: DEBUG cotyledon.oslo_config_glue [-] oslo_messaging_notifications.transport_url = **** {{(pid=108387) log_opt_values /opt/stack/data/venv/lib/python3.12/site-packages/oslo_config/cfg.py:3006}}
Feb 26 00:46:04.189089 np0000157127 nova-scheduler[108387]: DEBUG cotyledon.oslo_config_glue [-] oslo_limit.auth_section = None {{(pid=108387) log_opt_values /opt/stack/data/venv/lib/python3.12/site-packages/oslo_config/cfg.py:3006}}
Feb 26 00:46:04.189089 np0000157127 nova-scheduler[108387]: DEBUG cotyledon.oslo_config_glue [-] oslo_limit.auth_type = None {{(pid=108387) log_opt_values /opt/stack/data/venv/lib/python3.12/site-packages/oslo_config/cfg.py:3006}}
Feb 26 00:46:04.189089 np0000157127 nova-scheduler[108387]: DEBUG cotyledon.oslo_config_glue [-] oslo_limit.cafile = None {{(pid=108387) log_opt_values /opt/stack/data/venv/lib/python3.12/site-packages/oslo_config/cfg.py:3006}}
Feb 26 00:46:04.189397 np0000157127 nova-scheduler[108387]: DEBUG cotyledon.oslo_config_glue [-] oslo_limit.certfile = None {{(pid=108387) log_opt_values /opt/stack/data/venv/lib/python3.12/site-packages/oslo_config/cfg.py:3006}}
Feb 26 00:46:04.189397 np0000157127 nova-scheduler[108387]: DEBUG cotyledon.oslo_config_glue [-] oslo_limit.collect_timing = False {{(pid=108387) log_opt_values /opt/stack/data/venv/lib/python3.12/site-packages/oslo_config/cfg.py:3006}}
Feb 26 00:46:04.189397 np0000157127 nova-scheduler[108387]: DEBUG cotyledon.oslo_config_glue [-] oslo_limit.connect_retries = None {{(pid=108387) log_opt_values /opt/stack/data/venv/lib/python3.12/site-packages/oslo_config/cfg.py:3006}}
Feb 26 00:46:04.189397 np0000157127 nova-scheduler[108387]: DEBUG cotyledon.oslo_config_glue [-] oslo_limit.connect_retry_delay = None {{(pid=108387) log_opt_values /opt/stack/data/venv/lib/python3.12/site-packages/oslo_config/cfg.py:3006}}
Feb 26 00:46:04.189397 np0000157127 nova-scheduler[108387]: DEBUG cotyledon.oslo_config_glue [-] oslo_limit.endpoint_id = None {{(pid=108387) log_opt_values /opt/stack/data/venv/lib/python3.12/site-packages/oslo_config/cfg.py:3006}}
Feb 26 00:46:04.189397 np0000157127 nova-scheduler[108387]: DEBUG cotyledon.oslo_config_glue [-] oslo_limit.endpoint_interface = public {{(pid=108387) log_opt_values /opt/stack/data/venv/lib/python3.12/site-packages/oslo_config/cfg.py:3006}}
Feb 26 00:46:04.189397 np0000157127 nova-scheduler[108387]: DEBUG cotyledon.oslo_config_glue [-] oslo_limit.endpoint_override = None {{(pid=108387) log_opt_values /opt/stack/data/venv/lib/python3.12/site-packages/oslo_config/cfg.py:3006}}
Feb 26 00:46:04.189397 np0000157127 nova-scheduler[108387]: DEBUG cotyledon.oslo_config_glue [-] oslo_limit.endpoint_region_name = None {{(pid=108387) log_opt_values /opt/stack/data/venv/lib/python3.12/site-packages/oslo_config/cfg.py:3006}}
Feb 26 00:46:04.189397 np0000157127 nova-scheduler[108387]: DEBUG cotyledon.oslo_config_glue [-] oslo_limit.endpoint_service_name = None {{(pid=108387) log_opt_values /opt/stack/data/venv/lib/python3.12/site-packages/oslo_config/cfg.py:3006}}
Feb 26 00:46:04.189645 np0000157127 nova-scheduler[108387]: DEBUG cotyledon.oslo_config_glue [-] oslo_limit.endpoint_service_type = None {{(pid=108387) log_opt_values /opt/stack/data/venv/lib/python3.12/site-packages/oslo_config/cfg.py:3006}}
Feb 26 00:46:04.189645 np0000157127 nova-scheduler[108387]: DEBUG cotyledon.oslo_config_glue [-] oslo_limit.insecure = False {{(pid=108387) log_opt_values /opt/stack/data/venv/lib/python3.12/site-packages/oslo_config/cfg.py:3006}}
Feb 26 00:46:04.189645 np0000157127 nova-scheduler[108387]: DEBUG cotyledon.oslo_config_glue [-] oslo_limit.keyfile = None {{(pid=108387) log_opt_values /opt/stack/data/venv/lib/python3.12/site-packages/oslo_config/cfg.py:3006}}
Feb 26 00:46:04.189645 np0000157127 nova-scheduler[108387]: DEBUG cotyledon.oslo_config_glue [-] oslo_limit.max_version = None {{(pid=108387) log_opt_values /opt/stack/data/venv/lib/python3.12/site-packages/oslo_config/cfg.py:3006}}
Feb 26 00:46:04.189645 np0000157127 nova-scheduler[108387]: DEBUG cotyledon.oslo_config_glue [-] oslo_limit.min_version = None {{(pid=108387) log_opt_values /opt/stack/data/venv/lib/python3.12/site-packages/oslo_config/cfg.py:3006}}
Feb 26 00:46:04.189645 np0000157127 nova-scheduler[108387]: DEBUG cotyledon.oslo_config_glue [-] oslo_limit.region_name = None {{(pid=108387) log_opt_values /opt/stack/data/venv/lib/python3.12/site-packages/oslo_config/cfg.py:3006}}
Feb 26 00:46:04.189645 np0000157127 nova-scheduler[108387]: DEBUG cotyledon.oslo_config_glue [-] oslo_limit.retriable_status_codes = None {{(pid=108387) log_opt_values /opt/stack/data/venv/lib/python3.12/site-packages/oslo_config/cfg.py:3006}}
Feb 26 00:46:04.189645 np0000157127 nova-scheduler[108387]: DEBUG cotyledon.oslo_config_glue [-] oslo_limit.service_name = None {{(pid=108387) log_opt_values /opt/stack/data/venv/lib/python3.12/site-packages/oslo_config/cfg.py:3006}}
Feb 26 00:46:04.189645 np0000157127 nova-scheduler[108387]: DEBUG cotyledon.oslo_config_glue [-] oslo_limit.service_type = None {{(pid=108387) log_opt_values /opt/stack/data/venv/lib/python3.12/site-packages/oslo_config/cfg.py:3006}}
Feb 26 00:46:04.189890 np0000157127 nova-scheduler[108387]: DEBUG cotyledon.oslo_config_glue [-] oslo_limit.split_loggers = False {{(pid=108387) log_opt_values /opt/stack/data/venv/lib/python3.12/site-packages/oslo_config/cfg.py:3006}}
Feb 26 00:46:04.189890 np0000157127 nova-scheduler[108387]: DEBUG cotyledon.oslo_config_glue [-] oslo_limit.status_code_retries = None {{(pid=108387) log_opt_values /opt/stack/data/venv/lib/python3.12/site-packages/oslo_config/cfg.py:3006}}
Feb 26 00:46:04.189890 np0000157127 nova-scheduler[108387]: DEBUG cotyledon.oslo_config_glue [-] oslo_limit.status_code_retry_delay = None {{(pid=108387) log_opt_values /opt/stack/data/venv/lib/python3.12/site-packages/oslo_config/cfg.py:3006}}
Feb 26 00:46:04.189890 np0000157127 nova-scheduler[108387]: DEBUG cotyledon.oslo_config_glue [-] oslo_limit.timeout = None {{(pid=108387) log_opt_values /opt/stack/data/venv/lib/python3.12/site-packages/oslo_config/cfg.py:3006}}
Feb 26 00:46:04.189890 np0000157127 nova-scheduler[108387]: DEBUG cotyledon.oslo_config_glue [-] oslo_limit.valid_interfaces = None {{(pid=108387) log_opt_values /opt/stack/data/venv/lib/python3.12/site-packages/oslo_config/cfg.py:3006}}
Feb 26 00:46:04.189890 np0000157127 nova-scheduler[108387]: DEBUG cotyledon.oslo_config_glue [-] oslo_limit.version = None {{(pid=108387) log_opt_values /opt/stack/data/venv/lib/python3.12/site-packages/oslo_config/cfg.py:3006}}
Feb 26 00:46:04.189890 np0000157127 nova-scheduler[108387]: DEBUG cotyledon.oslo_config_glue [-] oslo_reports.file_event_handler = None {{(pid=108387) log_opt_values /opt/stack/data/venv/lib/python3.12/site-packages/oslo_config/cfg.py:3006}}
Feb 26 00:46:04.189890 np0000157127 nova-scheduler[108387]: DEBUG cotyledon.oslo_config_glue [-] oslo_reports.file_event_handler_interval = 1 {{(pid=108387) log_opt_values /opt/stack/data/venv/lib/python3.12/site-packages/oslo_config/cfg.py:3006}}
Feb 26 00:46:04.189890 np0000157127 nova-scheduler[108387]: DEBUG cotyledon.oslo_config_glue [-] oslo_reports.log_dir = None {{(pid=108387) log_opt_values /opt/stack/data/venv/lib/python3.12/site-packages/oslo_config/cfg.py:3006}}
Feb 26 00:46:04.190185 np0000157127 nova-scheduler[108387]: DEBUG cotyledon.oslo_config_glue [-] ******************************************************************************** {{(pid=108387) log_opt_values /opt/stack/data/venv/lib/python3.12/site-packages/oslo_config/cfg.py:3013}}
Feb 26 00:46:04.190185 np0000157127 nova-scheduler[108387]: DEBUG cotyledon._service_worker [-] Run service ServiceWrapper(3) [108387] {{(pid=108387) wait_forever /opt/stack/data/venv/lib/python3.12/site-packages/cotyledon/_service_worker.py:218}}
Feb 26 00:46:04.190185 np0000157127 nova-scheduler[108387]: INFO nova.service [-] Starting scheduler node (version 32.1.0)
Feb 26 00:46:04.190286 np0000157127 nova-scheduler[108375]: DEBUG nova.service [None req-1cda2512-ef45-42b4-aa25-66839568d67c None None] Creating RPC server for service: nova-scheduler on topic: scheduler {{(pid=108375) start /opt/stack/nova/nova/service.py:195}}
Feb 26 00:46:04.190329 np0000157127 nova-scheduler[108387]: INFO dbcounter [None req-695ab738-6141-4ccb-ba12-23db7841359f None None] Registered counter for database nova_cell0
Feb 26 00:46:04.190329 np0000157127 nova-scheduler[108387]: DEBUG oslo_db.sqlalchemy.engines [None req-695ab738-6141-4ccb-ba12-23db7841359f None None] MySQL server mode set to STRICT_TRANS_TABLES,STRICT_ALL_TABLES,NO_ZERO_IN_DATE,NO_ZERO_DATE,ERROR_FOR_DIVISION_BY_ZERO,TRADITIONAL,NO_ENGINE_SUBSTITUTION {{(pid=108387) _check_effective_sql_mode /opt/stack/data/venv/lib/python3.12/site-packages/oslo_db/sqlalchemy/engines.py:325}}
Feb 26 00:46:04.190404 np0000157127 nova-scheduler[108364]: DEBUG nova.service [None req-0658ce90-55e7-4bb4-bd73-aa1e09ea363a None None] Join ServiceGroup membership for this service scheduler {{(pid=108364) start /opt/stack/nova/nova/service.py:221}}
Feb 26 00:46:04.190404 np0000157127 nova-scheduler[108364]: DEBUG nova.servicegroup.drivers.db [None req-0658ce90-55e7-4bb4-bd73-aa1e09ea363a None None] DB_Driver: join new ServiceGroup member np0000157127 to the scheduler group, service = {{(pid=108364) join /opt/stack/nova/nova/servicegroup/drivers/db.py:44}}
Feb 26 00:46:04.191604 np0000157127 nova-scheduler[108369]: DEBUG nova.service [None req-fe601d13-17bf-4a33-9570-931e257c61c1 None None] Join ServiceGroup membership for this service scheduler {{(pid=108369) start /opt/stack/nova/nova/service.py:221}}
Feb 26 00:46:04.191799 np0000157127 nova-scheduler[108369]: DEBUG nova.servicegroup.drivers.db [None req-fe601d13-17bf-4a33-9570-931e257c61c1 None None] DB_Driver: join new ServiceGroup member np0000157127 to the scheduler group, service = {{(pid=108369) join /opt/stack/nova/nova/servicegroup/drivers/db.py:44}}
Feb 26 00:46:04.196146 np0000157127 nova-scheduler[108375]: DEBUG nova.service [None req-1cda2512-ef45-42b4-aa25-66839568d67c None None] Join ServiceGroup membership for this service scheduler {{(pid=108375) start /opt/stack/nova/nova/service.py:221}}
Feb 26 00:46:04.196415 np0000157127 nova-scheduler[108375]: DEBUG nova.servicegroup.drivers.db [None req-1cda2512-ef45-42b4-aa25-66839568d67c None None] DB_Driver: join new ServiceGroup member np0000157127 to the scheduler group, service = {{(pid=108375) join /opt/stack/nova/nova/servicegroup/drivers/db.py:44}}
Feb 26 00:46:04.197355 np0000157127 nova-scheduler[108387]: DEBUG dbcounter [-] [108387] Writer thread running {{(pid=108387) stat_writer /opt/stack/data/venv/lib/python3.12/site-packages/dbcounter.py:102}}
Feb 26 00:46:04.201103 np0000157127 nova-scheduler[108387]: DEBUG nova.service [None req-695ab738-6141-4ccb-ba12-23db7841359f None None] Creating RPC server for service: nova-scheduler on topic: scheduler {{(pid=108387) start /opt/stack/nova/nova/service.py:195}}
Feb 26 00:46:04.229146 np0000157127 nova-scheduler[108387]: DEBUG nova.service [None req-695ab738-6141-4ccb-ba12-23db7841359f None None] Join ServiceGroup membership for this service scheduler {{(pid=108387) start /opt/stack/nova/nova/service.py:221}}
Feb 26 00:46:04.230536 np0000157127 nova-scheduler[108387]: DEBUG nova.servicegroup.drivers.db [None req-695ab738-6141-4ccb-ba12-23db7841359f None None] DB_Driver: join new ServiceGroup member np0000157127 to the scheduler group, service = {{(pid=108387) join /opt/stack/nova/nova/servicegroup/drivers/db.py:44}}
Feb 26 00:46:09.208389 np0000157127 nova-scheduler[108364]: DEBUG oslo.service.backend._threading.loopingcall [-] Fixed interval looping call 'nova.servicegroup.drivers.db.DbDriver._report_state' sleeping for 119.98 seconds {{(pid=108364) _run_loop /opt/stack/data/venv/lib/python3.12/site-packages/oslo_service/backend/_threading/loopingcall.py:125}}
Feb 26 00:46:09.209420 np0000157127 nova-scheduler[108375]: DEBUG oslo.service.backend._threading.loopingcall [-] Fixed interval looping call 'nova.servicegroup.drivers.db.DbDriver._report_state' sleeping for 119.99 seconds {{(pid=108375) _run_loop /opt/stack/data/venv/lib/python3.12/site-packages/oslo_service/backend/_threading/loopingcall.py:125}}
Feb 26 00:46:09.209818 np0000157127 nova-scheduler[108369]: DEBUG oslo.service.backend._threading.loopingcall [-] Fixed interval looping call 'nova.servicegroup.drivers.db.DbDriver._report_state' sleeping for 119.98 seconds {{(pid=108369) _run_loop /opt/stack/data/venv/lib/python3.12/site-packages/oslo_service/backend/_threading/loopingcall.py:125}}
Feb 26 00:46:09.244616 np0000157127 nova-scheduler[108387]: DEBUG oslo.service.backend._threading.loopingcall [-] Fixed interval looping call 'nova.servicegroup.drivers.db.DbDriver._report_state' sleeping for 119.99 seconds {{(pid=108387) _run_loop /opt/stack/data/venv/lib/python3.12/site-packages/oslo_service/backend/_threading/loopingcall.py:125}}
Feb 26 00:46:12.232935 np0000157127 nova-scheduler[108387]: DEBUG oslo.service.backend._threading.loopingcall [None req-0b9d2578-128f-406c-9488-cb95d359322c None None] Dynamic interval looping call 'nova.service.Service.periodic_tasks' sleeping for 60.00 seconds {{(pid=108387) _run_loop /opt/stack/data/venv/lib/python3.12/site-packages/oslo_service/backend/_threading/loopingcall.py:125}}
Feb 26 00:46:12.810957 np0000157127 nova-scheduler[107625]: DEBUG dbcounter [-] [107625] Writing DB stats nova_api:SELECT=3 {{(pid=107625) stat_writer /opt/stack/data/venv/lib/python3.12/site-packages/dbcounter.py:115}}
Feb 26 00:46:12.915375 np0000157127 nova-scheduler[107625]: DEBUG dbcounter [-] [107625] Writing DB stats nova_cell0:SELECT=1 {{(pid=107625) stat_writer /opt/stack/data/venv/lib/python3.12/site-packages/dbcounter.py:115}}
Feb 26 00:46:12.923374 np0000157127 nova-scheduler[107625]: DEBUG dbcounter [-] [107625] Writing DB stats nova_cell1:SELECT=1 {{(pid=107625) stat_writer /opt/stack/data/venv/lib/python3.12/site-packages/dbcounter.py:115}}
Feb 26 00:46:15.194356 np0000157127 nova-scheduler[108369]: DEBUG oslo.service.backend._threading.loopingcall [None req-75d94264-bb8b-459e-a20d-19eb48d62636 None None] Dynamic interval looping call 'nova.service.Service.periodic_tasks' sleeping for 60.00 seconds {{(pid=108369) _run_loop /opt/stack/data/venv/lib/python3.12/site-packages/oslo_service/backend/_threading/loopingcall.py:125}}
Feb 26 00:46:19.202047 np0000157127 nova-scheduler[108364]: DEBUG dbcounter [-] [108364] Writing DB stats nova_cell0:SELECT=4,nova_cell0:INSERT=1,nova_cell0:UPDATE=1 {{(pid=108364) stat_writer /opt/stack/data/venv/lib/python3.12/site-packages/dbcounter.py:115}}
Feb 26 00:46:19.204910 np0000157127 nova-scheduler[108375]: DEBUG dbcounter [-] [108375] Writing DB stats nova_cell0:SELECT=4,nova_cell0:INSERT=1,nova_cell0:UPDATE=1 {{(pid=108375) stat_writer /opt/stack/data/venv/lib/python3.12/site-packages/dbcounter.py:115}}
Feb 26 00:46:19.206363 np0000157127 nova-scheduler[108369]: DEBUG dbcounter [-] [108369] Writing DB stats nova_cell0:SELECT=3,nova_cell0:UPDATE=1 {{(pid=108369) stat_writer /opt/stack/data/venv/lib/python3.12/site-packages/dbcounter.py:115}}
Feb 26 00:46:19.241376 np0000157127 nova-scheduler[108387]: DEBUG dbcounter [-] [108387] Writing DB stats nova_cell0:SELECT=3 {{(pid=108387) stat_writer /opt/stack/data/venv/lib/python3.12/site-packages/dbcounter.py:115}}
Feb 26 00:46:31.192082 np0000157127 nova-scheduler[108364]: DEBUG oslo.service.backend._threading.loopingcall [None req-46f5c53b-ac65-45ec-8317-1e41bcb4e246 None None] Dynamic interval looping call 'nova.service.Service.periodic_tasks' sleeping for 60.00 seconds {{(pid=108364) _run_loop /opt/stack/data/venv/lib/python3.12/site-packages/oslo_service/backend/_threading/loopingcall.py:125}}
Feb 26 00:46:43.199339 np0000157127 nova-scheduler[108375]: DEBUG oslo.service.backend._threading.loopingcall [None req-699a50db-aabb-4381-9907-f3ddfd509373 None None] Dynamic interval looping call 'nova.service.Service.periodic_tasks' sleeping for 60.00 seconds {{(pid=108375) _run_loop /opt/stack/data/venv/lib/python3.12/site-packages/oslo_service/backend/_threading/loopingcall.py:125}}
Feb 26 00:47:12.233728 np0000157127 nova-scheduler[108387]: DEBUG oslo.service.backend._threading.loopingcall [None req-0b9d2578-128f-406c-9488-cb95d359322c None None] Dynamic interval looping call 'nova.service.Service.periodic_tasks' sleeping for 60.00 seconds {{(pid=108387) _run_loop /opt/stack/data/venv/lib/python3.12/site-packages/oslo_service/backend/_threading/loopingcall.py:125}}
Feb 26 00:47:15.195382 np0000157127 nova-scheduler[108369]: DEBUG oslo.service.backend._threading.loopingcall [None req-75d94264-bb8b-459e-a20d-19eb48d62636 None None] Dynamic interval looping call 'nova.service.Service.periodic_tasks' sleeping for 60.00 seconds {{(pid=108369) _run_loop /opt/stack/data/venv/lib/python3.12/site-packages/oslo_service/backend/_threading/loopingcall.py:125}}
Feb 26 00:47:31.192808 np0000157127 nova-scheduler[108364]: DEBUG oslo.service.backend._threading.loopingcall [None req-46f5c53b-ac65-45ec-8317-1e41bcb4e246 None None] Dynamic interval looping call 'nova.service.Service.periodic_tasks' sleeping for 60.00 seconds {{(pid=108364) _run_loop /opt/stack/data/venv/lib/python3.12/site-packages/oslo_service/backend/_threading/loopingcall.py:125}}
Feb 26 00:47:43.199903 np0000157127 nova-scheduler[108375]: DEBUG oslo.service.backend._threading.loopingcall [None req-699a50db-aabb-4381-9907-f3ddfd509373 None None] Dynamic interval looping call 'nova.service.Service.periodic_tasks' sleeping for 60.00 seconds {{(pid=108375) _run_loop /opt/stack/data/venv/lib/python3.12/site-packages/oslo_service/backend/_threading/loopingcall.py:125}}
Feb 26 00:48:09.202241 np0000157127 nova-scheduler[108364]: DEBUG oslo.service.backend._threading.loopingcall [-] Fixed interval looping call 'nova.servicegroup.drivers.db.DbDriver._report_state' sleeping for 119.99 seconds {{(pid=108364) _run_loop /opt/stack/data/venv/lib/python3.12/site-packages/oslo_service/backend/_threading/loopingcall.py:125}}
Feb 26 00:48:09.203512 np0000157127 nova-scheduler[108369]: DEBUG oslo.service.backend._threading.loopingcall [-] Fixed interval looping call 'nova.servicegroup.drivers.db.DbDriver._report_state' sleeping for 119.99 seconds {{(pid=108369) _run_loop /opt/stack/data/venv/lib/python3.12/site-packages/oslo_service/backend/_threading/loopingcall.py:125}}
Feb 26 00:48:09.204794 np0000157127 nova-scheduler[108375]: DEBUG oslo.service.backend._threading.loopingcall [-] Fixed interval looping call 'nova.servicegroup.drivers.db.DbDriver._report_state' sleeping for 120.00 seconds {{(pid=108375) _run_loop /opt/stack/data/venv/lib/python3.12/site-packages/oslo_service/backend/_threading/loopingcall.py:125}}
Feb 26 00:48:09.239756 np0000157127 nova-scheduler[108387]: DEBUG oslo.service.backend._threading.loopingcall [-] Fixed interval looping call 'nova.servicegroup.drivers.db.DbDriver._report_state' sleeping for 120.00 seconds {{(pid=108387) _run_loop /opt/stack/data/venv/lib/python3.12/site-packages/oslo_service/backend/_threading/loopingcall.py:125}}
Feb 26 00:48:12.238025 np0000157127 nova-scheduler[108387]: DEBUG oslo.service.backend._threading.loopingcall [None req-0b9d2578-128f-406c-9488-cb95d359322c None None] Dynamic interval looping call 'nova.service.Service.periodic_tasks' sleeping for 60.00 seconds {{(pid=108387) _run_loop /opt/stack/data/venv/lib/python3.12/site-packages/oslo_service/backend/_threading/loopingcall.py:125}}
Feb 26 00:48:15.196120 np0000157127 nova-scheduler[108369]: DEBUG oslo.service.backend._threading.loopingcall [None req-75d94264-bb8b-459e-a20d-19eb48d62636 None None] Dynamic interval looping call 'nova.service.Service.periodic_tasks' sleeping for 60.00 seconds {{(pid=108369) _run_loop /opt/stack/data/venv/lib/python3.12/site-packages/oslo_service/backend/_threading/loopingcall.py:125}}
Feb 26 00:48:19.193653 np0000157127 nova-scheduler[108364]: DEBUG dbcounter [-] [108364] Writing DB stats nova_cell0:SELECT=1,nova_cell0:UPDATE=1 {{(pid=108364) stat_writer /opt/stack/data/venv/lib/python3.12/site-packages/dbcounter.py:115}}
Feb 26 00:48:19.195618 np0000157127 nova-scheduler[108369]: DEBUG dbcounter [-] [108369] Writing DB stats nova_cell0:SELECT=1,nova_cell0:UPDATE=1 {{(pid=108369) stat_writer /opt/stack/data/venv/lib/python3.12/site-packages/dbcounter.py:115}}
Feb 26 00:48:19.202529 np0000157127 nova-scheduler[108375]: DEBUG dbcounter [-] [108375] Writing DB stats nova_cell0:SELECT=1 {{(pid=108375) stat_writer /opt/stack/data/venv/lib/python3.12/site-packages/dbcounter.py:115}}
Feb 26 00:48:19.237903 np0000157127 nova-scheduler[108387]: DEBUG dbcounter [-] [108387] Writing DB stats nova_cell0:SELECT=1 {{(pid=108387) stat_writer /opt/stack/data/venv/lib/python3.12/site-packages/dbcounter.py:115}}
Feb 26 00:48:31.193916 np0000157127 nova-scheduler[108364]: DEBUG oslo.service.backend._threading.loopingcall [None req-46f5c53b-ac65-45ec-8317-1e41bcb4e246 None None] Dynamic interval looping call 'nova.service.Service.periodic_tasks' sleeping for 60.00 seconds {{(pid=108364) _run_loop /opt/stack/data/venv/lib/python3.12/site-packages/oslo_service/backend/_threading/loopingcall.py:125}}
Feb 26 00:48:43.200668 np0000157127 nova-scheduler[108375]: DEBUG oslo.service.backend._threading.loopingcall [None req-699a50db-aabb-4381-9907-f3ddfd509373 None None] Dynamic interval looping call 'nova.service.Service.periodic_tasks' sleeping for 60.00 seconds {{(pid=108375) _run_loop /opt/stack/data/venv/lib/python3.12/site-packages/oslo_service/backend/_threading/loopingcall.py:125}}
Feb 26 00:49:12.239064 np0000157127 nova-scheduler[108387]: DEBUG oslo.service.backend._threading.loopingcall [None req-0b9d2578-128f-406c-9488-cb95d359322c None None] Dynamic interval looping call 'nova.service.Service.periodic_tasks' sleeping for 60.00 seconds {{(pid=108387) _run_loop /opt/stack/data/venv/lib/python3.12/site-packages/oslo_service/backend/_threading/loopingcall.py:125}}
Feb 26 00:49:15.197654 np0000157127 nova-scheduler[108369]: DEBUG oslo.service.backend._threading.loopingcall [None req-75d94264-bb8b-459e-a20d-19eb48d62636 None None] Dynamic interval looping call 'nova.service.Service.periodic_tasks' sleeping for 60.00 seconds {{(pid=108369) _run_loop /opt/stack/data/venv/lib/python3.12/site-packages/oslo_service/backend/_threading/loopingcall.py:125}}
Feb 26 00:49:31.194475 np0000157127 nova-scheduler[108364]: DEBUG oslo.service.backend._threading.loopingcall [None req-46f5c53b-ac65-45ec-8317-1e41bcb4e246 None None] Dynamic interval looping call 'nova.service.Service.periodic_tasks' sleeping for 60.00 seconds {{(pid=108364) _run_loop /opt/stack/data/venv/lib/python3.12/site-packages/oslo_service/backend/_threading/loopingcall.py:125}}
Feb 26 00:49:43.201522 np0000157127 nova-scheduler[108375]: DEBUG oslo.service.backend._threading.loopingcall [None req-699a50db-aabb-4381-9907-f3ddfd509373 None None] Dynamic interval looping call 'nova.service.Service.periodic_tasks' sleeping for 60.00 seconds {{(pid=108375) _run_loop /opt/stack/data/venv/lib/python3.12/site-packages/oslo_service/backend/_threading/loopingcall.py:125}}
Feb 26 00:50:09.206218 np0000157127 nova-scheduler[108364]: DEBUG oslo.service.backend._threading.loopingcall [-] Fixed interval looping call 'nova.servicegroup.drivers.db.DbDriver._report_state' sleeping for 119.99 seconds {{(pid=108364) _run_loop /opt/stack/data/venv/lib/python3.12/site-packages/oslo_service/backend/_threading/loopingcall.py:125}}
Feb 26 00:50:09.207224 np0000157127 nova-scheduler[108369]: DEBUG oslo.service.backend._threading.loopingcall [-] Fixed interval looping call 'nova.servicegroup.drivers.db.DbDriver._report_state' sleeping for 119.99 seconds {{(pid=108369) _run_loop /opt/stack/data/venv/lib/python3.12/site-packages/oslo_service/backend/_threading/loopingcall.py:125}}
Feb 26 00:50:09.212511 np0000157127 nova-scheduler[108375]: DEBUG oslo.service.backend._threading.loopingcall [-] Fixed interval looping call 'nova.servicegroup.drivers.db.DbDriver._report_state' sleeping for 119.99 seconds {{(pid=108375) _run_loop /opt/stack/data/venv/lib/python3.12/site-packages/oslo_service/backend/_threading/loopingcall.py:125}}
Feb 26 00:50:09.246378 np0000157127 nova-scheduler[108387]: DEBUG oslo.service.backend._threading.loopingcall [-] Fixed interval looping call 'nova.servicegroup.drivers.db.DbDriver._report_state' sleeping for 119.99 seconds {{(pid=108387) _run_loop /opt/stack/data/venv/lib/python3.12/site-packages/oslo_service/backend/_threading/loopingcall.py:125}}
Feb 26 00:50:12.239738 np0000157127 nova-scheduler[108387]: DEBUG oslo.service.backend._threading.loopingcall [None req-0b9d2578-128f-406c-9488-cb95d359322c None None] Dynamic interval looping call 'nova.service.Service.periodic_tasks' sleeping for 60.00 seconds {{(pid=108387) _run_loop /opt/stack/data/venv/lib/python3.12/site-packages/oslo_service/backend/_threading/loopingcall.py:125}}
Feb 26 00:50:15.198723 np0000157127 nova-scheduler[108369]: DEBUG oslo.service.backend._threading.loopingcall [None req-75d94264-bb8b-459e-a20d-19eb48d62636 None None] Dynamic interval looping call 'nova.service.Service.periodic_tasks' sleeping for 60.00 seconds {{(pid=108369) _run_loop /opt/stack/data/venv/lib/python3.12/site-packages/oslo_service/backend/_threading/loopingcall.py:125}}
Feb 26 00:50:19.197290 np0000157127 nova-scheduler[108364]: DEBUG dbcounter [-] [108364] Writing DB stats nova_cell0:SELECT=1,nova_cell0:UPDATE=1 {{(pid=108364) stat_writer /opt/stack/data/venv/lib/python3.12/site-packages/dbcounter.py:115}}
Feb 26 00:50:19.197785 np0000157127 nova-scheduler[108369]: DEBUG dbcounter [-] [108369] Writing DB stats nova_cell0:SELECT=1,nova_cell0:UPDATE=1 {{(pid=108369) stat_writer /opt/stack/data/venv/lib/python3.12/site-packages/dbcounter.py:115}}
