2026-07-17 12:13:16.162 8 INFO placement.requestlog [req-8b8950d6-3416-4648-a1b4-9b147a4be3cb req-a6fa4990-11a4-4f7f-9779-84edb4c3bd8b 83850c5fd3474fe09b1fb1c58a0ebeca 828ac0a72a9844eb9b2a802b8d0ec8bc - - c68a50f942084f9a898656cd48873190 c68a50f942084f9a898656cd48873190] 199.19.213.242 "GET /resource_providers/daed9c97-3693-4099-ab96-fc061ec3153f/aggregates" status: 200 len: 53 microversion: 1.19 [pid: 8|app: 0|req: 353/705] 199.19.213.242 () {34 vars in 899 bytes} [Fri Jul 17 12:13:16 2026] GET /resource_providers/daed9c97-3693-4099-ab96-fc061ec3153f/aggregates => generated 53 bytes in 13 msecs (HTTP/1.1 200) 8 headers in 295 bytes (1 switches on core 0)
2026-07-17 12:13:16.197 7 INFO placement.requestlog [req-8b8950d6-3416-4648-a1b4-9b147a4be3cb req-c80405c7-95ad-473d-83ed-5905aa76bc9e 83850c5fd3474fe09b1fb1c58a0ebeca 828ac0a72a9844eb9b2a802b8d0ec8bc - - c68a50f942084f9a898656cd48873190 c68a50f942084f9a898656cd48873190] 199.19.213.242 "GET /resource_providers/daed9c97-3693-4099-ab96-fc061ec3153f/traits" status: 200 len: 1682 microversion: 1.6 [pid: 7|app: 0|req: 353/706] 199.19.213.242 () {34 vars in 890 bytes} [Fri Jul 17 12:13:16 2026] GET /resource_providers/daed9c97-3693-4099-ab96-fc061ec3153f/traits => generated 1682 bytes in 26 msecs (HTTP/1.1 200) 6 headers in 225 bytes (1 switches on core 0)
2026-07-17 12:13:16.228 8 INFO placement.requestlog [req-8b8950d6-3416-4648-a1b4-9b147a4be3cb req-2420c041-ca67-4971-90cf-f633dd954b8d 83850c5fd3474fe09b1fb1c58a0ebeca 828ac0a72a9844eb9b2a802b8d0ec8bc - - c68a50f942084f9a898656cd48873190 c68a50f942084f9a898656cd48873190] 199.19.213.242 "GET /resource_providers/daed9c97-3693-4099-ab96-fc061ec3153f/allocations" status: 200 len: 352 microversion: 1.0 [pid: 8|app: 0|req: 354/707] 199.19.213.242 () {32 vars in 857 bytes} [Fri Jul 17 12:13:16 2026] GET /resource_providers/daed9c97-3693-4099-ab96-fc061ec3153f/allocations => generated 352 bytes in 14 msecs (HTTP/1.1 200) 6 headers in 224 bytes (1 switches on core 0)
2026-07-17 12:13:16.248 7 INFO placement.requestlog [req-8b8950d6-3416-4648-a1b4-9b147a4be3cb req-5c5985af-c917-4231-83f4-f5544f9c9571 83850c5fd3474fe09b1fb1c58a0ebeca 828ac0a72a9844eb9b2a802b8d0ec8bc - - c68a50f942084f9a898656cd48873190 c68a50f942084f9a898656cd48873190] 199.19.213.242 "GET /allocations/a3f512cb-0f34-4419-99dd-97a38bd1326f" status: 200 len: 257 microversion: 1.28 [pid: 7|app: 0|req: 354/708] 199.19.213.242 () {34 vars in 863 bytes} [Fri Jul 17 12:13:16 2026] GET /allocations/a3f512cb-0f34-4419-99dd-97a38bd1326f => generated 257 bytes in 15 msecs (HTTP/1.1 200) 8 headers in 296 bytes (1 switches on core 0)
2026-07-17 12:13:16.267 8 INFO placement.requestlog [req-8b8950d6-3416-4648-a1b4-9b147a4be3cb req-6b412d42-98e0-4909-95db-58ee1c0bf500 83850c5fd3474fe09b1fb1c58a0ebeca 828ac0a72a9844eb9b2a802b8d0ec8bc - - c68a50f942084f9a898656cd48873190 c68a50f942084f9a898656cd48873190] 199.19.213.242 "GET /allocations/6d2ed8c2-ed08-4e6b-8914-4333652bab8d" status: 200 len: 257 microversion: 1.28 [pid: 8|app: 0|req: 355/709] 199.19.213.242 () {34 vars in 863 bytes} [Fri Jul 17 12:13:16 2026] GET /allocations/6d2ed8c2-ed08-4e6b-8914-4333652bab8d => generated 257 bytes in 15 msecs (HTTP/1.1 200) 8 headers in 296 bytes (1 switches on core 0)
2026-07-17 12:13:16.289 7 INFO placement.requestlog [req-8b8950d6-3416-4648-a1b4-9b147a4be3cb req-be9c1a26-1587-41b3-bbb2-685fe0806e22 83850c5fd3474fe09b1fb1c58a0ebeca 828ac0a72a9844eb9b2a802b8d0ec8bc - - c68a50f942084f9a898656cd48873190 c68a50f942084f9a898656cd48873190] 199.19.213.242 "GET /allocations/66b4f678-70aa-43c1-a79f-7a6354a845e8" status: 200 len: 257 microversion: 1.28 [pid: 7|app: 0|req: 355/710] 199.19.213.242 () {34 vars in 863 bytes} [Fri Jul 17 12:13:16 2026] GET /allocations/66b4f678-70aa-43c1-a79f-7a6354a845e8 => generated 257 bytes in 14 msecs (HTTP/1.1 200) 8 headers in 296 bytes (1 switches on core 0)
2026-07-17 12:13:18.571 8 INFO placement.requestlog [None req-82a14e61-e763-4fcf-9734-0e887a6c96db - - - - - -] 10.0.0.93 "GET /" status: 200 len: 136 microversion: 1.0
2026-07-17 12:13:18.571 7 INFO placement.requestlog [None req-30c691e2-2574-4d0e-a820-114e9f6e05d3 - - - - - -] 10.0.0.93 "GET /" status: 200 len: 136 microversion: 1.0
2026-07-17 12:13:20.742 7 INFO placement.requestlog [req-642e7428-38d8-448a-8316-7ee75b436afc req-131f8469-f060-46ee-9588-97a050dfb5e9 83850c5fd3474fe09b1fb1c58a0ebeca 828ac0a72a9844eb9b2a802b8d0ec8bc - - c68a50f942084f9a898656cd48873190 c68a50f942084f9a898656cd48873190] 199.19.213.242 "GET /resource_providers/daed9c97-3693-4099-ab96-fc061ec3153f/allocations" status: 200 len: 352 microversion: 1.0 [pid: 7|app: 0|req: 357/713] 199.19.213.242 () {32 vars in 857 bytes} [Fri Jul 17 12:13:20 2026] GET /resource_providers/daed9c97-3693-4099-ab96-fc061ec3153f/allocations => generated 352 bytes in 21 msecs (HTTP/1.1 200) 6 headers in 224 bytes (1 switches on core 0)
2026-07-17 12:13:20.768 8 INFO placement.requestlog [req-642e7428-38d8-448a-8316-7ee75b436afc req-2273af62-6015-4e71-95af-e80f658ea17d 83850c5fd3474fe09b1fb1c58a0ebeca 828ac0a72a9844eb9b2a802b8d0ec8bc - - c68a50f942084f9a898656cd48873190 c68a50f942084f9a898656cd48873190] 199.19.213.242 "GET /resource_providers/daed9c97-3693-4099-ab96-fc061ec3153f/allocations" status: 200 len: 352 microversion: 1.0 [pid: 8|app: 0|req: 357/714] 199.19.213.242 () {32 vars in 857 bytes} [Fri Jul 17 12:13:20 2026] GET /resource_providers/daed9c97-3693-4099-ab96-fc061ec3153f/allocations => generated 352 bytes in 17 msecs (HTTP/1.1 200) 6 headers in 224 bytes (1 switches on core 0)
2026-07-17 12:13:20.797 7 INFO placement.requestlog [req-642e7428-38d8-448a-8316-7ee75b436afc req-d6a3244e-2949-45a9-9fef-1b74e894da5b 83850c5fd3474fe09b1fb1c58a0ebeca 828ac0a72a9844eb9b2a802b8d0ec8bc - - c68a50f942084f9a898656cd48873190 c68a50f942084f9a898656cd48873190] 199.19.213.242 "GET /allocations/a3f512cb-0f34-4419-99dd-97a38bd1326f" status: 200 len: 257 microversion: 1.28 [pid: 7|app: 0|req: 358/715] 199.19.213.242 () {34 vars in 863 bytes} [Fri Jul 17 12:13:20 2026] GET /allocations/a3f512cb-0f34-4419-99dd-97a38bd1326f => generated 257 bytes in 17 msecs (HTTP/1.1 200) 8 headers in 296 bytes (1 switches on core 0)
2026-07-17 12:13:20.820 8 INFO placement.requestlog [req-642e7428-38d8-448a-8316-7ee75b436afc req-8c6acd51-536d-4004-b3f3-add9beab0cbc 83850c5fd3474fe09b1fb1c58a0ebeca 828ac0a72a9844eb9b2a802b8d0ec8bc - - c68a50f942084f9a898656cd48873190 c68a50f942084f9a898656cd48873190] 199.19.213.242 "GET /allocations/6d2ed8c2-ed08-4e6b-8914-4333652bab8d" status: 200 len: 257 microversion: 1.28 [pid: 8|app: 0|req: 358/716] 199.19.213.242 () {34 vars in 863 bytes} [Fri Jul 17 12:13:20 2026] GET /allocations/6d2ed8c2-ed08-4e6b-8914-4333652bab8d => generated 257 bytes in 13 msecs (HTTP/1.1 200) 8 headers in 296 bytes (1 switches on core 0)
2026-07-17 12:13:20.843 7 INFO placement.requestlog [req-642e7428-38d8-448a-8316-7ee75b436afc req-af2f858a-947c-44e0-b72f-166cb0fc1f58 83850c5fd3474fe09b1fb1c58a0ebeca 828ac0a72a9844eb9b2a802b8d0ec8bc - - c68a50f942084f9a898656cd48873190 c68a50f942084f9a898656cd48873190] 199.19.213.242 "GET /allocations/66b4f678-70aa-43c1-a79f-7a6354a845e8" status: 200 len: 257 microversion: 1.28 [pid: 7|app: 0|req: 359/717] 199.19.213.242 () {34 vars in 863 bytes} [Fri Jul 17 12:13:20 2026] GET /allocations/66b4f678-70aa-43c1-a79f-7a6354a845e8 => generated 257 bytes in 15 msecs (HTTP/1.1 200) 8 headers in 296 bytes (1 switches on core 0)
2026-07-17 12:13:24.629 8 INFO placement.requestlog [req-210e473b-7ab7-46bd-aa3e-ca42434db89c req-b72180a2-b542-45d5-abb0-c1b92e6bc4ba 83850c5fd3474fe09b1fb1c58a0ebeca 828ac0a72a9844eb9b2a802b8d0ec8bc - - c68a50f942084f9a898656cd48873190 c68a50f942084f9a898656cd48873190] 199.19.213.242 "GET /resource_providers/daed9c97-3693-4099-ab96-fc061ec3153f/allocations" status: 200 len: 352 microversion: 1.0 [pid: 8|app: 0|req: 359/718] 199.19.213.242 () {32 vars in 857 bytes} [Fri Jul 17 12:13:24 2026] GET /resource_providers/daed9c97-3693-4099-ab96-fc061ec3153f/allocations => generated 352 bytes in 21 msecs (HTTP/1.1 200) 6 headers in 224 bytes (1 switches on core 0)
2026-07-17 12:13:24.650 7 INFO placement.requestlog [req-210e473b-7ab7-46bd-aa3e-ca42434db89c req-995c8c80-f5a2-4fbb-a24a-81aca6054cee 83850c5fd3474fe09b1fb1c58a0ebeca 828ac0a72a9844eb9b2a802b8d0ec8bc - - c68a50f942084f9a898656cd48873190 c68a50f942084f9a898656cd48873190] 199.19.213.242 "GET /allocations/a3f512cb-0f34-4419-99dd-97a38bd1326f" status: 200 len: 257 microversion: 1.28 [pid: 7|app: 0|req: 360/719] 199.19.213.242 () {34 vars in 863 bytes} [Fri Jul 17 12:13:24 2026] GET /allocations/a3f512cb-0f34-4419-99dd-97a38bd1326f => generated 257 bytes in 15 msecs (HTTP/1.1 200) 8 headers in 296 bytes (1 switches on core 0)
2026-07-17 12:13:24.673 8 INFO placement.requestlog [req-210e473b-7ab7-46bd-aa3e-ca42434db89c req-630d7b6a-23ac-47e5-8fb9-d301d7ca2737 83850c5fd3474fe09b1fb1c58a0ebeca 828ac0a72a9844eb9b2a802b8d0ec8bc - - c68a50f942084f9a898656cd48873190 c68a50f942084f9a898656cd48873190] 199.19.213.242 "GET /allocations/6d2ed8c2-ed08-4e6b-8914-4333652bab8d" status: 200 len: 257 microversion: 1.28 [pid: 8|app: 0|req: 360/720] 199.19.213.242 () {34 vars in 863 bytes} [Fri Jul 17 12:13:24 2026] GET /allocations/6d2ed8c2-ed08-4e6b-8914-4333652bab8d => generated 257 bytes in 14 msecs (HTTP/1.1 200) 8 headers in 296 bytes (1 switches on core 0)
2026-07-17 12:13:24.709 7 INFO placement.requestlog [req-210e473b-7ab7-46bd-aa3e-ca42434db89c req-18bd0962-b742-4862-aa75-eacee9a52fd5 83850c5fd3474fe09b1fb1c58a0ebeca 828ac0a72a9844eb9b2a802b8d0ec8bc - - c68a50f942084f9a898656cd48873190 c68a50f942084f9a898656cd48873190] 199.19.213.242 "GET /allocations/66b4f678-70aa-43c1-a79f-7a6354a845e8" status: 200 len: 257 microversion: 1.28 [pid: 7|app: 0|req: 361/721] 199.19.213.242 () {34 vars in 863 bytes} [Fri Jul 17 12:13:24 2026] GET /allocations/66b4f678-70aa-43c1-a79f-7a6354a845e8 => generated 257 bytes in 21 msecs (HTTP/1.1 200) 8 headers in 296 bytes (1 switches on core 0)
2026-07-17 12:13:24.790 8 INFO placement.requestlog [req-210e473b-7ab7-46bd-aa3e-ca42434db89c req-9103464c-852f-4c98-9fd3-d171f4236807 83850c5fd3474fe09b1fb1c58a0ebeca 828ac0a72a9844eb9b2a802b8d0ec8bc - - c68a50f942084f9a898656cd48873190 c68a50f942084f9a898656cd48873190] 199.19.213.242 "DELETE /allocations/66b4f678-70aa-43c1-a79f-7a6354a845e8" status: 204 len: 0 microversion: 1.0 [pid: 8|app: 0|req: 361/722] 199.19.213.242 () {34 vars in 841 bytes} [Fri Jul 17 12:13:24 2026] DELETE /allocations/66b4f678-70aa-43c1-a79f-7a6354a845e8 => generated 0 bytes in 32 msecs (HTTP/1.1 204) 5 headers in 198 bytes (1 switches on core 0)
2026-07-17 12:13:28.570 8 INFO placement.requestlog [None req-802feafe-4e86-4d10-b8f7-05026fd79e88 - - - - - -] 10.0.0.93 "GET /" status: 200 len: 136 microversion: 1.0
2026-07-17 12:13:28.571 7 INFO placement.requestlog [None req-dd398909-edeb-4e5d-b299-f7f5f2c2bfd1 - - - - - -] 10.0.0.93 "GET /" status: 200 len: 136 microversion: 1.0
2026-07-17 12:13:28.905 8 INFO placement.requestlog [None req-485d0d87-1881-4741-973c-b2f95573dd8f 1addc4eb03af482cb894f0f101f8df03 828ac0a72a9844eb9b2a802b8d0ec8bc - - c68a50f942084f9a898656cd48873190 c68a50f942084f9a898656cd48873190] 10.0.0.129 "GET /resource_providers/d8246553-a1d9-4018-9ecd-12283a1a1f2d/aggregates" status: 404 len: 235 microversion: 1.1
2026-07-17 12:13:28.905 7 INFO placement.requestlog [None req-72ac2dfc-d78e-44a8-a89b-8e0a02835c2d 1addc4eb03af482cb894f0f101f8df03 828ac0a72a9844eb9b2a802b8d0ec8bc - - c68a50f942084f9a898656cd48873190 c68a50f942084f9a898656cd48873190] 10.0.0.129 "GET /resource_providers/d8246553-a1d9-4018-9ecd-12283a1a1f2d/aggregates" status: 404 len: 235 microversion: 1.1 [pid: 8|app: 0|req: 363/725] 10.0.0.129 () {32 vars in 816 bytes} [Fri Jul 17 12:13:28 2026] GET /resource_providers/d8246553-a1d9-4018-9ecd-12283a1a1f2d/aggregates => generated 235 bytes in 19 msecs (HTTP/1.1 404) 5 headers in 202 bytes (1 switches on core 0) [pid: 7|app: 0|req: 363/726] 10.0.0.129 () {32 vars in 816 bytes} [Fri Jul 17 12:13:28 2026] GET /resource_providers/d8246553-a1d9-4018-9ecd-12283a1a1f2d/aggregates => generated 235 bytes in 20 msecs (HTTP/1.1 404) 5 headers in 202 bytes (1 switches on core 0)
2026-07-17 12:13:28.937 8 INFO placement.requestlog [None req-a0542d0b-3d9b-4135-867e-a8a5858224d7 1addc4eb03af482cb894f0f101f8df03 828ac0a72a9844eb9b2a802b8d0ec8bc - - c68a50f942084f9a898656cd48873190 c68a50f942084f9a898656cd48873190] 10.0.0.129 "DELETE /resource_providers/d8246553-a1d9-4018-9ecd-12283a1a1f2d" status: 404 len: 246 microversion: 1.1 [pid: 8|app: 0|req: 364/727] 10.0.0.129 () {34 vars in 816 bytes} [Fri Jul 17 12:13:28 2026] DELETE /resource_providers/d8246553-a1d9-4018-9ecd-12283a1a1f2d => generated 246 bytes in 12 msecs (HTTP/1.1 404) 6 headers in 231 bytes (1 switches on core 0)
2026-07-17 12:13:28.952 7 INFO placement.requestlog [None req-ece910b2-afcd-4c0e-b026-e0b4a49cf7f3 1addc4eb03af482cb894f0f101f8df03 828ac0a72a9844eb9b2a802b8d0ec8bc - - c68a50f942084f9a898656cd48873190 c68a50f942084f9a898656cd48873190] 10.0.0.129 "DELETE /resource_providers/d8246553-a1d9-4018-9ecd-12283a1a1f2d" status: 404 len: 246 microversion: 1.1 [pid: 7|app: 0|req: 364/728] 10.0.0.129 () {34 vars in 816 bytes} [Fri Jul 17 12:13:28 2026] DELETE /resource_providers/d8246553-a1d9-4018-9ecd-12283a1a1f2d => generated 246 bytes in 25 msecs (HTTP/1.1 404) 6 headers in 231 bytes (1 switches on core 0)
2026-07-17 12:13:30.966 8 INFO placement.requestlog [None req-fcc9d314-9ab3-498c-b1a9-1a3de283d17e 1addc4eb03af482cb894f0f101f8df03 828ac0a72a9844eb9b2a802b8d0ec8bc - - c68a50f942084f9a898656cd48873190 c68a50f942084f9a898656cd48873190] 10.0.0.129 "GET /resource_providers/5037e279-7788-47e9-8f5c-8b497f7d00bd/aggregates" status: 404 len: 235 microversion: 1.1 [pid: 8|app: 0|req: 365/729] 10.0.0.129 () {32 vars in 816 bytes} [Fri Jul 17 12:13:30 2026] GET /resource_providers/5037e279-7788-47e9-8f5c-8b497f7d00bd/aggregates => generated 235 bytes in 17 msecs (HTTP/1.1 404) 5 headers in 202 bytes (1 switches on core 0)
2026-07-17 12:13:30.974 7 INFO placement.requestlog [None req-e43caa7e-d11a-4e61-afe2-ab796c059dbe 1addc4eb03af482cb894f0f101f8df03 828ac0a72a9844eb9b2a802b8d0ec8bc - - c68a50f942084f9a898656cd48873190 c68a50f942084f9a898656cd48873190] 10.0.0.129 "GET /resource_providers/5037e279-7788-47e9-8f5c-8b497f7d00bd/aggregates" status: 404 len: 235 microversion: 1.1 [pid: 7|app: 0|req: 365/730] 10.0.0.129 () {32 vars in 816 bytes} [Fri Jul 17 12:13:30 2026] GET /resource_providers/5037e279-7788-47e9-8f5c-8b497f7d00bd/aggregates => generated 235 bytes in 12 msecs (HTTP/1.1 404) 5 headers in 202 bytes (1 switches on core 0)
2026-07-17 12:13:30.992 8 INFO placement.requestlog [None req-9f70fd3c-5196-4e99-90c0-460463602164 1addc4eb03af482cb894f0f101f8df03 828ac0a72a9844eb9b2a802b8d0ec8bc - - c68a50f942084f9a898656cd48873190 c68a50f942084f9a898656cd48873190] 10.0.0.129 "DELETE /resource_providers/5037e279-7788-47e9-8f5c-8b497f7d00bd" status: 404 len: 246 microversion: 1.1 [pid: 8|app: 0|req: 366/731] 10.0.0.129 () {34 vars in 816 bytes} [Fri Jul 17 12:13:30 2026] DELETE /resource_providers/5037e279-7788-47e9-8f5c-8b497f7d00bd => generated 246 bytes in 13 msecs (HTTP/1.1 404) 6 headers in 231 bytes (1 switches on core 0)
2026-07-17 12:13:31.004 7 INFO placement.requestlog [None req-1dda482b-fdea-48c2-aada-5ca4aeaf862c 1addc4eb03af482cb894f0f101f8df03 828ac0a72a9844eb9b2a802b8d0ec8bc - - c68a50f942084f9a898656cd48873190 c68a50f942084f9a898656cd48873190] 10.0.0.129 "DELETE /resource_providers/5037e279-7788-47e9-8f5c-8b497f7d00bd" status: 404 len: 246 microversion: 1.1 [pid: 7|app: 0|req: 366/732] 10.0.0.129 () {34 vars in 816 bytes} [Fri Jul 17 12:13:30 2026] DELETE /resource_providers/5037e279-7788-47e9-8f5c-8b497f7d00bd => generated 246 bytes in 17 msecs (HTTP/1.1 404) 6 headers in 231 bytes (1 switches on core 0)
2026-07-17 12:13:33.803 8 INFO placement.requestlog [req-798964dd-7c6c-4df0-b9f8-156ff55a8766 req-657faa45-52d7-4317-9f99-6cd9b8b3d48b 83850c5fd3474fe09b1fb1c58a0ebeca 828ac0a72a9844eb9b2a802b8d0ec8bc - - c68a50f942084f9a898656cd48873190 c68a50f942084f9a898656cd48873190] 199.19.213.242 "GET /resource_providers/daed9c97-3693-4099-ab96-fc061ec3153f/allocations" status: 200 len: 252 microversion: 1.0 [pid: 8|app: 0|req: 367/733] 199.19.213.242 () {32 vars in 857 bytes} [Fri Jul 17 12:13:33 2026] GET /resource_providers/daed9c97-3693-4099-ab96-fc061ec3153f/allocations => generated 252 bytes in 33 msecs (HTTP/1.1 200) 6 headers in 224 bytes (1 switches on core 0)
2026-07-17 12:13:33.833 7 INFO placement.requestlog [req-798964dd-7c6c-4df0-b9f8-156ff55a8766 req-3b47b8cc-ebd0-4838-a050-2ff5fee5b284 83850c5fd3474fe09b1fb1c58a0ebeca 828ac0a72a9844eb9b2a802b8d0ec8bc - - c68a50f942084f9a898656cd48873190 c68a50f942084f9a898656cd48873190] 199.19.213.242 "GET /allocations/a3f512cb-0f34-4419-99dd-97a38bd1326f" status: 200 len: 257 microversion: 1.28 [pid: 7|app: 0|req: 367/734] 199.19.213.242 () {34 vars in 863 bytes} [Fri Jul 17 12:13:33 2026] GET /allocations/a3f512cb-0f34-4419-99dd-97a38bd1326f => generated 257 bytes in 21 msecs (HTTP/1.1 200) 8 headers in 296 bytes (1 switches on core 0)
2026-07-17 12:13:33.858 8 INFO placement.requestlog [req-798964dd-7c6c-4df0-b9f8-156ff55a8766 req-b311332c-400c-40e8-9d03-10931106b871 83850c5fd3474fe09b1fb1c58a0ebeca 828ac0a72a9844eb9b2a802b8d0ec8bc - - c68a50f942084f9a898656cd48873190 c68a50f942084f9a898656cd48873190] 199.19.213.242 "GET /allocations/6d2ed8c2-ed08-4e6b-8914-4333652bab8d" status: 200 len: 257 microversion: 1.28 [pid: 8|app: 0|req: 368/735] 199.19.213.242 () {34 vars in 863 bytes} [Fri Jul 17 12:13:33 2026] GET /allocations/6d2ed8c2-ed08-4e6b-8914-4333652bab8d => generated 257 bytes in 17 msecs (HTTP/1.1 200) 8 headers in 296 bytes (1 switches on core 0)
2026-07-17 12:13:33.971 7 INFO placement.requestlog [req-798964dd-7c6c-4df0-b9f8-156ff55a8766 req-281d1032-763d-4067-b328-7f06092415f8 83850c5fd3474fe09b1fb1c58a0ebeca 828ac0a72a9844eb9b2a802b8d0ec8bc - - c68a50f942084f9a898656cd48873190 c68a50f942084f9a898656cd48873190] 199.19.213.242 "DELETE /allocations/a3f512cb-0f34-4419-99dd-97a38bd1326f" status: 204 len: 0 microversion: 1.0 [pid: 7|app: 0|req: 368/736] 199.19.213.242 () {34 vars in 841 bytes} [Fri Jul 17 12:13:33 2026] DELETE /allocations/a3f512cb-0f34-4419-99dd-97a38bd1326f => generated 0 bytes in 46 msecs (HTTP/1.1 204) 5 headers in 198 bytes (1 switches on core 0)
2026-07-17 12:13:34.611 8 INFO placement.requestlog [None req-f3b840e6-c469-4ca0-b409-125e16ce9a3f 1addc4eb03af482cb894f0f101f8df03 828ac0a72a9844eb9b2a802b8d0ec8bc - - c68a50f942084f9a898656cd48873190 c68a50f942084f9a898656cd48873190] 10.0.0.129 "GET /resource_providers/841c63a4-4230-46ea-ac02-06a4f4955689/aggregates" status: 404 len: 235 microversion: 1.1 [pid: 8|app: 0|req: 369/737] 10.0.0.129 () {32 vars in 816 bytes} [Fri Jul 17 12:13:34 2026] GET /resource_providers/841c63a4-4230-46ea-ac02-06a4f4955689/aggregates => generated 235 bytes in 16 msecs (HTTP/1.1 404) 5 headers in 202 bytes (1 switches on core 0)
2026-07-17 12:13:34.615 7 INFO placement.requestlog [None req-93bc29db-027b-418a-ae2b-5bf18a2031c4 1addc4eb03af482cb894f0f101f8df03 828ac0a72a9844eb9b2a802b8d0ec8bc - - c68a50f942084f9a898656cd48873190 c68a50f942084f9a898656cd48873190] 10.0.0.129 "GET /resource_providers/841c63a4-4230-46ea-ac02-06a4f4955689/aggregates" status: 404 len: 235 microversion: 1.1 [pid: 7|app: 0|req: 369/738] 10.0.0.129 () {32 vars in 816 bytes} [Fri Jul 17 12:13:34 2026] GET /resource_providers/841c63a4-4230-46ea-ac02-06a4f4955689/aggregates => generated 235 bytes in 19 msecs (HTTP/1.1 404) 5 headers in 202 bytes (1 switches on core 0)
2026-07-17 12:13:34.648 8 INFO placement.requestlog [None req-b4405d02-d282-41ff-8da3-8432abd559f2 1addc4eb03af482cb894f0f101f8df03 828ac0a72a9844eb9b2a802b8d0ec8bc - - c68a50f942084f9a898656cd48873190 c68a50f942084f9a898656cd48873190] 10.0.0.129 "DELETE /resource_providers/841c63a4-4230-46ea-ac02-06a4f4955689" status: 404 len: 246 microversion: 1.1 [pid: 8|app: 0|req: 370/739] 10.0.0.129 () {34 vars in 816 bytes} [Fri Jul 17 12:13:34 2026] DELETE /resource_providers/841c63a4-4230-46ea-ac02-06a4f4955689 => generated 246 bytes in 18 msecs (HTTP/1.1 404) 6 headers in 231 bytes (1 switches on core 0)
2026-07-17 12:13:34.649 7 INFO placement.requestlog [None req-84dffaf5-4118-451a-bf2a-2e78a424fe8f 1addc4eb03af482cb894f0f101f8df03 828ac0a72a9844eb9b2a802b8d0ec8bc - - c68a50f942084f9a898656cd48873190 c68a50f942084f9a898656cd48873190] 10.0.0.129 "DELETE /resource_providers/841c63a4-4230-46ea-ac02-06a4f4955689" status: 404 len: 246 microversion: 1.1 [pid: 7|app: 0|req: 370/740] 10.0.0.129 () {34 vars in 816 bytes} [Fri Jul 17 12:13:34 2026] DELETE /resource_providers/841c63a4-4230-46ea-ac02-06a4f4955689 => generated 246 bytes in 19 msecs (HTTP/1.1 404) 6 headers in 231 bytes (1 switches on core 0)
2026-07-17 12:13:36.792 8 INFO placement.requestlog [None req-72bf0b1a-3a14-4be4-9ff7-46c0ce0100a8 1addc4eb03af482cb894f0f101f8df03 828ac0a72a9844eb9b2a802b8d0ec8bc - - c68a50f942084f9a898656cd48873190 c68a50f942084f9a898656cd48873190] 10.0.0.129 "GET /resource_providers/8bc1ce24-97de-4d54-8c49-27bc69bc6ce4/aggregates" status: 404 len: 235 microversion: 1.1 [pid: 8|app: 0|req: 371/741] 10.0.0.129 () {32 vars in 816 bytes} [Fri Jul 17 12:13:36 2026] GET /resource_providers/8bc1ce24-97de-4d54-8c49-27bc69bc6ce4/aggregates => generated 235 bytes in 18 msecs (HTTP/1.1 404) 5 headers in 202 bytes (1 switches on core 0)
2026-07-17 12:13:36.793 7 INFO placement.requestlog [None req-35429ded-ce8c-41cd-ab6b-f985cbf84d52 1addc4eb03af482cb894f0f101f8df03 828ac0a72a9844eb9b2a802b8d0ec8bc - - c68a50f942084f9a898656cd48873190 c68a50f942084f9a898656cd48873190] 10.0.0.129 "GET /resource_providers/8bc1ce24-97de-4d54-8c49-27bc69bc6ce4/aggregates" status: 404 len: 235 microversion: 1.1 [pid: 7|app: 0|req: 371/742] 10.0.0.129 () {32 vars in 816 bytes} [Fri Jul 17 12:13:36 2026] GET /resource_providers/8bc1ce24-97de-4d54-8c49-27bc69bc6ce4/aggregates => generated 235 bytes in 17 msecs (HTTP/1.1 404) 5 headers in 202 bytes (1 switches on core 0)
2026-07-17 12:13:36.816 8 INFO placement.requestlog [None req-4670ae71-cbea-4dba-b357-52ce54b8890f 1addc4eb03af482cb894f0f101f8df03 828ac0a72a9844eb9b2a802b8d0ec8bc - - c68a50f942084f9a898656cd48873190 c68a50f942084f9a898656cd48873190] 10.0.0.129 "DELETE /resource_providers/8bc1ce24-97de-4d54-8c49-27bc69bc6ce4" status: 404 len: 246 microversion: 1.1 [pid: 8|app: 0|req: 372/743] 10.0.0.129 () {34 vars in 816 bytes} [Fri Jul 17 12:13:36 2026] DELETE /resource_providers/8bc1ce24-97de-4d54-8c49-27bc69bc6ce4 => generated 246 bytes in 11 msecs (HTTP/1.1 404) 6 headers in 231 bytes (1 switches on core 0)
2026-07-17 12:13:36.837 7 INFO placement.requestlog [None req-4cf9abb3-c01a-4192-a65f-f117ae2d31aa 1addc4eb03af482cb894f0f101f8df03 828ac0a72a9844eb9b2a802b8d0ec8bc - - c68a50f942084f9a898656cd48873190 c68a50f942084f9a898656cd48873190] 10.0.0.129 "DELETE /resource_providers/8bc1ce24-97de-4d54-8c49-27bc69bc6ce4" status: 404 len: 246 microversion: 1.1 [pid: 7|app: 0|req: 372/744] 10.0.0.129 () {34 vars in 816 bytes} [Fri Jul 17 12:13:36 2026] DELETE /resource_providers/8bc1ce24-97de-4d54-8c49-27bc69bc6ce4 => generated 246 bytes in 12 msecs (HTTP/1.1 404) 6 headers in 231 bytes (1 switches on core 0)
2026-07-17 12:13:38.571 8 INFO placement.requestlog [None req-04165d3f-3df8-4093-95aa-fdedee231973 - - - - - -] 10.0.0.93 "GET /" status: 200 len: 136 microversion: 1.0
2026-07-17 12:13:38.574 7 INFO placement.requestlog [None req-56d35719-a611-45ab-866e-f9acedbd7118 - - - - - -] 10.0.0.93 "GET /" status: 200 len: 136 microversion: 1.0
2026-07-17 12:13:38.842 8 INFO placement.requestlog [None req-279ea1aa-0c48-4825-a37c-770c901ca357 1addc4eb03af482cb894f0f101f8df03 828ac0a72a9844eb9b2a802b8d0ec8bc - - c68a50f942084f9a898656cd48873190 c68a50f942084f9a898656cd48873190] 10.0.0.129 "GET /resource_providers/bcc8a0be-07c0-46ad-b28d-5490bf1091bd/aggregates" status: 404 len: 235 microversion: 1.1 [pid: 8|app: 0|req: 374/747] 10.0.0.129 () {32 vars in 816 bytes} [Fri Jul 17 12:13:38 2026] GET /resource_providers/bcc8a0be-07c0-46ad-b28d-5490bf1091bd/aggregates => generated 235 bytes in 10 msecs (HTTP/1.1 404) 5 headers in 202 bytes (1 switches on core 0)
2026-07-17 12:13:38.859 7 INFO placement.requestlog [None req-d064d64b-c8ca-403b-8b0c-eb1b6406595c 1addc4eb03af482cb894f0f101f8df03 828ac0a72a9844eb9b2a802b8d0ec8bc - - c68a50f942084f9a898656cd48873190 c68a50f942084f9a898656cd48873190] 10.0.0.129 "GET /resource_providers/bcc8a0be-07c0-46ad-b28d-5490bf1091bd/aggregates" status: 404 len: 235 microversion: 1.1 [pid: 7|app: 0|req: 374/748] 10.0.0.129 () {32 vars in 816 bytes} [Fri Jul 17 12:13:38 2026] GET /resource_providers/bcc8a0be-07c0-46ad-b28d-5490bf1091bd/aggregates => generated 235 bytes in 16 msecs (HTTP/1.1 404) 5 headers in 202 bytes (1 switches on core 0)
2026-07-17 12:13:38.865 8 INFO placement.requestlog [None req-64a597f0-030e-4e26-8391-0a3b097b9b5f 1addc4eb03af482cb894f0f101f8df03 828ac0a72a9844eb9b2a802b8d0ec8bc - - c68a50f942084f9a898656cd48873190 c68a50f942084f9a898656cd48873190] 10.0.0.129 "DELETE /resource_providers/bcc8a0be-07c0-46ad-b28d-5490bf1091bd" status: 404 len: 246 microversion: 1.1 [pid: 8|app: 0|req: 375/749] 10.0.0.129 () {34 vars in 816 bytes} [Fri Jul 17 12:13:38 2026] DELETE /resource_providers/bcc8a0be-07c0-46ad-b28d-5490bf1091bd => generated 246 bytes in 15 msecs (HTTP/1.1 404) 6 headers in 231 bytes (1 switches on core 0)
2026-07-17 12:13:38.889 7 INFO placement.requestlog [None req-95f86f1a-e8e2-4dcd-9db2-978080551b50 1addc4eb03af482cb894f0f101f8df03 828ac0a72a9844eb9b2a802b8d0ec8bc - - c68a50f942084f9a898656cd48873190 c68a50f942084f9a898656cd48873190] 10.0.0.129 "DELETE /resource_providers/bcc8a0be-07c0-46ad-b28d-5490bf1091bd" status: 404 len: 246 microversion: 1.1 [pid: 7|app: 0|req: 375/750] 10.0.0.129 () {34 vars in 816 bytes} [Fri Jul 17 12:13:38 2026] DELETE /resource_providers/bcc8a0be-07c0-46ad-b28d-5490bf1091bd => generated 246 bytes in 12 msecs (HTTP/1.1 404) 6 headers in 231 bytes (1 switches on core 0)
2026-07-17 12:13:38.909 8 INFO placement.requestlog [None req-e0dd2eb2-ddf6-4641-bfff-119174a080df 1addc4eb03af482cb894f0f101f8df03 828ac0a72a9844eb9b2a802b8d0ec8bc - - c68a50f942084f9a898656cd48873190 c68a50f942084f9a898656cd48873190] 10.0.0.129 "GET /resource_providers/cf239c21-df3f-4593-b280-9a0120cd6191/aggregates" status: 404 len: 235 microversion: 1.1 [pid: 8|app: 0|req: 376/751] 10.0.0.129 () {32 vars in 816 bytes} [Fri Jul 17 12:13:38 2026] GET /resource_providers/cf239c21-df3f-4593-b280-9a0120cd6191/aggregates => generated 235 bytes in 13 msecs (HTTP/1.1 404) 5 headers in 202 bytes (1 switches on core 0)
2026-07-17 12:13:39.292 7 INFO placement.requestlog [None req-ec22eafd-301e-48c3-bbf8-6d36fecf1411 1addc4eb03af482cb894f0f101f8df03 828ac0a72a9844eb9b2a802b8d0ec8bc - - c68a50f942084f9a898656cd48873190 c68a50f942084f9a898656cd48873190] 10.0.0.129 "DELETE /resource_providers/cf239c21-df3f-4593-b280-9a0120cd6191" status: 404 len: 246 microversion: 1.1 [pid: 7|app: 0|req: 376/752] 10.0.0.129 () {34 vars in 816 bytes} [Fri Jul 17 12:13:39 2026] DELETE /resource_providers/cf239c21-df3f-4593-b280-9a0120cd6191 => generated 246 bytes in 19 msecs (HTTP/1.1 404) 6 headers in 231 bytes (1 switches on core 0)
2026-07-17 12:13:41.303 8 INFO placement.requestlog [None req-36ec2961-afab-449c-a6ea-3c2cc2152e35 1addc4eb03af482cb894f0f101f8df03 828ac0a72a9844eb9b2a802b8d0ec8bc - - c68a50f942084f9a898656cd48873190 c68a50f942084f9a898656cd48873190] 10.0.0.129 "GET /resource_providers/cf239c21-df3f-4593-b280-9a0120cd6191/aggregates" status: 404 len: 235 microversion: 1.1 [pid: 8|app: 0|req: 377/753] 10.0.0.129 () {32 vars in 816 bytes} [Fri Jul 17 12:13:41 2026] GET /resource_providers/cf239c21-df3f-4593-b280-9a0120cd6191/aggregates => generated 235 bytes in 12 msecs (HTTP/1.1 404) 5 headers in 202 bytes (1 switches on core 0)
2026-07-17 12:13:41.327 7 INFO placement.requestlog [None req-90e815d2-2a21-4d36-8986-722c2af36ca7 1addc4eb03af482cb894f0f101f8df03 828ac0a72a9844eb9b2a802b8d0ec8bc - - c68a50f942084f9a898656cd48873190 c68a50f942084f9a898656cd48873190] 10.0.0.129 "DELETE /resource_providers/cf239c21-df3f-4593-b280-9a0120cd6191" status: 404 len: 246 microversion: 1.1 [pid: 7|app: 0|req: 377/754] 10.0.0.129 () {34 vars in 816 bytes} [Fri Jul 17 12:13:41 2026] DELETE /resource_providers/cf239c21-df3f-4593-b280-9a0120cd6191 => generated 246 bytes in 14 msecs (HTTP/1.1 404) 6 headers in 231 bytes (1 switches on core 0)
2026-07-17 12:13:47.604 8 INFO placement.requestlog [req-7bd61ad2-5f68-4177-bfba-91104a45e0a6 req-7d3de2b7-79ee-491b-b007-1715eb0f85fe 83850c5fd3474fe09b1fb1c58a0ebeca 828ac0a72a9844eb9b2a802b8d0ec8bc - - c68a50f942084f9a898656cd48873190 c68a50f942084f9a898656cd48873190] 199.19.213.242 "GET /resource_providers/daed9c97-3693-4099-ab96-fc061ec3153f/allocations" status: 200 len: 152 microversion: 1.0 [pid: 8|app: 0|req: 378/755] 199.19.213.242 () {32 vars in 857 bytes} [Fri Jul 17 12:13:47 2026] GET /resource_providers/daed9c97-3693-4099-ab96-fc061ec3153f/allocations => generated 152 bytes in 25 msecs (HTTP/1.1 200) 6 headers in 224 bytes (1 switches on core 0)
2026-07-17 12:13:47.635 7 INFO placement.requestlog [req-7bd61ad2-5f68-4177-bfba-91104a45e0a6 req-1af09c73-13e0-4e1b-b1c7-91f2b06a4de1 83850c5fd3474fe09b1fb1c58a0ebeca 828ac0a72a9844eb9b2a802b8d0ec8bc - - c68a50f942084f9a898656cd48873190 c68a50f942084f9a898656cd48873190] 199.19.213.242 "GET /allocations/6d2ed8c2-ed08-4e6b-8914-4333652bab8d" status: 200 len: 257 microversion: 1.28 [pid: 7|app: 0|req: 378/756] 199.19.213.242 () {34 vars in 863 bytes} [Fri Jul 17 12:13:47 2026] GET /allocations/6d2ed8c2-ed08-4e6b-8914-4333652bab8d => generated 257 bytes in 20 msecs (HTTP/1.1 200) 8 headers in 296 bytes (1 switches on core 0)
2026-07-17 12:13:47.745 8 INFO placement.requestlog [req-7bd61ad2-5f68-4177-bfba-91104a45e0a6 req-2d869e9c-5679-4193-8ed1-2ed4869c21de 83850c5fd3474fe09b1fb1c58a0ebeca 828ac0a72a9844eb9b2a802b8d0ec8bc - - c68a50f942084f9a898656cd48873190 c68a50f942084f9a898656cd48873190] 199.19.213.242 "DELETE /allocations/6d2ed8c2-ed08-4e6b-8914-4333652bab8d" status: 204 len: 0 microversion: 1.0 [pid: 8|app: 0|req: 379/757] 199.19.213.242 () {34 vars in 841 bytes} [Fri Jul 17 12:13:47 2026] DELETE /allocations/6d2ed8c2-ed08-4e6b-8914-4333652bab8d => generated 0 bytes in 42 msecs (HTTP/1.1 204) 5 headers in 198 bytes (1 switches on core 0)
2026-07-17 12:13:48.570 7 INFO placement.requestlog [None req-5ee1caf0-47bc-4d14-a6e7-df0cfc120d08 - - - - - -] 10.0.0.93 "GET /" status: 200 len: 136 microversion: 1.0
2026-07-17 12:13:48.571 8 INFO placement.requestlog [None req-7ba3522e-2b85-4aac-9bbc-c3a9c8011b81 - - - - - -] 10.0.0.93 "GET /" status: 200 len: 136 microversion: 1.0
2026-07-17 12:13:49.144 7 INFO placement.requestlog [req-26de9250-fcb9-416f-a6ee-1203aa170567 req-0e5d8285-78c2-4b84-b72b-69151db93e32 83850c5fd3474fe09b1fb1c58a0ebeca 828ac0a72a9844eb9b2a802b8d0ec8bc - - c68a50f942084f9a898656cd48873190 c68a50f942084f9a898656cd48873190] 10.0.0.232 "GET /allocation_candidates?limit=1000&resources=DISK_GB%3A1%2CMEMORY_MB%3A512%2CVCPU%3A1&root_required=%21COMPUTE_STATUS_DISABLED" status: 200 len: 2147 microversion: 1.36 [pid: 7|app: 0|req: 380/760] 10.0.0.232 () {34 vars in 1012 bytes} [Fri Jul 17 12:13:49 2026] GET /allocation_candidates?limit=1000&resources=DISK_GB%3A1%2CMEMORY_MB%3A512%2CVCPU%3A1&root_required=%21COMPUTE_STATUS_DISABLED => generated 2147 bytes in 67 msecs (HTTP/1.1 200) 8 headers in 297 bytes (1 switches on core 0)
2026-07-17 12:13:49.189 8 INFO placement.requestlog [req-26de9250-fcb9-416f-a6ee-1203aa170567 req-b3a26043-cd23-477f-9621-447e87973381 83850c5fd3474fe09b1fb1c58a0ebeca 828ac0a72a9844eb9b2a802b8d0ec8bc - - c68a50f942084f9a898656cd48873190 c68a50f942084f9a898656cd48873190] 10.0.0.232 "GET /allocations/42faf7c9-3d5b-4854-a718-fd4f1cd209a7" status: 200 len: 19 microversion: 1.28 [pid: 8|app: 0|req: 381/761] 10.0.0.232 () {34 vars in 861 bytes} [Fri Jul 17 12:13:49 2026] GET /allocations/42faf7c9-3d5b-4854-a718-fd4f1cd209a7 => generated 19 bytes in 14 msecs (HTTP/1.1 200) 8 headers in 295 bytes (1 switches on core 0)
2026-07-17 12:13:49.271 7 INFO placement.requestlog [req-26de9250-fcb9-416f-a6ee-1203aa170567 req-167d554a-8768-4d85-9225-5d1d8c31f37f 83850c5fd3474fe09b1fb1c58a0ebeca 828ac0a72a9844eb9b2a802b8d0ec8bc - - c68a50f942084f9a898656cd48873190 c68a50f942084f9a898656cd48873190] 10.0.0.232 "PUT /allocations/42faf7c9-3d5b-4854-a718-fd4f1cd209a7" status: 204 len: 0 microversion: 1.36 [pid: 7|app: 0|req: 381/762] 10.0.0.232 () {38 vars in 914 bytes} [Fri Jul 17 12:13:49 2026] PUT /allocations/42faf7c9-3d5b-4854-a718-fd4f1cd209a7 => generated 0 bytes in 76 msecs (HTTP/1.1 204) 5 headers in 199 bytes (1 switches on core 0)
2026-07-17 12:13:49.655 8 INFO placement.requestlog [req-26de9250-fcb9-416f-a6ee-1203aa170567 req-07c75e6e-a7c4-4812-aac8-d60c5de1800d 83850c5fd3474fe09b1fb1c58a0ebeca 828ac0a72a9844eb9b2a802b8d0ec8bc - - c68a50f942084f9a898656cd48873190 c68a50f942084f9a898656cd48873190] 199.19.213.242 "GET /allocations/42faf7c9-3d5b-4854-a718-fd4f1cd209a7" status: 200 len: 257 microversion: 1.28 [pid: 8|app: 0|req: 382/763] 199.19.213.242 () {34 vars in 863 bytes} [Fri Jul 17 12:13:49 2026] GET /allocations/42faf7c9-3d5b-4854-a718-fd4f1cd209a7 => generated 257 bytes in 48 msecs (HTTP/1.1 200) 8 headers in 296 bytes (1 switches on core 0)
2026-07-17 12:13:49.790 7 INFO placement.requestlog [req-26de9250-fcb9-416f-a6ee-1203aa170567 req-b9a582d8-243b-46f9-b1f0-5a5f24e8457f 83850c5fd3474fe09b1fb1c58a0ebeca 828ac0a72a9844eb9b2a802b8d0ec8bc - - c68a50f942084f9a898656cd48873190 c68a50f942084f9a898656cd48873190] 199.19.213.242 "GET /resource_providers/daed9c97-3693-4099-ab96-fc061ec3153f/allocations" status: 200 len: 152 microversion: 1.0 [pid: 7|app: 0|req: 382/764] 199.19.213.242 () {32 vars in 857 bytes} [Fri Jul 17 12:13:49 2026] GET /resource_providers/daed9c97-3693-4099-ab96-fc061ec3153f/allocations => generated 152 bytes in 18 msecs (HTTP/1.1 200) 6 headers in 224 bytes (1 switches on core 0)
2026-07-17 12:13:49.816 8 INFO placement.requestlog [req-26de9250-fcb9-416f-a6ee-1203aa170567 req-9e2a6dfa-ef46-4400-8479-eaa3ee00fc6e 83850c5fd3474fe09b1fb1c58a0ebeca 828ac0a72a9844eb9b2a802b8d0ec8bc - - c68a50f942084f9a898656cd48873190 c68a50f942084f9a898656cd48873190] 199.19.213.242 "GET /allocations/42faf7c9-3d5b-4854-a718-fd4f1cd209a7" status: 200 len: 257 microversion: 1.28 [pid: 8|app: 0|req: 383/765] 199.19.213.242 () {34 vars in 863 bytes} [Fri Jul 17 12:13:49 2026] GET /allocations/42faf7c9-3d5b-4854-a718-fd4f1cd209a7 => generated 257 bytes in 18 msecs (HTTP/1.1 200) 8 headers in 296 bytes (1 switches on core 0)
2026-07-17 12:13:52.013 8 INFO placement.requestlog [None req-a870829e-338e-43c3-a8dc-9b62cbd323a6 1addc4eb03af482cb894f0f101f8df03 828ac0a72a9844eb9b2a802b8d0ec8bc - - c68a50f942084f9a898656cd48873190 c68a50f942084f9a898656cd48873190] 10.0.0.129 "GET /resource_providers/5438dda2-974e-4905-9390-a731c993ae48/aggregates" status: 404 len: 235 microversion: 1.1 [pid: 8|app: 0|req: 384/766] 10.0.0.129 () {32 vars in 816 bytes} [Fri Jul 17 12:13:51 2026] GET /resource_providers/5438dda2-974e-4905-9390-a731c993ae48/aggregates => generated 235 bytes in 21 msecs (HTTP/1.1 404) 5 headers in 202 bytes (1 switches on core 0)
2026-07-17 12:13:52.013 7 INFO placement.requestlog [None req-8843687a-1f29-445e-bae4-f74cffa9a963 1addc4eb03af482cb894f0f101f8df03 828ac0a72a9844eb9b2a802b8d0ec8bc - - c68a50f942084f9a898656cd48873190 c68a50f942084f9a898656cd48873190] 10.0.0.129 "GET /resource_providers/5438dda2-974e-4905-9390-a731c993ae48/aggregates" status: 404 len: 235 microversion: 1.1 [pid: 7|app: 0|req: 383/767] 10.0.0.129 () {32 vars in 816 bytes} [Fri Jul 17 12:13:51 2026] GET /resource_providers/5438dda2-974e-4905-9390-a731c993ae48/aggregates => generated 235 bytes in 28 msecs (HTTP/1.1 404) 5 headers in 202 bytes (1 switches on core 0)
2026-07-17 12:13:52.061 8 INFO placement.requestlog [None req-b4b147f2-ff3c-4571-9d2f-fb2c105db74e 1addc4eb03af482cb894f0f101f8df03 828ac0a72a9844eb9b2a802b8d0ec8bc - - c68a50f942084f9a898656cd48873190 c68a50f942084f9a898656cd48873190] 10.0.0.129 "DELETE /resource_providers/5438dda2-974e-4905-9390-a731c993ae48" status: 404 len: 246 microversion: 1.1 [pid: 8|app: 0|req: 385/768] 10.0.0.129 () {34 vars in 816 bytes} [Fri Jul 17 12:13:52 2026] DELETE /resource_providers/5438dda2-974e-4905-9390-a731c993ae48 => generated 246 bytes in 14 msecs (HTTP/1.1 404) 6 headers in 231 bytes (1 switches on core 0)
2026-07-17 12:13:52.070 7 INFO placement.requestlog [None req-442762b3-a741-49e0-9720-3db4f5481213 1addc4eb03af482cb894f0f101f8df03 828ac0a72a9844eb9b2a802b8d0ec8bc - - c68a50f942084f9a898656cd48873190 c68a50f942084f9a898656cd48873190] 10.0.0.129 "DELETE /resource_providers/5438dda2-974e-4905-9390-a731c993ae48" status: 404 len: 246 microversion: 1.1 [pid: 7|app: 0|req: 384/769] 10.0.0.129 () {34 vars in 816 bytes} [Fri Jul 17 12:13:52 2026] DELETE /resource_providers/5438dda2-974e-4905-9390-a731c993ae48 => generated 246 bytes in 24 msecs (HTTP/1.1 404) 6 headers in 231 bytes (1 switches on core 0)
2026-07-17 12:13:52.645 7 INFO placement.requestlog [None req-52a1fe65-42fd-4b71-99c1-0a5af25eec6e 1addc4eb03af482cb894f0f101f8df03 828ac0a72a9844eb9b2a802b8d0ec8bc - - c68a50f942084f9a898656cd48873190 c68a50f942084f9a898656cd48873190] 10.0.0.129 "GET /resource_providers/ae58316f-69ef-4abb-a384-b3552d23447c/aggregates" status: 404 len: 235 microversion: 1.1 [pid: 7|app: 0|req: 385/770] 10.0.0.129 () {32 vars in 816 bytes} [Fri Jul 17 12:13:52 2026] GET /resource_providers/ae58316f-69ef-4abb-a384-b3552d23447c/aggregates => generated 235 bytes in 14 msecs (HTTP/1.1 404) 5 headers in 202 bytes (1 switches on core 0)
2026-07-17 12:13:52.653 8 INFO placement.requestlog [None req-279643b8-93af-4041-9460-2293043d3722 1addc4eb03af482cb894f0f101f8df03 828ac0a72a9844eb9b2a802b8d0ec8bc - - c68a50f942084f9a898656cd48873190 c68a50f942084f9a898656cd48873190] 10.0.0.129 "GET /resource_providers/ae58316f-69ef-4abb-a384-b3552d23447c/aggregates" status: 404 len: 235 microversion: 1.1 [pid: 8|app: 0|req: 386/771] 10.0.0.129 () {32 vars in 816 bytes} [Fri Jul 17 12:13:52 2026] GET /resource_providers/ae58316f-69ef-4abb-a384-b3552d23447c/aggregates => generated 235 bytes in 23 msecs (HTTP/1.1 404) 5 headers in 202 bytes (1 switches on core 0)
2026-07-17 12:13:52.662 7 INFO placement.requestlog [None req-a3a61c71-4482-487b-8ebc-d4776a9a89de 1addc4eb03af482cb894f0f101f8df03 828ac0a72a9844eb9b2a802b8d0ec8bc - - c68a50f942084f9a898656cd48873190 c68a50f942084f9a898656cd48873190] 10.0.0.129 "DELETE /resource_providers/ae58316f-69ef-4abb-a384-b3552d23447c" status: 404 len: 246 microversion: 1.1 [pid: 7|app: 0|req: 386/772] 10.0.0.129 () {34 vars in 816 bytes} [Fri Jul 17 12:13:52 2026] DELETE /resource_providers/ae58316f-69ef-4abb-a384-b3552d23447c => generated 246 bytes in 10 msecs (HTTP/1.1 404) 6 headers in 231 bytes (1 switches on core 0)
2026-07-17 12:13:52.672 8 INFO placement.requestlog [None req-cc6334ec-b5b1-4e99-81e4-a2150e76464e 1addc4eb03af482cb894f0f101f8df03 828ac0a72a9844eb9b2a802b8d0ec8bc - - c68a50f942084f9a898656cd48873190 c68a50f942084f9a898656cd48873190] 10.0.0.129 "DELETE /resource_providers/ae58316f-69ef-4abb-a384-b3552d23447c" status: 404 len: 246 microversion: 1.1 [pid: 8|app: 0|req: 387/773] 10.0.0.129 () {34 vars in 816 bytes} [Fri Jul 17 12:13:52 2026] DELETE /resource_providers/ae58316f-69ef-4abb-a384-b3552d23447c => generated 246 bytes in 13 msecs (HTTP/1.1 404) 6 headers in 231 bytes (1 switches on core 0)
2026-07-17 12:13:58.148 7 INFO placement.requestlog [req-26533c95-fe9d-4338-a185-851def69a58c req-35ce70ca-43ca-4e00-a14c-355989ee27a8 83850c5fd3474fe09b1fb1c58a0ebeca 828ac0a72a9844eb9b2a802b8d0ec8bc - - c68a50f942084f9a898656cd48873190 c68a50f942084f9a898656cd48873190] 199.19.213.242 "GET /resource_providers/daed9c97-3693-4099-ab96-fc061ec3153f/allocations" status: 200 len: 152 microversion: 1.0 [pid: 7|app: 0|req: 387/774] 199.19.213.242 () {32 vars in 857 bytes} [Fri Jul 17 12:13:58 2026] GET /resource_providers/daed9c97-3693-4099-ab96-fc061ec3153f/allocations => generated 152 bytes in 19 msecs (HTTP/1.1 200) 6 headers in 224 bytes (1 switches on core 0)
2026-07-17 12:13:58.171 8 INFO placement.requestlog [req-26533c95-fe9d-4338-a185-851def69a58c req-8985afb1-fa58-42a3-91d6-dd3ccf7a62dd 83850c5fd3474fe09b1fb1c58a0ebeca 828ac0a72a9844eb9b2a802b8d0ec8bc - - c68a50f942084f9a898656cd48873190 c68a50f942084f9a898656cd48873190] 199.19.213.242 "GET /allocations/42faf7c9-3d5b-4854-a718-fd4f1cd209a7" status: 200 len: 257 microversion: 1.28 [pid: 8|app: 0|req: 388/775] 199.19.213.242 () {34 vars in 863 bytes} [Fri Jul 17 12:13:58 2026] GET /allocations/42faf7c9-3d5b-4854-a718-fd4f1cd209a7 => generated 257 bytes in 16 msecs (HTTP/1.1 200) 8 headers in 296 bytes (1 switches on core 0)
2026-07-17 12:13:58.260 7 INFO placement.requestlog [req-26533c95-fe9d-4338-a185-851def69a58c req-3bdc3db5-7edb-4c2c-972f-28830f84d128 83850c5fd3474fe09b1fb1c58a0ebeca 828ac0a72a9844eb9b2a802b8d0ec8bc - - c68a50f942084f9a898656cd48873190 c68a50f942084f9a898656cd48873190] 199.19.213.242 "DELETE /allocations/42faf7c9-3d5b-4854-a718-fd4f1cd209a7" status: 204 len: 0 microversion: 1.0 [pid: 7|app: 0|req: 388/776] 199.19.213.242 () {34 vars in 841 bytes} [Fri Jul 17 12:13:58 2026] DELETE /allocations/42faf7c9-3d5b-4854-a718-fd4f1cd209a7 => generated 0 bytes in 24 msecs (HTTP/1.1 204) 5 headers in 198 bytes (1 switches on core 0)
2026-07-17 12:13:58.571 8 INFO placement.requestlog [None req-8dbf903f-b0fb-4a54-b2d1-caebb9442ae6 - - - - - -] 10.0.0.93 "GET /" status: 200 len: 136 microversion: 1.0
2026-07-17 12:13:58.573 7 INFO placement.requestlog [None req-e584f31f-cf42-45d1-9885-250b201ff0d4 - - - - - -] 10.0.0.93 "GET /" status: 200 len: 136 microversion: 1.0
2026-07-17 12:14:01.860 8 INFO placement.requestlog [None req-74d35c99-9fd7-461c-a7ea-bd21999090d2 1addc4eb03af482cb894f0f101f8df03 828ac0a72a9844eb9b2a802b8d0ec8bc - - c68a50f942084f9a898656cd48873190 c68a50f942084f9a898656cd48873190] 10.0.0.129 "GET /resource_providers/8bbf8348-e8cb-49c3-9e6a-36ea6887fbe5/aggregates" status: 404 len: 235 microversion: 1.1 [pid: 8|app: 0|req: 390/779] 10.0.0.129 () {32 vars in 816 bytes} [Fri Jul 17 12:14:01 2026] GET /resource_providers/8bbf8348-e8cb-49c3-9e6a-36ea6887fbe5/aggregates => generated 235 bytes in 12 msecs (HTTP/1.1 404) 5 headers in 202 bytes (1 switches on core 0)
2026-07-17 12:14:01.866 7 INFO placement.requestlog [None req-9ea49d52-911a-4744-9a16-81a960432744 1addc4eb03af482cb894f0f101f8df03 828ac0a72a9844eb9b2a802b8d0ec8bc - - c68a50f942084f9a898656cd48873190 c68a50f942084f9a898656cd48873190] 10.0.0.129 "GET /resource_providers/8bbf8348-e8cb-49c3-9e6a-36ea6887fbe5/aggregates" status: 404 len: 235 microversion: 1.1 [pid: 7|app: 0|req: 390/780] 10.0.0.129 () {32 vars in 816 bytes} [Fri Jul 17 12:14:01 2026] GET /resource_providers/8bbf8348-e8cb-49c3-9e6a-36ea6887fbe5/aggregates => generated 235 bytes in 14 msecs (HTTP/1.1 404) 5 headers in 202 bytes (1 switches on core 0)
2026-07-17 12:14:01.883 8 INFO placement.requestlog [None req-441a9451-c357-437d-b994-162b6282024a 1addc4eb03af482cb894f0f101f8df03 828ac0a72a9844eb9b2a802b8d0ec8bc - - c68a50f942084f9a898656cd48873190 c68a50f942084f9a898656cd48873190] 10.0.0.129 "DELETE /resource_providers/8bbf8348-e8cb-49c3-9e6a-36ea6887fbe5" status: 404 len: 246 microversion: 1.1 [pid: 8|app: 0|req: 391/781] 10.0.0.129 () {34 vars in 816 bytes} [Fri Jul 17 12:14:01 2026] DELETE /resource_providers/8bbf8348-e8cb-49c3-9e6a-36ea6887fbe5 => generated 246 bytes in 11 msecs (HTTP/1.1 404) 6 headers in 231 bytes (1 switches on core 0)
2026-07-17 12:14:01.888 7 INFO placement.requestlog [None req-7b267ccf-ea80-440a-96c6-d8d32eaf7964 1addc4eb03af482cb894f0f101f8df03 828ac0a72a9844eb9b2a802b8d0ec8bc - - c68a50f942084f9a898656cd48873190 c68a50f942084f9a898656cd48873190] 10.0.0.129 "DELETE /resource_providers/8bbf8348-e8cb-49c3-9e6a-36ea6887fbe5" status: 404 len: 246 microversion: 1.1 [pid: 7|app: 0|req: 391/782] 10.0.0.129 () {34 vars in 816 bytes} [Fri Jul 17 12:14:01 2026] DELETE /resource_providers/8bbf8348-e8cb-49c3-9e6a-36ea6887fbe5 => generated 246 bytes in 16 msecs (HTTP/1.1 404) 6 headers in 231 bytes (1 switches on core 0)
2026-07-17 12:14:04.013 7 INFO placement.requestlog [None req-a3c3d467-77a9-431d-8a66-66c5d880fcdf 1addc4eb03af482cb894f0f101f8df03 828ac0a72a9844eb9b2a802b8d0ec8bc - - c68a50f942084f9a898656cd48873190 c68a50f942084f9a898656cd48873190] 10.0.0.129 "GET /resource_providers/6a3c24c2-da17-4444-ba5f-233cbe453882/aggregates" status: 404 len: 235 microversion: 1.1 [pid: 7|app: 0|req: 392/783] 10.0.0.129 () {32 vars in 816 bytes} [Fri Jul 17 12:14:04 2026] GET /resource_providers/6a3c24c2-da17-4444-ba5f-233cbe453882/aggregates => generated 235 bytes in 13 msecs (HTTP/1.1 404) 5 headers in 202 bytes (1 switches on core 0)
2026-07-17 12:14:04.014 8 INFO placement.requestlog [None req-06b54589-c7cd-4e80-b86b-627c0275cf3b 1addc4eb03af482cb894f0f101f8df03 828ac0a72a9844eb9b2a802b8d0ec8bc - - c68a50f942084f9a898656cd48873190 c68a50f942084f9a898656cd48873190] 10.0.0.129 "GET /resource_providers/6a3c24c2-da17-4444-ba5f-233cbe453882/aggregates" status: 404 len: 235 microversion: 1.1 [pid: 8|app: 0|req: 392/784] 10.0.0.129 () {32 vars in 816 bytes} [Fri Jul 17 12:14:04 2026] GET /resource_providers/6a3c24c2-da17-4444-ba5f-233cbe453882/aggregates => generated 235 bytes in 14 msecs (HTTP/1.1 404) 5 headers in 202 bytes (1 switches on core 0)
2026-07-17 12:14:04.042 8 INFO placement.requestlog [None req-39c1f8b7-e3ef-4dd2-9c3b-d7b7e37b55bf 1addc4eb03af482cb894f0f101f8df03 828ac0a72a9844eb9b2a802b8d0ec8bc - - c68a50f942084f9a898656cd48873190 c68a50f942084f9a898656cd48873190] 10.0.0.129 "DELETE /resource_providers/6a3c24c2-da17-4444-ba5f-233cbe453882" status: 404 len: 246 microversion: 1.1 [pid: 8|app: 0|req: 393/785] 10.0.0.129 () {34 vars in 816 bytes} [Fri Jul 17 12:14:04 2026] DELETE /resource_providers/6a3c24c2-da17-4444-ba5f-233cbe453882 => generated 246 bytes in 14 msecs (HTTP/1.1 404) 6 headers in 231 bytes (1 switches on core 0)
2026-07-17 12:14:04.044 7 INFO placement.requestlog [None req-67413834-4c28-49f3-aaa1-f1d37a753f77 1addc4eb03af482cb894f0f101f8df03 828ac0a72a9844eb9b2a802b8d0ec8bc - - c68a50f942084f9a898656cd48873190 c68a50f942084f9a898656cd48873190] 10.0.0.129 "DELETE /resource_providers/6a3c24c2-da17-4444-ba5f-233cbe453882" status: 404 len: 246 microversion: 1.1 [pid: 7|app: 0|req: 393/786] 10.0.0.129 () {34 vars in 816 bytes} [Fri Jul 17 12:14:04 2026] DELETE /resource_providers/6a3c24c2-da17-4444-ba5f-233cbe453882 => generated 246 bytes in 16 msecs (HTTP/1.1 404) 6 headers in 231 bytes (1 switches on core 0)
2026-07-17 12:14:04.056 8 INFO placement.requestlog [None req-519f16a0-a147-409f-9e9d-46c8520ab2de 1addc4eb03af482cb894f0f101f8df03 828ac0a72a9844eb9b2a802b8d0ec8bc - - c68a50f942084f9a898656cd48873190 c68a50f942084f9a898656cd48873190] 10.0.0.129 "GET /resource_providers/7e0d0b87-9973-43b5-a3a4-64ebbde84c04/aggregates" status: 404 len: 235 microversion: 1.1 [pid: 8|app: 0|req: 394/787] 10.0.0.129 () {32 vars in 816 bytes} [Fri Jul 17 12:14:04 2026] GET /resource_providers/7e0d0b87-9973-43b5-a3a4-64ebbde84c04/aggregates => generated 235 bytes in 13 msecs (HTTP/1.1 404) 5 headers in 202 bytes (1 switches on core 0)
2026-07-17 12:14:04.057 7 INFO placement.requestlog [None req-a82c810d-1d6d-4c49-9c6d-b189cd9e5776 1addc4eb03af482cb894f0f101f8df03 828ac0a72a9844eb9b2a802b8d0ec8bc - - c68a50f942084f9a898656cd48873190 c68a50f942084f9a898656cd48873190] 10.0.0.129 "GET /resource_providers/7e0d0b87-9973-43b5-a3a4-64ebbde84c04/aggregates" status: 404 len: 235 microversion: 1.1 [pid: 7|app: 0|req: 394/788] 10.0.0.129 () {32 vars in 816 bytes} [Fri Jul 17 12:14:04 2026] GET /resource_providers/7e0d0b87-9973-43b5-a3a4-64ebbde84c04/aggregates => generated 235 bytes in 10 msecs (HTTP/1.1 404) 5 headers in 202 bytes (1 switches on core 0)
2026-07-17 12:14:04.090 8 INFO placement.requestlog [None req-ce877ccb-688c-4336-9b77-3411002c20fd 1addc4eb03af482cb894f0f101f8df03 828ac0a72a9844eb9b2a802b8d0ec8bc - - c68a50f942084f9a898656cd48873190 c68a50f942084f9a898656cd48873190] 10.0.0.129 "DELETE /resource_providers/7e0d0b87-9973-43b5-a3a4-64ebbde84c04" status: 404 len: 246 microversion: 1.1
2026-07-17 12:14:04.090 7 INFO placement.requestlog [None req-18eb0968-3ba5-4b25-9e3b-b7dfacfd552c 1addc4eb03af482cb894f0f101f8df03 828ac0a72a9844eb9b2a802b8d0ec8bc - - c68a50f942084f9a898656cd48873190 c68a50f942084f9a898656cd48873190] 10.0.0.129 "DELETE /resource_providers/7e0d0b87-9973-43b5-a3a4-64ebbde84c04" status: 404 len: 246 microversion: 1.1 [pid: 8|app: 0|req: 395/789] 10.0.0.129 () {34 vars in 816 bytes} [Fri Jul 17 12:14:04 2026] DELETE /resource_providers/7e0d0b87-9973-43b5-a3a4-64ebbde84c04 => generated 246 bytes in 11 msecs (HTTP/1.1 404) 6 headers in 231 bytes (1 switches on core 0) [pid: 7|app: 0|req: 395/790] 10.0.0.129 () {34 vars in 816 bytes} [Fri Jul 17 12:14:04 2026] DELETE /resource_providers/7e0d0b87-9973-43b5-a3a4-64ebbde84c04 => generated 246 bytes in 11 msecs (HTTP/1.1 404) 6 headers in 231 bytes (1 switches on core 0)
2026-07-17 12:14:06.067 7 INFO placement.requestlog [None req-c4765aa2-8f7d-45f1-8bb2-fed0faa71631 1addc4eb03af482cb894f0f101f8df03 828ac0a72a9844eb9b2a802b8d0ec8bc - - c68a50f942084f9a898656cd48873190 c68a50f942084f9a898656cd48873190] 10.0.0.129 "GET /resource_providers/74f825cc-8a9e-4edf-b972-4ea7692a4092/aggregates" status: 404 len: 235 microversion: 1.1 [pid: 7|app: 0|req: 396/791] 10.0.0.129 () {32 vars in 816 bytes} [Fri Jul 17 12:14:06 2026] GET /resource_providers/74f825cc-8a9e-4edf-b972-4ea7692a4092/aggregates => generated 235 bytes in 9 msecs (HTTP/1.1 404) 5 headers in 202 bytes (1 switches on core 0)
