2026-07-21 21:37:54.203 6 INFO neutron.api.extensions [None req-d1588316-e772-4648-a6e1-c68fc4c29d3b - - - - - -] Loaded extension: l3-port-ip-change-not-allowed
2026-07-21 21:37:54.205 6 INFO neutron.api.extensions [None req-d1588316-e772-4648-a6e1-c68fc4c29d3b - - - - - -] Loaded extension: l3_agent_scheduler
2026-07-21 21:37:54.205 7 INFO neutron.api.extensions [None req-37cc7a50-3e45-4301-9ef1-c3ad0449fa77 - - - - - -] Loaded extension: tap-mirror
2026-07-21 21:37:54.206 7 INFO neutron.api.extensions [None req-37cc7a50-3e45-4301-9ef1-c3ad0449fa77 - - - - - -] Loaded extension: taas-vlan-filter
2026-07-21 21:37:54.206 6 INFO neutron.api.extensions [None req-d1588316-e772-4648-a6e1-c68fc4c29d3b - - - - - -] Extension local_ip not supported by any of loaded plugins
2026-07-21 21:37:54.207 6 INFO neutron.api.extensions [None req-d1588316-e772-4648-a6e1-c68fc4c29d3b - - - - - -] Extension logging not supported by any of loaded plugins
2026-07-21 21:37:54.209 6 INFO neutron.api.extensions [None req-d1588316-e772-4648-a6e1-c68fc4c29d3b - - - - - -] Extension metering not supported by any of loaded plugins
2026-07-21 21:37:54.209 6 INFO neutron.api.extensions [None req-d1588316-e772-4648-a6e1-c68fc4c29d3b - - - - - -] Extension metering_source_and_destination_fields not supported by any of loaded plugins
2026-07-21 21:37:54.209 7 INFO neutron.quota.resource_registry [None req-37cc7a50-3e45-4301-9ef1-c3ad0449fa77 - - - - - -] Creating instance of TrackedResource for resource:network
2026-07-21 21:37:54.210 6 INFO neutron.api.extensions [None req-d1588316-e772-4648-a6e1-c68fc4c29d3b - - - - - -] Loaded extension: multi-provider
2026-07-21 21:37:54.210 7 INFO neutron.quota.resource_registry [None req-37cc7a50-3e45-4301-9ef1-c3ad0449fa77 - - - - - -] Creating instance of TrackedResource for resource:subnet
2026-07-21 21:37:54.210 7 INFO neutron.quota.resource_registry [None req-37cc7a50-3e45-4301-9ef1-c3ad0449fa77 - - - - - -] Creating instance of TrackedResource for resource:subnetpool
2026-07-21 21:37:54.210 7 INFO neutron.quota.resource_registry [None req-37cc7a50-3e45-4301-9ef1-c3ad0449fa77 - - - - - -] Creating instance of TrackedResource for resource:port
2026-07-21 21:37:54.211 6 INFO neutron.api.extensions [None req-d1588316-e772-4648-a6e1-c68fc4c29d3b - - - - - -] Loaded extension: net-mtu
2026-07-21 21:37:54.211 6 INFO neutron.api.extensions [None req-d1588316-e772-4648-a6e1-c68fc4c29d3b - - - - - -] Loaded extension: net-mtu-writable
2026-07-21 21:37:54.212 6 INFO neutron.api.extensions [None req-d1588316-e772-4648-a6e1-c68fc4c29d3b - - - - - -] Loaded extension: network_availability_zone
2026-07-21 21:37:54.212 6 INFO neutron.api.extensions [None req-d1588316-e772-4648-a6e1-c68fc4c29d3b - - - - - -] Loaded extension: network_ha
2026-07-21 21:37:54.213 6 INFO neutron.api.extensions [None req-d1588316-e772-4648-a6e1-c68fc4c29d3b - - - - - -] Loaded extension: network-ip-availability
2026-07-21 21:37:54.214 6 INFO neutron.api.extensions [None req-d1588316-e772-4648-a6e1-c68fc4c29d3b - - - - - -] Extension network-segment-range not supported by any of loaded plugins
2026-07-21 21:37:54.215 6 INFO neutron.api.extensions [None req-d1588316-e772-4648-a6e1-c68fc4c29d3b - - - - - -] Loaded extension: pagination
2026-07-21 21:37:54.215 6 INFO neutron.api.extensions [None req-d1588316-e772-4648-a6e1-c68fc4c29d3b - - - - - -] Loaded extension: port-device-profile
2026-07-21 21:37:54.216 6 INFO neutron.api.extensions [None req-d1588316-e772-4648-a6e1-c68fc4c29d3b - - - - - -] Extension port-hardware-offload-type not supported by any of loaded plugins
2026-07-21 21:37:54.216 7 INFO neutron.quota.resource_registry [None req-37cc7a50-3e45-4301-9ef1-c3ad0449fa77 - - - - - -] Creating instance of TrackedResource for resource:router
2026-07-21 21:37:54.216 6 INFO neutron.api.extensions [None req-d1588316-e772-4648-a6e1-c68fc4c29d3b - - - - - -] Extension port-hint-ovs-tx-steering not supported by any of loaded plugins
2026-07-21 21:37:54.217 6 INFO neutron.api.extensions [None req-d1588316-e772-4648-a6e1-c68fc4c29d3b - - - - - -] Extension port-hints not supported by any of loaded plugins
2026-07-21 21:37:54.217 7 INFO neutron.quota.resource_registry [None req-37cc7a50-3e45-4301-9ef1-c3ad0449fa77 - - - - - -] Creating instance of TrackedResource for resource:floatingip
2026-07-21 21:37:54.217 6 INFO neutron.api.extensions [None req-d1588316-e772-4648-a6e1-c68fc4c29d3b - - - - - -] Loaded extension: port-mac-override
2026-07-21 21:37:54.218 6 INFO neutron.api.extensions [None req-d1588316-e772-4648-a6e1-c68fc4c29d3b - - - - - -] Loaded extension: port-mac-address-regenerate
2026-07-21 21:37:54.218 6 INFO neutron.api.extensions [None req-d1588316-e772-4648-a6e1-c68fc4c29d3b - - - - - -] Loaded extension: port-numa-affinity-policy
2026-07-21 21:37:54.219 6 INFO neutron.api.extensions [None req-d1588316-e772-4648-a6e1-c68fc4c29d3b - - - - - -] Loaded extension: port-numa-affinity-policy-socket
2026-07-21 21:37:54.220 6 INFO neutron.api.extensions [None req-d1588316-e772-4648-a6e1-c68fc4c29d3b - - - - - -] Loaded extension: port-resource-request
2026-07-21 21:37:54.220 6 INFO neutron.api.extensions [None req-d1588316-e772-4648-a6e1-c68fc4c29d3b - - - - - -] Loaded extension: port-resource-request-groups
2026-07-21 21:37:54.221 6 INFO neutron.api.extensions [None req-d1588316-e772-4648-a6e1-c68fc4c29d3b - - - - - -] Extension port-trusted-vif not supported by any of loaded plugins
2026-07-21 21:37:54.222 6 INFO neutron.api.extensions [None req-d1588316-e772-4648-a6e1-c68fc4c29d3b - - - - - -] Loaded extension: binding
2026-07-21 21:37:54.223 6 INFO neutron.api.extensions [None req-d1588316-e772-4648-a6e1-c68fc4c29d3b - - - - - -] Loaded extension: binding-extended
2026-07-21 21:37:54.224 6 INFO neutron.api.extensions [None req-d1588316-e772-4648-a6e1-c68fc4c29d3b - - - - - -] Loaded extension: port-security
2026-07-21 21:37:54.224 7 INFO neutron.quota.resource_registry [None req-37cc7a50-3e45-4301-9ef1-c3ad0449fa77 - - - - - -] Creating instance of CountableResource for resource:rbac_policy
2026-07-21 21:37:54.225 6 INFO neutron.api.extensions [None req-d1588316-e772-4648-a6e1-c68fc4c29d3b - - - - - -] Loaded extension: project-id
2026-07-21 21:37:54.225 6 INFO neutron.api.extensions [None req-d1588316-e772-4648-a6e1-c68fc4c29d3b - - - - - -] Loaded extension: provider
2026-07-21 21:37:54.226 7 INFO neutron.quota.resource_registry [None req-37cc7a50-3e45-4301-9ef1-c3ad0449fa77 - - - - - -] Creating instance of TrackedResource for resource:security_group
2026-07-21 21:37:54.226 7 INFO neutron.quota.resource_registry [None req-37cc7a50-3e45-4301-9ef1-c3ad0449fa77 - - - - - -] Creating instance of TrackedResource for resource:security_group_rule
2026-07-21 21:37:54.226 6 INFO neutron.api.extensions [None req-d1588316-e772-4648-a6e1-c68fc4c29d3b - - - - - -] Extension qinq not supported by any of loaded plugins
2026-07-21 21:37:54.228 7 INFO neutron.quota.resource_registry [None req-37cc7a50-3e45-4301-9ef1-c3ad0449fa77 - - - - - -] Creating instance of TrackedResource for resource:subnetpool
2026-07-21 21:37:54.228 7 WARNING neutron.quota.resource_registry [None req-37cc7a50-3e45-4301-9ef1-c3ad0449fa77 - - - - - -] subnetpool is already registered
2026-07-21 21:37:54.229 7 INFO neutron.quota.resource_registry [None req-37cc7a50-3e45-4301-9ef1-c3ad0449fa77 - - - - - -] Creating instance of TrackedResource for resource:subnetpool
2026-07-21 21:37:54.229 7 WARNING neutron.quota.resource_registry [None req-37cc7a50-3e45-4301-9ef1-c3ad0449fa77 - - - - - -] subnetpool is already registered
2026-07-21 21:37:54.230 6 INFO neutron.api.extensions [None req-d1588316-e772-4648-a6e1-c68fc4c29d3b - - - - - -] Loaded extension: qos
2026-07-21 21:37:54.229 7 INFO neutron.quota.resource_registry [None req-37cc7a50-3e45-4301-9ef1-c3ad0449fa77 - - - - - -] Creating instance of CountableResource for resource:trunk
2026-07-21 21:37:54.230 7 INFO neutron.quota.resource_registry [None req-37cc7a50-3e45-4301-9ef1-c3ad0449fa77 - - - - - -] Creating instance of CountableResource for resource:ikepolicy
2026-07-21 21:37:54.231 6 INFO neutron.api.extensions [None req-d1588316-e772-4648-a6e1-c68fc4c29d3b - - - - - -] Loaded extension: qos-bw-limit-direction
2026-07-21 21:37:54.231 7 INFO neutron.quota.resource_registry [None req-37cc7a50-3e45-4301-9ef1-c3ad0449fa77 - - - - - -] Creating instance of CountableResource for resource:ipsecpolicy
2026-07-21 21:37:54.232 7 INFO neutron.quota.resource_registry [None req-37cc7a50-3e45-4301-9ef1-c3ad0449fa77 - - - - - -] Creating instance of CountableResource for resource:endpoint_group
2026-07-21 21:37:54.232 6 INFO neutron.api.extensions [None req-d1588316-e772-4648-a6e1-c68fc4c29d3b - - - - - -] Loaded extension: qos-bw-minimum-ingress
2026-07-21 21:37:54.232 7 INFO neutron.quota.resource_registry [None req-37cc7a50-3e45-4301-9ef1-c3ad0449fa77 - - - - - -] Creating instance of CountableResource for resource:vpnservice
2026-07-21 21:37:54.232 6 INFO neutron.api.extensions [None req-d1588316-e772-4648-a6e1-c68fc4c29d3b - - - - - -] Loaded extension: qos-default
2026-07-21 21:37:54.233 6 INFO neutron.api.extensions [None req-d1588316-e772-4648-a6e1-c68fc4c29d3b - - - - - -] Loaded extension: qos-fip
2026-07-21 21:37:54.233 7 INFO neutron.quota.resource_registry [None req-37cc7a50-3e45-4301-9ef1-c3ad0449fa77 - - - - - -] Creating instance of CountableResource for resource:ipsec_site_connection
2026-07-21 21:37:54.233 6 INFO neutron.api.extensions [None req-d1588316-e772-4648-a6e1-c68fc4c29d3b - - - - - -] Extension qos-fip-network-policy not supported by any of loaded plugins
2026-07-21 21:37:54.233 7 INFO neutron.quota.resource_registry [None req-37cc7a50-3e45-4301-9ef1-c3ad0449fa77 - - - - - -] Creating instance of CountableResource for resource:ipsecpolicy
2026-07-21 21:37:54.234 7 WARNING neutron.quota.resource_registry [None req-37cc7a50-3e45-4301-9ef1-c3ad0449fa77 - - - - - -] ipsecpolicy is already registered
2026-07-21 21:37:54.234 6 INFO neutron.api.extensions [None req-d1588316-e772-4648-a6e1-c68fc4c29d3b - - - - - -] Loaded extension: qos-gateway-ip
2026-07-21 21:37:54.234 7 INFO neutron.quota.resource_registry [None req-37cc7a50-3e45-4301-9ef1-c3ad0449fa77 - - - - - -] Creating instance of CountableResource for resource:ikepolicy
2026-07-21 21:37:54.234 6 INFO neutron.api.extensions [None req-d1588316-e772-4648-a6e1-c68fc4c29d3b - - - - - -] Loaded extension: qos-port-network-policy
2026-07-21 21:37:54.234 7 WARNING neutron.quota.resource_registry [None req-37cc7a50-3e45-4301-9ef1-c3ad0449fa77 - - - - - -] ikepolicy is already registered
2026-07-21 21:37:54.235 6 INFO neutron.api.extensions [None req-d1588316-e772-4648-a6e1-c68fc4c29d3b - - - - - -] Loaded extension: qos-pps-minimum
2026-07-21 21:37:54.236 6 INFO neutron.api.extensions [None req-d1588316-e772-4648-a6e1-c68fc4c29d3b - - - - - -] Loaded extension: qos-pps-minimum-rule-alias
2026-07-21 21:37:54.236 6 INFO neutron.api.extensions [None req-d1588316-e772-4648-a6e1-c68fc4c29d3b - - - - - -] Loaded extension: qos-pps
2026-07-21 21:37:54.237 6 INFO neutron.api.extensions [None req-d1588316-e772-4648-a6e1-c68fc4c29d3b - - - - - -] Loaded extension: qos-rule-type-details
2026-07-21 21:37:54.237 6 INFO neutron.api.extensions [None req-d1588316-e772-4648-a6e1-c68fc4c29d3b - - - - - -] Loaded extension: qos-rule-type-filter
2026-07-21 21:37:54.238 6 INFO neutron.api.extensions [None req-d1588316-e772-4648-a6e1-c68fc4c29d3b - - - - - -] Loaded extension: qos-rules-alias
2026-07-21 21:37:54.239 6 INFO neutron.api.extensions [None req-d1588316-e772-4648-a6e1-c68fc4c29d3b - - - - - -] Loaded extension: quota-check-limit
2026-07-21 21:37:54.240 6 INFO neutron.api.extensions [None req-d1588316-e772-4648-a6e1-c68fc4c29d3b - - - - - -] Loaded extension: quota-check-limit-default
2026-07-21 21:37:54.242 7 INFO neutron.quota.resource_registry [None req-37cc7a50-3e45-4301-9ef1-c3ad0449fa77 - - - - - -] Creating instance of TrackedResource for resource:router
2026-07-21 21:37:54.242 7 WARNING neutron.quota.resource_registry [None req-37cc7a50-3e45-4301-9ef1-c3ad0449fa77 - - - - - -] router is already registered
2026-07-21 21:37:54.243 6 INFO neutron.api.extensions [None req-d1588316-e772-4648-a6e1-c68fc4c29d3b - - - - - -] Loaded extension: quotas
2026-07-21 21:37:54.243 7 INFO neutron.quota.resource_registry [None req-37cc7a50-3e45-4301-9ef1-c3ad0449fa77 - - - - - -] Creating instance of TrackedResource for resource:floatingip
2026-07-21 21:37:54.243 7 WARNING neutron.quota.resource_registry [None req-37cc7a50-3e45-4301-9ef1-c3ad0449fa77 - - - - - -] floatingip is already registered
2026-07-21 21:37:54.244 6 INFO neutron.api.extensions [None req-d1588316-e772-4648-a6e1-c68fc4c29d3b - - - - - -] Loaded extension: quota_details
2026-07-21 21:37:54.246 6 INFO neutron.api.extensions [None req-d1588316-e772-4648-a6e1-c68fc4c29d3b - - - - - -] Loaded extension: rbac-policies
2026-07-21 21:37:54.247 6 INFO neutron.api.extensions [None req-d1588316-e772-4648-a6e1-c68fc4c29d3b - - - - - -] Loaded extension: rbac-address-group
2026-07-21 21:37:54.248 6 INFO neutron.api.extensions [None req-d1588316-e772-4648-a6e1-c68fc4c29d3b - - - - - -] Loaded extension: rbac-address-scope
2026-07-21 21:37:54.249 6 INFO neutron.api.extensions [None req-d1588316-e772-4648-a6e1-c68fc4c29d3b - - - - - -] Loaded extension: rbac-security-groups
2026-07-21 21:37:54.249 7 INFO neutron.quota.resource_registry [None req-37cc7a50-3e45-4301-9ef1-c3ad0449fa77 - - - - - -] Creating instance of CountableResource for resource:rbac_policy
2026-07-21 21:37:54.249 7 WARNING neutron.quota.resource_registry [None req-37cc7a50-3e45-4301-9ef1-c3ad0449fa77 - - - - - -] rbac_policy is already registered
2026-07-21 21:37:54.249 6 INFO neutron.api.extensions [None req-d1588316-e772-4648-a6e1-c68fc4c29d3b - - - - - -] Loaded extension: rbac-subnetpool
2026-07-21 21:37:54.250 6 INFO neutron.api.extensions [None req-d1588316-e772-4648-a6e1-c68fc4c29d3b - - - - - -] Loaded extension: revision-if-match
2026-07-21 21:37:54.250 7 INFO neutron.quota.resource_registry [None req-37cc7a50-3e45-4301-9ef1-c3ad0449fa77 - - - - - -] Creating instance of TrackedResource for resource:security_group
2026-07-21 21:37:54.250 7 WARNING neutron.quota.resource_registry [None req-37cc7a50-3e45-4301-9ef1-c3ad0449fa77 - - - - - -] security_group is already registered
2026-07-21 21:37:54.251 7 INFO neutron.quota.resource_registry [None req-37cc7a50-3e45-4301-9ef1-c3ad0449fa77 - - - - - -] Creating instance of TrackedResource for resource:security_group_rule
2026-07-21 21:37:54.251 6 INFO neutron.api.extensions [None req-d1588316-e772-4648-a6e1-c68fc4c29d3b - - - - - -] Loaded extension: standard-attr-revisions
2026-07-21 21:37:54.251 7 WARNING neutron.quota.resource_registry [None req-37cc7a50-3e45-4301-9ef1-c3ad0449fa77 - - - - - -] security_group_rule is already registered
2026-07-21 21:37:54.252 6 INFO neutron.api.extensions [None req-d1588316-e772-4648-a6e1-c68fc4c29d3b - - - - - -] Loaded extension: router_availability_zone
2026-07-21 21:37:54.252 7 INFO neutron.quota.resource_registry [None req-37cc7a50-3e45-4301-9ef1-c3ad0449fa77 - - - - - -] Creating instance of TrackedResource for resource:subnetpool
2026-07-21 21:37:54.253 6 INFO neutron.api.extensions [None req-d1588316-e772-4648-a6e1-c68fc4c29d3b - - - - - -] Extension router-service-type not supported by any of loaded plugins
2026-07-21 21:37:54.253 7 WARNING neutron.quota.resource_registry [None req-37cc7a50-3e45-4301-9ef1-c3ad0449fa77 - - - - - -] subnetpool is already registered
2026-07-21 21:37:54.253 7 INFO neutron.quota.resource_registry [None req-37cc7a50-3e45-4301-9ef1-c3ad0449fa77 - - - - - -] Creating instance of TrackedResource for resource:subnetpool
2026-07-21 21:37:54.253 7 WARNING neutron.quota.resource_registry [None req-37cc7a50-3e45-4301-9ef1-c3ad0449fa77 - - - - - -] subnetpool is already registered
2026-07-21 21:37:54.254 7 INFO neutron.quota.resource_registry [None req-37cc7a50-3e45-4301-9ef1-c3ad0449fa77 - - - - - -] Creating instance of CountableResource for resource:trunk
2026-07-21 21:37:54.255 7 WARNING neutron.quota.resource_registry [None req-37cc7a50-3e45-4301-9ef1-c3ad0449fa77 - - - - - -] trunk is already registered
2026-07-21 21:37:54.255 7 INFO neutron.quota.resource_registry [None req-37cc7a50-3e45-4301-9ef1-c3ad0449fa77 - - - - - -] Creating instance of CountableResource for resource:ikepolicy
2026-07-21 21:37:54.255 7 WARNING neutron.quota.resource_registry [None req-37cc7a50-3e45-4301-9ef1-c3ad0449fa77 - - - - - -] ikepolicy is already registered
2026-07-21 21:37:54.255 6 INFO neutron.api.extensions [None req-d1588316-e772-4648-a6e1-c68fc4c29d3b - - - - - -] Loaded extension: security-groups-default-rules
2026-07-21 21:37:54.256 7 INFO neutron.quota.resource_registry [None req-37cc7a50-3e45-4301-9ef1-c3ad0449fa77 - - - - - -] Creating instance of CountableResource for resource:ipsecpolicy
2026-07-21 21:37:54.256 6 INFO neutron.api.extensions [None req-d1588316-e772-4648-a6e1-c68fc4c29d3b - - - - - -] Loaded extension: security-groups-normalized-cidr
2026-07-21 21:37:54.256 7 WARNING neutron.quota.resource_registry [None req-37cc7a50-3e45-4301-9ef1-c3ad0449fa77 - - - - - -] ipsecpolicy is already registered
2026-07-21 21:37:54.257 7 INFO neutron.quota.resource_registry [None req-37cc7a50-3e45-4301-9ef1-c3ad0449fa77 - - - - - -] Creating instance of CountableResource for resource:endpoint_group
2026-07-21 21:37:54.257 6 INFO neutron.api.extensions [None req-d1588316-e772-4648-a6e1-c68fc4c29d3b - - - - - -] Loaded extension: port-security-groups-filtering
2026-07-21 21:37:54.257 7 WARNING neutron.quota.resource_registry [None req-37cc7a50-3e45-4301-9ef1-c3ad0449fa77 - - - - - -] endpoint_group is already registered
2026-07-21 21:37:54.257 6 INFO neutron.api.extensions [None req-d1588316-e772-4648-a6e1-c68fc4c29d3b - - - - - -] Loaded extension: security-groups-remote-address-group
2026-07-21 21:37:54.257 7 INFO neutron.quota.resource_registry [None req-37cc7a50-3e45-4301-9ef1-c3ad0449fa77 - - - - - -] Creating instance of CountableResource for resource:vpnservice
2026-07-21 21:37:54.258 7 WARNING neutron.quota.resource_registry [None req-37cc7a50-3e45-4301-9ef1-c3ad0449fa77 - - - - - -] vpnservice is already registered
2026-07-21 21:37:54.258 6 INFO neutron.api.extensions [None req-d1588316-e772-4648-a6e1-c68fc4c29d3b - - - - - -] Loaded extension: security-groups-rules-belongs-to-default-sg
2026-07-21 21:37:54.258 7 INFO neutron.quota.resource_registry [None req-37cc7a50-3e45-4301-9ef1-c3ad0449fa77 - - - - - -] Creating instance of CountableResource for resource:ipsec_site_connection
2026-07-21 21:37:54.258 7 WARNING neutron.quota.resource_registry [None req-37cc7a50-3e45-4301-9ef1-c3ad0449fa77 - - - - - -] ipsec_site_connection is already registered
2026-07-21 21:37:54.259 6 INFO neutron.api.extensions [None req-d1588316-e772-4648-a6e1-c68fc4c29d3b - - - - - -] Loaded extension: security-groups-shared-filtering
2026-07-21 21:37:54.259 7 INFO neutron.quota.resource_registry [None req-37cc7a50-3e45-4301-9ef1-c3ad0449fa77 - - - - - -] Creating instance of CountableResource for resource:ipsecpolicy
2026-07-21 21:37:54.259 7 WARNING neutron.quota.resource_registry [None req-37cc7a50-3e45-4301-9ef1-c3ad0449fa77 - - - - - -] ipsecpolicy is already registered
2026-07-21 21:37:54.260 7 INFO neutron.quota.resource_registry [None req-37cc7a50-3e45-4301-9ef1-c3ad0449fa77 - - - - - -] Creating instance of CountableResource for resource:ikepolicy
2026-07-21 21:37:54.260 7 WARNING neutron.quota.resource_registry [None req-37cc7a50-3e45-4301-9ef1-c3ad0449fa77 - - - - - -] ikepolicy is already registered
2026-07-21 21:37:54.266 6 INFO neutron.api.extensions [None req-d1588316-e772-4648-a6e1-c68fc4c29d3b - - - - - -] Loaded extension: security-group
2026-07-21 21:37:54.267 6 INFO neutron.api.extensions [None req-d1588316-e772-4648-a6e1-c68fc4c29d3b - - - - - -] Loaded extension: segment
2026-07-21 21:37:54.267 6 INFO neutron.api.extensions [None req-d1588316-e772-4648-a6e1-c68fc4c29d3b - - - - - -] Loaded extension: segments-peer-subnet-host-routes
2026-07-21 21:37:54.268 6 INFO neutron.api.extensions [None req-d1588316-e772-4648-a6e1-c68fc4c29d3b - - - - - -] Loaded extension: service-type
2026-07-21 21:37:54.268 6 INFO neutron.api.extensions [None req-d1588316-e772-4648-a6e1-c68fc4c29d3b - - - - - -] Loaded extension: sorting
2026-07-21 21:37:54.269 6 INFO neutron.api.extensions [None req-d1588316-e772-4648-a6e1-c68fc4c29d3b - - - - - -] Loaded extension: standard-attr-segment
2026-07-21 21:37:54.270 6 INFO neutron.api.extensions [None req-d1588316-e772-4648-a6e1-c68fc4c29d3b - - - - - -] Loaded extension: standard-attr-description
2026-07-21 21:37:54.270 6 INFO neutron.api.extensions [None req-d1588316-e772-4648-a6e1-c68fc4c29d3b - - - - - -] Loaded extension: stateful-security-group
2026-07-21 21:37:54.271 6 WARNING neutron.api.extensions [None req-d1588316-e772-4648-a6e1-c68fc4c29d3b - - - - - -] Did not find expected name "Stdattrs_common" in /var/lib/openstack/lib/python3.12/site-packages/neutron/extensions/stdattrs_common.py
2026-07-21 21:37:54.271 6 INFO neutron.api.extensions [None req-d1588316-e772-4648-a6e1-c68fc4c29d3b - - - - - -] Extension subnet-dns-publish-fixed-ip not supported by any of loaded plugins
2026-07-21 21:37:54.272 6 INFO neutron.api.extensions [None req-d1588316-e772-4648-a6e1-c68fc4c29d3b - - - - - -] Loaded extension: subnet-external-network
2026-07-21 21:37:54.272 6 INFO neutron.api.extensions [None req-d1588316-e772-4648-a6e1-c68fc4c29d3b - - - - - -] Loaded extension: subnet_onboard
2026-07-21 21:37:54.273 6 INFO neutron.api.extensions [None req-d1588316-e772-4648-a6e1-c68fc4c29d3b - - - - - -] Loaded extension: subnet-segmentid-writable
2026-07-21 21:37:54.274 6 INFO neutron.api.extensions [None req-d1588316-e772-4648-a6e1-c68fc4c29d3b - - - - - -] Loaded extension: subnet-service-types
2026-07-21 21:37:54.274 6 INFO neutron.api.extensions [None req-d1588316-e772-4648-a6e1-c68fc4c29d3b - - - - - -] Loaded extension: subnet_allocation
2026-07-21 21:37:54.278 6 INFO neutron.api.extensions [None req-d1588316-e772-4648-a6e1-c68fc4c29d3b - - - - - -] Loaded extension: subnetpool-prefix-ops
2026-07-21 21:37:54.278 6 INFO neutron.api.extensions [None req-d1588316-e772-4648-a6e1-c68fc4c29d3b - - - - - -] Loaded extension: tag-creation
2026-07-21 21:37:54.279 6 INFO neutron.api.extensions [None req-d1588316-e772-4648-a6e1-c68fc4c29d3b - - - - - -] Extension tag-ports-during-bulk-creation not supported by any of loaded plugins
2026-07-21 21:37:54.287 6 INFO neutron.api.extensions [None req-d1588316-e772-4648-a6e1-c68fc4c29d3b - - - - - -] Loaded extension: standard-attr-tag
2026-07-21 21:37:54.288 6 INFO neutron.api.extensions [None req-d1588316-e772-4648-a6e1-c68fc4c29d3b - - - - - -] Loaded extension: standard-attr-timestamp
2026-07-21 21:37:54.288 6 INFO neutron.api.extensions [None req-d1588316-e772-4648-a6e1-c68fc4c29d3b - - - - - -] Loaded extension: trunk
2026-07-21 21:37:54.289 6 INFO neutron.api.extensions [None req-d1588316-e772-4648-a6e1-c68fc4c29d3b - - - - - -] Loaded extension: trunk-details
2026-07-21 21:37:54.290 6 INFO neutron.api.extensions [None req-d1588316-e772-4648-a6e1-c68fc4c29d3b - - - - - -] Extension uplink-status-propagation not supported by any of loaded plugins
2026-07-21 21:37:54.290 6 INFO neutron.api.extensions [None req-d1588316-e772-4648-a6e1-c68fc4c29d3b - - - - - -] Extension uplink-status-propagation-updatable not supported by any of loaded plugins
2026-07-21 21:37:54.291 6 INFO neutron.api.extensions [None req-d1588316-e772-4648-a6e1-c68fc4c29d3b - - - - - -] Extension vlan-transparent not supported by any of loaded plugins
2026-07-21 21:37:54.292 6 INFO neutron.api.extensions [None req-d1588316-e772-4648-a6e1-c68fc4c29d3b - - - - - -] Loaded extension: vpn-aes-ctr
2026-07-21 21:37:54.294 6 INFO neutron.api.extensions [None req-d1588316-e772-4648-a6e1-c68fc4c29d3b - - - - - -] Extension vpn-agent-scheduler not supported by any of loaded plugins
2026-07-21 21:37:54.295 6 INFO neutron.api.extensions [None req-d1588316-e772-4648-a6e1-c68fc4c29d3b - - - - - -] Loaded extension: vpn-endpoint-groups
2026-07-21 21:37:54.295 6 INFO neutron.api.extensions [None req-d1588316-e772-4648-a6e1-c68fc4c29d3b - - - - - -] Loaded extension: vpn-flavors
2026-07-21 21:37:54.298 6 INFO neutron.api.extensions [None req-d1588316-e772-4648-a6e1-c68fc4c29d3b - - - - - -] Loaded extension: vpnaas
2026-07-21 21:37:54.299 6 INFO neutron.api.extensions [None req-d1588316-e772-4648-a6e1-c68fc4c29d3b - - - - - -] Loaded extension: taas
2026-07-21 21:37:54.300 6 INFO neutron.api.extensions [None req-d1588316-e772-4648-a6e1-c68fc4c29d3b - - - - - -] Loaded extension: tap-mirror
2026-07-21 21:37:54.301 6 INFO neutron.api.extensions [None req-d1588316-e772-4648-a6e1-c68fc4c29d3b - - - - - -] Loaded extension: taas-vlan-filter
2026-07-21 21:37:54.304 6 INFO neutron.quota.resource_registry [None req-d1588316-e772-4648-a6e1-c68fc4c29d3b - - - - - -] Creating instance of TrackedResource for resource:network
2026-07-21 21:37:54.304 6 INFO neutron.quota.resource_registry [None req-d1588316-e772-4648-a6e1-c68fc4c29d3b - - - - - -] Creating instance of TrackedResource for resource:subnet
2026-07-21 21:37:54.304 6 INFO neutron.quota.resource_registry [None req-d1588316-e772-4648-a6e1-c68fc4c29d3b - - - - - -] Creating instance of TrackedResource for resource:subnetpool
2026-07-21 21:37:54.304 6 INFO neutron.quota.resource_registry [None req-d1588316-e772-4648-a6e1-c68fc4c29d3b - - - - - -] Creating instance of TrackedResource for resource:port
2026-07-21 21:37:54.308 6 INFO neutron.quota.resource_registry [None req-d1588316-e772-4648-a6e1-c68fc4c29d3b - - - - - -] Creating instance of TrackedResource for resource:router
2026-07-21 21:37:54.308 6 INFO neutron.quota.resource_registry [None req-d1588316-e772-4648-a6e1-c68fc4c29d3b - - - - - -] Creating instance of TrackedResource for resource:floatingip
2026-07-21 21:37:54.313 6 INFO neutron.quota.resource_registry [None req-d1588316-e772-4648-a6e1-c68fc4c29d3b - - - - - -] Creating instance of CountableResource for resource:rbac_policy
2026-07-21 21:37:54.314 6 INFO neutron.quota.resource_registry [None req-d1588316-e772-4648-a6e1-c68fc4c29d3b - - - - - -] Creating instance of TrackedResource for resource:security_group
2026-07-21 21:37:54.315 6 INFO neutron.quota.resource_registry [None req-d1588316-e772-4648-a6e1-c68fc4c29d3b - - - - - -] Creating instance of TrackedResource for resource:security_group_rule
2026-07-21 21:37:54.315 7 WARNING keystonemiddleware._common.config [None req-37cc7a50-3e45-4301-9ef1-c3ad0449fa77 - - - - - -] The option "audit_map_file" is not known to keystonemiddleware
2026-07-21 21:37:54.316 6 INFO neutron.quota.resource_registry [None req-d1588316-e772-4648-a6e1-c68fc4c29d3b - - - - - -] Creating instance of TrackedResource for resource:subnetpool
2026-07-21 21:37:54.316 6 WARNING neutron.quota.resource_registry [None req-d1588316-e772-4648-a6e1-c68fc4c29d3b - - - - - -] subnetpool is already registered
2026-07-21 21:37:54.316 6 INFO neutron.quota.resource_registry [None req-d1588316-e772-4648-a6e1-c68fc4c29d3b - - - - - -] Creating instance of TrackedResource for resource:subnetpool
2026-07-21 21:37:54.317 6 WARNING neutron.quota.resource_registry [None req-d1588316-e772-4648-a6e1-c68fc4c29d3b - - - - - -] subnetpool is already registered
2026-07-21 21:37:54.317 6 INFO neutron.quota.resource_registry [None req-d1588316-e772-4648-a6e1-c68fc4c29d3b - - - - - -] Creating instance of CountableResource for resource:trunk
2026-07-21 21:37:54.317 6 INFO neutron.quota.resource_registry [None req-d1588316-e772-4648-a6e1-c68fc4c29d3b - - - - - -] Creating instance of CountableResource for resource:ikepolicy
2026-07-21 21:37:54.318 6 INFO neutron.quota.resource_registry [None req-d1588316-e772-4648-a6e1-c68fc4c29d3b - - - - - -] Creating instance of CountableResource for resource:ipsecpolicy
2026-07-21 21:37:54.318 6 INFO neutron.quota.resource_registry [None req-d1588316-e772-4648-a6e1-c68fc4c29d3b - - - - - -] Creating instance of CountableResource for resource:endpoint_group
2026-07-21 21:37:54.319 6 INFO neutron.quota.resource_registry [None req-d1588316-e772-4648-a6e1-c68fc4c29d3b - - - - - -] Creating instance of CountableResource for resource:vpnservice
2026-07-21 21:37:54.319 6 INFO neutron.quota.resource_registry [None req-d1588316-e772-4648-a6e1-c68fc4c29d3b - - - - - -] Creating instance of CountableResource for resource:ipsec_site_connection
2026-07-21 21:37:54.320 6 INFO neutron.quota.resource_registry [None req-d1588316-e772-4648-a6e1-c68fc4c29d3b - - - - - -] Creating instance of CountableResource for resource:ipsecpolicy
2026-07-21 21:37:54.320 6 WARNING neutron.quota.resource_registry [None req-d1588316-e772-4648-a6e1-c68fc4c29d3b - - - - - -] ipsecpolicy is already registered
2026-07-21 21:37:54.320 6 INFO neutron.quota.resource_registry [None req-d1588316-e772-4648-a6e1-c68fc4c29d3b - - - - - -] Creating instance of CountableResource for resource:ikepolicy
2026-07-21 21:37:54.321 6 WARNING neutron.quota.resource_registry [None req-d1588316-e772-4648-a6e1-c68fc4c29d3b - - - - - -] ikepolicy is already registered
2026-07-21 21:37:54.322 7 WARNING oslo_config.cfg [None req-37cc7a50-3e45-4301-9ef1-c3ad0449fa77 - - - - - -] Deprecated: Option "auth_uri" from group "keystone_authtoken" is deprecated. Use option "www_authenticate_uri" from group "keystone_authtoken". WSGI app 0 (mountpoint='') ready in 9 seconds on interpreter 0x7fed0e61c668 pid: 7 (default app)
2026-07-21 21:37:54.326 6 INFO neutron.quota.resource_registry [None req-d1588316-e772-4648-a6e1-c68fc4c29d3b - - - - - -] Creating instance of TrackedResource for resource:router
2026-07-21 21:37:54.326 6 WARNING neutron.quota.resource_registry [None req-d1588316-e772-4648-a6e1-c68fc4c29d3b - - - - - -] router is already registered
2026-07-21 21:37:54.327 6 INFO neutron.quota.resource_registry [None req-d1588316-e772-4648-a6e1-c68fc4c29d3b - - - - - -] Creating instance of TrackedResource for resource:floatingip
2026-07-21 21:37:54.327 6 WARNING neutron.quota.resource_registry [None req-d1588316-e772-4648-a6e1-c68fc4c29d3b - - - - - -] floatingip is already registered
2026-07-21 21:37:54.331 6 INFO neutron.quota.resource_registry [None req-d1588316-e772-4648-a6e1-c68fc4c29d3b - - - - - -] Creating instance of CountableResource for resource:rbac_policy
2026-07-21 21:37:54.331 6 WARNING neutron.quota.resource_registry [None req-d1588316-e772-4648-a6e1-c68fc4c29d3b - - - - - -] rbac_policy is already registered
2026-07-21 21:37:54.332 6 INFO neutron.quota.resource_registry [None req-d1588316-e772-4648-a6e1-c68fc4c29d3b - - - - - -] Creating instance of TrackedResource for resource:security_group
2026-07-21 21:37:54.332 6 WARNING neutron.quota.resource_registry [None req-d1588316-e772-4648-a6e1-c68fc4c29d3b - - - - - -] security_group is already registered
2026-07-21 21:37:54.332 6 INFO neutron.quota.resource_registry [None req-d1588316-e772-4648-a6e1-c68fc4c29d3b - - - - - -] Creating instance of TrackedResource for resource:security_group_rule
2026-07-21 21:37:54.332 6 WARNING neutron.quota.resource_registry [None req-d1588316-e772-4648-a6e1-c68fc4c29d3b - - - - - -] security_group_rule is already registered
2026-07-21 21:37:54.333 6 INFO neutron.quota.resource_registry [None req-d1588316-e772-4648-a6e1-c68fc4c29d3b - - - - - -] Creating instance of TrackedResource for resource:subnetpool
2026-07-21 21:37:54.334 6 WARNING neutron.quota.resource_registry [None req-d1588316-e772-4648-a6e1-c68fc4c29d3b - - - - - -] subnetpool is already registered
2026-07-21 21:37:54.334 6 INFO neutron.quota.resource_registry [None req-d1588316-e772-4648-a6e1-c68fc4c29d3b - - - - - -] Creating instance of TrackedResource for resource:subnetpool
2026-07-21 21:37:54.334 6 WARNING neutron.quota.resource_registry [None req-d1588316-e772-4648-a6e1-c68fc4c29d3b - - - - - -] subnetpool is already registered
2026-07-21 21:37:54.335 6 INFO neutron.quota.resource_registry [None req-d1588316-e772-4648-a6e1-c68fc4c29d3b - - - - - -] Creating instance of CountableResource for resource:trunk
2026-07-21 21:37:54.335 6 WARNING neutron.quota.resource_registry [None req-d1588316-e772-4648-a6e1-c68fc4c29d3b - - - - - -] trunk is already registered
2026-07-21 21:37:54.335 6 INFO neutron.quota.resource_registry [None req-d1588316-e772-4648-a6e1-c68fc4c29d3b - - - - - -] Creating instance of CountableResource for resource:ikepolicy
2026-07-21 21:37:54.335 6 WARNING neutron.quota.resource_registry [None req-d1588316-e772-4648-a6e1-c68fc4c29d3b - - - - - -] ikepolicy is already registered
2026-07-21 21:37:54.336 6 INFO neutron.quota.resource_registry [None req-d1588316-e772-4648-a6e1-c68fc4c29d3b - - - - - -] Creating instance of CountableResource for resource:ipsecpolicy
2026-07-21 21:37:54.336 6 WARNING neutron.quota.resource_registry [None req-d1588316-e772-4648-a6e1-c68fc4c29d3b - - - - - -] ipsecpolicy is already registered
2026-07-21 21:37:54.336 6 INFO neutron.quota.resource_registry [None req-d1588316-e772-4648-a6e1-c68fc4c29d3b - - - - - -] Creating instance of CountableResource for resource:endpoint_group
2026-07-21 21:37:54.336 6 WARNING neutron.quota.resource_registry [None req-d1588316-e772-4648-a6e1-c68fc4c29d3b - - - - - -] endpoint_group is already registered
2026-07-21 21:37:54.337 6 INFO neutron.quota.resource_registry [None req-d1588316-e772-4648-a6e1-c68fc4c29d3b - - - - - -] Creating instance of CountableResource for resource:vpnservice
2026-07-21 21:37:54.337 6 WARNING neutron.quota.resource_registry [None req-d1588316-e772-4648-a6e1-c68fc4c29d3b - - - - - -] vpnservice is already registered
2026-07-21 21:37:54.337 6 INFO neutron.quota.resource_registry [None req-d1588316-e772-4648-a6e1-c68fc4c29d3b - - - - - -] Creating instance of CountableResource for resource:ipsec_site_connection
2026-07-21 21:37:54.338 6 WARNING neutron.quota.resource_registry [None req-d1588316-e772-4648-a6e1-c68fc4c29d3b - - - - - -] ipsec_site_connection is already registered
2026-07-21 21:37:54.338 6 INFO neutron.quota.resource_registry [None req-d1588316-e772-4648-a6e1-c68fc4c29d3b - - - - - -] Creating instance of CountableResource for resource:ipsecpolicy
2026-07-21 21:37:54.338 6 WARNING neutron.quota.resource_registry [None req-d1588316-e772-4648-a6e1-c68fc4c29d3b - - - - - -] ipsecpolicy is already registered
2026-07-21 21:37:54.338 6 INFO neutron.quota.resource_registry [None req-d1588316-e772-4648-a6e1-c68fc4c29d3b - - - - - -] Creating instance of CountableResource for resource:ikepolicy
2026-07-21 21:37:54.339 6 WARNING neutron.quota.resource_registry [None req-d1588316-e772-4648-a6e1-c68fc4c29d3b - - - - - -] ikepolicy is already registered
2026-07-21 21:37:54.383 6 WARNING keystonemiddleware._common.config [None req-d1588316-e772-4648-a6e1-c68fc4c29d3b - - - - - -] The option "audit_map_file" is not known to keystonemiddleware
2026-07-21 21:37:54.390 6 WARNING oslo_config.cfg [None req-d1588316-e772-4648-a6e1-c68fc4c29d3b - - - - - -] Deprecated: Option "auth_uri" from group "keystone_authtoken" is deprecated. Use option "www_authenticate_uri" from group "keystone_authtoken". WSGI app 0 (mountpoint='') ready in 9 seconds on interpreter 0x7fed0e61c668 pid: 6 (default app) /var/lib/openstack/lib/python3.12/site-packages/pycadf/identifier.py:70: UserWarning: Invalid uuid: unknown. To ensure interoperability, identifiers should be a valid uuid. warnings.warn(('Invalid uuid: %s. To ensure interoperability, '
2026-07-21 21:37:59.570 7 INFO neutron.pecan_wsgi.hooks.translation [None req-496682db-fde5-4540-a533-d4688a0882af 7b1897a155df41078fec5fa83d107dea ceeb0e244a1a4c8b8cc1fa28531d13df - - default default] GET failed (client error): The resource could not be found. [pid: 7|app: 0|req: 4/4] 199.19.213.223 () {44 vars in 926 bytes} [Tue Jul 21 21:37:58 2026] GET /v2.0/networks/public => generated 108 bytes in 999 msecs (HTTP/1.1 404) 4 headers in 164 bytes (1 switches on core 0) /var/lib/openstack/lib/python3.12/site-packages/pycadf/identifier.py:70: UserWarning: Invalid uuid: unknown. To ensure interoperability, identifiers should be a valid uuid. warnings.warn(('Invalid uuid: %s. To ensure interoperability, ' [pid: 6|app: 0|req: 1/5] 199.19.213.223 () {44 vars in 948 bytes} [Tue Jul 21 21:37:59 2026] GET /v2.0/networks?name=public => generated 15 bytes in 500 msecs (HTTP/1.1 200) 4 headers in 156 bytes (1 switches on core 0)
2026-07-21 21:38:00.506 7 WARNING neutron.services.revisions.revision_plugin [None req-2f99ed82-d503-45d1-9c93-bd4fc31e6a58 7b1897a155df41078fec5fa83d107dea ceeb0e244a1a4c8b8cc1fa28531d13df - - default default] Could not find related network for resource to bump revision.
2026-07-21 21:38:00.539 7 INFO neutron.db.segments_db [None req-2f99ed82-d503-45d1-9c93-bd4fc31e6a58 7b1897a155df41078fec5fa83d107dea ceeb0e244a1a4c8b8cc1fa28531d13df - - default default] Added segment 762e22d6-3e07-4469-846c-6b76c8b3aa5f of type flat for network 88cada11-9cbd-4201-860f-11b5f525209c
2026-07-21 21:38:00.606 7 INFO neutron.pecan_wsgi.hooks.translation [None req-2f99ed82-d503-45d1-9c93-bd4fc31e6a58 7b1897a155df41078fec5fa83d107dea ceeb0e244a1a4c8b8cc1fa28531d13df - - default default] POST failed (client error): The resource could not be found. [pid: 7|app: 0|req: 5/6] 199.19.213.223 () {48 vars in 966 bytes} [Tue Jul 21 21:38:00 2026] POST /v2.0/networks => generated 124 bytes in 550 msecs (HTTP/1.1 404) 4 headers in 164 bytes (1 switches on core 0)
2026-07-21 21:38:06.904 6 INFO neutron.pecan_wsgi.hooks.translation [None req-ccb20a41-21dd-498a-a7f6-81ff48de2033 7b1897a155df41078fec5fa83d107dea ceeb0e244a1a4c8b8cc1fa28531d13df - - default default] GET failed (client error): The resource could not be found. [pid: 6|app: 0|req: 2/8] 199.19.213.223 () {44 vars in 926 bytes} [Tue Jul 21 21:38:06 2026] GET /v2.0/networks/public => generated 108 bytes in 398 msecs (HTTP/1.1 404) 4 headers in 164 bytes (1 switches on core 0) [pid: 7|app: 0|req: 7/9] 199.19.213.223 () {44 vars in 948 bytes} [Tue Jul 21 21:38:06 2026] GET /v2.0/networks?name=public => generated 15 bytes in 23 msecs (HTTP/1.1 200) 4 headers in 156 bytes (1 switches on core 0)
2026-07-21 21:38:07.231 6 WARNING neutron.services.revisions.revision_plugin [None req-34e7e64e-8132-4d2e-92fe-2453fdd0d204 7b1897a155df41078fec5fa83d107dea ceeb0e244a1a4c8b8cc1fa28531d13df - - default default] Could not find related network for resource to bump revision.
2026-07-21 21:38:07.260 6 INFO neutron.db.segments_db [None req-34e7e64e-8132-4d2e-92fe-2453fdd0d204 7b1897a155df41078fec5fa83d107dea ceeb0e244a1a4c8b8cc1fa28531d13df - - default default] Added segment c49cb3a1-8aa5-426c-b8dd-abefa915bfef of type flat for network 4c934cd0-83a0-47d5-b24f-06c4d7f1430c
2026-07-21 21:38:07.308 6 INFO neutron.pecan_wsgi.hooks.translation [None req-34e7e64e-8132-4d2e-92fe-2453fdd0d204 7b1897a155df41078fec5fa83d107dea ceeb0e244a1a4c8b8cc1fa28531d13df - - default default] POST failed (client error): The resource could not be found. [pid: 6|app: 0|req: 3/10] 199.19.213.223 () {48 vars in 966 bytes} [Tue Jul 21 21:38:06 2026] POST /v2.0/networks => generated 124 bytes in 378 msecs (HTTP/1.1 404) 4 headers in 164 bytes (1 switches on core 0)
2026-07-21 21:38:13.293 7 INFO neutron.pecan_wsgi.hooks.translation [None req-30e6e69f-4d61-4718-a8ad-39238e41cdbc 7b1897a155df41078fec5fa83d107dea ceeb0e244a1a4c8b8cc1fa28531d13df - - default default] GET failed (client error): The resource could not be found. [pid: 7|app: 0|req: 8/11] 199.19.213.223 () {44 vars in 926 bytes} [Tue Jul 21 21:38:13 2026] GET /v2.0/networks/public => generated 108 bytes in 44 msecs (HTTP/1.1 404) 4 headers in 164 bytes (1 switches on core 0) [pid: 6|app: 0|req: 4/12] 199.19.213.223 () {44 vars in 948 bytes} [Tue Jul 21 21:38:13 2026] GET /v2.0/networks?name=public => generated 15 bytes in 14 msecs (HTTP/1.1 200) 4 headers in 156 bytes (1 switches on core 0)
2026-07-21 21:38:13.377 7 WARNING neutron.services.revisions.revision_plugin [None req-76bd0018-7ab3-44b5-ab7e-8ee8828b6ae0 7b1897a155df41078fec5fa83d107dea ceeb0e244a1a4c8b8cc1fa28531d13df - - default default] Could not find related network for resource to bump revision.
2026-07-21 21:38:13.393 7 INFO neutron.db.segments_db [None req-76bd0018-7ab3-44b5-ab7e-8ee8828b6ae0 7b1897a155df41078fec5fa83d107dea ceeb0e244a1a4c8b8cc1fa28531d13df - - default default] Added segment 4db8d988-1ceb-41ba-af89-0cebe38df009 of type flat for network b2e09e04-e910-4a97-9502-504489e41a07
2026-07-21 21:38:13.429 7 INFO neutron.pecan_wsgi.hooks.translation [None req-76bd0018-7ab3-44b5-ab7e-8ee8828b6ae0 7b1897a155df41078fec5fa83d107dea ceeb0e244a1a4c8b8cc1fa28531d13df - - default default] POST failed (client error): The resource could not be found. [pid: 7|app: 0|req: 9/13] 199.19.213.223 () {48 vars in 966 bytes} [Tue Jul 21 21:38:13 2026] POST /v2.0/networks => generated 124 bytes in 124 msecs (HTTP/1.1 404) 4 headers in 164 bytes (1 switches on core 0)
2026-07-21 21:38:19.450 6 INFO neutron.pecan_wsgi.hooks.translation [None req-a9fb338e-e172-47f5-b36c-d4c901dbfbd1 7b1897a155df41078fec5fa83d107dea ceeb0e244a1a4c8b8cc1fa28531d13df - - default default] GET failed (client error): The resource could not be found. [pid: 6|app: 0|req: 5/14] 199.19.213.223 () {44 vars in 926 bytes} [Tue Jul 21 21:38:19 2026] GET /v2.0/networks/public => generated 108 bytes in 52 msecs (HTTP/1.1 404) 4 headers in 164 bytes (1 switches on core 0) [pid: 7|app: 0|req: 10/15] 199.19.213.223 () {44 vars in 948 bytes} [Tue Jul 21 21:38:19 2026] GET /v2.0/networks?name=public => generated 15 bytes in 12 msecs (HTTP/1.1 200) 4 headers in 156 bytes (1 switches on core 0)
2026-07-21 21:38:19.523 6 WARNING neutron.services.revisions.revision_plugin [None req-a67b7601-7336-4388-9d2c-a41d608024e0 7b1897a155df41078fec5fa83d107dea ceeb0e244a1a4c8b8cc1fa28531d13df - - default default] Could not find related network for resource to bump revision.
2026-07-21 21:38:19.551 6 INFO neutron.db.segments_db [None req-a67b7601-7336-4388-9d2c-a41d608024e0 7b1897a155df41078fec5fa83d107dea ceeb0e244a1a4c8b8cc1fa28531d13df - - default default] Added segment 3615eefd-a34d-4f7a-aa85-279a7e9b7b33 of type flat for network c36e627a-85ed-4df7-8c1b-889295b53ca7
2026-07-21 21:38:19.582 6 INFO neutron.pecan_wsgi.hooks.translation [None req-a67b7601-7336-4388-9d2c-a41d608024e0 7b1897a155df41078fec5fa83d107dea ceeb0e244a1a4c8b8cc1fa28531d13df - - default default] POST failed (client error): The resource could not be found. [pid: 6|app: 0|req: 6/16] 199.19.213.223 () {48 vars in 966 bytes} [Tue Jul 21 21:38:19 2026] POST /v2.0/networks => generated 124 bytes in 125 msecs (HTTP/1.1 404) 4 headers in 164 bytes (1 switches on core 0)
2026-07-21 21:38:25.554 6 INFO neutron.pecan_wsgi.hooks.translation [None req-d0c3b317-f9b9-4757-851b-7d074b3bcaac 7b1897a155df41078fec5fa83d107dea ceeb0e244a1a4c8b8cc1fa28531d13df - - default default] GET failed (client error): The resource could not be found. [pid: 6|app: 0|req: 7/18] 199.19.213.223 () {44 vars in 926 bytes} [Tue Jul 21 21:38:25 2026] GET /v2.0/networks/public => generated 108 bytes in 42 msecs (HTTP/1.1 404) 4 headers in 164 bytes (1 switches on core 0) [pid: 7|app: 0|req: 12/19] 199.19.213.223 () {44 vars in 948 bytes} [Tue Jul 21 21:38:25 2026] GET /v2.0/networks?name=public => generated 15 bytes in 16 msecs (HTTP/1.1 200) 4 headers in 156 bytes (1 switches on core 0)
2026-07-21 21:38:25.636 6 WARNING neutron.services.revisions.revision_plugin [None req-d4c04a8b-9c75-4ddd-832c-9512a5f76c99 7b1897a155df41078fec5fa83d107dea ceeb0e244a1a4c8b8cc1fa28531d13df - - default default] Could not find related network for resource to bump revision.
2026-07-21 21:38:25.659 6 INFO neutron.db.segments_db [None req-d4c04a8b-9c75-4ddd-832c-9512a5f76c99 7b1897a155df41078fec5fa83d107dea ceeb0e244a1a4c8b8cc1fa28531d13df - - default default] Added segment c9289149-1db9-418c-a738-4e65b246acbb of type flat for network 4176b4bd-588e-48eb-96db-e24dc8e3806d
2026-07-21 21:38:25.690 6 INFO neutron.pecan_wsgi.hooks.translation [None req-d4c04a8b-9c75-4ddd-832c-9512a5f76c99 7b1897a155df41078fec5fa83d107dea ceeb0e244a1a4c8b8cc1fa28531d13df - - default default] POST failed (client error): The resource could not be found. [pid: 6|app: 0|req: 8/20] 199.19.213.223 () {48 vars in 966 bytes} [Tue Jul 21 21:38:25 2026] POST /v2.0/networks => generated 124 bytes in 131 msecs (HTTP/1.1 404) 4 headers in 164 bytes (1 switches on core 0)
2026-07-21 21:38:31.785 7 INFO neutron.pecan_wsgi.hooks.translation [None req-199489a2-45b9-46f8-b828-8987dee4e91c 7b1897a155df41078fec5fa83d107dea ceeb0e244a1a4c8b8cc1fa28531d13df - - default default] GET failed (client error): The resource could not be found. [pid: 7|app: 0|req: 13/21] 199.19.213.223 () {44 vars in 926 bytes} [Tue Jul 21 21:38:31 2026] GET /v2.0/networks/public => generated 108 bytes in 98 msecs (HTTP/1.1 404) 4 headers in 164 bytes (1 switches on core 0) [pid: 6|app: 0|req: 9/22] 199.19.213.223 () {44 vars in 948 bytes} [Tue Jul 21 21:38:31 2026] GET /v2.0/networks?name=public => generated 15 bytes in 14 msecs (HTTP/1.1 200) 4 headers in 156 bytes (1 switches on core 0)
2026-07-21 21:38:31.874 7 WARNING neutron.services.revisions.revision_plugin [None req-a97ba0c2-bd78-47d3-b100-a7ad02913349 7b1897a155df41078fec5fa83d107dea ceeb0e244a1a4c8b8cc1fa28531d13df - - default default] Could not find related network for resource to bump revision.
2026-07-21 21:38:31.897 7 INFO neutron.db.segments_db [None req-a97ba0c2-bd78-47d3-b100-a7ad02913349 7b1897a155df41078fec5fa83d107dea ceeb0e244a1a4c8b8cc1fa28531d13df - - default default] Added segment 735b32d3-e465-47cc-a7bf-7317e5743dfb of type flat for network 5173a7e6-68ab-4bd6-a07e-28b073cce9ae
2026-07-21 21:38:31.927 7 INFO neutron.pecan_wsgi.hooks.translation [None req-a97ba0c2-bd78-47d3-b100-a7ad02913349 7b1897a155df41078fec5fa83d107dea ceeb0e244a1a4c8b8cc1fa28531d13df - - default default] POST failed (client error): The resource could not be found. [pid: 7|app: 0|req: 14/23] 199.19.213.223 () {48 vars in 966 bytes} [Tue Jul 21 21:38:31 2026] POST /v2.0/networks => generated 124 bytes in 129 msecs (HTTP/1.1 404) 4 headers in 164 bytes (1 switches on core 0)
2026-07-21 21:38:38.027 7 INFO neutron.pecan_wsgi.hooks.translation [None req-bf3f45c4-deab-4ce6-b484-fdd28e8a2f56 7b1897a155df41078fec5fa83d107dea ceeb0e244a1a4c8b8cc1fa28531d13df - - default default] GET failed (client error): The resource could not be found. [pid: 7|app: 0|req: 15/25] 199.19.213.223 () {44 vars in 926 bytes} [Tue Jul 21 21:38:37 2026] GET /v2.0/networks/public => generated 108 bytes in 55 msecs (HTTP/1.1 404) 4 headers in 164 bytes (1 switches on core 0) [pid: 6|app: 0|req: 11/26] 199.19.213.223 () {44 vars in 948 bytes} [Tue Jul 21 21:38:38 2026] GET /v2.0/networks?name=public => generated 15 bytes in 14 msecs (HTTP/1.1 200) 4 headers in 156 bytes (1 switches on core 0)
2026-07-21 21:38:38.142 7 WARNING neutron.services.revisions.revision_plugin [None req-23ddbbcb-8bd5-45d4-bfb9-a0a0dc285bc1 7b1897a155df41078fec5fa83d107dea ceeb0e244a1a4c8b8cc1fa28531d13df - - default default] Could not find related network for resource to bump revision.
2026-07-21 21:38:38.162 7 INFO neutron.db.segments_db [None req-23ddbbcb-8bd5-45d4-bfb9-a0a0dc285bc1 7b1897a155df41078fec5fa83d107dea ceeb0e244a1a4c8b8cc1fa28531d13df - - default default] Added segment 7ccc93c6-0d79-44fb-a0d7-a3b50c34d788 of type flat for network 8a11c599-02c6-4de9-9646-cbdc75b86337 [pid: 7|app: 0|req: 16/27] 199.19.213.223 () {48 vars in 966 bytes} [Tue Jul 21 21:38:38 2026] POST /v2.0/networks => generated 706 bytes in 940 msecs (HTTP/1.1 201) 4 headers in 162 bytes (1 switches on core 0)
2026-07-21 21:38:40.203 6 INFO neutron.pecan_wsgi.hooks.translation [None req-ffcbf90a-e233-42c5-85ac-7947dc267e78 7b1897a155df41078fec5fa83d107dea ceeb0e244a1a4c8b8cc1fa28531d13df - - default default] GET failed (client error): The resource could not be found. [pid: 6|app: 0|req: 12/28] 199.19.213.223 () {44 vars in 926 bytes} [Tue Jul 21 21:38:40 2026] GET /v2.0/networks/public => generated 108 bytes in 87 msecs (HTTP/1.1 404) 4 headers in 164 bytes (1 switches on core 0) [pid: 7|app: 0|req: 17/29] 199.19.213.223 () {44 vars in 948 bytes} [Tue Jul 21 21:38:40 2026] GET /v2.0/networks?name=public => generated 709 bytes in 46 msecs (HTTP/1.1 200) 4 headers in 157 bytes (1 switches on core 0)
2026-07-21 21:38:40.301 6 INFO neutron.pecan_wsgi.hooks.translation [None req-2952ba6a-74df-498e-9b75-2596e48db50c 7b1897a155df41078fec5fa83d107dea ceeb0e244a1a4c8b8cc1fa28531d13df - - default default] GET failed (client error): The resource could not be found. [pid: 6|app: 0|req: 13/30] 199.19.213.223 () {44 vars in 1033 bytes} [Tue Jul 21 21:38:40 2026] GET /v2.0/subnets/public-subnet?network_id=8a11c599-02c6-4de9-9646-cbdc75b86337 => generated 113 bytes in 38 msecs (HTTP/1.1 404) 4 headers in 164 bytes (1 switches on core 0) [pid: 7|app: 0|req: 18/31] 199.19.213.223 () {44 vars in 1056 bytes} [Tue Jul 21 21:38:40 2026] GET /v2.0/subnets?name=public-subnet&network_id=8a11c599-02c6-4de9-9646-cbdc75b86337 => generated 14 bytes in 30 msecs (HTTP/1.1 200) 4 headers in 156 bytes (1 switches on core 0) [pid: 6|app: 0|req: 14/32] 199.19.213.223 () {48 vars in 964 bytes} [Tue Jul 21 21:38:40 2026] POST /v2.0/subnets => generated 664 bytes in 400 msecs (HTTP/1.1 201) 4 headers in 162 bytes (1 switches on core 0)
