+ COMMAND=start + start + for KEYSTONE_WSGI_SCRIPT in keystone-wsgi-public ++ type -p keystone-wsgi-public + cp -a /var/lib/openstack/bin/keystone-wsgi-public /var/www/cgi-bin/keystone/ + '[' -f /etc/apache2/envvars ']' + source /etc/apache2/envvars ++ unset HOME ++ '[' '' '!=' '' ']' ++ SUFFIX= ++ export APACHE_RUN_USER=www-data ++ APACHE_RUN_USER=www-data ++ export APACHE_RUN_GROUP=www-data ++ APACHE_RUN_GROUP=www-data ++ export APACHE_PID_FILE=/var/run/apache2/apache2.pid ++ APACHE_PID_FILE=/var/run/apache2/apache2.pid ++ export APACHE_RUN_DIR=/var/run/apache2 ++ APACHE_RUN_DIR=/var/run/apache2 ++ export APACHE_LOCK_DIR=/var/lock/apache2 ++ APACHE_LOCK_DIR=/var/lock/apache2 ++ export APACHE_LOG_DIR=/var/log/apache2 ++ APACHE_LOG_DIR=/var/log/apache2 ++ export LANG=C ++ LANG=C ++ export LANG + '[' -f /var/run/apache2/apache2.pid ']' + exec apache2 -DFOREGROUND AH00558: apache2: Could not reliably determine the server's fully qualified domain name, using 10.0.0.3. Set the 'ServerName' directive globally to suppress this message AH00558: apache2: Could not reliably determine the server's fully qualified domain name, using 10.0.0.3. Set the 'ServerName' directive globally to suppress this message
[Mon Jul 13 23:36:55.619353 2026] [mpm_event:notice] [pid 1:tid 140094674528128] AH00489: Apache/2.4.58 (Ubuntu) mod_wsgi/5.0.0 Python/3.12 configured -- resuming normal operations
[Mon Jul 13 23:36:55.619510 2026] [core:notice] [pid 1:tid 140094674528128] AH00094: Command line: 'apache2 -D FOREGROUND'
[Mon Jul 13 23:37:55.123914 2026] [wsgi:error] [pid 11:tid 140094036707008] /var/lib/openstack/lib/python3.12/site-packages/oslo_utils/importutils.py:77: EventletDeprecationWarning:
[Mon Jul 13 23:37:55.123963 2026] [wsgi:error] [pid 11:tid 140094036707008] Eventlet is deprecated. It is currently being maintained in bugfix mode, and
[Mon Jul 13 23:37:55.123965 2026] [wsgi:error] [pid 11:tid 140094036707008] we strongly recommend against using it for new projects.
[Mon Jul 13 23:37:55.123966 2026] [wsgi:error] [pid 11:tid 140094036707008]
[Mon Jul 13 23:37:55.123967 2026] [wsgi:error] [pid 11:tid 140094036707008] If you are already using Eventlet, we recommend migrating to a different
[Mon Jul 13 23:37:55.123968 2026] [wsgi:error] [pid 11:tid 140094036707008] framework. For more detail see
[Mon Jul 13 23:37:55.123970 2026] [wsgi:error] [pid 11:tid 140094036707008] https://eventlet.readthedocs.io/en/latest/asyncio/migration.html
[Mon Jul 13 23:37:55.123971 2026] [wsgi:error] [pid 11:tid 140094036707008]
[Mon Jul 13 23:37:55.123972 2026] [wsgi:error] [pid 11:tid 140094036707008] __import__(import_str)
[Mon Jul 13 23:37:55.131906 2026] [wsgi:error] [pid 10:tid 140094036707008] /var/lib/openstack/lib/python3.12/site-packages/oslo_utils/importutils.py:77: EventletDeprecationWarning:
[Mon Jul 13 23:37:55.131978 2026] [wsgi:error] [pid 10:tid 140094036707008] Eventlet is deprecated. It is currently being maintained in bugfix mode, and
[Mon Jul 13 23:37:55.131983 2026] [wsgi:error] [pid 10:tid 140094036707008] we strongly recommend against using it for new projects.
[Mon Jul 13 23:37:55.131986 2026] [wsgi:error] [pid 10:tid 140094036707008]
[Mon Jul 13 23:37:55.131988 2026] [wsgi:error] [pid 10:tid 140094036707008] If you are already using Eventlet, we recommend migrating to a different
[Mon Jul 13 23:37:55.131991 2026] [wsgi:error] [pid 10:tid 140094036707008] framework. For more detail see
[Mon Jul 13 23:37:55.131994 2026] [wsgi:error] [pid 10:tid 140094036707008] https://eventlet.readthedocs.io/en/latest/asyncio/migration.html
[Mon Jul 13 23:37:55.131997 2026] [wsgi:error] [pid 10:tid 140094036707008]
[Mon Jul 13 23:37:55.131999 2026] [wsgi:error] [pid 10:tid 140094036707008] __import__(import_str) 10.0.0.192 - - [13/Jul/2026:23:37:54 +0000] "GET /v3/ HTTP/1.1" 200 248 10.0.0.192 - - [13/Jul/2026:23:37:54 +0000] "GET /v3/ HTTP/1.1" 200 248
[Mon Jul 13 23:38:00.526414 2026] [wsgi:error] [pid 9:tid 140094036707008] /var/lib/openstack/lib/python3.12/site-packages/oslo_utils/importutils.py:77: EventletDeprecationWarning:
[Mon Jul 13 23:38:00.526468 2026] [wsgi:error] [pid 9:tid 140094036707008] Eventlet is deprecated. It is currently being maintained in bugfix mode, and
[Mon Jul 13 23:38:00.526470 2026] [wsgi:error] [pid 9:tid 140094036707008] we strongly recommend against using it for new projects.
[Mon Jul 13 23:38:00.526471 2026] [wsgi:error] [pid 9:tid 140094036707008]
[Mon Jul 13 23:38:00.526473 2026] [wsgi:error] [pid 9:tid 140094036707008] If you are already using Eventlet, we recommend migrating to a different
[Mon Jul 13 23:38:00.526474 2026] [wsgi:error] [pid 9:tid 140094036707008] framework. For more detail see
[Mon Jul 13 23:38:00.526475 2026] [wsgi:error] [pid 9:tid 140094036707008] https://eventlet.readthedocs.io/en/latest/asyncio/migration.html
[Mon Jul 13 23:38:00.526476 2026] [wsgi:error] [pid 9:tid 140094036707008]
[Mon Jul 13 23:38:00.526477 2026] [wsgi:error] [pid 9:tid 140094036707008] __import__(import_str) 10.0.0.192 - - [13/Jul/2026:23:37:59 +0000] "GET /v3/ HTTP/1.1" 200 248
[Mon Jul 13 23:38:08.570629 2026] [wsgi:error] [pid 12:tid 140094036707008] /var/lib/openstack/lib/python3.12/site-packages/oslo_utils/importutils.py:77: EventletDeprecationWarning:
[Mon Jul 13 23:38:08.570680 2026] [wsgi:error] [pid 12:tid 140094036707008] Eventlet is deprecated. It is currently being maintained in bugfix mode, and
[Mon Jul 13 23:38:08.570683 2026] [wsgi:error] [pid 12:tid 140094036707008] we strongly recommend against using it for new projects.
[Mon Jul 13 23:38:08.570684 2026] [wsgi:error] [pid 12:tid 140094036707008]
[Mon Jul 13 23:38:08.570686 2026] [wsgi:error] [pid 12:tid 140094036707008] If you are already using Eventlet, we recommend migrating to a different
[Mon Jul 13 23:38:08.570687 2026] [wsgi:error] [pid 12:tid 140094036707008] framework. For more detail see
[Mon Jul 13 23:38:08.570688 2026] [wsgi:error] [pid 12:tid 140094036707008] https://eventlet.readthedocs.io/en/latest/asyncio/migration.html
[Mon Jul 13 23:38:08.570690 2026] [wsgi:error] [pid 12:tid 140094036707008]
[Mon Jul 13 23:38:08.570691 2026] [wsgi:error] [pid 12:tid 140094036707008] __import__(import_str) 10.0.0.59 - - [13/Jul/2026:23:38:07 +0000] "GET / HTTP/1.1" 300 295
[Mon Jul 13 23:38:13.326170 2026] [wsgi:error] [pid 11:tid 140094036707008] [remote 10.0.0.59:51914] 2026-07-13 23:38:13.322 11 WARNING keystone.identity.core [None req-c9bd5977-7505-43a7-93ec-a16c22a1a49b - - - - - -] Invalid domain name (atmosphere) found in config file name: keystone.exception.DomainNotFound: Could not find domain: atmosphere.
[Mon Jul 13 23:38:13.372420 2026] [wsgi:error] [pid 11:tid 140094036707008] [remote 10.0.0.59:51914] 2026-07-13 23:38:13.372 11 WARNING keystone.common.password_hashing [None req-c9bd5977-7505-43a7-93ec-a16c22a1a49b - - - - - -] Truncating password to algorithm specific maximum length 72 characters.
[Mon Jul 13 23:38:13.650483 2026] [wsgi:error] [pid 11:tid 140094036707008] [remote 10.0.0.59:51914] 2026-07-13 23:38:13.650 11 WARNING keystone.common.fernet_utils [None req-c9bd5977-7505-43a7-93ec-a16c22a1a49b - - - - - -] key_repository is world readable: /etc/keystone/fernet-keys/ 10.0.0.59 - - [13/Jul/2026:23:38:13 +0000] "POST /v3/auth/tokens HTTP/1.1" 201 1360
[Mon Jul 13 23:38:13.994023 2026] [wsgi:error] [pid 10:tid 140094036707008] [remote 10.0.0.59:51914] 2026-07-13 23:38:13.991 10 WARNING keystone.identity.core [None req-b00b5717-f9d8-4f30-994c-a7bf160a66e4 - - - - - -] Invalid domain name (atmosphere) found in config file name: keystone.exception.DomainNotFound: Could not find domain: atmosphere. 10.0.0.59 - - [13/Jul/2026:23:38:13 +0000] "POST /v3/domains HTTP/1.1" 201 261 10.0.0.10 - - [13/Jul/2026:23:38:26 +0000] "GET / HTTP/1.1" 300 295
[Mon Jul 13 23:38:26.571003 2026] [wsgi:error] [pid 12:tid 140094036707008] [remote 10.0.0.10:58194] 2026-07-13 23:38:26.570 12 WARNING keystone.common.password_hashing [None req-f5216d7b-5f3d-472a-8634-7a69568689b9 - - - - - -] Truncating password to algorithm specific maximum length 72 characters.
[Mon Jul 13 23:38:26.849057 2026] [wsgi:error] [pid 12:tid 140094036707008] [remote 10.0.0.10:58194] 2026-07-13 23:38:26.848 12 WARNING keystone.common.fernet_utils [None req-f5216d7b-5f3d-472a-8634-7a69568689b9 - - - - - -] key_repository is world readable: /etc/keystone/fernet-keys/ 10.0.0.10 - - [13/Jul/2026:23:38:26 +0000] "POST /v3/auth/tokens HTTP/1.1" 201 1360 10.0.0.10 - - [13/Jul/2026:23:38:27 +0000] "GET /v3/roles/admin HTTP/1.1" 404 83
[Mon Jul 13 23:38:27.110169 2026] [wsgi:error] [pid 10:tid 140094036707008] [remote 10.0.0.10:58194] 2026-07-13 23:38:27.109 10 WARNING keystone.common.rbac_enforcer.enforcer [None req-e082dcf5-c049-4c47-8202-d9600c923833 84e76ad06f034213a9105ad29456d79c f70b4a5c937242c7a0e3e297014dc786 - - default default] Deprecated policy rules found. Use oslopolicy-policy-generator and oslopolicy-policy-upgrade to detect and resolve deprecated policies in your configuration. 10.0.0.10 - - [13/Jul/2026:23:38:27 +0000] "GET /v3/roles?name=admin HTTP/1.1" 200 389
[Mon Jul 13 23:38:27.636463 2026] [wsgi:error] [pid 9:tid 140094036707008] [remote 10.0.0.10:58194] 2026-07-13 23:38:27.636 9 WARNING keystone.common.rbac_enforcer.enforcer [None req-6798e72b-d414-4cc8-9bcd-3da2e2dcc805 84e76ad06f034213a9105ad29456d79c f70b4a5c937242c7a0e3e297014dc786 - - default default] Deprecated policy rules found. Use oslopolicy-policy-generator and oslopolicy-policy-upgrade to detect and resolve deprecated policies in your configuration. 10.0.0.10 - - [13/Jul/2026:23:38:27 +0000] "GET /v3/users/admin-RegionOne HTTP/1.1" 404 93
[Mon Jul 13 23:38:27.812562 2026] [wsgi:error] [pid 12:tid 140094036707008] [remote 10.0.0.10:58194] 2026-07-13 23:38:27.812 12 WARNING keystone.common.rbac_enforcer.enforcer [None req-1850b9e8-e86a-42e3-a419-cba308f0b526 84e76ad06f034213a9105ad29456d79c f70b4a5c937242c7a0e3e297014dc786 - - default default] Deprecated policy rules found. Use oslopolicy-policy-generator and oslopolicy-policy-upgrade to detect and resolve deprecated policies in your configuration. 10.0.0.10 - - [13/Jul/2026:23:38:27 +0000] "GET /v3/users?name=admin-RegionOne HTTP/1.1" 200 422
[Mon Jul 13 23:38:28.027343 2026] [wsgi:error] [pid 11:tid 140094036707008] [remote 10.0.0.10:58194] 2026-07-13 23:38:28.027 11 WARNING keystone.common.rbac_enforcer.enforcer [None req-9ac23fdb-0aaf-41b0-8c1b-84cc65ab1adf 84e76ad06f034213a9105ad29456d79c f70b4a5c937242c7a0e3e297014dc786 - - default default] Deprecated policy rules found. Use oslopolicy-policy-generator and oslopolicy-policy-upgrade to detect and resolve deprecated policies in your configuration. 10.0.0.10 - - [13/Jul/2026:23:38:27 +0000] "GET /v3/domains/default HTTP/1.1" 200 224 10.0.0.10 - - [13/Jul/2026:23:38:28 +0000] "PUT /v3/domains/default/users/84e76ad06f034213a9105ad29456d79c/roles/0912d62426914bdaaec47b5b778df2e1 HTTP/1.1" 204 - 10.0.0.192 - - [13/Jul/2026:23:38:38 +0000] "GET / HTTP/1.1" 300 281 10.0.0.192 - - [13/Jul/2026:23:38:39 +0000] "GET /v3 HTTP/1.1" 200 266
[Mon Jul 13 23:38:39.832723 2026] [wsgi:error] [pid 11:tid 140094036707008] [remote 10.0.0.192:38934] 2026-07-13 23:38:39.832 11 WARNING keystone.common.password_hashing [None req-ba896efb-2246-47f8-97e0-9b202be6d39b - - - - - -] Truncating password to algorithm specific maximum length 72 characters.
[Mon Jul 13 23:38:40.109142 2026] [wsgi:error] [pid 11:tid 140094036707008] [remote 10.0.0.192:38934] 2026-07-13 23:38:40.109 11 WARNING keystone.common.fernet_utils [None req-ba896efb-2246-47f8-97e0-9b202be6d39b - - - - - -] key_repository is world readable: /etc/keystone/fernet-keys/ 10.0.0.192 - - [13/Jul/2026:23:38:39 +0000] "POST /v3/auth/tokens HTTP/1.1" 201 1360 10.0.0.192 - - [13/Jul/2026:23:38:40 +0000] "GET / HTTP/1.1" 300 281 10.0.0.192 - - [13/Jul/2026:23:38:40 +0000] "GET /v3/domains/atmosphere HTTP/1.1" 404 90 10.0.0.192 - - [13/Jul/2026:23:38:40 +0000] "GET /v3/domains?name=atmosphere HTTP/1.1" 200 370 10.0.0.192 - - [13/Jul/2026:23:38:40 +0000] "GET /v3/domains/28f21da52a7345c7995e8292d6b093ce HTTP/1.1" 200 247 10.0.0.192 - - [13/Jul/2026:23:38:41 +0000] "GET /v3 HTTP/1.1" 200 266
[Mon Jul 13 23:38:41.331760 2026] [wsgi:error] [pid 9:tid 140094036707008] [remote 10.0.0.192:38920] 2026-07-13 23:38:41.331 9 WARNING keystone.common.password_hashing [None req-b54e85df-455e-4832-bc6a-7900bbc3436e - - - - - -] Truncating password to algorithm specific maximum length 72 characters.
[Mon Jul 13 23:38:41.614014 2026] [wsgi:error] [pid 9:tid 140094036707008] [remote 10.0.0.192:38920] 2026-07-13 23:38:41.613 9 WARNING keystone.common.fernet_utils [None req-b54e85df-455e-4832-bc6a-7900bbc3436e - - - - - -] key_repository is world readable: /etc/keystone/fernet-keys/ 10.0.0.192 - - [13/Jul/2026:23:38:41 +0000] "POST /v3/auth/tokens HTTP/1.1" 201 1360 10.0.0.192 - - [13/Jul/2026:23:38:41 +0000] "GET / HTTP/1.1" 300 281 10.0.0.192 - - [13/Jul/2026:23:38:41 +0000] "GET /v3/OS-FEDERATION/identity_providers/atmosphere HTTP/1.1" 404 101 10.0.0.192 - - [13/Jul/2026:23:38:41 +0000] "GET /v3/OS-FEDERATION/identity_providers HTTP/1.1" 200 156 10.0.0.192 - - [13/Jul/2026:23:38:41 +0000] "PUT /v3/OS-FEDERATION/identity_providers/atmosphere HTTP/1.1" 201 342 10.0.0.192 - - [13/Jul/2026:23:38:42 +0000] "GET /v3 HTTP/1.1" 200 266
[Mon Jul 13 23:38:42.467869 2026] [wsgi:error] [pid 11:tid 140094036707008] [remote 10.0.0.192:38920] 2026-07-13 23:38:42.467 11 WARNING keystone.common.password_hashing [None req-d0900c78-4d54-4f66-b9eb-42eb7a77821d - - - - - -] Truncating password to algorithm specific maximum length 72 characters.
[Mon Jul 13 23:38:42.749374 2026] [wsgi:error] [pid 11:tid 140094036707008] [remote 10.0.0.192:38920] 2026-07-13 23:38:42.749 11 WARNING keystone.common.fernet_utils [None req-d0900c78-4d54-4f66-b9eb-42eb7a77821d - - - - - -] key_repository is world readable: /etc/keystone/fernet-keys/ 10.0.0.192 - - [13/Jul/2026:23:38:42 +0000] "POST /v3/auth/tokens HTTP/1.1" 201 1360 10.0.0.192 - - [13/Jul/2026:23:38:42 +0000] "GET / HTTP/1.1" 300 281 10.0.0.192 - - [13/Jul/2026:23:38:42 +0000] "GET /v3/OS-FEDERATION/mappings/atmosphere-openid HTTP/1.1" 404 98 10.0.0.192 - - [13/Jul/2026:23:38:42 +0000] "GET /v3/OS-FEDERATION/mappings HTTP/1.1" 200 136 10.0.0.192 - - [13/Jul/2026:23:38:42 +0000] "PUT /v3/OS-FEDERATION/mappings/atmosphere-openid HTTP/1.1" 201 357 10.0.0.192 - - [13/Jul/2026:23:38:43 +0000] "GET /v3 HTTP/1.1" 200 266
[Mon Jul 13 23:38:43.646091 2026] [wsgi:error] [pid 9:tid 140094036707008] [remote 10.0.0.192:38920] 2026-07-13 23:38:43.645 9 WARNING keystone.common.password_hashing [None req-f3ad70c4-e397-41c2-b766-ebf89d819b46 - - - - - -] Truncating password to algorithm specific maximum length 72 characters.
[Mon Jul 13 23:38:43.918968 2026] [wsgi:error] [pid 9:tid 140094036707008] [remote 10.0.0.192:38920] 2026-07-13 23:38:43.918 9 WARNING keystone.common.fernet_utils [None req-f3ad70c4-e397-41c2-b766-ebf89d819b46 - - - - - -] key_repository is world readable: /etc/keystone/fernet-keys/ 10.0.0.192 - - [13/Jul/2026:23:38:43 +0000] "POST /v3/auth/tokens HTTP/1.1" 201 1360 10.0.0.192 - - [13/Jul/2026:23:38:43 +0000] "GET / HTTP/1.1" 300 281 10.0.0.192 - - [13/Jul/2026:23:38:43 +0000] "GET /v3/OS-FEDERATION/identity_providers/atmosphere/protocols/openid?idp_id=atmosphere HTTP/1.1" 404 131 10.0.0.192 - - [13/Jul/2026:23:38:43 +0000] "GET /v3/OS-FEDERATION/identity_providers/atmosphere/protocols HTTP/1.1" 200 168 10.0.0.192 - - [13/Jul/2026:23:38:43 +0000] "PUT /v3/OS-FEDERATION/identity_providers/atmosphere/protocols/openid HTTP/1.1" 201 224 10.0.0.192 - - [13/Jul/2026:23:38:54 +0000] "GET /v3/ HTTP/1.1" 200 248 10.0.0.192 - - [13/Jul/2026:23:38:54 +0000] "GET /v3/ HTTP/1.1" 200 248 10.0.0.192 - - [13/Jul/2026:23:39:54 +0000] "GET /v3/ HTTP/1.1" 200 248 10.0.0.192 - - [13/Jul/2026:23:39:54 +0000] "GET /v3/ HTTP/1.1" 200 248 10.0.0.183 - - [13/Jul/2026:23:40:04 +0000] "GET / HTTP/1.1" 300 295
[Mon Jul 13 23:40:04.172947 2026] [wsgi:error] [pid 11:tid 140094036707008] [remote 10.0.0.183:46574] 2026-07-13 23:40:04.172 11 WARNING keystone.common.password_hashing [None req-92794b29-d98f-4028-986d-1153cf713341 - - - - - -] Truncating password to algorithm specific maximum length 72 characters.
[Mon Jul 13 23:40:04.446947 2026] [wsgi:error] [pid 11:tid 140094036707008] [remote 10.0.0.183:46574] 2026-07-13 23:40:04.446 11 WARNING keystone.common.fernet_utils [None req-92794b29-d98f-4028-986d-1153cf713341 - - - - - -] key_repository is world readable: /etc/keystone/fernet-keys/ 10.0.0.183 - - [13/Jul/2026:23:40:04 +0000] "POST /v3/auth/tokens HTTP/1.1" 201 1360 10.0.0.183 - - [13/Jul/2026:23:40:04 +0000] "GET /v3/services HTTP/1.1" 200 355 10.0.0.183 - - [13/Jul/2026:23:40:08 +0000] "GET / HTTP/1.1" 300 295
[Mon Jul 13 23:40:08.234704 2026] [wsgi:error] [pid 12:tid 140094036707008] [remote 10.0.0.183:35232] 2026-07-13 23:40:08.234 12 WARNING keystone.common.password_hashing [None req-584ee8a4-6909-4618-839a-fc8e3204c594 - - - - - -] Truncating password to algorithm specific maximum length 72 characters.
[Mon Jul 13 23:40:08.519766 2026] [wsgi:error] [pid 12:tid 140094036707008] [remote 10.0.0.183:35232] 2026-07-13 23:40:08.519 12 WARNING keystone.common.fernet_utils [None req-584ee8a4-6909-4618-839a-fc8e3204c594 - - - - - -] key_repository is world readable: /etc/keystone/fernet-keys/ 10.0.0.183 - - [13/Jul/2026:23:40:08 +0000] "POST /v3/auth/tokens HTTP/1.1" 201 1360 10.0.0.183 - - [13/Jul/2026:23:40:08 +0000] "GET /v3/services HTTP/1.1" 200 355 10.0.0.183 - - [13/Jul/2026:23:40:12 +0000] "GET / HTTP/1.1" 300 295
[Mon Jul 13 23:40:12.253174 2026] [wsgi:error] [pid 9:tid 140094036707008] [remote 10.0.0.183:35248] 2026-07-13 23:40:12.252 9 WARNING keystone.common.password_hashing [None req-e8e4a75f-8b99-470b-88b4-8f05a903aad9 - - - - - -] Truncating password to algorithm specific maximum length 72 characters.
[Mon Jul 13 23:40:12.540476 2026] [wsgi:error] [pid 9:tid 140094036707008] [remote 10.0.0.183:35248] 2026-07-13 23:40:12.540 9 WARNING keystone.common.fernet_utils [None req-e8e4a75f-8b99-470b-88b4-8f05a903aad9 - - - - - -] key_repository is world readable: /etc/keystone/fernet-keys/ 10.0.0.183 - - [13/Jul/2026:23:40:12 +0000] "POST /v3/auth/tokens HTTP/1.1" 201 1360 10.0.0.183 - - [13/Jul/2026:23:40:12 +0000] "GET /v3/services HTTP/1.1" 200 355 10.0.0.183 - - [13/Jul/2026:23:40:16 +0000] "GET / HTTP/1.1" 300 295
[Mon Jul 13 23:40:16.352839 2026] [wsgi:error] [pid 10:tid 140094036707008] [remote 10.0.0.183:54178] 2026-07-13 23:40:16.352 10 WARNING keystone.common.password_hashing [None req-81b521bf-ddf5-42b3-9d8c-16f0cb0133bd - - - - - -] Truncating password to algorithm specific maximum length 72 characters.
[Mon Jul 13 23:40:16.623739 2026] [wsgi:error] [pid 10:tid 140094036707008] [remote 10.0.0.183:54178] 2026-07-13 23:40:16.623 10 WARNING keystone.common.fernet_utils [None req-81b521bf-ddf5-42b3-9d8c-16f0cb0133bd - - - - - -] key_repository is world readable: /etc/keystone/fernet-keys/ 10.0.0.183 - - [13/Jul/2026:23:40:16 +0000] "POST /v3/auth/tokens HTTP/1.1" 201 1360 10.0.0.183 - - [13/Jul/2026:23:40:16 +0000] "POST /v3/services HTTP/1.1" 201 296 10.0.0.146 - - [13/Jul/2026:23:40:29 +0000] "GET / HTTP/1.1" 300 295
[Mon Jul 13 23:40:29.341694 2026] [wsgi:error] [pid 11:tid 140094036707008] [remote 10.0.0.146:39756] 2026-07-13 23:40:29.341 11 WARNING keystone.common.password_hashing [None req-c00908c5-d801-4067-94a8-a7ad3e1a6e9d - - - - - -] Truncating password to algorithm specific maximum length 72 characters. 10.0.0.146 - - [13/Jul/2026:23:40:29 +0000] "GET / HTTP/1.1" 300 295
[Mon Jul 13 23:40:29.421394 2026] [wsgi:error] [pid 9:tid 140094036707008] [remote 10.0.0.146:39768] 2026-07-13 23:40:29.421 9 WARNING keystone.common.password_hashing [None req-0c18f92b-ee8b-4b1b-aae5-4b1c65744666 - - - - - -] Truncating password to algorithm specific maximum length 72 characters. 10.0.0.146 - - [13/Jul/2026:23:40:29 +0000] "GET / HTTP/1.1" 300 295
[Mon Jul 13 23:40:29.493082 2026] [wsgi:error] [pid 10:tid 140094036707008] [remote 10.0.0.146:39782] 2026-07-13 23:40:29.492 10 WARNING keystone.common.password_hashing [None req-6199648d-d9b8-4944-94ed-2f7d3c47c3a2 - - - - - -] Truncating password to algorithm specific maximum length 72 characters.
[Mon Jul 13 23:40:29.627102 2026] [wsgi:error] [pid 11:tid 140094036707008] [remote 10.0.0.146:39756] 2026-07-13 23:40:29.626 11 WARNING keystone.common.fernet_utils [None req-c00908c5-d801-4067-94a8-a7ad3e1a6e9d - - - - - -] key_repository is world readable: /etc/keystone/fernet-keys/ 10.0.0.146 - - [13/Jul/2026:23:40:29 +0000] "POST /v3/auth/tokens HTTP/1.1" 201 1464
[Mon Jul 13 23:40:29.696686 2026] [wsgi:error] [pid 9:tid 140094036707008] [remote 10.0.0.146:39768] 2026-07-13 23:40:29.696 9 WARNING keystone.common.fernet_utils [None req-0c18f92b-ee8b-4b1b-aae5-4b1c65744666 - - - - - -] key_repository is world readable: /etc/keystone/fernet-keys/ 10.0.0.146 - - [13/Jul/2026:23:40:29 +0000] "POST /v3/auth/tokens HTTP/1.1" 201 1464
[Mon Jul 13 23:40:29.764591 2026] [wsgi:error] [pid 10:tid 140094036707008] [remote 10.0.0.146:39782] 2026-07-13 23:40:29.764 10 WARNING keystone.common.fernet_utils [None req-6199648d-d9b8-4944-94ed-2f7d3c47c3a2 - - - - - -] key_repository is world readable: /etc/keystone/fernet-keys/ 10.0.0.146 - - [13/Jul/2026:23:40:29 +0000] "GET /v3/services HTTP/1.1" 200 639 10.0.0.146 - - [13/Jul/2026:23:40:29 +0000] "POST /v3/auth/tokens HTTP/1.1" 201 1464 10.0.0.146 - - [13/Jul/2026:23:40:29 +0000] "GET /v3/services HTTP/1.1" 200 639 10.0.0.146 - - [13/Jul/2026:23:40:29 +0000] "GET /v3/services HTTP/1.1" 200 639 10.0.0.146 - - [13/Jul/2026:23:40:31 +0000] "GET / HTTP/1.1" 300 295
[Mon Jul 13 23:40:31.568530 2026] [wsgi:error] [pid 10:tid 140094036707008] [remote 10.0.0.146:39786] 2026-07-13 23:40:31.568 10 WARNING keystone.common.password_hashing [None req-63c17a40-7386-4ce8-8f35-702178fc3c86 - - - - - -] Truncating password to algorithm specific maximum length 72 characters. 10.0.0.146 - - [13/Jul/2026:23:40:31 +0000] "GET / HTTP/1.1" 300 295
[Mon Jul 13 23:40:31.779312 2026] [wsgi:error] [pid 9:tid 140094036707008] [remote 10.0.0.146:39794] 2026-07-13 23:40:31.779 9 WARNING keystone.common.password_hashing [None req-9d7db800-3630-470d-850a-7ce07b68f916 - - - - - -] Truncating password to algorithm specific maximum length 72 characters.
[Mon Jul 13 23:40:31.836508 2026] [wsgi:error] [pid 10:tid 140094036707008] [remote 10.0.0.146:39786] 2026-07-13 23:40:31.836 10 WARNING keystone.common.fernet_utils [None req-63c17a40-7386-4ce8-8f35-702178fc3c86 - - - - - -] key_repository is world readable: /etc/keystone/fernet-keys/ 10.0.0.146 - - [13/Jul/2026:23:40:31 +0000] "POST /v3/auth/tokens HTTP/1.1" 201 1464 10.0.0.146 - - [13/Jul/2026:23:40:31 +0000] "GET / HTTP/1.1" 300 295
[Mon Jul 13 23:40:31.865728 2026] [wsgi:error] [pid 11:tid 140094036707008] [remote 10.0.0.146:39810] 2026-07-13 23:40:31.865 11 WARNING keystone.common.password_hashing [None req-35194616-d714-4711-b205-3cbb9fbc71d1 - - - - - -] Truncating password to algorithm specific maximum length 72 characters. 10.0.0.146 - - [13/Jul/2026:23:40:31 +0000] "GET /v3/endpoints HTTP/1.1" 200 1227 10.0.0.146 - - [13/Jul/2026:23:40:31 +0000] "GET /v3/services/4d7581e7cbd24470a46d7813ba08e414 HTTP/1.1" 200 233 10.0.0.146 - - [13/Jul/2026:23:40:31 +0000] "GET /v3/services/4d7581e7cbd24470a46d7813ba08e414 HTTP/1.1" 200 233 10.0.0.146 - - [13/Jul/2026:23:40:32 +0000] "GET /v3/services/4d7581e7cbd24470a46d7813ba08e414 HTTP/1.1" 200 233
[Mon Jul 13 23:40:32.051770 2026] [wsgi:error] [pid 9:tid 140094036707008] [remote 10.0.0.146:39794] 2026-07-13 23:40:32.051 9 WARNING keystone.common.fernet_utils [None req-9d7db800-3630-470d-850a-7ce07b68f916 - - - - - -] key_repository is world readable: /etc/keystone/fernet-keys/ 10.0.0.146 - - [13/Jul/2026:23:40:31 +0000] "POST /v3/auth/tokens HTTP/1.1" 201 1464
[Mon Jul 13 23:40:32.136663 2026] [wsgi:error] [pid 11:tid 140094036707008] [remote 10.0.0.146:39810] 2026-07-13 23:40:32.136 11 WARNING keystone.common.fernet_utils [None req-35194616-d714-4711-b205-3cbb9fbc71d1 - - - - - -] key_repository is world readable: /etc/keystone/fernet-keys/ 10.0.0.146 - - [13/Jul/2026:23:40:31 +0000] "POST /v3/auth/tokens HTTP/1.1" 201 1464 10.0.0.146 - - [13/Jul/2026:23:40:32 +0000] "GET /v3/endpoints HTTP/1.1" 200 1227 10.0.0.146 - - [13/Jul/2026:23:40:32 +0000] "GET /v3/services/4d7581e7cbd24470a46d7813ba08e414 HTTP/1.1" 200 233 10.0.0.146 - - [13/Jul/2026:23:40:32 +0000] "GET /v3/services/4d7581e7cbd24470a46d7813ba08e414 HTTP/1.1" 200 233 10.0.0.146 - - [13/Jul/2026:23:40:32 +0000] "GET /v3/endpoints HTTP/1.1" 200 1227 10.0.0.146 - - [13/Jul/2026:23:40:32 +0000] "GET /v3/services/4d7581e7cbd24470a46d7813ba08e414 HTTP/1.1" 200 233 10.0.0.146 - - [13/Jul/2026:23:40:32 +0000] "GET /v3/services/4d7581e7cbd24470a46d7813ba08e414 HTTP/1.1" 200 233 10.0.0.146 - - [13/Jul/2026:23:40:32 +0000] "GET /v3/services/4d7581e7cbd24470a46d7813ba08e414 HTTP/1.1" 200 233 10.0.0.146 - - [13/Jul/2026:23:40:32 +0000] "GET /v3/services/4d7581e7cbd24470a46d7813ba08e414 HTTP/1.1" 200 233 10.0.0.146 - - [13/Jul/2026:23:40:33 +0000] "GET / HTTP/1.1" 300 295
[Mon Jul 13 23:40:33.911798 2026] [wsgi:error] [pid 12:tid 140094036707008] [remote 10.0.0.146:39824] 2026-07-13 23:40:33.911 12 WARNING keystone.common.password_hashing [None req-e394f664-e732-48da-960b-a360a903d127 - - - - - -] Truncating password to algorithm specific maximum length 72 characters. 10.0.0.146 - - [13/Jul/2026:23:40:33 +0000] "GET / HTTP/1.1" 300 295
[Mon Jul 13 23:40:33.934717 2026] [wsgi:error] [pid 11:tid 140094036707008] [remote 10.0.0.146:39836] 2026-07-13 23:40:33.934 11 WARNING keystone.common.password_hashing [None req-41e856f2-63fe-4f5e-b572-bfd2884d2d84 - - - - - -] Truncating password to algorithm specific maximum length 72 characters. 10.0.0.146 - - [13/Jul/2026:23:40:33 +0000] "GET / HTTP/1.1" 300 295
[Mon Jul 13 23:40:33.963066 2026] [wsgi:error] [pid 9:tid 140094036707008] [remote 10.0.0.146:39848] 2026-07-13 23:40:33.962 9 WARNING keystone.common.password_hashing [None req-1538f6cb-bea5-47d6-90c1-de55ed7a7996 - - - - - -] Truncating password to algorithm specific maximum length 72 characters.
[Mon Jul 13 23:40:34.204457 2026] [wsgi:error] [pid 12:tid 140094036707008] [remote 10.0.0.146:39824] 2026-07-13 23:40:34.204 12 WARNING keystone.common.fernet_utils [None req-e394f664-e732-48da-960b-a360a903d127 - - - - - -] key_repository is world readable: /etc/keystone/fernet-keys/
[Mon Jul 13 23:40:34.208652 2026] [wsgi:error] [pid 11:tid 140094036707008] [remote 10.0.0.146:39836] 2026-07-13 23:40:34.208 11 WARNING keystone.common.fernet_utils [None req-41e856f2-63fe-4f5e-b572-bfd2884d2d84 - - - - - -] key_repository is world readable: /etc/keystone/fernet-keys/ 10.0.0.146 - - [13/Jul/2026:23:40:33 +0000] "POST /v3/auth/tokens HTTP/1.1" 201 1464 10.0.0.146 - - [13/Jul/2026:23:40:33 +0000] "POST /v3/auth/tokens HTTP/1.1" 201 1464
[Mon Jul 13 23:40:34.234014 2026] [wsgi:error] [pid 9:tid 140094036707008] [remote 10.0.0.146:39848] 2026-07-13 23:40:34.233 9 WARNING keystone.common.fernet_utils [None req-1538f6cb-bea5-47d6-90c1-de55ed7a7996 - - - - - -] key_repository is world readable: /etc/keystone/fernet-keys/ 10.0.0.146 - - [13/Jul/2026:23:40:33 +0000] "POST /v3/auth/tokens HTTP/1.1" 201 1464 10.0.0.146 - - [13/Jul/2026:23:40:34 +0000] "GET /v3/services/05371f30a3504e0095138f47b7488dc3 HTTP/1.1" 200 296 10.0.0.146 - - [13/Jul/2026:23:40:34 +0000] "GET /v3/services/05371f30a3504e0095138f47b7488dc3 HTTP/1.1" 200 296 10.0.0.146 - - [13/Jul/2026:23:40:34 +0000] "GET /v3/regions/RegionOne HTTP/1.1" 200 173 10.0.0.146 - - [13/Jul/2026:23:40:34 +0000] "GET /v3/regions/RegionOne HTTP/1.1" 200 173 10.0.0.146 - - [13/Jul/2026:23:40:34 +0000] "GET /v3/services/05371f30a3504e0095138f47b7488dc3 HTTP/1.1" 200 296 10.0.0.146 - - [13/Jul/2026:23:40:34 +0000] "GET /v3/regions/RegionOne HTTP/1.1" 200 173 10.0.0.146 - - [13/Jul/2026:23:40:34 +0000] "POST /v3/endpoints HTTP/1.1" 201 370 10.0.0.146 - - [13/Jul/2026:23:40:34 +0000] "POST /v3/endpoints HTTP/1.1" 201 380 10.0.0.146 - - [13/Jul/2026:23:40:34 +0000] "POST /v3/endpoints HTTP/1.1" 201 383 10.0.0.146 - - [13/Jul/2026:23:40:36 +0000] "GET / HTTP/1.1" 300 295
[Mon Jul 13 23:40:36.170575 2026] [wsgi:error] [pid 9:tid 140094036707008] [remote 10.0.0.146:48196] 2026-07-13 23:40:36.170 9 WARNING keystone.common.password_hashing [None req-60877d8e-c1cc-4a06-917a-e071f214bd4b - - - - - -] Truncating password to algorithm specific maximum length 72 characters. 10.0.0.146 - - [13/Jul/2026:23:40:36 +0000] "GET / HTTP/1.1" 300 295
[Mon Jul 13 23:40:36.195273 2026] [wsgi:error] [pid 11:tid 140094036707008] [remote 10.0.0.146:48200] 2026-07-13 23:40:36.194 11 WARNING keystone.common.password_hashing [None req-3b5939f0-f602-4557-8e7c-275b8f3adf5d - - - - - -] Truncating password to algorithm specific maximum length 72 characters. 10.0.0.146 - - [13/Jul/2026:23:40:36 +0000] "GET / HTTP/1.1" 300 295
[Mon Jul 13 23:40:36.427900 2026] [wsgi:error] [pid 12:tid 140094036707008] [remote 10.0.0.146:48214] 2026-07-13 23:40:36.427 12 WARNING keystone.common.password_hashing [None req-ce61d184-4b4d-46eb-b7b5-fa6b3080cb04 - - - - - -] Truncating password to algorithm specific maximum length 72 characters.
[Mon Jul 13 23:40:36.438020 2026] [wsgi:error] [pid 9:tid 140094036707008] [remote 10.0.0.146:48196] 2026-07-13 23:40:36.437 9 WARNING keystone.common.fernet_utils [None req-60877d8e-c1cc-4a06-917a-e071f214bd4b - - - - - -] key_repository is world readable: /etc/keystone/fernet-keys/ 10.0.0.146 - - [13/Jul/2026:23:40:36 +0000] "POST /v3/auth/tokens HTTP/1.1" 201 1992
[Mon Jul 13 23:40:36.471315 2026] [wsgi:error] [pid 11:tid 140094036707008] [remote 10.0.0.146:48200] 2026-07-13 23:40:36.471 11 WARNING keystone.common.fernet_utils [None req-3b5939f0-f602-4557-8e7c-275b8f3adf5d - - - - - -] key_repository is world readable: /etc/keystone/fernet-keys/ 10.0.0.146 - - [13/Jul/2026:23:40:36 +0000] "POST /v3/auth/tokens HTTP/1.1" 201 1992 10.0.0.146 - - [13/Jul/2026:23:40:36 +0000] "GET /v3/endpoints/02aac9553bfd4a959dcf275e5cbfb576 HTTP/1.1" 200 380 10.0.0.146 - - [13/Jul/2026:23:40:36 +0000] "GET /v3/endpoints/bb37a908cff4431fafa0e088309bc2bf HTTP/1.1" 200 370 10.0.0.146 - - [13/Jul/2026:23:40:36 +0000] "GET /v3/services/05371f30a3504e0095138f47b7488dc3 HTTP/1.1" 200 296 10.0.0.146 - - [13/Jul/2026:23:40:36 +0000] "GET /v3/services/05371f30a3504e0095138f47b7488dc3 HTTP/1.1" 200 296
[Mon Jul 13 23:40:36.711071 2026] [wsgi:error] [pid 12:tid 140094036707008] [remote 10.0.0.146:48214] 2026-07-13 23:40:36.710 12 WARNING keystone.common.fernet_utils [None req-ce61d184-4b4d-46eb-b7b5-fa6b3080cb04 - - - - - -] key_repository is world readable: /etc/keystone/fernet-keys/ 10.0.0.146 - - [13/Jul/2026:23:40:36 +0000] "POST /v3/auth/tokens HTTP/1.1" 201 1992 10.0.0.146 - - [13/Jul/2026:23:40:36 +0000] "GET /v3/endpoints/ca34dc5baf5c473ea4baa70d209dcef0 HTTP/1.1" 200 383 10.0.0.146 - - [13/Jul/2026:23:40:36 +0000] "GET /v3/services/05371f30a3504e0095138f47b7488dc3 HTTP/1.1" 200 296 10.0.0.18 - - [13/Jul/2026:23:40:48 +0000] "GET / HTTP/1.1" 300 295
[Mon Jul 13 23:40:48.470759 2026] [wsgi:error] [pid 12:tid 140094036707008] [remote 10.0.0.18:43370] 2026-07-13 23:40:48.470 12 WARNING keystone.common.password_hashing [None req-49dbf957-b312-4669-9b3e-735b4101a98b - - - - - -] Truncating password to algorithm specific maximum length 72 characters.
[Mon Jul 13 23:40:48.750451 2026] [wsgi:error] [pid 12:tid 140094036707008] [remote 10.0.0.18:43370] 2026-07-13 23:40:48.750 12 WARNING keystone.common.fernet_utils [None req-49dbf957-b312-4669-9b3e-735b4101a98b - - - - - -] key_repository is world readable: /etc/keystone/fernet-keys/ 10.0.0.18 - - [13/Jul/2026:23:40:48 +0000] "POST /v3/auth/tokens HTTP/1.1" 201 1992 10.0.0.18 - - [13/Jul/2026:23:40:48 +0000] "POST /v3/domains HTTP/1.1" 201 284 10.0.0.18 - - [13/Jul/2026:23:40:50 +0000] "GET / HTTP/1.1" 300 295
[Mon Jul 13 23:40:50.782865 2026] [wsgi:error] [pid 10:tid 140094036707008] [remote 10.0.0.18:43376] 2026-07-13 23:40:50.782 10 WARNING keystone.common.password_hashing [None req-4a63a5e3-11c2-4cf1-aa89-29727ab95bf1 - - - - - -] Truncating password to algorithm specific maximum length 72 characters.
[Mon Jul 13 23:40:51.052443 2026] [wsgi:error] [pid 10:tid 140094036707008] [remote 10.0.0.18:43376] 2026-07-13 23:40:51.052 10 WARNING keystone.common.fernet_utils [None req-4a63a5e3-11c2-4cf1-aa89-29727ab95bf1 - - - - - -] key_repository is world readable: /etc/keystone/fernet-keys/ 10.0.0.18 - - [13/Jul/2026:23:40:50 +0000] "POST /v3/auth/tokens HTTP/1.1" 201 1992
[Mon Jul 13 23:40:51.258748 2026] [wsgi:error] [pid 12:tid 140094036707008] [remote 10.0.0.18:43376] 2026-07-13 23:40:51.242 12 ERROR keystone.server.flask.application [None req-1db178be-6528-4b26-9dd6-758b312b07a7 84e76ad06f034213a9105ad29456d79c f70b4a5c937242c7a0e3e297014dc786 - - default default] Conflict occurred attempting to store project - it is not permitted to have two projects acting as domains with the same name: service.: keystone.exception.Conflict: Conflict occurred attempting to store project - it is not permitted to have two projects acting as domains with the same name: service.
[Mon Jul 13 23:40:51.258814 2026] [wsgi:error] [pid 12:tid 140094036707008] [remote 10.0.0.18:43376] 2026-07-13 23:40:51.242 12 ERROR keystone.server.flask.application
Traceback (most recent call last):
[Mon Jul 13 23:40:51.258818 2026] [wsgi:error] [pid 12:tid 140094036707008] [remote 10.0.0.18:43376] 2026-07-13 23:40:51.242 12 ERROR keystone.server.flask.application
File "/var/lib/openstack/lib/python3.12/site-packages/sqlalchemy/engine/base.py", line 1969, in _exec_single_context
[Mon Jul 13 23:40:51.258819 2026] [wsgi:error] [pid 12:tid 140094036707008] [remote 10.0.0.18:43376] 2026-07-13 23:40:51.242 12 ERROR keystone.server.flask.application self.dialect.do_execute(
[Mon Jul 13 23:40:51.258822 2026] [wsgi:error] [pid 12:tid 140094036707008] [remote 10.0.0.18:43376] 2026-07-13 23:40:51.242 12 ERROR keystone.server.flask.application
File "/var/lib/openstack/lib/python3.12/site-packages/sqlalchemy/engine/default.py", line 952, in do_execute
[Mon Jul 13 23:40:51.258824 2026] [wsgi:error] [pid 12:tid 140094036707008] [remote 10.0.0.18:43376] 2026-07-13 23:40:51.242 12 ERROR keystone.server.flask.application cursor.execute(statement, parameters)
[Mon Jul 13 23:40:51.258826 2026] [wsgi:error] [pid 12:tid 140094036707008] [remote 10.0.0.18:43376] 2026-07-13 23:40:51.242 12 ERROR keystone.server.flask.application
File "/var/lib/openstack/lib/python3.12/site-packages/pymysql/cursors.py", line 159, in execute
[Mon Jul 13 23:40:51.258827 2026] [wsgi:error] [pid 12:tid 140094036707008] [remote 10.0.0.18:43376] 2026-07-13 23:40:51.242 12 ERROR keystone.server.flask.application result = self._query(query)
[Mon Jul 13 23:40:51.258829 2026] [wsgi:error] [pid 12:tid 140094036707008] [remote 10.0.0.18:43376] 2026-07-13 23:40:51.242 12 ERROR keystone.server.flask.application ^^^^^^^^^^^^^^^^^^
[Mon Jul 13 23:40:51.258830 2026] [wsgi:error] [pid 12:tid 140094036707008] [remote 10.0.0.18:43376] 2026-07-13 23:40:51.242 12 ERROR keystone.server.flask.application
File "/var/lib/openstack/lib/python3.12/site-packages/pymysql/cursors.py", line 330, in _query
[Mon Jul 13 23:40:51.258831 2026] [wsgi:error] [pid 12:tid 140094036707008] [remote 10.0.0.18:43376] 2026-07-13 23:40:51.242 12 ERROR keystone.server.flask.application conn.query(q)
[Mon Jul 13 23:40:51.258833 2026] [wsgi:error] [pid 12:tid 140094036707008] [remote 10.0.0.18:43376] 2026-07-13 23:40:51.242 12 ERROR keystone.server.flask.application
File "/var/lib/openstack/lib/python3.12/site-packages/pymysql/connections.py", line 582, in query
[Mon Jul 13 23:40:51.258834 2026] [wsgi:error] [pid 12:tid 140094036707008] [remote 10.0.0.18:43376] 2026-07-13 23:40:51.242 12 ERROR keystone.server.flask.application self._affected_rows = self._read_query_result(unbuffered=unbuffered)
[Mon Jul 13 23:40:51.258836 2026] [wsgi:error] [pid 12:tid 140094036707008] [remote 10.0.0.18:43376] 2026-07-13 23:40:51.242 12 ERROR keystone.server.flask.application ^^^^^^^^^^^^^^^^^^^^^^^^^^^^^^^^^^^^^^^^^^^^^^
[Mon Jul 13 23:40:51.258837 2026] [wsgi:error] [pid 12:tid 140094036707008] [remote 10.0.0.18:43376] 2026-07-13 23:40:51.242 12 ERROR keystone.server.flask.application
File "/var/lib/openstack/lib/python3.12/site-packages/pymysql/connections.py", line 847, in _read_query_result
[Mon Jul 13 23:40:51.258839 2026] [wsgi:error] [pid 12:tid 140094036707008] [remote 10.0.0.18:43376] 2026-07-13 23:40:51.242 12 ERROR keystone.server.flask.application result.read()
[Mon Jul 13 23:40:51.258841 2026] [wsgi:error] [pid 12:tid 140094036707008] [remote 10.0.0.18:43376] 2026-07-13 23:40:51.242 12 ERROR keystone.server.flask.application
File "/var/lib/openstack/lib/python3.12/site-packages/pymysql/connections.py", line 1245, in read
[Mon Jul 13 23:40:51.258843 2026] [wsgi:error] [pid 12:tid 140094036707008] [remote 10.0.0.18:43376] 2026-07-13 23:40:51.242 12 ERROR keystone.server.flask.application first_packet = self.connection._read_packet()
[Mon Jul 13 23:40:51.258844 2026] [wsgi:error] [pid 12:tid 140094036707008] [remote 10.0.0.18:43376] 2026-07-13 23:40:51.242 12 ERROR keystone.server.flask.application ^^^^^^^^^^^^^^^^^^^^^^^^^^^^^^
[Mon Jul 13 23:40:51.258846 2026] [wsgi:error] [pid 12:tid 140094036707008] [remote 10.0.0.18:43376] 2026-07-13 23:40:51.242 12 ERROR keystone.server.flask.application
File "/var/lib/openstack/lib/python3.12/site-packages/pymysql/connections.py", line 803, in _read_packet
[Mon Jul 13 23:40:51.258847 2026] [wsgi:error] [pid 12:tid 140094036707008] [remote 10.0.0.18:43376] 2026-07-13 23:40:51.242 12 ERROR keystone.server.flask.application packet.raise_for_error()
[Mon Jul 13 23:40:51.258848 2026] [wsgi:error] [pid 12:tid 140094036707008] [remote 10.0.0.18:43376] 2026-07-13 23:40:51.242 12 ERROR keystone.server.flask.application
File "/var/lib/openstack/lib/python3.12/site-packages/pymysql/protocol.py", line 219, in raise_for_error
[Mon Jul 13 23:40:51.258850 2026] [wsgi:error] [pid 12:tid 140094036707008] [remote 10.0.0.18:43376] 2026-07-13 23:40:51.242 12 ERROR keystone.server.flask.application err.raise_mysql_exception(self._data)
[Mon Jul 13 23:40:51.258851 2026] [wsgi:error] [pid 12:tid 140094036707008] [remote 10.0.0.18:43376] 2026-07-13 23:40:51.242 12 ERROR keystone.server.flask.application
File "/var/lib/openstack/lib/python3.12/site-packages/pymysql/err.py", line 154, in raise_mysql_exception
[Mon Jul 13 23:40:51.258853 2026] [wsgi:error] [pid 12:tid 140094036707008] [remote 10.0.0.18:43376] 2026-07-13 23:40:51.242 12 ERROR keystone.server.flask.application raise errorclass(errno, errval, sqlstate=sqlstate)
[Mon Jul 13 23:40:51.258864 2026] [wsgi:error] [pid 12:tid 140094036707008] [remote 10.0.0.18:43376] 2026-07-13 23:40:51.242 12 ERROR keystone.server.flask.application pymysql.err.IntegrityError: (1062, "Duplicate entry '<>-service' for key 'project.ixu_project_name_domain_id'")
[Mon Jul 13 23:40:51.258866 2026] [wsgi:error] [pid 12:tid 140094036707008] [remote 10.0.0.18:43376] 2026-07-13 23:40:51.242 12 ERROR keystone.server.flask.application
[Mon Jul 13 23:40:51.258868 2026] [wsgi:error] [pid 12:tid 140094036707008] [remote 10.0.0.18:43376] 2026-07-13 23:40:51.242 12 ERROR keystone.server.flask.application The above exception was the direct cause of the following exception:
[Mon Jul 13 23:40:51.258870 2026] [wsgi:error] [pid 12:tid 140094036707008] [remote 10.0.0.18:43376] 2026-07-13 23:40:51.242 12 ERROR keystone.server.flask.application
[Mon Jul 13 23:40:51.258871 2026] [wsgi:error] [pid 12:tid 140094036707008] [remote 10.0.0.18:43376] 2026-07-13 23:40:51.242 12 ERROR keystone.server.flask.application
Traceback (most recent call last):
[Mon Jul 13 23:40:51.258873 2026] [wsgi:error] [pid 12:tid 140094036707008] [remote 10.0.0.18:43376] 2026-07-13 23:40:51.242 12 ERROR keystone.server.flask.application
File "/var/lib/openstack/lib/python3.12/site-packages/keystone/common/sql/core.py", line 575, in wrapper
[Mon Jul 13 23:40:51.258874 2026] [wsgi:error] [pid 12:tid 140094036707008] [remote 10.0.0.18:43376] 2026-07-13 23:40:51.242 12 ERROR keystone.server.flask.application return method(*args, **kwargs)
[Mon Jul 13 23:40:51.258876 2026] [wsgi:error] [pid 12:tid 140094036707008] [remote 10.0.0.18:43376] 2026-07-13 23:40:51.242 12 ERROR keystone.server.flask.application ^^^^^^^^^^^^^^^^^^^^^^^
[Mon Jul 13 23:40:51.258878 2026] [wsgi:error] [pid 12:tid 140094036707008] [remote 10.0.0.18:43376] 2026-07-13 23:40:51.242 12 ERROR keystone.server.flask.application
File "/var/lib/openstack/lib/python3.12/site-packages/keystone/resource/backends/sql.py", line 278, in create_project
[Mon Jul 13 23:40:51.258880 2026] [wsgi:error] [pid 12:tid 140094036707008] [remote 10.0.0.18:43376] 2026-07-13 23:40:51.242 12 ERROR keystone.server.flask.application with sql.session_for_write() as session:
[Mon Jul 13 23:40:51.258882 2026] [wsgi:error] [pid 12:tid 140094036707008] [remote 10.0.0.18:43376] 2026-07-13 23:40:51.242 12 ERROR keystone.server.flask.application
File "/usr/lib/python3.12/contextlib.py", line 144, in __exit__
[Mon Jul 13 23:40:51.258884 2026] [wsgi:error] [pid 12:tid 140094036707008] [remote 10.0.0.18:43376] 2026-07-13 23:40:51.242 12 ERROR keystone.server.flask.application next(self.gen)
[Mon Jul 13 23:40:51.258885 2026] [wsgi:error] [pid 12:tid 140094036707008] [remote 10.0.0.18:43376] 2026-07-13 23:40:51.242 12 ERROR keystone.server.flask.application
File "/var/lib/openstack/lib/python3.12/site-packages/oslo_db/sqlalchemy/enginefacade.py", line 1175, in _transaction_scope
[Mon Jul 13 23:40:51.258887 2026] [wsgi:error] [pid 12:tid 140094036707008] [remote 10.0.0.18:43376] 2026-07-13 23:40:51.242 12 ERROR keystone.server.flask.application with current._produce_block(
[Mon Jul 13 23:40:51.258888 2026] [wsgi:error] [pid 12:tid 140094036707008] [remote 10.0.0.18:43376] 2026-07-13 23:40:51.242 12 ERROR keystone.server.flask.application
File "/usr/lib/python3.12/contextlib.py", line 144, in __exit__
[Mon Jul 13 23:40:51.258890 2026] [wsgi:error] [pid 12:tid 140094036707008] [remote 10.0.0.18:43376] 2026-07-13 23:40:51.242 12 ERROR keystone.server.flask.application next(self.gen)
[Mon Jul 13 23:40:51.258892 2026] [wsgi:error] [pid 12:tid 140094036707008] [remote 10.0.0.18:43376] 2026-07-13 23:40:51.242 12 ERROR keystone.server.flask.application
File "/var/lib/openstack/lib/python3.12/site-packages/oslo_db/sqlalchemy/enginefacade.py", line 837, in _session
[Mon Jul 13 23:40:51.258896 2026] [wsgi:error] [pid 12:tid 140094036707008] [remote 10.0.0.18:43376] 2026-07-13 23:40:51.242 12 ERROR keystone.server.flask.application with excutils.save_and_reraise_exception():
[Mon Jul 13 23:40:51.258901 2026] [wsgi:error] [pid 12:tid 140094036707008] [remote 10.0.0.18:43376] 2026-07-13 23:40:51.242 12 ERROR keystone.server.flask.application
File "/var/lib/openstack/lib/python3.12/site-packages/oslo_utils/excutils.py", line 266, in __exit__
[Mon Jul 13 23:40:51.258903 2026] [wsgi:error] [pid 12:tid 140094036707008] [remote 10.0.0.18:43376] 2026-07-13 23:40:51.242 12 ERROR keystone.server.flask.application self.force_reraise()
[Mon Jul 13 23:40:51.258935 2026] [wsgi:error] [pid 12:tid 140094036707008] [remote 10.0.0.18:43376] 2026-07-13 23:40:51.242 12 ERROR keystone.server.flask.application
File "/var/lib/openstack/lib/python3.12/site-packages/oslo_utils/excutils.py", line 232, in force_reraise
[Mon Jul 13 23:40:51.258939 2026] [wsgi:error] [pid 12:tid 140094036707008] [remote 10.0.0.18:43376] 2026-07-13 23:40:51.242 12 ERROR keystone.server.flask.application raise self.value
[Mon Jul 13 23:40:51.258942 2026] [wsgi:error] [pid 12:tid 140094036707008] [remote 10.0.0.18:43376] 2026-07-13 23:40:51.242 12 ERROR keystone.server.flask.application
File "/var/lib/openstack/lib/python3.12/site-packages/oslo_db/sqlalchemy/enginefacade.py", line 835, in _session
[Mon Jul 13 23:40:51.258945 2026] [wsgi:error] [pid 12:tid 140094036707008] [remote 10.0.0.18:43376] 2026-07-13 23:40:51.242 12 ERROR keystone.server.flask.application self._end_session_transaction(self.session)
[Mon Jul 13 23:40:51.258948 2026] [wsgi:error] [pid 12:tid 140094036707008] [remote 10.0.0.18:43376] 2026-07-13 23:40:51.242 12 ERROR keystone.server.flask.application
File "/var/lib/openstack/lib/python3.12/site-packages/oslo_db/sqlalchemy/enginefacade.py", line 748, in _end_session_transaction
[Mon Jul 13 23:40:51.258950 2026] [wsgi:error] [pid 12:tid 140094036707008] [remote 10.0.0.18:43376] 2026-07-13 23:40:51.242 12 ERROR keystone.server.flask.application session.commit()
[Mon Jul 13 23:40:51.258953 2026] [wsgi:error] [pid 12:tid 140094036707008] [remote 10.0.0.18:43376] 2026-07-13 23:40:51.242 12 ERROR keystone.server.flask.application
File "/var/lib/openstack/lib/python3.12/site-packages/sqlalchemy/orm/session.py", line 2034, in commit
[Mon Jul 13 23:40:51.258956 2026] [wsgi:error] [pid 12:tid 140094036707008] [remote 10.0.0.18:43376] 2026-07-13 23:40:51.242 12 ERROR keystone.server.flask.application trans.commit(_to_root=True)
[Mon Jul 13 23:40:51.258959 2026] [wsgi:error] [pid 12:tid 140094036707008] [remote 10.0.0.18:43376] 2026-07-13 23:40:51.242 12 ERROR keystone.server.flask.application File "", line 2, in commit
[Mon Jul 13 23:40:51.258962 2026] [wsgi:error] [pid 12:tid 140094036707008] [remote 10.0.0.18:43376] 2026-07-13 23:40:51.242 12 ERROR keystone.server.flask.application
File "/var/lib/openstack/lib/python3.12/site-packages/sqlalchemy/orm/state_changes.py", line 137, in _go
[Mon Jul 13 23:40:51.258966 2026] [wsgi:error] [pid 12:tid 140094036707008] [remote 10.0.0.18:43376] 2026-07-13 23:40:51.242 12 ERROR keystone.server.flask.application ret_value = fn(self, *arg, **kw)
[Mon Jul 13 23:40:51.258969 2026] [wsgi:error] [pid 12:tid 140094036707008] [remote 10.0.0.18:43376] 2026-07-13 23:40:51.242 12 ERROR keystone.server.flask.application ^^^^^^^^^^^^^^^^^^^^
[Mon Jul 13 23:40:51.258972 2026] [wsgi:error] [pid 12:tid 140094036707008] [remote 10.0.0.18:43376] 2026-07-13 23:40:51.242 12 ERROR keystone.server.flask.application
File "/var/lib/openstack/lib/python3.12/site-packages/sqlalchemy/orm/session.py", line 1315, in commit
[Mon Jul 13 23:40:51.259018 2026] [wsgi:error] [pid 12:tid 140094036707008] [remote 10.0.0.18:43376] 2026-07-13 23:40:51.242 12 ERROR keystone.server.flask.application self._prepare_impl()
[Mon Jul 13 23:40:51.259026 2026] [wsgi:error] [pid 12:tid 140094036707008] [remote 10.0.0.18:43376] 2026-07-13 23:40:51.242 12 ERROR keystone.server.flask.application File "", line 2, in _prepare_impl
[Mon Jul 13 23:40:51.259027 2026] [wsgi:error] [pid 12:tid 140094036707008] [remote 10.0.0.18:43376] 2026-07-13 23:40:51.242 12 ERROR keystone.server.flask.application
File "/var/lib/openstack/lib/python3.12/site-packages/sqlalchemy/orm/state_changes.py", line 137, in _go
[Mon Jul 13 23:40:51.259029 2026] [wsgi:error] [pid 12:tid 140094036707008] [remote 10.0.0.18:43376] 2026-07-13 23:40:51.242 12 ERROR keystone.server.flask.application ret_value = fn(self, *arg, **kw)
[Mon Jul 13 23:40:51.259031 2026] [wsgi:error] [pid 12:tid 140094036707008] [remote 10.0.0.18:43376] 2026-07-13 23:40:51.242 12 ERROR keystone.server.flask.application ^^^^^^^^^^^^^^^^^^^^
[Mon Jul 13 23:40:51.259032 2026] [wsgi:error] [pid 12:tid 140094036707008] [remote 10.0.0.18:43376] 2026-07-13 23:40:51.242 12 ERROR keystone.server.flask.application
File "/var/lib/openstack/lib/python3.12/site-packages/sqlalchemy/orm/session.py", line 1290, in _prepare_impl
[Mon Jul 13 23:40:51.259034 2026] [wsgi:error] [pid 12:tid 140094036707008] [remote 10.0.0.18:43376] 2026-07-13 23:40:51.242 12 ERROR keystone.server.flask.application self.session.flush()
[Mon Jul 13 23:40:51.259036 2026] [wsgi:error] [pid 12:tid 140094036707008] [remote 10.0.0.18:43376] 2026-07-13 23:40:51.242 12 ERROR keystone.server.flask.application
File "/var/lib/openstack/lib/python3.12/site-packages/sqlalchemy/orm/session.py", line 4352, in flush
[Mon Jul 13 23:40:51.259037 2026] [wsgi:error] [pid 12:tid 140094036707008] [remote 10.0.0.18:43376] 2026-07-13 23:40:51.242 12 ERROR keystone.server.flask.application self._flush(objects)
[Mon Jul 13 23:40:51.259039 2026] [wsgi:error] [pid 12:tid 140094036707008] [remote 10.0.0.18:43376] 2026-07-13 23:40:51.242 12 ERROR keystone.server.flask.application
File "/var/lib/openstack/lib/python3.12/site-packages/sqlalchemy/orm/session.py", line 4487, in _flush
[Mon Jul 13 23:40:51.259040 2026] [wsgi:error] [pid 12:tid 140094036707008] [remote 10.0.0.18:43376] 2026-07-13 23:40:51.242 12 ERROR keystone.server.flask.application with util.safe_reraise():
[Mon Jul 13 23:40:51.259041 2026] [wsgi:error] [pid 12:tid 140094036707008] [remote 10.0.0.18:43376] 2026-07-13 23:40:51.242 12 ERROR keystone.server.flask.application
File "/var/lib/openstack/lib/python3.12/site-packages/sqlalchemy/util/langhelpers.py", line 122, in __exit__
[Mon Jul 13 23:40:51.259043 2026] [wsgi:error] [pid 12:tid 140094036707008] [remote 10.0.0.18:43376] 2026-07-13 23:40:51.242 12 ERROR keystone.server.flask.application raise exc_value.with_traceback(exc_tb)
[Mon Jul 13 23:40:51.259044 2026] [wsgi:error] [pid 12:tid 140094036707008] [remote 10.0.0.18:43376] 2026-07-13 23:40:51.242 12 ERROR keystone.server.flask.application
File "/var/lib/openstack/lib/python3.12/site-packages/sqlalchemy/orm/session.py", line 4448, in _flush
[Mon Jul 13 23:40:51.259046 2026] [wsgi:error] [pid 12:tid 140094036707008] [remote 10.0.0.18:43376] 2026-07-13 23:40:51.242 12 ERROR keystone.server.flask.application flush_context.execute()
[Mon Jul 13 23:40:51.259047 2026] [wsgi:error] [pid 12:tid 140094036707008] [remote 10.0.0.18:43376] 2026-07-13 23:40:51.242 12 ERROR keystone.server.flask.application
File "/var/lib/openstack/lib/python3.12/site-packages/sqlalchemy/orm/unitofwork.py", line 465, in execute
