+ COMMAND=start + start + for KEYSTONE_WSGI_SCRIPT in keystone-wsgi-public ++ type -p keystone-wsgi-public + cp -a /var/lib/openstack/bin/keystone-wsgi-public /var/www/cgi-bin/keystone/ + '[' -f /etc/apache2/envvars ']' + source /etc/apache2/envvars ++ unset HOME ++ '[' '' '!=' '' ']' ++ SUFFIX= ++ export APACHE_RUN_USER=www-data ++ APACHE_RUN_USER=www-data ++ export APACHE_RUN_GROUP=www-data ++ APACHE_RUN_GROUP=www-data ++ export APACHE_PID_FILE=/var/run/apache2/apache2.pid ++ APACHE_PID_FILE=/var/run/apache2/apache2.pid ++ export APACHE_RUN_DIR=/var/run/apache2 ++ APACHE_RUN_DIR=/var/run/apache2 ++ export APACHE_LOCK_DIR=/var/lock/apache2 ++ APACHE_LOCK_DIR=/var/lock/apache2 ++ export APACHE_LOG_DIR=/var/log/apache2 ++ APACHE_LOG_DIR=/var/log/apache2 ++ export LANG=C ++ LANG=C ++ export LANG + '[' -f /var/run/apache2/apache2.pid ']' + exec apache2 -DFOREGROUND AH00558: apache2: Could not reliably determine the server's fully qualified domain name, using 10.0.0.35. Set the 'ServerName' directive globally to suppress this message AH00558: apache2: Could not reliably determine the server's fully qualified domain name, using 10.0.0.35. Set the 'ServerName' directive globally to suppress this message
[Tue Jul 14 10:40:57.766319 2026] [mpm_event:notice] [pid 1:tid 140004273833856] AH00489: Apache/2.4.58 (Ubuntu) mod_wsgi/5.0.0 Python/3.12 configured -- resuming normal operations
[Tue Jul 14 10:40:57.766550 2026] [core:notice] [pid 1:tid 140004273833856] AH00094: Command line: 'apache2 -D FOREGROUND'
[Tue Jul 14 10:41:57.418073 2026] [wsgi:error] [pid 11:tid 140003636012736] /var/lib/openstack/lib/python3.12/site-packages/oslo_utils/importutils.py:77: EventletDeprecationWarning:
[Tue Jul 14 10:41:57.418120 2026] [wsgi:error] [pid 11:tid 140003636012736] Eventlet is deprecated. It is currently being maintained in bugfix mode, and
[Tue Jul 14 10:41:57.418122 2026] [wsgi:error] [pid 11:tid 140003636012736] we strongly recommend against using it for new projects.
[Tue Jul 14 10:41:57.418123 2026] [wsgi:error] [pid 11:tid 140003636012736]
[Tue Jul 14 10:41:57.418124 2026] [wsgi:error] [pid 11:tid 140003636012736] If you are already using Eventlet, we recommend migrating to a different
[Tue Jul 14 10:41:57.418125 2026] [wsgi:error] [pid 11:tid 140003636012736] framework. For more detail see
[Tue Jul 14 10:41:57.418126 2026] [wsgi:error] [pid 11:tid 140003636012736] https://eventlet.readthedocs.io/en/latest/asyncio/migration.html
[Tue Jul 14 10:41:57.418128 2026] [wsgi:error] [pid 11:tid 140003636012736]
[Tue Jul 14 10:41:57.418129 2026] [wsgi:error] [pid 11:tid 140003636012736] __import__(import_str)
[Tue Jul 14 10:41:57.455419 2026] [wsgi:error] [pid 10:tid 140003636012736] /var/lib/openstack/lib/python3.12/site-packages/oslo_utils/importutils.py:77: EventletDeprecationWarning:
[Tue Jul 14 10:41:57.455463 2026] [wsgi:error] [pid 10:tid 140003636012736] Eventlet is deprecated. It is currently being maintained in bugfix mode, and
[Tue Jul 14 10:41:57.455465 2026] [wsgi:error] [pid 10:tid 140003636012736] we strongly recommend against using it for new projects.
[Tue Jul 14 10:41:57.455467 2026] [wsgi:error] [pid 10:tid 140003636012736]
[Tue Jul 14 10:41:57.455468 2026] [wsgi:error] [pid 10:tid 140003636012736] If you are already using Eventlet, we recommend migrating to a different
[Tue Jul 14 10:41:57.455469 2026] [wsgi:error] [pid 10:tid 140003636012736] framework. For more detail see
[Tue Jul 14 10:41:57.455470 2026] [wsgi:error] [pid 10:tid 140003636012736] https://eventlet.readthedocs.io/en/latest/asyncio/migration.html
[Tue Jul 14 10:41:57.455471 2026] [wsgi:error] [pid 10:tid 140003636012736]
[Tue Jul 14 10:41:57.455472 2026] [wsgi:error] [pid 10:tid 140003636012736] __import__(import_str) 10.0.0.122 - - [14/Jul/2026:10:41:56 +0000] "GET /v3/ HTTP/1.1" 200 249 10.0.0.122 - - [14/Jul/2026:10:41:56 +0000] "GET /v3/ HTTP/1.1" 200 249
[Tue Jul 14 10:42:09.842106 2026] [wsgi:error] [pid 9:tid 140003636012736] /var/lib/openstack/lib/python3.12/site-packages/oslo_utils/importutils.py:77: EventletDeprecationWarning:
[Tue Jul 14 10:42:09.842163 2026] [wsgi:error] [pid 9:tid 140003636012736] Eventlet is deprecated. It is currently being maintained in bugfix mode, and
[Tue Jul 14 10:42:09.842165 2026] [wsgi:error] [pid 9:tid 140003636012736] we strongly recommend against using it for new projects.
[Tue Jul 14 10:42:09.842166 2026] [wsgi:error] [pid 9:tid 140003636012736]
[Tue Jul 14 10:42:09.842168 2026] [wsgi:error] [pid 9:tid 140003636012736] If you are already using Eventlet, we recommend migrating to a different
[Tue Jul 14 10:42:09.842169 2026] [wsgi:error] [pid 9:tid 140003636012736] framework. For more detail see
[Tue Jul 14 10:42:09.842170 2026] [wsgi:error] [pid 9:tid 140003636012736] https://eventlet.readthedocs.io/en/latest/asyncio/migration.html
[Tue Jul 14 10:42:09.842171 2026] [wsgi:error] [pid 9:tid 140003636012736]
[Tue Jul 14 10:42:09.842172 2026] [wsgi:error] [pid 9:tid 140003636012736] __import__(import_str) 10.0.0.53 - - [14/Jul/2026:10:42:08 +0000] "GET / HTTP/1.1" 300 295
[Tue Jul 14 10:42:15.200694 2026] [wsgi:error] [pid 12:tid 140003636012736] /var/lib/openstack/lib/python3.12/site-packages/oslo_utils/importutils.py:77: EventletDeprecationWarning:
[Tue Jul 14 10:42:15.200738 2026] [wsgi:error] [pid 12:tid 140003636012736] Eventlet is deprecated. It is currently being maintained in bugfix mode, and
[Tue Jul 14 10:42:15.200740 2026] [wsgi:error] [pid 12:tid 140003636012736] we strongly recommend against using it for new projects.
[Tue Jul 14 10:42:15.200741 2026] [wsgi:error] [pid 12:tid 140003636012736]
[Tue Jul 14 10:42:15.200742 2026] [wsgi:error] [pid 12:tid 140003636012736] If you are already using Eventlet, we recommend migrating to a different
[Tue Jul 14 10:42:15.200744 2026] [wsgi:error] [pid 12:tid 140003636012736] framework. For more detail see
[Tue Jul 14 10:42:15.200745 2026] [wsgi:error] [pid 12:tid 140003636012736] https://eventlet.readthedocs.io/en/latest/asyncio/migration.html
[Tue Jul 14 10:42:15.200746 2026] [wsgi:error] [pid 12:tid 140003636012736]
[Tue Jul 14 10:42:15.200747 2026] [wsgi:error] [pid 12:tid 140003636012736] __import__(import_str)
[Tue Jul 14 10:42:19.977775 2026] [wsgi:error] [pid 12:tid 140003636012736] [remote 10.0.0.53:52040] 2026-07-14 10:42:19.971 12 WARNING keystone.identity.core [None req-4f3174d7-c0e7-49c8-b738-62c05db15279 - - - - - -] Invalid domain name (atmosphere) found in config file name: keystone.exception.DomainNotFound: Could not find domain: atmosphere.
[Tue Jul 14 10:42:20.032996 2026] [wsgi:error] [pid 12:tid 140003636012736] [remote 10.0.0.53:52040] 2026-07-14 10:42:20.032 12 WARNING keystone.common.password_hashing [None req-4f3174d7-c0e7-49c8-b738-62c05db15279 - - - - - -] Truncating password to algorithm specific maximum length 72 characters.
[Tue Jul 14 10:42:20.331493 2026] [wsgi:error] [pid 12:tid 140003636012736] [remote 10.0.0.53:52040] 2026-07-14 10:42:20.331 12 WARNING keystone.common.fernet_utils [None req-4f3174d7-c0e7-49c8-b738-62c05db15279 - - - - - -] key_repository is world readable: /etc/keystone/fernet-keys/ 10.0.0.53 - - [14/Jul/2026:10:42:14 +0000] "POST /v3/auth/tokens HTTP/1.1" 201 1359
[Tue Jul 14 10:42:20.719205 2026] [wsgi:error] [pid 10:tid 140003636012736] [remote 10.0.0.53:52040] 2026-07-14 10:42:20.716 10 WARNING keystone.identity.core [None req-b5cea564-7c3a-46ff-acae-5fdf568568b2 - - - - - -] Invalid domain name (atmosphere) found in config file name: keystone.exception.DomainNotFound: Could not find domain: atmosphere. 10.0.0.53 - - [14/Jul/2026:10:42:20 +0000] "POST /v3/domains HTTP/1.1" 201 261 10.0.0.98 - - [14/Jul/2026:10:42:33 +0000] "GET / HTTP/1.1" 300 295
[Tue Jul 14 10:42:33.756039 2026] [wsgi:error] [pid 9:tid 140003636012736] [remote 10.0.0.98:43976] 2026-07-14 10:42:33.755 9 WARNING keystone.common.password_hashing [None req-4baba55c-8091-4312-ab03-62a77f476ae4 - - - - - -] Truncating password to algorithm specific maximum length 72 characters.
[Tue Jul 14 10:42:34.026542 2026] [wsgi:error] [pid 9:tid 140003636012736] [remote 10.0.0.98:43976] 2026-07-14 10:42:34.026 9 WARNING keystone.common.fernet_utils [None req-4baba55c-8091-4312-ab03-62a77f476ae4 - - - - - -] key_repository is world readable: /etc/keystone/fernet-keys/ 10.0.0.98 - - [14/Jul/2026:10:42:33 +0000] "POST /v3/auth/tokens HTTP/1.1" 201 1359 10.0.0.98 - - [14/Jul/2026:10:42:34 +0000] "GET /v3/roles/admin HTTP/1.1" 404 83
[Tue Jul 14 10:42:34.293269 2026] [wsgi:error] [pid 10:tid 140003636012736] [remote 10.0.0.98:43976] 2026-07-14 10:42:34.292 10 WARNING keystone.common.rbac_enforcer.enforcer [None req-f5d68e21-7608-41e8-8f86-f0d9d2e43cd4 618e6edaeef147cca56c84330df214ec aa8e151ab9764882be33721ac6c66584 - - default default] Deprecated policy rules found. Use oslopolicy-policy-generator and oslopolicy-policy-upgrade to detect and resolve deprecated policies in your configuration. 10.0.0.98 - - [14/Jul/2026:10:42:34 +0000] "GET /v3/roles?name=admin HTTP/1.1" 200 389
[Tue Jul 14 10:42:34.875828 2026] [wsgi:error] [pid 11:tid 140003636012736] [remote 10.0.0.98:43976] 2026-07-14 10:42:34.875 11 WARNING keystone.common.rbac_enforcer.enforcer [None req-42bf88c4-2ecc-4a6a-b410-1bea2252e8a0 618e6edaeef147cca56c84330df214ec aa8e151ab9764882be33721ac6c66584 - - default default] Deprecated policy rules found. Use oslopolicy-policy-generator and oslopolicy-policy-upgrade to detect and resolve deprecated policies in your configuration. 10.0.0.98 - - [14/Jul/2026:10:42:34 +0000] "GET /v3/users/admin-RegionOne HTTP/1.1" 404 93
[Tue Jul 14 10:42:35.141665 2026] [wsgi:error] [pid 9:tid 140003636012736] [remote 10.0.0.98:43976] 2026-07-14 10:42:35.141 9 WARNING keystone.common.rbac_enforcer.enforcer [None req-3c0f733d-ae80-4990-a426-249ccf465d20 618e6edaeef147cca56c84330df214ec aa8e151ab9764882be33721ac6c66584 - - default default] Deprecated policy rules found. Use oslopolicy-policy-generator and oslopolicy-policy-upgrade to detect and resolve deprecated policies in your configuration. 10.0.0.98 - - [14/Jul/2026:10:42:34 +0000] "GET /v3/users?name=admin-RegionOne HTTP/1.1" 200 422
[Tue Jul 14 10:42:35.317759 2026] [wsgi:error] [pid 12:tid 140003636012736] [remote 10.0.0.98:43976] 2026-07-14 10:42:35.317 12 WARNING keystone.common.rbac_enforcer.enforcer [None req-e0496f66-8c3f-463a-89d0-9ec5da4f500f 618e6edaeef147cca56c84330df214ec aa8e151ab9764882be33721ac6c66584 - - default default] Deprecated policy rules found. Use oslopolicy-policy-generator and oslopolicy-policy-upgrade to detect and resolve deprecated policies in your configuration. 10.0.0.98 - - [14/Jul/2026:10:42:35 +0000] "GET /v3/domains/default HTTP/1.1" 200 224 10.0.0.98 - - [14/Jul/2026:10:42:35 +0000] "PUT /v3/domains/default/users/618e6edaeef147cca56c84330df214ec/roles/1c5eb185c6334562ad2340c844332707 HTTP/1.1" 204 - 10.0.0.122 - - [14/Jul/2026:10:42:44 +0000] "GET / HTTP/1.1" 300 280 10.0.0.122 - - [14/Jul/2026:10:42:45 +0000] "GET /v3 HTTP/1.1" 200 265
[Tue Jul 14 10:42:45.874322 2026] [wsgi:error] [pid 12:tid 140003636012736] [remote 10.0.0.122:59436] 2026-07-14 10:42:45.873 12 WARNING keystone.common.password_hashing [None req-c031a415-cdeb-4ece-8e9a-aa5cf7b0811e - - - - - -] Truncating password to algorithm specific maximum length 72 characters.
[Tue Jul 14 10:42:46.163843 2026] [wsgi:error] [pid 12:tid 140003636012736] [remote 10.0.0.122:59436] 2026-07-14 10:42:46.163 12 WARNING keystone.common.fernet_utils [None req-c031a415-cdeb-4ece-8e9a-aa5cf7b0811e - - - - - -] key_repository is world readable: /etc/keystone/fernet-keys/ 10.0.0.122 - - [14/Jul/2026:10:42:45 +0000] "POST /v3/auth/tokens HTTP/1.1" 201 1359 10.0.0.122 - - [14/Jul/2026:10:42:46 +0000] "GET / HTTP/1.1" 300 280 10.0.0.122 - - [14/Jul/2026:10:42:46 +0000] "GET /v3/domains/atmosphere HTTP/1.1" 404 90 10.0.0.122 - - [14/Jul/2026:10:42:46 +0000] "GET /v3/domains?name=atmosphere HTTP/1.1" 200 368 10.0.0.122 - - [14/Jul/2026:10:42:46 +0000] "GET /v3/domains/a68b9fc4f3c4483da130f85a42f46208 HTTP/1.1" 200 246 10.0.0.122 - - [14/Jul/2026:10:42:47 +0000] "GET /v3 HTTP/1.1" 200 265
[Tue Jul 14 10:42:47.393793 2026] [wsgi:error] [pid 11:tid 140003636012736] [remote 10.0.0.122:59436] 2026-07-14 10:42:47.393 11 WARNING keystone.common.password_hashing [None req-bfb5dc6e-903f-4a7a-a638-20cbc1c63d32 - - - - - -] Truncating password to algorithm specific maximum length 72 characters.
[Tue Jul 14 10:42:47.667130 2026] [wsgi:error] [pid 11:tid 140003636012736] [remote 10.0.0.122:59436] 2026-07-14 10:42:47.666 11 WARNING keystone.common.fernet_utils [None req-bfb5dc6e-903f-4a7a-a638-20cbc1c63d32 - - - - - -] key_repository is world readable: /etc/keystone/fernet-keys/ 10.0.0.122 - - [14/Jul/2026:10:42:47 +0000] "POST /v3/auth/tokens HTTP/1.1" 201 1359 10.0.0.122 - - [14/Jul/2026:10:42:47 +0000] "GET / HTTP/1.1" 300 280 10.0.0.122 - - [14/Jul/2026:10:42:47 +0000] "GET /v3/OS-FEDERATION/identity_providers/atmosphere HTTP/1.1" 404 101 10.0.0.122 - - [14/Jul/2026:10:42:47 +0000] "GET /v3/OS-FEDERATION/identity_providers HTTP/1.1" 200 155 10.0.0.122 - - [14/Jul/2026:10:42:47 +0000] "PUT /v3/OS-FEDERATION/identity_providers/atmosphere HTTP/1.1" 201 340 10.0.0.122 - - [14/Jul/2026:10:42:48 +0000] "GET /v3 HTTP/1.1" 200 265
[Tue Jul 14 10:42:48.526074 2026] [wsgi:error] [pid 12:tid 140003636012736] [remote 10.0.0.122:59436] 2026-07-14 10:42:48.525 12 WARNING keystone.common.password_hashing [None req-300fc571-9e15-4b1b-8a99-9160ae5b60f6 - - - - - -] Truncating password to algorithm specific maximum length 72 characters.
[Tue Jul 14 10:42:48.801280 2026] [wsgi:error] [pid 12:tid 140003636012736] [remote 10.0.0.122:59436] 2026-07-14 10:42:48.801 12 WARNING keystone.common.fernet_utils [None req-300fc571-9e15-4b1b-8a99-9160ae5b60f6 - - - - - -] key_repository is world readable: /etc/keystone/fernet-keys/ 10.0.0.122 - - [14/Jul/2026:10:42:48 +0000] "POST /v3/auth/tokens HTTP/1.1" 201 1359 10.0.0.122 - - [14/Jul/2026:10:42:48 +0000] "GET / HTTP/1.1" 300 280 10.0.0.122 - - [14/Jul/2026:10:42:48 +0000] "GET /v3/OS-FEDERATION/mappings/atmosphere-openid HTTP/1.1" 404 98 10.0.0.122 - - [14/Jul/2026:10:42:48 +0000] "GET /v3/OS-FEDERATION/mappings HTTP/1.1" 200 135 10.0.0.122 - - [14/Jul/2026:10:42:48 +0000] "PUT /v3/OS-FEDERATION/mappings/atmosphere-openid HTTP/1.1" 201 356 10.0.0.122 - - [14/Jul/2026:10:42:49 +0000] "GET /v3 HTTP/1.1" 200 265
[Tue Jul 14 10:42:49.701188 2026] [wsgi:error] [pid 11:tid 140003636012736] [remote 10.0.0.122:59436] 2026-07-14 10:42:49.700 11 WARNING keystone.common.password_hashing [None req-7d275549-f60c-4c38-bd14-4a860242fc71 - - - - - -] Truncating password to algorithm specific maximum length 72 characters.
[Tue Jul 14 10:42:49.978775 2026] [wsgi:error] [pid 11:tid 140003636012736] [remote 10.0.0.122:59436] 2026-07-14 10:42:49.978 11 WARNING keystone.common.fernet_utils [None req-7d275549-f60c-4c38-bd14-4a860242fc71 - - - - - -] key_repository is world readable: /etc/keystone/fernet-keys/ 10.0.0.122 - - [14/Jul/2026:10:42:49 +0000] "POST /v3/auth/tokens HTTP/1.1" 201 1359 10.0.0.122 - - [14/Jul/2026:10:42:49 +0000] "GET / HTTP/1.1" 300 280 10.0.0.122 - - [14/Jul/2026:10:42:50 +0000] "GET /v3/OS-FEDERATION/identity_providers/atmosphere/protocols/openid?idp_id=atmosphere HTTP/1.1" 404 131 10.0.0.122 - - [14/Jul/2026:10:42:50 +0000] "GET /v3/OS-FEDERATION/identity_providers/atmosphere/protocols HTTP/1.1" 200 167 10.0.0.122 - - [14/Jul/2026:10:42:50 +0000] "PUT /v3/OS-FEDERATION/identity_providers/atmosphere/protocols/openid HTTP/1.1" 201 222 10.0.0.122 - - [14/Jul/2026:10:42:56 +0000] "GET /v3/ HTTP/1.1" 200 249 10.0.0.122 - - [14/Jul/2026:10:42:56 +0000] "GET /v3/ HTTP/1.1" 200 249 10.0.0.122 - - [14/Jul/2026:10:43:56 +0000] "GET /v3/ HTTP/1.1" 200 249 10.0.0.122 - - [14/Jul/2026:10:43:56 +0000] "GET /v3/ HTTP/1.1" 200 249 10.0.0.99 - - [14/Jul/2026:10:44:15 +0000] "GET / HTTP/1.1" 300 295
[Tue Jul 14 10:44:15.228525 2026] [wsgi:error] [pid 9:tid 140003636012736] [remote 10.0.0.99:38526] 2026-07-14 10:44:15.228 9 WARNING keystone.common.password_hashing [None req-04755882-f5e1-4417-bbf1-d69f5eb6bc9c - - - - - -] Truncating password to algorithm specific maximum length 72 characters.
[Tue Jul 14 10:44:15.521221 2026] [wsgi:error] [pid 9:tid 140003636012736] [remote 10.0.0.99:38526] 2026-07-14 10:44:15.521 9 WARNING keystone.common.fernet_utils [None req-04755882-f5e1-4417-bbf1-d69f5eb6bc9c - - - - - -] key_repository is world readable: /etc/keystone/fernet-keys/ 10.0.0.99 - - [14/Jul/2026:10:44:15 +0000] "POST /v3/auth/tokens HTTP/1.1" 201 1359 10.0.0.99 - - [14/Jul/2026:10:44:15 +0000] "GET /v3/services HTTP/1.1" 200 355 10.0.0.99 - - [14/Jul/2026:10:44:19 +0000] "GET / HTTP/1.1" 300 295
[Tue Jul 14 10:44:19.284430 2026] [wsgi:error] [pid 12:tid 140003636012736] [remote 10.0.0.99:34422] 2026-07-14 10:44:19.284 12 WARNING keystone.common.password_hashing [None req-445fd84c-a77a-4dcd-8ff5-c9a09adc3063 - - - - - -] Truncating password to algorithm specific maximum length 72 characters.
[Tue Jul 14 10:44:19.556639 2026] [wsgi:error] [pid 12:tid 140003636012736] [remote 10.0.0.99:34422] 2026-07-14 10:44:19.556 12 WARNING keystone.common.fernet_utils [None req-445fd84c-a77a-4dcd-8ff5-c9a09adc3063 - - - - - -] key_repository is world readable: /etc/keystone/fernet-keys/ 10.0.0.99 - - [14/Jul/2026:10:44:19 +0000] "POST /v3/auth/tokens HTTP/1.1" 201 1359 10.0.0.99 - - [14/Jul/2026:10:44:19 +0000] "GET /v3/services HTTP/1.1" 200 355 10.0.0.99 - - [14/Jul/2026:10:44:23 +0000] "GET / HTTP/1.1" 300 295
[Tue Jul 14 10:44:23.178186 2026] [wsgi:error] [pid 11:tid 140003636012736] [remote 10.0.0.99:34436] 2026-07-14 10:44:23.177 11 WARNING keystone.common.password_hashing [None req-f9d61c4e-6d9a-4982-a906-182859d5f31b - - - - - -] Truncating password to algorithm specific maximum length 72 characters.
[Tue Jul 14 10:44:23.462033 2026] [wsgi:error] [pid 11:tid 140003636012736] [remote 10.0.0.99:34436] 2026-07-14 10:44:23.461 11 WARNING keystone.common.fernet_utils [None req-f9d61c4e-6d9a-4982-a906-182859d5f31b - - - - - -] key_repository is world readable: /etc/keystone/fernet-keys/ 10.0.0.99 - - [14/Jul/2026:10:44:23 +0000] "POST /v3/auth/tokens HTTP/1.1" 201 1359 10.0.0.99 - - [14/Jul/2026:10:44:23 +0000] "GET /v3/services HTTP/1.1" 200 355 10.0.0.99 - - [14/Jul/2026:10:44:27 +0000] "GET / HTTP/1.1" 300 295
[Tue Jul 14 10:44:27.100966 2026] [wsgi:error] [pid 10:tid 140003636012736] [remote 10.0.0.99:34674] 2026-07-14 10:44:27.100 10 WARNING keystone.common.password_hashing [None req-1ed9dca2-4263-4328-a781-b72dcc3878e0 - - - - - -] Truncating password to algorithm specific maximum length 72 characters.
[Tue Jul 14 10:44:27.403128 2026] [wsgi:error] [pid 10:tid 140003636012736] [remote 10.0.0.99:34674] 2026-07-14 10:44:27.402 10 WARNING keystone.common.fernet_utils [None req-1ed9dca2-4263-4328-a781-b72dcc3878e0 - - - - - -] key_repository is world readable: /etc/keystone/fernet-keys/ 10.0.0.99 - - [14/Jul/2026:10:44:27 +0000] "POST /v3/auth/tokens HTTP/1.1" 201 1359 10.0.0.99 - - [14/Jul/2026:10:44:27 +0000] "POST /v3/services HTTP/1.1" 201 296 10.0.0.115 - - [14/Jul/2026:10:44:39 +0000] "GET / HTTP/1.1" 300 295
[Tue Jul 14 10:44:39.568058 2026] [wsgi:error] [pid 9:tid 140003636012736] [remote 10.0.0.115:56130] 2026-07-14 10:44:39.567 9 WARNING keystone.common.password_hashing [None req-7ced3363-38f8-4fd5-a8c7-19ef7a918687 - - - - - -] Truncating password to algorithm specific maximum length 72 characters. 10.0.0.115 - - [14/Jul/2026:10:44:39 +0000] "GET / HTTP/1.1" 300 295
[Tue Jul 14 10:44:39.656956 2026] [wsgi:error] [pid 11:tid 140003636012736] [remote 10.0.0.115:56134] 2026-07-14 10:44:39.656 11 WARNING keystone.common.password_hashing [None req-2572b936-c37c-44e9-8ab2-b0c67fb8ae13 - - - - - -] Truncating password to algorithm specific maximum length 72 characters. 10.0.0.115 - - [14/Jul/2026:10:44:39 +0000] "GET / HTTP/1.1" 300 295
[Tue Jul 14 10:44:39.780341 2026] [wsgi:error] [pid 10:tid 140003636012736] [remote 10.0.0.115:56142] 2026-07-14 10:44:39.780 10 WARNING keystone.common.password_hashing [None req-52e42e5b-d669-4d8b-b28a-3210e95016dc - - - - - -] Truncating password to algorithm specific maximum length 72 characters.
[Tue Jul 14 10:44:39.841852 2026] [wsgi:error] [pid 9:tid 140003636012736] [remote 10.0.0.115:56130] 2026-07-14 10:44:39.841 9 WARNING keystone.common.fernet_utils [None req-7ced3363-38f8-4fd5-a8c7-19ef7a918687 - - - - - -] key_repository is world readable: /etc/keystone/fernet-keys/ 10.0.0.115 - - [14/Jul/2026:10:44:39 +0000] "POST /v3/auth/tokens HTTP/1.1" 201 1463
[Tue Jul 14 10:44:39.929680 2026] [wsgi:error] [pid 11:tid 140003636012736] [remote 10.0.0.115:56134] 2026-07-14 10:44:39.929 11 WARNING keystone.common.fernet_utils [None req-2572b936-c37c-44e9-8ab2-b0c67fb8ae13 - - - - - -] key_repository is world readable: /etc/keystone/fernet-keys/ 10.0.0.115 - - [14/Jul/2026:10:44:39 +0000] "POST /v3/auth/tokens HTTP/1.1" 201 1463 10.0.0.115 - - [14/Jul/2026:10:44:39 +0000] "GET /v3/services HTTP/1.1" 200 639
[Tue Jul 14 10:44:40.049296 2026] [wsgi:error] [pid 10:tid 140003636012736] [remote 10.0.0.115:56142] 2026-07-14 10:44:40.049 10 WARNING keystone.common.fernet_utils [None req-52e42e5b-d669-4d8b-b28a-3210e95016dc - - - - - -] key_repository is world readable: /etc/keystone/fernet-keys/ 10.0.0.115 - - [14/Jul/2026:10:44:40 +0000] "GET /v3/services HTTP/1.1" 200 639 10.0.0.115 - - [14/Jul/2026:10:44:39 +0000] "POST /v3/auth/tokens HTTP/1.1" 201 1463 10.0.0.115 - - [14/Jul/2026:10:44:40 +0000] "GET /v3/services HTTP/1.1" 200 639 10.0.0.115 - - [14/Jul/2026:10:44:41 +0000] "GET / HTTP/1.1" 300 295 10.0.0.115 - - [14/Jul/2026:10:44:41 +0000] "GET / HTTP/1.1" 300 295
[Tue Jul 14 10:44:41.641020 2026] [wsgi:error] [pid 9:tid 140003636012736] [remote 10.0.0.115:56144] 2026-07-14 10:44:41.640 9 WARNING keystone.common.password_hashing [None req-3d3ac278-d1bc-44d7-86ec-10eba5c339af - - - - - -] Truncating password to algorithm specific maximum length 72 characters.
[Tue Jul 14 10:44:41.656781 2026] [wsgi:error] [pid 11:tid 140003636012736] [remote 10.0.0.115:56150] 2026-07-14 10:44:41.656 11 WARNING keystone.common.password_hashing [None req-50d43277-7f63-4b76-871e-188843ecf9d4 - - - - - -] Truncating password to algorithm specific maximum length 72 characters. 10.0.0.115 - - [14/Jul/2026:10:44:41 +0000] "GET / HTTP/1.1" 300 295
[Tue Jul 14 10:44:41.703989 2026] [wsgi:error] [pid 10:tid 140003636012736] [remote 10.0.0.115:56156] 2026-07-14 10:44:41.703 10 WARNING keystone.common.password_hashing [None req-4f17a109-8401-49b1-8474-2ce11d89ec98 - - - - - -] Truncating password to algorithm specific maximum length 72 characters.
[Tue Jul 14 10:44:41.920403 2026] [wsgi:error] [pid 9:tid 140003636012736] [remote 10.0.0.115:56144] 2026-07-14 10:44:41.920 9 WARNING keystone.common.fernet_utils [None req-3d3ac278-d1bc-44d7-86ec-10eba5c339af - - - - - -] key_repository is world readable: /etc/keystone/fernet-keys/ 10.0.0.115 - - [14/Jul/2026:10:44:41 +0000] "POST /v3/auth/tokens HTTP/1.1" 201 1463
[Tue Jul 14 10:44:41.936293 2026] [wsgi:error] [pid 11:tid 140003636012736] [remote 10.0.0.115:56150] 2026-07-14 10:44:41.936 11 WARNING keystone.common.fernet_utils [None req-50d43277-7f63-4b76-871e-188843ecf9d4 - - - - - -] key_repository is world readable: /etc/keystone/fernet-keys/ 10.0.0.115 - - [14/Jul/2026:10:44:41 +0000] "POST /v3/auth/tokens HTTP/1.1" 201 1463
[Tue Jul 14 10:44:41.998512 2026] [wsgi:error] [pid 10:tid 140003636012736] [remote 10.0.0.115:56156] 2026-07-14 10:44:41.998 10 WARNING keystone.common.fernet_utils [None req-4f17a109-8401-49b1-8474-2ce11d89ec98 - - - - - -] key_repository is world readable: /etc/keystone/fernet-keys/ 10.0.0.115 - - [14/Jul/2026:10:44:41 +0000] "POST /v3/auth/tokens HTTP/1.1" 201 1463 10.0.0.115 - - [14/Jul/2026:10:44:42 +0000] "GET /v3/endpoints HTTP/1.1" 200 1226 10.0.0.115 - - [14/Jul/2026:10:44:42 +0000] "GET /v3/endpoints HTTP/1.1" 200 1226 10.0.0.115 - - [14/Jul/2026:10:44:42 +0000] "GET /v3/services/ae431a4dedf14245970199e822913274 HTTP/1.1" 200 233 10.0.0.115 - - [14/Jul/2026:10:44:42 +0000] "GET /v3/services/ae431a4dedf14245970199e822913274 HTTP/1.1" 200 233 10.0.0.115 - - [14/Jul/2026:10:44:42 +0000] "GET /v3/services/ae431a4dedf14245970199e822913274 HTTP/1.1" 200 233 10.0.0.115 - - [14/Jul/2026:10:44:42 +0000] "GET /v3/services/ae431a4dedf14245970199e822913274 HTTP/1.1" 200 233 10.0.0.115 - - [14/Jul/2026:10:44:42 +0000] "GET /v3/endpoints HTTP/1.1" 200 1226 10.0.0.115 - - [14/Jul/2026:10:44:42 +0000] "GET /v3/services/ae431a4dedf14245970199e822913274 HTTP/1.1" 200 233 10.0.0.115 - - [14/Jul/2026:10:44:42 +0000] "GET /v3/services/ae431a4dedf14245970199e822913274 HTTP/1.1" 200 233 10.0.0.115 - - [14/Jul/2026:10:44:42 +0000] "GET /v3/services/ae431a4dedf14245970199e822913274 HTTP/1.1" 200 233 10.0.0.115 - - [14/Jul/2026:10:44:42 +0000] "GET /v3/services/ae431a4dedf14245970199e822913274 HTTP/1.1" 200 233 10.0.0.115 - - [14/Jul/2026:10:44:42 +0000] "GET /v3/services/ae431a4dedf14245970199e822913274 HTTP/1.1" 200 233 10.0.0.115 - - [14/Jul/2026:10:44:43 +0000] "GET / HTTP/1.1" 300 295
[Tue Jul 14 10:44:43.645170 2026] [wsgi:error] [pid 10:tid 140003636012736] [remote 10.0.0.115:56172] 2026-07-14 10:44:43.645 10 WARNING keystone.common.password_hashing [None req-b7247eaf-7fc4-4c99-bb13-1f42389486f7 - - - - - -] Truncating password to algorithm specific maximum length 72 characters. 10.0.0.115 - - [14/Jul/2026:10:44:43 +0000] "GET / HTTP/1.1" 300 295
[Tue Jul 14 10:44:43.763251 2026] [wsgi:error] [pid 11:tid 140003636012736] [remote 10.0.0.115:56178] 2026-07-14 10:44:43.763 11 WARNING keystone.common.password_hashing [None req-b833832d-40ac-46d1-805f-856e95f7a96f - - - - - -] Truncating password to algorithm specific maximum length 72 characters.
[Tue Jul 14 10:44:43.926860 2026] [wsgi:error] [pid 10:tid 140003636012736] [remote 10.0.0.115:56172] 2026-07-14 10:44:43.926 10 WARNING keystone.common.fernet_utils [None req-b7247eaf-7fc4-4c99-bb13-1f42389486f7 - - - - - -] key_repository is world readable: /etc/keystone/fernet-keys/ 10.0.0.115 - - [14/Jul/2026:10:44:43 +0000] "POST /v3/auth/tokens HTTP/1.1" 201 1463
[Tue Jul 14 10:44:44.037136 2026] [wsgi:error] [pid 11:tid 140003636012736] [remote 10.0.0.115:56178] 2026-07-14 10:44:44.036 11 WARNING keystone.common.fernet_utils [None req-b833832d-40ac-46d1-805f-856e95f7a96f - - - - - -] key_repository is world readable: /etc/keystone/fernet-keys/ 10.0.0.115 - - [14/Jul/2026:10:44:43 +0000] "POST /v3/auth/tokens HTTP/1.1" 201 1463 10.0.0.115 - - [14/Jul/2026:10:44:44 +0000] "GET /v3/services/b65fb0aa965142faaf826e7df6f75066 HTTP/1.1" 200 296 10.0.0.115 - - [14/Jul/2026:10:44:44 +0000] "GET /v3/regions/RegionOne HTTP/1.1" 200 173 10.0.0.115 - - [14/Jul/2026:10:44:44 +0000] "GET / HTTP/1.1" 300 295 10.0.0.115 - - [14/Jul/2026:10:44:44 +0000] "POST /v3/endpoints HTTP/1.1" 201 380
[Tue Jul 14 10:44:44.114140 2026] [wsgi:error] [pid 11:tid 140003636012736] [remote 10.0.0.115:56188] 2026-07-14 10:44:44.113 11 WARNING keystone.common.password_hashing [None req-56c8f8b5-6a9f-42b9-a519-5f06694372f4 - - - - - -] Truncating password to algorithm specific maximum length 72 characters. 10.0.0.115 - - [14/Jul/2026:10:44:44 +0000] "GET /v3/services/b65fb0aa965142faaf826e7df6f75066 HTTP/1.1" 200 296 10.0.0.115 - - [14/Jul/2026:10:44:44 +0000] "GET /v3/regions/RegionOne HTTP/1.1" 200 173 10.0.0.115 - - [14/Jul/2026:10:44:44 +0000] "POST /v3/endpoints HTTP/1.1" 201 369
[Tue Jul 14 10:44:44.402075 2026] [wsgi:error] [pid 11:tid 140003636012736] [remote 10.0.0.115:56188] 2026-07-14 10:44:44.401 11 WARNING keystone.common.fernet_utils [None req-56c8f8b5-6a9f-42b9-a519-5f06694372f4 - - - - - -] key_repository is world readable: /etc/keystone/fernet-keys/ 10.0.0.115 - - [14/Jul/2026:10:44:44 +0000] "POST /v3/auth/tokens HTTP/1.1" 201 1808 10.0.0.115 - - [14/Jul/2026:10:44:44 +0000] "GET /v3/services/b65fb0aa965142faaf826e7df6f75066 HTTP/1.1" 200 296 10.0.0.115 - - [14/Jul/2026:10:44:44 +0000] "GET /v3/regions/RegionOne HTTP/1.1" 200 173 10.0.0.115 - - [14/Jul/2026:10:44:44 +0000] "POST /v3/endpoints HTTP/1.1" 201 383 10.0.0.115 - - [14/Jul/2026:10:44:45 +0000] "GET / HTTP/1.1" 300 295
[Tue Jul 14 10:44:45.730636 2026] [wsgi:error] [pid 9:tid 140003636012736] [remote 10.0.0.115:56198] 2026-07-14 10:44:45.730 9 WARNING keystone.common.password_hashing [None req-99aff4a2-a86b-426a-8cc7-591708c38826 - - - - - -] Truncating password to algorithm specific maximum length 72 characters. 10.0.0.115 - - [14/Jul/2026:10:44:45 +0000] "GET / HTTP/1.1" 300 295
[Tue Jul 14 10:44:45.753220 2026] [wsgi:error] [pid 10:tid 140003636012736] [remote 10.0.0.115:56208] 2026-07-14 10:44:45.753 10 WARNING keystone.common.password_hashing [None req-a3f4c8d4-cf0a-4f5c-8baf-121d4b17fe96 - - - - - -] Truncating password to algorithm specific maximum length 72 characters.
[Tue Jul 14 10:44:46.033660 2026] [wsgi:error] [pid 10:tid 140003636012736] [remote 10.0.0.115:56208] 2026-07-14 10:44:46.033 10 WARNING keystone.common.fernet_utils [None req-a3f4c8d4-cf0a-4f5c-8baf-121d4b17fe96 - - - - - -] key_repository is world readable: /etc/keystone/fernet-keys/
[Tue Jul 14 10:44:46.036716 2026] [wsgi:error] [pid 9:tid 140003636012736] [remote 10.0.0.115:56198] 2026-07-14 10:44:46.036 9 WARNING keystone.common.fernet_utils [None req-99aff4a2-a86b-426a-8cc7-591708c38826 - - - - - -] key_repository is world readable: /etc/keystone/fernet-keys/ 10.0.0.115 - - [14/Jul/2026:10:44:45 +0000] "POST /v3/auth/tokens HTTP/1.1" 201 1990 10.0.0.115 - - [14/Jul/2026:10:44:45 +0000] "POST /v3/auth/tokens HTTP/1.1" 201 1990 10.0.0.115 - - [14/Jul/2026:10:44:46 +0000] "GET / HTTP/1.1" 300 295
[Tue Jul 14 10:44:46.065870 2026] [wsgi:error] [pid 12:tid 140003636012736] [remote 10.0.0.115:56216] 2026-07-14 10:44:46.065 12 WARNING keystone.common.password_hashing [None req-e4843692-ed3b-43ab-a466-afb249c95d48 - - - - - -] Truncating password to algorithm specific maximum length 72 characters. 10.0.0.115 - - [14/Jul/2026:10:44:46 +0000] "GET /v3/endpoints/638261c6fe2b4263bbe5ce5e60ea218b HTTP/1.1" 200 380 10.0.0.115 - - [14/Jul/2026:10:44:46 +0000] "GET /v3/endpoints/3cd52ee106284c03961e6cd4ac066724 HTTP/1.1" 200 369 10.0.0.115 - - [14/Jul/2026:10:44:46 +0000] "GET /v3/services/b65fb0aa965142faaf826e7df6f75066 HTTP/1.1" 200 296 10.0.0.115 - - [14/Jul/2026:10:44:46 +0000] "GET /v3/services/b65fb0aa965142faaf826e7df6f75066 HTTP/1.1" 200 296
[Tue Jul 14 10:44:46.350408 2026] [wsgi:error] [pid 12:tid 140003636012736] [remote 10.0.0.115:56216] 2026-07-14 10:44:46.350 12 WARNING keystone.common.fernet_utils [None req-e4843692-ed3b-43ab-a466-afb249c95d48 - - - - - -] key_repository is world readable: /etc/keystone/fernet-keys/ 10.0.0.115 - - [14/Jul/2026:10:44:46 +0000] "POST /v3/auth/tokens HTTP/1.1" 201 1990 10.0.0.115 - - [14/Jul/2026:10:44:46 +0000] "GET /v3/endpoints/5ac400978cb640d0a3fcbcee07644dfc HTTP/1.1" 200 383 10.0.0.115 - - [14/Jul/2026:10:44:46 +0000] "GET /v3/services/b65fb0aa965142faaf826e7df6f75066 HTTP/1.1" 200 296 10.0.0.122 - - [14/Jul/2026:10:44:56 +0000] "GET /v3/ HTTP/1.1" 200 249 10.0.0.122 - - [14/Jul/2026:10:44:56 +0000] "GET /v3/ HTTP/1.1" 200 249 10.0.0.242 - - [14/Jul/2026:10:44:57 +0000] "GET / HTTP/1.1" 300 295
[Tue Jul 14 10:44:57.554931 2026] [wsgi:error] [pid 11:tid 140003636012736] [remote 10.0.0.242:40470] 2026-07-14 10:44:57.554 11 WARNING keystone.common.password_hashing [None req-7f1f1c56-c5cd-45f0-bbc2-7727f2e4dbc0 - - - - - -] Truncating password to algorithm specific maximum length 72 characters.
[Tue Jul 14 10:44:57.833680 2026] [wsgi:error] [pid 11:tid 140003636012736] [remote 10.0.0.242:40470] 2026-07-14 10:44:57.833 11 WARNING keystone.common.fernet_utils [None req-7f1f1c56-c5cd-45f0-bbc2-7727f2e4dbc0 - - - - - -] key_repository is world readable: /etc/keystone/fernet-keys/ 10.0.0.242 - - [14/Jul/2026:10:44:57 +0000] "POST /v3/auth/tokens HTTP/1.1" 201 1990 10.0.0.242 - - [14/Jul/2026:10:44:57 +0000] "POST /v3/domains HTTP/1.1" 201 284 10.0.0.242 - - [14/Jul/2026:10:44:59 +0000] "GET / HTTP/1.1" 300 295
[Tue Jul 14 10:44:59.778164 2026] [wsgi:error] [pid 10:tid 140003636012736] [remote 10.0.0.242:40474] 2026-07-14 10:44:59.778 10 WARNING keystone.common.password_hashing [None req-926c2128-4d32-435d-a8a5-fda0f8d62ab7 - - - - - -] Truncating password to algorithm specific maximum length 72 characters.
[Tue Jul 14 10:45:00.048435 2026] [wsgi:error] [pid 10:tid 140003636012736] [remote 10.0.0.242:40474] 2026-07-14 10:45:00.048 10 WARNING keystone.common.fernet_utils [None req-926c2128-4d32-435d-a8a5-fda0f8d62ab7 - - - - - -] key_repository is world readable: /etc/keystone/fernet-keys/ 10.0.0.242 - - [14/Jul/2026:10:44:59 +0000] "POST /v3/auth/tokens HTTP/1.1" 201 1990
[Tue Jul 14 10:45:00.224882 2026] [wsgi:error] [pid 11:tid 140003636012736] [remote 10.0.0.242:40474] 2026-07-14 10:45:00.211 11 ERROR keystone.server.flask.application [None req-92359ed4-8b9c-49ab-aa21-51380241e266 618e6edaeef147cca56c84330df214ec aa8e151ab9764882be33721ac6c66584 - - default default] Conflict occurred attempting to store project - it is not permitted to have two projects acting as domains with the same name: service.: keystone.exception.Conflict: Conflict occurred attempting to store project - it is not permitted to have two projects acting as domains with the same name: service.
[Tue Jul 14 10:45:00.224913 2026] [wsgi:error] [pid 11:tid 140003636012736] [remote 10.0.0.242:40474] 2026-07-14 10:45:00.211 11 ERROR keystone.server.flask.application
Traceback (most recent call last):
[Tue Jul 14 10:45:00.224916 2026] [wsgi:error] [pid 11:tid 140003636012736] [remote 10.0.0.242:40474] 2026-07-14 10:45:00.211 11 ERROR keystone.server.flask.application
File "/var/lib/openstack/lib/python3.12/site-packages/sqlalchemy/engine/base.py", line 1969, in _exec_single_context
[Tue Jul 14 10:45:00.224919 2026] [wsgi:error] [pid 11:tid 140003636012736] [remote 10.0.0.242:40474] 2026-07-14 10:45:00.211 11 ERROR keystone.server.flask.application self.dialect.do_execute(
[Tue Jul 14 10:45:00.224921 2026] [wsgi:error] [pid 11:tid 140003636012736] [remote 10.0.0.242:40474] 2026-07-14 10:45:00.211 11 ERROR keystone.server.flask.application
File "/var/lib/openstack/lib/python3.12/site-packages/sqlalchemy/engine/default.py", line 952, in do_execute
[Tue Jul 14 10:45:00.224924 2026] [wsgi:error] [pid 11:tid 140003636012736] [remote 10.0.0.242:40474] 2026-07-14 10:45:00.211 11 ERROR keystone.server.flask.application cursor.execute(statement, parameters)
[Tue Jul 14 10:45:00.224926 2026] [wsgi:error] [pid 11:tid 140003636012736] [remote 10.0.0.242:40474] 2026-07-14 10:45:00.211 11 ERROR keystone.server.flask.application
File "/var/lib/openstack/lib/python3.12/site-packages/pymysql/cursors.py", line 159, in execute
[Tue Jul 14 10:45:00.224928 2026] [wsgi:error] [pid 11:tid 140003636012736] [remote 10.0.0.242:40474] 2026-07-14 10:45:00.211 11 ERROR keystone.server.flask.application result = self._query(query)
[Tue Jul 14 10:45:00.224930 2026] [wsgi:error] [pid 11:tid 140003636012736] [remote 10.0.0.242:40474] 2026-07-14 10:45:00.211 11 ERROR keystone.server.flask.application ^^^^^^^^^^^^^^^^^^
[Tue Jul 14 10:45:00.224933 2026] [wsgi:error] [pid 11:tid 140003636012736] [remote 10.0.0.242:40474] 2026-07-14 10:45:00.211 11 ERROR keystone.server.flask.application
File "/var/lib/openstack/lib/python3.12/site-packages/pymysql/cursors.py", line 330, in _query
[Tue Jul 14 10:45:00.224935 2026] [wsgi:error] [pid 11:tid 140003636012736] [remote 10.0.0.242:40474] 2026-07-14 10:45:00.211 11 ERROR keystone.server.flask.application conn.query(q)
[Tue Jul 14 10:45:00.224937 2026] [wsgi:error] [pid 11:tid 140003636012736] [remote 10.0.0.242:40474] 2026-07-14 10:45:00.211 11 ERROR keystone.server.flask.application
File "/var/lib/openstack/lib/python3.12/site-packages/pymysql/connections.py", line 582, in query
[Tue Jul 14 10:45:00.224940 2026] [wsgi:error] [pid 11:tid 140003636012736] [remote 10.0.0.242:40474] 2026-07-14 10:45:00.211 11 ERROR keystone.server.flask.application self._affected_rows = self._read_query_result(unbuffered=unbuffered)
[Tue Jul 14 10:45:00.224942 2026] [wsgi:error] [pid 11:tid 140003636012736] [remote 10.0.0.242:40474] 2026-07-14 10:45:00.211 11 ERROR keystone.server.flask.application ^^^^^^^^^^^^^^^^^^^^^^^^^^^^^^^^^^^^^^^^^^^^^^
[Tue Jul 14 10:45:00.224944 2026] [wsgi:error] [pid 11:tid 140003636012736] [remote 10.0.0.242:40474] 2026-07-14 10:45:00.211 11 ERROR keystone.server.flask.application
File "/var/lib/openstack/lib/python3.12/site-packages/pymysql/connections.py", line 847, in _read_query_result
[Tue Jul 14 10:45:00.224946 2026] [wsgi:error] [pid 11:tid 140003636012736] [remote 10.0.0.242:40474] 2026-07-14 10:45:00.211 11 ERROR keystone.server.flask.application result.read()
[Tue Jul 14 10:45:00.224950 2026] [wsgi:error] [pid 11:tid 140003636012736] [remote 10.0.0.242:40474] 2026-07-14 10:45:00.211 11 ERROR keystone.server.flask.application
File "/var/lib/openstack/lib/python3.12/site-packages/pymysql/connections.py", line 1245, in read
[Tue Jul 14 10:45:00.224952 2026] [wsgi:error] [pid 11:tid 140003636012736] [remote 10.0.0.242:40474] 2026-07-14 10:45:00.211 11 ERROR keystone.server.flask.application first_packet = self.connection._read_packet()
[Tue Jul 14 10:45:00.224954 2026] [wsgi:error] [pid 11:tid 140003636012736] [remote 10.0.0.242:40474] 2026-07-14 10:45:00.211 11 ERROR keystone.server.flask.application ^^^^^^^^^^^^^^^^^^^^^^^^^^^^^^
[Tue Jul 14 10:45:00.224956 2026] [wsgi:error] [pid 11:tid 140003636012736] [remote 10.0.0.242:40474] 2026-07-14 10:45:00.211 11 ERROR keystone.server.flask.application
File "/var/lib/openstack/lib/python3.12/site-packages/pymysql/connections.py", line 803, in _read_packet
[Tue Jul 14 10:45:00.224958 2026] [wsgi:error] [pid 11:tid 140003636012736] [remote 10.0.0.242:40474] 2026-07-14 10:45:00.211 11 ERROR keystone.server.flask.application packet.raise_for_error()
[Tue Jul 14 10:45:00.224960 2026] [wsgi:error] [pid 11:tid 140003636012736] [remote 10.0.0.242:40474] 2026-07-14 10:45:00.211 11 ERROR keystone.server.flask.application
File "/var/lib/openstack/lib/python3.12/site-packages/pymysql/protocol.py", line 219, in raise_for_error
[Tue Jul 14 10:45:00.224962 2026] [wsgi:error] [pid 11:tid 140003636012736] [remote 10.0.0.242:40474] 2026-07-14 10:45:00.211 11 ERROR keystone.server.flask.application err.raise_mysql_exception(self._data)
[Tue Jul 14 10:45:00.224971 2026] [wsgi:error] [pid 11:tid 140003636012736] [remote 10.0.0.242:40474] 2026-07-14 10:45:00.211 11 ERROR keystone.server.flask.application
File "/var/lib/openstack/lib/python3.12/site-packages/pymysql/err.py", line 154, in raise_mysql_exception
[Tue Jul 14 10:45:00.224973 2026] [wsgi:error] [pid 11:tid 140003636012736] [remote 10.0.0.242:40474] 2026-07-14 10:45:00.211 11 ERROR keystone.server.flask.application raise errorclass(errno, errval, sqlstate=sqlstate)
[Tue Jul 14 10:45:00.224975 2026] [wsgi:error] [pid 11:tid 140003636012736] [remote 10.0.0.242:40474] 2026-07-14 10:45:00.211 11 ERROR keystone.server.flask.application pymysql.err.IntegrityError: (1062, "Duplicate entry '<>-service' for key 'project.ixu_project_name_domain_id'")
[Tue Jul 14 10:45:00.224978 2026] [wsgi:error] [pid 11:tid 140003636012736] [remote 10.0.0.242:40474] 2026-07-14 10:45:00.211 11 ERROR keystone.server.flask.application
[Tue Jul 14 10:45:00.224980 2026] [wsgi:error] [pid 11:tid 140003636012736] [remote 10.0.0.242:40474] 2026-07-14 10:45:00.211 11 ERROR keystone.server.flask.application The above exception was the direct cause of the following exception:
[Tue Jul 14 10:45:00.224982 2026] [wsgi:error] [pid 11:tid 140003636012736] [remote 10.0.0.242:40474] 2026-07-14 10:45:00.211 11 ERROR keystone.server.flask.application
[Tue Jul 14 10:45:00.224984 2026] [wsgi:error] [pid 11:tid 140003636012736] [remote 10.0.0.242:40474] 2026-07-14 10:45:00.211 11 ERROR keystone.server.flask.application
Traceback (most recent call last):
[Tue Jul 14 10:45:00.224986 2026] [wsgi:error] [pid 11:tid 140003636012736] [remote 10.0.0.242:40474] 2026-07-14 10:45:00.211 11 ERROR keystone.server.flask.application
File "/var/lib/openstack/lib/python3.12/site-packages/keystone/common/sql/core.py", line 575, in wrapper
[Tue Jul 14 10:45:00.224989 2026] [wsgi:error] [pid 11:tid 140003636012736] [remote 10.0.0.242:40474] 2026-07-14 10:45:00.211 11 ERROR keystone.server.flask.application return method(*args, **kwargs)
[Tue Jul 14 10:45:00.224991 2026] [wsgi:error] [pid 11:tid 140003636012736] [remote 10.0.0.242:40474] 2026-07-14 10:45:00.211 11 ERROR keystone.server.flask.application ^^^^^^^^^^^^^^^^^^^^^^^
[Tue Jul 14 10:45:00.224993 2026] [wsgi:error] [pid 11:tid 140003636012736] [remote 10.0.0.242:40474] 2026-07-14 10:45:00.211 11 ERROR keystone.server.flask.application
File "/var/lib/openstack/lib/python3.12/site-packages/keystone/resource/backends/sql.py", line 278, in create_project
[Tue Jul 14 10:45:00.224996 2026] [wsgi:error] [pid 11:tid 140003636012736] [remote 10.0.0.242:40474] 2026-07-14 10:45:00.211 11 ERROR keystone.server.flask.application with sql.session_for_write() as session:
[Tue Jul 14 10:45:00.224998 2026] [wsgi:error] [pid 11:tid 140003636012736] [remote 10.0.0.242:40474] 2026-07-14 10:45:00.211 11 ERROR keystone.server.flask.application
File "/usr/lib/python3.12/contextlib.py", line 144, in __exit__
[Tue Jul 14 10:45:00.225000 2026] [wsgi:error] [pid 11:tid 140003636012736] [remote 10.0.0.242:40474] 2026-07-14 10:45:00.211 11 ERROR keystone.server.flask.application next(self.gen)
[Tue Jul 14 10:45:00.225003 2026] [wsgi:error] [pid 11:tid 140003636012736] [remote 10.0.0.242:40474] 2026-07-14 10:45:00.211 11 ERROR keystone.server.flask.application
File "/var/lib/openstack/lib/python3.12/site-packages/oslo_db/sqlalchemy/enginefacade.py", line 1175, in _transaction_scope
[Tue Jul 14 10:45:00.225005 2026] [wsgi:error] [pid 11:tid 140003636012736] [remote 10.0.0.242:40474] 2026-07-14 10:45:00.211 11 ERROR keystone.server.flask.application with current._produce_block(
[Tue Jul 14 10:45:00.225007 2026] [wsgi:error] [pid 11:tid 140003636012736] [remote 10.0.0.242:40474] 2026-07-14 10:45:00.211 11 ERROR keystone.server.flask.application
File "/usr/lib/python3.12/contextlib.py", line 144, in __exit__
[Tue Jul 14 10:45:00.225010 2026] [wsgi:error] [pid 11:tid 140003636012736] [remote 10.0.0.242:40474] 2026-07-14 10:45:00.211 11 ERROR keystone.server.flask.application next(self.gen)
[Tue Jul 14 10:45:00.225012 2026] [wsgi:error] [pid 11:tid 140003636012736] [remote 10.0.0.242:40474] 2026-07-14 10:45:00.211 11 ERROR keystone.server.flask.application
File "/var/lib/openstack/lib/python3.12/site-packages/oslo_db/sqlalchemy/enginefacade.py", line 837, in _session
[Tue Jul 14 10:45:00.225015 2026] [wsgi:error] [pid 11:tid 140003636012736] [remote 10.0.0.242:40474] 2026-07-14 10:45:00.211 11 ERROR keystone.server.flask.application with excutils.save_and_reraise_exception():
[Tue Jul 14 10:45:00.225017 2026] [wsgi:error] [pid 11:tid 140003636012736] [remote 10.0.0.242:40474] 2026-07-14 10:45:00.211 11 ERROR keystone.server.flask.application
File "/var/lib/openstack/lib/python3.12/site-packages/oslo_utils/excutils.py", line 266, in __exit__
[Tue Jul 14 10:45:00.225020 2026] [wsgi:error] [pid 11:tid 140003636012736] [remote 10.0.0.242:40474] 2026-07-14 10:45:00.211 11 ERROR keystone.server.flask.application self.force_reraise()
[Tue Jul 14 10:45:00.225024 2026] [wsgi:error] [pid 11:tid 140003636012736] [remote 10.0.0.242:40474] 2026-07-14 10:45:00.211 11 ERROR keystone.server.flask.application
File "/var/lib/openstack/lib/python3.12/site-packages/oslo_utils/excutils.py", line 232, in force_reraise
[Tue Jul 14 10:45:00.225027 2026] [wsgi:error] [pid 11:tid 140003636012736] [remote 10.0.0.242:40474] 2026-07-14 10:45:00.211 11 ERROR keystone.server.flask.application raise self.value
[Tue Jul 14 10:45:00.225030 2026] [wsgi:error] [pid 11:tid 140003636012736] [remote 10.0.0.242:40474] 2026-07-14 10:45:00.211 11 ERROR keystone.server.flask.application
File "/var/lib/openstack/lib/python3.12/site-packages/oslo_db/sqlalchemy/enginefacade.py", line 835, in _session
[Tue Jul 14 10:45:00.225033 2026] [wsgi:error] [pid 11:tid 140003636012736] [remote 10.0.0.242:40474] 2026-07-14 10:45:00.211 11 ERROR keystone.server.flask.application self._end_session_transaction(self.session)
[Tue Jul 14 10:45:00.225036 2026] [wsgi:error] [pid 11:tid 140003636012736] [remote 10.0.0.242:40474] 2026-07-14 10:45:00.211 11 ERROR keystone.server.flask.application
File "/var/lib/openstack/lib/python3.12/site-packages/oslo_db/sqlalchemy/enginefacade.py", line 748, in _end_session_transaction
[Tue Jul 14 10:45:00.225039 2026] [wsgi:error] [pid 11:tid 140003636012736] [remote 10.0.0.242:40474] 2026-07-14 10:45:00.211 11 ERROR keystone.server.flask.application session.commit()
[Tue Jul 14 10:45:00.225042 2026] [wsgi:error] [pid 11:tid 140003636012736] [remote 10.0.0.242:40474] 2026-07-14 10:45:00.211 11 ERROR keystone.server.flask.application
File "/var/lib/openstack/lib/python3.12/site-packages/sqlalchemy/orm/session.py", line 2034, in commit
[Tue Jul 14 10:45:00.225045 2026] [wsgi:error] [pid 11:tid 140003636012736] [remote 10.0.0.242:40474] 2026-07-14 10:45:00.211 11 ERROR keystone.server.flask.application trans.commit(_to_root=True)
[Tue Jul 14 10:45:00.225049 2026] [wsgi:error] [pid 11:tid 140003636012736] [remote 10.0.0.242:40474] 2026-07-14 10:45:00.211 11 ERROR keystone.server.flask.application File "", line 2, in commit
[Tue Jul 14 10:45:00.225052 2026] [wsgi:error] [pid 11:tid 140003636012736] [remote 10.0.0.242:40474] 2026-07-14 10:45:00.211 11 ERROR keystone.server.flask.application
File "/var/lib/openstack/lib/python3.12/site-packages/sqlalchemy/orm/state_changes.py", line 137, in _go
[Tue Jul 14 10:45:00.225055 2026] [wsgi:error] [pid 11:tid 140003636012736] [remote 10.0.0.242:40474] 2026-07-14 10:45:00.211 11 ERROR keystone.server.flask.application ret_value = fn(self, *arg, **kw)
[Tue Jul 14 10:45:00.225057 2026] [wsgi:error] [pid 11:tid 140003636012736] [remote 10.0.0.242:40474] 2026-07-14 10:45:00.211 11 ERROR keystone.server.flask.application ^^^^^^^^^^^^^^^^^^^^
[Tue Jul 14 10:45:00.225060 2026] [wsgi:error] [pid 11:tid 140003636012736] [remote 10.0.0.242:40474] 2026-07-14 10:45:00.211 11 ERROR keystone.server.flask.application
File "/var/lib/openstack/lib/python3.12/site-packages/sqlalchemy/orm/session.py", line 1315, in commit
[Tue Jul 14 10:45:00.225063 2026] [wsgi:error] [pid 11:tid 140003636012736] [remote 10.0.0.242:40474] 2026-07-14 10:45:00.211 11 ERROR keystone.server.flask.application self._prepare_impl()
[Tue Jul 14 10:45:00.225065 2026] [wsgi:error] [pid 11:tid 140003636012736] [remote 10.0.0.242:40474] 2026-07-14 10:45:00.211 11 ERROR keystone.server.flask.application File "", line 2, in _prepare_impl
[Tue Jul 14 10:45:00.225068 2026] [wsgi:error] [pid 11:tid 140003636012736] [remote 10.0.0.242:40474] 2026-07-14 10:45:00.211 11 ERROR keystone.server.flask.application
File "/var/lib/openstack/lib/python3.12/site-packages/sqlalchemy/orm/state_changes.py", line 137, in _go
[Tue Jul 14 10:45:00.225071 2026] [wsgi:error] [pid 11:tid 140003636012736] [remote 10.0.0.242:40474] 2026-07-14 10:45:00.211 11 ERROR keystone.server.flask.application ret_value = fn(self, *arg, **kw)
[Tue Jul 14 10:45:00.225073 2026] [wsgi:error] [pid 11:tid 140003636012736] [remote 10.0.0.242:40474] 2026-07-14 10:45:00.211 11 ERROR keystone.server.flask.application ^^^^^^^^^^^^^^^^^^^^
[Tue Jul 14 10:45:00.225076 2026] [wsgi:error] [pid 11:tid 140003636012736] [remote 10.0.0.242:40474] 2026-07-14 10:45:00.211 11 ERROR keystone.server.flask.application
File "/var/lib/openstack/lib/python3.12/site-packages/sqlalchemy/orm/session.py", line 1290, in _prepare_impl
[Tue Jul 14 10:45:00.225079 2026] [wsgi:error] [pid 11:tid 140003636012736] [remote 10.0.0.242:40474] 2026-07-14 10:45:00.211 11 ERROR keystone.server.flask.application self.session.flush()
[Tue Jul 14 10:45:00.225081 2026] [wsgi:error] [pid 11:tid 140003636012736] [remote 10.0.0.242:40474] 2026-07-14 10:45:00.211 11 ERROR keystone.server.flask.application
File "/var/lib/openstack/lib/python3.12/site-packages/sqlalchemy/orm/session.py", line 4352, in flush
[Tue Jul 14 10:45:00.225084 2026] [wsgi:error] [pid 11:tid 140003636012736] [remote 10.0.0.242:40474] 2026-07-14 10:45:00.211 11 ERROR keystone.server.flask.application self._flush(objects)
[Tue Jul 14 10:45:00.225086 2026] [wsgi:error] [pid 11:tid 140003636012736] [remote 10.0.0.242:40474] 2026-07-14 10:45:00.211 11 ERROR keystone.server.flask.application
File "/var/lib/openstack/lib/python3.12/site-packages/sqlalchemy/orm/session.py", line 4487, in _flush
[Tue Jul 14 10:45:00.225088 2026] [wsgi:error] [pid 11:tid 140003636012736] [remote 10.0.0.242:40474] 2026-07-14 10:45:00.211 11 ERROR keystone.server.flask.application with util.safe_reraise():
[Tue Jul 14 10:45:00.225090 2026] [wsgi:error] [pid 11:tid 140003636012736] [remote 10.0.0.242:40474] 2026-07-14 10:45:00.211 11 ERROR keystone.server.flask.application
File "/var/lib/openstack/lib/python3.12/site-packages/sqlalchemy/util/langhelpers.py", line 122, in __exit__
[Tue Jul 14 10:45:00.225093 2026] [wsgi:error] [pid 11:tid 140003636012736] [remote 10.0.0.242:40474] 2026-07-14 10:45:00.211 11 ERROR keystone.server.flask.application raise exc_value.with_traceback(exc_tb)
[Tue Jul 14 10:45:00.225095 2026] [wsgi:error] [pid 11:tid 140003636012736] [remote 10.0.0.242:40474] 2026-07-14 10:45:00.211 11 ERROR keystone.server.flask.application
File "/var/lib/openstack/lib/python3.12/site-packages/sqlalchemy/orm/session.py", line 4448, in _flush
[Tue Jul 14 10:45:00.225098 2026] [wsgi:error] [pid 11:tid 140003636012736] [remote 10.0.0.242:40474] 2026-07-14 10:45:00.211 11 ERROR keystone.server.flask.application flush_context.execute()
