+ COMMAND=start + start + for KEYSTONE_WSGI_SCRIPT in keystone-wsgi-public ++ type -p keystone-wsgi-public + cp -a /var/lib/openstack/bin/keystone-wsgi-public /var/www/cgi-bin/keystone/ + '[' -f /etc/apache2/envvars ']' + source /etc/apache2/envvars ++ unset HOME ++ '[' '' '!=' '' ']' ++ SUFFIX= ++ export APACHE_RUN_USER=www-data ++ APACHE_RUN_USER=www-data ++ export APACHE_RUN_GROUP=www-data ++ APACHE_RUN_GROUP=www-data ++ export APACHE_PID_FILE=/var/run/apache2/apache2.pid ++ APACHE_PID_FILE=/var/run/apache2/apache2.pid ++ export APACHE_RUN_DIR=/var/run/apache2 ++ APACHE_RUN_DIR=/var/run/apache2 ++ export APACHE_LOCK_DIR=/var/lock/apache2 ++ APACHE_LOCK_DIR=/var/lock/apache2 ++ export APACHE_LOG_DIR=/var/log/apache2 ++ APACHE_LOG_DIR=/var/log/apache2 ++ export LANG=C ++ LANG=C ++ export LANG + '[' -f /var/run/apache2/apache2.pid ']' + exec apache2 -DFOREGROUND AH00558: apache2: Could not reliably determine the server's fully qualified domain name, using 10.0.0.165. Set the 'ServerName' directive globally to suppress this message AH00558: apache2: Could not reliably determine the server's fully qualified domain name, using 10.0.0.165. Set the 'ServerName' directive globally to suppress this message
[Thu Jul 23 18:50:41.170899 2026] [mpm_event:notice] [pid 1:tid 139661993764736] AH00489: Apache/2.4.58 (Ubuntu) mod_wsgi/5.0.0 Python/3.12 configured -- resuming normal operations
[Thu Jul 23 18:50:41.171028 2026] [core:notice] [pid 1:tid 139661993764736] AH00094: Command line: 'apache2 -D FOREGROUND'
[Thu Jul 23 18:51:44.404750 2026] [wsgi:error] [pid 11:tid 139661355943616] /var/lib/openstack/lib/python3.12/site-packages/oslo_utils/importutils.py:77: EventletDeprecationWarning:
[Thu Jul 23 18:51:44.404789 2026] [wsgi:error] [pid 11:tid 139661355943616] Eventlet is deprecated. It is currently being maintained in bugfix mode, and
[Thu Jul 23 18:51:44.404791 2026] [wsgi:error] [pid 11:tid 139661355943616] we strongly recommend against using it for new projects.
[Thu Jul 23 18:51:44.404792 2026] [wsgi:error] [pid 11:tid 139661355943616]
[Thu Jul 23 18:51:44.404793 2026] [wsgi:error] [pid 11:tid 139661355943616] If you are already using Eventlet, we recommend migrating to a different
[Thu Jul 23 18:51:44.404795 2026] [wsgi:error] [pid 11:tid 139661355943616] framework. For more detail see
[Thu Jul 23 18:51:44.404796 2026] [wsgi:error] [pid 11:tid 139661355943616] https://eventlet.readthedocs.io/en/latest/asyncio/migration.html
[Thu Jul 23 18:51:44.404797 2026] [wsgi:error] [pid 11:tid 139661355943616]
[Thu Jul 23 18:51:44.404798 2026] [wsgi:error] [pid 11:tid 139661355943616] __import__(import_str)
[Thu Jul 23 18:51:44.456163 2026] [wsgi:error] [pid 10:tid 139661355943616] /var/lib/openstack/lib/python3.12/site-packages/oslo_utils/importutils.py:77: EventletDeprecationWarning:
[Thu Jul 23 18:51:44.456204 2026] [wsgi:error] [pid 10:tid 139661355943616] Eventlet is deprecated. It is currently being maintained in bugfix mode, and
[Thu Jul 23 18:51:44.456206 2026] [wsgi:error] [pid 10:tid 139661355943616] we strongly recommend against using it for new projects.
[Thu Jul 23 18:51:44.456207 2026] [wsgi:error] [pid 10:tid 139661355943616]
[Thu Jul 23 18:51:44.456208 2026] [wsgi:error] [pid 10:tid 139661355943616] If you are already using Eventlet, we recommend migrating to a different
[Thu Jul 23 18:51:44.456210 2026] [wsgi:error] [pid 10:tid 139661355943616] framework. For more detail see
[Thu Jul 23 18:51:44.456211 2026] [wsgi:error] [pid 10:tid 139661355943616] https://eventlet.readthedocs.io/en/latest/asyncio/migration.html
[Thu Jul 23 18:51:44.456212 2026] [wsgi:error] [pid 10:tid 139661355943616]
[Thu Jul 23 18:51:44.456213 2026] [wsgi:error] [pid 10:tid 139661355943616] __import__(import_str) 10.0.0.2 - - [23/Jul/2026:18:51:43 +0000] "GET /v3/ HTTP/1.1" 200 250 10.0.0.2 - - [23/Jul/2026:18:51:43 +0000] "GET /v3/ HTTP/1.1" 200 250
[Thu Jul 23 18:51:56.083986 2026] [wsgi:error] [pid 9:tid 139661355943616] /var/lib/openstack/lib/python3.12/site-packages/oslo_utils/importutils.py:77: EventletDeprecationWarning:
[Thu Jul 23 18:51:56.084024 2026] [wsgi:error] [pid 9:tid 139661355943616] Eventlet is deprecated. It is currently being maintained in bugfix mode, and
[Thu Jul 23 18:51:56.084026 2026] [wsgi:error] [pid 9:tid 139661355943616] we strongly recommend against using it for new projects.
[Thu Jul 23 18:51:56.084027 2026] [wsgi:error] [pid 9:tid 139661355943616]
[Thu Jul 23 18:51:56.084028 2026] [wsgi:error] [pid 9:tid 139661355943616] If you are already using Eventlet, we recommend migrating to a different
[Thu Jul 23 18:51:56.084029 2026] [wsgi:error] [pid 9:tid 139661355943616] framework. For more detail see
[Thu Jul 23 18:51:56.084030 2026] [wsgi:error] [pid 9:tid 139661355943616] https://eventlet.readthedocs.io/en/latest/asyncio/migration.html
[Thu Jul 23 18:51:56.084032 2026] [wsgi:error] [pid 9:tid 139661355943616]
[Thu Jul 23 18:51:56.084033 2026] [wsgi:error] [pid 9:tid 139661355943616] __import__(import_str) 10.0.0.213 - - [23/Jul/2026:18:51:55 +0000] "GET / HTTP/1.1" 300 295
[Thu Jul 23 18:52:01.370829 2026] [wsgi:error] [pid 12:tid 139661355943616] /var/lib/openstack/lib/python3.12/site-packages/oslo_utils/importutils.py:77: EventletDeprecationWarning:
[Thu Jul 23 18:52:01.370867 2026] [wsgi:error] [pid 12:tid 139661355943616] Eventlet is deprecated. It is currently being maintained in bugfix mode, and
[Thu Jul 23 18:52:01.370870 2026] [wsgi:error] [pid 12:tid 139661355943616] we strongly recommend against using it for new projects.
[Thu Jul 23 18:52:01.370872 2026] [wsgi:error] [pid 12:tid 139661355943616]
[Thu Jul 23 18:52:01.370874 2026] [wsgi:error] [pid 12:tid 139661355943616] If you are already using Eventlet, we recommend migrating to a different
[Thu Jul 23 18:52:01.370875 2026] [wsgi:error] [pid 12:tid 139661355943616] framework. For more detail see
[Thu Jul 23 18:52:01.370877 2026] [wsgi:error] [pid 12:tid 139661355943616] https://eventlet.readthedocs.io/en/latest/asyncio/migration.html
[Thu Jul 23 18:52:01.370878 2026] [wsgi:error] [pid 12:tid 139661355943616]
[Thu Jul 23 18:52:01.370880 2026] [wsgi:error] [pid 12:tid 139661355943616] __import__(import_str)
[Thu Jul 23 18:52:06.179094 2026] [wsgi:error] [pid 12:tid 139661355943616] [remote 10.0.0.213:54900] 2026-07-23 18:52:06.176 12 WARNING keystone.identity.core [None req-94d96204-a2aa-44c8-b106-418622ab2fb6 - - - - - -] Invalid domain name (atmosphere) found in config file name: keystone.exception.DomainNotFound: Could not find domain: atmosphere.
[Thu Jul 23 18:52:06.233131 2026] [wsgi:error] [pid 12:tid 139661355943616] [remote 10.0.0.213:54900] 2026-07-23 18:52:06.232 12 WARNING keystone.common.password_hashing [None req-94d96204-a2aa-44c8-b106-418622ab2fb6 - - - - - -] Truncating password to algorithm specific maximum length 72 characters.
[Thu Jul 23 18:52:06.518531 2026] [wsgi:error] [pid 12:tid 139661355943616] [remote 10.0.0.213:54900] 2026-07-23 18:52:06.518 12 WARNING keystone.common.fernet_utils [None req-94d96204-a2aa-44c8-b106-418622ab2fb6 - - - - - -] key_repository is world readable: /etc/keystone/fernet-keys/ 10.0.0.213 - - [23/Jul/2026:18:52:00 +0000] "POST /v3/auth/tokens HTTP/1.1" 201 1359
[Thu Jul 23 18:52:06.895839 2026] [wsgi:error] [pid 11:tid 139661355943616] [remote 10.0.0.213:54900] 2026-07-23 18:52:06.893 11 WARNING keystone.identity.core [None req-a952157b-d4f8-4977-b402-3a62d317ffaa - - - - - -] Invalid domain name (atmosphere) found in config file name: keystone.exception.DomainNotFound: Could not find domain: atmosphere. 10.0.0.213 - - [23/Jul/2026:18:52:06 +0000] "POST /v3/domains HTTP/1.1" 201 261 10.0.0.67 - - [23/Jul/2026:18:52:19 +0000] "GET / HTTP/1.1" 300 295
[Thu Jul 23 18:52:19.895161 2026] [wsgi:error] [pid 9:tid 139661355943616] [remote 10.0.0.67:44092] 2026-07-23 18:52:19.894 9 WARNING keystone.common.password_hashing [None req-96a6928a-1c33-41af-b487-176622d7d6f7 - - - - - -] Truncating password to algorithm specific maximum length 72 characters.
[Thu Jul 23 18:52:20.168245 2026] [wsgi:error] [pid 9:tid 139661355943616] [remote 10.0.0.67:44092] 2026-07-23 18:52:20.167 9 WARNING keystone.common.fernet_utils [None req-96a6928a-1c33-41af-b487-176622d7d6f7 - - - - - -] key_repository is world readable: /etc/keystone/fernet-keys/ 10.0.0.67 - - [23/Jul/2026:18:52:19 +0000] "POST /v3/auth/tokens HTTP/1.1" 201 1359 10.0.0.67 - - [23/Jul/2026:18:52:20 +0000] "GET /v3/roles/admin HTTP/1.1" 404 83
[Thu Jul 23 18:52:20.419497 2026] [wsgi:error] [pid 11:tid 139661355943616] [remote 10.0.0.67:44092] 2026-07-23 18:52:20.419 11 WARNING keystone.common.rbac_enforcer.enforcer [None req-6a1a56bd-878e-4927-8f9d-d6ea5e45590a 54a300ad29f947c58cc62ef1e5072d7a 3a2be16d31ca4b20864854cfeb1e7b8b - - default default] Deprecated policy rules found. Use oslopolicy-policy-generator and oslopolicy-policy-upgrade to detect and resolve deprecated policies in your configuration. 10.0.0.67 - - [23/Jul/2026:18:52:20 +0000] "GET /v3/roles?name=admin HTTP/1.1" 200 389
[Thu Jul 23 18:52:20.892507 2026] [wsgi:error] [pid 10:tid 139661355943616] [remote 10.0.0.67:44092] 2026-07-23 18:52:20.892 10 WARNING keystone.common.rbac_enforcer.enforcer [None req-4c8bdaf1-e982-4d47-a7ad-ff32c7576aae 54a300ad29f947c58cc62ef1e5072d7a 3a2be16d31ca4b20864854cfeb1e7b8b - - default default] Deprecated policy rules found. Use oslopolicy-policy-generator and oslopolicy-policy-upgrade to detect and resolve deprecated policies in your configuration. 10.0.0.67 - - [23/Jul/2026:18:52:20 +0000] "GET /v3/users/admin-RegionOne HTTP/1.1" 404 93
[Thu Jul 23 18:52:21.046896 2026] [wsgi:error] [pid 9:tid 139661355943616] [remote 10.0.0.67:44092] 2026-07-23 18:52:21.046 9 WARNING keystone.common.rbac_enforcer.enforcer [None req-3e17b5c0-016d-4725-99d6-80e148708e57 54a300ad29f947c58cc62ef1e5072d7a 3a2be16d31ca4b20864854cfeb1e7b8b - - default default] Deprecated policy rules found. Use oslopolicy-policy-generator and oslopolicy-policy-upgrade to detect and resolve deprecated policies in your configuration. 10.0.0.67 - - [23/Jul/2026:18:52:20 +0000] "GET /v3/users?name=admin-RegionOne HTTP/1.1" 200 422
[Thu Jul 23 18:52:21.236773 2026] [wsgi:error] [pid 12:tid 139661355943616] [remote 10.0.0.67:44092] 2026-07-23 18:52:21.236 12 WARNING keystone.common.rbac_enforcer.enforcer [None req-13da0493-eacc-496d-ac12-6e9f96f877a3 54a300ad29f947c58cc62ef1e5072d7a 3a2be16d31ca4b20864854cfeb1e7b8b - - default default] Deprecated policy rules found. Use oslopolicy-policy-generator and oslopolicy-policy-upgrade to detect and resolve deprecated policies in your configuration. 10.0.0.67 - - [23/Jul/2026:18:52:21 +0000] "GET /v3/domains/default HTTP/1.1" 200 224 10.0.0.67 - - [23/Jul/2026:18:52:21 +0000] "PUT /v3/domains/default/users/54a300ad29f947c58cc62ef1e5072d7a/roles/cbba2d6c79af47f98a87e13218441f93 HTTP/1.1" 204 - 10.0.0.2 - - [23/Jul/2026:18:52:31 +0000] "GET / HTTP/1.1" 300 280 10.0.0.2 - - [23/Jul/2026:18:52:32 +0000] "GET /v3 HTTP/1.1" 200 265
[Thu Jul 23 18:52:32.978570 2026] [wsgi:error] [pid 12:tid 139661355943616] [remote 10.0.0.2:47884] 2026-07-23 18:52:32.978 12 WARNING keystone.common.password_hashing [None req-d024c52d-7e95-4602-94f4-aebe799020a8 - - - - - -] Truncating password to algorithm specific maximum length 72 characters.
[Thu Jul 23 18:52:33.260027 2026] [wsgi:error] [pid 12:tid 139661355943616] [remote 10.0.0.2:47884] 2026-07-23 18:52:33.259 12 WARNING keystone.common.fernet_utils [None req-d024c52d-7e95-4602-94f4-aebe799020a8 - - - - - -] key_repository is world readable: /etc/keystone/fernet-keys/ 10.0.0.2 - - [23/Jul/2026:18:52:32 +0000] "POST /v3/auth/tokens HTTP/1.1" 201 1359 10.0.0.2 - - [23/Jul/2026:18:52:33 +0000] "GET / HTTP/1.1" 300 280 10.0.0.2 - - [23/Jul/2026:18:52:33 +0000] "GET /v3/domains/atmosphere HTTP/1.1" 404 90 10.0.0.2 - - [23/Jul/2026:18:52:33 +0000] "GET /v3/domains?name=atmosphere HTTP/1.1" 200 368 10.0.0.2 - - [23/Jul/2026:18:52:33 +0000] "GET /v3/domains/8cb706ead238417ab895a2cabb853276 HTTP/1.1" 200 246 10.0.0.2 - - [23/Jul/2026:18:52:34 +0000] "GET /v3 HTTP/1.1" 200 265
[Thu Jul 23 18:52:34.339881 2026] [wsgi:error] [pid 10:tid 139661355943616] [remote 10.0.0.2:47884] 2026-07-23 18:52:34.339 10 WARNING keystone.common.password_hashing [None req-33be9dd0-b2bf-4402-9136-3ed9115fa2ea - - - - - -] Truncating password to algorithm specific maximum length 72 characters.
[Thu Jul 23 18:52:34.616430 2026] [wsgi:error] [pid 10:tid 139661355943616] [remote 10.0.0.2:47884] 2026-07-23 18:52:34.616 10 WARNING keystone.common.fernet_utils [None req-33be9dd0-b2bf-4402-9136-3ed9115fa2ea - - - - - -] key_repository is world readable: /etc/keystone/fernet-keys/ 10.0.0.2 - - [23/Jul/2026:18:52:34 +0000] "POST /v3/auth/tokens HTTP/1.1" 201 1359 10.0.0.2 - - [23/Jul/2026:18:52:34 +0000] "GET / HTTP/1.1" 300 280 10.0.0.2 - - [23/Jul/2026:18:52:34 +0000] "GET /v3/OS-FEDERATION/identity_providers/atmosphere HTTP/1.1" 404 101 10.0.0.2 - - [23/Jul/2026:18:52:34 +0000] "GET /v3/OS-FEDERATION/identity_providers HTTP/1.1" 200 155 10.0.0.2 - - [23/Jul/2026:18:52:34 +0000] "PUT /v3/OS-FEDERATION/identity_providers/atmosphere HTTP/1.1" 201 340 10.0.0.2 - - [23/Jul/2026:18:52:35 +0000] "GET /v3 HTTP/1.1" 200 265
[Thu Jul 23 18:52:35.346686 2026] [wsgi:error] [pid 12:tid 139661355943616] [remote 10.0.0.2:47894] 2026-07-23 18:52:35.346 12 WARNING keystone.common.password_hashing [None req-a5fcdf75-cbe3-408b-8e8a-fc4d95dea5de - - - - - -] Truncating password to algorithm specific maximum length 72 characters.
[Thu Jul 23 18:52:35.627014 2026] [wsgi:error] [pid 12:tid 139661355943616] [remote 10.0.0.2:47894] 2026-07-23 18:52:35.626 12 WARNING keystone.common.fernet_utils [None req-a5fcdf75-cbe3-408b-8e8a-fc4d95dea5de - - - - - -] key_repository is world readable: /etc/keystone/fernet-keys/ 10.0.0.2 - - [23/Jul/2026:18:52:35 +0000] "POST /v3/auth/tokens HTTP/1.1" 201 1359 10.0.0.2 - - [23/Jul/2026:18:52:35 +0000] "GET / HTTP/1.1" 300 280 10.0.0.2 - - [23/Jul/2026:18:52:35 +0000] "GET /v3/OS-FEDERATION/mappings/atmosphere-openid HTTP/1.1" 404 98 10.0.0.2 - - [23/Jul/2026:18:52:35 +0000] "GET /v3/OS-FEDERATION/mappings HTTP/1.1" 200 135 10.0.0.2 - - [23/Jul/2026:18:52:35 +0000] "PUT /v3/OS-FEDERATION/mappings/atmosphere-openid HTTP/1.1" 201 356 10.0.0.2 - - [23/Jul/2026:18:52:36 +0000] "GET /v3 HTTP/1.1" 200 265
[Thu Jul 23 18:52:36.358796 2026] [wsgi:error] [pid 10:tid 139661355943616] [remote 10.0.0.2:47894] 2026-07-23 18:52:36.358 10 WARNING keystone.common.password_hashing [None req-82dae75c-132a-40f5-818d-edb704531b99 - - - - - -] Truncating password to algorithm specific maximum length 72 characters.
[Thu Jul 23 18:52:36.636015 2026] [wsgi:error] [pid 10:tid 139661355943616] [remote 10.0.0.2:47894] 2026-07-23 18:52:36.635 10 WARNING keystone.common.fernet_utils [None req-82dae75c-132a-40f5-818d-edb704531b99 - - - - - -] key_repository is world readable: /etc/keystone/fernet-keys/ 10.0.0.2 - - [23/Jul/2026:18:52:36 +0000] "POST /v3/auth/tokens HTTP/1.1" 201 1359 10.0.0.2 - - [23/Jul/2026:18:52:36 +0000] "GET / HTTP/1.1" 300 280 10.0.0.2 - - [23/Jul/2026:18:52:36 +0000] "GET /v3/OS-FEDERATION/identity_providers/atmosphere/protocols/openid?idp_id=atmosphere HTTP/1.1" 404 131 10.0.0.2 - - [23/Jul/2026:18:52:36 +0000] "GET /v3/OS-FEDERATION/identity_providers/atmosphere/protocols HTTP/1.1" 200 167 10.0.0.2 - - [23/Jul/2026:18:52:36 +0000] "PUT /v3/OS-FEDERATION/identity_providers/atmosphere/protocols/openid HTTP/1.1" 201 222 10.0.0.2 - - [23/Jul/2026:18:52:43 +0000] "GET /v3/ HTTP/1.1" 200 250 10.0.0.2 - - [23/Jul/2026:18:52:43 +0000] "GET /v3/ HTTP/1.1" 200 250 10.0.0.2 - - [23/Jul/2026:18:53:43 +0000] "GET /v3/ HTTP/1.1" 200 250 10.0.0.2 - - [23/Jul/2026:18:53:43 +0000] "GET /v3/ HTTP/1.1" 200 250 10.0.0.246 - - [23/Jul/2026:18:53:58 +0000] "GET / HTTP/1.1" 300 295
[Thu Jul 23 18:53:58.429382 2026] [wsgi:error] [pid 12:tid 139661355943616] [remote 10.0.0.246:33540] 2026-07-23 18:53:58.429 12 WARNING keystone.common.password_hashing [None req-4d26abfd-517c-4e54-a69c-a65116c82dc6 - - - - - -] Truncating password to algorithm specific maximum length 72 characters.
[Thu Jul 23 18:53:58.701595 2026] [wsgi:error] [pid 12:tid 139661355943616] [remote 10.0.0.246:33540] 2026-07-23 18:53:58.701 12 WARNING keystone.common.fernet_utils [None req-4d26abfd-517c-4e54-a69c-a65116c82dc6 - - - - - -] key_repository is world readable: /etc/keystone/fernet-keys/ 10.0.0.246 - - [23/Jul/2026:18:53:58 +0000] "POST /v3/auth/tokens HTTP/1.1" 201 1359 10.0.0.246 - - [23/Jul/2026:18:53:58 +0000] "GET /v3/services HTTP/1.1" 200 355 10.0.0.246 - - [23/Jul/2026:18:54:02 +0000] "GET / HTTP/1.1" 300 295
[Thu Jul 23 18:54:02.443076 2026] [wsgi:error] [pid 9:tid 139661355943616] [remote 10.0.0.246:41194] 2026-07-23 18:54:02.442 9 WARNING keystone.common.password_hashing [None req-bbe2b6e6-e2b0-4d5b-a3fd-90e8a6cf1b7c - - - - - -] Truncating password to algorithm specific maximum length 72 characters.
[Thu Jul 23 18:54:02.718928 2026] [wsgi:error] [pid 9:tid 139661355943616] [remote 10.0.0.246:41194] 2026-07-23 18:54:02.718 9 WARNING keystone.common.fernet_utils [None req-bbe2b6e6-e2b0-4d5b-a3fd-90e8a6cf1b7c - - - - - -] key_repository is world readable: /etc/keystone/fernet-keys/ 10.0.0.246 - - [23/Jul/2026:18:54:02 +0000] "POST /v3/auth/tokens HTTP/1.1" 201 1359 10.0.0.246 - - [23/Jul/2026:18:54:02 +0000] "GET /v3/services HTTP/1.1" 200 355 10.0.0.246 - - [23/Jul/2026:18:54:06 +0000] "GET / HTTP/1.1" 300 295
[Thu Jul 23 18:54:06.365471 2026] [wsgi:error] [pid 11:tid 139661355943616] [remote 10.0.0.246:41200] 2026-07-23 18:54:06.365 11 WARNING keystone.common.password_hashing [None req-5b680c80-cead-4d52-bc7b-d0567ba5a181 - - - - - -] Truncating password to algorithm specific maximum length 72 characters.
[Thu Jul 23 18:54:06.646334 2026] [wsgi:error] [pid 11:tid 139661355943616] [remote 10.0.0.246:41200] 2026-07-23 18:54:06.646 11 WARNING keystone.common.fernet_utils [None req-5b680c80-cead-4d52-bc7b-d0567ba5a181 - - - - - -] key_repository is world readable: /etc/keystone/fernet-keys/ 10.0.0.246 - - [23/Jul/2026:18:54:06 +0000] "POST /v3/auth/tokens HTTP/1.1" 201 1359 10.0.0.246 - - [23/Jul/2026:18:54:06 +0000] "GET /v3/services HTTP/1.1" 200 355 10.0.0.246 - - [23/Jul/2026:18:54:10 +0000] "GET / HTTP/1.1" 300 295
[Thu Jul 23 18:54:10.299259 2026] [wsgi:error] [pid 10:tid 139661355943616] [remote 10.0.0.246:55504] 2026-07-23 18:54:10.299 10 WARNING keystone.common.password_hashing [None req-b0af48b3-e5bb-4a9f-8ff7-650dc35756f4 - - - - - -] Truncating password to algorithm specific maximum length 72 characters.
[Thu Jul 23 18:54:10.574763 2026] [wsgi:error] [pid 10:tid 139661355943616] [remote 10.0.0.246:55504] 2026-07-23 18:54:10.574 10 WARNING keystone.common.fernet_utils [None req-b0af48b3-e5bb-4a9f-8ff7-650dc35756f4 - - - - - -] key_repository is world readable: /etc/keystone/fernet-keys/ 10.0.0.246 - - [23/Jul/2026:18:54:10 +0000] "POST /v3/auth/tokens HTTP/1.1" 201 1359 10.0.0.246 - - [23/Jul/2026:18:54:10 +0000] "POST /v3/services HTTP/1.1" 201 296 10.0.0.99 - - [23/Jul/2026:18:54:21 +0000] "GET / HTTP/1.1" 300 295
[Thu Jul 23 18:54:21.727866 2026] [wsgi:error] [pid 12:tid 139661355943616] [remote 10.0.0.99:32882] 2026-07-23 18:54:21.727 12 WARNING keystone.common.password_hashing [None req-a5125892-68a7-49a7-8cb8-b52c6355f2ac - - - - - -] Truncating password to algorithm specific maximum length 72 characters. 10.0.0.99 - - [23/Jul/2026:18:54:21 +0000] "GET / HTTP/1.1" 300 295
[Thu Jul 23 18:54:21.782636 2026] [wsgi:error] [pid 11:tid 139661355943616] [remote 10.0.0.99:32884] 2026-07-23 18:54:21.782 11 WARNING keystone.common.password_hashing [None req-831514b7-d029-42d9-8922-370860c32523 - - - - - -] Truncating password to algorithm specific maximum length 72 characters. 10.0.0.99 - - [23/Jul/2026:18:54:21 +0000] "GET / HTTP/1.1" 300 295
[Thu Jul 23 18:54:21.846227 2026] [wsgi:error] [pid 10:tid 139661355943616] [remote 10.0.0.99:32894] 2026-07-23 18:54:21.846 10 WARNING keystone.common.password_hashing [None req-7b9baec3-4430-4c15-91cc-ff29a52f2bd7 - - - - - -] Truncating password to algorithm specific maximum length 72 characters.
[Thu Jul 23 18:54:22.000845 2026] [wsgi:error] [pid 12:tid 139661355943616] [remote 10.0.0.99:32882] 2026-07-23 18:54:22.000 12 WARNING keystone.common.fernet_utils [None req-a5125892-68a7-49a7-8cb8-b52c6355f2ac - - - - - -] key_repository is world readable: /etc/keystone/fernet-keys/ 10.0.0.99 - - [23/Jul/2026:18:54:21 +0000] "POST /v3/auth/tokens HTTP/1.1" 201 1463
[Thu Jul 23 18:54:22.054037 2026] [wsgi:error] [pid 11:tid 139661355943616] [remote 10.0.0.99:32884] 2026-07-23 18:54:22.053 11 WARNING keystone.common.fernet_utils [None req-831514b7-d029-42d9-8922-370860c32523 - - - - - -] key_repository is world readable: /etc/keystone/fernet-keys/ 10.0.0.99 - - [23/Jul/2026:18:54:21 +0000] "POST /v3/auth/tokens HTTP/1.1" 201 1463
[Thu Jul 23 18:54:22.136241 2026] [wsgi:error] [pid 10:tid 139661355943616] [remote 10.0.0.99:32894] 2026-07-23 18:54:22.136 10 WARNING keystone.common.fernet_utils [None req-7b9baec3-4430-4c15-91cc-ff29a52f2bd7 - - - - - -] key_repository is world readable: /etc/keystone/fernet-keys/ 10.0.0.99 - - [23/Jul/2026:18:54:21 +0000] "POST /v3/auth/tokens HTTP/1.1" 201 1463 10.0.0.99 - - [23/Jul/2026:18:54:22 +0000] "GET /v3/services HTTP/1.1" 200 639 10.0.0.99 - - [23/Jul/2026:18:54:22 +0000] "GET /v3/services HTTP/1.1" 200 639 10.0.0.99 - - [23/Jul/2026:18:54:22 +0000] "GET /v3/services HTTP/1.1" 200 639 10.0.0.99 - - [23/Jul/2026:18:54:23 +0000] "GET / HTTP/1.1" 300 295
[Thu Jul 23 18:54:23.626864 2026] [wsgi:error] [pid 9:tid 139661355943616] [remote 10.0.0.99:32898] 2026-07-23 18:54:23.626 9 WARNING keystone.common.password_hashing [None req-e63f778e-5816-4c94-831e-5c3ed65ad22d - - - - - -] Truncating password to algorithm specific maximum length 72 characters. 10.0.0.99 - - [23/Jul/2026:18:54:23 +0000] "GET / HTTP/1.1" 300 295
[Thu Jul 23 18:54:23.748498 2026] [wsgi:error] [pid 11:tid 139661355943616] [remote 10.0.0.99:32910] 2026-07-23 18:54:23.748 11 WARNING keystone.common.password_hashing [None req-02e45faf-bb4b-4170-ac88-d70e11ca86d5 - - - - - -] Truncating password to algorithm specific maximum length 72 characters. 10.0.0.99 - - [23/Jul/2026:18:54:23 +0000] "GET / HTTP/1.1" 300 295
[Thu Jul 23 18:54:23.821731 2026] [wsgi:error] [pid 12:tid 139661355943616] [remote 10.0.0.99:32914] 2026-07-23 18:54:23.821 12 WARNING keystone.common.password_hashing [None req-6ac3a5c7-66d3-4776-96d8-dc0b5b10fa0c - - - - - -] Truncating password to algorithm specific maximum length 72 characters.
[Thu Jul 23 18:54:23.894274 2026] [wsgi:error] [pid 9:tid 139661355943616] [remote 10.0.0.99:32898] 2026-07-23 18:54:23.894 9 WARNING keystone.common.fernet_utils [None req-e63f778e-5816-4c94-831e-5c3ed65ad22d - - - - - -] key_repository is world readable: /etc/keystone/fernet-keys/ 10.0.0.99 - - [23/Jul/2026:18:54:23 +0000] "POST /v3/auth/tokens HTTP/1.1" 201 1463 10.0.0.99 - - [23/Jul/2026:18:54:23 +0000] "GET /v3/endpoints HTTP/1.1" 200 1226
[Thu Jul 23 18:54:24.022950 2026] [wsgi:error] [pid 11:tid 139661355943616] [remote 10.0.0.99:32910] 2026-07-23 18:54:24.022 11 WARNING keystone.common.fernet_utils [None req-02e45faf-bb4b-4170-ac88-d70e11ca86d5 - - - - - -] key_repository is world readable: /etc/keystone/fernet-keys/ 10.0.0.99 - - [23/Jul/2026:18:54:23 +0000] "POST /v3/auth/tokens HTTP/1.1" 201 1463 10.0.0.99 - - [23/Jul/2026:18:54:24 +0000] "GET /v3/services/c3e7fc79b9a244adb9adc6959c71175a HTTP/1.1" 200 233 10.0.0.99 - - [23/Jul/2026:18:54:24 +0000] "GET /v3/services/c3e7fc79b9a244adb9adc6959c71175a HTTP/1.1" 200 233 10.0.0.99 - - [23/Jul/2026:18:54:24 +0000] "GET /v3/services/c3e7fc79b9a244adb9adc6959c71175a HTTP/1.1" 200 233
[Thu Jul 23 18:54:24.091434 2026] [wsgi:error] [pid 12:tid 139661355943616] [remote 10.0.0.99:32914] 2026-07-23 18:54:24.091 12 WARNING keystone.common.fernet_utils [None req-6ac3a5c7-66d3-4776-96d8-dc0b5b10fa0c - - - - - -] key_repository is world readable: /etc/keystone/fernet-keys/ 10.0.0.99 - - [23/Jul/2026:18:54:23 +0000] "POST /v3/auth/tokens HTTP/1.1" 201 1463 10.0.0.99 - - [23/Jul/2026:18:54:24 +0000] "GET /v3/endpoints HTTP/1.1" 200 1226 10.0.0.99 - - [23/Jul/2026:18:54:24 +0000] "GET /v3/services/c3e7fc79b9a244adb9adc6959c71175a HTTP/1.1" 200 233 10.0.0.99 - - [23/Jul/2026:18:54:24 +0000] "GET /v3/services/c3e7fc79b9a244adb9adc6959c71175a HTTP/1.1" 200 233 10.0.0.99 - - [23/Jul/2026:18:54:24 +0000] "GET /v3/services/c3e7fc79b9a244adb9adc6959c71175a HTTP/1.1" 200 233 10.0.0.99 - - [23/Jul/2026:18:54:24 +0000] "GET /v3/endpoints HTTP/1.1" 200 1226 10.0.0.99 - - [23/Jul/2026:18:54:24 +0000] "GET /v3/services/c3e7fc79b9a244adb9adc6959c71175a HTTP/1.1" 200 233 10.0.0.99 - - [23/Jul/2026:18:54:24 +0000] "GET /v3/services/c3e7fc79b9a244adb9adc6959c71175a HTTP/1.1" 200 233 10.0.0.99 - - [23/Jul/2026:18:54:24 +0000] "GET /v3/services/c3e7fc79b9a244adb9adc6959c71175a HTTP/1.1" 200 233 10.0.0.99 - - [23/Jul/2026:18:54:25 +0000] "GET / HTTP/1.1" 300 295
[Thu Jul 23 18:54:25.524194 2026] [wsgi:error] [pid 10:tid 139661355943616] [remote 10.0.0.99:32918] 2026-07-23 18:54:25.524 10 WARNING keystone.common.password_hashing [None req-a061191f-4f8e-4402-853a-e17bd591a150 - - - - - -] Truncating password to algorithm specific maximum length 72 characters. 10.0.0.99 - - [23/Jul/2026:18:54:25 +0000] "GET / HTTP/1.1" 300 295
[Thu Jul 23 18:54:25.680698 2026] [wsgi:error] [pid 12:tid 139661355943616] [remote 10.0.0.99:32920] 2026-07-23 18:54:25.680 12 WARNING keystone.common.password_hashing [None req-b951461c-05c6-40bd-adb4-8597545b0e60 - - - - - -] Truncating password to algorithm specific maximum length 72 characters. 10.0.0.99 - - [23/Jul/2026:18:54:25 +0000] "GET / HTTP/1.1" 300 295
[Thu Jul 23 18:54:25.731476 2026] [wsgi:error] [pid 9:tid 139661355943616] [remote 10.0.0.99:32922] 2026-07-23 18:54:25.731 9 WARNING keystone.common.password_hashing [None req-5d97cf69-cbb6-43ce-b47c-c37c198e65b4 - - - - - -] Truncating password to algorithm specific maximum length 72 characters.
[Thu Jul 23 18:54:25.795913 2026] [wsgi:error] [pid 10:tid 139661355943616] [remote 10.0.0.99:32918] 2026-07-23 18:54:25.795 10 WARNING keystone.common.fernet_utils [None req-a061191f-4f8e-4402-853a-e17bd591a150 - - - - - -] key_repository is world readable: /etc/keystone/fernet-keys/ 10.0.0.99 - - [23/Jul/2026:18:54:25 +0000] "POST /v3/auth/tokens HTTP/1.1" 201 1463 10.0.0.99 - - [23/Jul/2026:18:54:25 +0000] "GET /v3/services/ea6f56a177104ae186ce1d5bd8c8ea81 HTTP/1.1" 200 296 10.0.0.99 - - [23/Jul/2026:18:54:25 +0000] "GET /v3/regions/RegionOne HTTP/1.1" 200 173
[Thu Jul 23 18:54:25.955229 2026] [wsgi:error] [pid 12:tid 139661355943616] [remote 10.0.0.99:32920] 2026-07-23 18:54:25.955 12 WARNING keystone.common.fernet_utils [None req-b951461c-05c6-40bd-adb4-8597545b0e60 - - - - - -] key_repository is world readable: /etc/keystone/fernet-keys/ 10.0.0.99 - - [23/Jul/2026:18:54:25 +0000] "POST /v3/auth/tokens HTTP/1.1" 201 1463 10.0.0.99 - - [23/Jul/2026:18:54:25 +0000] "POST /v3/endpoints HTTP/1.1" 201 380
[Thu Jul 23 18:54:26.043529 2026] [wsgi:error] [pid 9:tid 139661355943616] [remote 10.0.0.99:32922] 2026-07-23 18:54:26.043 9 WARNING keystone.common.fernet_utils [None req-5d97cf69-cbb6-43ce-b47c-c37c198e65b4 - - - - - -] key_repository is world readable: /etc/keystone/fernet-keys/ 10.0.0.99 - - [23/Jul/2026:18:54:25 +0000] "POST /v3/auth/tokens HTTP/1.1" 201 1640 10.0.0.99 - - [23/Jul/2026:18:54:26 +0000] "GET /v3/services/ea6f56a177104ae186ce1d5bd8c8ea81 HTTP/1.1" 200 296 10.0.0.99 - - [23/Jul/2026:18:54:26 +0000] "GET /v3/regions/RegionOne HTTP/1.1" 200 173 10.0.0.99 - - [23/Jul/2026:18:54:26 +0000] "POST /v3/endpoints HTTP/1.1" 201 383 10.0.0.99 - - [23/Jul/2026:18:54:26 +0000] "GET /v3/services/ea6f56a177104ae186ce1d5bd8c8ea81 HTTP/1.1" 200 296 10.0.0.99 - - [23/Jul/2026:18:54:26 +0000] "GET /v3/regions/RegionOne HTTP/1.1" 200 173 10.0.0.99 - - [23/Jul/2026:18:54:26 +0000] "POST /v3/endpoints HTTP/1.1" 201 369 10.0.0.99 - - [23/Jul/2026:18:54:27 +0000] "GET / HTTP/1.1" 300 295
[Thu Jul 23 18:54:27.519015 2026] [wsgi:error] [pid 9:tid 139661355943616] [remote 10.0.0.99:32934] 2026-07-23 18:54:27.518 9 WARNING keystone.common.password_hashing [None req-b51ef9bb-1b04-4bab-a25f-7c1a559f0266 - - - - - -] Truncating password to algorithm specific maximum length 72 characters. 10.0.0.99 - - [23/Jul/2026:18:54:27 +0000] "GET / HTTP/1.1" 300 295
[Thu Jul 23 18:54:27.652263 2026] [wsgi:error] [pid 12:tid 139661355943616] [remote 10.0.0.99:32948] 2026-07-23 18:54:27.652 12 WARNING keystone.common.password_hashing [None req-58ccdcd0-1b41-47ed-a418-d4cacceb4037 - - - - - -] Truncating password to algorithm specific maximum length 72 characters.
[Thu Jul 23 18:54:27.808885 2026] [wsgi:error] [pid 9:tid 139661355943616] [remote 10.0.0.99:32934] 2026-07-23 18:54:27.808 9 WARNING keystone.common.fernet_utils [None req-b51ef9bb-1b04-4bab-a25f-7c1a559f0266 - - - - - -] key_repository is world readable: /etc/keystone/fernet-keys/ 10.0.0.99 - - [23/Jul/2026:18:54:27 +0000] "POST /v3/auth/tokens HTTP/1.1" 201 1990 10.0.0.99 - - [23/Jul/2026:18:54:27 +0000] "GET / HTTP/1.1" 300 295
[Thu Jul 23 18:54:27.926539 2026] [wsgi:error] [pid 9:tid 139661355943616] [remote 10.0.0.99:32960] 2026-07-23 18:54:27.926 9 WARNING keystone.common.password_hashing [None req-23aea325-28aa-42a2-ab1d-1a9840dc248a - - - - - -] Truncating password to algorithm specific maximum length 72 characters.
[Thu Jul 23 18:54:27.932292 2026] [wsgi:error] [pid 12:tid 139661355943616] [remote 10.0.0.99:32948] 2026-07-23 18:54:27.932 12 WARNING keystone.common.fernet_utils [None req-58ccdcd0-1b41-47ed-a418-d4cacceb4037 - - - - - -] key_repository is world readable: /etc/keystone/fernet-keys/ 10.0.0.99 - - [23/Jul/2026:18:54:27 +0000] "POST /v3/auth/tokens HTTP/1.1" 201 1990 10.0.0.99 - - [23/Jul/2026:18:54:27 +0000] "GET /v3/endpoints/91249c94c00141ffb54881b1f818129e HTTP/1.1" 200 380 10.0.0.99 - - [23/Jul/2026:18:54:27 +0000] "GET /v3/services/ea6f56a177104ae186ce1d5bd8c8ea81 HTTP/1.1" 200 296 10.0.0.99 - - [23/Jul/2026:18:54:28 +0000] "GET /v3/endpoints/9fccf53bade84b29a8af076be4f9c6fb HTTP/1.1" 200 383 10.0.0.99 - - [23/Jul/2026:18:54:28 +0000] "GET /v3/services/ea6f56a177104ae186ce1d5bd8c8ea81 HTTP/1.1" 200 296
[Thu Jul 23 18:54:28.205081 2026] [wsgi:error] [pid 9:tid 139661355943616] [remote 10.0.0.99:32960] 2026-07-23 18:54:28.204 9 WARNING keystone.common.fernet_utils [None req-23aea325-28aa-42a2-ab1d-1a9840dc248a - - - - - -] key_repository is world readable: /etc/keystone/fernet-keys/ 10.0.0.99 - - [23/Jul/2026:18:54:27 +0000] "POST /v3/auth/tokens HTTP/1.1" 201 1990 10.0.0.99 - - [23/Jul/2026:18:54:28 +0000] "GET /v3/endpoints/f9c7455c10e741628419b26d2cdbac35 HTTP/1.1" 200 369 10.0.0.99 - - [23/Jul/2026:18:54:28 +0000] "GET /v3/services/ea6f56a177104ae186ce1d5bd8c8ea81 HTTP/1.1" 200 296 10.0.0.135 - - [23/Jul/2026:18:54:39 +0000] "GET / HTTP/1.1" 300 295
[Thu Jul 23 18:54:39.829993 2026] [wsgi:error] [pid 9:tid 139661355943616] [remote 10.0.0.135:59262] 2026-07-23 18:54:39.829 9 WARNING keystone.common.password_hashing [None req-45a76465-6d04-43ea-ad58-9f156e62408e - - - - - -] Truncating password to algorithm specific maximum length 72 characters.
[Thu Jul 23 18:54:40.100293 2026] [wsgi:error] [pid 9:tid 139661355943616] [remote 10.0.0.135:59262] 2026-07-23 18:54:40.100 9 WARNING keystone.common.fernet_utils [None req-45a76465-6d04-43ea-ad58-9f156e62408e - - - - - -] key_repository is world readable: /etc/keystone/fernet-keys/ 10.0.0.135 - - [23/Jul/2026:18:54:39 +0000] "POST /v3/auth/tokens HTTP/1.1" 201 1990 10.0.0.135 - - [23/Jul/2026:18:54:40 +0000] "POST /v3/domains HTTP/1.1" 201 284 10.0.0.135 - - [23/Jul/2026:18:54:41 +0000] "GET / HTTP/1.1" 300 295
[Thu Jul 23 18:54:41.780531 2026] [wsgi:error] [pid 10:tid 139661355943616] [remote 10.0.0.135:59274] 2026-07-23 18:54:41.780 10 WARNING keystone.common.password_hashing [None req-1f2e581d-c242-4419-8eea-451cef6f0047 - - - - - -] Truncating password to algorithm specific maximum length 72 characters.
[Thu Jul 23 18:54:42.054843 2026] [wsgi:error] [pid 10:tid 139661355943616] [remote 10.0.0.135:59274] 2026-07-23 18:54:42.054 10 WARNING keystone.common.fernet_utils [None req-1f2e581d-c242-4419-8eea-451cef6f0047 - - - - - -] key_repository is world readable: /etc/keystone/fernet-keys/ 10.0.0.135 - - [23/Jul/2026:18:54:41 +0000] "POST /v3/auth/tokens HTTP/1.1" 201 1990
[Thu Jul 23 18:54:42.251487 2026] [wsgi:error] [pid 9:tid 139661355943616] [remote 10.0.0.135:59274] 2026-07-23 18:54:42.237 9 ERROR keystone.server.flask.application [None req-ae13079a-5672-4029-9cc0-1b6d1966836f 54a300ad29f947c58cc62ef1e5072d7a 3a2be16d31ca4b20864854cfeb1e7b8b - - default default] Conflict occurred attempting to store project - it is not permitted to have two projects acting as domains with the same name: service.: keystone.exception.Conflict: Conflict occurred attempting to store project - it is not permitted to have two projects acting as domains with the same name: service.
[Thu Jul 23 18:54:42.251509 2026] [wsgi:error] [pid 9:tid 139661355943616] [remote 10.0.0.135:59274] 2026-07-23 18:54:42.237 9 ERROR keystone.server.flask.application
Traceback (most recent call last):
[Thu Jul 23 18:54:42.251511 2026] [wsgi:error] [pid 9:tid 139661355943616] [remote 10.0.0.135:59274] 2026-07-23 18:54:42.237 9 ERROR keystone.server.flask.application
File "/var/lib/openstack/lib/python3.12/site-packages/sqlalchemy/engine/base.py", line 1969, in _exec_single_context
[Thu Jul 23 18:54:42.251513 2026] [wsgi:error] [pid 9:tid 139661355943616] [remote 10.0.0.135:59274] 2026-07-23 18:54:42.237 9 ERROR keystone.server.flask.application self.dialect.do_execute(
[Thu Jul 23 18:54:42.251514 2026] [wsgi:error] [pid 9:tid 139661355943616] [remote 10.0.0.135:59274] 2026-07-23 18:54:42.237 9 ERROR keystone.server.flask.application
File "/var/lib/openstack/lib/python3.12/site-packages/sqlalchemy/engine/default.py", line 952, in do_execute
[Thu Jul 23 18:54:42.251516 2026] [wsgi:error] [pid 9:tid 139661355943616] [remote 10.0.0.135:59274] 2026-07-23 18:54:42.237 9 ERROR keystone.server.flask.application cursor.execute(statement, parameters)
[Thu Jul 23 18:54:42.251518 2026] [wsgi:error] [pid 9:tid 139661355943616] [remote 10.0.0.135:59274] 2026-07-23 18:54:42.237 9 ERROR keystone.server.flask.application
File "/var/lib/openstack/lib/python3.12/site-packages/pymysql/cursors.py", line 159, in execute
[Thu Jul 23 18:54:42.251519 2026] [wsgi:error] [pid 9:tid 139661355943616] [remote 10.0.0.135:59274] 2026-07-23 18:54:42.237 9 ERROR keystone.server.flask.application result = self._query(query)
[Thu Jul 23 18:54:42.251520 2026] [wsgi:error] [pid 9:tid 139661355943616] [remote 10.0.0.135:59274] 2026-07-23 18:54:42.237 9 ERROR keystone.server.flask.application ^^^^^^^^^^^^^^^^^^
[Thu Jul 23 18:54:42.251522 2026] [wsgi:error] [pid 9:tid 139661355943616] [remote 10.0.0.135:59274] 2026-07-23 18:54:42.237 9 ERROR keystone.server.flask.application
File "/var/lib/openstack/lib/python3.12/site-packages/pymysql/cursors.py", line 330, in _query
[Thu Jul 23 18:54:42.251523 2026] [wsgi:error] [pid 9:tid 139661355943616] [remote 10.0.0.135:59274] 2026-07-23 18:54:42.237 9 ERROR keystone.server.flask.application conn.query(q)
[Thu Jul 23 18:54:42.251525 2026] [wsgi:error] [pid 9:tid 139661355943616] [remote 10.0.0.135:59274] 2026-07-23 18:54:42.237 9 ERROR keystone.server.flask.application
File "/var/lib/openstack/lib/python3.12/site-packages/pymysql/connections.py", line 582, in query
[Thu Jul 23 18:54:42.251527 2026] [wsgi:error] [pid 9:tid 139661355943616] [remote 10.0.0.135:59274] 2026-07-23 18:54:42.237 9 ERROR keystone.server.flask.application self._affected_rows = self._read_query_result(unbuffered=unbuffered)
[Thu Jul 23 18:54:42.251528 2026] [wsgi:error] [pid 9:tid 139661355943616] [remote 10.0.0.135:59274] 2026-07-23 18:54:42.237 9 ERROR keystone.server.flask.application ^^^^^^^^^^^^^^^^^^^^^^^^^^^^^^^^^^^^^^^^^^^^^^
[Thu Jul 23 18:54:42.251530 2026] [wsgi:error] [pid 9:tid 139661355943616] [remote 10.0.0.135:59274] 2026-07-23 18:54:42.237 9 ERROR keystone.server.flask.application
File "/var/lib/openstack/lib/python3.12/site-packages/pymysql/connections.py", line 847, in _read_query_result
[Thu Jul 23 18:54:42.251531 2026] [wsgi:error] [pid 9:tid 139661355943616] [remote 10.0.0.135:59274] 2026-07-23 18:54:42.237 9 ERROR keystone.server.flask.application result.read()
[Thu Jul 23 18:54:42.251534 2026] [wsgi:error] [pid 9:tid 139661355943616] [remote 10.0.0.135:59274] 2026-07-23 18:54:42.237 9 ERROR keystone.server.flask.application
File "/var/lib/openstack/lib/python3.12/site-packages/pymysql/connections.py", line 1245, in read
[Thu Jul 23 18:54:42.251535 2026] [wsgi:error] [pid 9:tid 139661355943616] [remote 10.0.0.135:59274] 2026-07-23 18:54:42.237 9 ERROR keystone.server.flask.application first_packet = self.connection._read_packet()
[Thu Jul 23 18:54:42.251537 2026] [wsgi:error] [pid 9:tid 139661355943616] [remote 10.0.0.135:59274] 2026-07-23 18:54:42.237 9 ERROR keystone.server.flask.application ^^^^^^^^^^^^^^^^^^^^^^^^^^^^^^
[Thu Jul 23 18:54:42.251538 2026] [wsgi:error] [pid 9:tid 139661355943616] [remote 10.0.0.135:59274] 2026-07-23 18:54:42.237 9 ERROR keystone.server.flask.application
File "/var/lib/openstack/lib/python3.12/site-packages/pymysql/connections.py", line 803, in _read_packet
[Thu Jul 23 18:54:42.251539 2026] [wsgi:error] [pid 9:tid 139661355943616] [remote 10.0.0.135:59274] 2026-07-23 18:54:42.237 9 ERROR keystone.server.flask.application packet.raise_for_error()
[Thu Jul 23 18:54:42.251541 2026] [wsgi:error] [pid 9:tid 139661355943616] [remote 10.0.0.135:59274] 2026-07-23 18:54:42.237 9 ERROR keystone.server.flask.application
File "/var/lib/openstack/lib/python3.12/site-packages/pymysql/protocol.py", line 219, in raise_for_error
[Thu Jul 23 18:54:42.251542 2026] [wsgi:error] [pid 9:tid 139661355943616] [remote 10.0.0.135:59274] 2026-07-23 18:54:42.237 9 ERROR keystone.server.flask.application err.raise_mysql_exception(self._data)
[Thu Jul 23 18:54:42.251544 2026] [wsgi:error] [pid 9:tid 139661355943616] [remote 10.0.0.135:59274] 2026-07-23 18:54:42.237 9 ERROR keystone.server.flask.application
File "/var/lib/openstack/lib/python3.12/site-packages/pymysql/err.py", line 154, in raise_mysql_exception
[Thu Jul 23 18:54:42.251545 2026] [wsgi:error] [pid 9:tid 139661355943616] [remote 10.0.0.135:59274] 2026-07-23 18:54:42.237 9 ERROR keystone.server.flask.application raise errorclass(errno, errval, sqlstate=sqlstate)
[Thu Jul 23 18:54:42.251546 2026] [wsgi:error] [pid 9:tid 139661355943616] [remote 10.0.0.135:59274] 2026-07-23 18:54:42.237 9 ERROR keystone.server.flask.application pymysql.err.IntegrityError: (1062, "Duplicate entry '<>-service' for key 'project.ixu_project_name_domain_id'")
[Thu Jul 23 18:54:42.251548 2026] [wsgi:error] [pid 9:tid 139661355943616] [remote 10.0.0.135:59274] 2026-07-23 18:54:42.237 9 ERROR keystone.server.flask.application
[Thu Jul 23 18:54:42.251558 2026] [wsgi:error] [pid 9:tid 139661355943616] [remote 10.0.0.135:59274] 2026-07-23 18:54:42.237 9 ERROR keystone.server.flask.application The above exception was the direct cause of the following exception:
[Thu Jul 23 18:54:42.251560 2026] [wsgi:error] [pid 9:tid 139661355943616] [remote 10.0.0.135:59274] 2026-07-23 18:54:42.237 9 ERROR keystone.server.flask.application
[Thu Jul 23 18:54:42.251561 2026] [wsgi:error] [pid 9:tid 139661355943616] [remote 10.0.0.135:59274] 2026-07-23 18:54:42.237 9 ERROR keystone.server.flask.application
Traceback (most recent call last):
[Thu Jul 23 18:54:42.251563 2026] [wsgi:error] [pid 9:tid 139661355943616] [remote 10.0.0.135:59274] 2026-07-23 18:54:42.237 9 ERROR keystone.server.flask.application
File "/var/lib/openstack/lib/python3.12/site-packages/keystone/common/sql/core.py", line 575, in wrapper
[Thu Jul 23 18:54:42.251564 2026] [wsgi:error] [pid 9:tid 139661355943616] [remote 10.0.0.135:59274] 2026-07-23 18:54:42.237 9 ERROR keystone.server.flask.application return method(*args, **kwargs)
[Thu Jul 23 18:54:42.251566 2026] [wsgi:error] [pid 9:tid 139661355943616] [remote 10.0.0.135:59274] 2026-07-23 18:54:42.237 9 ERROR keystone.server.flask.application ^^^^^^^^^^^^^^^^^^^^^^^
[Thu Jul 23 18:54:42.251567 2026] [wsgi:error] [pid 9:tid 139661355943616] [remote 10.0.0.135:59274] 2026-07-23 18:54:42.237 9 ERROR keystone.server.flask.application
File "/var/lib/openstack/lib/python3.12/site-packages/keystone/resource/backends/sql.py", line 278, in create_project
[Thu Jul 23 18:54:42.251569 2026] [wsgi:error] [pid 9:tid 139661355943616] [remote 10.0.0.135:59274] 2026-07-23 18:54:42.237 9 ERROR keystone.server.flask.application with sql.session_for_write() as session:
[Thu Jul 23 18:54:42.251570 2026] [wsgi:error] [pid 9:tid 139661355943616] [remote 10.0.0.135:59274] 2026-07-23 18:54:42.237 9 ERROR keystone.server.flask.application
File "/usr/lib/python3.12/contextlib.py", line 144, in __exit__
[Thu Jul 23 18:54:42.251572 2026] [wsgi:error] [pid 9:tid 139661355943616] [remote 10.0.0.135:59274] 2026-07-23 18:54:42.237 9 ERROR keystone.server.flask.application next(self.gen)
[Thu Jul 23 18:54:42.251573 2026] [wsgi:error] [pid 9:tid 139661355943616] [remote 10.0.0.135:59274] 2026-07-23 18:54:42.237 9 ERROR keystone.server.flask.application
File "/var/lib/openstack/lib/python3.12/site-packages/oslo_db/sqlalchemy/enginefacade.py", line 1175, in _transaction_scope
[Thu Jul 23 18:54:42.251575 2026] [wsgi:error] [pid 9:tid 139661355943616] [remote 10.0.0.135:59274] 2026-07-23 18:54:42.237 9 ERROR keystone.server.flask.application with current._produce_block(
[Thu Jul 23 18:54:42.251577 2026] [wsgi:error] [pid 9:tid 139661355943616] [remote 10.0.0.135:59274] 2026-07-23 18:54:42.237 9 ERROR keystone.server.flask.application
File "/usr/lib/python3.12/contextlib.py", line 144, in __exit__
[Thu Jul 23 18:54:42.251578 2026] [wsgi:error] [pid 9:tid 139661355943616] [remote 10.0.0.135:59274] 2026-07-23 18:54:42.237 9 ERROR keystone.server.flask.application next(self.gen)
[Thu Jul 23 18:54:42.251580 2026] [wsgi:error] [pid 9:tid 139661355943616] [remote 10.0.0.135:59274] 2026-07-23 18:54:42.237 9 ERROR keystone.server.flask.application
File "/var/lib/openstack/lib/python3.12/site-packages/oslo_db/sqlalchemy/enginefacade.py", line 837, in _session
[Thu Jul 23 18:54:42.251582 2026] [wsgi:error] [pid 9:tid 139661355943616] [remote 10.0.0.135:59274] 2026-07-23 18:54:42.237 9 ERROR keystone.server.flask.application with excutils.save_and_reraise_exception():
[Thu Jul 23 18:54:42.251583 2026] [wsgi:error] [pid 9:tid 139661355943616] [remote 10.0.0.135:59274] 2026-07-23 18:54:42.237 9 ERROR keystone.server.flask.application
File "/var/lib/openstack/lib/python3.12/site-packages/oslo_utils/excutils.py", line 266, in __exit__
[Thu Jul 23 18:54:42.251585 2026] [wsgi:error] [pid 9:tid 139661355943616] [remote 10.0.0.135:59274] 2026-07-23 18:54:42.237 9 ERROR keystone.server.flask.application self.force_reraise()
[Thu Jul 23 18:54:42.251587 2026] [wsgi:error] [pid 9:tid 139661355943616] [remote 10.0.0.135:59274] 2026-07-23 18:54:42.237 9 ERROR keystone.server.flask.application
File "/var/lib/openstack/lib/python3.12/site-packages/oslo_utils/excutils.py", line 232, in force_reraise
[Thu Jul 23 18:54:42.251588 2026] [wsgi:error] [pid 9:tid 139661355943616] [remote 10.0.0.135:59274] 2026-07-23 18:54:42.237 9 ERROR keystone.server.flask.application raise self.value
[Thu Jul 23 18:54:42.251590 2026] [wsgi:error] [pid 9:tid 139661355943616] [remote 10.0.0.135:59274] 2026-07-23 18:54:42.237 9 ERROR keystone.server.flask.application
File "/var/lib/openstack/lib/python3.12/site-packages/oslo_db/sqlalchemy/enginefacade.py", line 835, in _session
[Thu Jul 23 18:54:42.251592 2026] [wsgi:error] [pid 9:tid 139661355943616] [remote 10.0.0.135:59274] 2026-07-23 18:54:42.237 9 ERROR keystone.server.flask.application self._end_session_transaction(self.session)
[Thu Jul 23 18:54:42.251594 2026] [wsgi:error] [pid 9:tid 139661355943616] [remote 10.0.0.135:59274] 2026-07-23 18:54:42.237 9 ERROR keystone.server.flask.application
File "/var/lib/openstack/lib/python3.12/site-packages/oslo_db/sqlalchemy/enginefacade.py", line 748, in _end_session_transaction
[Thu Jul 23 18:54:42.251597 2026] [wsgi:error] [pid 9:tid 139661355943616] [remote 10.0.0.135:59274] 2026-07-23 18:54:42.237 9 ERROR keystone.server.flask.application session.commit()
[Thu Jul 23 18:54:42.251599 2026] [wsgi:error] [pid 9:tid 139661355943616] [remote 10.0.0.135:59274] 2026-07-23 18:54:42.237 9 ERROR keystone.server.flask.application
File "/var/lib/openstack/lib/python3.12/site-packages/sqlalchemy/orm/session.py", line 2034, in commit
[Thu Jul 23 18:54:42.251601 2026] [wsgi:error] [pid 9:tid 139661355943616] [remote 10.0.0.135:59274] 2026-07-23 18:54:42.237 9 ERROR keystone.server.flask.application trans.commit(_to_root=True)
[Thu Jul 23 18:54:42.251604 2026] [wsgi:error] [pid 9:tid 139661355943616] [remote 10.0.0.135:59274] 2026-07-23 18:54:42.237 9 ERROR keystone.server.flask.application File "", line 2, in commit
[Thu Jul 23 18:54:42.251606 2026] [wsgi:error] [pid 9:tid 139661355943616] [remote 10.0.0.135:59274] 2026-07-23 18:54:42.237 9 ERROR keystone.server.flask.application
File "/var/lib/openstack/lib/python3.12/site-packages/sqlalchemy/orm/state_changes.py", line 137, in _go
[Thu Jul 23 18:54:42.251608 2026] [wsgi:error] [pid 9:tid 139661355943616] [remote 10.0.0.135:59274] 2026-07-23 18:54:42.237 9 ERROR keystone.server.flask.application ret_value = fn(self, *arg, **kw)
[Thu Jul 23 18:54:42.251610 2026] [wsgi:error] [pid 9:tid 139661355943616] [remote 10.0.0.135:59274] 2026-07-23 18:54:42.237 9 ERROR keystone.server.flask.application ^^^^^^^^^^^^^^^^^^^^
[Thu Jul 23 18:54:42.251612 2026] [wsgi:error] [pid 9:tid 139661355943616] [remote 10.0.0.135:59274] 2026-07-23 18:54:42.237 9 ERROR keystone.server.flask.application
File "/var/lib/openstack/lib/python3.12/site-packages/sqlalchemy/orm/session.py", line 1315, in commit
[Thu Jul 23 18:54:42.251614 2026] [wsgi:error] [pid 9:tid 139661355943616] [remote 10.0.0.135:59274] 2026-07-23 18:54:42.237 9 ERROR keystone.server.flask.application self._prepare_impl()
[Thu Jul 23 18:54:42.251615 2026] [wsgi:error] [pid 9:tid 139661355943616] [remote 10.0.0.135:59274] 2026-07-23 18:54:42.237 9 ERROR keystone.server.flask.application File "", line 2, in _prepare_impl
[Thu Jul 23 18:54:42.251617 2026] [wsgi:error] [pid 9:tid 139661355943616] [remote 10.0.0.135:59274] 2026-07-23 18:54:42.237 9 ERROR keystone.server.flask.application
File "/var/lib/openstack/lib/python3.12/site-packages/sqlalchemy/orm/state_changes.py", line 137, in _go
[Thu Jul 23 18:54:42.251619 2026] [wsgi:error] [pid 9:tid 139661355943616] [remote 10.0.0.135:59274] 2026-07-23 18:54:42.237 9 ERROR keystone.server.flask.application ret_value = fn(self, *arg, **kw)
[Thu Jul 23 18:54:42.251621 2026] [wsgi:error] [pid 9:tid 139661355943616] [remote 10.0.0.135:59274] 2026-07-23 18:54:42.237 9 ERROR keystone.server.flask.application ^^^^^^^^^^^^^^^^^^^^
[Thu Jul 23 18:54:42.251624 2026] [wsgi:error] [pid 9:tid 139661355943616] [remote 10.0.0.135:59274] 2026-07-23 18:54:42.237 9 ERROR keystone.server.flask.application
File "/var/lib/openstack/lib/python3.12/site-packages/sqlalchemy/orm/session.py", line 1290, in _prepare_impl
[Thu Jul 23 18:54:42.251626 2026] [wsgi:error] [pid 9:tid 139661355943616] [remote 10.0.0.135:59274] 2026-07-23 18:54:42.237 9 ERROR keystone.server.flask.application self.session.flush()
[Thu Jul 23 18:54:42.251628 2026] [wsgi:error] [pid 9:tid 139661355943616] [remote 10.0.0.135:59274] 2026-07-23 18:54:42.237 9 ERROR keystone.server.flask.application
File "/var/lib/openstack/lib/python3.12/site-packages/sqlalchemy/orm/session.py", line 4352, in flush
[Thu Jul 23 18:54:42.251630 2026] [wsgi:error] [pid 9:tid 139661355943616] [remote 10.0.0.135:59274] 2026-07-23 18:54:42.237 9 ERROR keystone.server.flask.application self._flush(objects)
[Thu Jul 23 18:54:42.251631 2026] [wsgi:error] [pid 9:tid 139661355943616] [remote 10.0.0.135:59274] 2026-07-23 18:54:42.237 9 ERROR keystone.server.flask.application
File "/var/lib/openstack/lib/python3.12/site-packages/sqlalchemy/orm/session.py", line 4487, in _flush
[Thu Jul 23 18:54:42.251633 2026] [wsgi:error] [pid 9:tid 139661355943616] [remote 10.0.0.135:59274] 2026-07-23 18:54:42.237 9 ERROR keystone.server.flask.application with util.safe_reraise():
[Thu Jul 23 18:54:42.251634 2026] [wsgi:error] [pid 9:tid 139661355943616] [remote 10.0.0.135:59274] 2026-07-23 18:54:42.237 9 ERROR keystone.server.flask.application
File "/var/lib/openstack/lib/python3.12/site-packages/sqlalchemy/util/langhelpers.py", line 122, in __exit__
[Thu Jul 23 18:54:42.251636 2026] [wsgi:error] [pid 9:tid 139661355943616] [remote 10.0.0.135:59274] 2026-07-23 18:54:42.237 9 ERROR keystone.server.flask.application raise exc_value.with_traceback(exc_tb)
[Thu Jul 23 18:54:42.251637 2026] [wsgi:error] [pid 9:tid 139661355943616] [remote 10.0.0.135:59274] 2026-07-23 18:54:42.237 9 ERROR keystone.server.flask.application
File "/var/lib/openstack/lib/python3.12/site-packages/sqlalchemy/orm/session.py", line 4448, in _flush
[Thu Jul 23 18:54:42.251639 2026] [wsgi:error] [pid 9:tid 139661355943616] [remote 10.0.0.135:59274] 2026-07-23 18:54:42.237 9 ERROR keystone.server.flask.application flush_context.execute()
[Thu Jul 23 18:54:42.251640 2026] [wsgi:error] [pid 9:tid 139661355943616] [remote 10.0.0.135:59274] 2026-07-23 18:54:42.237 9 ERROR keystone.server.flask.application
File "/var/lib/openstack/lib/python3.12/site-packages/sqlalchemy/orm/unitofwork.py", line 465, in execute
[Thu Jul 23 18:54:42.251642 2026] [wsgi:error] [pid 9:tid 139661355943616] [remote 10.0.0.135:59274] 2026-07-23 18:54:42.237 9 ERROR keystone.server.flask.application rec.execute(self)
