2026-07-16 07:58:32.535 8 INFO cinder.volume.api [None req-beb55b35-f76b-4ce7-ac83-df8e27ddf8fc eedfe492d0d140c1a3cecc1a45907877 c17651a0352f436ba919fa1e615976fe - - default default] Volume info retrieved successfully.
2026-07-16 07:58:32.543 8 INFO cinder.api.openstack.wsgi [None req-beb55b35-f76b-4ce7-ac83-df8e27ddf8fc eedfe492d0d140c1a3cecc1a45907877 c17651a0352f436ba919fa1e615976fe - - default default] http://cinder-api.openstack.svc.cluster.local:8776/v3/c17651a0352f436ba919fa1e615976fe/volumes/ca6d4382-b055-4c84-b501-0312393439bc returned with HTTP 200 [pid: 8|app: 0|req: 338/681] 10.0.0.100 () {32 vars in 775 bytes} [Thu Jul 16 07:58:32 2026] GET /v3/c17651a0352f436ba919fa1e615976fe/volumes/ca6d4382-b055-4c84-b501-0312393439bc => generated 932 bytes in 48 msecs (HTTP/1.1 200) 7 headers in 285 bytes (1 switches on core 0) /var/lib/openstack/lib/python3.10/site-packages/pycadf/identifier.py:71: UserWarning: Invalid uuid: cinderv3. To ensure interoperability, identifiers should be a valid uuid. warnings.warn(('Invalid uuid: %s. To ensure interoperability, '
2026-07-16 07:58:33.571 7 INFO cinder.api.openstack.wsgi [None req-c6580c56-ba74-4731-96eb-df089160c142 eedfe492d0d140c1a3cecc1a45907877 c17651a0352f436ba919fa1e615976fe - - default default] GET http://cinder-api.openstack.svc.cluster.local:8776/v3/c17651a0352f436ba919fa1e615976fe/volumes/ca6d4382-b055-4c84-b501-0312393439bc /var/lib/openstack/lib/python3.10/site-packages/oslo_context/context.py:100: DeprecationWarning: Policy enforcement is depending on the value of is_admin. This key is deprecated. Please update your policy file to use the standard policy values. warnings.warn('Policy enforcement is depending on the value of '
2026-07-16 07:58:33.599 7 INFO cinder.volume.api [None req-c6580c56-ba74-4731-96eb-df089160c142 eedfe492d0d140c1a3cecc1a45907877 c17651a0352f436ba919fa1e615976fe - - default default] Volume info retrieved successfully.
2026-07-16 07:58:33.615 7 INFO cinder.api.openstack.wsgi [None req-c6580c56-ba74-4731-96eb-df089160c142 eedfe492d0d140c1a3cecc1a45907877 c17651a0352f436ba919fa1e615976fe - - default default] http://cinder-api.openstack.svc.cluster.local:8776/v3/c17651a0352f436ba919fa1e615976fe/volumes/ca6d4382-b055-4c84-b501-0312393439bc returned with HTTP 200 [pid: 7|app: 0|req: 344/682] 10.0.0.100 () {32 vars in 775 bytes} [Thu Jul 16 07:58:33 2026] GET /v3/c17651a0352f436ba919fa1e615976fe/volumes/ca6d4382-b055-4c84-b501-0312393439bc => generated 956 bytes in 57 msecs (HTTP/1.1 200) 7 headers in 285 bytes (1 switches on core 0) /var/lib/openstack/lib/python3.10/site-packages/pycadf/identifier.py:71: UserWarning: Invalid uuid: cinderv3. To ensure interoperability, identifiers should be a valid uuid. warnings.warn(('Invalid uuid: %s. To ensure interoperability, '
2026-07-16 07:58:34.641 8 INFO cinder.api.openstack.wsgi [None req-4c51853c-f9df-46e8-b231-8f6e2b3293df eedfe492d0d140c1a3cecc1a45907877 c17651a0352f436ba919fa1e615976fe - - default default] GET http://cinder-api.openstack.svc.cluster.local:8776/v3/c17651a0352f436ba919fa1e615976fe/volumes/ca6d4382-b055-4c84-b501-0312393439bc /var/lib/openstack/lib/python3.10/site-packages/oslo_context/context.py:100: DeprecationWarning: Policy enforcement is depending on the value of is_admin. This key is deprecated. Please update your policy file to use the standard policy values. warnings.warn('Policy enforcement is depending on the value of '
2026-07-16 07:58:34.655 8 INFO cinder.volume.api [None req-4c51853c-f9df-46e8-b231-8f6e2b3293df eedfe492d0d140c1a3cecc1a45907877 c17651a0352f436ba919fa1e615976fe - - default default] Volume info retrieved successfully.
2026-07-16 07:58:34.660 8 INFO cinder.api.openstack.wsgi [None req-4c51853c-f9df-46e8-b231-8f6e2b3293df eedfe492d0d140c1a3cecc1a45907877 c17651a0352f436ba919fa1e615976fe - - default default] http://cinder-api.openstack.svc.cluster.local:8776/v3/c17651a0352f436ba919fa1e615976fe/volumes/ca6d4382-b055-4c84-b501-0312393439bc returned with HTTP 200 [pid: 8|app: 0|req: 339/683] 10.0.0.100 () {32 vars in 775 bytes} [Thu Jul 16 07:58:34 2026] GET /v3/c17651a0352f436ba919fa1e615976fe/volumes/ca6d4382-b055-4c84-b501-0312393439bc => generated 956 bytes in 25 msecs (HTTP/1.1 200) 7 headers in 285 bytes (1 switches on core 0) /var/lib/openstack/lib/python3.10/site-packages/pycadf/identifier.py:71: UserWarning: Invalid uuid: cinderv3. To ensure interoperability, identifiers should be a valid uuid. warnings.warn(('Invalid uuid: %s. To ensure interoperability, '
2026-07-16 07:58:35.684 7 INFO cinder.api.openstack.wsgi [None req-5ca133ec-a37b-4eba-8a3b-9cfec7e68b72 eedfe492d0d140c1a3cecc1a45907877 c17651a0352f436ba919fa1e615976fe - - default default] GET http://cinder-api.openstack.svc.cluster.local:8776/v3/c17651a0352f436ba919fa1e615976fe/volumes/ca6d4382-b055-4c84-b501-0312393439bc /var/lib/openstack/lib/python3.10/site-packages/oslo_context/context.py:100: DeprecationWarning: Policy enforcement is depending on the value of is_admin. This key is deprecated. Please update your policy file to use the standard policy values. warnings.warn('Policy enforcement is depending on the value of '
2026-07-16 07:58:35.701 7 INFO cinder.volume.api [None req-5ca133ec-a37b-4eba-8a3b-9cfec7e68b72 eedfe492d0d140c1a3cecc1a45907877 c17651a0352f436ba919fa1e615976fe - - default default] Volume info retrieved successfully.
2026-07-16 07:58:35.715 7 INFO cinder.api.openstack.wsgi [None req-5ca133ec-a37b-4eba-8a3b-9cfec7e68b72 eedfe492d0d140c1a3cecc1a45907877 c17651a0352f436ba919fa1e615976fe - - default default] http://cinder-api.openstack.svc.cluster.local:8776/v3/c17651a0352f436ba919fa1e615976fe/volumes/ca6d4382-b055-4c84-b501-0312393439bc returned with HTTP 200 [pid: 7|app: 0|req: 345/684] 10.0.0.100 () {32 vars in 775 bytes} [Thu Jul 16 07:58:35 2026] GET /v3/c17651a0352f436ba919fa1e615976fe/volumes/ca6d4382-b055-4c84-b501-0312393439bc => generated 1482 bytes in 39 msecs (HTTP/1.1 200) 7 headers in 286 bytes (1 switches on core 0) /var/lib/openstack/lib/python3.10/site-packages/pycadf/identifier.py:71: UserWarning: Invalid uuid: cinderv3. To ensure interoperability, identifiers should be a valid uuid. warnings.warn(('Invalid uuid: %s. To ensure interoperability, '
2026-07-16 07:58:35.809 8 INFO cinder.api.openstack.wsgi [req-30e2fb8a-9788-4dcd-8579-3221cd923159 req-52d4a766-fdfe-4f33-a326-6f90fcde9753 eedfe492d0d140c1a3cecc1a45907877 c17651a0352f436ba919fa1e615976fe - - default default] GET http://cinder-api.openstack.svc.cluster.local:8776/v3/c17651a0352f436ba919fa1e615976fe/volumes/ca6d4382-b055-4c84-b501-0312393439bc /var/lib/openstack/lib/python3.10/site-packages/oslo_context/context.py:100: DeprecationWarning: Policy enforcement is depending on the value of is_admin. This key is deprecated. Please update your policy file to use the standard policy values. warnings.warn('Policy enforcement is depending on the value of '
2026-07-16 07:58:35.838 8 INFO cinder.volume.api [req-30e2fb8a-9788-4dcd-8579-3221cd923159 req-52d4a766-fdfe-4f33-a326-6f90fcde9753 eedfe492d0d140c1a3cecc1a45907877 c17651a0352f436ba919fa1e615976fe - - default default] Volume info retrieved successfully.
2026-07-16 07:58:35.852 8 INFO cinder.api.openstack.wsgi [req-30e2fb8a-9788-4dcd-8579-3221cd923159 req-52d4a766-fdfe-4f33-a326-6f90fcde9753 eedfe492d0d140c1a3cecc1a45907877 c17651a0352f436ba919fa1e615976fe - - default default] http://cinder-api.openstack.svc.cluster.local:8776/v3/c17651a0352f436ba919fa1e615976fe/volumes/ca6d4382-b055-4c84-b501-0312393439bc returned with HTTP 200 [pid: 8|app: 0|req: 340/685] 10.0.0.28 () {34 vars in 1027 bytes} [Thu Jul 16 07:58:35 2026] GET /v3/c17651a0352f436ba919fa1e615976fe/volumes/ca6d4382-b055-4c84-b501-0312393439bc => generated 1482 bytes in 52 msecs (HTTP/1.1 200) 7 headers in 286 bytes (1 switches on core 0) /var/lib/openstack/lib/python3.10/site-packages/pycadf/identifier.py:71: UserWarning: Invalid uuid: cinderv3. To ensure interoperability, identifiers should be a valid uuid. warnings.warn(('Invalid uuid: %s. To ensure interoperability, '
2026-07-16 07:58:36.772 7 INFO cinder.api.openstack.wsgi [req-30e2fb8a-9788-4dcd-8579-3221cd923159 req-cb91dfce-a755-47d7-8271-56eb5a0ceaff eedfe492d0d140c1a3cecc1a45907877 c17651a0352f436ba919fa1e615976fe - - default default] GET http://cinder-api.openstack.svc.cluster.local:8776/v3/c17651a0352f436ba919fa1e615976fe/volumes/ca6d4382-b055-4c84-b501-0312393439bc /var/lib/openstack/lib/python3.10/site-packages/oslo_context/context.py:100: DeprecationWarning: Policy enforcement is depending on the value of is_admin. This key is deprecated. Please update your policy file to use the standard policy values. warnings.warn('Policy enforcement is depending on the value of '
2026-07-16 07:58:36.801 7 INFO cinder.volume.api [req-30e2fb8a-9788-4dcd-8579-3221cd923159 req-cb91dfce-a755-47d7-8271-56eb5a0ceaff eedfe492d0d140c1a3cecc1a45907877 c17651a0352f436ba919fa1e615976fe - - default default] Volume info retrieved successfully.
2026-07-16 07:58:36.808 7 INFO cinder.api.openstack.wsgi [req-30e2fb8a-9788-4dcd-8579-3221cd923159 req-cb91dfce-a755-47d7-8271-56eb5a0ceaff eedfe492d0d140c1a3cecc1a45907877 c17651a0352f436ba919fa1e615976fe - - default default] http://cinder-api.openstack.svc.cluster.local:8776/v3/c17651a0352f436ba919fa1e615976fe/volumes/ca6d4382-b055-4c84-b501-0312393439bc returned with HTTP 200 [pid: 7|app: 0|req: 346/686] 10.0.0.28 () {34 vars in 1027 bytes} [Thu Jul 16 07:58:36 2026] GET /v3/c17651a0352f436ba919fa1e615976fe/volumes/ca6d4382-b055-4c84-b501-0312393439bc => generated 1482 bytes in 47 msecs (HTTP/1.1 200) 7 headers in 286 bytes (1 switches on core 0)
2026-07-16 07:58:36.818 8 INFO cinder.api.openstack.wsgi [req-30e2fb8a-9788-4dcd-8579-3221cd923159 req-52d4a766-fdfe-4f33-a326-6f90fcde9753 eedfe492d0d140c1a3cecc1a45907877 c17651a0352f436ba919fa1e615976fe - - default default] GET http://cinder-api.openstack.svc.cluster.local:8776/
2026-07-16 07:58:36.819 8 INFO cinder.api.openstack.wsgi [req-30e2fb8a-9788-4dcd-8579-3221cd923159 req-52d4a766-fdfe-4f33-a326-6f90fcde9753 eedfe492d0d140c1a3cecc1a45907877 c17651a0352f436ba919fa1e615976fe - - default default] http://cinder-api.openstack.svc.cluster.local:8776/ returned with HTTP 300 [pid: 8|app: 0|req: 341/687] 10.0.0.28 () {32 vars in 828 bytes} [Thu Jul 16 07:58:36 2026] GET / => generated 411 bytes in 3 msecs (HTTP/1.1 300) 5 headers in 169 bytes (1 switches on core 0) /var/lib/openstack/lib/python3.10/site-packages/pycadf/identifier.py:71: UserWarning: Invalid uuid: cinderv3. To ensure interoperability, identifiers should be a valid uuid. warnings.warn(('Invalid uuid: %s. To ensure interoperability, '
2026-07-16 07:58:36.838 7 INFO cinder.api.openstack.wsgi [req-30e2fb8a-9788-4dcd-8579-3221cd923159 req-c67ec05f-c406-4413-ad67-807157c00b6b eedfe492d0d140c1a3cecc1a45907877 c17651a0352f436ba919fa1e615976fe - - default default] POST http://cinder-api.openstack.svc.cluster.local:8776/v3/c17651a0352f436ba919fa1e615976fe/attachments /var/lib/openstack/lib/python3.10/site-packages/oslo_context/context.py:100: DeprecationWarning: Policy enforcement is depending on the value of is_admin. This key is deprecated. Please update your policy file to use the standard policy values. warnings.warn('Policy enforcement is depending on the value of '
2026-07-16 07:58:36.922 7 INFO cinder.api.openstack.wsgi [req-30e2fb8a-9788-4dcd-8579-3221cd923159 req-c67ec05f-c406-4413-ad67-807157c00b6b eedfe492d0d140c1a3cecc1a45907877 c17651a0352f436ba919fa1e615976fe - - default default] http://cinder-api.openstack.svc.cluster.local:8776/v3/c17651a0352f436ba919fa1e615976fe/attachments returned with HTTP 200 [pid: 7|app: 0|req: 347/688] 10.0.0.28 () {40 vars in 1056 bytes} [Thu Jul 16 07:58:36 2026] POST /v3/c17651a0352f436ba919fa1e615976fe/attachments => generated 273 bytes in 93 msecs (HTTP/1.1 200) 7 headers in 286 bytes (1 switches on core 0)
2026-07-16 07:58:37.677 8 INFO cinder.api.openstack.wsgi [req-30e2fb8a-9788-4dcd-8579-3221cd923159 req-52d4a766-fdfe-4f33-a326-6f90fcde9753 eedfe492d0d140c1a3cecc1a45907877 c17651a0352f436ba919fa1e615976fe - - default default] GET http://cinder-api.openstack.svc.cluster.local:8776/
2026-07-16 07:58:37.678 8 INFO cinder.api.openstack.wsgi [req-30e2fb8a-9788-4dcd-8579-3221cd923159 req-52d4a766-fdfe-4f33-a326-6f90fcde9753 eedfe492d0d140c1a3cecc1a45907877 c17651a0352f436ba919fa1e615976fe - - default default] http://cinder-api.openstack.svc.cluster.local:8776/ returned with HTTP 300 [pid: 8|app: 0|req: 342/689] 199.19.213.154 () {32 vars in 840 bytes} [Thu Jul 16 07:58:37 2026] GET / => generated 411 bytes in 2 msecs (HTTP/1.1 300) 5 headers in 169 bytes (1 switches on core 0) /var/lib/openstack/lib/python3.10/site-packages/pycadf/identifier.py:71: UserWarning: Invalid uuid: cinderv3. To ensure interoperability, identifiers should be a valid uuid. warnings.warn(('Invalid uuid: %s. To ensure interoperability, '
2026-07-16 07:58:37.690 7 INFO cinder.api.openstack.wsgi [req-30e2fb8a-9788-4dcd-8579-3221cd923159 req-7cb06cd8-d2be-4359-bdfd-458225646c8a eedfe492d0d140c1a3cecc1a45907877 c17651a0352f436ba919fa1e615976fe - - default default] GET http://cinder-api.openstack.svc.cluster.local:8776/v3/c17651a0352f436ba919fa1e615976fe/volumes/ca6d4382-b055-4c84-b501-0312393439bc /var/lib/openstack/lib/python3.10/site-packages/oslo_context/context.py:100: DeprecationWarning: Policy enforcement is depending on the value of is_admin. This key is deprecated. Please update your policy file to use the standard policy values. warnings.warn('Policy enforcement is depending on the value of '
2026-07-16 07:58:37.719 7 INFO cinder.volume.api [req-30e2fb8a-9788-4dcd-8579-3221cd923159 req-7cb06cd8-d2be-4359-bdfd-458225646c8a eedfe492d0d140c1a3cecc1a45907877 c17651a0352f436ba919fa1e615976fe - - default default] Volume info retrieved successfully.
2026-07-16 07:58:37.727 7 INFO cinder.api.openstack.wsgi [req-30e2fb8a-9788-4dcd-8579-3221cd923159 req-7cb06cd8-d2be-4359-bdfd-458225646c8a eedfe492d0d140c1a3cecc1a45907877 c17651a0352f436ba919fa1e615976fe - - default default] http://cinder-api.openstack.svc.cluster.local:8776/v3/c17651a0352f436ba919fa1e615976fe/volumes/ca6d4382-b055-4c84-b501-0312393439bc returned with HTTP 200 [pid: 7|app: 0|req: 348/690] 199.19.213.154 () {36 vars in 1073 bytes} [Thu Jul 16 07:58:37 2026] GET /v3/c17651a0352f436ba919fa1e615976fe/volumes/ca6d4382-b055-4c84-b501-0312393439bc => generated 1580 bytes in 44 msecs (HTTP/1.1 200) 7 headers in 287 bytes (1 switches on core 0) /var/lib/openstack/lib/python3.10/site-packages/pycadf/identifier.py:71: UserWarning: Invalid uuid: cinderv3. To ensure interoperability, identifiers should be a valid uuid. warnings.warn(('Invalid uuid: %s. To ensure interoperability, '
2026-07-16 07:58:39.151 8 INFO cinder.api.openstack.wsgi [None req-149389b0-ee60-44e4-b2a6-0da188302038 cbad9bf3c8554a178445f1f1e3128e44 ea800c6b41f649f48930eb98076afe9b - - default default] GET http://cinder-api.openstack.svc.cluster.local:8776/v3/ea800c6b41f649f48930eb98076afe9b/volumes/detail?all_tenants=true
2026-07-16 07:58:39.171 8 INFO cinder.volume.api [None req-149389b0-ee60-44e4-b2a6-0da188302038 cbad9bf3c8554a178445f1f1e3128e44 ea800c6b41f649f48930eb98076afe9b - - default default] Get all volumes completed successfully. /var/lib/openstack/lib/python3.10/site-packages/oslo_context/context.py:100: DeprecationWarning: Policy enforcement is depending on the value of is_admin. This key is deprecated. Please update your policy file to use the standard policy values. warnings.warn('Policy enforcement is depending on the value of '
2026-07-16 07:58:39.180 8 INFO cinder.api.openstack.wsgi [None req-149389b0-ee60-44e4-b2a6-0da188302038 cbad9bf3c8554a178445f1f1e3128e44 ea800c6b41f649f48930eb98076afe9b - - default default] http://cinder-api.openstack.svc.cluster.local:8776/v3/ea800c6b41f649f48930eb98076afe9b/volumes/detail?all_tenants=true returned with HTTP 200 [pid: 8|app: 0|req: 343/691] 10.0.0.152 () {28 vars in 684 bytes} [Thu Jul 16 07:58:38 2026] GET /v3/ea800c6b41f649f48930eb98076afe9b/volumes/detail?all_tenants=true => generated 1649 bytes in 306 msecs (HTTP/1.1 200) 7 headers in 286 bytes (1 switches on core 0) /var/lib/openstack/lib/python3.10/site-packages/pycadf/identifier.py:71: UserWarning: Invalid uuid: cinderv3. To ensure interoperability, identifiers should be a valid uuid. warnings.warn(('Invalid uuid: %s. To ensure interoperability, '
2026-07-16 07:58:39.196 7 INFO cinder.api.openstack.wsgi [None req-8ac94ff1-3e94-4db5-a6e8-22b447da5fb6 cbad9bf3c8554a178445f1f1e3128e44 ea800c6b41f649f48930eb98076afe9b - - default default] GET http://cinder-api.openstack.svc.cluster.local:8776/v3/ea800c6b41f649f48930eb98076afe9b/scheduler-stats/get_pools?detail=true
2026-07-16 07:58:39.211 7 INFO cinder.api.openstack.wsgi [None req-8ac94ff1-3e94-4db5-a6e8-22b447da5fb6 cbad9bf3c8554a178445f1f1e3128e44 ea800c6b41f649f48930eb98076afe9b - - default default] http://cinder-api.openstack.svc.cluster.local:8776/v3/ea800c6b41f649f48930eb98076afe9b/scheduler-stats/get_pools?detail=true returned with HTTP 200 [pid: 7|app: 0|req: 349/692] 10.0.0.152 () {28 vars in 696 bytes} [Thu Jul 16 07:58:39 2026] GET /v3/ea800c6b41f649f48930eb98076afe9b/scheduler-stats/get_pools?detail=true => generated 670 bytes in 24 msecs (HTTP/1.1 200) 7 headers in 285 bytes (1 switches on core 0) /var/lib/openstack/lib/python3.10/site-packages/pycadf/identifier.py:71: UserWarning: Invalid uuid: cinderv3. To ensure interoperability, identifiers should be a valid uuid. warnings.warn(('Invalid uuid: %s. To ensure interoperability, '
2026-07-16 07:58:39.226 8 INFO cinder.api.openstack.wsgi [None req-ccaf1d72-e885-4411-8199-da17e1166e7c cbad9bf3c8554a178445f1f1e3128e44 ea800c6b41f649f48930eb98076afe9b - - default default] GET http://cinder-api.openstack.svc.cluster.local:8776/v3/ea800c6b41f649f48930eb98076afe9b/volumes/detail?all_tenants=true
2026-07-16 07:58:39.242 8 INFO cinder.volume.api [None req-ccaf1d72-e885-4411-8199-da17e1166e7c cbad9bf3c8554a178445f1f1e3128e44 ea800c6b41f649f48930eb98076afe9b - - default default] Get all volumes completed successfully. /var/lib/openstack/lib/python3.10/site-packages/oslo_context/context.py:100: DeprecationWarning: Policy enforcement is depending on the value of is_admin. This key is deprecated. Please update your policy file to use the standard policy values. warnings.warn('Policy enforcement is depending on the value of '
2026-07-16 07:58:39.252 8 INFO cinder.api.openstack.wsgi [None req-ccaf1d72-e885-4411-8199-da17e1166e7c cbad9bf3c8554a178445f1f1e3128e44 ea800c6b41f649f48930eb98076afe9b - - default default] http://cinder-api.openstack.svc.cluster.local:8776/v3/ea800c6b41f649f48930eb98076afe9b/volumes/detail?all_tenants=true returned with HTTP 200 [pid: 8|app: 0|req: 344/693] 10.0.0.152 () {28 vars in 684 bytes} [Thu Jul 16 07:58:39 2026] GET /v3/ea800c6b41f649f48930eb98076afe9b/volumes/detail?all_tenants=true => generated 1649 bytes in 38 msecs (HTTP/1.1 200) 7 headers in 286 bytes (1 switches on core 0)
2026-07-16 07:58:39.256 7 INFO cinder.api.openstack.wsgi [req-30e2fb8a-9788-4dcd-8579-3221cd923159 req-43d0eaf2-4e25-46f4-a19e-44642914515a eedfe492d0d140c1a3cecc1a45907877 c17651a0352f436ba919fa1e615976fe - - default default] PUT http://cinder-api.openstack.svc.cluster.local:8776/v3/c17651a0352f436ba919fa1e615976fe/attachments/fa659197-0263-4384-a7bf-5b37786cd856 /var/lib/openstack/lib/python3.10/site-packages/pycadf/identifier.py:71: UserWarning: Invalid uuid: cinderv3. To ensure interoperability, identifiers should be a valid uuid. warnings.warn(('Invalid uuid: %s. To ensure interoperability, ' /var/lib/openstack/lib/python3.10/site-packages/oslo_context/context.py:100: DeprecationWarning: Policy enforcement is depending on the value of is_admin. This key is deprecated. Please update your policy file to use the standard policy values. warnings.warn('Policy enforcement is depending on the value of '
2026-07-16 07:58:39.272 8 INFO cinder.api.openstack.wsgi [None req-5b4f2204-40cc-4c71-a182-d67323ac8b91 cbad9bf3c8554a178445f1f1e3128e44 ea800c6b41f649f48930eb98076afe9b - - default default] GET http://cinder-api.openstack.svc.cluster.local:8776/v3/ea800c6b41f649f48930eb98076afe9b/os-services
2026-07-16 07:58:39.279 8 INFO cinder.api.openstack.wsgi [None req-5b4f2204-40cc-4c71-a182-d67323ac8b91 cbad9bf3c8554a178445f1f1e3128e44 ea800c6b41f649f48930eb98076afe9b - - default default] http://cinder-api.openstack.svc.cluster.local:8776/v3/ea800c6b41f649f48930eb98076afe9b/os-services returned with HTTP 200 [pid: 8|app: 0|req: 345/694] 10.0.0.152 () {28 vars in 645 bytes} [Thu Jul 16 07:58:39 2026] GET /v3/ea800c6b41f649f48930eb98076afe9b/os-services => generated 646 bytes in 15 msecs (HTTP/1.1 200) 7 headers in 285 bytes (1 switches on core 0)
2026-07-16 07:58:39.433 8 INFO cinder.api.openstack.wsgi [None req-12ecc571-032b-4fd4-8b3f-1d826152b067 cbad9bf3c8554a178445f1f1e3128e44 ea800c6b41f649f48930eb98076afe9b - - default default] GET http://cinder-api.openstack.svc.cluster.local:8776/v3/ea800c6b41f649f48930eb98076afe9b/os-quota-sets/01eda8a04ab647969fb51f16aec825fe?usage=true
2026-07-16 07:58:39.463 8 INFO cinder.api.openstack.wsgi [None req-12ecc571-032b-4fd4-8b3f-1d826152b067 cbad9bf3c8554a178445f1f1e3128e44 ea800c6b41f649f48930eb98076afe9b - - default default] http://cinder-api.openstack.svc.cluster.local:8776/v3/ea800c6b41f649f48930eb98076afe9b/os-quota-sets/01eda8a04ab647969fb51f16aec825fe?usage=true returned with HTTP 200 [pid: 8|app: 0|req: 346/695] 10.0.0.152 () {28 vars in 736 bytes} [Thu Jul 16 07:58:39 2026] GET /v3/ea800c6b41f649f48930eb98076afe9b/os-quota-sets/01eda8a04ab647969fb51f16aec825fe?usage=true => generated 847 bytes in 37 msecs (HTTP/1.1 200) 7 headers in 285 bytes (1 switches on core 0)
2026-07-16 07:58:39.473 8 INFO cinder.api.openstack.wsgi [None req-0ba34d0f-995b-4a7c-9d07-a1c036cf82e5 cbad9bf3c8554a178445f1f1e3128e44 ea800c6b41f649f48930eb98076afe9b - - default default] GET http://cinder-api.openstack.svc.cluster.local:8776/v3/ea800c6b41f649f48930eb98076afe9b/os-quota-sets/417ca2ee5217489e8a29864753bf6db6?usage=true
2026-07-16 07:58:39.508 8 INFO cinder.api.openstack.wsgi [None req-0ba34d0f-995b-4a7c-9d07-a1c036cf82e5 cbad9bf3c8554a178445f1f1e3128e44 ea800c6b41f649f48930eb98076afe9b - - default default] http://cinder-api.openstack.svc.cluster.local:8776/v3/ea800c6b41f649f48930eb98076afe9b/os-quota-sets/417ca2ee5217489e8a29864753bf6db6?usage=true returned with HTTP 200 [pid: 8|app: 0|req: 347/696] 10.0.0.152 () {28 vars in 736 bytes} [Thu Jul 16 07:58:39 2026] GET /v3/ea800c6b41f649f48930eb98076afe9b/os-quota-sets/417ca2ee5217489e8a29864753bf6db6?usage=true => generated 845 bytes in 41 msecs (HTTP/1.1 200) 7 headers in 285 bytes (1 switches on core 0)
2026-07-16 07:58:39.520 8 INFO cinder.api.openstack.wsgi [None req-8412b387-70a3-4082-b6a6-a74df82faf83 cbad9bf3c8554a178445f1f1e3128e44 ea800c6b41f649f48930eb98076afe9b - - default default] GET http://cinder-api.openstack.svc.cluster.local:8776/v3/ea800c6b41f649f48930eb98076afe9b/os-quota-sets/47390e0843df48aca12921eeb9b82b73?usage=true
2026-07-16 07:58:39.541 8 INFO cinder.api.openstack.wsgi [None req-8412b387-70a3-4082-b6a6-a74df82faf83 cbad9bf3c8554a178445f1f1e3128e44 ea800c6b41f649f48930eb98076afe9b - - default default] http://cinder-api.openstack.svc.cluster.local:8776/v3/ea800c6b41f649f48930eb98076afe9b/os-quota-sets/47390e0843df48aca12921eeb9b82b73?usage=true returned with HTTP 200 [pid: 8|app: 0|req: 348/697] 10.0.0.152 () {28 vars in 736 bytes} [Thu Jul 16 07:58:39 2026] GET /v3/ea800c6b41f649f48930eb98076afe9b/os-quota-sets/47390e0843df48aca12921eeb9b82b73?usage=true => generated 847 bytes in 28 msecs (HTTP/1.1 200) 7 headers in 285 bytes (1 switches on core 0)
2026-07-16 07:58:39.554 8 INFO cinder.api.openstack.wsgi [None req-46ab3a0d-09a4-4bc6-a873-ba20a87c4993 cbad9bf3c8554a178445f1f1e3128e44 ea800c6b41f649f48930eb98076afe9b - - default default] GET http://cinder-api.openstack.svc.cluster.local:8776/v3/ea800c6b41f649f48930eb98076afe9b/os-quota-sets/c17651a0352f436ba919fa1e615976fe?usage=true
2026-07-16 07:58:39.591 8 INFO cinder.api.openstack.wsgi [None req-46ab3a0d-09a4-4bc6-a873-ba20a87c4993 cbad9bf3c8554a178445f1f1e3128e44 ea800c6b41f649f48930eb98076afe9b - - default default] http://cinder-api.openstack.svc.cluster.local:8776/v3/ea800c6b41f649f48930eb98076afe9b/os-quota-sets/c17651a0352f436ba919fa1e615976fe?usage=true returned with HTTP 200 [pid: 8|app: 0|req: 349/698] 10.0.0.152 () {28 vars in 736 bytes} [Thu Jul 16 07:58:39 2026] GET /v3/ea800c6b41f649f48930eb98076afe9b/os-quota-sets/c17651a0352f436ba919fa1e615976fe?usage=true => generated 847 bytes in 45 msecs (HTTP/1.1 200) 7 headers in 285 bytes (1 switches on core 0)
2026-07-16 07:58:39.601 8 INFO cinder.api.openstack.wsgi [None req-9cc4bb3d-641e-47d6-aaba-f227014dd648 cbad9bf3c8554a178445f1f1e3128e44 ea800c6b41f649f48930eb98076afe9b - - default default] GET http://cinder-api.openstack.svc.cluster.local:8776/v3/ea800c6b41f649f48930eb98076afe9b/os-quota-sets/c775ebde02db4b1f876168fcbec41db6?usage=true
2026-07-16 07:58:39.623 8 INFO cinder.api.openstack.wsgi [None req-9cc4bb3d-641e-47d6-aaba-f227014dd648 cbad9bf3c8554a178445f1f1e3128e44 ea800c6b41f649f48930eb98076afe9b - - default default] http://cinder-api.openstack.svc.cluster.local:8776/v3/ea800c6b41f649f48930eb98076afe9b/os-quota-sets/c775ebde02db4b1f876168fcbec41db6?usage=true returned with HTTP 200 [pid: 8|app: 0|req: 350/699] 10.0.0.152 () {28 vars in 736 bytes} [Thu Jul 16 07:58:39 2026] GET /v3/ea800c6b41f649f48930eb98076afe9b/os-quota-sets/c775ebde02db4b1f876168fcbec41db6?usage=true => generated 847 bytes in 28 msecs (HTTP/1.1 200) 7 headers in 285 bytes (1 switches on core 0)
2026-07-16 07:58:39.624 8 INFO cinder.api.openstack.wsgi [None req-9cc4bb3d-641e-47d6-aaba-f227014dd648 cbad9bf3c8554a178445f1f1e3128e44 ea800c6b41f649f48930eb98076afe9b - - default default] GET http://10.0.0.14:8776/
2026-07-16 07:58:39.625 8 INFO cinder.api.openstack.wsgi [None req-9cc4bb3d-641e-47d6-aaba-f227014dd648 cbad9bf3c8554a178445f1f1e3128e44 ea800c6b41f649f48930eb98076afe9b - - default default] http://10.0.0.14:8776/ returned with HTTP 300
2026-07-16 07:58:39.626 8 INFO cinder.api.openstack.wsgi [None req-9cc4bb3d-641e-47d6-aaba-f227014dd648 cbad9bf3c8554a178445f1f1e3128e44 ea800c6b41f649f48930eb98076afe9b - - default default] GET http://10.0.0.14:8776/
2026-07-16 07:58:39.627 8 INFO cinder.api.openstack.wsgi [None req-9cc4bb3d-641e-47d6-aaba-f227014dd648 cbad9bf3c8554a178445f1f1e3128e44 ea800c6b41f649f48930eb98076afe9b - - default default] http://10.0.0.14:8776/ returned with HTTP 300
2026-07-16 07:58:39.632 8 INFO cinder.api.openstack.wsgi [None req-27b8cacc-d4cf-4895-b5e6-dc4f29c292b6 cbad9bf3c8554a178445f1f1e3128e44 ea800c6b41f649f48930eb98076afe9b - - default default] GET http://cinder-api.openstack.svc.cluster.local:8776/v3/ea800c6b41f649f48930eb98076afe9b/os-quota-sets/ea800c6b41f649f48930eb98076afe9b?usage=true
2026-07-16 07:58:39.657 8 INFO cinder.api.openstack.wsgi [None req-27b8cacc-d4cf-4895-b5e6-dc4f29c292b6 cbad9bf3c8554a178445f1f1e3128e44 ea800c6b41f649f48930eb98076afe9b - - default default] http://cinder-api.openstack.svc.cluster.local:8776/v3/ea800c6b41f649f48930eb98076afe9b/os-quota-sets/ea800c6b41f649f48930eb98076afe9b?usage=true returned with HTTP 200 [pid: 8|app: 0|req: 353/702] 10.0.0.152 () {28 vars in 736 bytes} [Thu Jul 16 07:58:39 2026] GET /v3/ea800c6b41f649f48930eb98076afe9b/os-quota-sets/ea800c6b41f649f48930eb98076afe9b?usage=true => generated 845 bytes in 31 msecs (HTTP/1.1 200) 7 headers in 285 bytes (1 switches on core 0)
2026-07-16 07:58:39.668 8 INFO cinder.api.openstack.wsgi [None req-dd2e5dc0-370d-49e7-b944-8002984e6a5e cbad9bf3c8554a178445f1f1e3128e44 ea800c6b41f649f48930eb98076afe9b - - default default] GET http://cinder-api.openstack.svc.cluster.local:8776/v3/ea800c6b41f649f48930eb98076afe9b/os-quota-sets/f9ecef925ac44596af3b7da2dcca5948?usage=true
2026-07-16 07:58:39.694 8 INFO cinder.api.openstack.wsgi [None req-dd2e5dc0-370d-49e7-b944-8002984e6a5e cbad9bf3c8554a178445f1f1e3128e44 ea800c6b41f649f48930eb98076afe9b - - default default] http://cinder-api.openstack.svc.cluster.local:8776/v3/ea800c6b41f649f48930eb98076afe9b/os-quota-sets/f9ecef925ac44596af3b7da2dcca5948?usage=true returned with HTTP 200 [pid: 8|app: 0|req: 354/703] 10.0.0.152 () {28 vars in 736 bytes} [Thu Jul 16 07:58:39 2026] GET /v3/ea800c6b41f649f48930eb98076afe9b/os-quota-sets/f9ecef925ac44596af3b7da2dcca5948?usage=true => generated 847 bytes in 32 msecs (HTTP/1.1 200) 7 headers in 285 bytes (1 switches on core 0)
2026-07-16 07:58:39.704 8 INFO cinder.api.openstack.wsgi [None req-9b2abd37-fe01-43ca-8e25-d2f3ccd200d0 cbad9bf3c8554a178445f1f1e3128e44 ea800c6b41f649f48930eb98076afe9b - - default default] GET http://cinder-api.openstack.svc.cluster.local:8776/v3/ea800c6b41f649f48930eb98076afe9b/snapshots?all_tenants=true
2026-07-16 07:58:39.710 8 INFO cinder.volume.api [None req-9b2abd37-fe01-43ca-8e25-d2f3ccd200d0 cbad9bf3c8554a178445f1f1e3128e44 ea800c6b41f649f48930eb98076afe9b - - default default] Get all snapshots completed successfully.
2026-07-16 07:58:39.710 8 INFO cinder.api.openstack.wsgi [None req-9b2abd37-fe01-43ca-8e25-d2f3ccd200d0 cbad9bf3c8554a178445f1f1e3128e44 ea800c6b41f649f48930eb98076afe9b - - default default] http://cinder-api.openstack.svc.cluster.local:8776/v3/ea800c6b41f649f48930eb98076afe9b/snapshots?all_tenants=true returned with HTTP 200 [pid: 8|app: 0|req: 355/704] 10.0.0.152 () {28 vars in 674 bytes} [Thu Jul 16 07:58:39 2026] GET /v3/ea800c6b41f649f48930eb98076afe9b/snapshots?all_tenants=true => generated 17 bytes in 12 msecs (HTTP/1.1 200) 7 headers in 284 bytes (1 switches on core 0)
2026-07-16 07:58:39.912 7 INFO cinder.api.openstack.wsgi [req-30e2fb8a-9788-4dcd-8579-3221cd923159 req-43d0eaf2-4e25-46f4-a19e-44642914515a eedfe492d0d140c1a3cecc1a45907877 c17651a0352f436ba919fa1e615976fe - - default default] http://cinder-api.openstack.svc.cluster.local:8776/v3/c17651a0352f436ba919fa1e615976fe/attachments/fa659197-0263-4384-a7bf-5b37786cd856 returned with HTTP 200 [pid: 7|app: 0|req: 350/705] 199.19.213.154 () {40 vars in 1134 bytes} [Thu Jul 16 07:58:39 2026] PUT /v3/c17651a0352f436ba919fa1e615976fe/attachments/fa659197-0263-4384-a7bf-5b37786cd856 => generated 775 bytes in 666 msecs (HTTP/1.1 200) 7 headers in 286 bytes (1 switches on core 0)
2026-07-16 07:58:39.957 8 INFO cinder.api.openstack.wsgi [req-30e2fb8a-9788-4dcd-8579-3221cd923159 req-9a842786-245d-45ee-89dc-b2bee55a797d eedfe492d0d140c1a3cecc1a45907877 c17651a0352f436ba919fa1e615976fe - - default default] POST http://cinder-api.openstack.svc.cluster.local:8776/v3/c17651a0352f436ba919fa1e615976fe/attachments/fa659197-0263-4384-a7bf-5b37786cd856/action /var/lib/openstack/lib/python3.10/site-packages/oslo_context/context.py:100: DeprecationWarning: Policy enforcement is depending on the value of is_admin. This key is deprecated. Please update your policy file to use the standard policy values. warnings.warn('Policy enforcement is depending on the value of '
2026-07-16 07:58:40.014 8 INFO cinder.api.openstack.wsgi [req-30e2fb8a-9788-4dcd-8579-3221cd923159 req-9a842786-245d-45ee-89dc-b2bee55a797d eedfe492d0d140c1a3cecc1a45907877 c17651a0352f436ba919fa1e615976fe - - default default] http://cinder-api.openstack.svc.cluster.local:8776/v3/c17651a0352f436ba919fa1e615976fe/attachments/fa659197-0263-4384-a7bf-5b37786cd856/action returned with HTTP 204 [pid: 8|app: 0|req: 356/706] 199.19.213.154 () {40 vars in 1148 bytes} [Thu Jul 16 07:58:39 2026] POST /v3/c17651a0352f436ba919fa1e615976fe/attachments/fa659197-0263-4384-a7bf-5b37786cd856/action => generated 0 bytes in 66 msecs (HTTP/1.1 204) 7 headers in 292 bytes (1 switches on core 0) /var/lib/openstack/lib/python3.10/site-packages/pycadf/identifier.py:71: UserWarning: Invalid uuid: cinderv3. To ensure interoperability, identifiers should be a valid uuid. warnings.warn(('Invalid uuid: %s. To ensure interoperability, '
2026-07-16 07:58:45.729 7 INFO cinder.api.openstack.wsgi [req-d2e8b37a-6fef-4e29-ad5d-12c960bdd329 req-7f594818-eadb-4442-bb2d-713c6986264b eedfe492d0d140c1a3cecc1a45907877 c17651a0352f436ba919fa1e615976fe - - default default] DELETE http://cinder-api.openstack.svc.cluster.local:8776/v3/c17651a0352f436ba919fa1e615976fe/attachments/fa659197-0263-4384-a7bf-5b37786cd856 /var/lib/openstack/lib/python3.10/site-packages/oslo_context/context.py:100: DeprecationWarning: Policy enforcement is depending on the value of is_admin. This key is deprecated. Please update your policy file to use the standard policy values. warnings.warn('Policy enforcement is depending on the value of '
2026-07-16 07:58:45.809 7 INFO cinder.api.openstack.wsgi [req-d2e8b37a-6fef-4e29-ad5d-12c960bdd329 req-7f594818-eadb-4442-bb2d-713c6986264b eedfe492d0d140c1a3cecc1a45907877 c17651a0352f436ba919fa1e615976fe - - default default] http://cinder-api.openstack.svc.cluster.local:8776/v3/c17651a0352f436ba919fa1e615976fe/attachments/fa659197-0263-4384-a7bf-5b37786cd856 returned with HTTP 200 [pid: 7|app: 0|req: 351/707] 199.19.213.154 () {38 vars in 1103 bytes} [Thu Jul 16 07:58:45 2026] DELETE /v3/c17651a0352f436ba919fa1e615976fe/attachments/fa659197-0263-4384-a7bf-5b37786cd856 => generated 19 bytes in 87 msecs (HTTP/1.1 200) 7 headers in 285 bytes (1 switches on core 0) /var/lib/openstack/lib/python3.10/site-packages/pycadf/identifier.py:71: UserWarning: Invalid uuid: cinderv3. To ensure interoperability, identifiers should be a valid uuid. warnings.warn(('Invalid uuid: %s. To ensure interoperability, '
2026-07-16 07:58:45.830 8 INFO cinder.api.openstack.wsgi [req-d2e8b37a-6fef-4e29-ad5d-12c960bdd329 req-bb4c9571-8e06-4496-af66-3a93f9756f85 eedfe492d0d140c1a3cecc1a45907877 c17651a0352f436ba919fa1e615976fe - - default default] DELETE http://cinder-api.openstack.svc.cluster.local:8776/v3/c17651a0352f436ba919fa1e615976fe/volumes/ca6d4382-b055-4c84-b501-0312393439bc
2026-07-16 07:58:45.831 8 INFO cinder.api.v3.volumes [req-d2e8b37a-6fef-4e29-ad5d-12c960bdd329 req-bb4c9571-8e06-4496-af66-3a93f9756f85 eedfe492d0d140c1a3cecc1a45907877 c17651a0352f436ba919fa1e615976fe - - default default] Delete volume with id: ca6d4382-b055-4c84-b501-0312393439bc  /var/lib/openstack/lib/python3.10/site-packages/oslo_context/context.py:100: DeprecationWarning: Policy enforcement is depending on the value of is_admin. This key is deprecated. Please update your policy file to use the standard policy values. warnings.warn('Policy enforcement is depending on the value of '
2026-07-16 07:58:45.846 8 INFO cinder.volume.api [req-d2e8b37a-6fef-4e29-ad5d-12c960bdd329 req-bb4c9571-8e06-4496-af66-3a93f9756f85 eedfe492d0d140c1a3cecc1a45907877 c17651a0352f436ba919fa1e615976fe - - default default] Volume info retrieved successfully.
2026-07-16 07:58:45.881 8 INFO cinder.volume.api [req-d2e8b37a-6fef-4e29-ad5d-12c960bdd329 req-bb4c9571-8e06-4496-af66-3a93f9756f85 eedfe492d0d140c1a3cecc1a45907877 c17651a0352f436ba919fa1e615976fe - - default default] Delete volume request issued successfully.
2026-07-16 07:58:45.882 8 INFO cinder.api.openstack.wsgi [req-d2e8b37a-6fef-4e29-ad5d-12c960bdd329 req-bb4c9571-8e06-4496-af66-3a93f9756f85 eedfe492d0d140c1a3cecc1a45907877 c17651a0352f436ba919fa1e615976fe - - default default] http://cinder-api.openstack.svc.cluster.local:8776/v3/c17651a0352f436ba919fa1e615976fe/volumes/ca6d4382-b055-4c84-b501-0312393439bc returned with HTTP 202 [pid: 8|app: 0|req: 357/708] 199.19.213.154 () {36 vars in 1054 bytes} [Thu Jul 16 07:58:45 2026] DELETE /v3/c17651a0352f436ba919fa1e615976fe/volumes/ca6d4382-b055-4c84-b501-0312393439bc => generated 0 bytes in 60 msecs (HTTP/1.1 202) 6 headers in 233 bytes (1 switches on core 0)
2026-07-16 07:58:49.600 8 INFO cinder.api.openstack.wsgi [req-d2e8b37a-6fef-4e29-ad5d-12c960bdd329 req-bb4c9571-8e06-4496-af66-3a93f9756f85 eedfe492d0d140c1a3cecc1a45907877 c17651a0352f436ba919fa1e615976fe - - default default] GET http://10.0.0.14:8776/
2026-07-16 07:58:49.601 8 INFO cinder.api.openstack.wsgi [req-d2e8b37a-6fef-4e29-ad5d-12c960bdd329 req-bb4c9571-8e06-4496-af66-3a93f9756f85 eedfe492d0d140c1a3cecc1a45907877 c17651a0352f436ba919fa1e615976fe - - default default] http://10.0.0.14:8776/ returned with HTTP 300
2026-07-16 07:58:49.600 7 INFO cinder.api.openstack.wsgi [req-d2e8b37a-6fef-4e29-ad5d-12c960bdd329 req-7f594818-eadb-4442-bb2d-713c6986264b eedfe492d0d140c1a3cecc1a45907877 c17651a0352f436ba919fa1e615976fe - - default default] GET http://10.0.0.14:8776/
2026-07-16 07:58:49.604 7 INFO cinder.api.openstack.wsgi [req-d2e8b37a-6fef-4e29-ad5d-12c960bdd329 req-7f594818-eadb-4442-bb2d-713c6986264b eedfe492d0d140c1a3cecc1a45907877 c17651a0352f436ba919fa1e615976fe - - default default] http://10.0.0.14:8776/ returned with HTTP 300
2026-07-16 07:58:59.602 8 INFO cinder.api.openstack.wsgi [req-d2e8b37a-6fef-4e29-ad5d-12c960bdd329 req-bb4c9571-8e06-4496-af66-3a93f9756f85 eedfe492d0d140c1a3cecc1a45907877 c17651a0352f436ba919fa1e615976fe - - default default] GET http://10.0.0.14:8776/
2026-07-16 07:58:59.603 7 INFO cinder.api.openstack.wsgi [req-d2e8b37a-6fef-4e29-ad5d-12c960bdd329 req-7f594818-eadb-4442-bb2d-713c6986264b eedfe492d0d140c1a3cecc1a45907877 c17651a0352f436ba919fa1e615976fe - - default default] GET http://10.0.0.14:8776/
2026-07-16 07:58:59.604 7 INFO cinder.api.openstack.wsgi [req-d2e8b37a-6fef-4e29-ad5d-12c960bdd329 req-7f594818-eadb-4442-bb2d-713c6986264b eedfe492d0d140c1a3cecc1a45907877 c17651a0352f436ba919fa1e615976fe - - default default] http://10.0.0.14:8776/ returned with HTTP 300
2026-07-16 07:58:59.605 8 INFO cinder.api.openstack.wsgi [req-d2e8b37a-6fef-4e29-ad5d-12c960bdd329 req-bb4c9571-8e06-4496-af66-3a93f9756f85 eedfe492d0d140c1a3cecc1a45907877 c17651a0352f436ba919fa1e615976fe - - default default] http://10.0.0.14:8776/ returned with HTTP 300
2026-07-16 07:59:09.600 7 INFO cinder.api.openstack.wsgi [req-d2e8b37a-6fef-4e29-ad5d-12c960bdd329 req-7f594818-eadb-4442-bb2d-713c6986264b eedfe492d0d140c1a3cecc1a45907877 c17651a0352f436ba919fa1e615976fe - - default default] GET http://10.0.0.14:8776/
2026-07-16 07:59:09.600 8 INFO cinder.api.openstack.wsgi [req-d2e8b37a-6fef-4e29-ad5d-12c960bdd329 req-bb4c9571-8e06-4496-af66-3a93f9756f85 eedfe492d0d140c1a3cecc1a45907877 c17651a0352f436ba919fa1e615976fe - - default default] GET http://10.0.0.14:8776/
2026-07-16 07:59:09.601 7 INFO cinder.api.openstack.wsgi [req-d2e8b37a-6fef-4e29-ad5d-12c960bdd329 req-7f594818-eadb-4442-bb2d-713c6986264b eedfe492d0d140c1a3cecc1a45907877 c17651a0352f436ba919fa1e615976fe - - default default] http://10.0.0.14:8776/ returned with HTTP 300
2026-07-16 07:59:09.601 8 INFO cinder.api.openstack.wsgi [req-d2e8b37a-6fef-4e29-ad5d-12c960bdd329 req-bb4c9571-8e06-4496-af66-3a93f9756f85 eedfe492d0d140c1a3cecc1a45907877 c17651a0352f436ba919fa1e615976fe - - default default] http://10.0.0.14:8776/ returned with HTTP 300
2026-07-16 07:59:19.601 8 INFO cinder.api.openstack.wsgi [req-d2e8b37a-6fef-4e29-ad5d-12c960bdd329 req-bb4c9571-8e06-4496-af66-3a93f9756f85 eedfe492d0d140c1a3cecc1a45907877 c17651a0352f436ba919fa1e615976fe - - default default] GET http://10.0.0.14:8776/
2026-07-16 07:59:19.601 8 INFO cinder.api.openstack.wsgi [req-d2e8b37a-6fef-4e29-ad5d-12c960bdd329 req-bb4c9571-8e06-4496-af66-3a93f9756f85 eedfe492d0d140c1a3cecc1a45907877 c17651a0352f436ba919fa1e615976fe - - default default] http://10.0.0.14:8776/ returned with HTTP 300
2026-07-16 07:59:19.603 7 INFO cinder.api.openstack.wsgi [req-d2e8b37a-6fef-4e29-ad5d-12c960bdd329 req-7f594818-eadb-4442-bb2d-713c6986264b eedfe492d0d140c1a3cecc1a45907877 c17651a0352f436ba919fa1e615976fe - - default default] GET http://10.0.0.14:8776/
2026-07-16 07:59:19.604 7 INFO cinder.api.openstack.wsgi [req-d2e8b37a-6fef-4e29-ad5d-12c960bdd329 req-7f594818-eadb-4442-bb2d-713c6986264b eedfe492d0d140c1a3cecc1a45907877 c17651a0352f436ba919fa1e615976fe - - default default] http://10.0.0.14:8776/ returned with HTTP 300
2026-07-16 07:59:29.600 8 INFO cinder.api.openstack.wsgi [req-d2e8b37a-6fef-4e29-ad5d-12c960bdd329 req-bb4c9571-8e06-4496-af66-3a93f9756f85 eedfe492d0d140c1a3cecc1a45907877 c17651a0352f436ba919fa1e615976fe - - default default] GET http://10.0.0.14:8776/
2026-07-16 07:59:29.600 7 INFO cinder.api.openstack.wsgi [req-d2e8b37a-6fef-4e29-ad5d-12c960bdd329 req-7f594818-eadb-4442-bb2d-713c6986264b eedfe492d0d140c1a3cecc1a45907877 c17651a0352f436ba919fa1e615976fe - - default default] GET http://10.0.0.14:8776/
2026-07-16 07:59:29.601 8 INFO cinder.api.openstack.wsgi [req-d2e8b37a-6fef-4e29-ad5d-12c960bdd329 req-bb4c9571-8e06-4496-af66-3a93f9756f85 eedfe492d0d140c1a3cecc1a45907877 c17651a0352f436ba919fa1e615976fe - - default default] http://10.0.0.14:8776/ returned with HTTP 300
2026-07-16 07:59:29.601 7 INFO cinder.api.openstack.wsgi [req-d2e8b37a-6fef-4e29-ad5d-12c960bdd329 req-7f594818-eadb-4442-bb2d-713c6986264b eedfe492d0d140c1a3cecc1a45907877 c17651a0352f436ba919fa1e615976fe - - default default] http://10.0.0.14:8776/ returned with HTTP 300 /var/lib/openstack/lib/python3.10/site-packages/pycadf/identifier.py:71: UserWarning: Invalid uuid: cinderv3. To ensure interoperability, identifiers should be a valid uuid. warnings.warn(('Invalid uuid: %s. To ensure interoperability, '
2026-07-16 07:59:38.903 7 INFO cinder.api.openstack.wsgi [None req-9d7c4c3d-84e9-47cf-ba36-5cf59681ce44 cbad9bf3c8554a178445f1f1e3128e44 ea800c6b41f649f48930eb98076afe9b - - default default] GET http://cinder-api.openstack.svc.cluster.local:8776/v3/ea800c6b41f649f48930eb98076afe9b/snapshots?all_tenants=true /var/lib/openstack/lib/python3.10/site-packages/oslo_context/context.py:100: DeprecationWarning: Policy enforcement is depending on the value of is_admin. This key is deprecated. Please update your policy file to use the standard policy values. warnings.warn('Policy enforcement is depending on the value of '
2026-07-16 07:59:38.911 7 INFO cinder.volume.api [None req-9d7c4c3d-84e9-47cf-ba36-5cf59681ce44 cbad9bf3c8554a178445f1f1e3128e44 ea800c6b41f649f48930eb98076afe9b - - default default] Get all snapshots completed successfully.
2026-07-16 07:59:38.912 7 INFO cinder.api.openstack.wsgi [None req-9d7c4c3d-84e9-47cf-ba36-5cf59681ce44 cbad9bf3c8554a178445f1f1e3128e44 ea800c6b41f649f48930eb98076afe9b - - default default] http://cinder-api.openstack.svc.cluster.local:8776/v3/ea800c6b41f649f48930eb98076afe9b/snapshots?all_tenants=true returned with HTTP 200 [pid: 7|app: 0|req: 357/719] 10.0.0.152 () {28 vars in 674 bytes} [Thu Jul 16 07:59:38 2026] GET /v3/ea800c6b41f649f48930eb98076afe9b/snapshots?all_tenants=true => generated 17 bytes in 207 msecs (HTTP/1.1 200) 7 headers in 284 bytes (1 switches on core 0) /var/lib/openstack/lib/python3.10/site-packages/pycadf/identifier.py:71: UserWarning: Invalid uuid: cinderv3. To ensure interoperability, identifiers should be a valid uuid. warnings.warn(('Invalid uuid: %s. To ensure interoperability, '
2026-07-16 07:59:38.925 8 INFO cinder.api.openstack.wsgi [None req-b871d1ec-8722-4033-b1e9-2ec038231e9a cbad9bf3c8554a178445f1f1e3128e44 ea800c6b41f649f48930eb98076afe9b - - default default] GET http://cinder-api.openstack.svc.cluster.local:8776/v3/ea800c6b41f649f48930eb98076afe9b/os-services
2026-07-16 07:59:38.932 8 INFO cinder.api.openstack.wsgi [None req-b871d1ec-8722-4033-b1e9-2ec038231e9a cbad9bf3c8554a178445f1f1e3128e44 ea800c6b41f649f48930eb98076afe9b - - default default] http://cinder-api.openstack.svc.cluster.local:8776/v3/ea800c6b41f649f48930eb98076afe9b/os-services returned with HTTP 200 [pid: 8|app: 0|req: 363/720] 10.0.0.152 () {28 vars in 645 bytes} [Thu Jul 16 07:59:38 2026] GET /v3/ea800c6b41f649f48930eb98076afe9b/os-services => generated 646 bytes in 15 msecs (HTTP/1.1 200) 7 headers in 285 bytes (1 switches on core 0)
2026-07-16 07:59:38.943 7 INFO cinder.api.openstack.wsgi [None req-addd4196-d4f5-41c2-82c0-6a6fda52fcaa cbad9bf3c8554a178445f1f1e3128e44 ea800c6b41f649f48930eb98076afe9b - - default default] GET http://cinder-api.openstack.svc.cluster.local:8776/v3/ea800c6b41f649f48930eb98076afe9b/volumes/detail?all_tenants=true
2026-07-16 07:59:38.953 7 INFO cinder.volume.api [None req-addd4196-d4f5-41c2-82c0-6a6fda52fcaa cbad9bf3c8554a178445f1f1e3128e44 ea800c6b41f649f48930eb98076afe9b - - default default] Get all volumes completed successfully.
2026-07-16 07:59:38.955 7 INFO cinder.api.openstack.wsgi [None req-addd4196-d4f5-41c2-82c0-6a6fda52fcaa cbad9bf3c8554a178445f1f1e3128e44 ea800c6b41f649f48930eb98076afe9b - - default default] http://cinder-api.openstack.svc.cluster.local:8776/v3/ea800c6b41f649f48930eb98076afe9b/volumes/detail?all_tenants=true returned with HTTP 200 [pid: 7|app: 0|req: 358/721] 10.0.0.152 () {28 vars in 684 bytes} [Thu Jul 16 07:59:38 2026] GET /v3/ea800c6b41f649f48930eb98076afe9b/volumes/detail?all_tenants=true => generated 15 bytes in 19 msecs (HTTP/1.1 200) 7 headers in 284 bytes (1 switches on core 0)
2026-07-16 07:59:38.963 8 INFO cinder.api.openstack.wsgi [None req-53341e11-7017-4afb-ba55-266c081e2189 cbad9bf3c8554a178445f1f1e3128e44 ea800c6b41f649f48930eb98076afe9b - - default default] GET http://cinder-api.openstack.svc.cluster.local:8776/v3/ea800c6b41f649f48930eb98076afe9b/volumes/detail?all_tenants=true
2026-07-16 07:59:38.974 8 INFO cinder.volume.api [None req-53341e11-7017-4afb-ba55-266c081e2189 cbad9bf3c8554a178445f1f1e3128e44 ea800c6b41f649f48930eb98076afe9b - - default default] Get all volumes completed successfully.
2026-07-16 07:59:38.976 8 INFO cinder.api.openstack.wsgi [None req-53341e11-7017-4afb-ba55-266c081e2189 cbad9bf3c8554a178445f1f1e3128e44 ea800c6b41f649f48930eb98076afe9b - - default default] http://cinder-api.openstack.svc.cluster.local:8776/v3/ea800c6b41f649f48930eb98076afe9b/volumes/detail?all_tenants=true returned with HTTP 200 [pid: 8|app: 0|req: 364/722] 10.0.0.152 () {28 vars in 684 bytes} [Thu Jul 16 07:59:38 2026] GET /v3/ea800c6b41f649f48930eb98076afe9b/volumes/detail?all_tenants=true => generated 15 bytes in 19 msecs (HTTP/1.1 200) 7 headers in 284 bytes (1 switches on core 0)
2026-07-16 07:59:39.090 7 INFO cinder.api.openstack.wsgi [None req-ccfcd7c7-a25c-4666-a496-58c0f317e8c8 cbad9bf3c8554a178445f1f1e3128e44 ea800c6b41f649f48930eb98076afe9b - - default default] GET http://cinder-api.openstack.svc.cluster.local:8776/v3/ea800c6b41f649f48930eb98076afe9b/os-quota-sets/417ca2ee5217489e8a29864753bf6db6?usage=true
2026-07-16 07:59:39.113 7 INFO cinder.api.openstack.wsgi [None req-ccfcd7c7-a25c-4666-a496-58c0f317e8c8 cbad9bf3c8554a178445f1f1e3128e44 ea800c6b41f649f48930eb98076afe9b - - default default] http://cinder-api.openstack.svc.cluster.local:8776/v3/ea800c6b41f649f48930eb98076afe9b/os-quota-sets/417ca2ee5217489e8a29864753bf6db6?usage=true returned with HTTP 200 [pid: 7|app: 0|req: 359/723] 10.0.0.152 () {28 vars in 736 bytes} [Thu Jul 16 07:59:39 2026] GET /v3/ea800c6b41f649f48930eb98076afe9b/os-quota-sets/417ca2ee5217489e8a29864753bf6db6?usage=true => generated 845 bytes in 33 msecs (HTTP/1.1 200) 7 headers in 285 bytes (1 switches on core 0)
2026-07-16 07:59:39.124 8 INFO cinder.api.openstack.wsgi [None req-b1fe2116-8f2d-4022-9010-0aebb9ca387e cbad9bf3c8554a178445f1f1e3128e44 ea800c6b41f649f48930eb98076afe9b - - default default] GET http://cinder-api.openstack.svc.cluster.local:8776/v3/ea800c6b41f649f48930eb98076afe9b/os-quota-sets/47390e0843df48aca12921eeb9b82b73?usage=true
2026-07-16 07:59:39.147 8 INFO cinder.api.openstack.wsgi [None req-b1fe2116-8f2d-4022-9010-0aebb9ca387e cbad9bf3c8554a178445f1f1e3128e44 ea800c6b41f649f48930eb98076afe9b - - default default] http://cinder-api.openstack.svc.cluster.local:8776/v3/ea800c6b41f649f48930eb98076afe9b/os-quota-sets/47390e0843df48aca12921eeb9b82b73?usage=true returned with HTTP 200 [pid: 8|app: 0|req: 365/724] 10.0.0.152 () {28 vars in 736 bytes} [Thu Jul 16 07:59:39 2026] GET /v3/ea800c6b41f649f48930eb98076afe9b/os-quota-sets/47390e0843df48aca12921eeb9b82b73?usage=true => generated 847 bytes in 31 msecs (HTTP/1.1 200) 7 headers in 285 bytes (1 switches on core 0)
2026-07-16 07:59:39.159 7 INFO cinder.api.openstack.wsgi [None req-fcc7d159-4aee-4f7d-a2a6-7b2a4c03185e cbad9bf3c8554a178445f1f1e3128e44 ea800c6b41f649f48930eb98076afe9b - - default default] GET http://cinder-api.openstack.svc.cluster.local:8776/v3/ea800c6b41f649f48930eb98076afe9b/os-quota-sets/5976c1e1bc7742179131d2d3c440e4ab?usage=true
2026-07-16 07:59:39.190 7 INFO cinder.api.openstack.wsgi [None req-fcc7d159-4aee-4f7d-a2a6-7b2a4c03185e cbad9bf3c8554a178445f1f1e3128e44 ea800c6b41f649f48930eb98076afe9b - - default default] http://cinder-api.openstack.svc.cluster.local:8776/v3/ea800c6b41f649f48930eb98076afe9b/os-quota-sets/5976c1e1bc7742179131d2d3c440e4ab?usage=true returned with HTTP 200 [pid: 7|app: 0|req: 360/725] 10.0.0.152 () {28 vars in 736 bytes} [Thu Jul 16 07:59:39 2026] GET /v3/ea800c6b41f649f48930eb98076afe9b/os-quota-sets/5976c1e1bc7742179131d2d3c440e4ab?usage=true => generated 847 bytes in 39 msecs (HTTP/1.1 200) 7 headers in 285 bytes (1 switches on core 0)
2026-07-16 07:59:39.202 8 INFO cinder.api.openstack.wsgi [None req-9aaaa698-9d3a-4d20-85c6-e04b9dde3747 cbad9bf3c8554a178445f1f1e3128e44 ea800c6b41f649f48930eb98076afe9b - - default default] GET http://cinder-api.openstack.svc.cluster.local:8776/v3/ea800c6b41f649f48930eb98076afe9b/os-quota-sets/8fcc85e19fc343a8b2886a5de3a5f980?usage=true
2026-07-16 07:59:39.242 8 INFO cinder.api.openstack.wsgi [None req-9aaaa698-9d3a-4d20-85c6-e04b9dde3747 cbad9bf3c8554a178445f1f1e3128e44 ea800c6b41f649f48930eb98076afe9b - - default default] http://cinder-api.openstack.svc.cluster.local:8776/v3/ea800c6b41f649f48930eb98076afe9b/os-quota-sets/8fcc85e19fc343a8b2886a5de3a5f980?usage=true returned with HTTP 200 [pid: 8|app: 0|req: 366/726] 10.0.0.152 () {28 vars in 736 bytes} [Thu Jul 16 07:59:39 2026] GET /v3/ea800c6b41f649f48930eb98076afe9b/os-quota-sets/8fcc85e19fc343a8b2886a5de3a5f980?usage=true => generated 847 bytes in 49 msecs (HTTP/1.1 200) 7 headers in 285 bytes (1 switches on core 0)
