2026-07-15 15:48:38.241 8 INFO neutron.plugins.ml2.drivers.ovn.mech_driver.mech_driver [None req-e729938c-1b1f-4938-ac45-f57860376584 - - - - - -] OVN reports status down for port: 53733a86-aeee-4953-83e4-a2838f7d5f56
2026-07-15 15:48:38.267 7 INFO neutron.db.ovn_revision_numbers_db [None req-40fd24c8-62fd-491a-925b-51116b98b8ae 8f06a0415a3c402c99c58d8bb7121c5e e116e16050c049aebb0c77281c8230f4 - - default default] Successfully bumped revision number for resource 53733a86-aeee-4953-83e4-a2838f7d5f56 (type: ports) to 1 [pid: 7|app: 0|req: 796/1661] 10.0.0.232 () {34 vars in 670 bytes} [Wed Jul 15 15:48:37 2026] POST /v2.0/networks => generated 687 bytes in 514 msecs (HTTP/1.1 201) 4 headers in 162 bytes (1 switches on core 0)
2026-07-15 15:48:38.392 8 INFO neutron.db.segments_db [None req-b439ea43-b739-4013-aff4-bd96912f9fc1 8f06a0415a3c402c99c58d8bb7121c5e e116e16050c049aebb0c77281c8230f4 - - default default] Added segment 837934e7-da49-4e6b-bd2b-50f27ad5cace of type geneve for network 61657b95-9e49-4e69-9479-85fef4614437
2026-07-15 15:48:38.495 8 INFO neutron.db.ovn_revision_numbers_db [None req-b439ea43-b739-4013-aff4-bd96912f9fc1 8f06a0415a3c402c99c58d8bb7121c5e e116e16050c049aebb0c77281c8230f4 - - default default] Successfully bumped revision number for resource 61657b95-9e49-4e69-9479-85fef4614437 (type: networks) to 1
2026-07-15 15:48:38.664 8 WARNING neutron.scheduler.dhcp_agent_scheduler [None req-b439ea43-b739-4013-aff4-bd96912f9fc1 8f06a0415a3c402c99c58d8bb7121c5e e116e16050c049aebb0c77281c8230f4 - - default default] No more DHCP agents
2026-07-15 15:48:38.666 8 WARNING neutron.api.rpc.agentnotifiers.dhcp_rpc_agent_api [None req-b439ea43-b739-4013-aff4-bd96912f9fc1 8f06a0415a3c402c99c58d8bb7121c5e e116e16050c049aebb0c77281c8230f4 - - default default] Unable to schedule network 61657b95-9e49-4e69-9479-85fef4614437: no agents available; will retry on subsequent port and subnet creation events.
2026-07-15 15:48:38.713 8 INFO neutron.plugins.ml2.drivers.ovn.mech_driver.mech_driver [None req-e729938c-1b1f-4938-ac45-f57860376584 - - - - - -] OVN reports status down for port: a16d1bd2-b110-4266-a96e-89efd5ac864b [pid: 7|app: 0|req: 797/1662] 10.0.0.223 () {34 vars in 990 bytes} [Wed Jul 15 15:48:38 2026] GET /v2.0/ports?device_id=5712c3ea-20e0-466a-9c67-162defac0c0e => generated 971 bytes in 94 msecs (HTTP/1.1 200) 4 headers in 157 bytes (1 switches on core 0)
2026-07-15 15:48:38.778 8 INFO neutron.db.ovn_revision_numbers_db [None req-b439ea43-b739-4013-aff4-bd96912f9fc1 8f06a0415a3c402c99c58d8bb7121c5e e116e16050c049aebb0c77281c8230f4 - - default default] Successfully bumped revision number for resource a16d1bd2-b110-4266-a96e-89efd5ac864b (type: ports) to 1 [pid: 7|app: 0|req: 798/1663] 10.0.0.223 () {34 vars in 1040 bytes} [Wed Jul 15 15:48:38 2026] GET /v2.0/security-groups?id=964bcad9-aaa9-48e9-aa2d-c908d17eefca&fields=id&fields=name => generated 114 bytes in 31 msecs (HTTP/1.1 200) 4 headers in 157 bytes (1 switches on core 0) [pid: 8|app: 0|req: 866/1664] 10.0.0.232 () {34 vars in 670 bytes} [Wed Jul 15 15:48:38 2026] POST /v2.0/networks => generated 688 bytes in 540 msecs (HTTP/1.1 201) 4 headers in 162 bytes (1 switches on core 0) [pid: 8|app: 0|req: 867/1665] 10.0.0.223 () {34 vars in 990 bytes} [Wed Jul 15 15:48:39 2026] GET /v2.0/ports?device_id=32c634de-716e-48ef-99f0-67045606a035 => generated 12 bytes in 21 msecs (HTTP/1.1 200) 4 headers in 156 bytes (1 switches on core 0)
2026-07-15 15:48:39.248 7 WARNING neutron.scheduler.dhcp_agent_scheduler [None req-0f82894c-35c9-4672-acbc-e34eecf14a5b 8f06a0415a3c402c99c58d8bb7121c5e e116e16050c049aebb0c77281c8230f4 - - default default] No more DHCP agents
2026-07-15 15:48:39.249 7 WARNING neutron.api.rpc.agentnotifiers.dhcp_rpc_agent_api [None req-0f82894c-35c9-4672-acbc-e34eecf14a5b 8f06a0415a3c402c99c58d8bb7121c5e e116e16050c049aebb0c77281c8230f4 - - default default] Unable to schedule network c3df290e-55f8-470d-a5f5-37c5d1747e0d: no agents available; will retry on subsequent port and subnet creation events.
2026-07-15 15:48:39.296 8 INFO neutron.plugins.ml2.drivers.ovn.mech_driver.mech_driver [None req-e729938c-1b1f-4938-ac45-f57860376584 - - - - - -] OVN reports status down for port: 87f13865-ee49-49d5-9f84-cd923047654a
2026-07-15 15:48:39.328 7 INFO neutron.db.ovn_revision_numbers_db [None req-0f82894c-35c9-4672-acbc-e34eecf14a5b 8f06a0415a3c402c99c58d8bb7121c5e e116e16050c049aebb0c77281c8230f4 - - default default] Successfully bumped revision number for resource 87f13865-ee49-49d5-9f84-cd923047654a (type: ports) to 1
2026-07-15 15:48:39.377 7 WARNING neutron.scheduler.dhcp_agent_scheduler [None req-0f82894c-35c9-4672-acbc-e34eecf14a5b 8f06a0415a3c402c99c58d8bb7121c5e e116e16050c049aebb0c77281c8230f4 - - default default] No more DHCP agents
2026-07-15 15:48:39.378 7 WARNING neutron.api.rpc.agentnotifiers.dhcp_rpc_agent_api [None req-0f82894c-35c9-4672-acbc-e34eecf14a5b 8f06a0415a3c402c99c58d8bb7121c5e e116e16050c049aebb0c77281c8230f4 - - default default] Unable to schedule network 61657b95-9e49-4e69-9479-85fef4614437: no agents available; will retry on subsequent port and subnet creation events.
2026-07-15 15:48:39.426 8 INFO neutron.plugins.ml2.drivers.ovn.mech_driver.mech_driver [None req-e729938c-1b1f-4938-ac45-f57860376584 - - - - - -] OVN reports status down for port: c1c6b84f-7025-4614-96ef-fb15f008dbbf
2026-07-15 15:48:39.455 7 INFO neutron.db.ovn_revision_numbers_db [None req-0f82894c-35c9-4672-acbc-e34eecf14a5b 8f06a0415a3c402c99c58d8bb7121c5e e116e16050c049aebb0c77281c8230f4 - - default default] Successfully bumped revision number for resource c1c6b84f-7025-4614-96ef-fb15f008dbbf (type: ports) to 1 [pid: 7|app: 0|req: 799/1666] 10.0.0.232 () {34 vars in 665 bytes} [Wed Jul 15 15:48:38 2026] POST /v2.0/ports => generated 1506 bytes in 706 msecs (HTTP/1.1 201) 4 headers in 163 bytes (1 switches on core 0) [pid: 8|app: 0|req: 868/1667] 10.0.0.232 () {32 vars in 643 bytes} [Wed Jul 15 15:48:39 2026] GET /v2.0/ports => generated 3018 bytes in 110 msecs (HTTP/1.1 200) 4 headers in 158 bytes (1 switches on core 0) /var/lib/openstack/lib/python3.12/site-packages/pycadf/identifier.py:70: UserWarning: Invalid uuid: neutron. To ensure interoperability, identifiers should be a valid uuid. warnings.warn(('Invalid uuid: %s. To ensure interoperability, '
2026-07-15 15:48:39.723 8 INFO neutron.plugins.ml2.drivers.ovn.mech_driver.mech_driver [None req-e729938c-1b1f-4938-ac45-f57860376584 - - - - - -] OVN reports status down for port: bcf5f7d3-cb0b-4847-81f9-5cfee27e0e4a
2026-07-15 15:48:39.867 7 INFO neutron_taas.services.taas.taas_plugin [None req-2625054a-0f0a-42fe-91bf-c73303483bce 8f06a0415a3c402c99c58d8bb7121c5e e116e16050c049aebb0c77281c8230f4 - - default default] TaaS: Handle Delete Port: 87f13865-ee49-49d5-9f84-cd923047654a
2026-07-15 15:48:39.872 7 INFO neutron_taas.services.taas.tap_mirror_plugin [None req-2625054a-0f0a-42fe-91bf-c73303483bce 8f06a0415a3c402c99c58d8bb7121c5e e116e16050c049aebb0c77281c8230f4 - - default default] Tap Mirror: Handle Delete Port: 87f13865-ee49-49d5-9f84-cd923047654a
2026-07-15 15:48:39.902 8 INFO neutron.notifiers.nova [-] Nova event matching ['req-50282cb6-ac72-4963-a56e-a8e66b57e11e'] response: {'server_uuid': '5712c3ea-20e0-466a-9c67-162defac0c0e', 'name': 'network-vif-unplugged', 'status': 'completed', 'tag': 'bcf5f7d3-cb0b-4847-81f9-5cfee27e0e4a', 'code': 200} [pid: 7|app: 0|req: 800/1668] 10.0.0.232 () {32 vars in 720 bytes} [Wed Jul 15 15:48:39 2026] DELETE /v2.0/ports/87f13865-ee49-49d5-9f84-cd923047654a => generated 0 bytes in 304 msecs (HTTP/1.1 204) 3 headers in 131 bytes (1 switches on core 0) [pid: 8|app: 0|req: 869/1669] 10.0.0.223 () {34 vars in 990 bytes} [Wed Jul 15 15:48:39 2026] GET /v2.0/ports?device_id=5712c3ea-20e0-466a-9c67-162defac0c0e => generated 969 bytes in 148 msecs (HTTP/1.1 200) 4 headers in 157 bytes (1 switches on core 0)
2026-07-15 15:48:40.082 7 INFO neutron_taas.services.taas.taas_plugin [None req-6fd5bed4-2be9-4518-ac5b-170a79692efb 8f06a0415a3c402c99c58d8bb7121c5e e116e16050c049aebb0c77281c8230f4 - - default default] TaaS: Handle Delete Port: c1c6b84f-7025-4614-96ef-fb15f008dbbf
2026-07-15 15:48:40.085 7 INFO neutron_taas.services.taas.tap_mirror_plugin [None req-6fd5bed4-2be9-4518-ac5b-170a79692efb 8f06a0415a3c402c99c58d8bb7121c5e e116e16050c049aebb0c77281c8230f4 - - default default] Tap Mirror: Handle Delete Port: c1c6b84f-7025-4614-96ef-fb15f008dbbf [pid: 8|app: 0|req: 870/1670] 10.0.0.223 () {34 vars in 1040 bytes} [Wed Jul 15 15:48:40 2026] GET /v2.0/security-groups?id=964bcad9-aaa9-48e9-aa2d-c908d17eefca&fields=id&fields=name => generated 114 bytes in 58 msecs (HTTP/1.1 200) 4 headers in 157 bytes (1 switches on core 0)
2026-07-15 15:48:40.142 8 INFO neutron.db.ovn_revision_numbers_db [None req-e729938c-1b1f-4938-ac45-f57860376584 - - - - - -] Successfully bumped revision number for resource bcf5f7d3-cb0b-4847-81f9-5cfee27e0e4a (type: ports) to 6 [pid: 7|app: 0|req: 801/1671] 10.0.0.232 () {32 vars in 720 bytes} [Wed Jul 15 15:48:39 2026] DELETE /v2.0/ports/c1c6b84f-7025-4614-96ef-fb15f008dbbf => generated 0 bytes in 245 msecs (HTTP/1.1 204) 3 headers in 131 bytes (1 switches on core 0) /var/lib/openstack/lib/python3.12/site-packages/pycadf/identifier.py:70: UserWarning: Invalid uuid: neutron. To ensure interoperability, identifiers should be a valid uuid. warnings.warn(('Invalid uuid: %s. To ensure interoperability, ' [pid: 8|app: 0|req: 871/1672] 10.0.0.232 () {32 vars in 643 bytes} [Wed Jul 15 15:48:40 2026] GET /v2.0/ports => generated 1523 bytes in 43 msecs (HTTP/1.1 200) 4 headers in 158 bytes (1 switches on core 0)
2026-07-15 15:48:40.364 8 INFO neutron.db.segments_db [None req-2c28ffa5-ead5-46ae-a7a0-5e5237eea116 8f06a0415a3c402c99c58d8bb7121c5e e116e16050c049aebb0c77281c8230f4 - - default default] Added segment dc93b27a-22f7-4832-9378-60adde933eaf of type geneve for network d6ffae73-1b60-4bdd-9730-5c03596b2da7 [pid: 7|app: 0|req: 802/1673] 10.0.0.232 () {32 vars in 740 bytes} [Wed Jul 15 15:48:40 2026] DELETE /v2.0/security-groups/cad9d5e6-3237-4681-8a8a-d601954a3d0f => generated 0 bytes in 122 msecs (HTTP/1.1 204) 2 headers in 112 bytes (1 switches on core 0)
2026-07-15 15:48:40.401 7 INFO neutron.api.v2.resource [None req-b95d8035-d6ff-41c1-a946-0758e056963f 21db988c3ab446f1885c94430401338d 60e531ae5aa44ee49d65c9a4fb17d8ab - - default default] show failed (client error): The resource could not be found. [pid: 7|app: 0|req: 803/1674] 10.0.0.232 () {32 vars in 737 bytes} [Wed Jul 15 15:48:40 2026] GET /v2.0/security-groups/cad9d5e6-3237-4681-8a8a-d601954a3d0f => generated 146 bytes in 10 msecs (HTTP/1.1 404) 4 headers in 164 bytes (1 switches on core 0)
2026-07-15 15:48:40.480 8 INFO neutron.db.ovn_revision_numbers_db [None req-2c28ffa5-ead5-46ae-a7a0-5e5237eea116 8f06a0415a3c402c99c58d8bb7121c5e e116e16050c049aebb0c77281c8230f4 - - default default] Successfully bumped revision number for resource d6ffae73-1b60-4bdd-9730-5c03596b2da7 (type: networks) to 1
2026-07-15 15:48:40.535 7 INFO neutron_taas.services.taas.taas_plugin [None req-4b5e6da7-7ae4-4c71-b533-190ad962f0a3 21db988c3ab446f1885c94430401338d 60e531ae5aa44ee49d65c9a4fb17d8ab - - default default] TaaS: Handle Delete Port: d3c21377-beac-44f7-8593-923c889e0eeb
2026-07-15 15:48:40.538 7 INFO neutron_taas.services.taas.tap_mirror_plugin [None req-4b5e6da7-7ae4-4c71-b533-190ad962f0a3 21db988c3ab446f1885c94430401338d 60e531ae5aa44ee49d65c9a4fb17d8ab - - default default] Tap Mirror: Handle Delete Port: d3c21377-beac-44f7-8593-923c889e0eeb
2026-07-15 15:48:40.636 8 WARNING neutron.scheduler.dhcp_agent_scheduler [None req-2c28ffa5-ead5-46ae-a7a0-5e5237eea116 8f06a0415a3c402c99c58d8bb7121c5e e116e16050c049aebb0c77281c8230f4 - - default default] No more DHCP agents
2026-07-15 15:48:40.639 8 WARNING neutron.api.rpc.agentnotifiers.dhcp_rpc_agent_api [None req-2c28ffa5-ead5-46ae-a7a0-5e5237eea116 8f06a0415a3c402c99c58d8bb7121c5e e116e16050c049aebb0c77281c8230f4 - - default default] Unable to schedule network d6ffae73-1b60-4bdd-9730-5c03596b2da7: no agents available; will retry on subsequent port and subnet creation events.
2026-07-15 15:48:40.687 8 INFO neutron.plugins.ml2.drivers.ovn.mech_driver.mech_driver [None req-bcbfa642-9e3c-4e31-87b3-bc8f179b2cc6 - - - - - -] OVN reports status down for port: 33504b9a-eedf-42fd-9172-dcfb42178d2f [pid: 7|app: 0|req: 804/1675] 10.0.0.232 () {32 vars in 732 bytes} [Wed Jul 15 15:48:40 2026] DELETE /v2.0/floatingips/c3787c74-cc3c-41a4-b636-7e376a879192 => generated 0 bytes in 334 msecs (HTTP/1.1 204) 2 headers in 112 bytes (1 switches on core 0)
2026-07-15 15:48:40.765 8 INFO neutron.db.ovn_revision_numbers_db [None req-2c28ffa5-ead5-46ae-a7a0-5e5237eea116 8f06a0415a3c402c99c58d8bb7121c5e e116e16050c049aebb0c77281c8230f4 - - default default] Successfully bumped revision number for resource 33504b9a-eedf-42fd-9172-dcfb42178d2f (type: ports) to 1 [pid: 8|app: 0|req: 872/1676] 10.0.0.232 () {34 vars in 670 bytes} [Wed Jul 15 15:48:40 2026] POST /v2.0/networks => generated 687 bytes in 550 msecs (HTTP/1.1 201) 4 headers in 162 bytes (1 switches on core 0)
2026-07-15 15:48:40.925 8 INFO neutron.db.segments_db [None req-c417e49e-fe31-4491-880b-dae419ed392f 8f06a0415a3c402c99c58d8bb7121c5e e116e16050c049aebb0c77281c8230f4 - - default default] Added segment ed94a129-9a08-4f52-aa59-446a50b2331d of type geneve for network f8873994-d0a0-47b4-b3e2-6ecb423bda5d
2026-07-15 15:48:41.034 8 INFO neutron.db.ovn_revision_numbers_db [None req-c417e49e-fe31-4491-880b-dae419ed392f 8f06a0415a3c402c99c58d8bb7121c5e e116e16050c049aebb0c77281c8230f4 - - default default] Successfully bumped revision number for resource f8873994-d0a0-47b4-b3e2-6ecb423bda5d (type: networks) to 1
2026-07-15 15:48:41.049 7 INFO neutron_taas.services.taas.taas_plugin [None req-e58dd9be-0856-4ba5-a0b3-4292ae847adb d8371b4f91eb4717a818c8f54321c085 a2dcf293a86c4ecdaed227b69955d4b1 - - default default] TaaS: Handle Delete Port: 511b193d-9d30-4cdf-8bd7-c8b805336a8f
2026-07-15 15:48:41.051 7 INFO neutron_taas.services.taas.tap_mirror_plugin [None req-e58dd9be-0856-4ba5-a0b3-4292ae847adb d8371b4f91eb4717a818c8f54321c085 a2dcf293a86c4ecdaed227b69955d4b1 - - default default] Tap Mirror: Handle Delete Port: 511b193d-9d30-4cdf-8bd7-c8b805336a8f
2026-07-15 15:48:41.205 8 WARNING neutron.scheduler.dhcp_agent_scheduler [None req-c417e49e-fe31-4491-880b-dae419ed392f 8f06a0415a3c402c99c58d8bb7121c5e e116e16050c049aebb0c77281c8230f4 - - default default] No more DHCP agents
2026-07-15 15:48:41.207 8 WARNING neutron.api.rpc.agentnotifiers.dhcp_rpc_agent_api [None req-c417e49e-fe31-4491-880b-dae419ed392f 8f06a0415a3c402c99c58d8bb7121c5e e116e16050c049aebb0c77281c8230f4 - - default default] Unable to schedule network f8873994-d0a0-47b4-b3e2-6ecb423bda5d: no agents available; will retry on subsequent port and subnet creation events.
2026-07-15 15:48:41.252 8 INFO neutron.plugins.ml2.drivers.ovn.mech_driver.mech_driver [None req-bcbfa642-9e3c-4e31-87b3-bc8f179b2cc6 - - - - - -] OVN reports status down for port: 12d21d2a-4e9c-4c66-a10e-896f48fa1ea4
2026-07-15 15:48:41.308 8 INFO neutron.db.ovn_revision_numbers_db [None req-c417e49e-fe31-4491-880b-dae419ed392f 8f06a0415a3c402c99c58d8bb7121c5e e116e16050c049aebb0c77281c8230f4 - - default default] Successfully bumped revision number for resource 12d21d2a-4e9c-4c66-a10e-896f48fa1ea4 (type: ports) to 1 [pid: 8|app: 0|req: 873/1677] 10.0.0.232 () {34 vars in 670 bytes} [Wed Jul 15 15:48:40 2026] POST /v2.0/networks => generated 687 bytes in 509 msecs (HTTP/1.1 201) 4 headers in 162 bytes (1 switches on core 0) [pid: 8|app: 0|req: 874/1678] 199.19.213.166 () {34 vars in 994 bytes} [Wed Jul 15 15:48:41 2026] GET /v2.0/ports?device_id=5712c3ea-20e0-466a-9c67-162defac0c0e => generated 969 bytes in 44 msecs (HTTP/1.1 200) 4 headers in 157 bytes (1 switches on core 0) [pid: 8|app: 0|req: 875/1679] 10.0.0.223 () {34 vars in 990 bytes} [Wed Jul 15 15:48:41 2026] GET /v2.0/ports?device_id=5712c3ea-20e0-466a-9c67-162defac0c0e => generated 969 bytes in 30 msecs (HTTP/1.1 200) 4 headers in 157 bytes (1 switches on core 0) [pid: 7|app: 0|req: 805/1680] 10.0.0.232 () {34 vars in 789 bytes} [Wed Jul 15 15:48:40 2026] PUT /v2.0/routers/a762c65c-64ed-4729-af85-0c5b0edeff4c/remove_router_interface => generated 309 bytes in 905 msecs (HTTP/1.1 200) 4 headers in 157 bytes (1 switches on core 0) /var/lib/openstack/lib/python3.12/site-packages/pycadf/identifier.py:70: UserWarning: Invalid uuid: neutron. To ensure interoperability, identifiers should be a valid uuid. warnings.warn(('Invalid uuid: %s. To ensure interoperability, '
2026-07-15 15:48:41.714 8 WARNING neutron.scheduler.dhcp_agent_scheduler [None req-5c18e109-529a-4607-8fc3-15b6c5b345d3 8f06a0415a3c402c99c58d8bb7121c5e e116e16050c049aebb0c77281c8230f4 - - default default] No more DHCP agents
2026-07-15 15:48:41.715 8 WARNING neutron.api.rpc.agentnotifiers.dhcp_rpc_agent_api [None req-5c18e109-529a-4607-8fc3-15b6c5b345d3 8f06a0415a3c402c99c58d8bb7121c5e e116e16050c049aebb0c77281c8230f4 - - default default] Unable to schedule network d6ffae73-1b60-4bdd-9730-5c03596b2da7: no agents available; will retry on subsequent port and subnet creation events.
2026-07-15 15:48:41.788 7 INFO neutron_taas.services.taas.taas_plugin [req-cf2ccae8-f6e0-4209-b1ce-efcb333997e9 req-2a2f4d30-db84-4551-bdbb-2063a8b07097 e08f56480df14b74bc80c28c2a2373f4 5fc35be6b45f49f899473bb56d98086c - - default default] TaaS: Handle Delete Port: bcf5f7d3-cb0b-4847-81f9-5cfee27e0e4a
2026-07-15 15:48:41.791 7 INFO neutron_taas.services.taas.tap_mirror_plugin [req-cf2ccae8-f6e0-4209-b1ce-efcb333997e9 req-2a2f4d30-db84-4551-bdbb-2063a8b07097 e08f56480df14b74bc80c28c2a2373f4 5fc35be6b45f49f899473bb56d98086c - - default default] Tap Mirror: Handle Delete Port: bcf5f7d3-cb0b-4847-81f9-5cfee27e0e4a
2026-07-15 15:48:41.941 8 INFO neutron.notifiers.nova [-] Nova event matching ['req-31f5ba47-77ac-4dec-81e8-12bb9a9920b9'] response: {'server_uuid': '5712c3ea-20e0-466a-9c67-162defac0c0e', 'name': 'network-vif-unplugged', 'status': 'completed', 'tag': 'bcf5f7d3-cb0b-4847-81f9-5cfee27e0e4a', 'code': 200}
2026-07-15 15:48:41.962 7 INFO neutron.db.l3_db [req-cf2ccae8-f6e0-4209-b1ce-efcb333997e9 req-2a2f4d30-db84-4551-bdbb-2063a8b07097 e08f56480df14b74bc80c28c2a2373f4 5fc35be6b45f49f899473bb56d98086c - - default default] Floating IP 4a92df91-2fda-4f31-b04d-490717ea1a64 disassociated. External IP: 10.96.250.208, port: bcf5f7d3-cb0b-4847-81f9-5cfee27e0e4a. [pid: 7|app: 0|req: 806/1681] 199.19.213.166 () {36 vars in 997 bytes} [Wed Jul 15 15:48:41 2026] DELETE /v2.0/ports/bcf5f7d3-cb0b-4847-81f9-5cfee27e0e4a => generated 0 bytes in 419 msecs (HTTP/1.1 204) 3 headers in 131 bytes (1 switches on core 0) [pid: 7|app: 0|req: 807/1682] 10.0.0.223 () {34 vars in 1040 bytes} [Wed Jul 15 15:48:42 2026] GET /v2.0/security-groups?id=964bcad9-aaa9-48e9-aa2d-c908d17eefca&fields=id&fields=name => generated 114 bytes in 38 msecs (HTTP/1.1 200) 4 headers in 157 bytes (1 switches on core 0)
2026-07-15 15:48:42.119 7 INFO neutron.notifiers.nova [-] Nova event matching ['req-2021d2fc-69f3-43ae-b840-78ee6739837a'] response: {'server_uuid': '5712c3ea-20e0-466a-9c67-162defac0c0e', 'name': 'network-vif-deleted', 'tag': 'bcf5f7d3-cb0b-4847-81f9-5cfee27e0e4a', 'status': 'completed', 'code': 200}
2026-07-15 15:48:42.193 8 INFO neutron.db.ovn_revision_numbers_db [None req-6a015754-d9f4-49e5-aa12-d043b8e4ecfe - - - - - -] Successfully bumped revision number for resource 33504b9a-eedf-42fd-9172-dcfb42178d2f (type: ports) to 2
2026-07-15 15:48:42.231 8 INFO neutron.db.ovn_revision_numbers_db [None req-6a015754-d9f4-49e5-aa12-d043b8e4ecfe - - - - - -] Successfully bumped revision number for resource cfdee326-100c-4e33-a4b0-21bbf5e913aa (type: subnets) to 0
2026-07-15 15:48:42.255 8 WARNING neutron.scheduler.dhcp_agent_scheduler [None req-5c18e109-529a-4607-8fc3-15b6c5b345d3 8f06a0415a3c402c99c58d8bb7121c5e e116e16050c049aebb0c77281c8230f4 - - default default] No more DHCP agents
2026-07-15 15:48:42.256 8 WARNING neutron.api.rpc.agentnotifiers.dhcp_rpc_agent_api [None req-5c18e109-529a-4607-8fc3-15b6c5b345d3 8f06a0415a3c402c99c58d8bb7121c5e e116e16050c049aebb0c77281c8230f4 - - default default] Unable to schedule network f8873994-d0a0-47b4-b3e2-6ecb423bda5d: no agents available; will retry on subsequent port and subnet creation events.
2026-07-15 15:48:42.452 7 INFO neutron_taas.services.taas.taas_plugin [None req-c0f98735-0f17-458c-ad75-83fe3bdee42f d8371b4f91eb4717a818c8f54321c085 a2dcf293a86c4ecdaed227b69955d4b1 - - default default] TaaS: Handle Delete Port: 1bf11773-05df-4eef-9469-4bd0a4a0a305
2026-07-15 15:48:42.455 7 INFO neutron_taas.services.taas.tap_mirror_plugin [None req-c0f98735-0f17-458c-ad75-83fe3bdee42f d8371b4f91eb4717a818c8f54321c085 a2dcf293a86c4ecdaed227b69955d4b1 - - default default] Tap Mirror: Handle Delete Port: 1bf11773-05df-4eef-9469-4bd0a4a0a305
2026-07-15 15:48:42.675 8 INFO neutron.db.ovn_revision_numbers_db [None req-8d63b006-b086-47a9-8d1f-a2a5f54edc1a - - - - - -] Successfully bumped revision number for resource 12d21d2a-4e9c-4c66-a10e-896f48fa1ea4 (type: ports) to 2
2026-07-15 15:48:42.705 8 INFO neutron.db.ovn_revision_numbers_db [None req-8d63b006-b086-47a9-8d1f-a2a5f54edc1a - - - - - -] Successfully bumped revision number for resource dba00769-4328-4553-b5c4-5e01fe05b1cc (type: subnets) to 0 [pid: 8|app: 0|req: 876/1683] 10.0.0.232 () {34 vars in 669 bytes} [Wed Jul 15 15:48:41 2026] POST /v2.0/subnets => generated 1274 bytes in 1304 msecs (HTTP/1.1 201) 4 headers in 163 bytes (1 switches on core 0) /var/lib/openstack/lib/python3.12/site-packages/pycadf/identifier.py:70: UserWarning: Invalid uuid: neutron. To ensure interoperability, identifiers should be a valid uuid. warnings.warn(('Invalid uuid: %s. To ensure interoperability, ' [pid: 8|app: 0|req: 877/1684] 10.0.0.232 () {32 vars in 647 bytes} [Wed Jul 15 15:48:42 2026] GET /v2.0/subnets => generated 1910 bytes in 42 msecs (HTTP/1.1 200) 4 headers in 158 bytes (1 switches on core 0) [pid: 7|app: 0|req: 808/1685] 10.0.0.232 () {32 vars in 724 bytes} [Wed Jul 15 15:48:42 2026] DELETE /v2.0/routers/a762c65c-64ed-4729-af85-0c5b0edeff4c => generated 0 bytes in 745 msecs (HTTP/1.1 204) 2 headers in 112 bytes (1 switches on core 0) [pid: 8|app: 0|req: 878/1686] 10.0.0.232 () {32 vars in 724 bytes} [Wed Jul 15 15:48:42 2026] DELETE /v2.0/subnets/cfdee326-100c-4e33-a4b0-21bbf5e913aa => generated 0 bytes in 168 msecs (HTTP/1.1 204) 3 headers in 131 bytes (1 switches on core 0) [pid: 7|app: 0|req: 809/1687] 10.0.0.232 () {32 vars in 724 bytes} [Wed Jul 15 15:48:42 2026] DELETE /v2.0/subnets/24b875a5-fd5b-47da-93bd-2e8428ce4550 => generated 0 bytes in 175 msecs (HTTP/1.1 204) 3 headers in 131 bytes (1 switches on core 0) [pid: 8|app: 0|req: 879/1688] 10.0.0.232 () {32 vars in 724 bytes} [Wed Jul 15 15:48:42 2026] DELETE /v2.0/subnets/dba00769-4328-4553-b5c4-5e01fe05b1cc => generated 0 bytes in 169 msecs (HTTP/1.1 204) 3 headers in 131 bytes (1 switches on core 0) [pid: 8|app: 0|req: 882/1691] 10.0.0.232 () {32 vars in 647 bytes} [Wed Jul 15 15:48:43 2026] GET /v2.0/subnets => generated 649 bytes in 36 msecs (HTTP/1.1 200) 4 headers in 157 bytes (1 switches on core 0)
2026-07-15 15:48:43.238 7 INFO neutron_taas.services.taas.taas_plugin [None req-d0871fda-4ace-47ce-9ef2-2dd2386cd709 d8371b4f91eb4717a818c8f54321c085 a2dcf293a86c4ecdaed227b69955d4b1 - - default default] TaaS: Handle Delete Port: 723e0044-ce66-4e55-9d3e-882b9a44af50
2026-07-15 15:48:43.243 7 INFO neutron_taas.services.taas.tap_mirror_plugin [None req-d0871fda-4ace-47ce-9ef2-2dd2386cd709 d8371b4f91eb4717a818c8f54321c085 a2dcf293a86c4ecdaed227b69955d4b1 - - default default] Tap Mirror: Handle Delete Port: 723e0044-ce66-4e55-9d3e-882b9a44af50
2026-07-15 15:48:43.300 8 INFO neutron_taas.services.taas.taas_plugin [None req-813ccedc-a2b1-4af3-8013-46d0ec866ef6 8f06a0415a3c402c99c58d8bb7121c5e e116e16050c049aebb0c77281c8230f4 - - default default] TaaS: Handle Delete Port: 12d21d2a-4e9c-4c66-a10e-896f48fa1ea4
2026-07-15 15:48:43.314 8 INFO neutron_taas.services.taas.tap_mirror_plugin [None req-813ccedc-a2b1-4af3-8013-46d0ec866ef6 8f06a0415a3c402c99c58d8bb7121c5e e116e16050c049aebb0c77281c8230f4 - - default default] Tap Mirror: Handle Delete Port: 12d21d2a-4e9c-4c66-a10e-896f48fa1ea4
2026-07-15 15:48:43.437 7 INFO neutron.services.segments.plugin [-] Segment cdbbd2d6-aab7-4819-a835-9f0d3b162734 resource provider aggregate not found
2026-07-15 15:48:43.446 7 INFO neutron.services.segments.plugin [-] Segment cdbbd2d6-aab7-4819-a835-9f0d3b162734 resource provider aggregate not found
2026-07-15 15:48:43.464 7 INFO neutron.services.segments.plugin [-] Client error retrieving segment cdbbd2d6-aab7-4819-a835-9f0d3b162734 resource provider; error: Placement Client Error (4xx): {"errors": [{"status": 404, "title": "Not Found", "detail": "The resource could not be found.\n\n No resource provider with uuid cdbbd2d6-aab7-4819-a835-9f0d3b162734 found for delete ", "request_id": "req-a5d3e1c1-0cf7-4ac2-9a2b-79832ff2daae"}]}
2026-07-15 15:48:43.465 7 INFO neutron.services.segments.plugin [-] Client error retrieving segment cdbbd2d6-aab7-4819-a835-9f0d3b162734 resource provider; error: Placement Client Error (4xx): {"errors": [{"status": 404, "title": "Not Found", "detail": "The resource could not be found.\n\n No resource provider with uuid cdbbd2d6-aab7-4819-a835-9f0d3b162734 found for delete ", "request_id": "req-23619ff4-e419-4671-a161-6597266bfd1b"}]} [pid: 7|app: 0|req: 810/1692] 10.0.0.232 () {32 vars in 726 bytes} [Wed Jul 15 15:48:43 2026] DELETE /v2.0/networks/8961682f-5670-4b98-b3c8-858d9f79a069 => generated 0 bytes in 440 msecs (HTTP/1.1 204) 3 headers in 131 bytes (1 switches on core 0) [pid: 7|app: 0|req: 811/1693] 10.0.0.223 () {34 vars in 990 bytes} [Wed Jul 15 15:48:43 2026] GET /v2.0/ports?device_id=5712c3ea-20e0-466a-9c67-162defac0c0e => generated 12 bytes in 37 msecs (HTTP/1.1 200) 4 headers in 156 bytes (1 switches on core 0)
2026-07-15 15:48:43.528 8 INFO neutron.services.segments.plugin [-] Segment ed94a129-9a08-4f52-aa59-446a50b2331d resource provider aggregate not found
2026-07-15 15:48:43.541 8 INFO neutron.services.segments.plugin [-] Segment ed94a129-9a08-4f52-aa59-446a50b2331d resource provider aggregate not found
2026-07-15 15:48:43.549 8 INFO neutron.services.segments.plugin [-] Client error retrieving segment ed94a129-9a08-4f52-aa59-446a50b2331d resource provider; error: Placement Client Error (4xx): {"errors": [{"status": 404, "title": "Not Found", "detail": "The resource could not be found.\n\n No resource provider with uuid ed94a129-9a08-4f52-aa59-446a50b2331d found for delete ", "request_id": "req-f8591012-b32f-4e30-8ddc-134f641ae1a4"}]}
2026-07-15 15:48:43.564 8 INFO neutron.services.segments.plugin [-] Client error retrieving segment ed94a129-9a08-4f52-aa59-446a50b2331d resource provider; error: Placement Client Error (4xx): {"errors": [{"status": 404, "title": "Not Found", "detail": "The resource could not be found.\n\n No resource provider with uuid ed94a129-9a08-4f52-aa59-446a50b2331d found for delete ", "request_id": "req-7eae6f5b-33c6-4956-9911-1a51986b9604"}]} [pid: 8|app: 0|req: 883/1694] 10.0.0.232 () {32 vars in 726 bytes} [Wed Jul 15 15:48:43 2026] DELETE /v2.0/networks/f8873994-d0a0-47b4-b3e2-6ecb423bda5d => generated 0 bytes in 419 msecs (HTTP/1.1 204) 3 headers in 131 bytes (1 switches on core 0) [pid: 8|app: 0|req: 884/1695] 10.0.0.232 () {32 vars in 774 bytes} [Wed Jul 15 15:48:43 2026] GET /v2.0/security-groups?tenant_id=60e531ae5aa44ee49d65c9a4fb17d8ab&name=default => generated 2925 bytes in 27 msecs (HTTP/1.1 200) 4 headers in 158 bytes (1 switches on core 0)
2026-07-15 15:48:43.711 7 INFO neutron_taas.services.taas.taas_plugin [None req-2caf38c9-6f89-4b4e-89b1-a44683ed6b7a 8f06a0415a3c402c99c58d8bb7121c5e e116e16050c049aebb0c77281c8230f4 - - default default] TaaS: Handle Delete Port: 33504b9a-eedf-42fd-9172-dcfb42178d2f
2026-07-15 15:48:43.714 7 INFO neutron_taas.services.taas.tap_mirror_plugin [None req-2caf38c9-6f89-4b4e-89b1-a44683ed6b7a 8f06a0415a3c402c99c58d8bb7121c5e e116e16050c049aebb0c77281c8230f4 - - default default] Tap Mirror: Handle Delete Port: 33504b9a-eedf-42fd-9172-dcfb42178d2f [pid: 7|app: 0|req: 812/1696] 10.0.0.232 () {32 vars in 726 bytes} [Wed Jul 15 15:48:43 2026] DELETE /v2.0/networks/d6ffae73-1b60-4bdd-9730-5c03596b2da7 => generated 0 bytes in 329 msecs (HTTP/1.1 204) 3 headers in 131 bytes (1 switches on core 0) [pid: 8|app: 0|req: 885/1697] 10.0.0.232 () {32 vars in 740 bytes} [Wed Jul 15 15:48:43 2026] DELETE /v2.0/security-groups/9ca26a91-e61f-48a7-9b34-75163b7189b6 => generated 0 bytes in 230 msecs (HTTP/1.1 204) 2 headers in 112 bytes (1 switches on core 0)
2026-07-15 15:48:44.055 7 INFO neutron_taas.services.taas.taas_plugin [None req-c10d10a0-05b1-4a05-89c9-8b034821098d 8f06a0415a3c402c99c58d8bb7121c5e e116e16050c049aebb0c77281c8230f4 - - default default] TaaS: Handle Delete Port: a16d1bd2-b110-4266-a96e-89efd5ac864b
2026-07-15 15:48:44.059 7 INFO neutron_taas.services.taas.tap_mirror_plugin [None req-c10d10a0-05b1-4a05-89c9-8b034821098d 8f06a0415a3c402c99c58d8bb7121c5e e116e16050c049aebb0c77281c8230f4 - - default default] Tap Mirror: Handle Delete Port: a16d1bd2-b110-4266-a96e-89efd5ac864b [pid: 7|app: 0|req: 813/1698] 10.0.0.232 () {32 vars in 726 bytes} [Wed Jul 15 15:48:43 2026] DELETE /v2.0/networks/61657b95-9e49-4e69-9479-85fef4614437 => generated 0 bytes in 347 msecs (HTTP/1.1 204) 3 headers in 131 bytes (1 switches on core 0)
2026-07-15 15:48:44.387 8 INFO neutron_taas.services.taas.taas_plugin [None req-516ab233-942d-4fa4-89be-6cae082d3cdd 8f06a0415a3c402c99c58d8bb7121c5e e116e16050c049aebb0c77281c8230f4 - - default default] TaaS: Handle Delete Port: 53733a86-aeee-4953-83e4-a2838f7d5f56
2026-07-15 15:48:44.390 8 INFO neutron_taas.services.taas.tap_mirror_plugin [None req-516ab233-942d-4fa4-89be-6cae082d3cdd 8f06a0415a3c402c99c58d8bb7121c5e e116e16050c049aebb0c77281c8230f4 - - default default] Tap Mirror: Handle Delete Port: 53733a86-aeee-4953-83e4-a2838f7d5f56 [pid: 8|app: 0|req: 886/1699] 10.0.0.232 () {32 vars in 726 bytes} [Wed Jul 15 15:48:44 2026] DELETE /v2.0/networks/c3df290e-55f8-470d-a5f5-37c5d1747e0d => generated 0 bytes in 309 msecs (HTTP/1.1 204) 3 headers in 131 bytes (1 switches on core 0) [pid: 7|app: 0|req: 814/1700] 10.0.0.223 () {34 vars in 990 bytes} [Wed Jul 15 15:48:44 2026] GET /v2.0/ports?device_id=5712c3ea-20e0-466a-9c67-162defac0c0e => generated 12 bytes in 24 msecs (HTTP/1.1 200) 4 headers in 156 bytes (1 switches on core 0) [pid: 8|app: 0|req: 887/1701] 10.0.0.232 () {32 vars in 774 bytes} [Wed Jul 15 15:48:45 2026] GET /v2.0/security-groups?tenant_id=e116e16050c049aebb0c77281c8230f4&name=default => generated 2925 bytes in 235 msecs (HTTP/1.1 200) 4 headers in 158 bytes (1 switches on core 0) [pid: 7|app: 0|req: 815/1702] 10.0.0.232 () {32 vars in 740 bytes} [Wed Jul 15 15:48:45 2026] DELETE /v2.0/security-groups/d2b4402a-f850-4608-a4ee-acefae88f02b => generated 0 bytes in 209 msecs (HTTP/1.1 204) 2 headers in 112 bytes (1 switches on core 0)
2026-07-15 15:48:45.490 7 INFO neutron.services.segments.plugin [-] Segment dc93b27a-22f7-4832-9378-60adde933eaf resource provider aggregate not found
2026-07-15 15:48:45.494 7 INFO neutron.services.segments.plugin [-] Segment dc93b27a-22f7-4832-9378-60adde933eaf resource provider aggregate not found
2026-07-15 15:48:45.507 7 INFO neutron.services.segments.plugin [-] Client error retrieving segment dc93b27a-22f7-4832-9378-60adde933eaf resource provider; error: Placement Client Error (4xx): {"errors": [{"status": 404, "title": "Not Found", "detail": "The resource could not be found.\n\n No resource provider with uuid dc93b27a-22f7-4832-9378-60adde933eaf found for delete ", "request_id": "req-997a651c-197e-4a4c-a3cb-00b05a862bc8"}]}
2026-07-15 15:48:45.510 7 INFO neutron.services.segments.plugin [-] Client error retrieving segment dc93b27a-22f7-4832-9378-60adde933eaf resource provider; error: Placement Client Error (4xx): {"errors": [{"status": 404, "title": "Not Found", "detail": "The resource could not be found.\n\n No resource provider with uuid dc93b27a-22f7-4832-9378-60adde933eaf found for delete ", "request_id": "req-e9fbb10c-ce99-414e-861e-0df7a243280a"}]}
2026-07-15 15:48:45.606 7 INFO neutron.services.segments.plugin [-] Segment 837934e7-da49-4e6b-bd2b-50f27ad5cace resource provider aggregate not found
2026-07-15 15:48:45.618 7 INFO neutron.services.segments.plugin [-] Segment 837934e7-da49-4e6b-bd2b-50f27ad5cace resource provider aggregate not found
2026-07-15 15:48:45.633 8 INFO neutron.services.segments.plugin [-] Segment 83b9e0a2-dc1d-43c9-9187-8a55dc464100 resource provider aggregate not found
2026-07-15 15:48:45.638 8 INFO neutron.services.segments.plugin [-] Segment 83b9e0a2-dc1d-43c9-9187-8a55dc464100 resource provider aggregate not found
2026-07-15 15:48:45.646 7 INFO neutron.services.segments.plugin [-] Client error retrieving segment 837934e7-da49-4e6b-bd2b-50f27ad5cace resource provider; error: Placement Client Error (4xx): {"errors": [{"status": 404, "title": "Not Found", "detail": "The resource could not be found.\n\n No resource provider with uuid 837934e7-da49-4e6b-bd2b-50f27ad5cace found for delete ", "request_id": "req-9f5400e1-976a-47a9-a10b-941ee88774d3"}]}
2026-07-15 15:48:45.647 7 INFO neutron.services.segments.plugin [-] Client error retrieving segment 837934e7-da49-4e6b-bd2b-50f27ad5cace resource provider; error: Placement Client Error (4xx): {"errors": [{"status": 404, "title": "Not Found", "detail": "The resource could not be found.\n\n No resource provider with uuid 837934e7-da49-4e6b-bd2b-50f27ad5cace found for delete ", "request_id": "req-5662fd43-3be8-42df-82cb-423b6ce79e99"}]}
2026-07-15 15:48:45.656 8 INFO neutron.services.segments.plugin [-] Client error retrieving segment 83b9e0a2-dc1d-43c9-9187-8a55dc464100 resource provider; error: Placement Client Error (4xx): {"errors": [{"status": 404, "title": "Not Found", "detail": "The resource could not be found.\n\n No resource provider with uuid 83b9e0a2-dc1d-43c9-9187-8a55dc464100 found for delete ", "request_id": "req-3684329e-56be-47c8-8cf5-05d619dc9417"}]}
2026-07-15 15:48:45.658 8 INFO neutron.services.segments.plugin [-] Client error retrieving segment 83b9e0a2-dc1d-43c9-9187-8a55dc464100 resource provider; error: Placement Client Error (4xx): {"errors": [{"status": 404, "title": "Not Found", "detail": "The resource could not be found.\n\n No resource provider with uuid 83b9e0a2-dc1d-43c9-9187-8a55dc464100 found for delete ", "request_id": "req-a132df98-d960-40d0-9c78-a1d8bf069cf7"}]} [pid: 7|app: 0|req: 816/1703] 10.0.0.232 () {32 vars in 740 bytes} [Wed Jul 15 15:48:45 2026] DELETE /v2.0/security-groups/964bcad9-aaa9-48e9-aa2d-c908d17eefca => generated 0 bytes in 184 msecs (HTTP/1.1 204) 2 headers in 112 bytes (1 switches on core 0)
2026-07-15 15:48:46.049 7 INFO neutron_taas.services.taas.taas_plugin [None req-b21c043f-c8ed-4b03-ac57-e620ccd21815 e08f56480df14b74bc80c28c2a2373f4 5fc35be6b45f49f899473bb56d98086c - - default default] TaaS: Handle Delete Port: a77f86dc-25a1-4b38-bfa6-4c12455a26fc
2026-07-15 15:48:46.051 7 INFO neutron_taas.services.taas.tap_mirror_plugin [None req-b21c043f-c8ed-4b03-ac57-e620ccd21815 e08f56480df14b74bc80c28c2a2373f4 5fc35be6b45f49f899473bb56d98086c - - default default] Tap Mirror: Handle Delete Port: a77f86dc-25a1-4b38-bfa6-4c12455a26fc
2026-07-15 15:48:46.052 8 INFO neutron.db.ovn_revision_numbers_db [None req-948c939e-e42a-487e-9a04-d1cfc7110cea d8371b4f91eb4717a818c8f54321c085 a2dcf293a86c4ecdaed227b69955d4b1 - - default default] Successfully bumped revision number for resource 05f81322-f3b2-4635-9c78-a26a553e1e22 (type: security_groups) to 1
2026-07-15 15:48:46.067 8 INFO neutron.db.ovn_revision_numbers_db [None req-948c939e-e42a-487e-9a04-d1cfc7110cea d8371b4f91eb4717a818c8f54321c085 a2dcf293a86c4ecdaed227b69955d4b1 - - default default] Successfully bumped revision number for resource 8bb8379c-c6b0-4130-b826-7958ade5f78f (type: security_group_rules) to 0
2026-07-15 15:48:46.091 8 INFO neutron.db.ovn_revision_numbers_db [None req-948c939e-e42a-487e-9a04-d1cfc7110cea d8371b4f91eb4717a818c8f54321c085 a2dcf293a86c4ecdaed227b69955d4b1 - - default default] Successfully bumped revision number for resource a7c30d85-f97a-4926-a10f-86f1711ec825 (type: security_group_rules) to 0
2026-07-15 15:48:46.107 8 INFO neutron.db.ovn_revision_numbers_db [None req-948c939e-e42a-487e-9a04-d1cfc7110cea d8371b4f91eb4717a818c8f54321c085 a2dcf293a86c4ecdaed227b69955d4b1 - - default default] Successfully bumped revision number for resource a8684ea2-903a-4065-be71-1b0fbb93a468 (type: security_group_rules) to 0
2026-07-15 15:48:46.129 8 INFO neutron.db.ovn_revision_numbers_db [None req-948c939e-e42a-487e-9a04-d1cfc7110cea d8371b4f91eb4717a818c8f54321c085 a2dcf293a86c4ecdaed227b69955d4b1 - - default default] Successfully bumped revision number for resource f27c2cd6-0a4f-4895-8612-2727efa8f959 (type: security_group_rules) to 0 [pid: 7|app: 0|req: 817/1704] 10.0.0.232 () {32 vars in 732 bytes} [Wed Jul 15 15:48:45 2026] DELETE /v2.0/floatingips/4a92df91-2fda-4f31-b04d-490717ea1a64 => generated 0 bytes in 289 msecs (HTTP/1.1 204) 2 headers in 112 bytes (1 switches on core 0)
2026-07-15 15:48:46.221 8 INFO neutron.db.segments_db [None req-948c939e-e42a-487e-9a04-d1cfc7110cea d8371b4f91eb4717a818c8f54321c085 a2dcf293a86c4ecdaed227b69955d4b1 - - default default] Added segment ba4fc2f6-5e28-4bad-a5d1-7dc75fb513f5 of type geneve for network 44a80fe9-b2e3-4435-b1bf-271348b57d1e
2026-07-15 15:48:46.348 8 INFO neutron.db.ovn_revision_numbers_db [None req-948c939e-e42a-487e-9a04-d1cfc7110cea d8371b4f91eb4717a818c8f54321c085 a2dcf293a86c4ecdaed227b69955d4b1 - - default default] Successfully bumped revision number for resource 44a80fe9-b2e3-4435-b1bf-271348b57d1e (type: networks) to 1 [pid: 7|app: 0|req: 818/1705] 10.0.0.223 () {34 vars in 990 bytes} [Wed Jul 15 15:48:46 2026] GET /v2.0/ports?device_id=1a5c92ef-b023-4c25-9ac4-000dc4e0e7ec => generated 975 bytes in 72 msecs (HTTP/1.1 200) 4 headers in 157 bytes (1 switches on core 0) [pid: 7|app: 0|req: 819/1706] 10.0.0.223 () {34 vars in 1040 bytes} [Wed Jul 15 15:48:46 2026] GET /v2.0/security-groups?id=62bf6cae-453d-4223-8f48-d42f8fba4ba1&fields=id&fields=name => generated 113 bytes in 38 msecs (HTTP/1.1 200) 4 headers in 157 bytes (1 switches on core 0)
2026-07-15 15:48:46.507 8 WARNING neutron.scheduler.dhcp_agent_scheduler [None req-948c939e-e42a-487e-9a04-d1cfc7110cea d8371b4f91eb4717a818c8f54321c085 a2dcf293a86c4ecdaed227b69955d4b1 - - default default] No more DHCP agents
2026-07-15 15:48:46.508 8 WARNING neutron.api.rpc.agentnotifiers.dhcp_rpc_agent_api [None req-948c939e-e42a-487e-9a04-d1cfc7110cea d8371b4f91eb4717a818c8f54321c085 a2dcf293a86c4ecdaed227b69955d4b1 - - default default] Unable to schedule network 44a80fe9-b2e3-4435-b1bf-271348b57d1e: no agents available; will retry on subsequent port and subnet creation events.
2026-07-15 15:48:46.550 8 INFO neutron.plugins.ml2.drivers.ovn.mech_driver.mech_driver [None req-bcbfa642-9e3c-4e31-87b3-bc8f179b2cc6 - - - - - -] OVN reports status down for port: 0b8e989c-42d5-49f0-8288-a06d4eb02f63
2026-07-15 15:48:46.612 8 INFO neutron.db.ovn_revision_numbers_db [None req-948c939e-e42a-487e-9a04-d1cfc7110cea d8371b4f91eb4717a818c8f54321c085 a2dcf293a86c4ecdaed227b69955d4b1 - - default default] Successfully bumped revision number for resource 0b8e989c-42d5-49f0-8288-a06d4eb02f63 (type: ports) to 1 [pid: 8|app: 0|req: 888/1707] 10.0.0.232 () {34 vars in 671 bytes} [Wed Jul 15 15:48:45 2026] POST /v2.0/networks => generated 785 bytes in 967 msecs (HTTP/1.1 201) 4 headers in 162 bytes (1 switches on core 0)
2026-07-15 15:48:46.815 7 WARNING neutron.scheduler.dhcp_agent_scheduler [None req-384d67e6-6381-42c5-bbc7-1d1ddb89a8a4 d8371b4f91eb4717a818c8f54321c085 a2dcf293a86c4ecdaed227b69955d4b1 - - default default] No more DHCP agents
2026-07-15 15:48:46.816 7 WARNING neutron.api.rpc.agentnotifiers.dhcp_rpc_agent_api [None req-384d67e6-6381-42c5-bbc7-1d1ddb89a8a4 d8371b4f91eb4717a818c8f54321c085 a2dcf293a86c4ecdaed227b69955d4b1 - - default default] Unable to schedule network 44a80fe9-b2e3-4435-b1bf-271348b57d1e: no agents available; will retry on subsequent port and subnet creation events.
2026-07-15 15:48:47.289 7 INFO neutron.db.ovn_revision_numbers_db [None req-b308b55f-9767-4bff-bc62-4da876bb69d5 - - - - - -] Successfully bumped revision number for resource 0b8e989c-42d5-49f0-8288-a06d4eb02f63 (type: ports) to 2
2026-07-15 15:48:47.318 7 INFO neutron.db.ovn_revision_numbers_db [None req-b308b55f-9767-4bff-bc62-4da876bb69d5 - - - - - -] Successfully bumped revision number for resource 70a5964b-7c58-43af-9351-ea684b1fcaf5 (type: subnets) to 0 [pid: 7|app: 0|req: 820/1708] 10.0.0.232 () {34 vars in 669 bytes} [Wed Jul 15 15:48:46 2026] POST /v2.0/subnets => generated 691 bytes in 666 msecs (HTTP/1.1 201) 4 headers in 162 bytes (1 switches on core 0)
2026-07-15 15:48:47.410 8 INFO neutron.plugins.ml2.drivers.ovn.mech_driver.mech_driver [None req-bcbfa642-9e3c-4e31-87b3-bc8f179b2cc6 - - - - - -] OVN reports status down for port: e9f00c8b-e4be-4f9a-89bf-5fe10e21e622
2026-07-15 15:48:47.636 8 INFO neutron.notifiers.nova [-] Nova event matching ['req-b15a4034-798b-49c8-a7b8-c6cd07617238'] response: {'server_uuid': '1a5c92ef-b023-4c25-9ac4-000dc4e0e7ec', 'name': 'network-vif-unplugged', 'status': 'completed', 'tag': 'e9f00c8b-e4be-4f9a-89bf-5fe10e21e622', 'code': 200}
2026-07-15 15:48:47.728 7 INFO neutron.db.ovn_revision_numbers_db [None req-b455218c-e566-4394-804f-7c4f409f2a7f d8371b4f91eb4717a818c8f54321c085 a2dcf293a86c4ecdaed227b69955d4b1 - - default default] Successfully bumped revision number for resource dc5c8f6a-229e-45a8-9fe2-3817999f7f35 (type: security_groups) to 1
2026-07-15 15:48:47.744 7 INFO neutron.db.ovn_revision_numbers_db [None req-b455218c-e566-4394-804f-7c4f409f2a7f d8371b4f91eb4717a818c8f54321c085 a2dcf293a86c4ecdaed227b69955d4b1 - - default default] Successfully bumped revision number for resource 7669bdb3-e878-4f62-bcc6-6e8998c28313 (type: security_group_rules) to 0
2026-07-15 15:48:47.753 7 INFO neutron.db.ovn_revision_numbers_db [None req-b455218c-e566-4394-804f-7c4f409f2a7f d8371b4f91eb4717a818c8f54321c085 a2dcf293a86c4ecdaed227b69955d4b1 - - default default] Successfully bumped revision number for resource 8904efda-5e46-4f34-9112-ff0ac04253c1 (type: security_group_rules) to 0
2026-07-15 15:48:47.765 7 INFO neutron.db.ovn_revision_numbers_db [None req-b455218c-e566-4394-804f-7c4f409f2a7f d8371b4f91eb4717a818c8f54321c085 a2dcf293a86c4ecdaed227b69955d4b1 - - default default] Successfully bumped revision number for resource dcd88def-f151-4402-85ce-42f28e973c47 (type: security_group_rules) to 0
2026-07-15 15:48:47.780 7 INFO neutron.db.ovn_revision_numbers_db [None req-b455218c-e566-4394-804f-7c4f409f2a7f d8371b4f91eb4717a818c8f54321c085 a2dcf293a86c4ecdaed227b69955d4b1 - - default default] Successfully bumped revision number for resource fb75bec4-9d34-49bd-91e0-cd0630d87ab4 (type: security_group_rules) to 0 [pid: 7|app: 0|req: 821/1709] 10.0.0.232 () {32 vars in 774 bytes} [Wed Jul 15 15:48:47 2026] GET /v2.0/security-groups?tenant_id=8db99633905648d1b5b06f8bfb6e975a&name=default => generated 2925 bytes in 310 msecs (HTTP/1.1 200) 4 headers in 158 bytes (1 switches on core 0) [pid: 7|app: 0|req: 822/1710] 10.0.0.223 () {34 vars in 990 bytes} [Wed Jul 15 15:48:47 2026] GET /v2.0/ports?device_id=1a5c92ef-b023-4c25-9ac4-000dc4e0e7ec => generated 973 bytes in 43 msecs (HTTP/1.1 200) 4 headers in 157 bytes (1 switches on core 0)
2026-07-15 15:48:47.896 8 INFO neutron.db.ovn_revision_numbers_db [None req-bcbfa642-9e3c-4e31-87b3-bc8f179b2cc6 - - - - - -] Successfully bumped revision number for resource e9f00c8b-e4be-4f9a-89bf-5fe10e21e622 (type: ports) to 6
2026-07-15 15:48:48.047 8 WARNING neutron.scheduler.dhcp_agent_scheduler [None req-b34509f6-8a9e-4743-aab6-8a08a31c7b50 d8371b4f91eb4717a818c8f54321c085 a2dcf293a86c4ecdaed227b69955d4b1 - - default default] No more DHCP agents
2026-07-15 15:48:48.049 8 WARNING neutron.api.rpc.agentnotifiers.dhcp_rpc_agent_api [None req-b34509f6-8a9e-4743-aab6-8a08a31c7b50 d8371b4f91eb4717a818c8f54321c085 a2dcf293a86c4ecdaed227b69955d4b1 - - default default] Unable to schedule network 6ac0070b-5b3a-4e99-90df-f2e13dc9ec06: no agents available; will retry on subsequent port and subnet creation events. [pid: 7|app: 0|req: 823/1711] 10.0.0.232 () {32 vars in 740 bytes} [Wed Jul 15 15:48:47 2026] DELETE /v2.0/security-groups/dc5c8f6a-229e-45a8-9fe2-3817999f7f35 => generated 0 bytes in 219 msecs (HTTP/1.1 204) 2 headers in 112 bytes (1 switches on core 0) [pid: 7|app: 0|req: 824/1712] 10.0.0.223 () {34 vars in 1040 bytes} [Wed Jul 15 15:48:48 2026] GET /v2.0/security-groups?id=62bf6cae-453d-4223-8f48-d42f8fba4ba1&fields=id&fields=name => generated 113 bytes in 49 msecs (HTTP/1.1 200) 4 headers in 157 bytes (1 switches on core 0)
2026-07-15 15:48:48.172 8 INFO neutron.plugins.ml2.drivers.ovn.mech_driver.mech_driver [None req-78e48b92-9ac1-4792-bf8a-78d6029937b3 - - - - - -] OVN reports status down for port: b7c1c0e1-b7e4-4f05-98ee-e4d34228c3be
2026-07-15 15:48:48.243 8 INFO neutron.db.ovn_revision_numbers_db [None req-b34509f6-8a9e-4743-aab6-8a08a31c7b50 d8371b4f91eb4717a818c8f54321c085 a2dcf293a86c4ecdaed227b69955d4b1 - - default default] Successfully bumped revision number for resource b7c1c0e1-b7e4-4f05-98ee-e4d34228c3be (type: ports) to 1 [pid: 7|app: 0|req: 825/1713] 199.19.213.166 () {34 vars in 994 bytes} [Wed Jul 15 15:48:48 2026] GET /v2.0/ports?device_id=1a5c92ef-b023-4c25-9ac4-000dc4e0e7ec => generated 973 bytes in 37 msecs (HTTP/1.1 200) 4 headers in 157 bytes (1 switches on core 0)
2026-07-15 15:48:48.811 7 INFO neutron_taas.services.taas.taas_plugin [req-80fe1f3b-ae65-4f34-ab8e-752c6434165e req-65b8c6cc-95af-4d19-aa34-3db2282d0d98 e08f56480df14b74bc80c28c2a2373f4 5fc35be6b45f49f899473bb56d98086c - - default default] TaaS: Handle Delete Port: e9f00c8b-e4be-4f9a-89bf-5fe10e21e622
2026-07-15 15:48:48.814 7 INFO neutron_taas.services.taas.tap_mirror_plugin [req-80fe1f3b-ae65-4f34-ab8e-752c6434165e req-65b8c6cc-95af-4d19-aa34-3db2282d0d98 e08f56480df14b74bc80c28c2a2373f4 5fc35be6b45f49f899473bb56d98086c - - default default] Tap Mirror: Handle Delete Port: e9f00c8b-e4be-4f9a-89bf-5fe10e21e622
2026-07-15 15:48:48.878 8 INFO neutron.plugins.ml2.drivers.ovn.mech_driver.ovsdb.commands [None req-a986b0d1-b768-4320-9162-530cb851d0c7 - - - - - -] Schedule LRP lrp-b7c1c0e1-b7e4-4f05-98ee-e4d34228c3be on gateway 60386c75-da6b-4c89-b8d4-6d15b0fb2bc6 with priority 1
2026-07-15 15:48:48.889 8 INFO neutron.plugins.ml2.drivers.ovn.mech_driver.mech_driver [None req-78e48b92-9ac1-4792-bf8a-78d6029937b3 - - - - - -] OVN reports status up for port: b7c1c0e1-b7e4-4f05-98ee-e4d34228c3be
2026-07-15 15:48:48.905 7 INFO neutron.plugins.ml2.drivers.ovn.mech_driver.ovsdb.ovsdb_monitor [None req-7018988d-632c-46ca-875f-61d35c0d9da9 - - - - - -] Router 9cb385f5-d49f-468d-97ef-a8cbed125c74 is bound to host instance
2026-07-15 15:48:48.931 8 INFO neutron.plugins.ml2.plugin [None req-78e48b92-9ac1-4792-bf8a-78d6029937b3 - - - - - -] Attempt 1 to provision port b7c1c0e1-b7e4-4f05-98ee-e4d34228c3be
2026-07-15 15:48:48.968 8 INFO neutron.db.ovn_revision_numbers_db [None req-b34509f6-8a9e-4743-aab6-8a08a31c7b50 d8371b4f91eb4717a818c8f54321c085 a2dcf293a86c4ecdaed227b69955d4b1 - - default default] Successfully bumped revision number for resource b7c1c0e1-b7e4-4f05-98ee-e4d34228c3be (type: router_ports) to 1 [pid: 7|app: 0|req: 826/1714] 199.19.213.166 () {36 vars in 997 bytes} [Wed Jul 15 15:48:48 2026] DELETE /v2.0/ports/e9f00c8b-e4be-4f9a-89bf-5fe10e21e622 => generated 0 bytes in 373 msecs (HTTP/1.1 204) 3 headers in 131 bytes (1 switches on core 0)
2026-07-15 15:48:49.082 7 INFO neutron.notifiers.nova [-] Nova event matching ['req-086d210f-1b57-41b5-bf3b-53407780eb5b'] response: {'server_uuid': '1a5c92ef-b023-4c25-9ac4-000dc4e0e7ec', 'name': 'network-vif-deleted', 'tag': 'e9f00c8b-e4be-4f9a-89bf-5fe10e21e622', 'status': 'completed', 'code': 200}
2026-07-15 15:48:49.096 8 INFO neutron.db.ovn_revision_numbers_db [None req-b34509f6-8a9e-4743-aab6-8a08a31c7b50 d8371b4f91eb4717a818c8f54321c085 a2dcf293a86c4ecdaed227b69955d4b1 - - default default] Successfully bumped revision number for resource 9cb385f5-d49f-468d-97ef-a8cbed125c74 (type: routers) to 2 [pid: 8|app: 0|req: 889/1715] 10.0.0.232 () {34 vars in 669 bytes} [Wed Jul 15 15:48:47 2026] POST /v2.0/routers => generated 969 bytes in 1787 msecs (HTTP/1.1 201) 4 headers in 162 bytes (1 switches on core 0) /var/lib/openstack/lib/python3.12/site-packages/pycadf/identifier.py:70: UserWarning: Invalid uuid: neutron. To ensure interoperability, identifiers should be a valid uuid. warnings.warn(('Invalid uuid: %s. To ensure interoperability, '
2026-07-15 15:48:49.479 7 INFO neutron.db.ovn_revision_numbers_db [None req-685c2437-0abb-4ab7-ac56-db929a018bb7 d8371b4f91eb4717a818c8f54321c085 a2dcf293a86c4ecdaed227b69955d4b1 - - default default] Successfully bumped revision number for resource d227a5bb-a8e8-45b1-85cc-9ce3ff3cbeea (type: security_groups) to 1
2026-07-15 15:48:49.497 7 INFO neutron.db.ovn_revision_numbers_db [None req-685c2437-0abb-4ab7-ac56-db929a018bb7 d8371b4f91eb4717a818c8f54321c085 a2dcf293a86c4ecdaed227b69955d4b1 - - default default] Successfully bumped revision number for resource 0efbe332-54f7-4fee-8881-e10a7fc75bdd (type: security_group_rules) to 0
2026-07-15 15:48:49.513 7 INFO neutron.db.ovn_revision_numbers_db [None req-685c2437-0abb-4ab7-ac56-db929a018bb7 d8371b4f91eb4717a818c8f54321c085 a2dcf293a86c4ecdaed227b69955d4b1 - - default default] Successfully bumped revision number for resource 258437c5-5dc2-4604-8722-dfa19081e164 (type: security_group_rules) to 0
