2026-07-15 15:50:15.228 8 WARNING neutron.scheduler.dhcp_agent_scheduler [None req-451d016a-13f2-483f-8bd8-7d78d293ef89 1bf60bf708a149eba53b55a011300cb0 cac11b7e01424369a8378965961ac6ee - - default default] No more DHCP agents
2026-07-15 15:50:15.229 8 WARNING neutron.api.rpc.agentnotifiers.dhcp_rpc_agent_api [None req-451d016a-13f2-483f-8bd8-7d78d293ef89 1bf60bf708a149eba53b55a011300cb0 cac11b7e01424369a8378965961ac6ee - - default default] Unable to schedule network 66f2d844-be4b-4306-a913-f40db0991dff: no agents available; will retry on subsequent port and subnet creation events.
2026-07-15 15:50:15.328 8 INFO neutron.plugins.ml2.drivers.ovn.mech_driver.mech_driver [None req-4611e36d-bb01-423a-b985-a14385a6ef02 - - - - - -] OVN reports status down for port: b5695f99-2667-4ce7-b57e-8b185aa65e36
2026-07-15 15:50:15.361 7 WARNING neutron.scheduler.dhcp_agent_scheduler [None req-8cc159c7-e2eb-45a4-b149-a7839458a576 864b34f7b8724ce297d23e4d5ecde0ec c4494c37871a4a4cbdcedb5c81e382f7 - - default default] No more DHCP agents
2026-07-15 15:50:15.362 7 WARNING neutron.api.rpc.agentnotifiers.dhcp_rpc_agent_api [None req-8cc159c7-e2eb-45a4-b149-a7839458a576 864b34f7b8724ce297d23e4d5ecde0ec c4494c37871a4a4cbdcedb5c81e382f7 - - default default] Unable to schedule network 6ac0070b-5b3a-4e99-90df-f2e13dc9ec06: no agents available; will retry on subsequent port and subnet creation events.
2026-07-15 15:50:15.392 8 INFO neutron.db.ovn_revision_numbers_db [None req-451d016a-13f2-483f-8bd8-7d78d293ef89 1bf60bf708a149eba53b55a011300cb0 cac11b7e01424369a8378965961ac6ee - - default default] Successfully bumped revision number for resource b5695f99-2667-4ce7-b57e-8b185aa65e36 (type: ports) to 1
2026-07-15 15:50:15.529 8 INFO neutron.plugins.ml2.drivers.ovn.mech_driver.mech_driver [None req-4611e36d-bb01-423a-b985-a14385a6ef02 - - - - - -] OVN reports status down for port: 96b423bb-aa61-49f5-a722-8fd620e28aee
2026-07-15 15:50:15.532 7 INFO neutron.db.ovn_revision_numbers_db [None req-8cc159c7-e2eb-45a4-b149-a7839458a576 864b34f7b8724ce297d23e4d5ecde0ec c4494c37871a4a4cbdcedb5c81e382f7 - - default default] Successfully bumped revision number for resource 96b423bb-aa61-49f5-a722-8fd620e28aee (type: ports) to 1
2026-07-15 15:50:16.098 8 INFO neutron.plugins.ml2.drivers.ovn.mech_driver.mech_driver [None req-4611e36d-bb01-423a-b985-a14385a6ef02 - - - - - -] OVN reports status up for port: b5695f99-2667-4ce7-b57e-8b185aa65e36
2026-07-15 15:50:16.125 8 INFO neutron.plugins.ml2.plugin [None req-4611e36d-bb01-423a-b985-a14385a6ef02 - - - - - -] Attempt 1 to provision port b5695f99-2667-4ce7-b57e-8b185aa65e36
2026-07-15 15:50:16.142 7 INFO neutron.plugins.ml2.drivers.ovn.mech_driver.ovsdb.commands [None req-f45b4b23-995c-4d6d-bae4-01eb32a23f2e - - - - - -] Schedule LRP lrp-96b423bb-aa61-49f5-a722-8fd620e28aee on gateway 60386c75-da6b-4c89-b8d4-6d15b0fb2bc6 with priority 1
2026-07-15 15:50:16.216 7 INFO neutron.db.ovn_revision_numbers_db [None req-8cc159c7-e2eb-45a4-b149-a7839458a576 864b34f7b8724ce297d23e4d5ecde0ec c4494c37871a4a4cbdcedb5c81e382f7 - - default default] Successfully bumped revision number for resource 96b423bb-aa61-49f5-a722-8fd620e28aee (type: router_ports) to 1
2026-07-15 15:50:16.281 7 INFO neutron.db.ovn_revision_numbers_db [None req-8cc159c7-e2eb-45a4-b149-a7839458a576 864b34f7b8724ce297d23e4d5ecde0ec c4494c37871a4a4cbdcedb5c81e382f7 - - default default] Successfully bumped revision number for resource 8e138895-e1b1-44d4-b580-0f7894479699 (type: routers) to 2
2026-07-15 15:50:16.281 8 WARNING neutron.scheduler.dhcp_agent_scheduler [None req-451d016a-13f2-483f-8bd8-7d78d293ef89 1bf60bf708a149eba53b55a011300cb0 cac11b7e01424369a8378965961ac6ee - - default default] No more DHCP agents
2026-07-15 15:50:16.283 8 WARNING neutron.api.rpc.agentnotifiers.dhcp_rpc_agent_api [None req-451d016a-13f2-483f-8bd8-7d78d293ef89 1bf60bf708a149eba53b55a011300cb0 cac11b7e01424369a8378965961ac6ee - - default default] Unable to schedule network 66f2d844-be4b-4306-a913-f40db0991dff: no agents available; will retry on subsequent port and subnet creation events. [pid: 7|app: 0|req: 1109/2295] 10.0.0.232 () {34 vars in 669 bytes} [Wed Jul 15 15:50:14 2026] POST /v2.0/routers => generated 954 bytes in 1983 msecs (HTTP/1.1 201) 4 headers in 162 bytes (1 switches on core 0) [pid: 7|app: 0|req: 1110/2296] 10.0.0.232 () {32 vars in 731 bytes} [Wed Jul 15 15:50:16 2026] GET /v2.0/routers/093565d4-c30d-4cf5-8c44-2a865306b47a/tags => generated 34 bytes in 54 msecs (HTTP/1.1 200) 4 headers in 156 bytes (1 switches on core 0) [pid: 7|app: 0|req: 1111/2297] 10.0.0.232 () {32 vars in 704 bytes} [Wed Jul 15 15:50:16 2026] GET /v2.0/qos/policies?not-tags-any=red%2Cblue => generated 719 bytes in 42 msecs (HTTP/1.1 200) 4 headers in 157 bytes (1 switches on core 0)
2026-07-15 15:50:16.798 8 INFO neutron.db.ovn_revision_numbers_db [None req-4611e36d-bb01-423a-b985-a14385a6ef02 - - - - - -] Successfully bumped revision number for resource b5695f99-2667-4ce7-b57e-8b185aa65e36 (type: ports) to 2
2026-07-15 15:50:16.914 7 WARNING neutron.scheduler.dhcp_agent_scheduler [None req-f2373660-0c8e-4f00-ba14-6ce19d172dc6 864b34f7b8724ce297d23e4d5ecde0ec c4494c37871a4a4cbdcedb5c81e382f7 - - default default] No more DHCP agents
2026-07-15 15:50:16.915 7 WARNING neutron.api.rpc.agentnotifiers.dhcp_rpc_agent_api [None req-f2373660-0c8e-4f00-ba14-6ce19d172dc6 864b34f7b8724ce297d23e4d5ecde0ec c4494c37871a4a4cbdcedb5c81e382f7 - - default default] Unable to schedule network 6e00a638-9e2b-47bd-8e29-8990438c22a5: no agents available; will retry on subsequent port and subnet creation events.
2026-07-15 15:50:16.953 8 INFO neutron.db.ovn_revision_numbers_db [None req-451d016a-13f2-483f-8bd8-7d78d293ef89 1bf60bf708a149eba53b55a011300cb0 cac11b7e01424369a8378965961ac6ee - - default default] Successfully bumped revision number for resource b5695f99-2667-4ce7-b57e-8b185aa65e36 (type: router_ports) to 1 [pid: 8|app: 0|req: 1187/2298] 10.0.0.232 () {34 vars in 783 bytes} [Wed Jul 15 15:50:14 2026] PUT /v2.0/routers/281ea2fd-3be6-4eef-92a0-a2686e877a5b/add_router_interface => generated 309 bytes in 2232 msecs (HTTP/1.1 200) 4 headers in 157 bytes (1 switches on core 0)
2026-07-15 15:50:17.057 7 INFO neutron.db.ovn_revision_numbers_db [None req-f2373660-0c8e-4f00-ba14-6ce19d172dc6 864b34f7b8724ce297d23e4d5ecde0ec c4494c37871a4a4cbdcedb5c81e382f7 - - default default] Successfully bumped revision number for resource 3bc8f535-eccf-4d21-8918-042099591fc9 (type: ports) to 1 [pid: 8|app: 0|req: 1188/2299] 10.0.0.232 () {34 vars in 758 bytes} [Wed Jul 15 15:50:16 2026] PUT /v2.0/routers/093565d4-c30d-4cf5-8c44-2a865306b47a/tags/red => generated 4 bytes in 118 msecs (HTTP/1.1 201) 4 headers in 160 bytes (1 switches on core 0) [pid: 8|app: 0|req: 1189/2300] 10.0.0.232 () {32 vars in 734 bytes} [Wed Jul 15 15:50:17 2026] DELETE /v2.0/qos/policies/30e988b9-8553-420e-872c-70fa62f288e7 => generated 0 bytes in 73 msecs (HTTP/1.1 204) 2 headers in 112 bytes (1 switches on core 0)
2026-07-15 15:50:17.280 8 INFO neutron.db.ovn_revision_numbers_db [None req-edbdacd2-4802-4a62-9cde-1c5a94007153 1bf60bf708a149eba53b55a011300cb0 cac11b7e01424369a8378965961ac6ee - - default default] Successfully bumped revision number for resource 12eb7a6e-8898-4004-8a44-1d23f579db2d (type: security_groups) to 1
2026-07-15 15:50:17.291 8 INFO neutron.db.ovn_revision_numbers_db [None req-edbdacd2-4802-4a62-9cde-1c5a94007153 1bf60bf708a149eba53b55a011300cb0 cac11b7e01424369a8378965961ac6ee - - default default] Successfully bumped revision number for resource 9938b608-a3db-4ade-b5dd-a8217d8186b6 (type: security_group_rules) to 0
2026-07-15 15:50:17.301 8 INFO neutron.db.ovn_revision_numbers_db [None req-edbdacd2-4802-4a62-9cde-1c5a94007153 1bf60bf708a149eba53b55a011300cb0 cac11b7e01424369a8378965961ac6ee - - default default] Successfully bumped revision number for resource e0dfa8f6-5582-4b5f-9555-9371fb5afcff (type: security_group_rules) to 0 [pid: 8|app: 0|req: 1190/2301] 10.0.0.232 () {34 vars in 684 bytes} [Wed Jul 15 15:50:17 2026] POST /v2.0/security-groups => generated 1627 bytes in 183 msecs (HTTP/1.1 201) 4 headers in 163 bytes (1 switches on core 0) [pid: 8|app: 0|req: 1191/2302] 10.0.0.232 () {32 vars in 731 bytes} [Wed Jul 15 15:50:17 2026] GET /v2.0/routers/093565d4-c30d-4cf5-8c44-2a865306b47a/tags => generated 34 bytes in 64 msecs (HTTP/1.1 200) 4 headers in 156 bytes (1 switches on core 0) [pid: 8|app: 0|req: 1192/2303] 10.0.0.232 () {32 vars in 734 bytes} [Wed Jul 15 15:50:17 2026] DELETE /v2.0/qos/policies/feccd9d0-72e5-473c-965d-4031c9da10c0 => generated 0 bytes in 46 msecs (HTTP/1.1 204) 2 headers in 112 bytes (1 switches on core 0)
2026-07-15 15:50:17.558 8 INFO neutron.db.ovn_revision_numbers_db [None req-b5379af7-800d-41b5-9747-635060dfbb48 1bf60bf708a149eba53b55a011300cb0 cac11b7e01424369a8378965961ac6ee - - default default] Successfully bumped revision number for resource 4e1ae0c3-e7d0-47ef-bb6a-d0da0fe37401 (type: security_group_rules) to 0 [pid: 8|app: 0|req: 1193/2304] 10.0.0.232 () {34 vars in 695 bytes} [Wed Jul 15 15:50:17 2026] POST /v2.0/security-group-rules => generated 597 bytes in 141 msecs (HTTP/1.1 201) 4 headers in 162 bytes (1 switches on core 0) [pid: 8|app: 0|req: 1194/2305] 10.0.0.232 () {34 vars in 780 bytes} [Wed Jul 15 15:50:17 2026] PUT /v2.0/routers/093565d4-c30d-4cf5-8c44-2a865306b47a/tags/black.or.white => generated 4 bytes in 87 msecs (HTTP/1.1 201) 4 headers in 160 bytes (1 switches on core 0) [pid: 8|app: 0|req: 1195/2306] 10.0.0.232 () {32 vars in 734 bytes} [Wed Jul 15 15:50:17 2026] DELETE /v2.0/qos/policies/195372ea-76de-4e1f-8d06-c2e87f61a6ae => generated 0 bytes in 53 msecs (HTTP/1.1 204) 2 headers in 112 bytes (1 switches on core 0)
2026-07-15 15:50:17.774 7 WARNING neutron.scheduler.dhcp_agent_scheduler [None req-f2373660-0c8e-4f00-ba14-6ce19d172dc6 864b34f7b8724ce297d23e4d5ecde0ec c4494c37871a4a4cbdcedb5c81e382f7 - - default default] No more DHCP agents
2026-07-15 15:50:17.775 7 WARNING neutron.api.rpc.agentnotifiers.dhcp_rpc_agent_api [None req-f2373660-0c8e-4f00-ba14-6ce19d172dc6 864b34f7b8724ce297d23e4d5ecde0ec c4494c37871a4a4cbdcedb5c81e382f7 - - default default] Unable to schedule network 6e00a638-9e2b-47bd-8e29-8990438c22a5: no agents available; will retry on subsequent port and subnet creation events.
2026-07-15 15:50:17.840 8 INFO neutron.db.ovn_revision_numbers_db [None req-8de8d3bb-639f-4941-9e7d-b7bd59583410 1bf60bf708a149eba53b55a011300cb0 cac11b7e01424369a8378965961ac6ee - - default default] Successfully bumped revision number for resource a6f42073-58db-4377-b043-69923c0b4684 (type: security_group_rules) to 0 [pid: 8|app: 0|req: 1196/2307] 10.0.0.232 () {34 vars in 695 bytes} [Wed Jul 15 15:50:17 2026] POST /v2.0/security-group-rules => generated 597 bytes in 141 msecs (HTTP/1.1 201) 4 headers in 162 bytes (1 switches on core 0) [pid: 8|app: 0|req: 1197/2308] 10.0.0.232 () {32 vars in 731 bytes} [Wed Jul 15 15:50:17 2026] GET /v2.0/routers/093565d4-c30d-4cf5-8c44-2a865306b47a/tags => generated 52 bytes in 66 msecs (HTTP/1.1 200) 4 headers in 156 bytes (1 switches on core 0) [pid: 8|app: 0|req: 1198/2309] 10.0.0.232 () {32 vars in 734 bytes} [Wed Jul 15 15:50:17 2026] DELETE /v2.0/qos/policies/1decebce-05b1-41ea-b519-aa5b499b2d69 => generated 0 bytes in 45 msecs (HTTP/1.1 204) 2 headers in 112 bytes (1 switches on core 0)
2026-07-15 15:50:18.114 8 INFO neutron.db.ovn_revision_numbers_db [None req-f6d28b88-0ac0-43ea-a768-8fab12372908 1bf60bf708a149eba53b55a011300cb0 cac11b7e01424369a8378965961ac6ee - - default default] Successfully bumped revision number for resource 41483150-8c3d-4148-918a-54877e882f8b (type: security_group_rules) to 0 [pid: 8|app: 0|req: 1199/2310] 10.0.0.232 () {34 vars in 695 bytes} [Wed Jul 15 15:50:17 2026] POST /v2.0/security-group-rules => generated 599 bytes in 177 msecs (HTTP/1.1 201) 4 headers in 162 bytes (1 switches on core 0)
2026-07-15 15:50:18.176 7 INFO neutron.db.ovn_revision_numbers_db [None req-f2373660-0c8e-4f00-ba14-6ce19d172dc6 864b34f7b8724ce297d23e4d5ecde0ec c4494c37871a4a4cbdcedb5c81e382f7 - - default default] Successfully bumped revision number for resource 3bc8f535-eccf-4d21-8918-042099591fc9 (type: router_ports) to 1 [pid: 7|app: 0|req: 1112/2311] 10.0.0.232 () {34 vars in 783 bytes} [Wed Jul 15 15:50:16 2026] PUT /v2.0/routers/8e138895-e1b1-44d4-b580-0f7894479699/add_router_interface => generated 309 bytes in 1791 msecs (HTTP/1.1 200) 4 headers in 157 bytes (1 switches on core 0) [pid: 7|app: 0|req: 1113/2312] 10.0.0.232 () {32 vars in 734 bytes} [Wed Jul 15 15:50:18 2026] DELETE /v2.0/qos/policies/1eaa3ad0-8e78-41f5-a7fc-227c8e15ad8b => generated 0 bytes in 57 msecs (HTTP/1.1 204) 2 headers in 112 bytes (1 switches on core 0) [pid: 8|app: 0|req: 1200/2313] 10.0.0.232 () {34 vars in 751 bytes} [Wed Jul 15 15:50:18 2026] PUT /v2.0/routers/093565d4-c30d-4cf5-8c44-2a865306b47a/tags => generated 37 bytes in 98 msecs (HTTP/1.1 200) 4 headers in 156 bytes (1 switches on core 0)
2026-07-15 15:50:18.349 7 WARNING neutron.plugins.ml2.drivers.ovn.mech_driver.ovsdb.ovn_client [None req-359f6fdc-eb2a-4fde-95a6-06b6f7d2f40b - - - - - -] No hosting information found for port a34dd9a3-30fd-407f-945e-11ff6a528b3b: RuntimeError: No hosting information found for port a34dd9a3-30fd-407f-945e-11ff6a528b3b
2026-07-15 15:50:18.462 7 INFO neutron.db.ovn_revision_numbers_db [None req-22403585-826b-4da7-a827-45431c46bf40 1bf60bf708a149eba53b55a011300cb0 cac11b7e01424369a8378965961ac6ee - - default default] Successfully bumped revision number for resource b5f3b649-3e16-4a96-8ba5-49c5df95407c (type: security_group_rules) to 0
2026-07-15 15:50:18.485 7 INFO neutron.db.ovn_revision_numbers_db [None req-359f6fdc-eb2a-4fde-95a6-06b6f7d2f40b - - - - - -] Successfully bumped revision number for resource a34dd9a3-30fd-407f-945e-11ff6a528b3b (type: router_ports) to 2 [pid: 7|app: 0|req: 1114/2314] 10.0.0.232 () {34 vars in 695 bytes} [Wed Jul 15 15:50:18 2026] POST /v2.0/security-group-rules => generated 601 bytes in 269 msecs (HTTP/1.1 201) 4 headers in 162 bytes (1 switches on core 0)
2026-07-15 15:50:18.546 8 WARNING neutron.scheduler.dhcp_agent_scheduler [None req-e2d2e109-daab-4562-a477-03d1787e102a 864b34f7b8724ce297d23e4d5ecde0ec c4494c37871a4a4cbdcedb5c81e382f7 - - default default] No more DHCP agents
2026-07-15 15:50:18.547 8 WARNING neutron.api.rpc.agentnotifiers.dhcp_rpc_agent_api [None req-e2d2e109-daab-4562-a477-03d1787e102a 864b34f7b8724ce297d23e4d5ecde0ec c4494c37871a4a4cbdcedb5c81e382f7 - - default default] Unable to schedule network 6e00a638-9e2b-47bd-8e29-8990438c22a5: no agents available; will retry on subsequent port and subnet creation events.
2026-07-15 15:50:18.556 7 INFO neutron.plugins.ml2.drivers.ovn.mech_driver.mech_driver [None req-359f6fdc-eb2a-4fde-95a6-06b6f7d2f40b - - - - - -] OVN reports status down for port: 8fd4525e-cf8a-4b3b-9808-cad731a077a5 [pid: 7|app: 0|req: 1115/2315] 10.0.0.232 () {32 vars in 731 bytes} [Wed Jul 15 15:50:18 2026] GET /v2.0/routers/093565d4-c30d-4cf5-8c44-2a865306b47a/tags => generated 37 bytes in 83 msecs (HTTP/1.1 200) 4 headers in 156 bytes (1 switches on core 0)
2026-07-15 15:50:18.689 8 INFO neutron.db.ovn_revision_numbers_db [None req-e2d2e109-daab-4562-a477-03d1787e102a 864b34f7b8724ce297d23e4d5ecde0ec c4494c37871a4a4cbdcedb5c81e382f7 - - default default] Successfully bumped revision number for resource 25a4db76-0147-4465-b610-d25dd9e8286c (type: ports) to 1
2026-07-15 15:50:18.697 7 WARNING neutron.plugins.ml2.drivers.ovn.mech_driver.ovsdb.ovn_client [None req-359f6fdc-eb2a-4fde-95a6-06b6f7d2f40b - - - - - -] Logical_Switch_Port 8fd4525e-cf8a-4b3b-9808-cad731a077a5 host information not removed, the port state is up
2026-07-15 15:50:18.699 7 INFO neutron.plugins.ml2.drivers.ovn.mech_driver.mech_driver [None req-359f6fdc-eb2a-4fde-95a6-06b6f7d2f40b - - - - - -] OVN reports status up for port: 8fd4525e-cf8a-4b3b-9808-cad731a077a5
2026-07-15 15:50:18.726 7 INFO neutron.plugins.ml2.plugin [None req-359f6fdc-eb2a-4fde-95a6-06b6f7d2f40b - - - - - -] Attempt 1 to provision port 8fd4525e-cf8a-4b3b-9808-cad731a077a5 [pid: 8|app: 0|req: 1201/2316] 10.0.0.232 () {34 vars in 665 bytes} [Wed Jul 15 15:50:18 2026] POST /v2.0/ports => generated 954 bytes in 480 msecs (HTTP/1.1 201) 4 headers in 162 bytes (1 switches on core 0) /var/lib/openstack/lib/python3.12/site-packages/pycadf/identifier.py:70: UserWarning: Invalid uuid: neutron. To ensure interoperability, identifiers should be a valid uuid. warnings.warn(('Invalid uuid: %s. To ensure interoperability, ' [pid: 8|app: 0|req: 1202/2317] 10.0.0.232 () {32 vars in 739 bytes} [Wed Jul 15 15:50:18 2026] GET /v2.0/routers/093565d4-c30d-4cf5-8c44-2a865306b47a/tags/red => generated 0 bytes in 65 msecs (HTTP/1.1 204) 2 headers in 112 bytes (1 switches on core 0)
2026-07-15 15:50:18.838 7 INFO neutron.db.ovn_revision_numbers_db [None req-a8f13b5a-b8c5-4200-b9a7-de55ddd2d1c6 1bf60bf708a149eba53b55a011300cb0 cac11b7e01424369a8378965961ac6ee - - default default] Successfully bumped revision number for resource fcc4c26b-8946-46aa-8fe2-20f5ef34177c (type: security_group_rules) to 0 [pid: 7|app: 0|req: 1116/2318] 10.0.0.232 () {34 vars in 695 bytes} [Wed Jul 15 15:50:18 2026] POST /v2.0/security-group-rules => generated 601 bytes in 301 msecs (HTTP/1.1 201) 4 headers in 162 bytes (1 switches on core 0)
2026-07-15 15:50:18.985 7 INFO neutron.api.v2.resource [None req-d5b4bb56-3488-442b-9c4f-3410a5762690 44f1270b4fa144449366285ed0bde26b eb56503f506e492f8aa83395efb40bd8 - - default default] show failed (client error): The resource could not be found. [pid: 7|app: 0|req: 1117/2319] 10.0.0.232 () {32 vars in 743 bytes} [Wed Jul 15 15:50:18 2026] GET /v2.0/routers/093565d4-c30d-4cf5-8c44-2a865306b47a/tags/green => generated 99 bytes in 87 msecs (HTTP/1.1 404) 4 headers in 163 bytes (1 switches on core 0)
2026-07-15 15:50:19.079 8 WARNING neutron.scheduler.dhcp_agent_scheduler [None req-80b7a8d3-b12b-4382-8f88-6dd16c2c336f 864b34f7b8724ce297d23e4d5ecde0ec c4494c37871a4a4cbdcedb5c81e382f7 - - default default] No more DHCP agents
2026-07-15 15:50:19.082 8 WARNING neutron.api.rpc.agentnotifiers.dhcp_rpc_agent_api [None req-80b7a8d3-b12b-4382-8f88-6dd16c2c336f 864b34f7b8724ce297d23e4d5ecde0ec c4494c37871a4a4cbdcedb5c81e382f7 - - default default] Unable to schedule network 6e00a638-9e2b-47bd-8e29-8990438c22a5: no agents available; will retry on subsequent port and subnet creation events.
2026-07-15 15:50:19.240 8 INFO neutron.db.ovn_revision_numbers_db [None req-80b7a8d3-b12b-4382-8f88-6dd16c2c336f 864b34f7b8724ce297d23e4d5ecde0ec c4494c37871a4a4cbdcedb5c81e382f7 - - default default] Successfully bumped revision number for resource b05ab316-182d-4b0e-9193-45bec9ce7d9b (type: ports) to 1 [pid: 8|app: 0|req: 1203/2320] 10.0.0.232 () {34 vars in 665 bytes} [Wed Jul 15 15:50:18 2026] POST /v2.0/ports => generated 959 bytes in 465 msecs (HTTP/1.1 201) 4 headers in 162 bytes (1 switches on core 0) /var/lib/openstack/lib/python3.12/site-packages/pycadf/identifier.py:70: UserWarning: Invalid uuid: neutron. To ensure interoperability, identifiers should be a valid uuid. warnings.warn(('Invalid uuid: %s. To ensure interoperability, '
2026-07-15 15:50:19.292 7 INFO neutron.db.ovn_revision_numbers_db [None req-22ec8549-3a10-4a6e-8de4-5772edcfbd29 1bf60bf708a149eba53b55a011300cb0 cac11b7e01424369a8378965961ac6ee - - default default] Successfully bumped revision number for resource 48815589-98c8-4333-8ea5-7e36c35edd97 (type: security_group_rules) to 0 [pid: 7|app: 0|req: 1118/2321] 10.0.0.232 () {34 vars in 695 bytes} [Wed Jul 15 15:50:18 2026] POST /v2.0/security-group-rules => generated 597 bytes in 377 msecs (HTTP/1.1 201) 4 headers in 162 bytes (1 switches on core 0)
2026-07-15 15:50:19.438 7 INFO neutron.db.ovn_revision_numbers_db [None req-359f6fdc-eb2a-4fde-95a6-06b6f7d2f40b - - - - - -] Successfully bumped revision number for resource 8fd4525e-cf8a-4b3b-9808-cad731a077a5 (type: ports) to 2
2026-07-15 15:50:19.675 7 INFO neutron.db.ovn_revision_numbers_db [None req-2a960150-6b17-4768-a91f-21870c2b4737 d8371b4f91eb4717a818c8f54321c085 a2dcf293a86c4ecdaed227b69955d4b1 - - default default] Successfully bumped revision number for resource efec1a71-ab48-49fe-a333-e473b2b3139b (type: security_groups) to 1
2026-07-15 15:50:19.685 7 INFO neutron.db.ovn_revision_numbers_db [None req-2a960150-6b17-4768-a91f-21870c2b4737 d8371b4f91eb4717a818c8f54321c085 a2dcf293a86c4ecdaed227b69955d4b1 - - default default] Successfully bumped revision number for resource 4c98193b-db86-4d83-abbb-35e1ea1f64ee (type: security_group_rules) to 0
2026-07-15 15:50:19.696 7 INFO neutron.db.ovn_revision_numbers_db [None req-2a960150-6b17-4768-a91f-21870c2b4737 d8371b4f91eb4717a818c8f54321c085 a2dcf293a86c4ecdaed227b69955d4b1 - - default default] Successfully bumped revision number for resource 5cfa7c11-ce2e-466f-b07f-d2cab22919f3 (type: security_group_rules) to 0
2026-07-15 15:50:19.706 7 INFO neutron.db.ovn_revision_numbers_db [None req-2a960150-6b17-4768-a91f-21870c2b4737 d8371b4f91eb4717a818c8f54321c085 a2dcf293a86c4ecdaed227b69955d4b1 - - default default] Successfully bumped revision number for resource 83254199-3249-400d-8457-8853b572a5d2 (type: security_group_rules) to 0
2026-07-15 15:50:19.718 7 INFO neutron.db.ovn_revision_numbers_db [None req-2a960150-6b17-4768-a91f-21870c2b4737 d8371b4f91eb4717a818c8f54321c085 a2dcf293a86c4ecdaed227b69955d4b1 - - default default] Successfully bumped revision number for resource d58cadde-1a4b-4690-92c1-6264df6063b7 (type: security_group_rules) to 0 [pid: 7|app: 0|req: 1119/2322] 10.0.0.232 () {32 vars in 774 bytes} [Wed Jul 15 15:50:19 2026] GET /v2.0/security-groups?tenant_id=a3e939dc8e7247ad9fe42c05dd0aae82&name=default => generated 2925 bytes in 388 msecs (HTTP/1.1 200) 4 headers in 158 bytes (1 switches on core 0) [pid: 8|app: 0|req: 1204/2323] 10.0.0.232 () {32 vars in 742 bytes} [Wed Jul 15 15:50:19 2026] DELETE /v2.0/routers/093565d4-c30d-4cf5-8c44-2a865306b47a/tags/red => generated 0 bytes in 646 msecs (HTTP/1.1 204) 2 headers in 112 bytes (1 switches on core 0)
2026-07-15 15:50:19.968 7 WARNING neutron.scheduler.dhcp_agent_scheduler [None req-bb22a03a-d45d-49ca-bf86-cc0136f1b45c 864b34f7b8724ce297d23e4d5ecde0ec c4494c37871a4a4cbdcedb5c81e382f7 - - default default] No more DHCP agents
2026-07-15 15:50:19.970 7 WARNING neutron.api.rpc.agentnotifiers.dhcp_rpc_agent_api [None req-bb22a03a-d45d-49ca-bf86-cc0136f1b45c 864b34f7b8724ce297d23e4d5ecde0ec c4494c37871a4a4cbdcedb5c81e382f7 - - default default] Unable to schedule network 6ac0070b-5b3a-4e99-90df-f2e13dc9ec06: no agents available; will retry on subsequent port and subnet creation events.
2026-07-15 15:50:20.074 8 INFO neutron.db.ovn_revision_numbers_db [None req-d04b6df8-0495-4b05-95bc-96f1c4a66b71 1bf60bf708a149eba53b55a011300cb0 cac11b7e01424369a8378965961ac6ee - - default default] Successfully bumped revision number for resource 36c88072-1890-4792-8f10-0153b469a14b (type: security_group_rules) to 0 [pid: 8|app: 0|req: 1205/2324] 10.0.0.232 () {34 vars in 695 bytes} [Wed Jul 15 15:50:19 2026] POST /v2.0/security-group-rules => generated 597 bytes in 192 msecs (HTTP/1.1 201) 4 headers in 162 bytes (1 switches on core 0) [pid: 8|app: 0|req: 1206/2325] 10.0.0.232 () {32 vars in 740 bytes} [Wed Jul 15 15:50:20 2026] DELETE /v2.0/security-groups/efec1a71-ab48-49fe-a333-e473b2b3139b => generated 0 bytes in 241 msecs (HTTP/1.1 204) 2 headers in 112 bytes (1 switches on core 0) [pid: 8|app: 0|req: 1207/2326] 10.0.0.232 () {32 vars in 731 bytes} [Wed Jul 15 15:50:20 2026] GET /v2.0/routers/093565d4-c30d-4cf5-8c44-2a865306b47a/tags => generated 30 bytes in 53 msecs (HTTP/1.1 200) 4 headers in 156 bytes (1 switches on core 0)
2026-07-15 15:50:20.564 8 INFO neutron.db.ovn_revision_numbers_db [None req-039567e4-a666-48b9-9915-9da2e1270b29 1bf60bf708a149eba53b55a011300cb0 cac11b7e01424369a8378965961ac6ee - - default default] Successfully bumped revision number for resource f4eedebc-27da-4ad6-a544-cd18a143cb46 (type: security_group_rules) to 0 [pid: 8|app: 0|req: 1208/2327] 10.0.0.232 () {34 vars in 695 bytes} [Wed Jul 15 15:50:20 2026] POST /v2.0/security-group-rules => generated 597 bytes in 192 msecs (HTTP/1.1 201) 4 headers in 162 bytes (1 switches on core 0)
2026-07-15 15:50:20.679 8 INFO neutron.api.v2.resource [None req-35985786-6220-4359-81f2-c8b6a18375ae 44f1270b4fa144449366285ed0bde26b eb56503f506e492f8aa83395efb40bd8 - - default default] delete failed (client error): The resource could not be found. [pid: 8|app: 0|req: 1209/2328] 10.0.0.232 () {32 vars in 746 bytes} [Wed Jul 15 15:50:20 2026] DELETE /v2.0/routers/093565d4-c30d-4cf5-8c44-2a865306b47a/tags/green => generated 99 bytes in 83 msecs (HTTP/1.1 404) 4 headers in 163 bytes (1 switches on core 0)
2026-07-15 15:50:20.777 8 INFO neutron.db.ovn_revision_numbers_db [None req-a8d016d4-9766-498a-b2b5-7bf829702486 d8371b4f91eb4717a818c8f54321c085 a2dcf293a86c4ecdaed227b69955d4b1 - - default default] Successfully bumped revision number for resource e74ba4dd-22ae-4006-b385-ff8bf6ec459e (type: security_groups) to 1
2026-07-15 15:50:20.786 8 INFO neutron.db.ovn_revision_numbers_db [None req-a8d016d4-9766-498a-b2b5-7bf829702486 d8371b4f91eb4717a818c8f54321c085 a2dcf293a86c4ecdaed227b69955d4b1 - - default default] Successfully bumped revision number for resource 7cfc1e0c-3762-4c01-8ee1-12d25718babd (type: security_group_rules) to 0
2026-07-15 15:50:20.795 8 INFO neutron.db.ovn_revision_numbers_db [None req-a8d016d4-9766-498a-b2b5-7bf829702486 d8371b4f91eb4717a818c8f54321c085 a2dcf293a86c4ecdaed227b69955d4b1 - - default default] Successfully bumped revision number for resource 90ffc261-f832-42af-9ed1-7242dbc825a9 (type: security_group_rules) to 0
2026-07-15 15:50:20.803 8 INFO neutron.db.ovn_revision_numbers_db [None req-a8d016d4-9766-498a-b2b5-7bf829702486 d8371b4f91eb4717a818c8f54321c085 a2dcf293a86c4ecdaed227b69955d4b1 - - default default] Successfully bumped revision number for resource a5ca38d6-dc4e-4284-b4bd-9adff2ee8676 (type: security_group_rules) to 0
2026-07-15 15:50:20.812 8 INFO neutron.db.ovn_revision_numbers_db [None req-a8d016d4-9766-498a-b2b5-7bf829702486 d8371b4f91eb4717a818c8f54321c085 a2dcf293a86c4ecdaed227b69955d4b1 - - default default] Successfully bumped revision number for resource b21709a2-2674-410d-9a79-2edcc01d5f84 (type: security_group_rules) to 0
2026-07-15 15:50:20.817 7 INFO neutron.db.ovn_revision_numbers_db [None req-bb22a03a-d45d-49ca-bf86-cc0136f1b45c 864b34f7b8724ce297d23e4d5ecde0ec c4494c37871a4a4cbdcedb5c81e382f7 - - default default] Successfully bumped revision number for resource cb7e2bf7-126b-4bde-bd37-de0a931fa11a (type: floatingips) to 1
2026-07-15 15:50:20.818 7 INFO neutron.db.l3_db [None req-bb22a03a-d45d-49ca-bf86-cc0136f1b45c 864b34f7b8724ce297d23e4d5ecde0ec c4494c37871a4a4cbdcedb5c81e382f7 - - default default] Floating IP cb7e2bf7-126b-4bde-bd37-de0a931fa11a associated. External IP: 10.96.250.219, port: b05ab316-182d-4b0e-9193-45bec9ce7d9b. [pid: 8|app: 0|req: 1210/2329] 10.0.0.232 () {32 vars in 774 bytes} [Wed Jul 15 15:50:20 2026] GET /v2.0/security-groups?tenant_id=914362e3b18a4fc9ba281a3b9db0a1ee&name=default => generated 2925 bytes in 161 msecs (HTTP/1.1 200) 4 headers in 158 bytes (1 switches on core 0) [pid: 7|app: 0|req: 1120/2330] 10.0.0.232 () {34 vars in 677 bytes} [Wed Jul 15 15:50:19 2026] POST /v2.0/floatingips => generated 843 bytes in 1104 msecs (HTTP/1.1 201) 4 headers in 162 bytes (1 switches on core 0) [pid: 7|app: 0|req: 1121/2331] 10.0.0.232 () {32 vars in 734 bytes} [Wed Jul 15 15:50:20 2026] DELETE /v2.0/routers/093565d4-c30d-4cf5-8c44-2a865306b47a/tags => generated 0 bytes in 79 msecs (HTTP/1.1 204) 2 headers in 112 bytes (1 switches on core 0)
2026-07-15 15:50:20.992 8 INFO neutron.db.ovn_revision_numbers_db [None req-bf534171-4ef6-49e4-b110-4c0ed722e091 1bf60bf708a149eba53b55a011300cb0 cac11b7e01424369a8378965961ac6ee - - default default] Successfully bumped revision number for resource 4f0f9540-1532-45f0-9f23-ca4b94af15af (type: security_group_rules) to 0 [pid: 8|app: 0|req: 1211/2332] 10.0.0.232 () {34 vars in 695 bytes} [Wed Jul 15 15:50:20 2026] POST /v2.0/security-group-rules => generated 599 bytes in 176 msecs (HTTP/1.1 201) 4 headers in 162 bytes (1 switches on core 0) [pid: 7|app: 0|req: 1122/2333] 10.0.0.232 () {32 vars in 740 bytes} [Wed Jul 15 15:50:20 2026] DELETE /v2.0/security-groups/e74ba4dd-22ae-4006-b385-ff8bf6ec459e => generated 0 bytes in 242 msecs (HTTP/1.1 204) 2 headers in 112 bytes (1 switches on core 0)
2026-07-15 15:50:21.211 8 INFO neutron.db.ovn_revision_numbers_db [None req-c59ea168-5c23-4685-b705-11294e2e085c 864b34f7b8724ce297d23e4d5ecde0ec c4494c37871a4a4cbdcedb5c81e382f7 - - default default] Successfully bumped revision number for resource cb7e2bf7-126b-4bde-bd37-de0a931fa11a (type: floatingips) to 2 [pid: 7|app: 0|req: 1123/2334] 10.0.0.232 () {32 vars in 731 bytes} [Wed Jul 15 15:50:21 2026] GET /v2.0/routers/093565d4-c30d-4cf5-8c44-2a865306b47a/tags => generated 12 bytes in 69 msecs (HTTP/1.1 200) 4 headers in 156 bytes (1 switches on core 0)
2026-07-15 15:50:21.259 8 INFO neutron.db.l3_db [None req-c59ea168-5c23-4685-b705-11294e2e085c 864b34f7b8724ce297d23e4d5ecde0ec c4494c37871a4a4cbdcedb5c81e382f7 - - default default] Floating IP cb7e2bf7-126b-4bde-bd37-de0a931fa11a disassociated. External IP: 10.96.250.219, port: b05ab316-182d-4b0e-9193-45bec9ce7d9b. [pid: 8|app: 0|req: 1212/2335] 10.0.0.232 () {34 vars in 749 bytes} [Wed Jul 15 15:50:21 2026] PUT /v2.0/floatingips/cb7e2bf7-126b-4bde-bd37-de0a931fa11a => generated 554 bytes in 265 msecs (HTTP/1.1 200) 4 headers in 157 bytes (1 switches on core 0) [pid: 8|app: 0|req: 1213/2336] 10.0.0.232 () {32 vars in 721 bytes} [Wed Jul 15 15:50:21 2026] GET /v2.0/routers/093565d4-c30d-4cf5-8c44-2a865306b47a => generated 576 bytes in 35 msecs (HTTP/1.1 200) 4 headers in 157 bytes (1 switches on core 0)
2026-07-15 15:50:21.422 7 INFO neutron.db.ovn_revision_numbers_db [None req-806d31b8-2a0b-494d-bc62-d2d8f1f15284 1bf60bf708a149eba53b55a011300cb0 cac11b7e01424369a8378965961ac6ee - - default default] Successfully bumped revision number for resource 6521897b-1997-476e-b7a5-3377912d7912 (type: security_group_rules) to 0
2026-07-15 15:50:21.435 8 INFO neutron_taas.services.taas.taas_plugin [None req-73caf96b-bf0a-4f42-b6e9-8af6b809905b 864b34f7b8724ce297d23e4d5ecde0ec c4494c37871a4a4cbdcedb5c81e382f7 - - default default] TaaS: Handle Delete Port: 7d4accef-9cdc-4668-a6bb-b90a8e8db04b
2026-07-15 15:50:21.438 8 INFO neutron_taas.services.taas.tap_mirror_plugin [None req-73caf96b-bf0a-4f42-b6e9-8af6b809905b 864b34f7b8724ce297d23e4d5ecde0ec c4494c37871a4a4cbdcedb5c81e382f7 - - default default] Tap Mirror: Handle Delete Port: 7d4accef-9cdc-4668-a6bb-b90a8e8db04b [pid: 7|app: 0|req: 1124/2337] 10.0.0.232 () {34 vars in 695 bytes} [Wed Jul 15 15:50:21 2026] POST /v2.0/security-group-rules => generated 601 bytes in 199 msecs (HTTP/1.1 201) 4 headers in 162 bytes (1 switches on core 0)
2026-07-15 15:50:21.552 7 INFO neutron.db.ovn_revision_numbers_db [None req-ea5b0180-c33c-4b82-b6a3-1dbd5b164881 d8371b4f91eb4717a818c8f54321c085 a2dcf293a86c4ecdaed227b69955d4b1 - - default default] Successfully bumped revision number for resource 20b77332-1191-4dd8-941f-4b87e170843e (type: security_groups) to 1
2026-07-15 15:50:21.562 7 INFO neutron.db.ovn_revision_numbers_db [None req-ea5b0180-c33c-4b82-b6a3-1dbd5b164881 d8371b4f91eb4717a818c8f54321c085 a2dcf293a86c4ecdaed227b69955d4b1 - - default default] Successfully bumped revision number for resource 30b78a4e-0cbe-4e3e-8046-72e0d5e88c5c (type: security_group_rules) to 0
2026-07-15 15:50:21.572 7 INFO neutron.db.ovn_revision_numbers_db [None req-ea5b0180-c33c-4b82-b6a3-1dbd5b164881 d8371b4f91eb4717a818c8f54321c085 a2dcf293a86c4ecdaed227b69955d4b1 - - default default] Successfully bumped revision number for resource 6d74ce15-bcdb-4a3a-ac5f-82b38d0dba2b (type: security_group_rules) to 0
2026-07-15 15:50:21.583 7 INFO neutron.db.ovn_revision_numbers_db [None req-ea5b0180-c33c-4b82-b6a3-1dbd5b164881 d8371b4f91eb4717a818c8f54321c085 a2dcf293a86c4ecdaed227b69955d4b1 - - default default] Successfully bumped revision number for resource 76b61933-ef52-4606-8d47-14ebcd30a373 (type: security_group_rules) to 0 [pid: 8|app: 0|req: 1214/2338] 10.0.0.232 () {32 vars in 732 bytes} [Wed Jul 15 15:50:21 2026] DELETE /v2.0/floatingips/cb7e2bf7-126b-4bde-bd37-de0a931fa11a => generated 0 bytes in 270 msecs (HTTP/1.1 204) 2 headers in 112 bytes (1 switches on core 0)
2026-07-15 15:50:21.594 7 INFO neutron.db.ovn_revision_numbers_db [None req-ea5b0180-c33c-4b82-b6a3-1dbd5b164881 d8371b4f91eb4717a818c8f54321c085 a2dcf293a86c4ecdaed227b69955d4b1 - - default default] Successfully bumped revision number for resource cbe009f8-ea79-476e-baed-3fb68faa7945 (type: security_group_rules) to 0 [pid: 7|app: 0|req: 1125/2339] 10.0.0.232 () {32 vars in 774 bytes} [Wed Jul 15 15:50:21 2026] GET /v2.0/security-groups?tenant_id=94540cd57fb84820af69176815e85347&name=default => generated 2925 bytes in 182 msecs (HTTP/1.1 200) 4 headers in 158 bytes (1 switches on core 0)
2026-07-15 15:50:21.783 7 INFO neutron.db.ovn_revision_numbers_db [None req-0a439551-8a90-4474-95a1-ef35dfab390c 1bf60bf708a149eba53b55a011300cb0 cac11b7e01424369a8378965961ac6ee - - default default] Successfully bumped revision number for resource 49b3c21c-43c5-4368-b58a-2b89d62485a3 (type: security_group_rules) to 0 [pid: 7|app: 0|req: 1126/2340] 10.0.0.232 () {34 vars in 695 bytes} [Wed Jul 15 15:50:21 2026] POST /v2.0/security-group-rules => generated 597 bytes in 178 msecs (HTTP/1.1 201) 4 headers in 162 bytes (1 switches on core 0)
2026-07-15 15:50:21.848 8 INFO neutron.db.ovn_revision_numbers_db [None req-6766a0c1-c9bc-4b26-819e-9ade5c59fa86 44f1270b4fa144449366285ed0bde26b eb56503f506e492f8aa83395efb40bd8 - - default default] Successfully bumped revision number for resource 093565d4-c30d-4cf5-8c44-2a865306b47a (type: routers) to 7 [pid: 8|app: 0|req: 1215/2341] 10.0.0.232 () {34 vars in 742 bytes} [Wed Jul 15 15:50:21 2026] PUT /v2.0/routers/093565d4-c30d-4cf5-8c44-2a865306b47a => generated 576 bytes in 264 msecs (HTTP/1.1 200) 4 headers in 157 bytes (1 switches on core 0)
2026-07-15 15:50:22.043 7 WARNING neutron.scheduler.dhcp_agent_scheduler [None req-eb927bbf-b233-45ab-8309-433801bed5d0 864b34f7b8724ce297d23e4d5ecde0ec c4494c37871a4a4cbdcedb5c81e382f7 - - default default] No more DHCP agents
2026-07-15 15:50:22.044 7 WARNING neutron.api.rpc.agentnotifiers.dhcp_rpc_agent_api [None req-eb927bbf-b233-45ab-8309-433801bed5d0 864b34f7b8724ce297d23e4d5ecde0ec c4494c37871a4a4cbdcedb5c81e382f7 - - default default] Unable to schedule network 6ac0070b-5b3a-4e99-90df-f2e13dc9ec06: no agents available; will retry on subsequent port and subnet creation events. [pid: 8|app: 0|req: 1216/2342] 10.0.0.232 () {32 vars in 740 bytes} [Wed Jul 15 15:50:21 2026] DELETE /v2.0/security-groups/20b77332-1191-4dd8-941f-4b87e170843e => generated 0 bytes in 286 msecs (HTTP/1.1 204) 2 headers in 112 bytes (1 switches on core 0) [pid: 8|app: 0|req: 1217/2343] 10.0.0.232 () {32 vars in 736 bytes} [Wed Jul 15 15:50:22 2026] GET /v2.0/ports?device_id=093565d4-c30d-4cf5-8c44-2a865306b47a => generated 12 bytes in 25 msecs (HTTP/1.1 200) 4 headers in 156 bytes (1 switches on core 0) [pid: 8|app: 0|req: 1218/2344] 10.0.0.223 () {34 vars in 1094 bytes} [Wed Jul 15 15:50:22 2026] GET /v2.0/security-groups?name=tempest-lb_member_SG-168045265&fields=id&tenant_id=cac11b7e01424369a8378965961ac6ee => generated 69 bytes in 32 msecs (HTTP/1.1 200) 4 headers in 156 bytes (1 switches on core 0) [pid: 8|app: 0|req: 1219/2345] 10.0.0.232 () {32 vars in 724 bytes} [Wed Jul 15 15:50:22 2026] DELETE /v2.0/routers/093565d4-c30d-4cf5-8c44-2a865306b47a => generated 0 bytes in 162 msecs (HTTP/1.1 204) 2 headers in 112 bytes (1 switches on core 0) [pid: 8|app: 0|req: 1220/2346] 10.0.0.223 () {34 vars in 982 bytes} [Wed Jul 15 15:50:22 2026] GET /v2.0/networks?id=8dd5374f-ca92-4227-908a-a71ff0a68b6b => generated 743 bytes in 45 msecs (HTTP/1.1 200) 4 headers in 157 bytes (1 switches on core 0) [pid: 8|app: 0|req: 1221/2347] 10.0.0.223 () {34 vars in 965 bytes} [Wed Jul 15 15:50:22 2026] GET /v2.0/quotas/cac11b7e01424369a8378965961ac6ee => generated 292 bytes in 9 msecs (HTTP/1.1 200) 4 headers in 157 bytes (1 switches on core 0) [pid: 8|app: 0|req: 1222/2348] 10.0.0.223 () {34 vars in 1002 bytes} [Wed Jul 15 15:50:22 2026] GET /v2.0/ports?tenant_id=cac11b7e01424369a8378965961ac6ee&fields=id => generated 287 bytes in 136 msecs (HTTP/1.1 200) 4 headers in 157 bytes (1 switches on core 0)
2026-07-15 15:50:22.632 8 WARNING neutron.plugins.ml2.drivers.ovn.mech_driver.ovsdb.ovn_client [None req-2c9a4f9d-1255-4888-9b8e-c5f9cff47beb - - - - - -] No hosting information found for port b5695f99-2667-4ce7-b57e-8b185aa65e36: RuntimeError: No hosting information found for port b5695f99-2667-4ce7-b57e-8b185aa65e36
2026-07-15 15:50:22.633 8 INFO neutron.plugins.ml2.drivers.ovn.mech_driver.mech_driver [None req-2c9a4f9d-1255-4888-9b8e-c5f9cff47beb - - - - - -] OVN reports status up for port: 96b423bb-aa61-49f5-a722-8fd620e28aee [pid: 8|app: 0|req: 1223/2349] 10.0.0.223 () {34 vars in 1008 bytes} [Wed Jul 15 15:50:22 2026] GET /v2.0/networks/8dd5374f-ca92-4227-908a-a71ff0a68b6b?fields=segments => generated 14 bytes in 77 msecs (HTTP/1.1 200) 4 headers in 156 bytes (1 switches on core 0)
2026-07-15 15:50:22.665 8 INFO neutron.plugins.ml2.plugin [None req-2c9a4f9d-1255-4888-9b8e-c5f9cff47beb - - - - - -] Attempt 1 to provision port 96b423bb-aa61-49f5-a722-8fd620e28aee [pid: 8|app: 0|req: 1224/2350] 10.0.0.223 () {34 vars in 1108 bytes} [Wed Jul 15 15:50:22 2026] GET /v2.0/networks/8dd5374f-ca92-4227-908a-a71ff0a68b6b?fields=provider%3Aphysical_network&fields=provider%3Anetwork_type => generated 79 bytes in 76 msecs (HTTP/1.1 200) 4 headers in 156 bytes (1 switches on core 0) [pid: 8|app: 0|req: 1225/2351] 10.0.0.223 () {34 vars in 990 bytes} [Wed Jul 15 15:50:22 2026] GET /v2.0/ports?device_id=b4abdbb1-187e-40f4-9397-817c4565eca6 => generated 12 bytes in 21 msecs (HTTP/1.1 200) 4 headers in 156 bytes (1 switches on core 0)
2026-07-15 15:50:23.017 7 INFO neutron.db.ovn_revision_numbers_db [None req-eb927bbf-b233-45ab-8309-433801bed5d0 864b34f7b8724ce297d23e4d5ecde0ec c4494c37871a4a4cbdcedb5c81e382f7 - - default default] Successfully bumped revision number for resource ddaf71a4-1cc6-4cbb-b3fb-fbe9452115d0 (type: floatingips) to 1
2026-07-15 15:50:23.017 7 INFO neutron.db.l3_db [None req-eb927bbf-b233-45ab-8309-433801bed5d0 864b34f7b8724ce297d23e4d5ecde0ec c4494c37871a4a4cbdcedb5c81e382f7 - - default default] Floating IP ddaf71a4-1cc6-4cbb-b3fb-fbe9452115d0 associated. External IP: 10.96.250.219, port: 25a4db76-0147-4465-b610-d25dd9e8286c. [pid: 7|app: 0|req: 1127/2352] 10.0.0.232 () {34 vars in 677 bytes} [Wed Jul 15 15:50:21 2026] POST /v2.0/floatingips => generated 841 bytes in 1248 msecs (HTTP/1.1 201) 4 headers in 162 bytes (1 switches on core 0) [pid: 8|app: 0|req: 1226/2353] 10.0.0.232 () {32 vars in 729 bytes} [Wed Jul 15 15:50:23 2026] GET /v2.0/floatingips/ddaf71a4-1cc6-4cbb-b3fb-fbe9452115d0 => generated 843 bytes in 39 msecs (HTTP/1.1 200) 4 headers in 157 bytes (1 switches on core 0) [pid: 7|app: 0|req: 1128/2354] 10.0.0.232 () {32 vars in 655 bytes} [Wed Jul 15 15:50:23 2026] GET /v2.0/floatingips => generated 846 bytes in 68 msecs (HTTP/1.1 200) 4 headers in 157 bytes (1 switches on core 0)
2026-07-15 15:50:23.554 7 INFO neutron.db.ovn_revision_numbers_db [None req-a132789f-9871-4dc9-8df2-085eaa986b4d d8371b4f91eb4717a818c8f54321c085 a2dcf293a86c4ecdaed227b69955d4b1 - - default default] Successfully bumped revision number for resource 728e1ae2-2a31-4867-9f91-44ffe6e4b0d8 (type: security_groups) to 1
2026-07-15 15:50:23.564 7 INFO neutron.db.ovn_revision_numbers_db [None req-a132789f-9871-4dc9-8df2-085eaa986b4d d8371b4f91eb4717a818c8f54321c085 a2dcf293a86c4ecdaed227b69955d4b1 - - default default] Successfully bumped revision number for resource 23f4cb33-64c7-4f2f-8497-9e0febbb27e7 (type: security_group_rules) to 0
2026-07-15 15:50:23.575 7 INFO neutron.db.ovn_revision_numbers_db [None req-a132789f-9871-4dc9-8df2-085eaa986b4d d8371b4f91eb4717a818c8f54321c085 a2dcf293a86c4ecdaed227b69955d4b1 - - default default] Successfully bumped revision number for resource 2703878e-7f76-41a1-832a-4f7c8e87a97a (type: security_group_rules) to 0
2026-07-15 15:50:23.591 7 INFO neutron.db.ovn_revision_numbers_db [None req-a132789f-9871-4dc9-8df2-085eaa986b4d d8371b4f91eb4717a818c8f54321c085 a2dcf293a86c4ecdaed227b69955d4b1 - - default default] Successfully bumped revision number for resource 540caa58-337c-4dc1-a221-eac26df6dc2b (type: security_group_rules) to 0
2026-07-15 15:50:23.601 7 INFO neutron.db.ovn_revision_numbers_db [None req-a132789f-9871-4dc9-8df2-085eaa986b4d d8371b4f91eb4717a818c8f54321c085 a2dcf293a86c4ecdaed227b69955d4b1 - - default default] Successfully bumped revision number for resource 67e1fbe8-bfc0-478c-9c6b-b153b39793a5 (type: security_group_rules) to 0 [pid: 7|app: 0|req: 1129/2355] 10.0.0.232 () {32 vars in 774 bytes} [Wed Jul 15 15:50:23 2026] GET /v2.0/security-groups?tenant_id=125118ea92e24b58a151ff16f0e6cc1c&name=default => generated 2925 bytes in 438 msecs (HTTP/1.1 200) 4 headers in 158 bytes (1 switches on core 0)
2026-07-15 15:50:23.689 8 INFO neutron.db.ovn_revision_numbers_db [None req-52d7a45b-8d2e-4c24-b58e-01e80dde9ee6 864b34f7b8724ce297d23e4d5ecde0ec c4494c37871a4a4cbdcedb5c81e382f7 - - default default] Successfully bumped revision number for resource ddaf71a4-1cc6-4cbb-b3fb-fbe9452115d0 (type: floatingips) to 2
2026-07-15 15:50:23.805 8 INFO neutron.db.l3_db [None req-52d7a45b-8d2e-4c24-b58e-01e80dde9ee6 864b34f7b8724ce297d23e4d5ecde0ec c4494c37871a4a4cbdcedb5c81e382f7 - - default default] Floating IP ddaf71a4-1cc6-4cbb-b3fb-fbe9452115d0 associated. External IP: 10.96.250.219, port: 25a4db76-0147-4465-b610-d25dd9e8286c. [pid: 8|app: 0|req: 1227/2356] 10.0.0.232 () {34 vars in 749 bytes} [Wed Jul 15 15:50:23 2026] PUT /v2.0/floatingips/ddaf71a4-1cc6-4cbb-b3fb-fbe9452115d0 => generated 845 bytes in 680 msecs (HTTP/1.1 200) 4 headers in 157 bytes (1 switches on core 0) [pid: 7|app: 0|req: 1130/2357] 10.0.0.232 () {32 vars in 740 bytes} [Wed Jul 15 15:50:23 2026] DELETE /v2.0/security-groups/728e1ae2-2a31-4867-9f91-44ffe6e4b0d8 => generated 0 bytes in 243 msecs (HTTP/1.1 204) 2 headers in 112 bytes (1 switches on core 0)
2026-07-15 15:50:24.007 8 INFO neutron.db.ovn_revision_numbers_db [None req-08b866bf-b5dc-4aa4-8411-a2104c20fa84 864b34f7b8724ce297d23e4d5ecde0ec c4494c37871a4a4cbdcedb5c81e382f7 - - default default] Successfully bumped revision number for resource ddaf71a4-1cc6-4cbb-b3fb-fbe9452115d0 (type: floatingips) to 3
2026-07-15 15:50:24.051 8 INFO neutron.db.l3_db [None req-08b866bf-b5dc-4aa4-8411-a2104c20fa84 864b34f7b8724ce297d23e4d5ecde0ec c4494c37871a4a4cbdcedb5c81e382f7 - - default default] Floating IP ddaf71a4-1cc6-4cbb-b3fb-fbe9452115d0 disassociated. External IP: 10.96.250.219, port: b05ab316-182d-4b0e-9193-45bec9ce7d9b. [pid: 8|app: 0|req: 1228/2358] 10.0.0.232 () {34 vars in 749 bytes} [Wed Jul 15 15:50:23 2026] PUT /v2.0/floatingips/ddaf71a4-1cc6-4cbb-b3fb-fbe9452115d0 => generated 554 bytes in 208 msecs (HTTP/1.1 200) 4 headers in 157 bytes (1 switches on core 0)
2026-07-15 15:50:24.216 7 INFO neutron.db.ovn_revision_numbers_db [None req-5ad7a129-ec8e-4463-af30-a802ad0cc9eb d8371b4f91eb4717a818c8f54321c085 a2dcf293a86c4ecdaed227b69955d4b1 - - default default] Successfully bumped revision number for resource fc03c4d0-a8a5-4921-a1df-24108663e767 (type: security_groups) to 1
2026-07-15 15:50:24.230 7 INFO neutron.db.ovn_revision_numbers_db [None req-5ad7a129-ec8e-4463-af30-a802ad0cc9eb d8371b4f91eb4717a818c8f54321c085 a2dcf293a86c4ecdaed227b69955d4b1 - - default default] Successfully bumped revision number for resource 0faa7900-f97f-4aed-889e-4e660deb8065 (type: security_group_rules) to 0
2026-07-15 15:50:24.245 7 INFO neutron.db.ovn_revision_numbers_db [None req-5ad7a129-ec8e-4463-af30-a802ad0cc9eb d8371b4f91eb4717a818c8f54321c085 a2dcf293a86c4ecdaed227b69955d4b1 - - default default] Successfully bumped revision number for resource 4405a40d-63ff-4470-ae33-8c961dea4e94 (type: security_group_rules) to 0
2026-07-15 15:50:24.246 8 INFO neutron_taas.services.taas.taas_plugin [None req-5afe5f84-9f18-4e73-a8f6-dbb9bb6999a4 864b34f7b8724ce297d23e4d5ecde0ec c4494c37871a4a4cbdcedb5c81e382f7 - - default default] TaaS: Handle Delete Port: 4721f151-a3ad-40e2-8b3e-0a677cd1d5e5
2026-07-15 15:50:24.249 8 INFO neutron_taas.services.taas.tap_mirror_plugin [None req-5afe5f84-9f18-4e73-a8f6-dbb9bb6999a4 864b34f7b8724ce297d23e4d5ecde0ec c4494c37871a4a4cbdcedb5c81e382f7 - - default default] Tap Mirror: Handle Delete Port: 4721f151-a3ad-40e2-8b3e-0a677cd1d5e5
2026-07-15 15:50:24.259 7 INFO neutron.db.ovn_revision_numbers_db [None req-5ad7a129-ec8e-4463-af30-a802ad0cc9eb d8371b4f91eb4717a818c8f54321c085 a2dcf293a86c4ecdaed227b69955d4b1 - - default default] Successfully bumped revision number for resource c37ecf49-ee6c-4a0f-8f2b-d47b63e3cfa9 (type: security_group_rules) to 0
2026-07-15 15:50:24.268 7 INFO neutron.db.ovn_revision_numbers_db [None req-5ad7a129-ec8e-4463-af30-a802ad0cc9eb d8371b4f91eb4717a818c8f54321c085 a2dcf293a86c4ecdaed227b69955d4b1 - - default default] Successfully bumped revision number for resource c48ba41b-19f7-44dc-82d7-e22ba32b4de4 (type: security_group_rules) to 0 [pid: 7|app: 0|req: 1131/2359] 10.0.0.232 () {32 vars in 774 bytes} [Wed Jul 15 15:50:24 2026] GET /v2.0/security-groups?tenant_id=eb56503f506e492f8aa83395efb40bd8&name=default => generated 2925 bytes in 258 msecs (HTTP/1.1 200) 4 headers in 158 bytes (1 switches on core 0) [pid: 8|app: 0|req: 1229/2360] 10.0.0.232 () {32 vars in 732 bytes} [Wed Jul 15 15:50:24 2026] DELETE /v2.0/floatingips/ddaf71a4-1cc6-4cbb-b3fb-fbe9452115d0 => generated 0 bytes in 327 msecs (HTTP/1.1 204) 2 headers in 112 bytes (1 switches on core 0)
2026-07-15 15:50:24.422 8 INFO neutron.api.v2.resource [None req-e63f5905-ecf1-457f-a548-d9a861fe2f6a 864b34f7b8724ce297d23e4d5ecde0ec c4494c37871a4a4cbdcedb5c81e382f7 - - default default] delete failed (client error): The resource could not be found. [pid: 8|app: 0|req: 1230/2361] 10.0.0.232 () {32 vars in 732 bytes} [Wed Jul 15 15:50:24 2026] DELETE /v2.0/floatingips/ddaf71a4-1cc6-4cbb-b3fb-fbe9452115d0 => generated 144 bytes in 15 msecs (HTTP/1.1 404) 4 headers in 164 bytes (1 switches on core 0) [pid: 7|app: 0|req: 1132/2362] 10.0.0.232 () {32 vars in 740 bytes} [Wed Jul 15 15:50:24 2026] DELETE /v2.0/security-groups/fc03c4d0-a8a5-4921-a1df-24108663e767 => generated 0 bytes in 189 msecs (HTTP/1.1 204) 2 headers in 112 bytes (1 switches on core 0)
2026-07-15 15:50:24.640 8 INFO neutron_taas.services.taas.taas_plugin [None req-5d6a5bf6-27f9-4113-9667-d6dfd5cbaf78 864b34f7b8724ce297d23e4d5ecde0ec c4494c37871a4a4cbdcedb5c81e382f7 - - default default] TaaS: Handle Delete Port: b05ab316-182d-4b0e-9193-45bec9ce7d9b
2026-07-15 15:50:24.643 8 INFO neutron_taas.services.taas.tap_mirror_plugin [None req-5d6a5bf6-27f9-4113-9667-d6dfd5cbaf78 864b34f7b8724ce297d23e4d5ecde0ec c4494c37871a4a4cbdcedb5c81e382f7 - - default default] Tap Mirror: Handle Delete Port: b05ab316-182d-4b0e-9193-45bec9ce7d9b
2026-07-15 15:50:24.725 7 WARNING neutron.plugins.ml2.drivers.ovn.mech_driver.ovsdb.ovn_client [None req-704bfe68-14ea-4003-be38-f2af341b2091 - - - - - -] No hosting information found for port 8fd4525e-cf8a-4b3b-9808-cad731a077a5: RuntimeError: No hosting information found for port 8fd4525e-cf8a-4b3b-9808-cad731a077a5 [pid: 8|app: 0|req: 1231/2363] 10.0.0.232 () {32 vars in 720 bytes} [Wed Jul 15 15:50:24 2026] DELETE /v2.0/ports/b05ab316-182d-4b0e-9193-45bec9ce7d9b => generated 0 bytes in 370 msecs (HTTP/1.1 204) 3 headers in 131 bytes (1 switches on core 0)
2026-07-15 15:50:24.849 7 INFO neutron.db.ovn_revision_numbers_db [None req-704bfe68-14ea-4003-be38-f2af341b2091 - - - - - -] Successfully bumped revision number for resource 8fd4525e-cf8a-4b3b-9808-cad731a077a5 (type: router_ports) to 2
2026-07-15 15:50:24.852 7 INFO neutron.plugins.ml2.drivers.ovn.mech_driver.mech_driver [None req-704bfe68-14ea-4003-be38-f2af341b2091 - - - - - -] OVN reports status down for port: 3bc8f535-eccf-4d21-8918-042099591fc9
2026-07-15 15:50:24.951 7 WARNING neutron.plugins.ml2.drivers.ovn.mech_driver.ovsdb.ovn_client [None req-704bfe68-14ea-4003-be38-f2af341b2091 - - - - - -] Logical_Switch_Port 3bc8f535-eccf-4d21-8918-042099591fc9 host information not removed, the port state is up
2026-07-15 15:50:24.952 7 INFO neutron.plugins.ml2.drivers.ovn.mech_driver.mech_driver [None req-704bfe68-14ea-4003-be38-f2af341b2091 - - - - - -] OVN reports status up for port: 3bc8f535-eccf-4d21-8918-042099591fc9
2026-07-15 15:50:24.965 7 INFO neutron.plugins.ml2.plugin [None req-704bfe68-14ea-4003-be38-f2af341b2091 - - - - - -] Attempt 1 to provision port 3bc8f535-eccf-4d21-8918-042099591fc9
2026-07-15 15:50:24.991 7 INFO neutron_taas.services.taas.taas_plugin [None req-714d353a-a2ac-4e2d-a4f8-93997d7216c0 864b34f7b8724ce297d23e4d5ecde0ec c4494c37871a4a4cbdcedb5c81e382f7 - - default default] TaaS: Handle Delete Port: 25a4db76-0147-4465-b610-d25dd9e8286c
