2026-07-15 15:49:04.256 8 WARNING neutron.api.rpc.agentnotifiers.dhcp_rpc_agent_api [None req-b81c0e6f-7af1-4099-aa50-f92e8c65a7e6 8cdb272a811743dcb38ebf8098744342 7418a7e451d44a43807dad0512940626 - - default default] Unable to schedule network f6fd7add-fb36-49ab-9b48-866827b5dc65: no agents available; will retry on subsequent port and subnet creation events.
2026-07-15 15:49:04.675 8 INFO neutron.db.ovn_revision_numbers_db [None req-0e0a34a7-ad20-4eec-aa86-f2e93ceca3bc - - - - - -] Successfully bumped revision number for resource 80c0d0ef-a786-4f75-b38a-328da9a2542c (type: ports) to 2
2026-07-15 15:49:04.699 8 INFO neutron.db.ovn_revision_numbers_db [None req-0e0a34a7-ad20-4eec-aa86-f2e93ceca3bc - - - - - -] Successfully bumped revision number for resource 9229a8fa-34af-4f77-a92a-971a99cc3b51 (type: subnets) to 0 [pid: 8|app: 0|req: 928/1783] 10.0.0.232 () {34 vars in 669 bytes} [Wed Jul 15 15:49:04 2026] POST /v2.0/subnets => generated 647 bytes in 592 msecs (HTTP/1.1 201) 4 headers in 162 bytes (1 switches on core 0) [pid: 8|app: 0|req: 929/1784] 10.0.0.223 () {34 vars in 990 bytes} [Wed Jul 15 15:49:04 2026] GET /v2.0/ports?device_id=3f4165ec-0cf9-45bf-8eab-5a0496649114 => generated 969 bytes in 29 msecs (HTTP/1.1 200) 4 headers in 157 bytes (1 switches on core 0)
2026-07-15 15:49:04.798 7 WARNING neutron.scheduler.dhcp_agent_scheduler [None req-caac5de2-7ef5-46ad-a464-4544a75f974a d8371b4f91eb4717a818c8f54321c085 a2dcf293a86c4ecdaed227b69955d4b1 - - default default] No more DHCP agents
2026-07-15 15:49:04.801 7 WARNING neutron.api.rpc.agentnotifiers.dhcp_rpc_agent_api [None req-caac5de2-7ef5-46ad-a464-4544a75f974a d8371b4f91eb4717a818c8f54321c085 a2dcf293a86c4ecdaed227b69955d4b1 - - default default] Unable to schedule network 90f4fc56-41ab-4f00-9de8-2671e9134890: no agents available; will retry on subsequent port and subnet creation events.
2026-07-15 15:49:05.038 7 INFO neutron.db.ovn_revision_numbers_db [None req-caac5de2-7ef5-46ad-a464-4544a75f974a d8371b4f91eb4717a818c8f54321c085 a2dcf293a86c4ecdaed227b69955d4b1 - - default default] Successfully bumped revision number for resource 9ceb1ad3-7f47-4e70-bae2-3ce96c82b3fb (type: ports) to 1
2026-07-15 15:49:05.132 8 WARNING neutron.scheduler.dhcp_agent_scheduler [None req-3d7c002c-7866-413d-9889-1926a065c2bc 96f6a03280104b8e9715ab175a94648d 77b15728b8c74fd7a0465233ee72a43d - - default default] No more DHCP agents
2026-07-15 15:49:05.134 8 WARNING neutron.api.rpc.agentnotifiers.dhcp_rpc_agent_api [None req-3d7c002c-7866-413d-9889-1926a065c2bc 96f6a03280104b8e9715ab175a94648d 77b15728b8c74fd7a0465233ee72a43d - - default default] Unable to schedule network 6ac0070b-5b3a-4e99-90df-f2e13dc9ec06: no agents available; will retry on subsequent port and subnet creation events.
2026-07-15 15:49:05.233 7 INFO neutron.db.ovn_revision_numbers_db [None req-75dc07aa-aa84-4a55-ae89-45da8a05f8ad - - - - - -] Successfully bumped revision number for resource b3acd60c-bf45-4bfd-8f47-bc7531b8d17b (type: ports) to 4 [pid: 8|app: 0|req: 930/1785] 10.0.0.232 () {34 vars in 676 bytes} [Wed Jul 15 15:49:04 2026] POST /v2.0/floatingips => generated 552 bytes in 681 msecs (HTTP/1.1 201) 4 headers in 162 bytes (1 switches on core 0)
2026-07-15 15:49:05.432 8 WARNING neutron.api.v2.base [None req-be2cf7ef-3c7e-4919-afbe-0bcef85b59cd 8cdb272a811743dcb38ebf8098744342 7418a7e451d44a43807dad0512940626 - - default default] An exception happened while processing the request body. The exception message is [Invalid input for target_tenant. Reason: '1234123412341234123412341234123412341234123412341234123412341234123412341234123412341234123412341234123412341234123412341234123412341234123412341234123412341234123412341234123412341234123412341234123412341234123412341234123412341234123412341234123412341234123412341234123412341234123412341234123412341234123412341234123412341234123412341234123412341234123412341234123412341234123412341234123412341234' exceeds maximum length of 255.].: webob.exc.HTTPBadRequest: Invalid input for target_tenant. Reason: '1234123412341234123412341234123412341234123412341234123412341234123412341234123412341234123412341234123412341234123412341234123412341234123412341234123412341234123412341234123412341234123412341234123412341234123412341234123412341234123412341234123412341234123412341234123412341234123412341234123412341234123412341234123412341234123412341234123412341234123412341234123412341234123412341234123412341234' exceeds maximum length of 255.
2026-07-15 15:49:05.432 8 INFO neutron.api.v2.resource [None req-be2cf7ef-3c7e-4919-afbe-0bcef85b59cd 8cdb272a811743dcb38ebf8098744342 7418a7e451d44a43807dad0512940626 - - default default] create failed (client error): Invalid input for target_tenant. Reason: '1234123412341234123412341234123412341234123412341234123412341234123412341234123412341234123412341234123412341234123412341234123412341234123412341234123412341234123412341234123412341234123412341234123412341234123412341234123412341234123412341234123412341234123412341234123412341234123412341234123412341234123412341234123412341234123412341234123412341234123412341234123412341234123412341234123412341234' exceeds maximum length of 255. [pid: 8|app: 0|req: 931/1786] 10.0.0.232 () {34 vars in 681 bytes} [Wed Jul 15 15:49:05 2026] POST /v2.0/rbac-policies => generated 547 bytes in 6 msecs (HTTP/1.1 400) 4 headers in 166 bytes (1 switches on core 0) [pid: 8|app: 0|req: 932/1787] 10.0.0.223 () {34 vars in 1040 bytes} [Wed Jul 15 15:49:05 2026] GET /v2.0/security-groups?id=030bd273-0318-4158-a0ac-ae77b1eab36d&fields=id&fields=name => generated 113 bytes in 40 msecs (HTTP/1.1 200) 4 headers in 157 bytes (1 switches on core 0)
2026-07-15 15:49:05.699 8 WARNING neutron.scheduler.dhcp_agent_scheduler [None req-e5460c39-a165-48cd-89ed-c4bae6f2fe8d 96f6a03280104b8e9715ab175a94648d 77b15728b8c74fd7a0465233ee72a43d - - default default] No more DHCP agents
2026-07-15 15:49:05.700 8 WARNING neutron.api.rpc.agentnotifiers.dhcp_rpc_agent_api [None req-e5460c39-a165-48cd-89ed-c4bae6f2fe8d 96f6a03280104b8e9715ab175a94648d 77b15728b8c74fd7a0465233ee72a43d - - default default] Unable to schedule network 6ac0070b-5b3a-4e99-90df-f2e13dc9ec06: no agents available; will retry on subsequent port and subnet creation events.
2026-07-15 15:49:05.816 7 INFO neutron.db.ovn_revision_numbers_db [None req-75dc07aa-aa84-4a55-ae89-45da8a05f8ad - - - - - -] Successfully bumped revision number for resource b3acd60c-bf45-4bfd-8f47-bc7531b8d17b (type: ports) to 5 [pid: 8|app: 0|req: 933/1788] 10.0.0.232 () {34 vars in 676 bytes} [Wed Jul 15 15:49:05 2026] POST /v2.0/floatingips => generated 552 bytes in 497 msecs (HTTP/1.1 201) 4 headers in 162 bytes (1 switches on core 0)
2026-07-15 15:49:06.079 7 INFO neutron.plugins.ml2.drivers.ovn.mech_driver.mech_driver [None req-1bf3ee95-30d8-4bde-9967-ba793a508db5 - - - - - -] OVN reports status down for port: 80c0d0ef-a786-4f75-b38a-328da9a2542c
2026-07-15 15:49:06.103 8 INFO neutron_taas.services.taas.taas_plugin [None req-53561777-dc20-44f5-9990-833ffee52248 8cdb272a811743dcb38ebf8098744342 7418a7e451d44a43807dad0512940626 - - default default] TaaS: Handle Delete Port: 80c0d0ef-a786-4f75-b38a-328da9a2542c
2026-07-15 15:49:06.110 8 INFO neutron_taas.services.taas.tap_mirror_plugin [None req-53561777-dc20-44f5-9990-833ffee52248 8cdb272a811743dcb38ebf8098744342 7418a7e451d44a43807dad0512940626 - - default default] Tap Mirror: Handle Delete Port: 80c0d0ef-a786-4f75-b38a-328da9a2542c
2026-07-15 15:49:06.181 7 WARNING neutron.scheduler.dhcp_agent_scheduler [None req-caac5de2-7ef5-46ad-a464-4544a75f974a d8371b4f91eb4717a818c8f54321c085 a2dcf293a86c4ecdaed227b69955d4b1 - - default default] No more DHCP agents
2026-07-15 15:49:06.182 7 INFO neutron.plugins.ml2.drivers.ovn.mech_driver.mech_driver [None req-1bf3ee95-30d8-4bde-9967-ba793a508db5 - - - - - -] OVN reports status down for port: 9ceb1ad3-7f47-4e70-bae2-3ce96c82b3fb
2026-07-15 15:49:06.189 7 WARNING neutron.api.rpc.agentnotifiers.dhcp_rpc_agent_api [None req-caac5de2-7ef5-46ad-a464-4544a75f974a d8371b4f91eb4717a818c8f54321c085 a2dcf293a86c4ecdaed227b69955d4b1 - - default default] Unable to schedule network 90f4fc56-41ab-4f00-9de8-2671e9134890: no agents available; will retry on subsequent port and subnet creation events.
2026-07-15 15:49:06.384 7 WARNING neutron.plugins.ml2.drivers.ovn.mech_driver.ovsdb.ovn_client [None req-1bf3ee95-30d8-4bde-9967-ba793a508db5 - - - - - -] Logical_Switch_Port 9ceb1ad3-7f47-4e70-bae2-3ce96c82b3fb host information not removed, the port state is up
2026-07-15 15:49:06.384 7 INFO neutron.plugins.ml2.drivers.ovn.mech_driver.mech_driver [None req-1bf3ee95-30d8-4bde-9967-ba793a508db5 - - - - - -] OVN reports status up for port: 9ceb1ad3-7f47-4e70-bae2-3ce96c82b3fb
2026-07-15 15:49:06.412 7 INFO neutron.plugins.ml2.plugin [None req-1bf3ee95-30d8-4bde-9967-ba793a508db5 - - - - - -] Attempt 1 to provision port 9ceb1ad3-7f47-4e70-bae2-3ce96c82b3fb
2026-07-15 15:49:06.445 8 INFO neutron.services.segments.plugin [-] Segment 01e7db6b-13b8-4d1f-b204-0ee0e8b67620 resource provider aggregate not found
2026-07-15 15:49:06.450 8 INFO neutron.services.segments.plugin [-] Segment 01e7db6b-13b8-4d1f-b204-0ee0e8b67620 resource provider aggregate not found
2026-07-15 15:49:06.468 8 INFO neutron.services.segments.plugin [-] Client error retrieving segment 01e7db6b-13b8-4d1f-b204-0ee0e8b67620 resource provider; error: Placement Client Error (4xx): {"errors": [{"status": 404, "title": "Not Found", "detail": "The resource could not be found.\n\n No resource provider with uuid 01e7db6b-13b8-4d1f-b204-0ee0e8b67620 found for delete ", "request_id": "req-ed5dee73-f328-46be-ae32-079c3fddb22e"}]}
2026-07-15 15:49:06.469 8 INFO neutron.services.segments.plugin [-] Client error retrieving segment 01e7db6b-13b8-4d1f-b204-0ee0e8b67620 resource provider; error: Placement Client Error (4xx): {"errors": [{"status": 404, "title": "Not Found", "detail": "The resource could not be found.\n\n No resource provider with uuid 01e7db6b-13b8-4d1f-b204-0ee0e8b67620 found for delete ", "request_id": "req-f1a8ae4f-3080-46d3-a09d-f8cd254b7d71"}]} [pid: 8|app: 0|req: 934/1789] 10.0.0.232 () {32 vars in 726 bytes} [Wed Jul 15 15:49:05 2026] DELETE /v2.0/networks/f6fd7add-fb36-49ab-9b48-866827b5dc65 => generated 0 bytes in 527 msecs (HTTP/1.1 204) 3 headers in 131 bytes (1 switches on core 0)
2026-07-15 15:49:06.746 8 WARNING neutron.scheduler.dhcp_agent_scheduler [None req-704674cc-5dff-49ca-a788-ddce4689d99b 96f6a03280104b8e9715ab175a94648d 77b15728b8c74fd7a0465233ee72a43d - - default default] No more DHCP agents
2026-07-15 15:49:06.748 8 WARNING neutron.api.rpc.agentnotifiers.dhcp_rpc_agent_api [None req-704674cc-5dff-49ca-a788-ddce4689d99b 96f6a03280104b8e9715ab175a94648d 77b15728b8c74fd7a0465233ee72a43d - - default default] Unable to schedule network 6ac0070b-5b3a-4e99-90df-f2e13dc9ec06: no agents available; will retry on subsequent port and subnet creation events.
2026-07-15 15:49:07.048 7 INFO neutron.db.ovn_revision_numbers_db [None req-caac5de2-7ef5-46ad-a464-4544a75f974a d8371b4f91eb4717a818c8f54321c085 a2dcf293a86c4ecdaed227b69955d4b1 - - default default] Successfully bumped revision number for resource 9ceb1ad3-7f47-4e70-bae2-3ce96c82b3fb (type: router_ports) to 1 [pid: 7|app: 0|req: 856/1790] 10.0.0.232 () {34 vars in 783 bytes} [Wed Jul 15 15:49:03 2026] PUT /v2.0/routers/68683aff-143c-41a1-b03e-c6a05a9f8e0e/add_router_interface => generated 309 bytes in 3495 msecs (HTTP/1.1 200) 4 headers in 157 bytes (1 switches on core 0) [pid: 8|app: 0|req: 935/1791] 10.0.0.232 () {34 vars in 676 bytes} [Wed Jul 15 15:49:06 2026] POST /v2.0/floatingips => generated 552 bytes in 571 msecs (HTTP/1.1 201) 4 headers in 162 bytes (1 switches on core 0) [pid: 8|app: 0|req: 936/1792] 10.0.0.223 () {34 vars in 990 bytes} [Wed Jul 15 15:49:07 2026] GET /v2.0/ports?device_id=3f4165ec-0cf9-45bf-8eab-5a0496649114 => generated 969 bytes in 81 msecs (HTTP/1.1 200) 4 headers in 157 bytes (1 switches on core 0)
2026-07-15 15:49:07.164 7 INFO neutron.db.ovn_revision_numbers_db [None req-1bf3ee95-30d8-4bde-9967-ba793a508db5 - - - - - -] Successfully bumped revision number for resource 9ceb1ad3-7f47-4e70-bae2-3ce96c82b3fb (type: ports) to 2
2026-07-15 15:49:07.225 7 INFO neutron.db.segments_db [None req-0c5597a4-b49d-41cd-bbb8-458915db64e4 8cdb272a811743dcb38ebf8098744342 7418a7e451d44a43807dad0512940626 - - default default] Added segment 018b0d6f-6674-4b25-ad9f-087a152db655 of type geneve for network c89266b9-a6fa-4d3c-b3e6-1938c8f8178e
2026-07-15 15:49:07.377 8 WARNING neutron.scheduler.dhcp_agent_scheduler [None req-35218403-2deb-4864-851a-2e6a1696b8fe 96f6a03280104b8e9715ab175a94648d 77b15728b8c74fd7a0465233ee72a43d - - default default] No more DHCP agents
2026-07-15 15:49:07.378 8 WARNING neutron.api.rpc.agentnotifiers.dhcp_rpc_agent_api [None req-35218403-2deb-4864-851a-2e6a1696b8fe 96f6a03280104b8e9715ab175a94648d 77b15728b8c74fd7a0465233ee72a43d - - default default] Unable to schedule network 6ac0070b-5b3a-4e99-90df-f2e13dc9ec06: no agents available; will retry on subsequent port and subnet creation events.
2026-07-15 15:49:07.383 7 INFO neutron.db.ovn_revision_numbers_db [None req-0c5597a4-b49d-41cd-bbb8-458915db64e4 8cdb272a811743dcb38ebf8098744342 7418a7e451d44a43807dad0512940626 - - default default] Successfully bumped revision number for resource c89266b9-a6fa-4d3c-b3e6-1938c8f8178e (type: networks) to 1
2026-07-15 15:49:07.529 7 WARNING neutron.scheduler.dhcp_agent_scheduler [None req-0c5597a4-b49d-41cd-bbb8-458915db64e4 8cdb272a811743dcb38ebf8098744342 7418a7e451d44a43807dad0512940626 - - default default] No more DHCP agents
2026-07-15 15:49:07.530 7 WARNING neutron.api.rpc.agentnotifiers.dhcp_rpc_agent_api [None req-0c5597a4-b49d-41cd-bbb8-458915db64e4 8cdb272a811743dcb38ebf8098744342 7418a7e451d44a43807dad0512940626 - - default default] Unable to schedule network c89266b9-a6fa-4d3c-b3e6-1938c8f8178e: no agents available; will retry on subsequent port and subnet creation events.
2026-07-15 15:49:07.585 8 INFO neutron.plugins.ml2.drivers.ovn.mech_driver.mech_driver [None req-a6d6a82c-3070-4217-8bfa-1e231e53e445 - - - - - -] OVN reports status down for port: c31d42e9-8758-4e95-b322-3e3cf4a67454
2026-07-15 15:49:07.610 7 INFO neutron.db.ovn_revision_numbers_db [None req-0c5597a4-b49d-41cd-bbb8-458915db64e4 8cdb272a811743dcb38ebf8098744342 7418a7e451d44a43807dad0512940626 - - default default] Successfully bumped revision number for resource c31d42e9-8758-4e95-b322-3e3cf4a67454 (type: ports) to 1 [pid: 7|app: 0|req: 857/1793] 10.0.0.232 () {34 vars in 670 bytes} [Wed Jul 15 15:49:07 2026] POST /v2.0/networks => generated 767 bytes in 571 msecs (HTTP/1.1 201) 4 headers in 162 bytes (1 switches on core 0) [pid: 7|app: 0|req: 858/1794] 10.0.0.223 () {34 vars in 1040 bytes} [Wed Jul 15 15:49:07 2026] GET /v2.0/security-groups?id=030bd273-0318-4158-a0ac-ae77b1eab36d&fields=id&fields=name => generated 113 bytes in 25 msecs (HTTP/1.1 200) 4 headers in 157 bytes (1 switches on core 0) [pid: 8|app: 0|req: 937/1795] 10.0.0.232 () {34 vars in 676 bytes} [Wed Jul 15 15:49:07 2026] POST /v2.0/floatingips => generated 552 bytes in 539 msecs (HTTP/1.1 201) 4 headers in 162 bytes (1 switches on core 0)
2026-07-15 15:49:07.786 7 WARNING neutron.scheduler.dhcp_agent_scheduler [None req-28c8a497-5e3a-4aba-8c30-046bf7d6bc5f 8cdb272a811743dcb38ebf8098744342 7418a7e451d44a43807dad0512940626 - - default default] No more DHCP agents
2026-07-15 15:49:07.787 7 WARNING neutron.api.rpc.agentnotifiers.dhcp_rpc_agent_api [None req-28c8a497-5e3a-4aba-8c30-046bf7d6bc5f 8cdb272a811743dcb38ebf8098744342 7418a7e451d44a43807dad0512940626 - - default default] Unable to schedule network c89266b9-a6fa-4d3c-b3e6-1938c8f8178e: no agents available; will retry on subsequent port and subnet creation events.
2026-07-15 15:49:07.903 8 WARNING neutron.scheduler.dhcp_agent_scheduler [None req-87fd2111-ea02-454c-9d4f-71205812ec35 96f6a03280104b8e9715ab175a94648d 77b15728b8c74fd7a0465233ee72a43d - - default default] No more DHCP agents
2026-07-15 15:49:07.904 8 WARNING neutron.api.rpc.agentnotifiers.dhcp_rpc_agent_api [None req-87fd2111-ea02-454c-9d4f-71205812ec35 96f6a03280104b8e9715ab175a94648d 77b15728b8c74fd7a0465233ee72a43d - - default default] Unable to schedule network 6ac0070b-5b3a-4e99-90df-f2e13dc9ec06: no agents available; will retry on subsequent port and subnet creation events. [pid: 8|app: 0|req: 938/1796] 10.0.0.232 () {34 vars in 676 bytes} [Wed Jul 15 15:49:07 2026] POST /v2.0/floatingips => generated 552 bytes in 462 msecs (HTTP/1.1 201) 4 headers in 162 bytes (1 switches on core 0)
2026-07-15 15:49:08.208 7 INFO neutron.db.ovn_revision_numbers_db [None req-8cf902e7-2693-4955-b40c-007a85949a1b - - - - - -] Successfully bumped revision number for resource c31d42e9-8758-4e95-b322-3e3cf4a67454 (type: ports) to 2
2026-07-15 15:49:08.248 7 INFO neutron.db.ovn_revision_numbers_db [None req-8cf902e7-2693-4955-b40c-007a85949a1b - - - - - -] Successfully bumped revision number for resource 6601c54a-3850-42ac-91e2-79badcaa7daf (type: subnets) to 0 [pid: 7|app: 0|req: 859/1797] 10.0.0.232 () {34 vars in 669 bytes} [Wed Jul 15 15:49:07 2026] POST /v2.0/subnets => generated 647 bytes in 606 msecs (HTTP/1.1 201) 4 headers in 162 bytes (1 switches on core 0) [pid: 7|app: 0|req: 860/1798] 10.0.0.232 () {34 vars in 759 bytes} [Wed Jul 15 15:49:08 2026] PUT /v2.0/floatingips/ac5a0861-fec9-4a48-b6be-f5f6437f7511/tags => generated 17 bytes in 86 msecs (HTTP/1.1 200) 4 headers in 156 bytes (1 switches on core 0)
2026-07-15 15:49:08.368 8 INFO neutron.db.ovn_revision_numbers_db [None req-bb312214-8b3b-4425-a30f-f7e07ec86db6 d8371b4f91eb4717a818c8f54321c085 a2dcf293a86c4ecdaed227b69955d4b1 - - default default] Successfully bumped revision number for resource 65ba59c4-1249-4cfb-b196-d2e5130a8bca (type: security_groups) to 1
2026-07-15 15:49:08.381 8 INFO neutron.db.ovn_revision_numbers_db [None req-bb312214-8b3b-4425-a30f-f7e07ec86db6 d8371b4f91eb4717a818c8f54321c085 a2dcf293a86c4ecdaed227b69955d4b1 - - default default] Successfully bumped revision number for resource 4b92f310-fe5f-4fed-9ee6-bdbde9f87064 (type: security_group_rules) to 0
2026-07-15 15:49:08.397 8 INFO neutron.db.ovn_revision_numbers_db [None req-bb312214-8b3b-4425-a30f-f7e07ec86db6 d8371b4f91eb4717a818c8f54321c085 a2dcf293a86c4ecdaed227b69955d4b1 - - default default] Successfully bumped revision number for resource 7bc91483-4716-4999-b24c-8594fa17e0ea (type: security_group_rules) to 0
2026-07-15 15:49:08.410 8 INFO neutron.db.ovn_revision_numbers_db [None req-bb312214-8b3b-4425-a30f-f7e07ec86db6 d8371b4f91eb4717a818c8f54321c085 a2dcf293a86c4ecdaed227b69955d4b1 - - default default] Successfully bumped revision number for resource ac2bae1a-0e40-408e-92af-7a964123ed4f (type: security_group_rules) to 0
2026-07-15 15:49:08.423 8 INFO neutron.db.ovn_revision_numbers_db [None req-bb312214-8b3b-4425-a30f-f7e07ec86db6 d8371b4f91eb4717a818c8f54321c085 a2dcf293a86c4ecdaed227b69955d4b1 - - default default] Successfully bumped revision number for resource b293d462-eae7-45bc-813a-2d4e98d9bd45 (type: security_group_rules) to 0
2026-07-15 15:49:08.499 8 INFO neutron.db.segments_db [None req-bb312214-8b3b-4425-a30f-f7e07ec86db6 d8371b4f91eb4717a818c8f54321c085 a2dcf293a86c4ecdaed227b69955d4b1 - - default default] Added segment 5e772851-d02c-4955-b635-86aef48c05a8 of type geneve for network 73f004bb-34a1-45cd-9b6e-a6b4e87cca28 [pid: 7|app: 0|req: 861/1799] 10.0.0.232 () {34 vars in 681 bytes} [Wed Jul 15 15:49:08 2026] POST /v2.0/rbac-policies => generated 324 bytes in 241 msecs (HTTP/1.1 201) 4 headers in 162 bytes (1 switches on core 0)
2026-07-15 15:49:08.608 8 INFO neutron.db.ovn_revision_numbers_db [None req-bb312214-8b3b-4425-a30f-f7e07ec86db6 d8371b4f91eb4717a818c8f54321c085 a2dcf293a86c4ecdaed227b69955d4b1 - - default default] Successfully bumped revision number for resource 73f004bb-34a1-45cd-9b6e-a6b4e87cca28 (type: networks) to 1 [pid: 7|app: 0|req: 862/1800] 10.0.0.232 () {34 vars in 759 bytes} [Wed Jul 15 15:49:08 2026] PUT /v2.0/floatingips/a02bd2be-b52a-4719-b0e8-06343bce1f10/tags => generated 25 bytes in 50 msecs (HTTP/1.1 200) 4 headers in 156 bytes (1 switches on core 0) [pid: 7|app: 0|req: 863/1801] 10.0.0.232 () {34 vars in 759 bytes} [Wed Jul 15 15:49:08 2026] PUT /v2.0/floatingips/bd1ce6c9-afbb-4a5f-9d98-8efa4beba783/tags => generated 34 bytes in 56 msecs (HTTP/1.1 200) 4 headers in 156 bytes (1 switches on core 0)
2026-07-15 15:49:08.752 8 WARNING neutron.scheduler.dhcp_agent_scheduler [None req-bb312214-8b3b-4425-a30f-f7e07ec86db6 d8371b4f91eb4717a818c8f54321c085 a2dcf293a86c4ecdaed227b69955d4b1 - - default default] No more DHCP agents
2026-07-15 15:49:08.753 8 WARNING neutron.api.rpc.agentnotifiers.dhcp_rpc_agent_api [None req-bb312214-8b3b-4425-a30f-f7e07ec86db6 d8371b4f91eb4717a818c8f54321c085 a2dcf293a86c4ecdaed227b69955d4b1 - - default default] Unable to schedule network 73f004bb-34a1-45cd-9b6e-a6b4e87cca28: no agents available; will retry on subsequent port and subnet creation events. [pid: 7|app: 0|req: 864/1802] 10.0.0.232 () {34 vars in 759 bytes} [Wed Jul 15 15:49:08 2026] PUT /v2.0/floatingips/8aa7f0eb-416a-49e2-b3b1-f0fb7f32b4a3/tags => generated 19 bytes in 47 msecs (HTTP/1.1 200) 4 headers in 156 bytes (1 switches on core 0)
2026-07-15 15:49:08.806 8 INFO neutron.plugins.ml2.drivers.ovn.mech_driver.mech_driver [None req-a6d6a82c-3070-4217-8bfa-1e231e53e445 - - - - - -] OVN reports status down for port: 20e8dd38-4ae0-4971-b728-afaecfc2509b [pid: 7|app: 0|req: 865/1803] 10.0.0.223 () {34 vars in 990 bytes} [Wed Jul 15 15:49:08 2026] GET /v2.0/ports?device_id=3f4165ec-0cf9-45bf-8eab-5a0496649114 => generated 969 bytes in 91 msecs (HTTP/1.1 200) 4 headers in 157 bytes (1 switches on core 0)
2026-07-15 15:49:08.857 8 INFO neutron.db.ovn_revision_numbers_db [None req-bb312214-8b3b-4425-a30f-f7e07ec86db6 d8371b4f91eb4717a818c8f54321c085 a2dcf293a86c4ecdaed227b69955d4b1 - - default default] Successfully bumped revision number for resource 20e8dd38-4ae0-4971-b728-afaecfc2509b (type: ports) to 1 [pid: 7|app: 0|req: 866/1804] 10.0.0.232 () {32 vars in 672 bytes} [Wed Jul 15 15:49:08 2026] GET /v2.0/floatingips?tags=red => generated 1671 bytes in 46 msecs (HTTP/1.1 200) 4 headers in 158 bytes (1 switches on core 0) [pid: 8|app: 0|req: 939/1805] 10.0.0.232 () {34 vars in 671 bytes} [Wed Jul 15 15:49:08 2026] POST /v2.0/networks => generated 782 bytes in 740 msecs (HTTP/1.1 201) 4 headers in 162 bytes (1 switches on core 0) [pid: 7|app: 0|req: 867/1806] 10.0.0.223 () {34 vars in 1040 bytes} [Wed Jul 15 15:49:08 2026] GET /v2.0/security-groups?id=030bd273-0318-4158-a0ac-ae77b1eab36d&fields=id&fields=name => generated 113 bytes in 37 msecs (HTTP/1.1 200) 4 headers in 157 bytes (1 switches on core 0) [pid: 8|app: 0|req: 940/1807] 10.0.0.232 () {32 vars in 686 bytes} [Wed Jul 15 15:49:08 2026] GET /v2.0/floatingips?tags=red%2Cblue => generated 1128 bytes in 61 msecs (HTTP/1.1 200) 4 headers in 158 bytes (1 switches on core 0)
2026-07-15 15:49:09.049 7 WARNING neutron.scheduler.dhcp_agent_scheduler [None req-0a0a41a9-dc9b-4e94-b9da-7d783036030c d8371b4f91eb4717a818c8f54321c085 a2dcf293a86c4ecdaed227b69955d4b1 - - default default] No more DHCP agents
2026-07-15 15:49:09.051 7 WARNING neutron.api.rpc.agentnotifiers.dhcp_rpc_agent_api [None req-0a0a41a9-dc9b-4e94-b9da-7d783036030c d8371b4f91eb4717a818c8f54321c085 a2dcf293a86c4ecdaed227b69955d4b1 - - default default] Unable to schedule network 73f004bb-34a1-45cd-9b6e-a6b4e87cca28: no agents available; will retry on subsequent port and subnet creation events. [pid: 8|app: 0|req: 941/1808] 10.0.0.232 () {32 vars in 723 bytes} [Wed Jul 15 15:49:08 2026] GET /v2.0/networks/c89266b9-a6fa-4d3c-b3e6-1938c8f8178e => generated 692 bytes in 189 msecs (HTTP/1.1 200) 4 headers in 157 bytes (1 switches on core 0) [pid: 8|app: 0|req: 942/1809] 10.0.0.232 () {32 vars in 682 bytes} [Wed Jul 15 15:49:09 2026] GET /v2.0/floatingips?tags-any=blue => generated 1128 bytes in 63 msecs (HTTP/1.1 200) 4 headers in 158 bytes (1 switches on core 0) [pid: 8|app: 0|req: 943/1810] 10.0.0.232 () {32 vars in 694 bytes} [Wed Jul 15 15:49:09 2026] GET /v2.0/floatingips?tags-any=red%2Cblue => generated 1671 bytes in 25 msecs (HTTP/1.1 200) 4 headers in 158 bytes (1 switches on core 0) [pid: 8|app: 0|req: 944/1811] 10.0.0.232 () {32 vars in 680 bytes} [Wed Jul 15 15:49:09 2026] GET /v2.0/floatingips?not-tags=red => generated 1100 bytes in 48 msecs (HTTP/1.1 200) 4 headers in 158 bytes (1 switches on core 0) [pid: 8|app: 0|req: 945/1812] 10.0.0.232 () {32 vars in 694 bytes} [Wed Jul 15 15:49:09 2026] GET /v2.0/floatingips?not-tags=red%2Cblue => generated 1643 bytes in 54 msecs (HTTP/1.1 200) 4 headers in 158 bytes (1 switches on core 0) [pid: 8|app: 0|req: 946/1813] 10.0.0.232 () {32 vars in 690 bytes} [Wed Jul 15 15:49:09 2026] GET /v2.0/floatingips?not-tags-any=blue => generated 1643 bytes in 58 msecs (HTTP/1.1 200) 4 headers in 158 bytes (1 switches on core 0) [pid: 8|app: 0|req: 947/1814] 10.0.0.232 () {32 vars in 702 bytes} [Wed Jul 15 15:49:09 2026] GET /v2.0/floatingips?not-tags-any=red%2Cblue => generated 1100 bytes in 29 msecs (HTTP/1.1 200) 4 headers in 158 bytes (1 switches on core 0)
2026-07-15 15:49:09.509 7 INFO neutron.db.ovn_revision_numbers_db [None req-8dd98ead-7bf0-4551-b0e1-47454d6354f3 - - - - - -] Successfully bumped revision number for resource 20e8dd38-4ae0-4971-b728-afaecfc2509b (type: ports) to 2
2026-07-15 15:49:09.542 7 INFO neutron.db.ovn_revision_numbers_db [None req-8dd98ead-7bf0-4551-b0e1-47454d6354f3 - - - - - -] Successfully bumped revision number for resource bc156c59-3938-48b9-8d94-cd4842e74739 (type: subnets) to 0 [pid: 7|app: 0|req: 868/1815] 10.0.0.232 () {34 vars in 669 bytes} [Wed Jul 15 15:49:08 2026] POST /v2.0/subnets => generated 688 bytes in 629 msecs (HTTP/1.1 201) 4 headers in 162 bytes (1 switches on core 0)
2026-07-15 15:49:09.587 8 INFO neutron_taas.services.taas.taas_plugin [None req-d5a5bea2-5c9a-45e6-88ef-c741625a38ed 96f6a03280104b8e9715ab175a94648d 77b15728b8c74fd7a0465233ee72a43d - - default default] TaaS: Handle Delete Port: 25819e54-9a84-446e-810e-075eccc323bc
2026-07-15 15:49:09.590 8 INFO neutron_taas.services.taas.tap_mirror_plugin [None req-d5a5bea2-5c9a-45e6-88ef-c741625a38ed 96f6a03280104b8e9715ab175a94648d 77b15728b8c74fd7a0465233ee72a43d - - default default] Tap Mirror: Handle Delete Port: 25819e54-9a84-446e-810e-075eccc323bc
2026-07-15 15:49:09.612 7 INFO neutron.pecan_wsgi.hooks.translation [None req-dc91b314-340c-48ef-acca-c4fda4eccee7 4decb564943643d4b2516ffa0149f1af 2358c79326ce42d084c47b88a6447bab - - default default] GET failed (client error): The resource could not be found. [pid: 7|app: 0|req: 869/1816] 10.0.0.232 () {32 vars in 723 bytes} [Wed Jul 15 15:49:09 2026] GET /v2.0/networks/c89266b9-a6fa-4d3c-b3e6-1938c8f8178e => generated 138 bytes in 52 msecs (HTTP/1.1 404) 4 headers in 164 bytes (1 switches on core 0) [pid: 8|app: 0|req: 948/1817] 10.0.0.232 () {32 vars in 732 bytes} [Wed Jul 15 15:49:09 2026] DELETE /v2.0/floatingips/ac5a0861-fec9-4a48-b6be-f5f6437f7511 => generated 0 bytes in 299 msecs (HTTP/1.1 204) 2 headers in 112 bytes (1 switches on core 0)
2026-07-15 15:49:09.898 8 INFO neutron_taas.services.taas.taas_plugin [None req-52a01fee-ecba-42b6-9558-b1c8dcf4dada 8cdb272a811743dcb38ebf8098744342 7418a7e451d44a43807dad0512940626 - - default default] TaaS: Handle Delete Port: c31d42e9-8758-4e95-b322-3e3cf4a67454
2026-07-15 15:49:09.900 8 INFO neutron_taas.services.taas.tap_mirror_plugin [None req-52a01fee-ecba-42b6-9558-b1c8dcf4dada 8cdb272a811743dcb38ebf8098744342 7418a7e451d44a43807dad0512940626 - - default default] Tap Mirror: Handle Delete Port: c31d42e9-8758-4e95-b322-3e3cf4a67454
2026-07-15 15:49:09.964 7 WARNING neutron.scheduler.dhcp_agent_scheduler [None req-4084f264-afeb-4c8f-bbea-b68a0890db63 d8371b4f91eb4717a818c8f54321c085 a2dcf293a86c4ecdaed227b69955d4b1 - - default default] No more DHCP agents
2026-07-15 15:49:09.965 7 WARNING neutron.api.rpc.agentnotifiers.dhcp_rpc_agent_api [None req-4084f264-afeb-4c8f-bbea-b68a0890db63 d8371b4f91eb4717a818c8f54321c085 a2dcf293a86c4ecdaed227b69955d4b1 - - default default] Unable to schedule network 6ac0070b-5b3a-4e99-90df-f2e13dc9ec06: no agents available; will retry on subsequent port and subnet creation events.
2026-07-15 15:49:10.086 8 INFO neutron.plugins.ml2.drivers.ovn.mech_driver.mech_driver [None req-a6d6a82c-3070-4217-8bfa-1e231e53e445 - - - - - -] OVN reports status down for port: b824da77-0db2-42b1-b778-139abe19ef4d
2026-07-15 15:49:10.094 7 INFO neutron.db.ovn_revision_numbers_db [None req-4084f264-afeb-4c8f-bbea-b68a0890db63 d8371b4f91eb4717a818c8f54321c085 a2dcf293a86c4ecdaed227b69955d4b1 - - default default] Successfully bumped revision number for resource b824da77-0db2-42b1-b778-139abe19ef4d (type: ports) to 1
2026-07-15 15:49:10.263 8 INFO neutron.services.segments.plugin [-] Segment 018b0d6f-6674-4b25-ad9f-087a152db655 resource provider aggregate not found
2026-07-15 15:49:10.267 8 INFO neutron.services.segments.plugin [-] Segment 018b0d6f-6674-4b25-ad9f-087a152db655 resource provider aggregate not found
2026-07-15 15:49:10.280 8 INFO neutron.services.segments.plugin [-] Client error retrieving segment 018b0d6f-6674-4b25-ad9f-087a152db655 resource provider; error: Placement Client Error (4xx): {"errors": [{"status": 404, "title": "Not Found", "detail": "The resource could not be found.\n\n No resource provider with uuid 018b0d6f-6674-4b25-ad9f-087a152db655 found for delete ", "request_id": "req-ef50196b-bc0f-426d-bbe9-2538c9e44c81"}]}
2026-07-15 15:49:10.289 8 INFO neutron.services.segments.plugin [-] Client error retrieving segment 018b0d6f-6674-4b25-ad9f-087a152db655 resource provider; error: Placement Client Error (4xx): {"errors": [{"status": 404, "title": "Not Found", "detail": "The resource could not be found.\n\n No resource provider with uuid 018b0d6f-6674-4b25-ad9f-087a152db655 found for delete ", "request_id": "req-d821cbd7-39ae-4052-a4d4-28a2ae29e22a"}]} [pid: 8|app: 0|req: 949/1818] 10.0.0.232 () {32 vars in 726 bytes} [Wed Jul 15 15:49:09 2026] DELETE /v2.0/networks/c89266b9-a6fa-4d3c-b3e6-1938c8f8178e => generated 0 bytes in 550 msecs (HTTP/1.1 204) 3 headers in 131 bytes (1 switches on core 0)
2026-07-15 15:49:10.421 8 INFO neutron_taas.services.taas.taas_plugin [None req-56332a21-3ba3-455c-8773-f9f5f6fca225 96f6a03280104b8e9715ab175a94648d 77b15728b8c74fd7a0465233ee72a43d - - default default] TaaS: Handle Delete Port: f37fc822-0dca-4184-b061-f1bde91b5901
2026-07-15 15:49:10.423 8 INFO neutron_taas.services.taas.tap_mirror_plugin [None req-56332a21-3ba3-455c-8773-f9f5f6fca225 96f6a03280104b8e9715ab175a94648d 77b15728b8c74fd7a0465233ee72a43d - - default default] Tap Mirror: Handle Delete Port: f37fc822-0dca-4184-b061-f1bde91b5901 [pid: 8|app: 0|req: 950/1819] 10.0.0.232 () {32 vars in 732 bytes} [Wed Jul 15 15:49:10 2026] DELETE /v2.0/floatingips/a02bd2be-b52a-4719-b0e8-06343bce1f10 => generated 0 bytes in 265 msecs (HTTP/1.1 204) 2 headers in 112 bytes (1 switches on core 0) [pid: 8|app: 0|req: 951/1820] 10.0.0.223 () {34 vars in 990 bytes} [Wed Jul 15 15:49:10 2026] GET /v2.0/ports?device_id=3f4165ec-0cf9-45bf-8eab-5a0496649114 => generated 969 bytes in 34 msecs (HTTP/1.1 200) 4 headers in 157 bytes (1 switches on core 0)
2026-07-15 15:49:10.619 8 INFO neutron.pecan_wsgi.hooks.translation [None req-e03362e3-94d5-4367-8a8f-f2afbab42cf5 8cdb272a811743dcb38ebf8098744342 7418a7e451d44a43807dad0512940626 - - default default] DELETE failed (client error): The resource could not be found. [pid: 8|app: 0|req: 952/1821] 10.0.0.232 () {32 vars in 724 bytes} [Wed Jul 15 15:49:10 2026] DELETE /v2.0/subnets/58a50c79-7c65-4bc9-bcb8-e9a3327deb57 => generated 136 bytes in 13 msecs (HTTP/1.1 404) 4 headers in 164 bytes (1 switches on core 0)
2026-07-15 15:49:10.715 7 INFO neutron.plugins.ml2.drivers.ovn.mech_driver.ovsdb.commands [None req-f45b4b23-995c-4d6d-bae4-01eb32a23f2e - - - - - -] Schedule LRP lrp-b824da77-0db2-42b1-b778-139abe19ef4d on gateway 60386c75-da6b-4c89-b8d4-6d15b0fb2bc6 with priority 1
2026-07-15 15:49:10.765 7 INFO neutron.plugins.ml2.drivers.ovn.mech_driver.ovsdb.ovsdb_monitor [None req-75dc07aa-aa84-4a55-ae89-45da8a05f8ad - - - - - -] Router 9136dd64-e4e5-4761-8470-dcc574057421 is bound to host instance
2026-07-15 15:49:10.767 8 INFO neutron.plugins.ml2.drivers.ovn.mech_driver.mech_driver [None req-a6d6a82c-3070-4217-8bfa-1e231e53e445 - - - - - -] OVN reports status up for port: b824da77-0db2-42b1-b778-139abe19ef4d
2026-07-15 15:49:10.783 8 INFO neutron_taas.services.taas.taas_plugin [None req-6f6338a8-c53e-4f49-9b29-c6e3208ff28f 96f6a03280104b8e9715ab175a94648d 77b15728b8c74fd7a0465233ee72a43d - - default default] TaaS: Handle Delete Port: 0899cdc0-3804-46b4-9d92-e8c4d941edff
2026-07-15 15:49:10.788 8 INFO neutron_taas.services.taas.tap_mirror_plugin [None req-6f6338a8-c53e-4f49-9b29-c6e3208ff28f 96f6a03280104b8e9715ab175a94648d 77b15728b8c74fd7a0465233ee72a43d - - default default] Tap Mirror: Handle Delete Port: 0899cdc0-3804-46b4-9d92-e8c4d941edff
2026-07-15 15:49:10.795 8 INFO neutron.plugins.ml2.plugin [None req-a6d6a82c-3070-4217-8bfa-1e231e53e445 - - - - - -] Attempt 1 to provision port b824da77-0db2-42b1-b778-139abe19ef4d
2026-07-15 15:49:10.819 7 INFO neutron.db.ovn_revision_numbers_db [None req-4084f264-afeb-4c8f-bbea-b68a0890db63 d8371b4f91eb4717a818c8f54321c085 a2dcf293a86c4ecdaed227b69955d4b1 - - default default] Successfully bumped revision number for resource b824da77-0db2-42b1-b778-139abe19ef4d (type: router_ports) to 1
2026-07-15 15:49:10.928 7 INFO neutron.db.ovn_revision_numbers_db [None req-4084f264-afeb-4c8f-bbea-b68a0890db63 d8371b4f91eb4717a818c8f54321c085 a2dcf293a86c4ecdaed227b69955d4b1 - - default default] Successfully bumped revision number for resource 9136dd64-e4e5-4761-8470-dcc574057421 (type: routers) to 2 [pid: 7|app: 0|req: 870/1822] 10.0.0.232 () {34 vars in 669 bytes} [Wed Jul 15 15:49:09 2026] POST /v2.0/routers => generated 966 bytes in 1343 msecs (HTTP/1.1 201) 4 headers in 162 bytes (1 switches on core 0) [pid: 8|app: 0|req: 953/1823] 10.0.0.232 () {32 vars in 732 bytes} [Wed Jul 15 15:49:10 2026] DELETE /v2.0/floatingips/bd1ce6c9-afbb-4a5f-9d98-8efa4beba783 => generated 0 bytes in 377 msecs (HTTP/1.1 204) 2 headers in 112 bytes (1 switches on core 0)
2026-07-15 15:49:11.009 8 INFO neutron.pecan_wsgi.hooks.translation [None req-f172b92a-9e7e-402d-b831-6e0eaba59d9d 8cdb272a811743dcb38ebf8098744342 7418a7e451d44a43807dad0512940626 - - default default] DELETE failed (client error): The resource could not be found. [pid: 7|app: 0|req: 871/1824] 10.0.0.223 () {34 vars in 1040 bytes} [Wed Jul 15 15:49:10 2026] GET /v2.0/security-groups?id=030bd273-0318-4158-a0ac-ae77b1eab36d&fields=id&fields=name => generated 113 bytes in 54 msecs (HTTP/1.1 200) 4 headers in 157 bytes (1 switches on core 0) [pid: 8|app: 0|req: 954/1825] 10.0.0.232 () {32 vars in 724 bytes} [Wed Jul 15 15:49:10 2026] DELETE /v2.0/subnets/9229a8fa-34af-4f77-a92a-971a99cc3b51 => generated 136 bytes in 12 msecs (HTTP/1.1 404) 4 headers in 164 bytes (1 switches on core 0)
2026-07-15 15:49:11.146 8 INFO neutron_taas.services.taas.taas_plugin [None req-2b9bf887-abd7-4b29-a582-f5db45af78ee 96f6a03280104b8e9715ab175a94648d 77b15728b8c74fd7a0465233ee72a43d - - default default] TaaS: Handle Delete Port: c16510c8-79f3-4c6e-889e-5dc02bdd4836
2026-07-15 15:49:11.150 8 INFO neutron_taas.services.taas.tap_mirror_plugin [None req-2b9bf887-abd7-4b29-a582-f5db45af78ee 96f6a03280104b8e9715ab175a94648d 77b15728b8c74fd7a0465233ee72a43d - - default default] Tap Mirror: Handle Delete Port: c16510c8-79f3-4c6e-889e-5dc02bdd4836 [pid: 8|app: 0|req: 955/1826] 10.0.0.232 () {32 vars in 732 bytes} [Wed Jul 15 15:49:11 2026] DELETE /v2.0/floatingips/8aa7f0eb-416a-49e2-b3b1-f0fb7f32b4a3 => generated 0 bytes in 281 msecs (HTTP/1.1 204) 2 headers in 112 bytes (1 switches on core 0)
2026-07-15 15:49:11.303 8 INFO neutron.pecan_wsgi.hooks.translation [None req-28819083-c9f0-4417-b6c4-54f3d92ddb51 8cdb272a811743dcb38ebf8098744342 7418a7e451d44a43807dad0512940626 - - default default] DELETE failed (client error): The resource could not be found. [pid: 8|app: 0|req: 956/1827] 10.0.0.232 () {32 vars in 724 bytes} [Wed Jul 15 15:49:11 2026] DELETE /v2.0/subnets/6601c54a-3850-42ac-91e2-79badcaa7daf => generated 136 bytes in 12 msecs (HTTP/1.1 404) 4 headers in 164 bytes (1 switches on core 0)
2026-07-15 15:49:11.425 8 INFO neutron_taas.services.taas.taas_plugin [None req-2549027d-2961-42df-b958-6c27cd25f2e1 96f6a03280104b8e9715ab175a94648d 77b15728b8c74fd7a0465233ee72a43d - - default default] TaaS: Handle Delete Port: 3f330c2e-9d57-42fa-9ad3-6a6bf38baf62
2026-07-15 15:49:11.430 8 INFO neutron_taas.services.taas.tap_mirror_plugin [None req-2549027d-2961-42df-b958-6c27cd25f2e1 96f6a03280104b8e9715ab175a94648d 77b15728b8c74fd7a0465233ee72a43d - - default default] Tap Mirror: Handle Delete Port: 3f330c2e-9d57-42fa-9ad3-6a6bf38baf62
2026-07-15 15:49:11.591 7 WARNING neutron.plugins.ml2.drivers.ovn.mech_driver.ovsdb.ovn_client [None req-d720aac0-4cbb-4a60-853c-e87077e58a12 - - - - - -] No hosting information found for port 9ceb1ad3-7f47-4e70-bae2-3ce96c82b3fb: RuntimeError: No hosting information found for port 9ceb1ad3-7f47-4e70-bae2-3ce96c82b3fb
2026-07-15 15:49:11.591 7 INFO neutron.plugins.ml2.drivers.ovn.mech_driver.mech_driver [None req-d720aac0-4cbb-4a60-853c-e87077e58a12 - - - - - -] OVN reports status up for port: 80a6ebd4-8c3f-4f7d-b5d0-e95cd9c959b5 [pid: 8|app: 0|req: 957/1828] 10.0.0.232 () {32 vars in 732 bytes} [Wed Jul 15 15:49:11 2026] DELETE /v2.0/floatingips/dca5038c-670b-45ce-b804-c91952c1ff6e => generated 0 bytes in 323 msecs (HTTP/1.1 204) 2 headers in 112 bytes (1 switches on core 0)
2026-07-15 15:49:11.634 7 INFO neutron.plugins.ml2.plugin [None req-d720aac0-4cbb-4a60-853c-e87077e58a12 - - - - - -] Attempt 1 to provision port 80a6ebd4-8c3f-4f7d-b5d0-e95cd9c959b5
2026-07-15 15:49:11.948 7 INFO neutron.notifiers.nova [-] Nova event matching ['req-edb8d197-2174-4104-88d7-d25f19fcd8b1'] response: {'server_uuid': '3f4165ec-0cf9-45bf-8eab-5a0496649114', 'name': 'network-vif-plugged', 'status': 'completed', 'tag': '80a6ebd4-8c3f-4f7d-b5d0-e95cd9c959b5', 'code': 200}
2026-07-15 15:49:12.032 7 WARNING neutron.scheduler.dhcp_agent_scheduler [None req-ed689a25-f793-483b-84ad-52e06a51ffa3 d8371b4f91eb4717a818c8f54321c085 a2dcf293a86c4ecdaed227b69955d4b1 - - default default] No more DHCP agents
2026-07-15 15:49:12.037 7 WARNING neutron.api.rpc.agentnotifiers.dhcp_rpc_agent_api [None req-ed689a25-f793-483b-84ad-52e06a51ffa3 d8371b4f91eb4717a818c8f54321c085 a2dcf293a86c4ecdaed227b69955d4b1 - - default default] Unable to schedule network 73f004bb-34a1-45cd-9b6e-a6b4e87cca28: no agents available; will retry on subsequent port and subnet creation events.
2026-07-15 15:49:12.280 7 INFO neutron.db.ovn_revision_numbers_db [None req-d720aac0-4cbb-4a60-853c-e87077e58a12 - - - - - -] Successfully bumped revision number for resource 80a6ebd4-8c3f-4f7d-b5d0-e95cd9c959b5 (type: ports) to 5
2026-07-15 15:49:12.471 7 INFO neutron.db.ovn_revision_numbers_db [None req-ed689a25-f793-483b-84ad-52e06a51ffa3 d8371b4f91eb4717a818c8f54321c085 a2dcf293a86c4ecdaed227b69955d4b1 - - default default] Successfully bumped revision number for resource c5576293-ad69-45d8-85e9-fae16931e709 (type: ports) to 1
2026-07-15 15:49:12.512 8 INFO neutron.db.ovn_revision_numbers_db [None req-ed3e2c7c-4201-42d0-a739-9dfb376c0e97 d8371b4f91eb4717a818c8f54321c085 a2dcf293a86c4ecdaed227b69955d4b1 - - default default] Successfully bumped revision number for resource aef6b468-5a35-4330-94e2-82bd6551e955 (type: security_groups) to 1
2026-07-15 15:49:12.524 8 INFO neutron.db.ovn_revision_numbers_db [None req-ed3e2c7c-4201-42d0-a739-9dfb376c0e97 d8371b4f91eb4717a818c8f54321c085 a2dcf293a86c4ecdaed227b69955d4b1 - - default default] Successfully bumped revision number for resource 2479c1db-b9df-4bf6-9764-48be4d28f192 (type: security_group_rules) to 0
2026-07-15 15:49:12.546 8 INFO neutron.db.ovn_revision_numbers_db [None req-ed3e2c7c-4201-42d0-a739-9dfb376c0e97 d8371b4f91eb4717a818c8f54321c085 a2dcf293a86c4ecdaed227b69955d4b1 - - default default] Successfully bumped revision number for resource 2db8b51a-b13e-4d98-84d4-9e93abec3b29 (type: security_group_rules) to 0
2026-07-15 15:49:12.564 8 INFO neutron.db.ovn_revision_numbers_db [None req-ed3e2c7c-4201-42d0-a739-9dfb376c0e97 d8371b4f91eb4717a818c8f54321c085 a2dcf293a86c4ecdaed227b69955d4b1 - - default default] Successfully bumped revision number for resource 456d86c5-d73e-4579-ba2b-f2944a4fbbab (type: security_group_rules) to 0
2026-07-15 15:49:12.580 8 INFO neutron.db.ovn_revision_numbers_db [None req-ed3e2c7c-4201-42d0-a739-9dfb376c0e97 d8371b4f91eb4717a818c8f54321c085 a2dcf293a86c4ecdaed227b69955d4b1 - - default default] Successfully bumped revision number for resource f1c3f6cd-9d40-454d-8fe0-e057585dd019 (type: security_group_rules) to 0 [pid: 8|app: 0|req: 958/1829] 10.0.0.232 () {32 vars in 774 bytes} [Wed Jul 15 15:49:12 2026] GET /v2.0/security-groups?tenant_id=2a063c99ac3740ddbfc3011deceaf402&name=default => generated 2925 bytes in 558 msecs (HTTP/1.1 200) 4 headers in 158 bytes (1 switches on core 0)
2026-07-15 15:49:12.657 7 INFO neutron.db.ovn_revision_numbers_db [None req-a5449368-580f-4f9f-a3ae-a01981946a25 - - - - - -] Successfully bumped revision number for resource b824da77-0db2-42b1-b778-139abe19ef4d (type: ports) to 4 [pid: 8|app: 0|req: 959/1830] 10.0.0.223 () {34 vars in 990 bytes} [Wed Jul 15 15:49:12 2026] GET /v2.0/ports?device_id=3f4165ec-0cf9-45bf-8eab-5a0496649114 => generated 971 bytes in 78 msecs (HTTP/1.1 200) 4 headers in 157 bytes (1 switches on core 0)
2026-07-15 15:49:12.860 7 INFO neutron.db.ovn_revision_numbers_db [None req-45b09f93-8f4e-42b7-bd5e-06c6a76cfa97 - - - - - -] Successfully bumped revision number for resource 9ceb1ad3-7f47-4e70-bae2-3ce96c82b3fb (type: router_ports) to 2
2026-07-15 15:49:12.964 8 INFO neutron.db.ovn_revision_numbers_db [None req-a7afc9a7-8786-450b-8e71-14ef017e8c78 d8371b4f91eb4717a818c8f54321c085 a2dcf293a86c4ecdaed227b69955d4b1 - - default default] Successfully bumped revision number for resource 1a213c28-08f2-42d5-b553-1bd75758bc63 (type: security_groups) to 1
2026-07-15 15:49:12.985 8 INFO neutron.db.ovn_revision_numbers_db [None req-a7afc9a7-8786-450b-8e71-14ef017e8c78 d8371b4f91eb4717a818c8f54321c085 a2dcf293a86c4ecdaed227b69955d4b1 - - default default] Successfully bumped revision number for resource 0765ca69-4939-4765-9e7b-27c4ba4fafa3 (type: security_group_rules) to 0
2026-07-15 15:49:13.007 8 INFO neutron.db.ovn_revision_numbers_db [None req-a7afc9a7-8786-450b-8e71-14ef017e8c78 d8371b4f91eb4717a818c8f54321c085 a2dcf293a86c4ecdaed227b69955d4b1 - - default default] Successfully bumped revision number for resource a0588d04-bc83-434b-ab2a-04133867d662 (type: security_group_rules) to 0
2026-07-15 15:49:13.042 8 INFO neutron.db.ovn_revision_numbers_db [None req-a7afc9a7-8786-450b-8e71-14ef017e8c78 d8371b4f91eb4717a818c8f54321c085 a2dcf293a86c4ecdaed227b69955d4b1 - - default default] Successfully bumped revision number for resource da200913-b1e4-4e7e-913d-d2286618f789 (type: security_group_rules) to 0
2026-07-15 15:49:13.063 8 INFO neutron.db.ovn_revision_numbers_db [None req-a7afc9a7-8786-450b-8e71-14ef017e8c78 d8371b4f91eb4717a818c8f54321c085 a2dcf293a86c4ecdaed227b69955d4b1 - - default default] Successfully bumped revision number for resource fd9affe8-e1cb-4a8c-a6ef-6a1f2d15ce75 (type: security_group_rules) to 0 [pid: 8|app: 0|req: 960/1831] 10.0.0.232 () {32 vars in 774 bytes} [Wed Jul 15 15:49:12 2026] GET /v2.0/security-groups?tenant_id=40323721052c4dc59ce266a5528cd6e6&name=default => generated 2925 bytes in 423 msecs (HTTP/1.1 200) 4 headers in 158 bytes (1 switches on core 0)
2026-07-15 15:49:13.283 8 INFO neutron.plugins.ml2.drivers.ovn.mech_driver.mech_driver [None req-a6d6a82c-3070-4217-8bfa-1e231e53e445 - - - - - -] OVN reports status down for port: c5576293-ad69-45d8-85e9-fae16931e709 [pid: 8|app: 0|req: 961/1832] 10.0.0.232 () {32 vars in 740 bytes} [Wed Jul 15 15:49:13 2026] DELETE /v2.0/security-groups/aef6b468-5a35-4330-94e2-82bd6551e955 => generated 0 bytes in 282 msecs (HTTP/1.1 204) 2 headers in 112 bytes (1 switches on core 0) [pid: 8|app: 0|req: 962/1833] 10.0.0.223 () {34 vars in 1040 bytes} [Wed Jul 15 15:49:13 2026] GET /v2.0/security-groups?id=030bd273-0318-4158-a0ac-ae77b1eab36d&fields=id&fields=name => generated 113 bytes in 68 msecs (HTTP/1.1 200) 4 headers in 157 bytes (1 switches on core 0)
2026-07-15 15:49:13.493 7 INFO neutron.db.ovn_revision_numbers_db [None req-a5449368-580f-4f9f-a3ae-a01981946a25 - - - - - -] Successfully bumped revision number for resource b824da77-0db2-42b1-b778-139abe19ef4d (type: ports) to 5
2026-07-15 15:49:13.752 8 INFO neutron.plugins.ml2.drivers.ovn.mech_driver.mech_driver [None req-a6d6a82c-3070-4217-8bfa-1e231e53e445 - - - - - -] OVN reports status up for port: c5576293-ad69-45d8-85e9-fae16931e709 [pid: 8|app: 0|req: 965/1836] 10.0.0.232 () {32 vars in 740 bytes} [Wed Jul 15 15:49:13 2026] DELETE /v2.0/security-groups/1a213c28-08f2-42d5-b553-1bd75758bc63 => generated 0 bytes in 269 msecs (HTTP/1.1 204) 2 headers in 112 bytes (1 switches on core 0)
2026-07-15 15:49:13.776 8 INFO neutron.plugins.ml2.plugin [None req-a6d6a82c-3070-4217-8bfa-1e231e53e445 - - - - - -] Attempt 1 to provision port c5576293-ad69-45d8-85e9-fae16931e709
2026-07-15 15:49:13.810 7 WARNING neutron.scheduler.dhcp_agent_scheduler [None req-ed689a25-f793-483b-84ad-52e06a51ffa3 d8371b4f91eb4717a818c8f54321c085 a2dcf293a86c4ecdaed227b69955d4b1 - - default default] No more DHCP agents
2026-07-15 15:49:13.811 7 WARNING neutron.api.rpc.agentnotifiers.dhcp_rpc_agent_api [None req-ed689a25-f793-483b-84ad-52e06a51ffa3 d8371b4f91eb4717a818c8f54321c085 a2dcf293a86c4ecdaed227b69955d4b1 - - default default] Unable to schedule network 73f004bb-34a1-45cd-9b6e-a6b4e87cca28: no agents available; will retry on subsequent port and subnet creation events.
2026-07-15 15:49:13.973 8 INFO neutron.db.ovn_revision_numbers_db [None req-272fb43f-f74f-4be9-9c43-7c1dbf85da40 d8371b4f91eb4717a818c8f54321c085 a2dcf293a86c4ecdaed227b69955d4b1 - - default default] Successfully bumped revision number for resource 84ac74ca-76c5-4915-8f59-5cc28c4e0232 (type: security_groups) to 1
2026-07-15 15:49:13.992 7 INFO neutron.notifiers.nova [-] Nova event matching ['req-14b9125d-08d4-45df-8888-27db81b63ad4'] response: {'server_uuid': '3f4165ec-0cf9-45bf-8eab-5a0496649114', 'name': 'network-vif-plugged', 'status': 'completed', 'tag': '80a6ebd4-8c3f-4f7d-b5d0-e95cd9c959b5', 'code': 200}
2026-07-15 15:49:14.000 8 INFO neutron.db.ovn_revision_numbers_db [None req-272fb43f-f74f-4be9-9c43-7c1dbf85da40 d8371b4f91eb4717a818c8f54321c085 a2dcf293a86c4ecdaed227b69955d4b1 - - default default] Successfully bumped revision number for resource 3349ed5e-04a5-4136-9e7d-aae40f204233 (type: security_group_rules) to 0
2026-07-15 15:49:14.016 8 INFO neutron.db.ovn_revision_numbers_db [None req-272fb43f-f74f-4be9-9c43-7c1dbf85da40 d8371b4f91eb4717a818c8f54321c085 a2dcf293a86c4ecdaed227b69955d4b1 - - default default] Successfully bumped revision number for resource cd450075-646e-4345-bba1-271ee84b1c58 (type: security_group_rules) to 0
2026-07-15 15:49:14.044 8 INFO neutron.db.ovn_revision_numbers_db [None req-272fb43f-f74f-4be9-9c43-7c1dbf85da40 d8371b4f91eb4717a818c8f54321c085 a2dcf293a86c4ecdaed227b69955d4b1 - - default default] Successfully bumped revision number for resource da7ec9ed-97a8-4e59-949b-125a5f6ccf17 (type: security_group_rules) to 0
2026-07-15 15:49:14.066 8 INFO neutron.db.ovn_revision_numbers_db [None req-272fb43f-f74f-4be9-9c43-7c1dbf85da40 d8371b4f91eb4717a818c8f54321c085 a2dcf293a86c4ecdaed227b69955d4b1 - - default default] Successfully bumped revision number for resource f2b4dff8-982e-432b-91b1-836e8ef68500 (type: security_group_rules) to 0 [pid: 8|app: 0|req: 966/1837] 10.0.0.232 () {32 vars in 774 bytes} [Wed Jul 15 15:49:13 2026] GET /v2.0/security-groups?tenant_id=2358c79326ce42d084c47b88a6447bab&name=default => generated 2925 bytes in 386 msecs (HTTP/1.1 200) 4 headers in 158 bytes (1 switches on core 0)
2026-07-15 15:49:14.287 7 INFO neutron.db.ovn_revision_numbers_db [None req-ed689a25-f793-483b-84ad-52e06a51ffa3 d8371b4f91eb4717a818c8f54321c085 a2dcf293a86c4ecdaed227b69955d4b1 - - default default] Successfully bumped revision number for resource c5576293-ad69-45d8-85e9-fae16931e709 (type: router_ports) to 1 [pid: 7|app: 0|req: 872/1838] 10.0.0.232 () {34 vars in 783 bytes} [Wed Jul 15 15:49:11 2026] PUT /v2.0/routers/9136dd64-e4e5-4761-8470-dcc574057421/add_router_interface => generated 309 bytes in 3281 msecs (HTTP/1.1 200) 4 headers in 157 bytes (1 switches on core 0) /var/lib/openstack/lib/python3.12/site-packages/pycadf/identifier.py:70: UserWarning: Invalid uuid: neutron. To ensure interoperability, identifiers should be a valid uuid. warnings.warn(('Invalid uuid: %s. To ensure interoperability, '
2026-07-15 15:49:14.509 8 INFO neutron.db.ovn_revision_numbers_db [None req-7ecb94af-8c50-426f-ba08-cdc4587d277f d8371b4f91eb4717a818c8f54321c085 a2dcf293a86c4ecdaed227b69955d4b1 - - default default] Successfully bumped revision number for resource 98dcb11e-ab77-4b23-a246-590852267f50 (type: security_groups) to 1
2026-07-15 15:49:14.543 8 INFO neutron.db.ovn_revision_numbers_db [None req-7ecb94af-8c50-426f-ba08-cdc4587d277f d8371b4f91eb4717a818c8f54321c085 a2dcf293a86c4ecdaed227b69955d4b1 - - default default] Successfully bumped revision number for resource 03f86db3-73b4-41aa-970c-db04b7e193e3 (type: security_group_rules) to 0
