2026-07-15 15:50:42.310 8 INFO neutron.db.ovn_revision_numbers_db [None req-f6192747-5e25-4675-94e2-e7dd9b1d0aa6 8e14c577ac8742b890f81ca1d46026b8 d6aa130590cd473188a8e175b1c2a304 - - default default] Successfully bumped revision number for resource 82e587a3-fbb2-4714-8891-5e64f41758b2 (type: security_group_rules) to 0
2026-07-15 15:50:42.343 8 INFO neutron.db.ovn_revision_numbers_db [None req-f6192747-5e25-4675-94e2-e7dd9b1d0aa6 8e14c577ac8742b890f81ca1d46026b8 d6aa130590cd473188a8e175b1c2a304 - - default default] Successfully bumped revision number for resource f24b0793-2286-4e7c-8101-47bc9cac8948 (type: security_group_rules) to 0
2026-07-15 15:50:42.420 8 INFO neutron.db.segments_db [None req-f6192747-5e25-4675-94e2-e7dd9b1d0aa6 8e14c577ac8742b890f81ca1d46026b8 d6aa130590cd473188a8e175b1c2a304 - - default default] Added segment da8a5dd7-e6eb-4ca0-b62f-c2a587e084a6 of type geneve for network 77aa4d02-ccee-471f-9890-97c4b55ca6db
2026-07-15 15:50:42.546 8 INFO neutron.db.ovn_revision_numbers_db [None req-f6192747-5e25-4675-94e2-e7dd9b1d0aa6 8e14c577ac8742b890f81ca1d46026b8 d6aa130590cd473188a8e175b1c2a304 - - default default] Successfully bumped revision number for resource 77aa4d02-ccee-471f-9890-97c4b55ca6db (type: networks) to 1
2026-07-15 15:50:42.676 7 INFO neutron.db.ovn_revision_numbers_db [None req-31159873-6c8c-47fe-9cc3-39a339b53cb7 d8371b4f91eb4717a818c8f54321c085 a2dcf293a86c4ecdaed227b69955d4b1 - - default default] Successfully bumped revision number for resource 973c77b5-b733-4703-a15c-34f221980819 (type: security_groups) to 1
2026-07-15 15:50:42.687 7 INFO neutron.db.ovn_revision_numbers_db [None req-31159873-6c8c-47fe-9cc3-39a339b53cb7 d8371b4f91eb4717a818c8f54321c085 a2dcf293a86c4ecdaed227b69955d4b1 - - default default] Successfully bumped revision number for resource 01ab33cd-2740-4fe7-99f8-274e96049aa4 (type: security_group_rules) to 0
2026-07-15 15:50:42.697 7 INFO neutron.db.ovn_revision_numbers_db [None req-31159873-6c8c-47fe-9cc3-39a339b53cb7 d8371b4f91eb4717a818c8f54321c085 a2dcf293a86c4ecdaed227b69955d4b1 - - default default] Successfully bumped revision number for resource 50415c87-c310-4f2e-9b73-c41bc56c39b1 (type: security_group_rules) to 0
2026-07-15 15:50:42.708 7 INFO neutron.db.ovn_revision_numbers_db [None req-31159873-6c8c-47fe-9cc3-39a339b53cb7 d8371b4f91eb4717a818c8f54321c085 a2dcf293a86c4ecdaed227b69955d4b1 - - default default] Successfully bumped revision number for resource 5a217347-7658-4b16-848f-39838dd6e108 (type: security_group_rules) to 0
2026-07-15 15:50:42.719 7 INFO neutron.db.ovn_revision_numbers_db [None req-31159873-6c8c-47fe-9cc3-39a339b53cb7 d8371b4f91eb4717a818c8f54321c085 a2dcf293a86c4ecdaed227b69955d4b1 - - default default] Successfully bumped revision number for resource 6df46177-5262-4955-8526-132da505903a (type: security_group_rules) to 0
2026-07-15 15:50:42.732 8 WARNING neutron.scheduler.dhcp_agent_scheduler [None req-f6192747-5e25-4675-94e2-e7dd9b1d0aa6 8e14c577ac8742b890f81ca1d46026b8 d6aa130590cd473188a8e175b1c2a304 - - default default] No more DHCP agents
2026-07-15 15:50:42.733 8 WARNING neutron.api.rpc.agentnotifiers.dhcp_rpc_agent_api [None req-f6192747-5e25-4675-94e2-e7dd9b1d0aa6 8e14c577ac8742b890f81ca1d46026b8 d6aa130590cd473188a8e175b1c2a304 - - default default] Unable to schedule network 77aa4d02-ccee-471f-9890-97c4b55ca6db: no agents available; will retry on subsequent port and subnet creation events. [pid: 7|app: 0|req: 1233/2537] 10.0.0.232 () {32 vars in 774 bytes} [Wed Jul 15 15:50:42 2026] GET /v2.0/security-groups?tenant_id=bda0b95e10e3483c9d493902677589f8&name=default => generated 2925 bytes in 352 msecs (HTTP/1.1 200) 4 headers in 158 bytes (1 switches on core 0)
2026-07-15 15:50:42.778 7 INFO neutron.plugins.ml2.drivers.ovn.mech_driver.mech_driver [None req-860accd8-fc9d-4b04-8730-b8689d009a78 - - - - - -] OVN reports status down for port: 453f7c54-43ca-425c-ab89-509f7f8ae29a
2026-07-15 15:50:42.815 8 INFO neutron.db.ovn_revision_numbers_db [None req-f6192747-5e25-4675-94e2-e7dd9b1d0aa6 8e14c577ac8742b890f81ca1d46026b8 d6aa130590cd473188a8e175b1c2a304 - - default default] Successfully bumped revision number for resource 453f7c54-43ca-425c-ab89-509f7f8ae29a (type: ports) to 1 [pid: 8|app: 0|req: 1305/2538] 10.0.0.232 () {34 vars in 670 bytes} [Wed Jul 15 15:50:41 2026] POST /v2.0/networks => generated 682 bytes in 968 msecs (HTTP/1.1 201) 4 headers in 162 bytes (1 switches on core 0) [pid: 7|app: 0|req: 1234/2539] 10.0.0.232 () {32 vars in 740 bytes} [Wed Jul 15 15:50:42 2026] DELETE /v2.0/security-groups/973c77b5-b733-4703-a15c-34f221980819 => generated 0 bytes in 252 msecs (HTTP/1.1 204) 2 headers in 112 bytes (1 switches on core 0)
2026-07-15 15:50:43.075 8 WARNING neutron.scheduler.dhcp_agent_scheduler [None req-147c2c3d-9d36-49f6-ac25-36c75a92636d 8e14c577ac8742b890f81ca1d46026b8 d6aa130590cd473188a8e175b1c2a304 - - default default] No more DHCP agents
2026-07-15 15:50:43.076 8 WARNING neutron.api.rpc.agentnotifiers.dhcp_rpc_agent_api [None req-147c2c3d-9d36-49f6-ac25-36c75a92636d 8e14c577ac8742b890f81ca1d46026b8 d6aa130590cd473188a8e175b1c2a304 - - default default] Unable to schedule network 77aa4d02-ccee-471f-9890-97c4b55ca6db: no agents available; will retry on subsequent port and subnet creation events.
2026-07-15 15:50:43.118 8 INFO neutron.plugins.ml2.drivers.ovn.mech_driver.mech_driver [None req-2c9a4f9d-1255-4888-9b8e-c5f9cff47beb - - - - - -] OVN reports status down for port: c3d58453-caf1-41b7-aca9-536ceeec60f7
2026-07-15 15:50:43.193 8 INFO neutron.db.ovn_revision_numbers_db [None req-147c2c3d-9d36-49f6-ac25-36c75a92636d 8e14c577ac8742b890f81ca1d46026b8 d6aa130590cd473188a8e175b1c2a304 - - default default] Successfully bumped revision number for resource c3d58453-caf1-41b7-aca9-536ceeec60f7 (type: ports) to 1
2026-07-15 15:50:43.252 7 INFO neutron.db.ovn_revision_numbers_db [None req-b2511b68-ba08-493b-bd17-1d08cf1a03b3 d8371b4f91eb4717a818c8f54321c085 a2dcf293a86c4ecdaed227b69955d4b1 - - default default] Successfully bumped revision number for resource 4eba7851-8d5c-4264-8a01-3c6338304424 (type: security_groups) to 1
2026-07-15 15:50:43.261 7 INFO neutron.db.ovn_revision_numbers_db [None req-b2511b68-ba08-493b-bd17-1d08cf1a03b3 d8371b4f91eb4717a818c8f54321c085 a2dcf293a86c4ecdaed227b69955d4b1 - - default default] Successfully bumped revision number for resource 114d0240-b4d7-440f-aa37-579dae65b1a0 (type: security_group_rules) to 0 [pid: 8|app: 0|req: 1306/2542] 10.0.0.232 () {34 vars in 665 bytes} [Wed Jul 15 15:50:42 2026] POST /v2.0/ports => generated 775 bytes in 424 msecs (HTTP/1.1 201) 4 headers in 162 bytes (1 switches on core 0) /var/lib/openstack/lib/python3.12/site-packages/pycadf/identifier.py:70: UserWarning: Invalid uuid: neutron. To ensure interoperability, identifiers should be a valid uuid. warnings.warn(('Invalid uuid: %s. To ensure interoperability, '
2026-07-15 15:50:43.283 7 INFO neutron.db.ovn_revision_numbers_db [None req-b2511b68-ba08-493b-bd17-1d08cf1a03b3 d8371b4f91eb4717a818c8f54321c085 a2dcf293a86c4ecdaed227b69955d4b1 - - default default] Successfully bumped revision number for resource 28fec0f4-f6ba-45ed-9ea1-2dec075d0048 (type: security_group_rules) to 0
2026-07-15 15:50:43.295 7 INFO neutron.db.ovn_revision_numbers_db [None req-b2511b68-ba08-493b-bd17-1d08cf1a03b3 d8371b4f91eb4717a818c8f54321c085 a2dcf293a86c4ecdaed227b69955d4b1 - - default default] Successfully bumped revision number for resource dce0f66f-513d-422e-b6a9-18645043aa09 (type: security_group_rules) to 0
2026-07-15 15:50:43.307 7 INFO neutron.db.ovn_revision_numbers_db [None req-b2511b68-ba08-493b-bd17-1d08cf1a03b3 d8371b4f91eb4717a818c8f54321c085 a2dcf293a86c4ecdaed227b69955d4b1 - - default default] Successfully bumped revision number for resource fd0edcb5-26ce-42af-93a2-821c57bcc406 (type: security_group_rules) to 0 [pid: 7|app: 0|req: 1237/2543] 10.0.0.232 () {32 vars in 774 bytes} [Wed Jul 15 15:50:43 2026] GET /v2.0/security-groups?tenant_id=a81a3ef28c7e4c40ae9917e009aa31f8&name=default => generated 2925 bytes in 219 msecs (HTTP/1.1 200) 4 headers in 158 bytes (1 switches on core 0)
2026-07-15 15:50:43.364 8 INFO neutron.db.segments_db [None req-e4b94d6a-3381-482b-be15-68a5610c9c4a 8e14c577ac8742b890f81ca1d46026b8 d6aa130590cd473188a8e175b1c2a304 - - default default] Added segment b2d1f8ff-6a75-4f71-9ffa-4d1c5e2c73d3 of type geneve for network 895f2dd5-2d75-4ca9-b754-e57693ac73fb
2026-07-15 15:50:43.474 8 INFO neutron.db.ovn_revision_numbers_db [None req-e4b94d6a-3381-482b-be15-68a5610c9c4a 8e14c577ac8742b890f81ca1d46026b8 d6aa130590cd473188a8e175b1c2a304 - - default default] Successfully bumped revision number for resource 895f2dd5-2d75-4ca9-b754-e57693ac73fb (type: networks) to 1 [pid: 7|app: 0|req: 1238/2544] 10.0.0.232 () {32 vars in 740 bytes} [Wed Jul 15 15:50:43 2026] DELETE /v2.0/security-groups/4eba7851-8d5c-4264-8a01-3c6338304424 => generated 0 bytes in 192 msecs (HTTP/1.1 204) 2 headers in 112 bytes (1 switches on core 0)
2026-07-15 15:50:43.674 8 WARNING neutron.scheduler.dhcp_agent_scheduler [None req-e4b94d6a-3381-482b-be15-68a5610c9c4a 8e14c577ac8742b890f81ca1d46026b8 d6aa130590cd473188a8e175b1c2a304 - - default default] No more DHCP agents
2026-07-15 15:50:43.675 8 WARNING neutron.api.rpc.agentnotifiers.dhcp_rpc_agent_api [None req-e4b94d6a-3381-482b-be15-68a5610c9c4a 8e14c577ac8742b890f81ca1d46026b8 d6aa130590cd473188a8e175b1c2a304 - - default default] Unable to schedule network 895f2dd5-2d75-4ca9-b754-e57693ac73fb: no agents available; will retry on subsequent port and subnet creation events.
2026-07-15 15:50:43.721 7 INFO neutron.plugins.ml2.drivers.ovn.mech_driver.mech_driver [None req-860accd8-fc9d-4b04-8730-b8689d009a78 - - - - - -] OVN reports status down for port: 8ba7e153-9f62-47dc-9588-f68d2c21bb2f
2026-07-15 15:50:43.756 8 INFO neutron.db.ovn_revision_numbers_db [None req-e4b94d6a-3381-482b-be15-68a5610c9c4a 8e14c577ac8742b890f81ca1d46026b8 d6aa130590cd473188a8e175b1c2a304 - - default default] Successfully bumped revision number for resource 8ba7e153-9f62-47dc-9588-f68d2c21bb2f (type: ports) to 1 [pid: 8|app: 0|req: 1307/2545] 10.0.0.232 () {34 vars in 670 bytes} [Wed Jul 15 15:50:43 2026] POST /v2.0/networks => generated 669 bytes in 502 msecs (HTTP/1.1 201) 4 headers in 162 bytes (1 switches on core 0)
2026-07-15 15:50:43.893 7 INFO neutron.db.ovn_revision_numbers_db [None req-917fc4eb-e70a-4a80-805e-448173823fa9 d8371b4f91eb4717a818c8f54321c085 a2dcf293a86c4ecdaed227b69955d4b1 - - default default] Successfully bumped revision number for resource be996de7-8aba-4ad3-8ba1-7d06d7b9af9b (type: security_groups) to 1
2026-07-15 15:50:43.903 7 INFO neutron.db.ovn_revision_numbers_db [None req-917fc4eb-e70a-4a80-805e-448173823fa9 d8371b4f91eb4717a818c8f54321c085 a2dcf293a86c4ecdaed227b69955d4b1 - - default default] Successfully bumped revision number for resource 1ee99d1a-9140-4a94-a651-9194eefcc88c (type: security_group_rules) to 0
2026-07-15 15:50:43.914 7 INFO neutron.db.ovn_revision_numbers_db [None req-917fc4eb-e70a-4a80-805e-448173823fa9 d8371b4f91eb4717a818c8f54321c085 a2dcf293a86c4ecdaed227b69955d4b1 - - default default] Successfully bumped revision number for resource 28d9d243-de40-4ddd-85ae-fcf724562bcf (type: security_group_rules) to 0
2026-07-15 15:50:43.925 7 INFO neutron.db.ovn_revision_numbers_db [None req-917fc4eb-e70a-4a80-805e-448173823fa9 d8371b4f91eb4717a818c8f54321c085 a2dcf293a86c4ecdaed227b69955d4b1 - - default default] Successfully bumped revision number for resource 966c1608-520a-4aac-988b-2f7ae888ca1f (type: security_group_rules) to 0
2026-07-15 15:50:43.936 7 INFO neutron.db.ovn_revision_numbers_db [None req-917fc4eb-e70a-4a80-805e-448173823fa9 d8371b4f91eb4717a818c8f54321c085 a2dcf293a86c4ecdaed227b69955d4b1 - - default default] Successfully bumped revision number for resource f65638b1-e1bc-4788-83ab-2ddc785eae51 (type: security_group_rules) to 0
2026-07-15 15:50:43.945 8 WARNING neutron.scheduler.dhcp_agent_scheduler [None req-80d41421-fb6c-40bc-bff8-0b2990facf76 8e14c577ac8742b890f81ca1d46026b8 d6aa130590cd473188a8e175b1c2a304 - - default default] No more DHCP agents
2026-07-15 15:50:43.946 8 WARNING neutron.api.rpc.agentnotifiers.dhcp_rpc_agent_api [None req-80d41421-fb6c-40bc-bff8-0b2990facf76 8e14c577ac8742b890f81ca1d46026b8 d6aa130590cd473188a8e175b1c2a304 - - default default] Unable to schedule network 895f2dd5-2d75-4ca9-b754-e57693ac73fb: no agents available; will retry on subsequent port and subnet creation events. [pid: 7|app: 0|req: 1239/2546] 10.0.0.232 () {32 vars in 774 bytes} [Wed Jul 15 15:50:43 2026] GET /v2.0/security-groups?tenant_id=7fdf245d976c4d59bf0170e4fc6ac88a&name=default => generated 2927 bytes in 269 msecs (HTTP/1.1 200) 4 headers in 158 bytes (1 switches on core 0) [pid: 7|app: 0|req: 1240/2547] 10.0.0.232 () {32 vars in 740 bytes} [Wed Jul 15 15:50:43 2026] DELETE /v2.0/security-groups/be996de7-8aba-4ad3-8ba1-7d06d7b9af9b => generated 0 bytes in 229 msecs (HTTP/1.1 204) 2 headers in 112 bytes (1 switches on core 0)
2026-07-15 15:50:44.372 8 INFO neutron.db.ovn_revision_numbers_db [None req-30cce511-ca9d-4603-bd0c-ebe1c04fdb97 - - - - - -] Successfully bumped revision number for resource 8ba7e153-9f62-47dc-9588-f68d2c21bb2f (type: ports) to 2
2026-07-15 15:50:44.404 8 INFO neutron.db.ovn_revision_numbers_db [None req-30cce511-ca9d-4603-bd0c-ebe1c04fdb97 - - - - - -] Successfully bumped revision number for resource 70885e53-aa6b-4035-bd7d-4b12e667ad84 (type: subnets) to 0 [pid: 8|app: 0|req: 1308/2548] 10.0.0.232 () {34 vars in 669 bytes} [Wed Jul 15 15:50:43 2026] POST /v2.0/subnets => generated 626 bytes in 636 msecs (HTTP/1.1 201) 4 headers in 162 bytes (1 switches on core 0)
2026-07-15 15:50:44.696 7 WARNING neutron.scheduler.dhcp_agent_scheduler [None req-818390fb-5cb5-4fc4-8e71-f9943ad23747 8e14c577ac8742b890f81ca1d46026b8 d6aa130590cd473188a8e175b1c2a304 - - default default] No more DHCP agents
2026-07-15 15:50:44.697 7 WARNING neutron.api.rpc.agentnotifiers.dhcp_rpc_agent_api [None req-818390fb-5cb5-4fc4-8e71-f9943ad23747 8e14c577ac8742b890f81ca1d46026b8 d6aa130590cd473188a8e175b1c2a304 - - default default] Unable to schedule network 895f2dd5-2d75-4ca9-b754-e57693ac73fb: no agents available; will retry on subsequent port and subnet creation events.
2026-07-15 15:50:44.794 7 INFO neutron.plugins.ml2.drivers.ovn.mech_driver.mech_driver [None req-860accd8-fc9d-4b04-8730-b8689d009a78 - - - - - -] OVN reports status down for port: d413d963-391e-448b-8e07-304d1ce76295
2026-07-15 15:50:44.840 7 INFO neutron.db.ovn_revision_numbers_db [None req-818390fb-5cb5-4fc4-8e71-f9943ad23747 8e14c577ac8742b890f81ca1d46026b8 d6aa130590cd473188a8e175b1c2a304 - - default default] Successfully bumped revision number for resource d413d963-391e-448b-8e07-304d1ce76295 (type: ports) to 1 [pid: 8|app: 0|req: 1309/2549] 199.19.213.166 () {34 vars in 986 bytes} [Wed Jul 15 15:50:44 2026] GET /v2.0/networks?id=66f2d844-be4b-4306-a913-f40db0991dff => generated 743 bytes in 58 msecs (HTTP/1.1 200) 4 headers in 157 bytes (1 switches on core 0) [pid: 8|app: 0|req: 1310/2550] 199.19.213.166 () {34 vars in 1050 bytes} [Wed Jul 15 15:50:44 2026] GET /v2.0/security-groups?fields=id&fields=name&tenant_id=cac11b7e01424369a8378965961ac6ee => generated 178 bytes in 31 msecs (HTTP/1.1 200) 4 headers in 157 bytes (1 switches on core 0) [pid: 7|app: 0|req: 1241/2551] 10.0.0.232 () {34 vars in 665 bytes} [Wed Jul 15 15:50:44 2026] POST /v2.0/ports => generated 950 bytes in 501 msecs (HTTP/1.1 201) 4 headers in 162 bytes (1 switches on core 0) /var/lib/openstack/lib/python3.12/site-packages/pycadf/identifier.py:70: UserWarning: Invalid uuid: neutron. To ensure interoperability, identifiers should be a valid uuid. warnings.warn(('Invalid uuid: %s. To ensure interoperability, '
2026-07-15 15:50:45.050 7 INFO neutron_taas.services.taas.taas_plugin [None req-a9906378-1ab8-4262-9cae-ccf7b60e7a16 8e14c577ac8742b890f81ca1d46026b8 d6aa130590cd473188a8e175b1c2a304 - - default default] TaaS: Handle Delete Port: d413d963-391e-448b-8e07-304d1ce76295
2026-07-15 15:50:45.053 7 INFO neutron_taas.services.taas.tap_mirror_plugin [None req-a9906378-1ab8-4262-9cae-ccf7b60e7a16 8e14c577ac8742b890f81ca1d46026b8 d6aa130590cd473188a8e175b1c2a304 - - default default] Tap Mirror: Handle Delete Port: d413d963-391e-448b-8e07-304d1ce76295 [pid: 7|app: 0|req: 1242/2552] 10.0.0.232 () {32 vars in 720 bytes} [Wed Jul 15 15:50:44 2026] DELETE /v2.0/ports/d413d963-391e-448b-8e07-304d1ce76295 => generated 0 bytes in 296 msecs (HTTP/1.1 204) 3 headers in 131 bytes (1 switches on core 0)
2026-07-15 15:50:45.231 8 WARNING neutron.scheduler.dhcp_agent_scheduler [req-7cc89327-86a4-47cd-a9e6-82943afb16a2 req-79389f7b-d767-41d8-a032-c795c6e7c601 1bf60bf708a149eba53b55a011300cb0 cac11b7e01424369a8378965961ac6ee - - default default] No more DHCP agents
2026-07-15 15:50:45.232 8 WARNING neutron.api.rpc.agentnotifiers.dhcp_rpc_agent_api [req-7cc89327-86a4-47cd-a9e6-82943afb16a2 req-79389f7b-d767-41d8-a032-c795c6e7c601 1bf60bf708a149eba53b55a011300cb0 cac11b7e01424369a8378965961ac6ee - - default default] Unable to schedule network 66f2d844-be4b-4306-a913-f40db0991dff: no agents available; will retry on subsequent port and subnet creation events.
2026-07-15 15:50:45.247 7 INFO neutron.pecan_wsgi.hooks.translation [None req-a870a89e-0bb6-4053-8a0e-b0217e08e797 8e14c577ac8742b890f81ca1d46026b8 d6aa130590cd473188a8e175b1c2a304 - - default default] DELETE failed (client error): The resource could not be found. [pid: 7|app: 0|req: 1243/2553] 10.0.0.232 () {32 vars in 720 bytes} [Wed Jul 15 15:50:45 2026] DELETE /v2.0/ports/d413d963-391e-448b-8e07-304d1ce76295 => generated 132 bytes in 16 msecs (HTTP/1.1 404) 4 headers in 164 bytes (1 switches on core 0)
2026-07-15 15:50:45.266 7 INFO neutron.pecan_wsgi.hooks.translation [None req-11a0d6c2-89af-4839-8eda-1ff5f216e2a7 8e14c577ac8742b890f81ca1d46026b8 d6aa130590cd473188a8e175b1c2a304 - - default default] GET failed (client error): The resource could not be found. [pid: 7|app: 0|req: 1244/2554] 10.0.0.232 () {32 vars in 717 bytes} [Wed Jul 15 15:50:45 2026] GET /v2.0/ports/d413d963-391e-448b-8e07-304d1ce76295 => generated 132 bytes in 13 msecs (HTTP/1.1 404) 4 headers in 164 bytes (1 switches on core 0)
2026-07-15 15:50:45.342 7 INFO neutron.plugins.ml2.drivers.ovn.mech_driver.mech_driver [None req-860accd8-fc9d-4b04-8730-b8689d009a78 - - - - - -] OVN reports status down for port: 93c8a288-d2a3-4945-ba28-f058b4359e34
2026-07-15 15:50:45.367 8 INFO neutron.db.ovn_revision_numbers_db [req-7cc89327-86a4-47cd-a9e6-82943afb16a2 req-79389f7b-d767-41d8-a032-c795c6e7c601 1bf60bf708a149eba53b55a011300cb0 cac11b7e01424369a8378965961ac6ee - - default default] Successfully bumped revision number for resource 93c8a288-d2a3-4945-ba28-f058b4359e34 (type: ports) to 1 [pid: 8|app: 0|req: 1311/2555] 199.19.213.166 () {38 vars in 955 bytes} [Wed Jul 15 15:50:44 2026] POST /v2.0/ports => generated 1187 bytes in 537 msecs (HTTP/1.1 201) 4 headers in 163 bytes (1 switches on core 0) /var/lib/openstack/lib/python3.12/site-packages/pycadf/identifier.py:70: UserWarning: Invalid uuid: neutron. To ensure interoperability, identifiers should be a valid uuid. warnings.warn(('Invalid uuid: %s. To ensure interoperability, ' [pid: 7|app: 0|req: 1245/2556] 10.0.0.232 () {32 vars in 724 bytes} [Wed Jul 15 15:50:45 2026] DELETE /v2.0/subnets/70885e53-aa6b-4035-bd7d-4b12e667ad84 => generated 0 bytes in 211 msecs (HTTP/1.1 204) 3 headers in 131 bytes (1 switches on core 0)
2026-07-15 15:50:45.676 7 INFO neutron_taas.services.taas.taas_plugin [None req-07ea8097-6675-4017-9aca-a27ad8990a79 8e14c577ac8742b890f81ca1d46026b8 d6aa130590cd473188a8e175b1c2a304 - - default default] TaaS: Handle Delete Port: 8ba7e153-9f62-47dc-9588-f68d2c21bb2f
2026-07-15 15:50:45.678 7 INFO neutron_taas.services.taas.tap_mirror_plugin [None req-07ea8097-6675-4017-9aca-a27ad8990a79 8e14c577ac8742b890f81ca1d46026b8 d6aa130590cd473188a8e175b1c2a304 - - default default] Tap Mirror: Handle Delete Port: 8ba7e153-9f62-47dc-9588-f68d2c21bb2f
2026-07-15 15:50:45.902 7 INFO neutron.services.segments.plugin [-] Segment b2d1f8ff-6a75-4f71-9ffa-4d1c5e2c73d3 resource provider aggregate not found
2026-07-15 15:50:45.905 7 INFO neutron.services.segments.plugin [-] Segment b2d1f8ff-6a75-4f71-9ffa-4d1c5e2c73d3 resource provider aggregate not found
2026-07-15 15:50:45.923 7 INFO neutron.services.segments.plugin [-] Client error retrieving segment b2d1f8ff-6a75-4f71-9ffa-4d1c5e2c73d3 resource provider; error: Placement Client Error (4xx): {"errors": [{"status": 404, "title": "Not Found", "detail": "The resource could not be found.\n\n No resource provider with uuid b2d1f8ff-6a75-4f71-9ffa-4d1c5e2c73d3 found for delete ", "request_id": "req-e2f2bc0e-35d1-4d4d-a8a1-5c0eae42cd60"}]}
2026-07-15 15:50:45.923 7 INFO neutron.services.segments.plugin [-] Client error retrieving segment b2d1f8ff-6a75-4f71-9ffa-4d1c5e2c73d3 resource provider; error: Placement Client Error (4xx): {"errors": [{"status": 404, "title": "Not Found", "detail": "The resource could not be found.\n\n No resource provider with uuid b2d1f8ff-6a75-4f71-9ffa-4d1c5e2c73d3 found for delete ", "request_id": "req-625ffe55-582e-4c52-9e85-5a7bd992b3ea"}]}
2026-07-15 15:50:45.942 8 INFO neutron.db.ovn_revision_numbers_db [req-7cc89327-86a4-47cd-a9e6-82943afb16a2 req-73ef03d6-bd0b-4991-a84b-d5139953db11 838ceec49bb74ba8b32cf9b150e66ca7 3a2d1381f1ad4d18941e532388004cf1 - - bfeffa652fef4cd0a5fa1bc171a59720 bfeffa652fef4cd0a5fa1bc171a59720] Successfully bumped revision number for resource 93c8a288-d2a3-4945-ba28-f058b4359e34 (type: ports) to 2 [pid: 7|app: 0|req: 1246/2557] 10.0.0.232 () {32 vars in 726 bytes} [Wed Jul 15 15:50:45 2026] DELETE /v2.0/networks/895f2dd5-2d75-4ca9-b754-e57693ac73fb => generated 0 bytes in 470 msecs (HTTP/1.1 204) 3 headers in 131 bytes (1 switches on core 0) [pid: 7|app: 0|req: 1247/2558] 10.0.0.223 () {34 vars in 990 bytes} [Wed Jul 15 15:50:45 2026] GET /v2.0/ports?device_id=a8dab54c-1980-44fb-b024-121e2f0c2909 => generated 1202 bytes in 89 msecs (HTTP/1.1 200) 4 headers in 158 bytes (1 switches on core 0)
2026-07-15 15:50:46.138 7 INFO neutron.db.segments_db [None req-742b7819-85f1-4e59-8459-9e0a2a87b2f4 8e14c577ac8742b890f81ca1d46026b8 d6aa130590cd473188a8e175b1c2a304 - - default default] Added segment 29181453-1602-4ddc-84aa-0d81d7136819 of type geneve for network 6854078f-ba31-41f0-9728-868cd1ca445b
2026-07-15 15:50:46.189 8 INFO neutron.db.ovn_revision_numbers_db [req-7cc89327-86a4-47cd-a9e6-82943afb16a2 req-73ef03d6-bd0b-4991-a84b-d5139953db11 838ceec49bb74ba8b32cf9b150e66ca7 3a2d1381f1ad4d18941e532388004cf1 - - bfeffa652fef4cd0a5fa1bc171a59720 bfeffa652fef4cd0a5fa1bc171a59720] Successfully bumped revision number for resource 93c8a288-d2a3-4945-ba28-f058b4359e34 (type: ports) to 4 [pid: 8|app: 0|req: 1312/2559] 199.19.213.166 () {38 vars in 1028 bytes} [Wed Jul 15 15:50:45 2026] PUT /v2.0/ports/93c8a288-d2a3-4945-ba28-f058b4359e34 => generated 1437 bytes in 784 msecs (HTTP/1.1 200) 4 headers in 158 bytes (1 switches on core 0) /var/lib/openstack/lib/python3.12/site-packages/pycadf/identifier.py:70: UserWarning: Invalid uuid: neutron. To ensure interoperability, identifiers should be a valid uuid. warnings.warn(('Invalid uuid: %s. To ensure interoperability, '
2026-07-15 15:50:46.257 7 INFO neutron.db.ovn_revision_numbers_db [None req-742b7819-85f1-4e59-8459-9e0a2a87b2f4 8e14c577ac8742b890f81ca1d46026b8 d6aa130590cd473188a8e175b1c2a304 - - default default] Successfully bumped revision number for resource 6854078f-ba31-41f0-9728-868cd1ca445b (type: networks) to 1 [pid: 8|app: 0|req: 1313/2560] 10.0.0.223 () {34 vars in 1040 bytes} [Wed Jul 15 15:50:46 2026] GET /v2.0/security-groups?id=12eb7a6e-8898-4004-8a44-1d23f579db2d&fields=id&fields=name => generated 111 bytes in 39 msecs (HTTP/1.1 200) 4 headers in 157 bytes (1 switches on core 0)
2026-07-15 15:50:46.271 8 INFO neutron.notifiers.nova [-] Nova event matching ['req-212d5ba0-0ff2-436d-9c17-12750a52b79b'] response: {'name': 'network-changed', 'server_uuid': 'a8dab54c-1980-44fb-b024-121e2f0c2909', 'tag': '93c8a288-d2a3-4945-ba28-f058b4359e34', 'status': 'completed', 'code': 200}
2026-07-15 15:50:46.429 7 WARNING neutron.scheduler.dhcp_agent_scheduler [None req-742b7819-85f1-4e59-8459-9e0a2a87b2f4 8e14c577ac8742b890f81ca1d46026b8 d6aa130590cd473188a8e175b1c2a304 - - default default] No more DHCP agents
2026-07-15 15:50:46.439 7 WARNING neutron.api.rpc.agentnotifiers.dhcp_rpc_agent_api [None req-742b7819-85f1-4e59-8459-9e0a2a87b2f4 8e14c577ac8742b890f81ca1d46026b8 d6aa130590cd473188a8e175b1c2a304 - - default default] Unable to schedule network 6854078f-ba31-41f0-9728-868cd1ca445b: no agents available; will retry on subsequent port and subnet creation events.
2026-07-15 15:50:46.481 8 INFO neutron.plugins.ml2.drivers.ovn.mech_driver.mech_driver [None req-2c9a4f9d-1255-4888-9b8e-c5f9cff47beb - - - - - -] OVN reports status down for port: 72dead86-4f1a-49fb-9009-19b3f5217187
2026-07-15 15:50:46.516 7 INFO neutron.db.ovn_revision_numbers_db [None req-742b7819-85f1-4e59-8459-9e0a2a87b2f4 8e14c577ac8742b890f81ca1d46026b8 d6aa130590cd473188a8e175b1c2a304 - - default default] Successfully bumped revision number for resource 72dead86-4f1a-49fb-9009-19b3f5217187 (type: ports) to 1 [pid: 7|app: 0|req: 1248/2561] 10.0.0.232 () {34 vars in 670 bytes} [Wed Jul 15 15:50:46 2026] POST /v2.0/networks => generated 670 bytes in 496 msecs (HTTP/1.1 201) 4 headers in 162 bytes (1 switches on core 0)
2026-07-15 15:50:46.721 8 WARNING neutron.scheduler.dhcp_agent_scheduler [None req-ad910292-9598-4428-9aea-58144daa44c8 8e14c577ac8742b890f81ca1d46026b8 d6aa130590cd473188a8e175b1c2a304 - - default default] No more DHCP agents
2026-07-15 15:50:46.722 8 WARNING neutron.api.rpc.agentnotifiers.dhcp_rpc_agent_api [None req-ad910292-9598-4428-9aea-58144daa44c8 8e14c577ac8742b890f81ca1d46026b8 d6aa130590cd473188a8e175b1c2a304 - - default default] Unable to schedule network 6854078f-ba31-41f0-9728-868cd1ca445b: no agents available; will retry on subsequent port and subnet creation events. [pid: 7|app: 0|req: 1249/2562] 199.19.213.166 () {34 vars in 1080 bytes} [Wed Jul 15 15:50:46 2026] GET /v2.0/ports?tenant_id=cac11b7e01424369a8378965961ac6ee&device_id=a8dab54c-1980-44fb-b024-121e2f0c2909 => generated 1440 bytes in 34 msecs (HTTP/1.1 200) 4 headers in 158 bytes (1 switches on core 0) [pid: 7|app: 0|req: 1250/2563] 199.19.213.166 () {34 vars in 1018 bytes} [Wed Jul 15 15:50:46 2026] GET /v2.0/networks?tenant_id=cac11b7e01424369a8378965961ac6ee&shared=False => generated 2499 bytes in 54 msecs (HTTP/1.1 200) 4 headers in 158 bytes (1 switches on core 0) [pid: 7|app: 0|req: 1251/2564] 199.19.213.166 () {34 vars in 930 bytes} [Wed Jul 15 15:50:46 2026] GET /v2.0/networks?shared=True => generated 791 bytes in 45 msecs (HTTP/1.1 200) 4 headers in 157 bytes (1 switches on core 0)
2026-07-15 15:50:47.056 8 INFO neutron.db.ovn_revision_numbers_db [None req-8798602b-b4e4-4daf-afd0-c7e682ca47c6 - - - - - -] Successfully bumped revision number for resource 72dead86-4f1a-49fb-9009-19b3f5217187 (type: ports) to 2
2026-07-15 15:50:47.086 8 INFO neutron.db.ovn_revision_numbers_db [None req-8798602b-b4e4-4daf-afd0-c7e682ca47c6 - - - - - -] Successfully bumped revision number for resource cfa19fcc-d95f-4df0-b95e-99c29492cc87 (type: subnets) to 0 [pid: 8|app: 0|req: 1314/2565] 10.0.0.232 () {34 vars in 669 bytes} [Wed Jul 15 15:50:46 2026] POST /v2.0/subnets => generated 626 bytes in 555 msecs (HTTP/1.1 201) 4 headers in 162 bytes (1 switches on core 0)
2026-07-15 15:50:47.371 7 WARNING neutron.scheduler.dhcp_agent_scheduler [None req-00c53292-8c4e-4fcc-a9bd-e22228c53c8b 8e14c577ac8742b890f81ca1d46026b8 d6aa130590cd473188a8e175b1c2a304 - - default default] No more DHCP agents
2026-07-15 15:50:47.372 7 WARNING neutron.api.rpc.agentnotifiers.dhcp_rpc_agent_api [None req-00c53292-8c4e-4fcc-a9bd-e22228c53c8b 8e14c577ac8742b890f81ca1d46026b8 d6aa130590cd473188a8e175b1c2a304 - - default default] Unable to schedule network 6854078f-ba31-41f0-9728-868cd1ca445b: no agents available; will retry on subsequent port and subnet creation events.
2026-07-15 15:50:47.472 7 INFO neutron.plugins.ml2.drivers.ovn.mech_driver.mech_driver [None req-860accd8-fc9d-4b04-8730-b8689d009a78 - - - - - -] OVN reports status down for port: 47ad65ef-b985-4580-8c22-12fb051f7130
2026-07-15 15:50:47.526 7 INFO neutron.db.ovn_revision_numbers_db [None req-00c53292-8c4e-4fcc-a9bd-e22228c53c8b 8e14c577ac8742b890f81ca1d46026b8 d6aa130590cd473188a8e175b1c2a304 - - default default] Successfully bumped revision number for resource 47ad65ef-b985-4580-8c22-12fb051f7130 (type: ports) to 1 [pid: 7|app: 0|req: 1252/2566] 10.0.0.232 () {34 vars in 665 bytes} [Wed Jul 15 15:50:47 2026] POST /v2.0/ports => generated 912 bytes in 510 msecs (HTTP/1.1 201) 4 headers in 162 bytes (1 switches on core 0)
2026-07-15 15:50:47.686 8 INFO neutron.db.ovn_revision_numbers_db [None req-9f63721d-bd26-470f-8d59-deff7de81fd4 968d334567ec4baf8d00b8b8ff334d4d f5a9dc16c463498e8ce707b0dea9fefe - - default default] Successfully bumped revision number for resource 6dcdcf1e-58d9-4885-a504-ed5f71efef08 (type: security_groups) to 1
2026-07-15 15:50:47.698 8 INFO neutron.db.ovn_revision_numbers_db [None req-9f63721d-bd26-470f-8d59-deff7de81fd4 968d334567ec4baf8d00b8b8ff334d4d f5a9dc16c463498e8ce707b0dea9fefe - - default default] Successfully bumped revision number for resource 4d34f69f-411d-4754-b1fd-e59a56f59efd (type: security_group_rules) to 0
2026-07-15 15:50:47.711 8 INFO neutron.db.ovn_revision_numbers_db [None req-9f63721d-bd26-470f-8d59-deff7de81fd4 968d334567ec4baf8d00b8b8ff334d4d f5a9dc16c463498e8ce707b0dea9fefe - - default default] Successfully bumped revision number for resource 8e78fb02-d953-40b3-be85-56ab512cf601 (type: security_group_rules) to 0
2026-07-15 15:50:47.722 8 INFO neutron.db.ovn_revision_numbers_db [None req-9f63721d-bd26-470f-8d59-deff7de81fd4 968d334567ec4baf8d00b8b8ff334d4d f5a9dc16c463498e8ce707b0dea9fefe - - default default] Successfully bumped revision number for resource bdb187fa-a8ce-4f3e-83c2-0fe03fbb78e2 (type: security_group_rules) to 0
2026-07-15 15:50:47.732 8 INFO neutron.db.ovn_revision_numbers_db [None req-9f63721d-bd26-470f-8d59-deff7de81fd4 968d334567ec4baf8d00b8b8ff334d4d f5a9dc16c463498e8ce707b0dea9fefe - - default default] Successfully bumped revision number for resource d72637c2-a899-49e6-9658-25105bc2f01e (type: security_group_rules) to 0
2026-07-15 15:50:47.757 7 INFO neutron_taas.services.taas.taas_plugin [None req-d365b79c-7b0f-429d-9316-cd7e42725fff 8e14c577ac8742b890f81ca1d46026b8 d6aa130590cd473188a8e175b1c2a304 - - default default] TaaS: Handle Delete Port: 47ad65ef-b985-4580-8c22-12fb051f7130
2026-07-15 15:50:47.761 7 INFO neutron_taas.services.taas.tap_mirror_plugin [None req-d365b79c-7b0f-429d-9316-cd7e42725fff 8e14c577ac8742b890f81ca1d46026b8 d6aa130590cd473188a8e175b1c2a304 - - default default] Tap Mirror: Handle Delete Port: 47ad65ef-b985-4580-8c22-12fb051f7130
2026-07-15 15:50:47.806 8 INFO neutron.db.segments_db [None req-9f63721d-bd26-470f-8d59-deff7de81fd4 968d334567ec4baf8d00b8b8ff334d4d f5a9dc16c463498e8ce707b0dea9fefe - - default default] Added segment 70ce021a-0ac2-43bb-ba5b-9259b9babcd2 of type geneve for network cf238c6a-1cf9-44d4-80e5-675a6c0ad3cd [pid: 7|app: 0|req: 1253/2567] 10.0.0.232 () {32 vars in 720 bytes} [Wed Jul 15 15:50:47 2026] DELETE /v2.0/ports/47ad65ef-b985-4580-8c22-12fb051f7130 => generated 0 bytes in 277 msecs (HTTP/1.1 204) 3 headers in 131 bytes (1 switches on core 0)
2026-07-15 15:50:47.906 8 INFO neutron.db.ovn_revision_numbers_db [None req-9f63721d-bd26-470f-8d59-deff7de81fd4 968d334567ec4baf8d00b8b8ff334d4d f5a9dc16c463498e8ce707b0dea9fefe - - default default] Successfully bumped revision number for resource cf238c6a-1cf9-44d4-80e5-675a6c0ad3cd (type: networks) to 1
2026-07-15 15:50:47.929 7 INFO neutron.pecan_wsgi.hooks.translation [None req-49a614d2-fa6d-45ce-ae83-5e3537d70f46 8e14c577ac8742b890f81ca1d46026b8 d6aa130590cd473188a8e175b1c2a304 - - default default] GET failed (client error): The resource could not be found. [pid: 7|app: 0|req: 1254/2568] 10.0.0.232 () {32 vars in 717 bytes} [Wed Jul 15 15:50:47 2026] GET /v2.0/ports/47ad65ef-b985-4580-8c22-12fb051f7130 => generated 132 bytes in 24 msecs (HTTP/1.1 404) 4 headers in 164 bytes (1 switches on core 0)
2026-07-15 15:50:48.069 8 WARNING neutron.scheduler.dhcp_agent_scheduler [None req-9f63721d-bd26-470f-8d59-deff7de81fd4 968d334567ec4baf8d00b8b8ff334d4d f5a9dc16c463498e8ce707b0dea9fefe - - default default] No more DHCP agents
2026-07-15 15:50:48.070 8 WARNING neutron.api.rpc.agentnotifiers.dhcp_rpc_agent_api [None req-9f63721d-bd26-470f-8d59-deff7de81fd4 968d334567ec4baf8d00b8b8ff334d4d f5a9dc16c463498e8ce707b0dea9fefe - - default default] Unable to schedule network cf238c6a-1cf9-44d4-80e5-675a6c0ad3cd: no agents available; will retry on subsequent port and subnet creation events. [pid: 7|app: 0|req: 1255/2569] 10.0.0.232 () {32 vars in 724 bytes} [Wed Jul 15 15:50:47 2026] DELETE /v2.0/subnets/cfa19fcc-d95f-4df0-b95e-99c29492cc87 => generated 0 bytes in 145 msecs (HTTP/1.1 204) 3 headers in 131 bytes (1 switches on core 0)
2026-07-15 15:50:48.115 7 INFO neutron.plugins.ml2.drivers.ovn.mech_driver.mech_driver [None req-860accd8-fc9d-4b04-8730-b8689d009a78 - - - - - -] OVN reports status down for port: cd7d6537-6a8f-4425-a559-07bf186e3926 [pid: 7|app: 0|req: 1256/2570] 199.19.213.166 () {34 vars in 1080 bytes} [Wed Jul 15 15:50:48 2026] GET /v2.0/ports?tenant_id=cac11b7e01424369a8378965961ac6ee&device_id=a8dab54c-1980-44fb-b024-121e2f0c2909 => generated 1440 bytes in 64 msecs (HTTP/1.1 200) 4 headers in 158 bytes (1 switches on core 0)
2026-07-15 15:50:48.152 8 INFO neutron.db.ovn_revision_numbers_db [None req-9f63721d-bd26-470f-8d59-deff7de81fd4 968d334567ec4baf8d00b8b8ff334d4d f5a9dc16c463498e8ce707b0dea9fefe - - default default] Successfully bumped revision number for resource cd7d6537-6a8f-4425-a559-07bf186e3926 (type: ports) to 1 [pid: 8|app: 0|req: 1315/2571] 10.0.0.232 () {34 vars in 670 bytes} [Wed Jul 15 15:50:47 2026] POST /v2.0/networks => generated 668 bytes in 793 msecs (HTTP/1.1 201) 4 headers in 162 bytes (1 switches on core 0) [pid: 8|app: 0|req: 1316/2572] 199.19.213.166 () {34 vars in 1058 bytes} [Wed Jul 15 15:50:48 2026] GET /v2.0/floatingips?fixed_ip_address=10.2.2.180&port_id=93c8a288-d2a3-4945-ba28-f058b4359e34 => generated 19 bytes in 21 msecs (HTTP/1.1 200) 4 headers in 156 bytes (1 switches on core 0)
2026-07-15 15:50:48.283 8 INFO neutron.db.segments_db [None req-837fa411-0bc5-480d-88bc-afddd577f602 968d334567ec4baf8d00b8b8ff334d4d f5a9dc16c463498e8ce707b0dea9fefe - - default default] Added segment be44987b-8808-4c0f-9425-c9b9e01c33be of type geneve for network 6badd869-152f-41c2-a50e-bb3fbe44686d
2026-07-15 15:50:48.285 7 INFO neutron_taas.services.taas.taas_plugin [None req-074a1364-5d15-4ebd-95ab-65c8db923841 8e14c577ac8742b890f81ca1d46026b8 d6aa130590cd473188a8e175b1c2a304 - - default default] TaaS: Handle Delete Port: 72dead86-4f1a-49fb-9009-19b3f5217187
2026-07-15 15:50:48.287 7 INFO neutron_taas.services.taas.tap_mirror_plugin [None req-074a1364-5d15-4ebd-95ab-65c8db923841 8e14c577ac8742b890f81ca1d46026b8 d6aa130590cd473188a8e175b1c2a304 - - default default] Tap Mirror: Handle Delete Port: 72dead86-4f1a-49fb-9009-19b3f5217187
2026-07-15 15:50:48.390 8 INFO neutron.db.ovn_revision_numbers_db [None req-837fa411-0bc5-480d-88bc-afddd577f602 968d334567ec4baf8d00b8b8ff334d4d f5a9dc16c463498e8ce707b0dea9fefe - - default default] Successfully bumped revision number for resource 6badd869-152f-41c2-a50e-bb3fbe44686d (type: networks) to 1
2026-07-15 15:50:48.452 7 INFO neutron.services.segments.plugin [-] Segment 29181453-1602-4ddc-84aa-0d81d7136819 resource provider aggregate not found
2026-07-15 15:50:48.460 7 INFO neutron.services.segments.plugin [-] Segment 29181453-1602-4ddc-84aa-0d81d7136819 resource provider aggregate not found
2026-07-15 15:50:48.475 7 INFO neutron.services.segments.plugin [-] Client error retrieving segment 29181453-1602-4ddc-84aa-0d81d7136819 resource provider; error: Placement Client Error (4xx): {"errors": [{"status": 404, "title": "Not Found", "detail": "The resource could not be found.\n\n No resource provider with uuid 29181453-1602-4ddc-84aa-0d81d7136819 found for delete ", "request_id": "req-34b8516c-5d40-44fd-a777-cf04c7f97e6a"}]}
2026-07-15 15:50:48.481 7 INFO neutron.services.segments.plugin [-] Client error retrieving segment 29181453-1602-4ddc-84aa-0d81d7136819 resource provider; error: Placement Client Error (4xx): {"errors": [{"status": 404, "title": "Not Found", "detail": "The resource could not be found.\n\n No resource provider with uuid 29181453-1602-4ddc-84aa-0d81d7136819 found for delete ", "request_id": "req-c9ab2ff0-03dc-4a75-8366-866f05c76990"}]} [pid: 7|app: 0|req: 1257/2573] 10.0.0.232 () {32 vars in 726 bytes} [Wed Jul 15 15:50:48 2026] DELETE /v2.0/networks/6854078f-ba31-41f0-9728-868cd1ca445b => generated 0 bytes in 352 msecs (HTTP/1.1 204) 3 headers in 131 bytes (1 switches on core 0) [pid: 7|app: 0|req: 1258/2574] 199.19.213.166 () {34 vars in 1106 bytes} [Wed Jul 15 15:50:48 2026] GET /v2.0/floatingips?fixed_ip_address=fd77%3A1457%3A4cf0%3A26a8%3A%3A129&port_id=93c8a288-d2a3-4945-ba28-f058b4359e34 => generated 19 bytes in 19 msecs (HTTP/1.1 200) 4 headers in 156 bytes (1 switches on core 0) [pid: 7|app: 0|req: 1259/2575] 10.0.0.244 () {34 vars in 990 bytes} [Wed Jul 15 15:50:48 2026] GET /v2.0/ports?device_id=b4abdbb1-187e-40f4-9397-817c4565eca6 => generated 1434 bytes in 26 msecs (HTTP/1.1 200) 4 headers in 158 bytes (1 switches on core 0)
2026-07-15 15:50:48.558 8 WARNING neutron.scheduler.dhcp_agent_scheduler [None req-837fa411-0bc5-480d-88bc-afddd577f602 968d334567ec4baf8d00b8b8ff334d4d f5a9dc16c463498e8ce707b0dea9fefe - - default default] No more DHCP agents
2026-07-15 15:50:48.561 8 WARNING neutron.api.rpc.agentnotifiers.dhcp_rpc_agent_api [None req-837fa411-0bc5-480d-88bc-afddd577f602 968d334567ec4baf8d00b8b8ff334d4d f5a9dc16c463498e8ce707b0dea9fefe - - default default] Unable to schedule network 6badd869-152f-41c2-a50e-bb3fbe44686d: no agents available; will retry on subsequent port and subnet creation events.
2026-07-15 15:50:48.604 7 INFO neutron.plugins.ml2.drivers.ovn.mech_driver.mech_driver [None req-860accd8-fc9d-4b04-8730-b8689d009a78 - - - - - -] OVN reports status down for port: 809a3dc4-a990-4a7f-ab79-06f49dc1416a
2026-07-15 15:50:48.626 8 INFO neutron.db.ovn_revision_numbers_db [None req-837fa411-0bc5-480d-88bc-afddd577f602 968d334567ec4baf8d00b8b8ff334d4d f5a9dc16c463498e8ce707b0dea9fefe - - default default] Successfully bumped revision number for resource 809a3dc4-a990-4a7f-ab79-06f49dc1416a (type: ports) to 1 [pid: 8|app: 0|req: 1317/2576] 10.0.0.232 () {34 vars in 670 bytes} [Wed Jul 15 15:50:48 2026] POST /v2.0/networks => generated 670 bytes in 442 msecs (HTTP/1.1 201) 4 headers in 162 bytes (1 switches on core 0) [pid: 8|app: 0|req: 1318/2577] 199.19.213.166 () {34 vars in 1064 bytes} [Wed Jul 15 15:50:48 2026] GET /v2.0/subnets?id=00e64ab8-1108-42a5-848a-f151f8d7d9d5&id=df6d2bd1-f555-476a-bcb1-00a410f6a2a8 => generated 1415 bytes in 28 msecs (HTTP/1.1 200) 4 headers in 158 bytes (1 switches on core 0) [pid: 8|app: 0|req: 1319/2578] 10.0.0.244 () {34 vars in 1040 bytes} [Wed Jul 15 15:50:48 2026] GET /v2.0/security-groups?id=12eb7a6e-8898-4004-8a44-1d23f579db2d&fields=id&fields=name => generated 111 bytes in 23 msecs (HTTP/1.1 200) 4 headers in 157 bytes (1 switches on core 0) [pid: 8|app: 0|req: 1320/2579] 10.0.0.232 () {34 vars in 753 bytes} [Wed Jul 15 15:50:48 2026] PUT /v2.0/networks/cf238c6a-1cf9-44d4-80e5-675a6c0ad3cd/tags => generated 25 bytes in 53 msecs (HTTP/1.1 200) 4 headers in 156 bytes (1 switches on core 0) [pid: 8|app: 0|req: 1321/2580] 199.19.213.166 () {34 vars in 1052 bytes} [Wed Jul 15 15:50:48 2026] GET /v2.0/ports?network_id=66f2d844-be4b-4306-a913-f40db0991dff&device_owner=network%3Adhcp => generated 12 bytes in 18 msecs (HTTP/1.1 200) 4 headers in 156 bytes (1 switches on core 0)
2026-07-15 15:50:48.791 7 WARNING neutron.scheduler.dhcp_agent_scheduler [None req-4cd2ef75-f0a0-4c71-a58a-59b862b92192 8e14c577ac8742b890f81ca1d46026b8 d6aa130590cd473188a8e175b1c2a304 - - default default] No more DHCP agents
2026-07-15 15:50:48.793 7 WARNING neutron.api.rpc.agentnotifiers.dhcp_rpc_agent_api [None req-4cd2ef75-f0a0-4c71-a58a-59b862b92192 8e14c577ac8742b890f81ca1d46026b8 d6aa130590cd473188a8e175b1c2a304 - - default default] Unable to schedule network 77aa4d02-ccee-471f-9890-97c4b55ca6db: no agents available; will retry on subsequent port and subnet creation events. [pid: 8|app: 0|req: 1322/2581] 10.0.0.232 () {32 vars in 733 bytes} [Wed Jul 15 15:50:48 2026] GET /v2.0/networks/cf238c6a-1cf9-44d4-80e5-675a6c0ad3cd/tags => generated 25 bytes in 39 msecs (HTTP/1.1 200) 4 headers in 156 bytes (1 switches on core 0)
2026-07-15 15:50:48.841 8 INFO neutron.plugins.ml2.drivers.ovn.mech_driver.mech_driver [None req-2c9a4f9d-1255-4888-9b8e-c5f9cff47beb - - - - - -] OVN reports status down for port: 50fd1f55-7028-46d7-ba4b-043cf9ac4bf0 [pid: 8|app: 0|req: 1323/2582] 199.19.213.166 () {34 vars in 1052 bytes} [Wed Jul 15 15:50:48 2026] GET /v2.0/ports?network_id=66f2d844-be4b-4306-a913-f40db0991dff&device_owner=network%3Adhcp => generated 12 bytes in 32 msecs (HTTP/1.1 200) 4 headers in 156 bytes (1 switches on core 0)
2026-07-15 15:50:48.865 7 INFO neutron.db.ovn_revision_numbers_db [None req-4cd2ef75-f0a0-4c71-a58a-59b862b92192 8e14c577ac8742b890f81ca1d46026b8 d6aa130590cd473188a8e175b1c2a304 - - default default] Successfully bumped revision number for resource 50fd1f55-7028-46d7-ba4b-043cf9ac4bf0 (type: ports) to 1 [pid: 7|app: 0|req: 1260/2583] 10.0.0.232 () {34 vars in 665 bytes} [Wed Jul 15 15:50:48 2026] POST /v2.0/ports => generated 775 bytes in 370 msecs (HTTP/1.1 201) 4 headers in 162 bytes (1 switches on core 0) /var/lib/openstack/lib/python3.12/site-packages/pycadf/identifier.py:70: UserWarning: Invalid uuid: neutron. To ensure interoperability, identifiers should be a valid uuid. warnings.warn(('Invalid uuid: %s. To ensure interoperability, ' [pid: 8|app: 0|req: 1324/2584] 10.0.0.232 () {34 vars in 753 bytes} [Wed Jul 15 15:50:48 2026] PUT /v2.0/networks/6badd869-152f-41c2-a50e-bb3fbe44686d/tags => generated 17 bytes in 94 msecs (HTTP/1.1 200) 4 headers in 156 bytes (1 switches on core 0) [pid: 7|app: 0|req: 1261/2585] 199.19.213.166 () {34 vars in 1012 bytes} [Wed Jul 15 15:50:48 2026] GET /v2.0/networks/66f2d844-be4b-4306-a913-f40db0991dff?fields=segments => generated 14 bytes in 36 msecs (HTTP/1.1 200) 4 headers in 156 bytes (1 switches on core 0) [pid: 7|app: 0|req: 1262/2586] 10.0.0.232 () {32 vars in 733 bytes} [Wed Jul 15 15:50:48 2026] GET /v2.0/networks/6badd869-152f-41c2-a50e-bb3fbe44686d/tags => generated 17 bytes in 41 msecs (HTTP/1.1 200) 4 headers in 156 bytes (1 switches on core 0) [pid: 7|app: 0|req: 1263/2587] 199.19.213.166 () {34 vars in 1112 bytes} [Wed Jul 15 15:50:48 2026] GET /v2.0/networks/66f2d844-be4b-4306-a913-f40db0991dff?fields=provider%3Aphysical_network&fields=provider%3Anetwork_type => generated 79 bytes in 47 msecs (HTTP/1.1 200) 4 headers in 156 bytes (1 switches on core 0) [pid: 7|app: 0|req: 1264/2588] 10.0.0.232 () {34 vars in 753 bytes} [Wed Jul 15 15:50:49 2026] PUT /v2.0/networks/6badd869-152f-41c2-a50e-bb3fbe44686d/tags => generated 12 bytes in 60 msecs (HTTP/1.1 200) 4 headers in 156 bytes (1 switches on core 0) [pid: 7|app: 0|req: 1265/2589] 10.0.0.232 () {32 vars in 733 bytes} [Wed Jul 15 15:50:49 2026] GET /v2.0/networks/6badd869-152f-41c2-a50e-bb3fbe44686d/tags => generated 12 bytes in 34 msecs (HTTP/1.1 200) 4 headers in 156 bytes (1 switches on core 0)
2026-07-15 15:50:49.185 8 INFO neutron.plugins.ml2.drivers.ovn.mech_driver.mech_driver [None req-2c9a4f9d-1255-4888-9b8e-c5f9cff47beb - - - - - -] OVN reports status down for port: 50fd1f55-7028-46d7-ba4b-043cf9ac4bf0 [pid: 7|app: 0|req: 1266/2590] 10.0.0.232 () {32 vars in 733 bytes} [Wed Jul 15 15:50:49 2026] GET /v2.0/networks/cf238c6a-1cf9-44d4-80e5-675a6c0ad3cd/tags => generated 25 bytes in 46 msecs (HTTP/1.1 200) 4 headers in 156 bytes (1 switches on core 0)
2026-07-15 15:50:49.235 8 INFO neutron.db.ovn_revision_numbers_db [None req-2f91dac8-474d-439d-97d8-ad4ad8a10599 8e14c577ac8742b890f81ca1d46026b8 d6aa130590cd473188a8e175b1c2a304 - - default default] Successfully bumped revision number for resource 50fd1f55-7028-46d7-ba4b-043cf9ac4bf0 (type: ports) to 2
2026-07-15 15:50:49.298 7 INFO neutron_taas.services.taas.taas_plugin [None req-c3379e9a-294f-47ea-bc86-729510cce550 968d334567ec4baf8d00b8b8ff334d4d f5a9dc16c463498e8ce707b0dea9fefe - - default default] TaaS: Handle Delete Port: cd7d6537-6a8f-4425-a559-07bf186e3926
2026-07-15 15:50:49.301 7 INFO neutron_taas.services.taas.tap_mirror_plugin [None req-c3379e9a-294f-47ea-bc86-729510cce550 968d334567ec4baf8d00b8b8ff334d4d f5a9dc16c463498e8ce707b0dea9fefe - - default default] Tap Mirror: Handle Delete Port: cd7d6537-6a8f-4425-a559-07bf186e3926 [pid: 8|app: 0|req: 1325/2591] 10.0.0.232 () {34 vars in 737 bytes} [Wed Jul 15 15:50:48 2026] PUT /v2.0/ports/50fd1f55-7028-46d7-ba4b-043cf9ac4bf0 => generated 752 bytes in 370 msecs (HTTP/1.1 200) 4 headers in 157 bytes (1 switches on core 0) /var/lib/openstack/lib/python3.12/site-packages/pycadf/identifier.py:70: UserWarning: Invalid uuid: neutron. To ensure interoperability, identifiers should be a valid uuid. warnings.warn(('Invalid uuid: %s. To ensure interoperability, '
2026-07-15 15:50:49.432 8 INFO neutron_taas.services.taas.taas_plugin [None req-a4b036f1-888f-4af9-95cd-9bbf7f3d399b 8e14c577ac8742b890f81ca1d46026b8 d6aa130590cd473188a8e175b1c2a304 - - default default] TaaS: Handle Delete Port: 50fd1f55-7028-46d7-ba4b-043cf9ac4bf0
2026-07-15 15:50:49.436 8 INFO neutron_taas.services.taas.tap_mirror_plugin [None req-a4b036f1-888f-4af9-95cd-9bbf7f3d399b 8e14c577ac8742b890f81ca1d46026b8 d6aa130590cd473188a8e175b1c2a304 - - default default] Tap Mirror: Handle Delete Port: 50fd1f55-7028-46d7-ba4b-043cf9ac4bf0 [pid: 7|app: 0|req: 1267/2592] 10.0.0.232 () {32 vars in 726 bytes} [Wed Jul 15 15:50:49 2026] DELETE /v2.0/networks/cf238c6a-1cf9-44d4-80e5-675a6c0ad3cd => generated 0 bytes in 296 msecs (HTTP/1.1 204) 3 headers in 131 bytes (1 switches on core 0) [pid: 8|app: 0|req: 1326/2593] 10.0.0.232 () {32 vars in 720 bytes} [Wed Jul 15 15:50:49 2026] DELETE /v2.0/ports/50fd1f55-7028-46d7-ba4b-043cf9ac4bf0 => generated 0 bytes in 224 msecs (HTTP/1.1 204) 3 headers in 131 bytes (1 switches on core 0) [pid: 8|app: 0|req: 1327/2594] 10.0.0.232 () {32 vars in 643 bytes} [Wed Jul 15 15:50:49 2026] GET /v2.0/ports => generated 1534 bytes in 41 msecs (HTTP/1.1 200) 4 headers in 158 bytes (1 switches on core 0)
2026-07-15 15:50:49.600 8 INFO neutron.pecan_wsgi.hooks.translation [None req-f3b49f72-6c1c-4401-94ba-4bcd1e010591 8e14c577ac8742b890f81ca1d46026b8 d6aa130590cd473188a8e175b1c2a304 - - default default] GET failed (client error): The resource could not be found. [pid: 8|app: 0|req: 1328/2595] 10.0.0.232 () {32 vars in 717 bytes} [Wed Jul 15 15:50:49 2026] GET /v2.0/ports/50fd1f55-7028-46d7-ba4b-043cf9ac4bf0 => generated 132 bytes in 16 msecs (HTTP/1.1 404) 4 headers in 164 bytes (1 switches on core 0)
2026-07-15 15:50:49.626 7 INFO neutron_taas.services.taas.taas_plugin [None req-bac9755b-71b9-4a49-8076-f8991655dd22 968d334567ec4baf8d00b8b8ff334d4d f5a9dc16c463498e8ce707b0dea9fefe - - default default] TaaS: Handle Delete Port: 809a3dc4-a990-4a7f-ab79-06f49dc1416a
2026-07-15 15:50:49.628 7 INFO neutron_taas.services.taas.tap_mirror_plugin [None req-bac9755b-71b9-4a49-8076-f8991655dd22 968d334567ec4baf8d00b8b8ff334d4d f5a9dc16c463498e8ce707b0dea9fefe - - default default] Tap Mirror: Handle Delete Port: 809a3dc4-a990-4a7f-ab79-06f49dc1416a [pid: 8|app: 0|req: 1329/2596] 10.0.0.232 () {32 vars in 643 bytes} [Wed Jul 15 15:50:49 2026] GET /v2.0/ports => generated 1534 bytes in 43 msecs (HTTP/1.1 200) 4 headers in 158 bytes (1 switches on core 0) [pid: 8|app: 0|req: 1330/2597] 10.0.0.232 () {32 vars in 717 bytes} [Wed Jul 15 15:50:49 2026] GET /v2.0/ports/c3d58453-caf1-41b7-aca9-536ceeec60f7 => generated 775 bytes in 41 msecs (HTTP/1.1 200) 4 headers in 157 bytes (1 switches on core 0)
2026-07-15 15:50:49.716 8 INFO neutron.pecan_wsgi.hooks.translation [None req-3e567494-e14b-4e23-8894-fae2156d34da 8e14c577ac8742b890f81ca1d46026b8 d6aa130590cd473188a8e175b1c2a304 - - default default] DELETE failed (client error): The resource could not be found. [pid: 8|app: 0|req: 1331/2598] 10.0.0.232 () {32 vars in 720 bytes} [Wed Jul 15 15:50:49 2026] DELETE /v2.0/ports/47ad65ef-b985-4580-8c22-12fb051f7130 => generated 132 bytes in 19 msecs (HTTP/1.1 404) 4 headers in 164 bytes (1 switches on core 0)
2026-07-15 15:50:49.734 8 INFO neutron.pecan_wsgi.hooks.translation [None req-a13ea431-87bd-45c2-9995-4ea7f6adead6 8e14c577ac8742b890f81ca1d46026b8 d6aa130590cd473188a8e175b1c2a304 - - default default] DELETE failed (client error): The resource could not be found. [pid: 8|app: 0|req: 1332/2599] 10.0.0.232 () {32 vars in 724 bytes} [Wed Jul 15 15:50:49 2026] DELETE /v2.0/subnets/cfa19fcc-d95f-4df0-b95e-99c29492cc87 => generated 136 bytes in 15 msecs (HTTP/1.1 404) 4 headers in 164 bytes (1 switches on core 0)
