Jul 25 00:58:33.369466 np0000186701 systemd[1]: Starting devstack@n-api-meta.service - Devstack devstack@n-api-meta.service...
Jul 25 00:58:33.374968 np0000186701 devstack@n-api-meta.service[106864]: [uWSGI] getting INI configuration from /etc/nova/nova-metadata-uwsgi.ini
Jul 25 00:58:33.377882 np0000186701 devstack@n-api-meta.service[106864]: *** Starting uWSGI 2.0.24-debian (64bit) on [Sat Jul 25 00:58:33 2026] ***
Jul 25 00:58:33.377882 np0000186701 devstack@n-api-meta.service[106864]: compiled with version: 13.2.0 on 17 April 2024 16:23:48
Jul 25 00:58:33.377882 np0000186701 devstack@n-api-meta.service[106864]: os: Linux-6.8.0-136-generic #136-Ubuntu SMP PREEMPT_DYNAMIC Wed Jul 1 21:53:05 UTC 2026
Jul 25 00:58:33.377882 np0000186701 devstack@n-api-meta.service[106864]: nodename: np0000186701
Jul 25 00:58:33.377882 np0000186701 devstack@n-api-meta.service[106864]: machine: x86_64
Jul 25 00:58:33.377882 np0000186701 devstack@n-api-meta.service[106864]: clock source: unix
Jul 25 00:58:33.377882 np0000186701 devstack@n-api-meta.service[106864]: pcre jit disabled
Jul 25 00:58:33.377882 np0000186701 devstack@n-api-meta.service[106864]: detected number of CPU cores: 16
Jul 25 00:58:33.377882 np0000186701 devstack@n-api-meta.service[106864]: current working directory: /
Jul 25 00:58:33.377882 np0000186701 devstack@n-api-meta.service[106864]: detected binary path: /usr/bin/uwsgi-core
Jul 25 00:58:33.378200 np0000186701 devstack@n-api-meta.service[106864]: your processes number limit is 256916
Jul 25 00:58:33.378200 np0000186701 devstack@n-api-meta.service[106864]: your memory page size is 4096 bytes
Jul 25 00:58:33.378200 np0000186701 devstack@n-api-meta.service[106864]: detected max file descriptor number: 2048
Jul 25 00:58:33.378200 np0000186701 devstack@n-api-meta.service[106864]: lock engine: pthread robust mutexes
Jul 25 00:58:33.378200 np0000186701 devstack@n-api-meta.service[106864]: thunder lock: enabled
Jul 25 00:58:33.378485 np0000186701 devstack@n-api-meta.service[106864]: uWSGI http bound on 0.0.0.0:8775 fd 5
Jul 25 00:58:33.378485 np0000186701 devstack@n-api-meta.service[106864]: uwsgi socket 0 bound to TCP address 127.0.0.1:43203 (port auto-assigned) fd 4
Jul 25 00:58:33.378645 np0000186701 devstack@n-api-meta.service[106864]: Python version: 3.12.3 (main, Jun 19 2026, 12:46:00) [GCC 13.3.0]
Jul 25 00:58:33.378645 np0000186701 devstack@n-api-meta.service[106864]: PEP 405 virtualenv detected: /opt/stack/data/venv
Jul 25 00:58:33.378645 np0000186701 devstack@n-api-meta.service[106864]: Set PythonHome to /opt/stack/data/venv
Jul 25 00:58:33.413534 np0000186701 devstack@n-api-meta.service[106864]: Python main interpreter initialized at 0x7d15666a4668
Jul 25 00:58:33.413534 np0000186701 devstack@n-api-meta.service[106864]: python threads support enabled
Jul 25 00:58:33.413534 np0000186701 devstack@n-api-meta.service[106864]: your server socket listen backlog is limited to 100 connections
Jul 25 00:58:33.413534 np0000186701 devstack@n-api-meta.service[106864]: your mercy for graceful operations on workers is 80 seconds
Jul 25 00:58:33.414123 np0000186701 devstack@n-api-meta.service[106864]: mapped 671795 bytes (656 KB) for 4 cores
Jul 25 00:58:33.414297 np0000186701 devstack@n-api-meta.service[106864]: *** Operational MODE: preforking ***
Jul 25 00:58:33.414482 np0000186701 devstack@n-api-meta.service[106864]: *** uWSGI is running in multiple interpreter mode ***
Jul 25 00:58:33.414482 np0000186701 devstack@n-api-meta.service[106864]: spawned uWSGI master process (pid: 106864)
Jul 25 00:58:33.414680 np0000186701 systemd[1]: Started devstack@n-api-meta.service - Devstack devstack@n-api-meta.service.
Jul 25 00:58:33.415414 np0000186701 devstack@n-api-meta.service[106864]: spawned uWSGI worker 1 (pid: 106865, cores: 1)
Jul 25 00:58:33.415939 np0000186701 devstack@n-api-meta.service[106864]: spawned uWSGI worker 2 (pid: 106866, cores: 1)
Jul 25 00:58:33.416479 np0000186701 devstack@n-api-meta.service[106864]: spawned uWSGI worker 3 (pid: 106867, cores: 1)
Jul 25 00:58:33.417027 np0000186701 devstack@n-api-meta.service[106864]: spawned uWSGI worker 4 (pid: 106868, cores: 1)
Jul 25 00:58:33.417682 np0000186701 devstack@n-api-meta.service[106864]: spawned uWSGI http 1 (pid: 106869)
Jul 25 00:58:33.417682 np0000186701 devstack@n-api-meta.service[106864]: running "unix_signal:15 gracefully_kill_them_all" (master-start)...
Jul 25 00:58:35.054816 np0000186701 devstack@n-api-meta.service[106868]: INFO dbcounter [None req-58acc271-e09d-4e24-83e7-608895df71ed None None] Registered counter for database nova_api
Jul 25 00:58:35.055770 np0000186701 devstack@n-api-meta.service[106867]: INFO dbcounter [None req-57f30c65-4e18-40f8-8853-c3c6114030b3 None None] Registered counter for database nova_api
Jul 25 00:58:35.102305 np0000186701 devstack@n-api-meta.service[106867]: DEBUG oslo_db.sqlalchemy.engines [None req-57f30c65-4e18-40f8-8853-c3c6114030b3 None None] MySQL server mode set to STRICT_TRANS_TABLES,STRICT_ALL_TABLES,NO_ZERO_IN_DATE,NO_ZERO_DATE,ERROR_FOR_DIVISION_BY_ZERO,TRADITIONAL,NO_ENGINE_SUBSTITUTION {{(pid=106867) _check_effective_sql_mode /opt/stack/data/venv/lib/python3.12/site-packages/oslo_db/sqlalchemy/engines.py:325}}
Jul 25 00:58:35.106676 np0000186701 devstack@n-api-meta.service[106868]: DEBUG oslo_db.sqlalchemy.engines [None req-58acc271-e09d-4e24-83e7-608895df71ed None None] MySQL server mode set to STRICT_TRANS_TABLES,STRICT_ALL_TABLES,NO_ZERO_IN_DATE,NO_ZERO_DATE,ERROR_FOR_DIVISION_BY_ZERO,TRADITIONAL,NO_ENGINE_SUBSTITUTION {{(pid=106868) _check_effective_sql_mode /opt/stack/data/venv/lib/python3.12/site-packages/oslo_db/sqlalchemy/engines.py:325}}
Jul 25 00:58:35.120283 np0000186701 devstack@n-api-meta.service[106865]: INFO dbcounter [None req-ebe386b9-d7e7-414a-8115-8caa79062d9e None None] Registered counter for database nova_api
Jul 25 00:58:35.123013 np0000186701 devstack@n-api-meta.service[106866]: INFO dbcounter [None req-f9147abb-8a53-4c80-96b7-a05f97a0af50 None None] Registered counter for database nova_api
Jul 25 00:58:35.138005 np0000186701 devstack@n-api-meta.service[106867]: DEBUG dbcounter [-] [106867] Writer thread running {{(pid=106867) stat_writer /opt/stack/data/venv/lib/python3.12/site-packages/dbcounter.py:102}}
Jul 25 00:58:35.140884 np0000186701 devstack@n-api-meta.service[106867]: DEBUG nova.context [None req-57f30c65-4e18-40f8-8853-c3c6114030b3 None None] Found 2 cells: 00000000-0000-0000-0000-000000000000(cell0),d9bb045a-b2de-42a9-a066-b5d3d8186ccc(cell1) {{(pid=106867) load_cells /opt/stack/nova/nova/context.py:509}}
Jul 25 00:58:35.141116 np0000186701 devstack@n-api-meta.service[106867]: INFO nova.utils [None req-57f30c65-4e18-40f8-8853-c3c6114030b3 None None] The cell worker thread pool MainProcess.cell_worker is initialized
Jul 25 00:58:35.142443 np0000186701 devstack@n-api-meta.service[106868]: DEBUG dbcounter [-] [106868] Writer thread running {{(pid=106868) stat_writer /opt/stack/data/venv/lib/python3.12/site-packages/dbcounter.py:102}}
Jul 25 00:58:35.142870 np0000186701 devstack@n-api-meta.service[106867]: DEBUG oslo_concurrency.lockutils [None req-57f30c65-4e18-40f8-8853-c3c6114030b3 None None] Acquiring lock "00000000-0000-0000-0000-000000000000" by "nova.context.set_target_cell..get_or_set_cached_cell_and_set_connections" {{(pid=106867) inner /opt/stack/data/venv/lib/python3.12/site-packages/oslo_concurrency/lockutils.py:512}}
Jul 25 00:58:35.143096 np0000186701 devstack@n-api-meta.service[106867]: DEBUG oslo_concurrency.lockutils [None req-57f30c65-4e18-40f8-8853-c3c6114030b3 None None] Lock "00000000-0000-0000-0000-000000000000" acquired by "nova.context.set_target_cell..get_or_set_cached_cell_and_set_connections" :: waited 0.000s {{(pid=106867) inner /opt/stack/data/venv/lib/python3.12/site-packages/oslo_concurrency/lockutils.py:525}}
Jul 25 00:58:35.143451 np0000186701 devstack@n-api-meta.service[106867]: DEBUG oslo_concurrency.lockutils [None req-57f30c65-4e18-40f8-8853-c3c6114030b3 None None] Lock "00000000-0000-0000-0000-000000000000" "released" by "nova.context.set_target_cell..get_or_set_cached_cell_and_set_connections" :: held 0.000s {{(pid=106867) inner /opt/stack/data/venv/lib/python3.12/site-packages/oslo_concurrency/lockutils.py:544}}
Jul 25 00:58:35.144191 np0000186701 devstack@n-api-meta.service[106867]: DEBUG oslo_concurrency.lockutils [None req-57f30c65-4e18-40f8-8853-c3c6114030b3 None None] Acquiring lock "d9bb045a-b2de-42a9-a066-b5d3d8186ccc" by "nova.context.set_target_cell..get_or_set_cached_cell_and_set_connections" {{(pid=106867) inner /opt/stack/data/venv/lib/python3.12/site-packages/oslo_concurrency/lockutils.py:512}}
Jul 25 00:58:35.144383 np0000186701 devstack@n-api-meta.service[106867]: DEBUG oslo_concurrency.lockutils [None req-57f30c65-4e18-40f8-8853-c3c6114030b3 None None] Lock "d9bb045a-b2de-42a9-a066-b5d3d8186ccc" acquired by "nova.context.set_target_cell..get_or_set_cached_cell_and_set_connections" :: waited 0.000s {{(pid=106867) inner /opt/stack/data/venv/lib/python3.12/site-packages/oslo_concurrency/lockutils.py:525}}
Jul 25 00:58:35.144698 np0000186701 devstack@n-api-meta.service[106868]: DEBUG nova.context [None req-58acc271-e09d-4e24-83e7-608895df71ed None None] Found 2 cells: 00000000-0000-0000-0000-000000000000(cell0),d9bb045a-b2de-42a9-a066-b5d3d8186ccc(cell1) {{(pid=106868) load_cells /opt/stack/nova/nova/context.py:509}}
Jul 25 00:58:35.144912 np0000186701 devstack@n-api-meta.service[106868]: INFO nova.utils [None req-58acc271-e09d-4e24-83e7-608895df71ed None None] The cell worker thread pool MainProcess.cell_worker is initialized
Jul 25 00:58:35.145563 np0000186701 devstack@n-api-meta.service[106867]: DEBUG oslo_concurrency.lockutils [None req-57f30c65-4e18-40f8-8853-c3c6114030b3 None None] Lock "d9bb045a-b2de-42a9-a066-b5d3d8186ccc" "released" by "nova.context.set_target_cell..get_or_set_cached_cell_and_set_connections" :: held 0.001s {{(pid=106867) inner /opt/stack/data/venv/lib/python3.12/site-packages/oslo_concurrency/lockutils.py:544}}
Jul 25 00:58:35.146599 np0000186701 devstack@n-api-meta.service[106868]: DEBUG oslo_concurrency.lockutils [None req-58acc271-e09d-4e24-83e7-608895df71ed None None] Acquiring lock "00000000-0000-0000-0000-000000000000" by "nova.context.set_target_cell..get_or_set_cached_cell_and_set_connections" {{(pid=106868) inner /opt/stack/data/venv/lib/python3.12/site-packages/oslo_concurrency/lockutils.py:512}}
Jul 25 00:58:35.146756 np0000186701 devstack@n-api-meta.service[106868]: DEBUG oslo_concurrency.lockutils [None req-58acc271-e09d-4e24-83e7-608895df71ed None None] Lock "00000000-0000-0000-0000-000000000000" acquired by "nova.context.set_target_cell..get_or_set_cached_cell_and_set_connections" :: waited 0.000s {{(pid=106868) inner /opt/stack/data/venv/lib/python3.12/site-packages/oslo_concurrency/lockutils.py:525}}
Jul 25 00:58:35.147159 np0000186701 devstack@n-api-meta.service[106868]: DEBUG oslo_concurrency.lockutils [None req-58acc271-e09d-4e24-83e7-608895df71ed None None] Lock "00000000-0000-0000-0000-000000000000" "released" by "nova.context.set_target_cell..get_or_set_cached_cell_and_set_connections" :: held 0.000s {{(pid=106868) inner /opt/stack/data/venv/lib/python3.12/site-packages/oslo_concurrency/lockutils.py:544}}
Jul 25 00:58:35.147761 np0000186701 devstack@n-api-meta.service[106868]: DEBUG oslo_concurrency.lockutils [None req-58acc271-e09d-4e24-83e7-608895df71ed None None] Acquiring lock "d9bb045a-b2de-42a9-a066-b5d3d8186ccc" by "nova.context.set_target_cell..get_or_set_cached_cell_and_set_connections" {{(pid=106868) inner /opt/stack/data/venv/lib/python3.12/site-packages/oslo_concurrency/lockutils.py:512}}
Jul 25 00:58:35.147900 np0000186701 devstack@n-api-meta.service[106868]: DEBUG oslo_concurrency.lockutils [None req-58acc271-e09d-4e24-83e7-608895df71ed None None] Lock "d9bb045a-b2de-42a9-a066-b5d3d8186ccc" acquired by "nova.context.set_target_cell..get_or_set_cached_cell_and_set_connections" :: waited 0.000s {{(pid=106868) inner /opt/stack/data/venv/lib/python3.12/site-packages/oslo_concurrency/lockutils.py:525}}
Jul 25 00:58:35.148636 np0000186701 devstack@n-api-meta.service[106867]: INFO dbcounter [None req-57f30c65-4e18-40f8-8853-c3c6114030b3 None None] Registered counter for database nova_cell0
Jul 25 00:58:35.148915 np0000186701 devstack@n-api-meta.service[106868]: DEBUG oslo_concurrency.lockutils [None req-58acc271-e09d-4e24-83e7-608895df71ed None None] Lock "d9bb045a-b2de-42a9-a066-b5d3d8186ccc" "released" by "nova.context.set_target_cell..get_or_set_cached_cell_and_set_connections" :: held 0.001s {{(pid=106868) inner /opt/stack/data/venv/lib/python3.12/site-packages/oslo_concurrency/lockutils.py:544}}
Jul 25 00:58:35.151713 np0000186701 devstack@n-api-meta.service[106868]: INFO dbcounter [None req-58acc271-e09d-4e24-83e7-608895df71ed None None] Registered counter for database nova_cell0
Jul 25 00:58:35.155008 np0000186701 devstack@n-api-meta.service[106867]: INFO dbcounter [None req-57f30c65-4e18-40f8-8853-c3c6114030b3 None None] Registered counter for database nova_cell1
Jul 25 00:58:35.156675 np0000186701 devstack@n-api-meta.service[106868]: INFO dbcounter [None req-58acc271-e09d-4e24-83e7-608895df71ed None None] Registered counter for database nova_cell1
Jul 25 00:58:35.170859 np0000186701 devstack@n-api-meta.service[106866]: DEBUG oslo_db.sqlalchemy.engines [None req-f9147abb-8a53-4c80-96b7-a05f97a0af50 None None] MySQL server mode set to STRICT_TRANS_TABLES,STRICT_ALL_TABLES,NO_ZERO_IN_DATE,NO_ZERO_DATE,ERROR_FOR_DIVISION_BY_ZERO,TRADITIONAL,NO_ENGINE_SUBSTITUTION {{(pid=106866) _check_effective_sql_mode /opt/stack/data/venv/lib/python3.12/site-packages/oslo_db/sqlalchemy/engines.py:325}}
Jul 25 00:58:35.179252 np0000186701 devstack@n-api-meta.service[106865]: DEBUG oslo_db.sqlalchemy.engines [None req-ebe386b9-d7e7-414a-8115-8caa79062d9e None None] MySQL server mode set to STRICT_TRANS_TABLES,STRICT_ALL_TABLES,NO_ZERO_IN_DATE,NO_ZERO_DATE,ERROR_FOR_DIVISION_BY_ZERO,TRADITIONAL,NO_ENGINE_SUBSTITUTION {{(pid=106865) _check_effective_sql_mode /opt/stack/data/venv/lib/python3.12/site-packages/oslo_db/sqlalchemy/engines.py:325}}
Jul 25 00:58:35.211373 np0000186701 devstack@n-api-meta.service[106866]: DEBUG dbcounter [-] [106866] Writer thread running {{(pid=106866) stat_writer /opt/stack/data/venv/lib/python3.12/site-packages/dbcounter.py:102}}
Jul 25 00:58:35.211714 np0000186701 devstack@n-api-meta.service[106865]: DEBUG dbcounter [-] [106865] Writer thread running {{(pid=106865) stat_writer /opt/stack/data/venv/lib/python3.12/site-packages/dbcounter.py:102}}
Jul 25 00:58:35.213223 np0000186701 devstack@n-api-meta.service[106868]: DEBUG oslo_db.sqlalchemy.engines [None req-58acc271-e09d-4e24-83e7-608895df71ed None None] MySQL server mode set to STRICT_TRANS_TABLES,STRICT_ALL_TABLES,NO_ZERO_IN_DATE,NO_ZERO_DATE,ERROR_FOR_DIVISION_BY_ZERO,TRADITIONAL,NO_ENGINE_SUBSTITUTION {{(pid=106868) _check_effective_sql_mode /opt/stack/data/venv/lib/python3.12/site-packages/oslo_db/sqlalchemy/engines.py:325}}
Jul 25 00:58:35.213453 np0000186701 devstack@n-api-meta.service[106866]: DEBUG nova.context [None req-f9147abb-8a53-4c80-96b7-a05f97a0af50 None None] Found 2 cells: 00000000-0000-0000-0000-000000000000(cell0),d9bb045a-b2de-42a9-a066-b5d3d8186ccc(cell1) {{(pid=106866) load_cells /opt/stack/nova/nova/context.py:509}}
Jul 25 00:58:35.213678 np0000186701 devstack@n-api-meta.service[106866]: INFO nova.utils [None req-f9147abb-8a53-4c80-96b7-a05f97a0af50 None None] The cell worker thread pool MainProcess.cell_worker is initialized
Jul 25 00:58:35.214115 np0000186701 devstack@n-api-meta.service[106865]: DEBUG nova.context [None req-ebe386b9-d7e7-414a-8115-8caa79062d9e None None] Found 2 cells: 00000000-0000-0000-0000-000000000000(cell0),d9bb045a-b2de-42a9-a066-b5d3d8186ccc(cell1) {{(pid=106865) load_cells /opt/stack/nova/nova/context.py:509}}
Jul 25 00:58:35.214335 np0000186701 devstack@n-api-meta.service[106865]: INFO nova.utils [None req-ebe386b9-d7e7-414a-8115-8caa79062d9e None None] The cell worker thread pool MainProcess.cell_worker is initialized
Jul 25 00:58:35.215468 np0000186701 devstack@n-api-meta.service[106866]: DEBUG oslo_concurrency.lockutils [None req-f9147abb-8a53-4c80-96b7-a05f97a0af50 None None] Acquiring lock "00000000-0000-0000-0000-000000000000" by "nova.context.set_target_cell..get_or_set_cached_cell_and_set_connections" {{(pid=106866) inner /opt/stack/data/venv/lib/python3.12/site-packages/oslo_concurrency/lockutils.py:512}}
Jul 25 00:58:35.215630 np0000186701 devstack@n-api-meta.service[106866]: DEBUG oslo_concurrency.lockutils [None req-f9147abb-8a53-4c80-96b7-a05f97a0af50 None None] Lock "00000000-0000-0000-0000-000000000000" acquired by "nova.context.set_target_cell..get_or_set_cached_cell_and_set_connections" :: waited 0.000s {{(pid=106866) inner /opt/stack/data/venv/lib/python3.12/site-packages/oslo_concurrency/lockutils.py:525}}
Jul 25 00:58:35.216027 np0000186701 devstack@n-api-meta.service[106866]: DEBUG oslo_concurrency.lockutils [None req-f9147abb-8a53-4c80-96b7-a05f97a0af50 None None] Lock "00000000-0000-0000-0000-000000000000" "released" by "nova.context.set_target_cell..get_or_set_cached_cell_and_set_connections" :: held 0.000s {{(pid=106866) inner /opt/stack/data/venv/lib/python3.12/site-packages/oslo_concurrency/lockutils.py:544}}
Jul 25 00:58:35.216092 np0000186701 devstack@n-api-meta.service[106865]: DEBUG oslo_concurrency.lockutils [None req-ebe386b9-d7e7-414a-8115-8caa79062d9e None None] Acquiring lock "00000000-0000-0000-0000-000000000000" by "nova.context.set_target_cell..get_or_set_cached_cell_and_set_connections" {{(pid=106865) inner /opt/stack/data/venv/lib/python3.12/site-packages/oslo_concurrency/lockutils.py:512}}
Jul 25 00:58:35.216257 np0000186701 devstack@n-api-meta.service[106865]: DEBUG oslo_concurrency.lockutils [None req-ebe386b9-d7e7-414a-8115-8caa79062d9e None None] Lock "00000000-0000-0000-0000-000000000000" acquired by "nova.context.set_target_cell..get_or_set_cached_cell_and_set_connections" :: waited 0.000s {{(pid=106865) inner /opt/stack/data/venv/lib/python3.12/site-packages/oslo_concurrency/lockutils.py:525}}
Jul 25 00:58:35.216595 np0000186701 devstack@n-api-meta.service[106865]: DEBUG oslo_concurrency.lockutils [None req-ebe386b9-d7e7-414a-8115-8caa79062d9e None None] Lock "00000000-0000-0000-0000-000000000000" "released" by "nova.context.set_target_cell..get_or_set_cached_cell_and_set_connections" :: held 0.000s {{(pid=106865) inner /opt/stack/data/venv/lib/python3.12/site-packages/oslo_concurrency/lockutils.py:544}}
Jul 25 00:58:35.216964 np0000186701 devstack@n-api-meta.service[106866]: DEBUG oslo_concurrency.lockutils [None req-f9147abb-8a53-4c80-96b7-a05f97a0af50 None None] Acquiring lock "d9bb045a-b2de-42a9-a066-b5d3d8186ccc" by "nova.context.set_target_cell..get_or_set_cached_cell_and_set_connections" {{(pid=106866) inner /opt/stack/data/venv/lib/python3.12/site-packages/oslo_concurrency/lockutils.py:512}}
Jul 25 00:58:35.217129 np0000186701 devstack@n-api-meta.service[106866]: DEBUG oslo_concurrency.lockutils [None req-f9147abb-8a53-4c80-96b7-a05f97a0af50 None None] Lock "d9bb045a-b2de-42a9-a066-b5d3d8186ccc" acquired by "nova.context.set_target_cell..get_or_set_cached_cell_and_set_connections" :: waited 0.000s {{(pid=106866) inner /opt/stack/data/venv/lib/python3.12/site-packages/oslo_concurrency/lockutils.py:525}}
Jul 25 00:58:35.217373 np0000186701 devstack@n-api-meta.service[106865]: DEBUG oslo_concurrency.lockutils [None req-ebe386b9-d7e7-414a-8115-8caa79062d9e None None] Acquiring lock "d9bb045a-b2de-42a9-a066-b5d3d8186ccc" by "nova.context.set_target_cell..get_or_set_cached_cell_and_set_connections" {{(pid=106865) inner /opt/stack/data/venv/lib/python3.12/site-packages/oslo_concurrency/lockutils.py:512}}
Jul 25 00:58:35.217513 np0000186701 devstack@n-api-meta.service[106865]: DEBUG oslo_concurrency.lockutils [None req-ebe386b9-d7e7-414a-8115-8caa79062d9e None None] Lock "d9bb045a-b2de-42a9-a066-b5d3d8186ccc" acquired by "nova.context.set_target_cell..get_or_set_cached_cell_and_set_connections" :: waited 0.000s {{(pid=106865) inner /opt/stack/data/venv/lib/python3.12/site-packages/oslo_concurrency/lockutils.py:525}}
Jul 25 00:58:35.217599 np0000186701 devstack@n-api-meta.service[106867]: DEBUG oslo_db.sqlalchemy.engines [None req-57f30c65-4e18-40f8-8853-c3c6114030b3 None None] MySQL server mode set to STRICT_TRANS_TABLES,STRICT_ALL_TABLES,NO_ZERO_IN_DATE,NO_ZERO_DATE,ERROR_FOR_DIVISION_BY_ZERO,TRADITIONAL,NO_ENGINE_SUBSTITUTION {{(pid=106867) _check_effective_sql_mode /opt/stack/data/venv/lib/python3.12/site-packages/oslo_db/sqlalchemy/engines.py:325}}
Jul 25 00:58:35.217921 np0000186701 devstack@n-api-meta.service[106866]: DEBUG oslo_concurrency.lockutils [None req-f9147abb-8a53-4c80-96b7-a05f97a0af50 None None] Lock "d9bb045a-b2de-42a9-a066-b5d3d8186ccc" "released" by "nova.context.set_target_cell..get_or_set_cached_cell_and_set_connections" :: held 0.001s {{(pid=106866) inner /opt/stack/data/venv/lib/python3.12/site-packages/oslo_concurrency/lockutils.py:544}}
Jul 25 00:58:35.218346 np0000186701 devstack@n-api-meta.service[106865]: DEBUG oslo_concurrency.lockutils [None req-ebe386b9-d7e7-414a-8115-8caa79062d9e None None] Lock "d9bb045a-b2de-42a9-a066-b5d3d8186ccc" "released" by "nova.context.set_target_cell..get_or_set_cached_cell_and_set_connections" :: held 0.001s {{(pid=106865) inner /opt/stack/data/venv/lib/python3.12/site-packages/oslo_concurrency/lockutils.py:544}}
Jul 25 00:58:35.220093 np0000186701 devstack@n-api-meta.service[106866]: INFO dbcounter [None req-f9147abb-8a53-4c80-96b7-a05f97a0af50 None None] Registered counter for database nova_cell0
Jul 25 00:58:35.224097 np0000186701 devstack@n-api-meta.service[106865]: INFO dbcounter [None req-ebe386b9-d7e7-414a-8115-8caa79062d9e None None] Registered counter for database nova_cell0
Jul 25 00:58:35.224862 np0000186701 devstack@n-api-meta.service[106866]: INFO dbcounter [None req-f9147abb-8a53-4c80-96b7-a05f97a0af50 None None] Registered counter for database nova_cell1
Jul 25 00:58:35.226359 np0000186701 devstack@n-api-meta.service[106865]: INFO dbcounter [None req-ebe386b9-d7e7-414a-8115-8caa79062d9e None None] Registered counter for database nova_cell1
Jul 25 00:58:35.236772 np0000186701 devstack@n-api-meta.service[106868]: DEBUG oslo_db.sqlalchemy.engines [None req-58acc271-e09d-4e24-83e7-608895df71ed None None] MySQL server mode set to STRICT_TRANS_TABLES,STRICT_ALL_TABLES,NO_ZERO_IN_DATE,NO_ZERO_DATE,ERROR_FOR_DIVISION_BY_ZERO,TRADITIONAL,NO_ENGINE_SUBSTITUTION {{(pid=106868) _check_effective_sql_mode /opt/stack/data/venv/lib/python3.12/site-packages/oslo_db/sqlalchemy/engines.py:325}}
Jul 25 00:58:35.241652 np0000186701 devstack@n-api-meta.service[106867]: DEBUG oslo_db.sqlalchemy.engines [None req-57f30c65-4e18-40f8-8853-c3c6114030b3 None None] MySQL server mode set to STRICT_TRANS_TABLES,STRICT_ALL_TABLES,NO_ZERO_IN_DATE,NO_ZERO_DATE,ERROR_FOR_DIVISION_BY_ZERO,TRADITIONAL,NO_ENGINE_SUBSTITUTION {{(pid=106867) _check_effective_sql_mode /opt/stack/data/venv/lib/python3.12/site-packages/oslo_db/sqlalchemy/engines.py:325}}
Jul 25 00:58:35.285523 np0000186701 devstack@n-api-meta.service[106866]: DEBUG oslo_db.sqlalchemy.engines [None req-f9147abb-8a53-4c80-96b7-a05f97a0af50 None None] MySQL server mode set to STRICT_TRANS_TABLES,STRICT_ALL_TABLES,NO_ZERO_IN_DATE,NO_ZERO_DATE,ERROR_FOR_DIVISION_BY_ZERO,TRADITIONAL,NO_ENGINE_SUBSTITUTION {{(pid=106866) _check_effective_sql_mode /opt/stack/data/venv/lib/python3.12/site-packages/oslo_db/sqlalchemy/engines.py:325}}
Jul 25 00:58:35.292040 np0000186701 devstack@n-api-meta.service[106866]: DEBUG oslo_db.sqlalchemy.engines [None req-f9147abb-8a53-4c80-96b7-a05f97a0af50 None None] MySQL server mode set to STRICT_TRANS_TABLES,STRICT_ALL_TABLES,NO_ZERO_IN_DATE,NO_ZERO_DATE,ERROR_FOR_DIVISION_BY_ZERO,TRADITIONAL,NO_ENGINE_SUBSTITUTION {{(pid=106866) _check_effective_sql_mode /opt/stack/data/venv/lib/python3.12/site-packages/oslo_db/sqlalchemy/engines.py:325}}
Jul 25 00:58:35.294145 np0000186701 devstack@n-api-meta.service[106865]: DEBUG oslo_db.sqlalchemy.engines [None req-ebe386b9-d7e7-414a-8115-8caa79062d9e None None] MySQL server mode set to STRICT_TRANS_TABLES,STRICT_ALL_TABLES,NO_ZERO_IN_DATE,NO_ZERO_DATE,ERROR_FOR_DIVISION_BY_ZERO,TRADITIONAL,NO_ENGINE_SUBSTITUTION {{(pid=106865) _check_effective_sql_mode /opt/stack/data/venv/lib/python3.12/site-packages/oslo_db/sqlalchemy/engines.py:325}}
Jul 25 00:58:35.296156 np0000186701 devstack@n-api-meta.service[106868]: DEBUG dbcounter [-] [106868] Writer thread running {{(pid=106868) stat_writer /opt/stack/data/venv/lib/python3.12/site-packages/dbcounter.py:102}}
Jul 25 00:58:35.300409 np0000186701 devstack@n-api-meta.service[106865]: DEBUG oslo_db.sqlalchemy.engines [None req-ebe386b9-d7e7-414a-8115-8caa79062d9e None None] MySQL server mode set to STRICT_TRANS_TABLES,STRICT_ALL_TABLES,NO_ZERO_IN_DATE,NO_ZERO_DATE,ERROR_FOR_DIVISION_BY_ZERO,TRADITIONAL,NO_ENGINE_SUBSTITUTION {{(pid=106865) _check_effective_sql_mode /opt/stack/data/venv/lib/python3.12/site-packages/oslo_db/sqlalchemy/engines.py:325}}
Jul 25 00:58:35.305179 np0000186701 devstack@n-api-meta.service[106868]: DEBUG dbcounter [-] [106868] Writer thread running {{(pid=106868) stat_writer /opt/stack/data/venv/lib/python3.12/site-packages/dbcounter.py:102}}
Jul 25 00:58:35.309022 np0000186701 devstack@n-api-meta.service[106868]: INFO dbcounter [None req-58acc271-e09d-4e24-83e7-608895df71ed None None] Registered counter for database nova_cell0
Jul 25 00:58:35.311768 np0000186701 devstack@n-api-meta.service[106867]: DEBUG dbcounter [-] [106867] Writer thread running {{(pid=106867) stat_writer /opt/stack/data/venv/lib/python3.12/site-packages/dbcounter.py:102}}
Jul 25 00:58:35.319592 np0000186701 devstack@n-api-meta.service[106867]: DEBUG dbcounter [-] [106867] Writer thread running {{(pid=106867) stat_writer /opt/stack/data/venv/lib/python3.12/site-packages/dbcounter.py:102}}
Jul 25 00:58:35.324045 np0000186701 devstack@n-api-meta.service[106867]: INFO dbcounter [None req-57f30c65-4e18-40f8-8853-c3c6114030b3 None None] Registered counter for database nova_cell0
Jul 25 00:58:35.351426 np0000186701 devstack@n-api-meta.service[106868]: DEBUG oslo_db.sqlalchemy.engines [None req-58acc271-e09d-4e24-83e7-608895df71ed None None] MySQL server mode set to STRICT_TRANS_TABLES,STRICT_ALL_TABLES,NO_ZERO_IN_DATE,NO_ZERO_DATE,ERROR_FOR_DIVISION_BY_ZERO,TRADITIONAL,NO_ENGINE_SUBSTITUTION {{(pid=106868) _check_effective_sql_mode /opt/stack/data/venv/lib/python3.12/site-packages/oslo_db/sqlalchemy/engines.py:325}}
Jul 25 00:58:35.360207 np0000186701 devstack@n-api-meta.service[106868]: DEBUG dbcounter [-] [106868] Writer thread running {{(pid=106868) stat_writer /opt/stack/data/venv/lib/python3.12/site-packages/dbcounter.py:102}}
Jul 25 00:58:35.361265 np0000186701 devstack@n-api-meta.service[106867]: DEBUG oslo_db.sqlalchemy.engines [None req-57f30c65-4e18-40f8-8853-c3c6114030b3 None None] MySQL server mode set to STRICT_TRANS_TABLES,STRICT_ALL_TABLES,NO_ZERO_IN_DATE,NO_ZERO_DATE,ERROR_FOR_DIVISION_BY_ZERO,TRADITIONAL,NO_ENGINE_SUBSTITUTION {{(pid=106867) _check_effective_sql_mode /opt/stack/data/venv/lib/python3.12/site-packages/oslo_db/sqlalchemy/engines.py:325}}
Jul 25 00:58:35.372300 np0000186701 devstack@n-api-meta.service[106867]: DEBUG dbcounter [-] [106867] Writer thread running {{(pid=106867) stat_writer /opt/stack/data/venv/lib/python3.12/site-packages/dbcounter.py:102}}
Jul 25 00:58:35.375474 np0000186701 devstack@n-api-meta.service[106866]: DEBUG dbcounter [-] [106866] Writer thread running {{(pid=106866) stat_writer /opt/stack/data/venv/lib/python3.12/site-packages/dbcounter.py:102}}
Jul 25 00:58:35.382573 np0000186701 devstack@n-api-meta.service[106866]: DEBUG dbcounter [-] [106866] Writer thread running {{(pid=106866) stat_writer /opt/stack/data/venv/lib/python3.12/site-packages/dbcounter.py:102}}
Jul 25 00:58:35.385720 np0000186701 devstack@n-api-meta.service[106865]: DEBUG dbcounter [-] [106865] Writer thread running {{(pid=106865) stat_writer /opt/stack/data/venv/lib/python3.12/site-packages/dbcounter.py:102}}
Jul 25 00:58:35.386904 np0000186701 devstack@n-api-meta.service[106866]: INFO dbcounter [None req-f9147abb-8a53-4c80-96b7-a05f97a0af50 None None] Registered counter for database nova_cell0
Jul 25 00:58:35.391248 np0000186701 devstack@n-api-meta.service[106865]: DEBUG dbcounter [-] [106865] Writer thread running {{(pid=106865) stat_writer /opt/stack/data/venv/lib/python3.12/site-packages/dbcounter.py:102}}
Jul 25 00:58:35.394698 np0000186701 devstack@n-api-meta.service[106865]: INFO dbcounter [None req-ebe386b9-d7e7-414a-8115-8caa79062d9e None None] Registered counter for database nova_cell0
Jul 25 00:58:35.403586 np0000186701 devstack@n-api-meta.service[106868]: WARNING nova.api.metadata.handler [None req-58acc271-e09d-4e24-83e7-608895df71ed None None] metadata_proxy_shared_secret is not configured, the metadata information returned by the proxy cannot be trusted
Jul 25 00:58:35.405852 np0000186701 devstack@n-api-meta.service[106868]: DEBUG nova.api.openstack.wsgi_app [None req-58acc271-e09d-4e24-83e7-608895df71ed None None] ******************************************************************************** {{(pid=106868) log_opt_values /opt/stack/data/venv/lib/python3.12/site-packages/oslo_config/cfg.py:3226}}
Jul 25 00:58:35.406045 np0000186701 devstack@n-api-meta.service[106868]: DEBUG nova.api.openstack.wsgi_app [None req-58acc271-e09d-4e24-83e7-608895df71ed None None] Configuration options gathered from: {{(pid=106868) log_opt_values /opt/stack/data/venv/lib/python3.12/site-packages/oslo_config/cfg.py:3227}}
Jul 25 00:58:35.406198 np0000186701 devstack@n-api-meta.service[106868]: DEBUG nova.api.openstack.wsgi_app [None req-58acc271-e09d-4e24-83e7-608895df71ed None None] command line args: [] {{(pid=106868) log_opt_values /opt/stack/data/venv/lib/python3.12/site-packages/oslo_config/cfg.py:3228}}
Jul 25 00:58:35.406311 np0000186701 devstack@n-api-meta.service[106868]: DEBUG nova.api.openstack.wsgi_app [None req-58acc271-e09d-4e24-83e7-608895df71ed None None] config files: ['/etc/nova/api-paste.ini', '/etc/nova/nova.conf'] {{(pid=106868) log_opt_values /opt/stack/data/venv/lib/python3.12/site-packages/oslo_config/cfg.py:3229}}
Jul 25 00:58:35.406311 np0000186701 devstack@n-api-meta.service[106868]: DEBUG nova.api.openstack.wsgi_app [None req-58acc271-e09d-4e24-83e7-608895df71ed None None] ================================================================================ {{(pid=106868) log_opt_values /opt/stack/data/venv/lib/python3.12/site-packages/oslo_config/cfg.py:3234}}
Jul 25 00:58:35.406512 np0000186701 devstack@n-api-meta.service[106868]: DEBUG nova.api.openstack.wsgi_app [None req-58acc271-e09d-4e24-83e7-608895df71ed None None] allow_resize_to_same_host = True {{(pid=106868) log_opt_values /opt/stack/data/venv/lib/python3.12/site-packages/oslo_config/cfg.py:3242}}
Jul 25 00:58:35.406651 np0000186701 devstack@n-api-meta.service[106868]: DEBUG nova.api.openstack.wsgi_app [None req-58acc271-e09d-4e24-83e7-608895df71ed None None] arq_binding_timeout = 300 {{(pid=106868) log_opt_values /opt/stack/data/venv/lib/python3.12/site-packages/oslo_config/cfg.py:3242}}
Jul 25 00:58:35.406760 np0000186701 devstack@n-api-meta.service[106868]: DEBUG nova.api.openstack.wsgi_app [None req-58acc271-e09d-4e24-83e7-608895df71ed None None] block_device_allocate_retries = 60 {{(pid=106868) log_opt_values /opt/stack/data/venv/lib/python3.12/site-packages/oslo_config/cfg.py:3242}}
Jul 25 00:58:35.406864 np0000186701 devstack@n-api-meta.service[106868]: DEBUG nova.api.openstack.wsgi_app [None req-58acc271-e09d-4e24-83e7-608895df71ed None None] block_device_allocate_retries_interval = 3 {{(pid=106868) log_opt_values /opt/stack/data/venv/lib/python3.12/site-packages/oslo_config/cfg.py:3242}}
Jul 25 00:58:35.406980 np0000186701 devstack@n-api-meta.service[106868]: DEBUG nova.api.openstack.wsgi_app [None req-58acc271-e09d-4e24-83e7-608895df71ed None None] cell_worker_thread_pool_size = 5 {{(pid=106868) log_opt_values /opt/stack/data/venv/lib/python3.12/site-packages/oslo_config/cfg.py:3242}}
Jul 25 00:58:35.407179 np0000186701 devstack@n-api-meta.service[106868]: DEBUG nova.api.openstack.wsgi_app [None req-58acc271-e09d-4e24-83e7-608895df71ed None None] cert = self.pem {{(pid=106868) log_opt_values /opt/stack/data/venv/lib/python3.12/site-packages/oslo_config/cfg.py:3242}}
Jul 25 00:58:35.407288 np0000186701 devstack@n-api-meta.service[106868]: DEBUG nova.api.openstack.wsgi_app [None req-58acc271-e09d-4e24-83e7-608895df71ed None None] compute_driver = libvirt.LibvirtDriver {{(pid=106868) log_opt_values /opt/stack/data/venv/lib/python3.12/site-packages/oslo_config/cfg.py:3242}}
Jul 25 00:58:35.407415 np0000186701 devstack@n-api-meta.service[106868]: DEBUG nova.api.openstack.wsgi_app [None req-58acc271-e09d-4e24-83e7-608895df71ed None None] compute_monitors = [] {{(pid=106868) log_opt_values /opt/stack/data/venv/lib/python3.12/site-packages/oslo_config/cfg.py:3242}}
Jul 25 00:58:35.407548 np0000186701 devstack@n-api-meta.service[106868]: DEBUG nova.api.openstack.wsgi_app [None req-58acc271-e09d-4e24-83e7-608895df71ed None None] concurrency_backend = auto {{(pid=106868) log_opt_values /opt/stack/data/venv/lib/python3.12/site-packages/oslo_config/cfg.py:3242}}
Jul 25 00:58:35.407673 np0000186701 devstack@n-api-meta.service[106868]: DEBUG nova.api.openstack.wsgi_app [None req-58acc271-e09d-4e24-83e7-608895df71ed None None] config_dir = [] {{(pid=106868) log_opt_values /opt/stack/data/venv/lib/python3.12/site-packages/oslo_config/cfg.py:3242}}
Jul 25 00:58:35.407797 np0000186701 devstack@n-api-meta.service[106868]: DEBUG nova.api.openstack.wsgi_app [None req-58acc271-e09d-4e24-83e7-608895df71ed None None] config_drive_format = iso9660 {{(pid=106868) log_opt_values /opt/stack/data/venv/lib/python3.12/site-packages/oslo_config/cfg.py:3242}}
Jul 25 00:58:35.407903 np0000186701 devstack@n-api-meta.service[106868]: DEBUG nova.api.openstack.wsgi_app [None req-58acc271-e09d-4e24-83e7-608895df71ed None None] config_file = ['/etc/nova/api-paste.ini', '/etc/nova/nova.conf'] {{(pid=106868) log_opt_values /opt/stack/data/venv/lib/python3.12/site-packages/oslo_config/cfg.py:3242}}
Jul 25 00:58:35.408075 np0000186701 devstack@n-api-meta.service[106868]: DEBUG nova.api.openstack.wsgi_app [None req-58acc271-e09d-4e24-83e7-608895df71ed None None] config_source = [] {{(pid=106868) log_opt_values /opt/stack/data/venv/lib/python3.12/site-packages/oslo_config/cfg.py:3242}}
Jul 25 00:58:35.408192 np0000186701 devstack@n-api-meta.service[106868]: DEBUG nova.api.openstack.wsgi_app [None req-58acc271-e09d-4e24-83e7-608895df71ed None None] console_host = np0000186701 {{(pid=106868) log_opt_values /opt/stack/data/venv/lib/python3.12/site-packages/oslo_config/cfg.py:3242}}
Jul 25 00:58:35.408319 np0000186701 devstack@n-api-meta.service[106868]: DEBUG nova.api.openstack.wsgi_app [None req-58acc271-e09d-4e24-83e7-608895df71ed None None] control_exchange = nova {{(pid=106868) log_opt_values /opt/stack/data/venv/lib/python3.12/site-packages/oslo_config/cfg.py:3242}}
Jul 25 00:58:35.408437 np0000186701 devstack@n-api-meta.service[106868]: DEBUG nova.api.openstack.wsgi_app [None req-58acc271-e09d-4e24-83e7-608895df71ed None None] cpu_allocation_ratio = None {{(pid=106868) log_opt_values /opt/stack/data/venv/lib/python3.12/site-packages/oslo_config/cfg.py:3242}}
Jul 25 00:58:35.408567 np0000186701 devstack@n-api-meta.service[106868]: DEBUG nova.api.openstack.wsgi_app [None req-58acc271-e09d-4e24-83e7-608895df71ed None None] daemon = False {{(pid=106868) log_opt_values /opt/stack/data/venv/lib/python3.12/site-packages/oslo_config/cfg.py:3242}}
Jul 25 00:58:35.408698 np0000186701 devstack@n-api-meta.service[106868]: DEBUG nova.api.openstack.wsgi_app [None req-58acc271-e09d-4e24-83e7-608895df71ed None None] debug = True {{(pid=106868) log_opt_values /opt/stack/data/venv/lib/python3.12/site-packages/oslo_config/cfg.py:3242}}
Jul 25 00:58:35.408826 np0000186701 devstack@n-api-meta.service[106868]: DEBUG nova.api.openstack.wsgi_app [None req-58acc271-e09d-4e24-83e7-608895df71ed None None] default_access_ip_network_name = None {{(pid=106868) log_opt_values /opt/stack/data/venv/lib/python3.12/site-packages/oslo_config/cfg.py:3242}}
Jul 25 00:58:35.408956 np0000186701 devstack@n-api-meta.service[106868]: DEBUG nova.api.openstack.wsgi_app [None req-58acc271-e09d-4e24-83e7-608895df71ed None None] default_availability_zone = nova {{(pid=106868) log_opt_values /opt/stack/data/venv/lib/python3.12/site-packages/oslo_config/cfg.py:3242}}
Jul 25 00:58:35.409127 np0000186701 devstack@n-api-meta.service[106868]: DEBUG nova.api.openstack.wsgi_app [None req-58acc271-e09d-4e24-83e7-608895df71ed None None] default_ephemeral_format = ext4 {{(pid=106868) log_opt_values /opt/stack/data/venv/lib/python3.12/site-packages/oslo_config/cfg.py:3242}}
Jul 25 00:58:35.409242 np0000186701 devstack@n-api-meta.service[106868]: DEBUG nova.api.openstack.wsgi_app [None req-58acc271-e09d-4e24-83e7-608895df71ed None None] default_green_pool_size = 1000 {{(pid=106868) log_opt_values /opt/stack/data/venv/lib/python3.12/site-packages/oslo_config/cfg.py:3242}}
Jul 25 00:58:35.409441 np0000186701 devstack@n-api-meta.service[106868]: DEBUG nova.api.openstack.wsgi_app [None req-58acc271-e09d-4e24-83e7-608895df71ed None None] default_log_levels = ['amqp=WARN', 'boto=WARN', 'sqlalchemy=WARN', 'suds=INFO', 'oslo.messaging=INFO', 'oslo_messaging=INFO', 'iso8601=WARN', 'requests.packages.urllib3.connectionpool=WARN', 'urllib3.connectionpool=WARN', 'websocket=WARN', 'requests.packages.urllib3.util.retry=WARN', 'urllib3.util.retry=WARN', 'keystonemiddleware=WARN', 'routes.middleware=WARN', 'stevedore=WARN', 'taskflow=WARN', 'keystoneauth=WARN', 'oslo.cache=INFO', 'oslo_policy=INFO', 'dogpile.core.dogpile=INFO', 'glanceclient=WARN', 'oslo.privsep.daemon=INFO'] {{(pid=106868) log_opt_values /opt/stack/data/venv/lib/python3.12/site-packages/oslo_config/cfg.py:3242}}
Jul 25 00:58:35.409639 np0000186701 devstack@n-api-meta.service[106868]: DEBUG nova.api.openstack.wsgi_app [None req-58acc271-e09d-4e24-83e7-608895df71ed None None] default_schedule_zone = None {{(pid=106868) log_opt_values /opt/stack/data/venv/lib/python3.12/site-packages/oslo_config/cfg.py:3242}}
Jul 25 00:58:35.409750 np0000186701 devstack@n-api-meta.service[106868]: DEBUG nova.api.openstack.wsgi_app [None req-58acc271-e09d-4e24-83e7-608895df71ed None None] default_thread_pool_size = 10 {{(pid=106868) log_opt_values /opt/stack/data/venv/lib/python3.12/site-packages/oslo_config/cfg.py:3242}}
Jul 25 00:58:35.409876 np0000186701 devstack@n-api-meta.service[106868]: DEBUG nova.api.openstack.wsgi_app [None req-58acc271-e09d-4e24-83e7-608895df71ed None None] disk_allocation_ratio = None {{(pid=106868) log_opt_values /opt/stack/data/venv/lib/python3.12/site-packages/oslo_config/cfg.py:3242}}
Jul 25 00:58:35.409983 np0000186701 devstack@n-api-meta.service[106868]: DEBUG nova.api.openstack.wsgi_app [None req-58acc271-e09d-4e24-83e7-608895df71ed None None] enable_new_services = True {{(pid=106868) log_opt_values /opt/stack/data/venv/lib/python3.12/site-packages/oslo_config/cfg.py:3242}}
Jul 25 00:58:35.410130 np0000186701 devstack@n-api-meta.service[106868]: DEBUG nova.api.openstack.wsgi_app [None req-58acc271-e09d-4e24-83e7-608895df71ed None None] flat_injected = False {{(pid=106868) log_opt_values /opt/stack/data/venv/lib/python3.12/site-packages/oslo_config/cfg.py:3242}}
Jul 25 00:58:35.410235 np0000186701 devstack@n-api-meta.service[106868]: DEBUG nova.api.openstack.wsgi_app [None req-58acc271-e09d-4e24-83e7-608895df71ed None None] force_config_drive = False {{(pid=106868) log_opt_values /opt/stack/data/venv/lib/python3.12/site-packages/oslo_config/cfg.py:3242}}
Jul 25 00:58:35.410340 np0000186701 devstack@n-api-meta.service[106868]: DEBUG nova.api.openstack.wsgi_app [None req-58acc271-e09d-4e24-83e7-608895df71ed None None] force_raw_images = True {{(pid=106868) log_opt_values /opt/stack/data/venv/lib/python3.12/site-packages/oslo_config/cfg.py:3242}}
Jul 25 00:58:35.410516 np0000186701 devstack@n-api-meta.service[106868]: DEBUG nova.api.openstack.wsgi_app [None req-58acc271-e09d-4e24-83e7-608895df71ed None None] graceful_shutdown_timeout = 5 {{(pid=106868) log_opt_values /opt/stack/data/venv/lib/python3.12/site-packages/oslo_config/cfg.py:3242}}
Jul 25 00:58:35.410626 np0000186701 devstack@n-api-meta.service[106868]: DEBUG nova.api.openstack.wsgi_app [None req-58acc271-e09d-4e24-83e7-608895df71ed None None] heal_instance_info_cache_interval = -1 {{(pid=106868) log_opt_values /opt/stack/data/venv/lib/python3.12/site-packages/oslo_config/cfg.py:3242}}
Jul 25 00:58:35.410740 np0000186701 devstack@n-api-meta.service[106868]: DEBUG nova.api.openstack.wsgi_app [None req-58acc271-e09d-4e24-83e7-608895df71ed None None] host = np0000186701 {{(pid=106868) log_opt_values /opt/stack/data/venv/lib/python3.12/site-packages/oslo_config/cfg.py:3242}}
Jul 25 00:58:35.410844 np0000186701 devstack@n-api-meta.service[106868]: DEBUG nova.api.openstack.wsgi_app [None req-58acc271-e09d-4e24-83e7-608895df71ed None None] initial_cpu_allocation_ratio = 4.0 {{(pid=106868) log_opt_values /opt/stack/data/venv/lib/python3.12/site-packages/oslo_config/cfg.py:3242}}
Jul 25 00:58:35.410972 np0000186701 devstack@n-api-meta.service[106868]: DEBUG nova.api.openstack.wsgi_app [None req-58acc271-e09d-4e24-83e7-608895df71ed None None] initial_disk_allocation_ratio = 1.0 {{(pid=106868) log_opt_values /opt/stack/data/venv/lib/python3.12/site-packages/oslo_config/cfg.py:3242}}
Jul 25 00:58:35.411171 np0000186701 devstack@n-api-meta.service[106868]: DEBUG nova.api.openstack.wsgi_app [None req-58acc271-e09d-4e24-83e7-608895df71ed None None] initial_ram_allocation_ratio = 1.0 {{(pid=106868) log_opt_values /opt/stack/data/venv/lib/python3.12/site-packages/oslo_config/cfg.py:3242}}
Jul 25 00:58:35.411354 np0000186701 devstack@n-api-meta.service[106868]: DEBUG nova.api.openstack.wsgi_app [None req-58acc271-e09d-4e24-83e7-608895df71ed None None] injected_network_template = /opt/stack/nova/nova/virt/interfaces.template {{(pid=106868) log_opt_values /opt/stack/data/venv/lib/python3.12/site-packages/oslo_config/cfg.py:3242}}
Jul 25 00:58:35.411491 np0000186701 devstack@n-api-meta.service[106868]: DEBUG nova.api.openstack.wsgi_app [None req-58acc271-e09d-4e24-83e7-608895df71ed None None] instance_build_timeout = 0 {{(pid=106868) log_opt_values /opt/stack/data/venv/lib/python3.12/site-packages/oslo_config/cfg.py:3242}}
Jul 25 00:58:35.411600 np0000186701 devstack@n-api-meta.service[106868]: DEBUG nova.api.openstack.wsgi_app [None req-58acc271-e09d-4e24-83e7-608895df71ed None None] instance_delete_interval = 300 {{(pid=106868) log_opt_values /opt/stack/data/venv/lib/python3.12/site-packages/oslo_config/cfg.py:3242}}
Jul 25 00:58:35.411727 np0000186701 devstack@n-api-meta.service[106868]: DEBUG nova.api.openstack.wsgi_app [None req-58acc271-e09d-4e24-83e7-608895df71ed None None] instance_format = [instance: %(uuid)s] {{(pid=106868) log_opt_values /opt/stack/data/venv/lib/python3.12/site-packages/oslo_config/cfg.py:3242}}
Jul 25 00:58:35.411860 np0000186701 devstack@n-api-meta.service[106868]: DEBUG nova.api.openstack.wsgi_app [None req-58acc271-e09d-4e24-83e7-608895df71ed None None] instance_name_template = instance-%08x {{(pid=106868) log_opt_values /opt/stack/data/venv/lib/python3.12/site-packages/oslo_config/cfg.py:3242}}
Jul 25 00:58:35.412022 np0000186701 devstack@n-api-meta.service[106868]: DEBUG nova.api.openstack.wsgi_app [None req-58acc271-e09d-4e24-83e7-608895df71ed None None] instance_usage_audit = False {{(pid=106868) log_opt_values /opt/stack/data/venv/lib/python3.12/site-packages/oslo_config/cfg.py:3242}}
Jul 25 00:58:35.412139 np0000186701 devstack@n-api-meta.service[106868]: DEBUG nova.api.openstack.wsgi_app [None req-58acc271-e09d-4e24-83e7-608895df71ed None None] instance_usage_audit_period = month {{(pid=106868) log_opt_values /opt/stack/data/venv/lib/python3.12/site-packages/oslo_config/cfg.py:3242}}
Jul 25 00:58:35.412267 np0000186701 devstack@n-api-meta.service[106868]: DEBUG nova.api.openstack.wsgi_app [None req-58acc271-e09d-4e24-83e7-608895df71ed None None] instance_uuid_format = [instance: %(uuid)s] {{(pid=106868) log_opt_values /opt/stack/data/venv/lib/python3.12/site-packages/oslo_config/cfg.py:3242}}
Jul 25 00:58:35.412399 np0000186701 devstack@n-api-meta.service[106868]: DEBUG nova.api.openstack.wsgi_app [None req-58acc271-e09d-4e24-83e7-608895df71ed None None] instances_path = /opt/stack/data/nova/instances {{(pid=106868) log_opt_values /opt/stack/data/venv/lib/python3.12/site-packages/oslo_config/cfg.py:3242}}
Jul 25 00:58:35.412533 np0000186701 devstack@n-api-meta.service[106868]: DEBUG nova.api.openstack.wsgi_app [None req-58acc271-e09d-4e24-83e7-608895df71ed None None] internal_service_availability_zone = internal {{(pid=106868) log_opt_values /opt/stack/data/venv/lib/python3.12/site-packages/oslo_config/cfg.py:3242}}
Jul 25 00:58:35.412664 np0000186701 devstack@n-api-meta.service[106868]: DEBUG nova.api.openstack.wsgi_app [None req-58acc271-e09d-4e24-83e7-608895df71ed None None] key = None {{(pid=106868) log_opt_values /opt/stack/data/venv/lib/python3.12/site-packages/oslo_config/cfg.py:3242}}
Jul 25 00:58:35.412794 np0000186701 devstack@n-api-meta.service[106868]: DEBUG nova.api.openstack.wsgi_app [None req-58acc271-e09d-4e24-83e7-608895df71ed None None] live_migration_retry_count = 30 {{(pid=106868) log_opt_values /opt/stack/data/venv/lib/python3.12/site-packages/oslo_config/cfg.py:3242}}
Jul 25 00:58:35.412928 np0000186701 devstack@n-api-meta.service[106868]: DEBUG nova.api.openstack.wsgi_app [None req-58acc271-e09d-4e24-83e7-608895df71ed None None] log_color = False {{(pid=106868) log_opt_values /opt/stack/data/venv/lib/python3.12/site-packages/oslo_config/cfg.py:3242}}
Jul 25 00:58:35.413076 np0000186701 devstack@n-api-meta.service[106868]: DEBUG nova.api.openstack.wsgi_app [None req-58acc271-e09d-4e24-83e7-608895df71ed None None] log_config_append = None {{(pid=106868) log_opt_values /opt/stack/data/venv/lib/python3.12/site-packages/oslo_config/cfg.py:3242}}
Jul 25 00:58:35.413206 np0000186701 devstack@n-api-meta.service[106868]: DEBUG nova.api.openstack.wsgi_app [None req-58acc271-e09d-4e24-83e7-608895df71ed None None] log_date_format = %Y-%m-%d %H:%M:%S {{(pid=106868) log_opt_values /opt/stack/data/venv/lib/python3.12/site-packages/oslo_config/cfg.py:3242}}
Jul 25 00:58:35.413334 np0000186701 devstack@n-api-meta.service[106868]: DEBUG nova.api.openstack.wsgi_app [None req-58acc271-e09d-4e24-83e7-608895df71ed None None] log_dir = None {{(pid=106868) log_opt_values /opt/stack/data/venv/lib/python3.12/site-packages/oslo_config/cfg.py:3242}}
Jul 25 00:58:35.413460 np0000186701 devstack@n-api-meta.service[106868]: DEBUG nova.api.openstack.wsgi_app [None req-58acc271-e09d-4e24-83e7-608895df71ed None None] log_file = None {{(pid=106868) log_opt_values /opt/stack/data/venv/lib/python3.12/site-packages/oslo_config/cfg.py:3242}}
Jul 25 00:58:35.413573 np0000186701 devstack@n-api-meta.service[106868]: DEBUG nova.api.openstack.wsgi_app [None req-58acc271-e09d-4e24-83e7-608895df71ed None None] log_options = True {{(pid=106868) log_opt_values /opt/stack/data/venv/lib/python3.12/site-packages/oslo_config/cfg.py:3242}}
Jul 25 00:58:35.413729 np0000186701 devstack@n-api-meta.service[106868]: DEBUG nova.api.openstack.wsgi_app [None req-58acc271-e09d-4e24-83e7-608895df71ed None None] log_rotate_interval = 1 {{(pid=106868) log_opt_values /opt/stack/data/venv/lib/python3.12/site-packages/oslo_config/cfg.py:3242}}
Jul 25 00:58:35.413878 np0000186701 devstack@n-api-meta.service[106868]: DEBUG nova.api.openstack.wsgi_app [None req-58acc271-e09d-4e24-83e7-608895df71ed None None] log_rotate_interval_type = days {{(pid=106868) log_opt_values /opt/stack/data/venv/lib/python3.12/site-packages/oslo_config/cfg.py:3242}}
Jul 25 00:58:35.414015 np0000186701 devstack@n-api-meta.service[106868]: DEBUG nova.api.openstack.wsgi_app [None req-58acc271-e09d-4e24-83e7-608895df71ed None None] log_rotation_type = none {{(pid=106868) log_opt_values /opt/stack/data/venv/lib/python3.12/site-packages/oslo_config/cfg.py:3242}}
Jul 25 00:58:35.414118 np0000186701 devstack@n-api-meta.service[106868]: DEBUG nova.api.openstack.wsgi_app [None req-58acc271-e09d-4e24-83e7-608895df71ed None None] logging_context_format_string = %(color)s%(levelname)s %(name)s [%(global_request_id)s %(request_id)s %(project_name)s %(user_name)s%(color)s] %(instance)s%(color)s%(message)s {{(pid=106868) log_opt_values /opt/stack/data/venv/lib/python3.12/site-packages/oslo_config/cfg.py:3242}}
Jul 25 00:58:35.414220 np0000186701 devstack@n-api-meta.service[106868]: DEBUG nova.api.openstack.wsgi_app [None req-58acc271-e09d-4e24-83e7-608895df71ed None None] logging_debug_format_suffix = {{(pid=%(process)d) %(funcName)s %(pathname)s:%(lineno)d}} {{(pid=106868) log_opt_values /opt/stack/data/venv/lib/python3.12/site-packages/oslo_config/cfg.py:3242}}
Jul 25 00:58:35.414331 np0000186701 devstack@n-api-meta.service[106868]: DEBUG nova.api.openstack.wsgi_app [None req-58acc271-e09d-4e24-83e7-608895df71ed None None] logging_default_format_string = %(color)s%(levelname)s %(name)s [-%(color)s] %(instance)s%(color)s%(message)s {{(pid=106868) log_opt_values /opt/stack/data/venv/lib/python3.12/site-packages/oslo_config/cfg.py:3242}}
Jul 25 00:58:35.414434 np0000186701 devstack@n-api-meta.service[106868]: DEBUG nova.api.openstack.wsgi_app [None req-58acc271-e09d-4e24-83e7-608895df71ed None None] logging_exception_prefix = ERROR %(name)s %(instance)s {{(pid=106868) log_opt_values /opt/stack/data/venv/lib/python3.12/site-packages/oslo_config/cfg.py:3242}}
