+ COMMAND=start + start + for KEYSTONE_WSGI_SCRIPT in keystone-wsgi-public ++ type -p keystone-wsgi-public + cp -a /var/lib/openstack/bin/keystone-wsgi-public /var/www/cgi-bin/keystone/ + '[' -f /etc/apache2/envvars ']' + source /etc/apache2/envvars ++ unset HOME ++ '[' '' '!=' '' ']' ++ SUFFIX= ++ export APACHE_RUN_USER=www-data ++ APACHE_RUN_USER=www-data ++ export APACHE_RUN_GROUP=www-data ++ APACHE_RUN_GROUP=www-data ++ export APACHE_PID_FILE=/var/run/apache2/apache2.pid ++ APACHE_PID_FILE=/var/run/apache2/apache2.pid ++ export APACHE_RUN_DIR=/var/run/apache2 ++ APACHE_RUN_DIR=/var/run/apache2 ++ export APACHE_LOCK_DIR=/var/lock/apache2 ++ APACHE_LOCK_DIR=/var/lock/apache2 ++ export APACHE_LOG_DIR=/var/log/apache2 ++ APACHE_LOG_DIR=/var/log/apache2 ++ export LANG=C ++ LANG=C ++ export LANG + '[' -f /var/run/apache2/apache2.pid ']' + exec apache2 -DFOREGROUND AH00558: apache2: Could not reliably determine the server's fully qualified domain name, using 10.0.0.30. Set the 'ServerName' directive globally to suppress this message AH00558: apache2: Could not reliably determine the server's fully qualified domain name, using 10.0.0.30. Set the 'ServerName' directive globally to suppress this message
[Fri Jul 17 21:58:26.846366 2026] [mpm_event:notice] [pid 1:tid 140101937223552] AH00489: Apache/2.4.58 (Ubuntu) mod_wsgi/5.0.0 Python/3.12 configured -- resuming normal operations
[Fri Jul 17 21:58:26.846529 2026] [core:notice] [pid 1:tid 140101937223552] AH00094: Command line: 'apache2 -D FOREGROUND'
[Fri Jul 17 21:59:23.956025 2026] [wsgi:error] [pid 10:tid 140101299402432] /var/lib/openstack/lib/python3.12/site-packages/oslo_utils/importutils.py:77: EventletDeprecationWarning:
[Fri Jul 17 21:59:23.956140 2026] [wsgi:error] [pid 10:tid 140101299402432] Eventlet is deprecated. It is currently being maintained in bugfix mode, and
[Fri Jul 17 21:59:23.956154 2026] [wsgi:error] [pid 10:tid 140101299402432] we strongly recommend against using it for new projects.
[Fri Jul 17 21:59:23.956164 2026] [wsgi:error] [pid 10:tid 140101299402432]
[Fri Jul 17 21:59:23.956173 2026] [wsgi:error] [pid 10:tid 140101299402432] If you are already using Eventlet, we recommend migrating to a different
[Fri Jul 17 21:59:23.956184 2026] [wsgi:error] [pid 10:tid 140101299402432] framework. For more detail see
[Fri Jul 17 21:59:23.956195 2026] [wsgi:error] [pid 10:tid 140101299402432] https://eventlet.readthedocs.io/en/latest/asyncio/migration.html
[Fri Jul 17 21:59:23.956205 2026] [wsgi:error] [pid 10:tid 140101299402432]
[Fri Jul 17 21:59:23.956214 2026] [wsgi:error] [pid 10:tid 140101299402432] __import__(import_str)
[Fri Jul 17 21:59:23.994490 2026] [wsgi:error] [pid 12:tid 140101299402432] /var/lib/openstack/lib/python3.12/site-packages/oslo_utils/importutils.py:77: EventletDeprecationWarning:
[Fri Jul 17 21:59:23.994545 2026] [wsgi:error] [pid 12:tid 140101299402432] Eventlet is deprecated. It is currently being maintained in bugfix mode, and
[Fri Jul 17 21:59:23.994548 2026] [wsgi:error] [pid 12:tid 140101299402432] we strongly recommend against using it for new projects.
[Fri Jul 17 21:59:23.994549 2026] [wsgi:error] [pid 12:tid 140101299402432]
[Fri Jul 17 21:59:23.994551 2026] [wsgi:error] [pid 12:tid 140101299402432] If you are already using Eventlet, we recommend migrating to a different
[Fri Jul 17 21:59:23.994553 2026] [wsgi:error] [pid 12:tid 140101299402432] framework. For more detail see
[Fri Jul 17 21:59:23.994555 2026] [wsgi:error] [pid 12:tid 140101299402432] https://eventlet.readthedocs.io/en/latest/asyncio/migration.html
[Fri Jul 17 21:59:23.994556 2026] [wsgi:error] [pid 12:tid 140101299402432]
[Fri Jul 17 21:59:23.994559 2026] [wsgi:error] [pid 12:tid 140101299402432] __import__(import_str) 10.0.0.117 - - [17/Jul/2026:21:59:23 +0000] "GET /v3/ HTTP/1.1" 200 249 10.0.0.117 - - [17/Jul/2026:21:59:23 +0000] "GET /v3/ HTTP/1.1" 200 249
[Fri Jul 17 21:59:37.938595 2026] [wsgi:error] [pid 11:tid 140101299402432] /var/lib/openstack/lib/python3.12/site-packages/oslo_utils/importutils.py:77: EventletDeprecationWarning:
[Fri Jul 17 21:59:37.938649 2026] [wsgi:error] [pid 11:tid 140101299402432] Eventlet is deprecated. It is currently being maintained in bugfix mode, and
[Fri Jul 17 21:59:37.938650 2026] [wsgi:error] [pid 11:tid 140101299402432] we strongly recommend against using it for new projects.
[Fri Jul 17 21:59:37.938652 2026] [wsgi:error] [pid 11:tid 140101299402432]
[Fri Jul 17 21:59:37.938653 2026] [wsgi:error] [pid 11:tid 140101299402432] If you are already using Eventlet, we recommend migrating to a different
[Fri Jul 17 21:59:37.938654 2026] [wsgi:error] [pid 11:tid 140101299402432] framework. For more detail see
[Fri Jul 17 21:59:37.938655 2026] [wsgi:error] [pid 11:tid 140101299402432] https://eventlet.readthedocs.io/en/latest/asyncio/migration.html
[Fri Jul 17 21:59:37.938656 2026] [wsgi:error] [pid 11:tid 140101299402432]
[Fri Jul 17 21:59:37.938657 2026] [wsgi:error] [pid 11:tid 140101299402432] __import__(import_str) 10.0.0.236 - - [17/Jul/2026:21:59:37 +0000] "GET / HTTP/1.1" 300 295
[Fri Jul 17 21:59:43.504994 2026] [wsgi:error] [pid 9:tid 140101299402432] /var/lib/openstack/lib/python3.12/site-packages/oslo_utils/importutils.py:77: EventletDeprecationWarning:
[Fri Jul 17 21:59:43.505042 2026] [wsgi:error] [pid 9:tid 140101299402432] Eventlet is deprecated. It is currently being maintained in bugfix mode, and
[Fri Jul 17 21:59:43.505043 2026] [wsgi:error] [pid 9:tid 140101299402432] we strongly recommend against using it for new projects.
[Fri Jul 17 21:59:43.505044 2026] [wsgi:error] [pid 9:tid 140101299402432]
[Fri Jul 17 21:59:43.505046 2026] [wsgi:error] [pid 9:tid 140101299402432] If you are already using Eventlet, we recommend migrating to a different
[Fri Jul 17 21:59:43.505047 2026] [wsgi:error] [pid 9:tid 140101299402432] framework. For more detail see
[Fri Jul 17 21:59:43.505048 2026] [wsgi:error] [pid 9:tid 140101299402432] https://eventlet.readthedocs.io/en/latest/asyncio/migration.html
[Fri Jul 17 21:59:43.505049 2026] [wsgi:error] [pid 9:tid 140101299402432]
[Fri Jul 17 21:59:43.505050 2026] [wsgi:error] [pid 9:tid 140101299402432] __import__(import_str)
[Fri Jul 17 21:59:48.424588 2026] [wsgi:error] [pid 9:tid 140101299402432] [remote 10.0.0.236:60726] 2026-07-17 21:59:48.420 9 WARNING keystone.identity.core [None req-37b3b193-effa-4154-9ac6-7794166269f8 - - - - - -] Invalid domain name (atmosphere) found in config file name: keystone.exception.DomainNotFound: Could not find domain: atmosphere.
[Fri Jul 17 21:59:48.492551 2026] [wsgi:error] [pid 9:tid 140101299402432] [remote 10.0.0.236:60726] 2026-07-17 21:59:48.492 9 WARNING keystone.common.password_hashing [None req-37b3b193-effa-4154-9ac6-7794166269f8 - - - - - -] Truncating password to algorithm specific maximum length 72 characters.
[Fri Jul 17 21:59:48.786709 2026] [wsgi:error] [pid 9:tid 140101299402432] [remote 10.0.0.236:60726] 2026-07-17 21:59:48.786 9 WARNING keystone.common.fernet_utils [None req-37b3b193-effa-4154-9ac6-7794166269f8 - - - - - -] key_repository is world readable: /etc/keystone/fernet-keys/ 10.0.0.236 - - [17/Jul/2026:21:59:42 +0000] "POST /v3/auth/tokens HTTP/1.1" 201 1360
[Fri Jul 17 21:59:49.267986 2026] [wsgi:error] [pid 10:tid 140101299402432] [remote 10.0.0.236:60726] 2026-07-17 21:59:49.265 10 WARNING keystone.identity.core [None req-34c41edd-b35c-4bd3-ab09-520a56664ea8 - - - - - -] Invalid domain name (atmosphere) found in config file name: keystone.exception.DomainNotFound: Could not find domain: atmosphere. 10.0.0.236 - - [17/Jul/2026:21:59:49 +0000] "POST /v3/domains HTTP/1.1" 201 261 10.0.0.101 - - [17/Jul/2026:22:00:00 +0000] "GET / HTTP/1.1" 300 295
[Fri Jul 17 22:00:00.780144 2026] [wsgi:error] [pid 11:tid 140101299402432] [remote 10.0.0.101:33082] 2026-07-17 22:00:00.779 11 WARNING keystone.common.password_hashing [None req-87ed7d46-6d15-47a2-8d3b-b074819ff4a7 - - - - - -] Truncating password to algorithm specific maximum length 72 characters.
[Fri Jul 17 22:00:01.052296 2026] [wsgi:error] [pid 11:tid 140101299402432] [remote 10.0.0.101:33082] 2026-07-17 22:00:01.051 11 WARNING keystone.common.fernet_utils [None req-87ed7d46-6d15-47a2-8d3b-b074819ff4a7 - - - - - -] key_repository is world readable: /etc/keystone/fernet-keys/ 10.0.0.101 - - [17/Jul/2026:22:00:00 +0000] "POST /v3/auth/tokens HTTP/1.1" 201 1360 10.0.0.101 - - [17/Jul/2026:22:00:01 +0000] "GET /v3/roles/admin HTTP/1.1" 404 83
[Fri Jul 17 22:00:01.341025 2026] [wsgi:error] [pid 10:tid 140101299402432] [remote 10.0.0.101:33082] 2026-07-17 22:00:01.340 10 WARNING keystone.common.rbac_enforcer.enforcer [None req-a58956a6-a665-4d9f-8578-8aef870d1104 bd5769236fc646389633225406c46406 b3eb164166a442cf98b06915b60475bf - - default default] Deprecated policy rules found. Use oslopolicy-policy-generator and oslopolicy-policy-upgrade to detect and resolve deprecated policies in your configuration. 10.0.0.101 - - [17/Jul/2026:22:00:01 +0000] "GET /v3/roles?name=admin HTTP/1.1" 200 389
[Fri Jul 17 22:00:01.828029 2026] [wsgi:error] [pid 12:tid 140101299402432] [remote 10.0.0.101:33082] 2026-07-17 22:00:01.827 12 WARNING keystone.common.rbac_enforcer.enforcer [None req-5ed3d300-fb16-419e-a4b1-47e96c673fc6 bd5769236fc646389633225406c46406 b3eb164166a442cf98b06915b60475bf - - default default] Deprecated policy rules found. Use oslopolicy-policy-generator and oslopolicy-policy-upgrade to detect and resolve deprecated policies in your configuration. 10.0.0.101 - - [17/Jul/2026:22:00:01 +0000] "GET /v3/users/admin-RegionOne HTTP/1.1" 404 93
[Fri Jul 17 22:00:01.988083 2026] [wsgi:error] [pid 11:tid 140101299402432] [remote 10.0.0.101:33082] 2026-07-17 22:00:01.987 11 WARNING keystone.common.rbac_enforcer.enforcer [None req-803c00a0-b9f8-40ba-9a53-ba7e34baec79 bd5769236fc646389633225406c46406 b3eb164166a442cf98b06915b60475bf - - default default] Deprecated policy rules found. Use oslopolicy-policy-generator and oslopolicy-policy-upgrade to detect and resolve deprecated policies in your configuration. 10.0.0.101 - - [17/Jul/2026:22:00:01 +0000] "GET /v3/users?name=admin-RegionOne HTTP/1.1" 200 422
[Fri Jul 17 22:00:02.173706 2026] [wsgi:error] [pid 9:tid 140101299402432] [remote 10.0.0.101:33082] 2026-07-17 22:00:02.173 9 WARNING keystone.common.rbac_enforcer.enforcer [None req-173aa960-0891-445d-ab9a-ac05cd6c4b8a bd5769236fc646389633225406c46406 b3eb164166a442cf98b06915b60475bf - - default default] Deprecated policy rules found. Use oslopolicy-policy-generator and oslopolicy-policy-upgrade to detect and resolve deprecated policies in your configuration. 10.0.0.101 - - [17/Jul/2026:22:00:02 +0000] "GET /v3/domains/default HTTP/1.1" 200 224 10.0.0.101 - - [17/Jul/2026:22:00:02 +0000] "PUT /v3/domains/default/users/bd5769236fc646389633225406c46406/roles/2276c6b3433542a9bf02cda9f03e65e4 HTTP/1.1" 204 - 10.0.0.117 - - [17/Jul/2026:22:00:11 +0000] "GET / HTTP/1.1" 300 281 10.0.0.117 - - [17/Jul/2026:22:00:12 +0000] "GET /v3 HTTP/1.1" 200 266
[Fri Jul 17 22:00:12.900368 2026] [wsgi:error] [pid 9:tid 140101299402432] [remote 10.0.0.117:52898] 2026-07-17 22:00:12.900 9 WARNING keystone.common.password_hashing [None req-8a902324-4286-4257-a645-2d506256f126 - - - - - -] Truncating password to algorithm specific maximum length 72 characters.
[Fri Jul 17 22:00:13.183877 2026] [wsgi:error] [pid 9:tid 140101299402432] [remote 10.0.0.117:52898] 2026-07-17 22:00:13.183 9 WARNING keystone.common.fernet_utils [None req-8a902324-4286-4257-a645-2d506256f126 - - - - - -] key_repository is world readable: /etc/keystone/fernet-keys/ 10.0.0.117 - - [17/Jul/2026:22:00:12 +0000] "POST /v3/auth/tokens HTTP/1.1" 201 1360 10.0.0.117 - - [17/Jul/2026:22:00:13 +0000] "GET / HTTP/1.1" 300 281 10.0.0.117 - - [17/Jul/2026:22:00:13 +0000] "GET /v3/domains/atmosphere HTTP/1.1" 404 90 10.0.0.117 - - [17/Jul/2026:22:00:13 +0000] "GET /v3/domains?name=atmosphere HTTP/1.1" 200 370 10.0.0.117 - - [17/Jul/2026:22:00:13 +0000] "GET /v3/domains/f681dac8a063401495a3dcd7e60a4959 HTTP/1.1" 200 247 10.0.0.117 - - [17/Jul/2026:22:00:14 +0000] "GET /v3 HTTP/1.1" 200 266
[Fri Jul 17 22:00:14.494733 2026] [wsgi:error] [pid 12:tid 140101299402432] [remote 10.0.0.117:52898] 2026-07-17 22:00:14.494 12 WARNING keystone.common.password_hashing [None req-ba3a786e-58e5-4775-a13e-9d2da0898343 - - - - - -] Truncating password to algorithm specific maximum length 72 characters.
[Fri Jul 17 22:00:14.796614 2026] [wsgi:error] [pid 12:tid 140101299402432] [remote 10.0.0.117:52898] 2026-07-17 22:00:14.796 12 WARNING keystone.common.fernet_utils [None req-ba3a786e-58e5-4775-a13e-9d2da0898343 - - - - - -] key_repository is world readable: /etc/keystone/fernet-keys/ 10.0.0.117 - - [17/Jul/2026:22:00:14 +0000] "POST /v3/auth/tokens HTTP/1.1" 201 1360 10.0.0.117 - - [17/Jul/2026:22:00:14 +0000] "GET / HTTP/1.1" 300 281 10.0.0.117 - - [17/Jul/2026:22:00:14 +0000] "GET /v3/OS-FEDERATION/identity_providers/atmosphere HTTP/1.1" 404 101 10.0.0.117 - - [17/Jul/2026:22:00:14 +0000] "GET /v3/OS-FEDERATION/identity_providers HTTP/1.1" 200 156 10.0.0.117 - - [17/Jul/2026:22:00:14 +0000] "PUT /v3/OS-FEDERATION/identity_providers/atmosphere HTTP/1.1" 201 342 10.0.0.117 - - [17/Jul/2026:22:00:15 +0000] "GET /v3 HTTP/1.1" 200 266
[Fri Jul 17 22:00:15.657958 2026] [wsgi:error] [pid 9:tid 140101299402432] [remote 10.0.0.117:52882] 2026-07-17 22:00:15.657 9 WARNING keystone.common.password_hashing [None req-f28e1199-1946-4ae2-b4e9-7cd0e3a80365 - - - - - -] Truncating password to algorithm specific maximum length 72 characters.
[Fri Jul 17 22:00:15.938643 2026] [wsgi:error] [pid 9:tid 140101299402432] [remote 10.0.0.117:52882] 2026-07-17 22:00:15.938 9 WARNING keystone.common.fernet_utils [None req-f28e1199-1946-4ae2-b4e9-7cd0e3a80365 - - - - - -] key_repository is world readable: /etc/keystone/fernet-keys/ 10.0.0.117 - - [17/Jul/2026:22:00:15 +0000] "POST /v3/auth/tokens HTTP/1.1" 201 1360 10.0.0.117 - - [17/Jul/2026:22:00:15 +0000] "GET / HTTP/1.1" 300 281 10.0.0.117 - - [17/Jul/2026:22:00:15 +0000] "GET /v3/OS-FEDERATION/mappings/atmosphere-openid HTTP/1.1" 404 98 10.0.0.117 - - [17/Jul/2026:22:00:15 +0000] "GET /v3/OS-FEDERATION/mappings HTTP/1.1" 200 136 10.0.0.117 - - [17/Jul/2026:22:00:16 +0000] "PUT /v3/OS-FEDERATION/mappings/atmosphere-openid HTTP/1.1" 201 357 10.0.0.117 - - [17/Jul/2026:22:00:16 +0000] "GET /v3 HTTP/1.1" 200 266
[Fri Jul 17 22:00:16.809013 2026] [wsgi:error] [pid 12:tid 140101299402432] [remote 10.0.0.117:52898] 2026-07-17 22:00:16.808 12 WARNING keystone.common.password_hashing [None req-11ad9988-c94b-4021-a283-b62e0a200a61 - - - - - -] Truncating password to algorithm specific maximum length 72 characters.
[Fri Jul 17 22:00:17.089246 2026] [wsgi:error] [pid 12:tid 140101299402432] [remote 10.0.0.117:52898] 2026-07-17 22:00:17.089 12 WARNING keystone.common.fernet_utils [None req-11ad9988-c94b-4021-a283-b62e0a200a61 - - - - - -] key_repository is world readable: /etc/keystone/fernet-keys/ 10.0.0.117 - - [17/Jul/2026:22:00:16 +0000] "POST /v3/auth/tokens HTTP/1.1" 201 1360 10.0.0.117 - - [17/Jul/2026:22:00:17 +0000] "GET / HTTP/1.1" 300 281 10.0.0.117 - - [17/Jul/2026:22:00:17 +0000] "GET /v3/OS-FEDERATION/identity_providers/atmosphere/protocols/openid?idp_id=atmosphere HTTP/1.1" 404 131 10.0.0.117 - - [17/Jul/2026:22:00:17 +0000] "GET /v3/OS-FEDERATION/identity_providers/atmosphere/protocols HTTP/1.1" 200 168 10.0.0.117 - - [17/Jul/2026:22:00:17 +0000] "PUT /v3/OS-FEDERATION/identity_providers/atmosphere/protocols/openid HTTP/1.1" 201 224 10.0.0.117 - - [17/Jul/2026:22:00:23 +0000] "GET /v3/ HTTP/1.1" 200 249 10.0.0.117 - - [17/Jul/2026:22:00:23 +0000] "GET /v3/ HTTP/1.1" 200 249 10.0.0.117 - - [17/Jul/2026:22:01:23 +0000] "GET /v3/ HTTP/1.1" 200 249 10.0.0.117 - - [17/Jul/2026:22:01:23 +0000] "GET /v3/ HTTP/1.1" 200 249 10.0.0.60 - - [17/Jul/2026:22:01:45 +0000] "GET / HTTP/1.1" 300 295
[Fri Jul 17 22:01:45.574913 2026] [wsgi:error] [pid 11:tid 140101299402432] [remote 10.0.0.60:58826] 2026-07-17 22:01:45.574 11 WARNING keystone.common.password_hashing [None req-15427601-5567-489d-a79c-c48dcfc423ce - - - - - -] Truncating password to algorithm specific maximum length 72 characters.
[Fri Jul 17 22:01:45.864267 2026] [wsgi:error] [pid 11:tid 140101299402432] [remote 10.0.0.60:58826] 2026-07-17 22:01:45.864 11 WARNING keystone.common.fernet_utils [None req-15427601-5567-489d-a79c-c48dcfc423ce - - - - - -] key_repository is world readable: /etc/keystone/fernet-keys/ 10.0.0.60 - - [17/Jul/2026:22:01:45 +0000] "POST /v3/auth/tokens HTTP/1.1" 201 1360 10.0.0.60 - - [17/Jul/2026:22:01:45 +0000] "GET /v3/services HTTP/1.1" 200 355 10.0.0.60 - - [17/Jul/2026:22:01:50 +0000] "GET / HTTP/1.1" 300 295
[Fri Jul 17 22:01:50.148179 2026] [wsgi:error] [pid 9:tid 140101299402432] [remote 10.0.0.60:58842] 2026-07-17 22:01:50.147 9 WARNING keystone.common.password_hashing [None req-572492a3-4f99-4d04-a5c0-f664d329516d - - - - - -] Truncating password to algorithm specific maximum length 72 characters.
[Fri Jul 17 22:01:50.442874 2026] [wsgi:error] [pid 9:tid 140101299402432] [remote 10.0.0.60:58842] 2026-07-17 22:01:50.442 9 WARNING keystone.common.fernet_utils [None req-572492a3-4f99-4d04-a5c0-f664d329516d - - - - - -] key_repository is world readable: /etc/keystone/fernet-keys/ 10.0.0.60 - - [17/Jul/2026:22:01:50 +0000] "POST /v3/auth/tokens HTTP/1.1" 201 1360 10.0.0.60 - - [17/Jul/2026:22:01:50 +0000] "GET /v3/services HTTP/1.1" 200 355 10.0.0.60 - - [17/Jul/2026:22:01:54 +0000] "GET / HTTP/1.1" 300 295
[Fri Jul 17 22:01:54.242643 2026] [wsgi:error] [pid 10:tid 140101299402432] [remote 10.0.0.60:40482] 2026-07-17 22:01:54.241 10 WARNING keystone.common.password_hashing [None req-8a3d72bd-58b0-4e55-a880-8ce27d8b0890 - - - - - -] Truncating password to algorithm specific maximum length 72 characters.
[Fri Jul 17 22:01:54.532748 2026] [wsgi:error] [pid 10:tid 140101299402432] [remote 10.0.0.60:40482] 2026-07-17 22:01:54.532 10 WARNING keystone.common.fernet_utils [None req-8a3d72bd-58b0-4e55-a880-8ce27d8b0890 - - - - - -] key_repository is world readable: /etc/keystone/fernet-keys/ 10.0.0.60 - - [17/Jul/2026:22:01:54 +0000] "POST /v3/auth/tokens HTTP/1.1" 201 1360 10.0.0.60 - - [17/Jul/2026:22:01:54 +0000] "GET /v3/services HTTP/1.1" 200 355 10.0.0.60 - - [17/Jul/2026:22:01:58 +0000] "GET / HTTP/1.1" 300 295
[Fri Jul 17 22:01:58.465109 2026] [wsgi:error] [pid 12:tid 140101299402432] [remote 10.0.0.60:40494] 2026-07-17 22:01:58.464 12 WARNING keystone.common.password_hashing [None req-5cd21588-a626-4dc6-8687-43b7bd2510cc - - - - - -] Truncating password to algorithm specific maximum length 72 characters.
[Fri Jul 17 22:01:58.744455 2026] [wsgi:error] [pid 12:tid 140101299402432] [remote 10.0.0.60:40494] 2026-07-17 22:01:58.744 12 WARNING keystone.common.fernet_utils [None req-5cd21588-a626-4dc6-8687-43b7bd2510cc - - - - - -] key_repository is world readable: /etc/keystone/fernet-keys/ 10.0.0.60 - - [17/Jul/2026:22:01:58 +0000] "POST /v3/auth/tokens HTTP/1.1" 201 1360 10.0.0.60 - - [17/Jul/2026:22:01:58 +0000] "POST /v3/services HTTP/1.1" 201 296 10.0.0.150 - - [17/Jul/2026:22:02:10 +0000] "GET / HTTP/1.1" 300 295 10.0.0.150 - - [17/Jul/2026:22:02:10 +0000] "GET / HTTP/1.1" 300 295 10.0.0.150 - - [17/Jul/2026:22:02:11 +0000] "GET / HTTP/1.1" 300 295
[Fri Jul 17 22:02:11.007961 2026] [wsgi:error] [pid 11:tid 140101299402432] [remote 10.0.0.150:52886] 2026-07-17 22:02:11.007 11 WARNING keystone.common.password_hashing [None req-175ce05c-f488-4233-a654-f18683c158d6 - - - - - -] Truncating password to algorithm specific maximum length 72 characters.
[Fri Jul 17 22:02:11.022532 2026] [wsgi:error] [pid 9:tid 140101299402432] [remote 10.0.0.150:52902] 2026-07-17 22:02:11.022 9 WARNING keystone.common.password_hashing [None req-bdccf727-c6c3-4bda-951f-9f73618dd1da - - - - - -] Truncating password to algorithm specific maximum length 72 characters.
[Fri Jul 17 22:02:11.024732 2026] [wsgi:error] [pid 12:tid 140101299402432] [remote 10.0.0.150:52912] 2026-07-17 22:02:11.024 12 WARNING keystone.common.password_hashing [None req-04d4f59e-dfd3-4e62-9e77-ad8bdb847c4c - - - - - -] Truncating password to algorithm specific maximum length 72 characters.
[Fri Jul 17 22:02:11.294920 2026] [wsgi:error] [pid 11:tid 140101299402432] [remote 10.0.0.150:52886] 2026-07-17 22:02:11.294 11 WARNING keystone.common.fernet_utils [None req-175ce05c-f488-4233-a654-f18683c158d6 - - - - - -] key_repository is world readable: /etc/keystone/fernet-keys/ 10.0.0.150 - - [17/Jul/2026:22:02:10 +0000] "POST /v3/auth/tokens HTTP/1.1" 201 1464
[Fri Jul 17 22:02:11.324063 2026] [wsgi:error] [pid 9:tid 140101299402432] [remote 10.0.0.150:52902] 2026-07-17 22:02:11.323 9 WARNING keystone.common.fernet_utils [None req-bdccf727-c6c3-4bda-951f-9f73618dd1da - - - - - -] key_repository is world readable: /etc/keystone/fernet-keys/ 10.0.0.150 - - [17/Jul/2026:22:02:11 +0000] "POST /v3/auth/tokens HTTP/1.1" 201 1464
[Fri Jul 17 22:02:11.404002 2026] [wsgi:error] [pid 12:tid 140101299402432] [remote 10.0.0.150:52912] 2026-07-17 22:02:11.403 12 WARNING keystone.common.fernet_utils [None req-04d4f59e-dfd3-4e62-9e77-ad8bdb847c4c - - - - - -] key_repository is world readable: /etc/keystone/fernet-keys/ 10.0.0.150 - - [17/Jul/2026:22:02:11 +0000] "POST /v3/auth/tokens HTTP/1.1" 201 1464 10.0.0.150 - - [17/Jul/2026:22:02:11 +0000] "GET /v3/services HTTP/1.1" 200 639 10.0.0.150 - - [17/Jul/2026:22:02:11 +0000] "GET /v3/services HTTP/1.1" 200 639 10.0.0.150 - - [17/Jul/2026:22:02:11 +0000] "GET /v3/services HTTP/1.1" 200 639 10.0.0.150 - - [17/Jul/2026:22:02:13 +0000] "GET / HTTP/1.1" 300 295
[Fri Jul 17 22:02:13.386416 2026] [wsgi:error] [pid 10:tid 140101299402432] [remote 10.0.0.150:52928] 2026-07-17 22:02:13.386 10 WARNING keystone.common.password_hashing [None req-d1e2085f-1b1a-496d-a6aa-72a922e10d0b - - - - - -] Truncating password to algorithm specific maximum length 72 characters. 10.0.0.150 - - [17/Jul/2026:22:02:13 +0000] "GET / HTTP/1.1" 300 295
[Fri Jul 17 22:02:13.433530 2026] [wsgi:error] [pid 9:tid 140101299402432] [remote 10.0.0.150:52936] 2026-07-17 22:02:13.433 9 WARNING keystone.common.password_hashing [None req-a7dad266-23f7-468c-886f-a638386c3c04 - - - - - -] Truncating password to algorithm specific maximum length 72 characters. 10.0.0.150 - - [17/Jul/2026:22:02:13 +0000] "GET / HTTP/1.1" 300 295
[Fri Jul 17 22:02:13.544187 2026] [wsgi:error] [pid 11:tid 140101299402432] [remote 10.0.0.150:52940] 2026-07-17 22:02:13.543 11 WARNING keystone.common.password_hashing [None req-b524e172-f947-4364-9a7e-f298b436252f - - - - - -] Truncating password to algorithm specific maximum length 72 characters.
[Fri Jul 17 22:02:13.685046 2026] [wsgi:error] [pid 10:tid 140101299402432] [remote 10.0.0.150:52928] 2026-07-17 22:02:13.684 10 WARNING keystone.common.fernet_utils [None req-d1e2085f-1b1a-496d-a6aa-72a922e10d0b - - - - - -] key_repository is world readable: /etc/keystone/fernet-keys/ 10.0.0.150 - - [17/Jul/2026:22:02:13 +0000] "POST /v3/auth/tokens HTTP/1.1" 201 1464
[Fri Jul 17 22:02:13.706098 2026] [wsgi:error] [pid 9:tid 140101299402432] [remote 10.0.0.150:52936] 2026-07-17 22:02:13.705 9 WARNING keystone.common.fernet_utils [None req-a7dad266-23f7-468c-886f-a638386c3c04 - - - - - -] key_repository is world readable: /etc/keystone/fernet-keys/ 10.0.0.150 - - [17/Jul/2026:22:02:13 +0000] "POST /v3/auth/tokens HTTP/1.1" 201 1464
[Fri Jul 17 22:02:13.831711 2026] [wsgi:error] [pid 11:tid 140101299402432] [remote 10.0.0.150:52940] 2026-07-17 22:02:13.831 11 WARNING keystone.common.fernet_utils [None req-b524e172-f947-4364-9a7e-f298b436252f - - - - - -] key_repository is world readable: /etc/keystone/fernet-keys/ 10.0.0.150 - - [17/Jul/2026:22:02:13 +0000] "GET /v3/endpoints HTTP/1.1" 200 1227 10.0.0.150 - - [17/Jul/2026:22:02:13 +0000] "POST /v3/auth/tokens HTTP/1.1" 201 1464 10.0.0.150 - - [17/Jul/2026:22:02:13 +0000] "GET /v3/endpoints HTTP/1.1" 200 1227 10.0.0.150 - - [17/Jul/2026:22:02:13 +0000] "GET /v3/services/2198d6ae25bf4a1394c5c364beb236fd HTTP/1.1" 200 233 10.0.0.150 - - [17/Jul/2026:22:02:13 +0000] "GET /v3/services/2198d6ae25bf4a1394c5c364beb236fd HTTP/1.1" 200 233 10.0.0.150 - - [17/Jul/2026:22:02:13 +0000] "GET /v3/services/2198d6ae25bf4a1394c5c364beb236fd HTTP/1.1" 200 233 10.0.0.150 - - [17/Jul/2026:22:02:13 +0000] "GET /v3/services/2198d6ae25bf4a1394c5c364beb236fd HTTP/1.1" 200 233 10.0.0.150 - - [17/Jul/2026:22:02:13 +0000] "GET /v3/services/2198d6ae25bf4a1394c5c364beb236fd HTTP/1.1" 200 233 10.0.0.150 - - [17/Jul/2026:22:02:13 +0000] "GET /v3/services/2198d6ae25bf4a1394c5c364beb236fd HTTP/1.1" 200 233 10.0.0.150 - - [17/Jul/2026:22:02:13 +0000] "GET /v3/endpoints HTTP/1.1" 200 1227 10.0.0.150 - - [17/Jul/2026:22:02:13 +0000] "GET /v3/services/2198d6ae25bf4a1394c5c364beb236fd HTTP/1.1" 200 233 10.0.0.150 - - [17/Jul/2026:22:02:14 +0000] "GET /v3/services/2198d6ae25bf4a1394c5c364beb236fd HTTP/1.1" 200 233 10.0.0.150 - - [17/Jul/2026:22:02:14 +0000] "GET /v3/services/2198d6ae25bf4a1394c5c364beb236fd HTTP/1.1" 200 233 10.0.0.150 - - [17/Jul/2026:22:02:15 +0000] "GET / HTTP/1.1" 300 295
[Fri Jul 17 22:02:15.630508 2026] [wsgi:error] [pid 10:tid 140101299402432] [remote 10.0.0.150:51948] 2026-07-17 22:02:15.630 10 WARNING keystone.common.password_hashing [None req-ba9a7319-982a-44d1-853e-ee8b5b11a52d - - - - - -] Truncating password to algorithm specific maximum length 72 characters. 10.0.0.150 - - [17/Jul/2026:22:02:15 +0000] "GET / HTTP/1.1" 300 295
[Fri Jul 17 22:02:15.882620 2026] [wsgi:error] [pid 12:tid 140101299402432] [remote 10.0.0.150:51958] 2026-07-17 22:02:15.882 12 WARNING keystone.common.password_hashing [None req-9d168082-4d83-4fde-b576-f930f1dd5681 - - - - - -] Truncating password to algorithm specific maximum length 72 characters. 10.0.0.150 - - [17/Jul/2026:22:02:15 +0000] "GET / HTTP/1.1" 300 295
[Fri Jul 17 22:02:15.916224 2026] [wsgi:error] [pid 9:tid 140101299402432] [remote 10.0.0.150:51972] 2026-07-17 22:02:15.915 9 WARNING keystone.common.password_hashing [None req-879a2f16-8e81-4307-be76-39797905cf1e - - - - - -] Truncating password to algorithm specific maximum length 72 characters.
[Fri Jul 17 22:02:15.950770 2026] [wsgi:error] [pid 10:tid 140101299402432] [remote 10.0.0.150:51948] 2026-07-17 22:02:15.950 10 WARNING keystone.common.fernet_utils [None req-ba9a7319-982a-44d1-853e-ee8b5b11a52d - - - - - -] key_repository is world readable: /etc/keystone/fernet-keys/ 10.0.0.150 - - [17/Jul/2026:22:02:15 +0000] "POST /v3/auth/tokens HTTP/1.1" 201 1464 10.0.0.150 - - [17/Jul/2026:22:02:16 +0000] "GET /v3/services/b5e67ec1d638426baff7ffbd3aa73252 HTTP/1.1" 200 296 10.0.0.150 - - [17/Jul/2026:22:02:16 +0000] "GET /v3/regions/RegionOne HTTP/1.1" 200 173
[Fri Jul 17 22:02:16.173254 2026] [wsgi:error] [pid 12:tid 140101299402432] [remote 10.0.0.150:51958] 2026-07-17 22:02:16.173 12 WARNING keystone.common.fernet_utils [None req-9d168082-4d83-4fde-b576-f930f1dd5681 - - - - - -] key_repository is world readable: /etc/keystone/fernet-keys/ 10.0.0.150 - - [17/Jul/2026:22:02:15 +0000] "POST /v3/auth/tokens HTTP/1.1" 201 1464
[Fri Jul 17 22:02:16.198000 2026] [wsgi:error] [pid 9:tid 140101299402432] [remote 10.0.0.150:51972] 2026-07-17 22:02:16.197 9 WARNING keystone.common.fernet_utils [None req-879a2f16-8e81-4307-be76-39797905cf1e - - - - - -] key_repository is world readable: /etc/keystone/fernet-keys/ 10.0.0.150 - - [17/Jul/2026:22:02:15 +0000] "POST /v3/auth/tokens HTTP/1.1" 201 1464 10.0.0.150 - - [17/Jul/2026:22:02:16 +0000] "GET /v3/services/b5e67ec1d638426baff7ffbd3aa73252 HTTP/1.1" 200 296 10.0.0.150 - - [17/Jul/2026:22:02:16 +0000] "GET /v3/services/b5e67ec1d638426baff7ffbd3aa73252 HTTP/1.1" 200 296 10.0.0.150 - - [17/Jul/2026:22:02:16 +0000] "POST /v3/endpoints HTTP/1.1" 201 383 10.0.0.150 - - [17/Jul/2026:22:02:16 +0000] "GET /v3/regions/RegionOne HTTP/1.1" 200 173 10.0.0.150 - - [17/Jul/2026:22:02:16 +0000] "GET /v3/regions/RegionOne HTTP/1.1" 200 173 10.0.0.150 - - [17/Jul/2026:22:02:16 +0000] "POST /v3/endpoints HTTP/1.1" 201 380 10.0.0.150 - - [17/Jul/2026:22:02:16 +0000] "POST /v3/endpoints HTTP/1.1" 201 370 10.0.0.150 - - [17/Jul/2026:22:02:18 +0000] "GET / HTTP/1.1" 300 295
[Fri Jul 17 22:02:18.077755 2026] [wsgi:error] [pid 10:tid 140101299402432] [remote 10.0.0.150:51988] 2026-07-17 22:02:18.077 10 WARNING keystone.common.password_hashing [None req-d549a31e-3eb9-4604-842c-32efe5cd1593 - - - - - -] Truncating password to algorithm specific maximum length 72 characters. 10.0.0.150 - - [17/Jul/2026:22:02:18 +0000] "GET / HTTP/1.1" 300 295
[Fri Jul 17 22:02:18.136581 2026] [wsgi:error] [pid 12:tid 140101299402432] [remote 10.0.0.150:51990] 2026-07-17 22:02:18.136 12 WARNING keystone.common.password_hashing [None req-c6cc7cc6-acd2-4ae9-954e-0f78c0c979b8 - - - - - -] Truncating password to algorithm specific maximum length 72 characters. 10.0.0.150 - - [17/Jul/2026:22:02:18 +0000] "GET / HTTP/1.1" 300 295
[Fri Jul 17 22:02:18.335274 2026] [wsgi:error] [pid 11:tid 140101299402432] [remote 10.0.0.150:51998] 2026-07-17 22:02:18.334 11 WARNING keystone.common.password_hashing [None req-8e041b4a-8d5d-4ed5-a8f0-0f48b58e6715 - - - - - -] Truncating password to algorithm specific maximum length 72 characters.
[Fri Jul 17 22:02:18.379454 2026] [wsgi:error] [pid 10:tid 140101299402432] [remote 10.0.0.150:51988] 2026-07-17 22:02:18.379 10 WARNING keystone.common.fernet_utils [None req-d549a31e-3eb9-4604-842c-32efe5cd1593 - - - - - -] key_repository is world readable: /etc/keystone/fernet-keys/ 10.0.0.150 - - [17/Jul/2026:22:02:18 +0000] "POST /v3/auth/tokens HTTP/1.1" 201 1992
[Fri Jul 17 22:02:18.424217 2026] [wsgi:error] [pid 12:tid 140101299402432] [remote 10.0.0.150:51990] 2026-07-17 22:02:18.424 12 WARNING keystone.common.fernet_utils [None req-c6cc7cc6-acd2-4ae9-954e-0f78c0c979b8 - - - - - -] key_repository is world readable: /etc/keystone/fernet-keys/ 10.0.0.150 - - [17/Jul/2026:22:02:18 +0000] "POST /v3/auth/tokens HTTP/1.1" 201 1992 10.0.0.150 - - [17/Jul/2026:22:02:18 +0000] "GET /v3/endpoints/1f0e71f23f1543d7aa69ac4f2173642c HTTP/1.1" 200 383 10.0.0.150 - - [17/Jul/2026:22:02:18 +0000] "GET /v3/services/b5e67ec1d638426baff7ffbd3aa73252 HTTP/1.1" 200 296 10.0.0.150 - - [17/Jul/2026:22:02:18 +0000] "GET /v3/endpoints/d9bd3b6f144a438d86bf78f39c442bb6 HTTP/1.1" 200 380 10.0.0.150 - - [17/Jul/2026:22:02:18 +0000] "GET /v3/services/b5e67ec1d638426baff7ffbd3aa73252 HTTP/1.1" 200 296
[Fri Jul 17 22:02:18.613277 2026] [wsgi:error] [pid 11:tid 140101299402432] [remote 10.0.0.150:51998] 2026-07-17 22:02:18.613 11 WARNING keystone.common.fernet_utils [None req-8e041b4a-8d5d-4ed5-a8f0-0f48b58e6715 - - - - - -] key_repository is world readable: /etc/keystone/fernet-keys/ 10.0.0.150 - - [17/Jul/2026:22:02:18 +0000] "POST /v3/auth/tokens HTTP/1.1" 201 1992 10.0.0.150 - - [17/Jul/2026:22:02:18 +0000] "GET /v3/endpoints/a4af349954be43de9d8282cbc19f3356 HTTP/1.1" 200 370 10.0.0.150 - - [17/Jul/2026:22:02:18 +0000] "GET /v3/services/b5e67ec1d638426baff7ffbd3aa73252 HTTP/1.1" 200 296 10.0.0.117 - - [17/Jul/2026:22:02:23 +0000] "GET /v3/ HTTP/1.1" 200 249 10.0.0.117 - - [17/Jul/2026:22:02:23 +0000] "GET /v3/ HTTP/1.1" 200 249 10.0.0.150 - - [17/Jul/2026:22:02:30 +0000] "GET / HTTP/1.1" 300 295
[Fri Jul 17 22:02:30.984660 2026] [wsgi:error] [pid 12:tid 140101299402432] [remote 10.0.0.150:56324] 2026-07-17 22:02:30.984 12 WARNING keystone.common.password_hashing [None req-4aff5c5b-e611-4fba-a076-d2f4fb226d21 - - - - - -] Truncating password to algorithm specific maximum length 72 characters.
[Fri Jul 17 22:02:31.275273 2026] [wsgi:error] [pid 12:tid 140101299402432] [remote 10.0.0.150:56324] 2026-07-17 22:02:31.275 12 WARNING keystone.common.fernet_utils [None req-4aff5c5b-e611-4fba-a076-d2f4fb226d21 - - - - - -] key_repository is world readable: /etc/keystone/fernet-keys/ 10.0.0.150 - - [17/Jul/2026:22:02:30 +0000] "POST /v3/auth/tokens HTTP/1.1" 201 1992 10.0.0.150 - - [17/Jul/2026:22:02:31 +0000] "POST /v3/domains HTTP/1.1" 201 284 10.0.0.150 - - [17/Jul/2026:22:02:33 +0000] "GET / HTTP/1.1" 300 295
[Fri Jul 17 22:02:33.413435 2026] [wsgi:error] [pid 10:tid 140101299402432] [remote 10.0.0.150:56330] 2026-07-17 22:02:33.413 10 WARNING keystone.common.password_hashing [None req-ce5170fb-36d4-48f1-bd5a-cd37690b5d0a - - - - - -] Truncating password to algorithm specific maximum length 72 characters.
[Fri Jul 17 22:02:33.694893 2026] [wsgi:error] [pid 10:tid 140101299402432] [remote 10.0.0.150:56330] 2026-07-17 22:02:33.694 10 WARNING keystone.common.fernet_utils [None req-ce5170fb-36d4-48f1-bd5a-cd37690b5d0a - - - - - -] key_repository is world readable: /etc/keystone/fernet-keys/ 10.0.0.150 - - [17/Jul/2026:22:02:33 +0000] "POST /v3/auth/tokens HTTP/1.1" 201 1992
[Fri Jul 17 22:02:33.895032 2026] [wsgi:error] [pid 12:tid 140101299402432] [remote 10.0.0.150:56330] 2026-07-17 22:02:33.881 12 ERROR keystone.server.flask.application [None req-b7c1c02a-9108-413c-b191-d19d121bac69 bd5769236fc646389633225406c46406 b3eb164166a442cf98b06915b60475bf - - default default] Conflict occurred attempting to store project - it is not permitted to have two projects acting as domains with the same name: service.: keystone.exception.Conflict: Conflict occurred attempting to store project - it is not permitted to have two projects acting as domains with the same name: service.
[Fri Jul 17 22:02:33.895063 2026] [wsgi:error] [pid 12:tid 140101299402432] [remote 10.0.0.150:56330] 2026-07-17 22:02:33.881 12 ERROR keystone.server.flask.application
Traceback (most recent call last):
[Fri Jul 17 22:02:33.895066 2026] [wsgi:error] [pid 12:tid 140101299402432] [remote 10.0.0.150:56330] 2026-07-17 22:02:33.881 12 ERROR keystone.server.flask.application
File "/var/lib/openstack/lib/python3.12/site-packages/sqlalchemy/engine/base.py", line 1969, in _exec_single_context
[Fri Jul 17 22:02:33.895067 2026] [wsgi:error] [pid 12:tid 140101299402432] [remote 10.0.0.150:56330] 2026-07-17 22:02:33.881 12 ERROR keystone.server.flask.application self.dialect.do_execute(
[Fri Jul 17 22:02:33.895069 2026] [wsgi:error] [pid 12:tid 140101299402432] [remote 10.0.0.150:56330] 2026-07-17 22:02:33.881 12 ERROR keystone.server.flask.application
File "/var/lib/openstack/lib/python3.12/site-packages/sqlalchemy/engine/default.py", line 952, in do_execute
[Fri Jul 17 22:02:33.895071 2026] [wsgi:error] [pid 12:tid 140101299402432] [remote 10.0.0.150:56330] 2026-07-17 22:02:33.881 12 ERROR keystone.server.flask.application cursor.execute(statement, parameters)
[Fri Jul 17 22:02:33.895073 2026] [wsgi:error] [pid 12:tid 140101299402432] [remote 10.0.0.150:56330] 2026-07-17 22:02:33.881 12 ERROR keystone.server.flask.application
File "/var/lib/openstack/lib/python3.12/site-packages/pymysql/cursors.py", line 159, in execute
[Fri Jul 17 22:02:33.895074 2026] [wsgi:error] [pid 12:tid 140101299402432] [remote 10.0.0.150:56330] 2026-07-17 22:02:33.881 12 ERROR keystone.server.flask.application result = self._query(query)
[Fri Jul 17 22:02:33.895076 2026] [wsgi:error] [pid 12:tid 140101299402432] [remote 10.0.0.150:56330] 2026-07-17 22:02:33.881 12 ERROR keystone.server.flask.application ^^^^^^^^^^^^^^^^^^
[Fri Jul 17 22:02:33.895077 2026] [wsgi:error] [pid 12:tid 140101299402432] [remote 10.0.0.150:56330] 2026-07-17 22:02:33.881 12 ERROR keystone.server.flask.application
File "/var/lib/openstack/lib/python3.12/site-packages/pymysql/cursors.py", line 330, in _query
[Fri Jul 17 22:02:33.895079 2026] [wsgi:error] [pid 12:tid 140101299402432] [remote 10.0.0.150:56330] 2026-07-17 22:02:33.881 12 ERROR keystone.server.flask.application conn.query(q)
[Fri Jul 17 22:02:33.895080 2026] [wsgi:error] [pid 12:tid 140101299402432] [remote 10.0.0.150:56330] 2026-07-17 22:02:33.881 12 ERROR keystone.server.flask.application
File "/var/lib/openstack/lib/python3.12/site-packages/pymysql/connections.py", line 582, in query
[Fri Jul 17 22:02:33.895082 2026] [wsgi:error] [pid 12:tid 140101299402432] [remote 10.0.0.150:56330] 2026-07-17 22:02:33.881 12 ERROR keystone.server.flask.application self._affected_rows = self._read_query_result(unbuffered=unbuffered)
[Fri Jul 17 22:02:33.895084 2026] [wsgi:error] [pid 12:tid 140101299402432] [remote 10.0.0.150:56330] 2026-07-17 22:02:33.881 12 ERROR keystone.server.flask.application ^^^^^^^^^^^^^^^^^^^^^^^^^^^^^^^^^^^^^^^^^^^^^^
[Fri Jul 17 22:02:33.895085 2026] [wsgi:error] [pid 12:tid 140101299402432] [remote 10.0.0.150:56330] 2026-07-17 22:02:33.881 12 ERROR keystone.server.flask.application
File "/var/lib/openstack/lib/python3.12/site-packages/pymysql/connections.py", line 847, in _read_query_result
[Fri Jul 17 22:02:33.895087 2026] [wsgi:error] [pid 12:tid 140101299402432] [remote 10.0.0.150:56330] 2026-07-17 22:02:33.881 12 ERROR keystone.server.flask.application result.read()
[Fri Jul 17 22:02:33.895092 2026] [wsgi:error] [pid 12:tid 140101299402432] [remote 10.0.0.150:56330] 2026-07-17 22:02:33.881 12 ERROR keystone.server.flask.application
File "/var/lib/openstack/lib/python3.12/site-packages/pymysql/connections.py", line 1245, in read
[Fri Jul 17 22:02:33.895094 2026] [wsgi:error] [pid 12:tid 140101299402432] [remote 10.0.0.150:56330] 2026-07-17 22:02:33.881 12 ERROR keystone.server.flask.application first_packet = self.connection._read_packet()
[Fri Jul 17 22:02:33.895095 2026] [wsgi:error] [pid 12:tid 140101299402432] [remote 10.0.0.150:56330] 2026-07-17 22:02:33.881 12 ERROR keystone.server.flask.application ^^^^^^^^^^^^^^^^^^^^^^^^^^^^^^
[Fri Jul 17 22:02:33.895096 2026] [wsgi:error] [pid 12:tid 140101299402432] [remote 10.0.0.150:56330] 2026-07-17 22:02:33.881 12 ERROR keystone.server.flask.application
File "/var/lib/openstack/lib/python3.12/site-packages/pymysql/connections.py", line 803, in _read_packet
[Fri Jul 17 22:02:33.895098 2026] [wsgi:error] [pid 12:tid 140101299402432] [remote 10.0.0.150:56330] 2026-07-17 22:02:33.881 12 ERROR keystone.server.flask.application packet.raise_for_error()
[Fri Jul 17 22:02:33.895099 2026] [wsgi:error] [pid 12:tid 140101299402432] [remote 10.0.0.150:56330] 2026-07-17 22:02:33.881 12 ERROR keystone.server.flask.application
File "/var/lib/openstack/lib/python3.12/site-packages/pymysql/protocol.py", line 219, in raise_for_error
[Fri Jul 17 22:02:33.895100 2026] [wsgi:error] [pid 12:tid 140101299402432] [remote 10.0.0.150:56330] 2026-07-17 22:02:33.881 12 ERROR keystone.server.flask.application err.raise_mysql_exception(self._data)
[Fri Jul 17 22:02:33.895102 2026] [wsgi:error] [pid 12:tid 140101299402432] [remote 10.0.0.150:56330] 2026-07-17 22:02:33.881 12 ERROR keystone.server.flask.application
File "/var/lib/openstack/lib/python3.12/site-packages/pymysql/err.py", line 154, in raise_mysql_exception
[Fri Jul 17 22:02:33.895103 2026] [wsgi:error] [pid 12:tid 140101299402432] [remote 10.0.0.150:56330] 2026-07-17 22:02:33.881 12 ERROR keystone.server.flask.application raise errorclass(errno, errval, sqlstate=sqlstate)
[Fri Jul 17 22:02:33.895105 2026] [wsgi:error] [pid 12:tid 140101299402432] [remote 10.0.0.150:56330] 2026-07-17 22:02:33.881 12 ERROR keystone.server.flask.application pymysql.err.IntegrityError: (1062, "Duplicate entry '<>-service' for key 'project.ixu_project_name_domain_id'")
[Fri Jul 17 22:02:33.895106 2026] [wsgi:error] [pid 12:tid 140101299402432] [remote 10.0.0.150:56330] 2026-07-17 22:02:33.881 12 ERROR keystone.server.flask.application
[Fri Jul 17 22:02:33.895108 2026] [wsgi:error] [pid 12:tid 140101299402432] [remote 10.0.0.150:56330] 2026-07-17 22:02:33.881 12 ERROR keystone.server.flask.application The above exception was the direct cause of the following exception:
[Fri Jul 17 22:02:33.895109 2026] [wsgi:error] [pid 12:tid 140101299402432] [remote 10.0.0.150:56330] 2026-07-17 22:02:33.881 12 ERROR keystone.server.flask.application
[Fri Jul 17 22:02:33.895110 2026] [wsgi:error] [pid 12:tid 140101299402432] [remote 10.0.0.150:56330] 2026-07-17 22:02:33.881 12 ERROR keystone.server.flask.application
Traceback (most recent call last):
[Fri Jul 17 22:02:33.895111 2026] [wsgi:error] [pid 12:tid 140101299402432] [remote 10.0.0.150:56330] 2026-07-17 22:02:33.881 12 ERROR keystone.server.flask.application
File "/var/lib/openstack/lib/python3.12/site-packages/keystone/common/sql/core.py", line 575, in wrapper
[Fri Jul 17 22:02:33.895113 2026] [wsgi:error] [pid 12:tid 140101299402432] [remote 10.0.0.150:56330] 2026-07-17 22:02:33.881 12 ERROR keystone.server.flask.application return method(*args, **kwargs)
[Fri Jul 17 22:02:33.895114 2026] [wsgi:error] [pid 12:tid 140101299402432] [remote 10.0.0.150:56330] 2026-07-17 22:02:33.881 12 ERROR keystone.server.flask.application ^^^^^^^^^^^^^^^^^^^^^^^
[Fri Jul 17 22:02:33.895117 2026] [wsgi:error] [pid 12:tid 140101299402432] [remote 10.0.0.150:56330] 2026-07-17 22:02:33.881 12 ERROR keystone.server.flask.application
File "/var/lib/openstack/lib/python3.12/site-packages/keystone/resource/backends/sql.py", line 278, in create_project
[Fri Jul 17 22:02:33.895118 2026] [wsgi:error] [pid 12:tid 140101299402432] [remote 10.0.0.150:56330] 2026-07-17 22:02:33.881 12 ERROR keystone.server.flask.application with sql.session_for_write() as session:
[Fri Jul 17 22:02:33.895119 2026] [wsgi:error] [pid 12:tid 140101299402432] [remote 10.0.0.150:56330] 2026-07-17 22:02:33.881 12 ERROR keystone.server.flask.application
File "/usr/lib/python3.12/contextlib.py", line 144, in __exit__
[Fri Jul 17 22:02:33.895121 2026] [wsgi:error] [pid 12:tid 140101299402432] [remote 10.0.0.150:56330] 2026-07-17 22:02:33.881 12 ERROR keystone.server.flask.application next(self.gen)
[Fri Jul 17 22:02:33.895122 2026] [wsgi:error] [pid 12:tid 140101299402432] [remote 10.0.0.150:56330] 2026-07-17 22:02:33.881 12 ERROR keystone.server.flask.application
File "/var/lib/openstack/lib/python3.12/site-packages/oslo_db/sqlalchemy/enginefacade.py", line 1175, in _transaction_scope
[Fri Jul 17 22:02:33.895136 2026] [wsgi:error] [pid 12:tid 140101299402432] [remote 10.0.0.150:56330] 2026-07-17 22:02:33.881 12 ERROR keystone.server.flask.application with current._produce_block(
[Fri Jul 17 22:02:33.895137 2026] [wsgi:error] [pid 12:tid 140101299402432] [remote 10.0.0.150:56330] 2026-07-17 22:02:33.881 12 ERROR keystone.server.flask.application
File "/usr/lib/python3.12/contextlib.py", line 144, in __exit__
[Fri Jul 17 22:02:33.895139 2026] [wsgi:error] [pid 12:tid 140101299402432] [remote 10.0.0.150:56330] 2026-07-17 22:02:33.881 12 ERROR keystone.server.flask.application next(self.gen)
[Fri Jul 17 22:02:33.895140 2026] [wsgi:error] [pid 12:tid 140101299402432] [remote 10.0.0.150:56330] 2026-07-17 22:02:33.881 12 ERROR keystone.server.flask.application
File "/var/lib/openstack/lib/python3.12/site-packages/oslo_db/sqlalchemy/enginefacade.py", line 837, in _session
[Fri Jul 17 22:02:33.895141 2026] [wsgi:error] [pid 12:tid 140101299402432] [remote 10.0.0.150:56330] 2026-07-17 22:02:33.881 12 ERROR keystone.server.flask.application with excutils.save_and_reraise_exception():
[Fri Jul 17 22:02:33.895143 2026] [wsgi:error] [pid 12:tid 140101299402432] [remote 10.0.0.150:56330] 2026-07-17 22:02:33.881 12 ERROR keystone.server.flask.application
File "/var/lib/openstack/lib/python3.12/site-packages/oslo_utils/excutils.py", line 266, in __exit__
[Fri Jul 17 22:02:33.895144 2026] [wsgi:error] [pid 12:tid 140101299402432] [remote 10.0.0.150:56330] 2026-07-17 22:02:33.881 12 ERROR keystone.server.flask.application self.force_reraise()
[Fri Jul 17 22:02:33.895145 2026] [wsgi:error] [pid 12:tid 140101299402432] [remote 10.0.0.150:56330] 2026-07-17 22:02:33.881 12 ERROR keystone.server.flask.application
File "/var/lib/openstack/lib/python3.12/site-packages/oslo_utils/excutils.py", line 232, in force_reraise
[Fri Jul 17 22:02:33.895147 2026] [wsgi:error] [pid 12:tid 140101299402432] [remote 10.0.0.150:56330] 2026-07-17 22:02:33.881 12 ERROR keystone.server.flask.application raise self.value
[Fri Jul 17 22:02:33.895148 2026] [wsgi:error] [pid 12:tid 140101299402432] [remote 10.0.0.150:56330] 2026-07-17 22:02:33.881 12 ERROR keystone.server.flask.application
File "/var/lib/openstack/lib/python3.12/site-packages/oslo_db/sqlalchemy/enginefacade.py", line 835, in _session
[Fri Jul 17 22:02:33.895150 2026] [wsgi:error] [pid 12:tid 140101299402432] [remote 10.0.0.150:56330] 2026-07-17 22:02:33.881 12 ERROR keystone.server.flask.application self._end_session_transaction(self.session)
[Fri Jul 17 22:02:33.895151 2026] [wsgi:error] [pid 12:tid 140101299402432] [remote 10.0.0.150:56330] 2026-07-17 22:02:33.881 12 ERROR keystone.server.flask.application
File "/var/lib/openstack/lib/python3.12/site-packages/oslo_db/sqlalchemy/enginefacade.py", line 748, in _end_session_transaction
[Fri Jul 17 22:02:33.895154 2026] [wsgi:error] [pid 12:tid 140101299402432] [remote 10.0.0.150:56330] 2026-07-17 22:02:33.881 12 ERROR keystone.server.flask.application session.commit()
[Fri Jul 17 22:02:33.895155 2026] [wsgi:error] [pid 12:tid 140101299402432] [remote 10.0.0.150:56330] 2026-07-17 22:02:33.881 12 ERROR keystone.server.flask.application
File "/var/lib/openstack/lib/python3.12/site-packages/sqlalchemy/orm/session.py", line 2034, in commit
[Fri Jul 17 22:02:33.895156 2026] [wsgi:error] [pid 12:tid 140101299402432] [remote 10.0.0.150:56330] 2026-07-17 22:02:33.881 12 ERROR keystone.server.flask.application trans.commit(_to_root=True)
[Fri Jul 17 22:02:33.895158 2026] [wsgi:error] [pid 12:tid 140101299402432] [remote 10.0.0.150:56330] 2026-07-17 22:02:33.881 12 ERROR keystone.server.flask.application File "", line 2, in commit
[Fri Jul 17 22:02:33.895159 2026] [wsgi:error] [pid 12:tid 140101299402432] [remote 10.0.0.150:56330] 2026-07-17 22:02:33.881 12 ERROR keystone.server.flask.application
File "/var/lib/openstack/lib/python3.12/site-packages/sqlalchemy/orm/state_changes.py", line 137, in _go
[Fri Jul 17 22:02:33.895160 2026] [wsgi:error] [pid 12:tid 140101299402432] [remote 10.0.0.150:56330] 2026-07-17 22:02:33.881 12 ERROR keystone.server.flask.application ret_value = fn(self, *arg, **kw)
[Fri Jul 17 22:02:33.895162 2026] [wsgi:error] [pid 12:tid 140101299402432] [remote 10.0.0.150:56330] 2026-07-17 22:02:33.881 12 ERROR keystone.server.flask.application ^^^^^^^^^^^^^^^^^^^^
[Fri Jul 17 22:02:33.895163 2026] [wsgi:error] [pid 12:tid 140101299402432] [remote 10.0.0.150:56330] 2026-07-17 22:02:33.881 12 ERROR keystone.server.flask.application
File "/var/lib/openstack/lib/python3.12/site-packages/sqlalchemy/orm/session.py", line 1315, in commit
[Fri Jul 17 22:02:33.895164 2026] [wsgi:error] [pid 12:tid 140101299402432] [remote 10.0.0.150:56330] 2026-07-17 22:02:33.881 12 ERROR keystone.server.flask.application self._prepare_impl()
[Fri Jul 17 22:02:33.895166 2026] [wsgi:error] [pid 12:tid 140101299402432] [remote 10.0.0.150:56330] 2026-07-17 22:02:33.881 12 ERROR keystone.server.flask.application File "", line 2, in _prepare_impl
[Fri Jul 17 22:02:33.895167 2026] [wsgi:error] [pid 12:tid 140101299402432] [remote 10.0.0.150:56330] 2026-07-17 22:02:33.881 12 ERROR keystone.server.flask.application
File "/var/lib/openstack/lib/python3.12/site-packages/sqlalchemy/orm/state_changes.py", line 137, in _go
[Fri Jul 17 22:02:33.895169 2026] [wsgi:error] [pid 12:tid 140101299402432] [remote 10.0.0.150:56330] 2026-07-17 22:02:33.881 12 ERROR keystone.server.flask.application ret_value = fn(self, *arg, **kw)
[Fri Jul 17 22:02:33.895170 2026] [wsgi:error] [pid 12:tid 140101299402432] [remote 10.0.0.150:56330] 2026-07-17 22:02:33.881 12 ERROR keystone.server.flask.application ^^^^^^^^^^^^^^^^^^^^
[Fri Jul 17 22:02:33.895171 2026] [wsgi:error] [pid 12:tid 140101299402432] [remote 10.0.0.150:56330] 2026-07-17 22:02:33.881 12 ERROR keystone.server.flask.application
File "/var/lib/openstack/lib/python3.12/site-packages/sqlalchemy/orm/session.py", line 1290, in _prepare_impl
[Fri Jul 17 22:02:33.895173 2026] [wsgi:error] [pid 12:tid 140101299402432] [remote 10.0.0.150:56330] 2026-07-17 22:02:33.881 12 ERROR keystone.server.flask.application self.session.flush()
[Fri Jul 17 22:02:33.895174 2026] [wsgi:error] [pid 12:tid 140101299402432] [remote 10.0.0.150:56330] 2026-07-17 22:02:33.881 12 ERROR keystone.server.flask.application
File "/var/lib/openstack/lib/python3.12/site-packages/sqlalchemy/orm/session.py", line 4352, in flush
[Fri Jul 17 22:02:33.895175 2026] [wsgi:error] [pid 12:tid 140101299402432] [remote 10.0.0.150:56330] 2026-07-17 22:02:33.881 12 ERROR keystone.server.flask.application self._flush(objects)
[Fri Jul 17 22:02:33.895178 2026] [wsgi:error] [pid 12:tid 140101299402432] [remote 10.0.0.150:56330] 2026-07-17 22:02:33.881 12 ERROR keystone.server.flask.application
File "/var/lib/openstack/lib/python3.12/site-packages/sqlalchemy/orm/session.py", line 4487, in _flush
[Fri Jul 17 22:02:33.895179 2026] [wsgi:error] [pid 12:tid 140101299402432] [remote 10.0.0.150:56330] 2026-07-17 22:02:33.881 12 ERROR keystone.server.flask.application with util.safe_reraise():
[Fri Jul 17 22:02:33.895180 2026] [wsgi:error] [pid 12:tid 140101299402432] [remote 10.0.0.150:56330] 2026-07-17 22:02:33.881 12 ERROR keystone.server.flask.application
File "/var/lib/openstack/lib/python3.12/site-packages/sqlalchemy/util/langhelpers.py", line 122, in __exit__
[Fri Jul 17 22:02:33.895182 2026] [wsgi:error] [pid 12:tid 140101299402432] [remote 10.0.0.150:56330] 2026-07-17 22:02:33.881 12 ERROR keystone.server.flask.application raise exc_value.with_traceback(exc_tb)
[Fri Jul 17 22:02:33.895183 2026] [wsgi:error] [pid 12:tid 140101299402432] [remote 10.0.0.150:56330] 2026-07-17 22:02:33.881 12 ERROR keystone.server.flask.application
File "/var/lib/openstack/lib/python3.12/site-packages/sqlalchemy/orm/session.py", line 4448, in _flush
[Fri Jul 17 22:02:33.895184 2026] [wsgi:error] [pid 12:tid 140101299402432] [remote 10.0.0.150:56330] 2026-07-17 22:02:33.881 12 ERROR keystone.server.flask.application flush_context.execute()
