Apr 22 13:16:10.995677 np0000169315 systemd[1]: Starting devstack@n-api-meta.service - Devstack devstack@n-api-meta.service...
Apr 22 13:16:11.004232 np0000169315 devstack@n-api-meta.service[109698]: [uWSGI] getting INI configuration from /etc/nova/nova-metadata-uwsgi.ini
Apr 22 13:16:11.004232 np0000169315 devstack@n-api-meta.service[109698]: open("./http_plugin.so"): No such file or directory [core/utils.c line 3709]
Apr 22 13:16:11.004232 np0000169315 devstack@n-api-meta.service[109698]: !!! UNABLE to load uWSGI plugin: ./http_plugin.so: cannot open shared object file: No such file or directory !!!
Apr 22 13:16:11.004232 np0000169315 devstack@n-api-meta.service[109698]: open("./python3_plugin.so"): No such file or directory [core/utils.c line 3709]
Apr 22 13:16:11.004232 np0000169315 devstack@n-api-meta.service[109698]: !!! UNABLE to load uWSGI plugin: ./python3_plugin.so: cannot open shared object file: No such file or directory !!!
Apr 22 13:16:11.005221 np0000169315 devstack@n-api-meta.service[109698]: *** Starting uWSGI 2.0.31 (64bit) on [Wed Apr 22 13:16:11 2026] ***
Apr 22 13:16:11.005221 np0000169315 devstack@n-api-meta.service[109698]: compiled with version: 13.3.0 on 22 April 2026 13:02:17
Apr 22 13:16:11.005221 np0000169315 devstack@n-api-meta.service[109698]: os: Linux-6.8.0-110-generic #110-Ubuntu SMP PREEMPT_DYNAMIC Thu Mar 19 15:09:20 UTC 2026
Apr 22 13:16:11.005221 np0000169315 devstack@n-api-meta.service[109698]: nodename: np0000169315
Apr 22 13:16:11.005221 np0000169315 devstack@n-api-meta.service[109698]: machine: x86_64
Apr 22 13:16:11.005221 np0000169315 devstack@n-api-meta.service[109698]: clock source: unix
Apr 22 13:16:11.005221 np0000169315 devstack@n-api-meta.service[109698]: pcre jit disabled
Apr 22 13:16:11.005221 np0000169315 devstack@n-api-meta.service[109698]: detected number of CPU cores: 16
Apr 22 13:16:11.005221 np0000169315 devstack@n-api-meta.service[109698]: current working directory: /
Apr 22 13:16:11.005221 np0000169315 devstack@n-api-meta.service[109698]: detected binary path: /opt/stack/data/venv/bin/uwsgi
Apr 22 13:16:11.005221 np0000169315 devstack@n-api-meta.service[109698]: your processes number limit is 256917
Apr 22 13:16:11.005221 np0000169315 devstack@n-api-meta.service[109698]: your memory page size is 4096 bytes
Apr 22 13:16:11.005221 np0000169315 devstack@n-api-meta.service[109698]: detected max file descriptor number: 2048
Apr 22 13:16:11.005221 np0000169315 devstack@n-api-meta.service[109698]: lock engine: pthread robust mutexes
Apr 22 13:16:11.005221 np0000169315 devstack@n-api-meta.service[109698]: thunder lock: enabled
Apr 22 13:16:11.005221 np0000169315 devstack@n-api-meta.service[109698]: uWSGI http bound on 0.0.0.0:8775 fd 5
Apr 22 13:16:11.005221 np0000169315 devstack@n-api-meta.service[109698]: uwsgi socket 0 bound to TCP address 127.0.0.1:34733 (port auto-assigned) fd 4
Apr 22 13:16:11.005221 np0000169315 devstack@n-api-meta.service[109698]: Python version: 3.12.3 (main, Mar 23 2026, 19:04:32) [GCC 13.3.0]
Apr 22 13:16:11.005221 np0000169315 devstack@n-api-meta.service[109698]: PEP 405 virtualenv detected: /opt/stack/data/venv
Apr 22 13:16:11.005221 np0000169315 devstack@n-api-meta.service[109698]: Set PythonHome to /opt/stack/data/venv
Apr 22 13:16:11.040162 np0000169315 devstack@n-api-meta.service[109698]: Python main interpreter initialized at 0x7f912bca3668
Apr 22 13:16:11.040162 np0000169315 devstack@n-api-meta.service[109698]: python threads support enabled
Apr 22 13:16:11.040162 np0000169315 devstack@n-api-meta.service[109698]: your server socket listen backlog is limited to 100 connections
Apr 22 13:16:11.040162 np0000169315 devstack@n-api-meta.service[109698]: your mercy for graceful operations on workers is 80 seconds
Apr 22 13:16:11.040650 np0000169315 devstack@n-api-meta.service[109698]: mapped 671795 bytes (656 KB) for 4 cores
Apr 22 13:16:11.040817 np0000169315 devstack@n-api-meta.service[109698]: *** Operational MODE: preforking ***
Apr 22 13:16:11.041115 np0000169315 devstack@n-api-meta.service[109698]: *** uWSGI is running in multiple interpreter mode ***
Apr 22 13:16:11.041115 np0000169315 devstack@n-api-meta.service[109698]: spawned uWSGI master process (pid: 109698)
Apr 22 13:16:11.041341 np0000169315 systemd[1]: Started devstack@n-api-meta.service - Devstack devstack@n-api-meta.service.
Apr 22 13:16:11.041757 np0000169315 devstack@n-api-meta.service[109698]: spawned uWSGI worker 1 (pid: 109699, cores: 1)
Apr 22 13:16:11.042247 np0000169315 devstack@n-api-meta.service[109698]: spawned uWSGI worker 2 (pid: 109700, cores: 1)
Apr 22 13:16:11.042642 np0000169315 devstack@n-api-meta.service[109698]: spawned uWSGI worker 3 (pid: 109701, cores: 1)
Apr 22 13:16:11.043129 np0000169315 devstack@n-api-meta.service[109698]: spawned uWSGI worker 4 (pid: 109702, cores: 1)
Apr 22 13:16:11.043737 np0000169315 devstack@n-api-meta.service[109698]: spawned uWSGI http 1 (pid: 109703)
Apr 22 13:16:11.043737 np0000169315 devstack@n-api-meta.service[109698]: running "unix_signal:15 gracefully_kill_them_all" (master-start)...
Apr 22 13:16:11.376449 np0000169315 devstack@n-api-meta.service[109700]: /opt/stack/data/venv/lib/python3.12/site-packages/oslo_concurrency/lockutils.py:41: EventletDeprecationWarning:
Apr 22 13:16:11.376449 np0000169315 devstack@n-api-meta.service[109700]: Eventlet is deprecated. It is currently being maintained in bugfix mode, and
Apr 22 13:16:11.376449 np0000169315 devstack@n-api-meta.service[109700]: we strongly recommend against using it for new projects.
Apr 22 13:16:11.376449 np0000169315 devstack@n-api-meta.service[109700]: If you are already using Eventlet, we recommend migrating to a different
Apr 22 13:16:11.376449 np0000169315 devstack@n-api-meta.service[109700]: framework. For more detail see
Apr 22 13:16:11.376449 np0000169315 devstack@n-api-meta.service[109700]: https://eventlet.readthedocs.io/en/latest/asyncio/migration.html
Apr 22 13:16:11.376449 np0000169315 devstack@n-api-meta.service[109700]: import eventlet
Apr 22 13:16:11.393440 np0000169315 devstack@n-api-meta.service[109702]: /opt/stack/data/venv/lib/python3.12/site-packages/oslo_concurrency/lockutils.py:41: EventletDeprecationWarning:
Apr 22 13:16:11.393440 np0000169315 devstack@n-api-meta.service[109702]: Eventlet is deprecated. It is currently being maintained in bugfix mode, and
Apr 22 13:16:11.393440 np0000169315 devstack@n-api-meta.service[109702]: we strongly recommend against using it for new projects.
Apr 22 13:16:11.393440 np0000169315 devstack@n-api-meta.service[109702]: If you are already using Eventlet, we recommend migrating to a different
Apr 22 13:16:11.393440 np0000169315 devstack@n-api-meta.service[109702]: framework. For more detail see
Apr 22 13:16:11.393440 np0000169315 devstack@n-api-meta.service[109702]: https://eventlet.readthedocs.io/en/latest/asyncio/migration.html
Apr 22 13:16:11.393440 np0000169315 devstack@n-api-meta.service[109702]: import eventlet
Apr 22 13:16:11.393910 np0000169315 devstack@n-api-meta.service[109699]: /opt/stack/data/venv/lib/python3.12/site-packages/oslo_concurrency/lockutils.py:41: EventletDeprecationWarning:
Apr 22 13:16:11.393910 np0000169315 devstack@n-api-meta.service[109699]: Eventlet is deprecated. It is currently being maintained in bugfix mode, and
Apr 22 13:16:11.393910 np0000169315 devstack@n-api-meta.service[109699]: we strongly recommend against using it for new projects.
Apr 22 13:16:11.393910 np0000169315 devstack@n-api-meta.service[109699]: If you are already using Eventlet, we recommend migrating to a different
Apr 22 13:16:11.393910 np0000169315 devstack@n-api-meta.service[109699]: framework. For more detail see
Apr 22 13:16:11.393910 np0000169315 devstack@n-api-meta.service[109699]: https://eventlet.readthedocs.io/en/latest/asyncio/migration.html
Apr 22 13:16:11.393910 np0000169315 devstack@n-api-meta.service[109699]: import eventlet
Apr 22 13:16:11.400036 np0000169315 devstack@n-api-meta.service[109701]: /opt/stack/data/venv/lib/python3.12/site-packages/oslo_concurrency/lockutils.py:41: EventletDeprecationWarning:
Apr 22 13:16:11.400036 np0000169315 devstack@n-api-meta.service[109701]: Eventlet is deprecated. It is currently being maintained in bugfix mode, and
Apr 22 13:16:11.400036 np0000169315 devstack@n-api-meta.service[109701]: we strongly recommend against using it for new projects.
Apr 22 13:16:11.400036 np0000169315 devstack@n-api-meta.service[109701]: If you are already using Eventlet, we recommend migrating to a different
Apr 22 13:16:11.400036 np0000169315 devstack@n-api-meta.service[109701]: framework. For more detail see
Apr 22 13:16:11.400036 np0000169315 devstack@n-api-meta.service[109701]: https://eventlet.readthedocs.io/en/latest/asyncio/migration.html
Apr 22 13:16:11.400036 np0000169315 devstack@n-api-meta.service[109701]: import eventlet
Apr 22 13:16:11.427404 np0000169315 devstack@n-api-meta.service[109700]: Service is starting with native threading. This is currently experimental. Do not use it in production without first testing it in pre-production.
Apr 22 13:16:11.443633 np0000169315 devstack@n-api-meta.service[109702]: Service is starting with native threading. This is currently experimental. Do not use it in production without first testing it in pre-production.
Apr 22 13:16:11.447616 np0000169315 devstack@n-api-meta.service[109699]: Service is starting with native threading. This is currently experimental. Do not use it in production without first testing it in pre-production.
Apr 22 13:16:11.448783 np0000169315 devstack@n-api-meta.service[109701]: Service is starting with native threading. This is currently experimental. Do not use it in production without first testing it in pre-production.
Apr 22 13:16:12.930895 np0000169315 devstack@n-api-meta.service[109701]: INFO dbcounter [None req-e9b627c9-85c9-40a4-b40f-f7c82d9d5c9d None None] Registered counter for database nova_api
Apr 22 13:16:12.949883 np0000169315 devstack@n-api-meta.service[109701]: DEBUG oslo_db.sqlalchemy.engines [None req-e9b627c9-85c9-40a4-b40f-f7c82d9d5c9d None None] MySQL server mode set to STRICT_TRANS_TABLES,STRICT_ALL_TABLES,NO_ZERO_IN_DATE,NO_ZERO_DATE,ERROR_FOR_DIVISION_BY_ZERO,TRADITIONAL,NO_ENGINE_SUBSTITUTION {{(pid=109701) _check_effective_sql_mode /opt/stack/data/venv/lib/python3.12/site-packages/oslo_db/sqlalchemy/engines.py:325}}
Apr 22 13:16:12.977020 np0000169315 devstack@n-api-meta.service[109700]: INFO dbcounter [None req-36f0c2d8-f4c3-4ba6-9618-dfb6c9651a53 None None] Registered counter for database nova_api
Apr 22 13:16:12.985655 np0000169315 devstack@n-api-meta.service[109701]: DEBUG dbcounter [-] [109701] Writer thread running {{(pid=109701) stat_writer /opt/stack/data/venv/lib/python3.12/site-packages/dbcounter.py:102}}
Apr 22 13:16:12.988079 np0000169315 devstack@n-api-meta.service[109701]: DEBUG nova.context [None req-e9b627c9-85c9-40a4-b40f-f7c82d9d5c9d None None] Found 2 cells: 00000000-0000-0000-0000-000000000000(cell0),7936fc73-298c-4b38-95ac-5b75b0fc7252(cell1) {{(pid=109701) load_cells /opt/stack/nova/nova/context.py:509}}
Apr 22 13:16:12.988367 np0000169315 devstack@n-api-meta.service[109701]: INFO nova.utils [None req-e9b627c9-85c9-40a4-b40f-f7c82d9d5c9d None None] The cell worker thread pool MainProcess.cell_worker is initialized
Apr 22 13:16:12.990686 np0000169315 devstack@n-api-meta.service[109701]: DEBUG oslo_concurrency.lockutils [None req-e9b627c9-85c9-40a4-b40f-f7c82d9d5c9d None None] Acquiring lock "00000000-0000-0000-0000-000000000000" by "nova.context.set_target_cell..get_or_set_cached_cell_and_set_connections" {{(pid=109701) inner /opt/stack/data/venv/lib/python3.12/site-packages/oslo_concurrency/lockutils.py:506}}
Apr 22 13:16:12.990848 np0000169315 devstack@n-api-meta.service[109701]: DEBUG oslo_concurrency.lockutils [None req-e9b627c9-85c9-40a4-b40f-f7c82d9d5c9d None None] Lock "00000000-0000-0000-0000-000000000000" acquired by "nova.context.set_target_cell..get_or_set_cached_cell_and_set_connections" :: waited 0.000s {{(pid=109701) inner /opt/stack/data/venv/lib/python3.12/site-packages/oslo_concurrency/lockutils.py:519}}
Apr 22 13:16:12.991264 np0000169315 devstack@n-api-meta.service[109701]: DEBUG oslo_concurrency.lockutils [None req-e9b627c9-85c9-40a4-b40f-f7c82d9d5c9d None None] Lock "00000000-0000-0000-0000-000000000000" "released" by "nova.context.set_target_cell..get_or_set_cached_cell_and_set_connections" :: held 0.000s {{(pid=109701) inner /opt/stack/data/venv/lib/python3.12/site-packages/oslo_concurrency/lockutils.py:538}}
Apr 22 13:16:12.991901 np0000169315 devstack@n-api-meta.service[109701]: DEBUG oslo_concurrency.lockutils [None req-e9b627c9-85c9-40a4-b40f-f7c82d9d5c9d None None] Acquiring lock "7936fc73-298c-4b38-95ac-5b75b0fc7252" by "nova.context.set_target_cell..get_or_set_cached_cell_and_set_connections" {{(pid=109701) inner /opt/stack/data/venv/lib/python3.12/site-packages/oslo_concurrency/lockutils.py:506}}
Apr 22 13:16:12.992100 np0000169315 devstack@n-api-meta.service[109701]: DEBUG oslo_concurrency.lockutils [None req-e9b627c9-85c9-40a4-b40f-f7c82d9d5c9d None None] Lock "7936fc73-298c-4b38-95ac-5b75b0fc7252" acquired by "nova.context.set_target_cell..get_or_set_cached_cell_and_set_connections" :: waited 0.000s {{(pid=109701) inner /opt/stack/data/venv/lib/python3.12/site-packages/oslo_concurrency/lockutils.py:519}}
Apr 22 13:16:12.993050 np0000169315 devstack@n-api-meta.service[109701]: DEBUG oslo_concurrency.lockutils [None req-e9b627c9-85c9-40a4-b40f-f7c82d9d5c9d None None] Lock "7936fc73-298c-4b38-95ac-5b75b0fc7252" "released" by "nova.context.set_target_cell..get_or_set_cached_cell_and_set_connections" :: held 0.001s {{(pid=109701) inner /opt/stack/data/venv/lib/python3.12/site-packages/oslo_concurrency/lockutils.py:538}}
Apr 22 13:16:12.993117 np0000169315 devstack@n-api-meta.service[109700]: DEBUG oslo_db.sqlalchemy.engines [None req-36f0c2d8-f4c3-4ba6-9618-dfb6c9651a53 None None] MySQL server mode set to STRICT_TRANS_TABLES,STRICT_ALL_TABLES,NO_ZERO_IN_DATE,NO_ZERO_DATE,ERROR_FOR_DIVISION_BY_ZERO,TRADITIONAL,NO_ENGINE_SUBSTITUTION {{(pid=109700) _check_effective_sql_mode /opt/stack/data/venv/lib/python3.12/site-packages/oslo_db/sqlalchemy/engines.py:325}}
Apr 22 13:16:12.994980 np0000169315 devstack@n-api-meta.service[109701]: INFO dbcounter [None req-e9b627c9-85c9-40a4-b40f-f7c82d9d5c9d None None] Registered counter for database nova_cell0
Apr 22 13:16:12.999158 np0000169315 devstack@n-api-meta.service[109701]: INFO dbcounter [None req-e9b627c9-85c9-40a4-b40f-f7c82d9d5c9d None None] Registered counter for database nova_cell1
Apr 22 13:16:13.000385 np0000169315 devstack@n-api-meta.service[109702]: INFO dbcounter [None req-e50aa7e5-85a5-4e00-8e3f-21a9c706879c None None] Registered counter for database nova_api
Apr 22 13:16:13.005841 np0000169315 devstack@n-api-meta.service[109699]: INFO dbcounter [None req-135f3be1-a2f6-410e-8797-1938a254c9b6 None None] Registered counter for database nova_api
Apr 22 13:16:13.007938 np0000169315 devstack@n-api-meta.service[109701]: DEBUG oslo_db.sqlalchemy.engines [None req-e9b627c9-85c9-40a4-b40f-f7c82d9d5c9d None None] MySQL server mode set to STRICT_TRANS_TABLES,STRICT_ALL_TABLES,NO_ZERO_IN_DATE,NO_ZERO_DATE,ERROR_FOR_DIVISION_BY_ZERO,TRADITIONAL,NO_ENGINE_SUBSTITUTION {{(pid=109701) _check_effective_sql_mode /opt/stack/data/venv/lib/python3.12/site-packages/oslo_db/sqlalchemy/engines.py:325}}
Apr 22 13:16:13.013462 np0000169315 devstack@n-api-meta.service[109701]: DEBUG oslo_db.sqlalchemy.engines [None req-e9b627c9-85c9-40a4-b40f-f7c82d9d5c9d None None] MySQL server mode set to STRICT_TRANS_TABLES,STRICT_ALL_TABLES,NO_ZERO_IN_DATE,NO_ZERO_DATE,ERROR_FOR_DIVISION_BY_ZERO,TRADITIONAL,NO_ENGINE_SUBSTITUTION {{(pid=109701) _check_effective_sql_mode /opt/stack/data/venv/lib/python3.12/site-packages/oslo_db/sqlalchemy/engines.py:325}}
Apr 22 13:16:13.019372 np0000169315 devstack@n-api-meta.service[109702]: DEBUG oslo_db.sqlalchemy.engines [None req-e50aa7e5-85a5-4e00-8e3f-21a9c706879c None None] MySQL server mode set to STRICT_TRANS_TABLES,STRICT_ALL_TABLES,NO_ZERO_IN_DATE,NO_ZERO_DATE,ERROR_FOR_DIVISION_BY_ZERO,TRADITIONAL,NO_ENGINE_SUBSTITUTION {{(pid=109702) _check_effective_sql_mode /opt/stack/data/venv/lib/python3.12/site-packages/oslo_db/sqlalchemy/engines.py:325}}
Apr 22 13:16:13.027817 np0000169315 devstack@n-api-meta.service[109699]: DEBUG oslo_db.sqlalchemy.engines [None req-135f3be1-a2f6-410e-8797-1938a254c9b6 None None] MySQL server mode set to STRICT_TRANS_TABLES,STRICT_ALL_TABLES,NO_ZERO_IN_DATE,NO_ZERO_DATE,ERROR_FOR_DIVISION_BY_ZERO,TRADITIONAL,NO_ENGINE_SUBSTITUTION {{(pid=109699) _check_effective_sql_mode /opt/stack/data/venv/lib/python3.12/site-packages/oslo_db/sqlalchemy/engines.py:325}}
Apr 22 13:16:13.029110 np0000169315 devstack@n-api-meta.service[109700]: DEBUG dbcounter [-] [109700] Writer thread running {{(pid=109700) stat_writer /opt/stack/data/venv/lib/python3.12/site-packages/dbcounter.py:102}}
Apr 22 13:16:13.031647 np0000169315 devstack@n-api-meta.service[109700]: DEBUG nova.context [None req-36f0c2d8-f4c3-4ba6-9618-dfb6c9651a53 None None] Found 2 cells: 00000000-0000-0000-0000-000000000000(cell0),7936fc73-298c-4b38-95ac-5b75b0fc7252(cell1) {{(pid=109700) load_cells /opt/stack/nova/nova/context.py:509}}
Apr 22 13:16:13.031868 np0000169315 devstack@n-api-meta.service[109700]: INFO nova.utils [None req-36f0c2d8-f4c3-4ba6-9618-dfb6c9651a53 None None] The cell worker thread pool MainProcess.cell_worker is initialized
Apr 22 13:16:13.033703 np0000169315 devstack@n-api-meta.service[109700]: DEBUG oslo_concurrency.lockutils [None req-36f0c2d8-f4c3-4ba6-9618-dfb6c9651a53 None None] Acquiring lock "00000000-0000-0000-0000-000000000000" by "nova.context.set_target_cell..get_or_set_cached_cell_and_set_connections" {{(pid=109700) inner /opt/stack/data/venv/lib/python3.12/site-packages/oslo_concurrency/lockutils.py:506}}
Apr 22 13:16:13.033861 np0000169315 devstack@n-api-meta.service[109700]: DEBUG oslo_concurrency.lockutils [None req-36f0c2d8-f4c3-4ba6-9618-dfb6c9651a53 None None] Lock "00000000-0000-0000-0000-000000000000" acquired by "nova.context.set_target_cell..get_or_set_cached_cell_and_set_connections" :: waited 0.000s {{(pid=109700) inner /opt/stack/data/venv/lib/python3.12/site-packages/oslo_concurrency/lockutils.py:519}}
Apr 22 13:16:13.034242 np0000169315 devstack@n-api-meta.service[109700]: DEBUG oslo_concurrency.lockutils [None req-36f0c2d8-f4c3-4ba6-9618-dfb6c9651a53 None None] Lock "00000000-0000-0000-0000-000000000000" "released" by "nova.context.set_target_cell..get_or_set_cached_cell_and_set_connections" :: held 0.000s {{(pid=109700) inner /opt/stack/data/venv/lib/python3.12/site-packages/oslo_concurrency/lockutils.py:538}}
Apr 22 13:16:13.034943 np0000169315 devstack@n-api-meta.service[109700]: DEBUG oslo_concurrency.lockutils [None req-36f0c2d8-f4c3-4ba6-9618-dfb6c9651a53 None None] Acquiring lock "7936fc73-298c-4b38-95ac-5b75b0fc7252" by "nova.context.set_target_cell..get_or_set_cached_cell_and_set_connections" {{(pid=109700) inner /opt/stack/data/venv/lib/python3.12/site-packages/oslo_concurrency/lockutils.py:506}}
Apr 22 13:16:13.035100 np0000169315 devstack@n-api-meta.service[109700]: DEBUG oslo_concurrency.lockutils [None req-36f0c2d8-f4c3-4ba6-9618-dfb6c9651a53 None None] Lock "7936fc73-298c-4b38-95ac-5b75b0fc7252" acquired by "nova.context.set_target_cell..get_or_set_cached_cell_and_set_connections" :: waited 0.000s {{(pid=109700) inner /opt/stack/data/venv/lib/python3.12/site-packages/oslo_concurrency/lockutils.py:519}}
Apr 22 13:16:13.036060 np0000169315 devstack@n-api-meta.service[109700]: DEBUG oslo_concurrency.lockutils [None req-36f0c2d8-f4c3-4ba6-9618-dfb6c9651a53 None None] Lock "7936fc73-298c-4b38-95ac-5b75b0fc7252" "released" by "nova.context.set_target_cell..get_or_set_cached_cell_and_set_connections" :: held 0.001s {{(pid=109700) inner /opt/stack/data/venv/lib/python3.12/site-packages/oslo_concurrency/lockutils.py:538}}
Apr 22 13:16:13.039380 np0000169315 devstack@n-api-meta.service[109700]: INFO dbcounter [None req-36f0c2d8-f4c3-4ba6-9618-dfb6c9651a53 None None] Registered counter for database nova_cell0
Apr 22 13:16:13.045381 np0000169315 devstack@n-api-meta.service[109700]: INFO dbcounter [None req-36f0c2d8-f4c3-4ba6-9618-dfb6c9651a53 None None] Registered counter for database nova_cell1
Apr 22 13:16:13.054363 np0000169315 devstack@n-api-meta.service[109700]: DEBUG oslo_db.sqlalchemy.engines [None req-36f0c2d8-f4c3-4ba6-9618-dfb6c9651a53 None None] MySQL server mode set to STRICT_TRANS_TABLES,STRICT_ALL_TABLES,NO_ZERO_IN_DATE,NO_ZERO_DATE,ERROR_FOR_DIVISION_BY_ZERO,TRADITIONAL,NO_ENGINE_SUBSTITUTION {{(pid=109700) _check_effective_sql_mode /opt/stack/data/venv/lib/python3.12/site-packages/oslo_db/sqlalchemy/engines.py:325}}
Apr 22 13:16:13.060766 np0000169315 devstack@n-api-meta.service[109702]: DEBUG dbcounter [-] [109702] Writer thread running {{(pid=109702) stat_writer /opt/stack/data/venv/lib/python3.12/site-packages/dbcounter.py:102}}
Apr 22 13:16:13.061095 np0000169315 devstack@n-api-meta.service[109700]: DEBUG oslo_db.sqlalchemy.engines [None req-36f0c2d8-f4c3-4ba6-9618-dfb6c9651a53 None None] MySQL server mode set to STRICT_TRANS_TABLES,STRICT_ALL_TABLES,NO_ZERO_IN_DATE,NO_ZERO_DATE,ERROR_FOR_DIVISION_BY_ZERO,TRADITIONAL,NO_ENGINE_SUBSTITUTION {{(pid=109700) _check_effective_sql_mode /opt/stack/data/venv/lib/python3.12/site-packages/oslo_db/sqlalchemy/engines.py:325}}
Apr 22 13:16:13.062423 np0000169315 devstack@n-api-meta.service[109702]: DEBUG nova.context [None req-e50aa7e5-85a5-4e00-8e3f-21a9c706879c None None] Found 2 cells: 00000000-0000-0000-0000-000000000000(cell0),7936fc73-298c-4b38-95ac-5b75b0fc7252(cell1) {{(pid=109702) load_cells /opt/stack/nova/nova/context.py:509}}
Apr 22 13:16:13.062651 np0000169315 devstack@n-api-meta.service[109702]: INFO nova.utils [None req-e50aa7e5-85a5-4e00-8e3f-21a9c706879c None None] The cell worker thread pool MainProcess.cell_worker is initialized
Apr 22 13:16:13.064567 np0000169315 devstack@n-api-meta.service[109702]: DEBUG oslo_concurrency.lockutils [None req-e50aa7e5-85a5-4e00-8e3f-21a9c706879c None None] Acquiring lock "00000000-0000-0000-0000-000000000000" by "nova.context.set_target_cell..get_or_set_cached_cell_and_set_connections" {{(pid=109702) inner /opt/stack/data/venv/lib/python3.12/site-packages/oslo_concurrency/lockutils.py:506}}
Apr 22 13:16:13.064715 np0000169315 devstack@n-api-meta.service[109702]: DEBUG oslo_concurrency.lockutils [None req-e50aa7e5-85a5-4e00-8e3f-21a9c706879c None None] Lock "00000000-0000-0000-0000-000000000000" acquired by "nova.context.set_target_cell..get_or_set_cached_cell_and_set_connections" :: waited 0.000s {{(pid=109702) inner /opt/stack/data/venv/lib/python3.12/site-packages/oslo_concurrency/lockutils.py:519}}
Apr 22 13:16:13.065149 np0000169315 devstack@n-api-meta.service[109702]: DEBUG oslo_concurrency.lockutils [None req-e50aa7e5-85a5-4e00-8e3f-21a9c706879c None None] Lock "00000000-0000-0000-0000-000000000000" "released" by "nova.context.set_target_cell..get_or_set_cached_cell_and_set_connections" :: held 0.000s {{(pid=109702) inner /opt/stack/data/venv/lib/python3.12/site-packages/oslo_concurrency/lockutils.py:538}}
Apr 22 13:16:13.066025 np0000169315 devstack@n-api-meta.service[109702]: DEBUG oslo_concurrency.lockutils [None req-e50aa7e5-85a5-4e00-8e3f-21a9c706879c None None] Acquiring lock "7936fc73-298c-4b38-95ac-5b75b0fc7252" by "nova.context.set_target_cell..get_or_set_cached_cell_and_set_connections" {{(pid=109702) inner /opt/stack/data/venv/lib/python3.12/site-packages/oslo_concurrency/lockutils.py:506}}
Apr 22 13:16:13.066239 np0000169315 devstack@n-api-meta.service[109702]: DEBUG oslo_concurrency.lockutils [None req-e50aa7e5-85a5-4e00-8e3f-21a9c706879c None None] Lock "7936fc73-298c-4b38-95ac-5b75b0fc7252" acquired by "nova.context.set_target_cell..get_or_set_cached_cell_and_set_connections" :: waited 0.000s {{(pid=109702) inner /opt/stack/data/venv/lib/python3.12/site-packages/oslo_concurrency/lockutils.py:519}}
Apr 22 13:16:13.067416 np0000169315 devstack@n-api-meta.service[109702]: DEBUG oslo_concurrency.lockutils [None req-e50aa7e5-85a5-4e00-8e3f-21a9c706879c None None] Lock "7936fc73-298c-4b38-95ac-5b75b0fc7252" "released" by "nova.context.set_target_cell..get_or_set_cached_cell_and_set_connections" :: held 0.001s {{(pid=109702) inner /opt/stack/data/venv/lib/python3.12/site-packages/oslo_concurrency/lockutils.py:538}}
Apr 22 13:16:13.069814 np0000169315 devstack@n-api-meta.service[109702]: INFO dbcounter [None req-e50aa7e5-85a5-4e00-8e3f-21a9c706879c None None] Registered counter for database nova_cell0
Apr 22 13:16:13.073124 np0000169315 devstack@n-api-meta.service[109699]: DEBUG dbcounter [-] [109699] Writer thread running {{(pid=109699) stat_writer /opt/stack/data/venv/lib/python3.12/site-packages/dbcounter.py:102}}
Apr 22 13:16:13.073544 np0000169315 devstack@n-api-meta.service[109702]: INFO dbcounter [None req-e50aa7e5-85a5-4e00-8e3f-21a9c706879c None None] Registered counter for database nova_cell1
Apr 22 13:16:13.076088 np0000169315 devstack@n-api-meta.service[109699]: DEBUG nova.context [None req-135f3be1-a2f6-410e-8797-1938a254c9b6 None None] Found 2 cells: 00000000-0000-0000-0000-000000000000(cell0),7936fc73-298c-4b38-95ac-5b75b0fc7252(cell1) {{(pid=109699) load_cells /opt/stack/nova/nova/context.py:509}}
Apr 22 13:16:13.076424 np0000169315 devstack@n-api-meta.service[109699]: INFO nova.utils [None req-135f3be1-a2f6-410e-8797-1938a254c9b6 None None] The cell worker thread pool MainProcess.cell_worker is initialized
Apr 22 13:16:13.078632 np0000169315 devstack@n-api-meta.service[109699]: DEBUG oslo_concurrency.lockutils [None req-135f3be1-a2f6-410e-8797-1938a254c9b6 None None] Acquiring lock "00000000-0000-0000-0000-000000000000" by "nova.context.set_target_cell..get_or_set_cached_cell_and_set_connections" {{(pid=109699) inner /opt/stack/data/venv/lib/python3.12/site-packages/oslo_concurrency/lockutils.py:506}}
Apr 22 13:16:13.078845 np0000169315 devstack@n-api-meta.service[109699]: DEBUG oslo_concurrency.lockutils [None req-135f3be1-a2f6-410e-8797-1938a254c9b6 None None] Lock "00000000-0000-0000-0000-000000000000" acquired by "nova.context.set_target_cell..get_or_set_cached_cell_and_set_connections" :: waited 0.000s {{(pid=109699) inner /opt/stack/data/venv/lib/python3.12/site-packages/oslo_concurrency/lockutils.py:519}}
Apr 22 13:16:13.079267 np0000169315 devstack@n-api-meta.service[109699]: DEBUG oslo_concurrency.lockutils [None req-135f3be1-a2f6-410e-8797-1938a254c9b6 None None] Lock "00000000-0000-0000-0000-000000000000" "released" by "nova.context.set_target_cell..get_or_set_cached_cell_and_set_connections" :: held 0.000s {{(pid=109699) inner /opt/stack/data/venv/lib/python3.12/site-packages/oslo_concurrency/lockutils.py:538}}
Apr 22 13:16:13.080015 np0000169315 devstack@n-api-meta.service[109699]: DEBUG oslo_concurrency.lockutils [None req-135f3be1-a2f6-410e-8797-1938a254c9b6 None None] Acquiring lock "7936fc73-298c-4b38-95ac-5b75b0fc7252" by "nova.context.set_target_cell..get_or_set_cached_cell_and_set_connections" {{(pid=109699) inner /opt/stack/data/venv/lib/python3.12/site-packages/oslo_concurrency/lockutils.py:506}}
Apr 22 13:16:13.080243 np0000169315 devstack@n-api-meta.service[109699]: DEBUG oslo_concurrency.lockutils [None req-135f3be1-a2f6-410e-8797-1938a254c9b6 None None] Lock "7936fc73-298c-4b38-95ac-5b75b0fc7252" acquired by "nova.context.set_target_cell..get_or_set_cached_cell_and_set_connections" :: waited 0.000s {{(pid=109699) inner /opt/stack/data/venv/lib/python3.12/site-packages/oslo_concurrency/lockutils.py:519}}
Apr 22 13:16:13.081449 np0000169315 devstack@n-api-meta.service[109699]: DEBUG oslo_concurrency.lockutils [None req-135f3be1-a2f6-410e-8797-1938a254c9b6 None None] Lock "7936fc73-298c-4b38-95ac-5b75b0fc7252" "released" by "nova.context.set_target_cell..get_or_set_cached_cell_and_set_connections" :: held 0.001s {{(pid=109699) inner /opt/stack/data/venv/lib/python3.12/site-packages/oslo_concurrency/lockutils.py:538}}
Apr 22 13:16:13.081525 np0000169315 devstack@n-api-meta.service[109702]: DEBUG oslo_db.sqlalchemy.engines [None req-e50aa7e5-85a5-4e00-8e3f-21a9c706879c None None] MySQL server mode set to STRICT_TRANS_TABLES,STRICT_ALL_TABLES,NO_ZERO_IN_DATE,NO_ZERO_DATE,ERROR_FOR_DIVISION_BY_ZERO,TRADITIONAL,NO_ENGINE_SUBSTITUTION {{(pid=109702) _check_effective_sql_mode /opt/stack/data/venv/lib/python3.12/site-packages/oslo_db/sqlalchemy/engines.py:325}}
Apr 22 13:16:13.084563 np0000169315 devstack@n-api-meta.service[109699]: INFO dbcounter [None req-135f3be1-a2f6-410e-8797-1938a254c9b6 None None] Registered counter for database nova_cell0
Apr 22 13:16:13.086560 np0000169315 devstack@n-api-meta.service[109702]: DEBUG oslo_db.sqlalchemy.engines [None req-e50aa7e5-85a5-4e00-8e3f-21a9c706879c None None] MySQL server mode set to STRICT_TRANS_TABLES,STRICT_ALL_TABLES,NO_ZERO_IN_DATE,NO_ZERO_DATE,ERROR_FOR_DIVISION_BY_ZERO,TRADITIONAL,NO_ENGINE_SUBSTITUTION {{(pid=109702) _check_effective_sql_mode /opt/stack/data/venv/lib/python3.12/site-packages/oslo_db/sqlalchemy/engines.py:325}}
Apr 22 13:16:13.089671 np0000169315 devstack@n-api-meta.service[109699]: INFO dbcounter [None req-135f3be1-a2f6-410e-8797-1938a254c9b6 None None] Registered counter for database nova_cell1
Apr 22 13:16:13.100754 np0000169315 devstack@n-api-meta.service[109699]: DEBUG oslo_db.sqlalchemy.engines [None req-135f3be1-a2f6-410e-8797-1938a254c9b6 None None] MySQL server mode set to STRICT_TRANS_TABLES,STRICT_ALL_TABLES,NO_ZERO_IN_DATE,NO_ZERO_DATE,ERROR_FOR_DIVISION_BY_ZERO,TRADITIONAL,NO_ENGINE_SUBSTITUTION {{(pid=109699) _check_effective_sql_mode /opt/stack/data/venv/lib/python3.12/site-packages/oslo_db/sqlalchemy/engines.py:325}}
Apr 22 13:16:13.109188 np0000169315 devstack@n-api-meta.service[109699]: DEBUG oslo_db.sqlalchemy.engines [None req-135f3be1-a2f6-410e-8797-1938a254c9b6 None None] MySQL server mode set to STRICT_TRANS_TABLES,STRICT_ALL_TABLES,NO_ZERO_IN_DATE,NO_ZERO_DATE,ERROR_FOR_DIVISION_BY_ZERO,TRADITIONAL,NO_ENGINE_SUBSTITUTION {{(pid=109699) _check_effective_sql_mode /opt/stack/data/venv/lib/python3.12/site-packages/oslo_db/sqlalchemy/engines.py:325}}
Apr 22 13:16:13.111244 np0000169315 devstack@n-api-meta.service[109701]: DEBUG dbcounter [-] [109701] Writer thread running {{(pid=109701) stat_writer /opt/stack/data/venv/lib/python3.12/site-packages/dbcounter.py:102}}
Apr 22 13:16:13.115260 np0000169315 devstack@n-api-meta.service[109701]: DEBUG dbcounter [-] [109701] Writer thread running {{(pid=109701) stat_writer /opt/stack/data/venv/lib/python3.12/site-packages/dbcounter.py:102}}
Apr 22 13:16:13.119529 np0000169315 devstack@n-api-meta.service[109701]: INFO dbcounter [None req-e9b627c9-85c9-40a4-b40f-f7c82d9d5c9d None None] Registered counter for database nova_cell0
Apr 22 13:16:13.134034 np0000169315 devstack@n-api-meta.service[109701]: DEBUG oslo_db.sqlalchemy.engines [None req-e9b627c9-85c9-40a4-b40f-f7c82d9d5c9d None None] MySQL server mode set to STRICT_TRANS_TABLES,STRICT_ALL_TABLES,NO_ZERO_IN_DATE,NO_ZERO_DATE,ERROR_FOR_DIVISION_BY_ZERO,TRADITIONAL,NO_ENGINE_SUBSTITUTION {{(pid=109701) _check_effective_sql_mode /opt/stack/data/venv/lib/python3.12/site-packages/oslo_db/sqlalchemy/engines.py:325}}
Apr 22 13:16:13.142264 np0000169315 devstack@n-api-meta.service[109701]: DEBUG dbcounter [-] [109701] Writer thread running {{(pid=109701) stat_writer /opt/stack/data/venv/lib/python3.12/site-packages/dbcounter.py:102}}
Apr 22 13:16:13.151075 np0000169315 devstack@n-api-meta.service[109700]: DEBUG dbcounter [-] [109700] Writer thread running {{(pid=109700) stat_writer /opt/stack/data/venv/lib/python3.12/site-packages/dbcounter.py:102}}
Apr 22 13:16:13.156566 np0000169315 devstack@n-api-meta.service[109700]: DEBUG dbcounter [-] [109700] Writer thread running {{(pid=109700) stat_writer /opt/stack/data/venv/lib/python3.12/site-packages/dbcounter.py:102}}
Apr 22 13:16:13.162677 np0000169315 devstack@n-api-meta.service[109700]: INFO dbcounter [None req-36f0c2d8-f4c3-4ba6-9618-dfb6c9651a53 None None] Registered counter for database nova_cell0
Apr 22 13:16:13.175165 np0000169315 devstack@n-api-meta.service[109700]: DEBUG oslo_db.sqlalchemy.engines [None req-36f0c2d8-f4c3-4ba6-9618-dfb6c9651a53 None None] MySQL server mode set to STRICT_TRANS_TABLES,STRICT_ALL_TABLES,NO_ZERO_IN_DATE,NO_ZERO_DATE,ERROR_FOR_DIVISION_BY_ZERO,TRADITIONAL,NO_ENGINE_SUBSTITUTION {{(pid=109700) _check_effective_sql_mode /opt/stack/data/venv/lib/python3.12/site-packages/oslo_db/sqlalchemy/engines.py:325}}
Apr 22 13:16:13.175983 np0000169315 devstack@n-api-meta.service[109702]: DEBUG dbcounter [-] [109702] Writer thread running {{(pid=109702) stat_writer /opt/stack/data/venv/lib/python3.12/site-packages/dbcounter.py:102}}
Apr 22 13:16:13.179275 np0000169315 devstack@n-api-meta.service[109702]: DEBUG dbcounter [-] [109702] Writer thread running {{(pid=109702) stat_writer /opt/stack/data/venv/lib/python3.12/site-packages/dbcounter.py:102}}
Apr 22 13:16:13.183458 np0000169315 devstack@n-api-meta.service[109702]: INFO dbcounter [None req-e50aa7e5-85a5-4e00-8e3f-21a9c706879c None None] Registered counter for database nova_cell0
Apr 22 13:16:13.184050 np0000169315 devstack@n-api-meta.service[109700]: DEBUG dbcounter [-] [109700] Writer thread running {{(pid=109700) stat_writer /opt/stack/data/venv/lib/python3.12/site-packages/dbcounter.py:102}}
Apr 22 13:16:13.186894 np0000169315 devstack@n-api-meta.service[109701]: WARNING nova.api.metadata.handler [None req-e9b627c9-85c9-40a4-b40f-f7c82d9d5c9d None None] metadata_proxy_shared_secret is not configured, the metadata information returned by the proxy cannot be trusted
Apr 22 13:16:13.189203 np0000169315 devstack@n-api-meta.service[109701]: DEBUG nova.api.openstack.wsgi_app [None req-e9b627c9-85c9-40a4-b40f-f7c82d9d5c9d None None] ******************************************************************************** {{(pid=109701) log_opt_values /opt/stack/data/venv/lib/python3.12/site-packages/oslo_config/cfg.py:2979}}
Apr 22 13:16:13.189305 np0000169315 devstack@n-api-meta.service[109701]: DEBUG nova.api.openstack.wsgi_app [None req-e9b627c9-85c9-40a4-b40f-f7c82d9d5c9d None None] Configuration options gathered from: {{(pid=109701) log_opt_values /opt/stack/data/venv/lib/python3.12/site-packages/oslo_config/cfg.py:2980}}
Apr 22 13:16:13.189432 np0000169315 devstack@n-api-meta.service[109701]: DEBUG nova.api.openstack.wsgi_app [None req-e9b627c9-85c9-40a4-b40f-f7c82d9d5c9d None None] command line args: [] {{(pid=109701) log_opt_values /opt/stack/data/venv/lib/python3.12/site-packages/oslo_config/cfg.py:2981}}
Apr 22 13:16:13.189586 np0000169315 devstack@n-api-meta.service[109701]: DEBUG nova.api.openstack.wsgi_app [None req-e9b627c9-85c9-40a4-b40f-f7c82d9d5c9d None None] config files: ['/etc/nova/api-paste.ini', '/etc/nova/nova.conf'] {{(pid=109701) log_opt_values /opt/stack/data/venv/lib/python3.12/site-packages/oslo_config/cfg.py:2982}}
Apr 22 13:16:13.189690 np0000169315 devstack@n-api-meta.service[109701]: DEBUG nova.api.openstack.wsgi_app [None req-e9b627c9-85c9-40a4-b40f-f7c82d9d5c9d None None] ================================================================================ {{(pid=109701) log_opt_values /opt/stack/data/venv/lib/python3.12/site-packages/oslo_config/cfg.py:2987}}
Apr 22 13:16:13.189873 np0000169315 devstack@n-api-meta.service[109701]: DEBUG nova.api.openstack.wsgi_app [None req-e9b627c9-85c9-40a4-b40f-f7c82d9d5c9d None None] allow_resize_to_same_host = True {{(pid=109701) log_opt_values /opt/stack/data/venv/lib/python3.12/site-packages/oslo_config/cfg.py:2995}}
Apr 22 13:16:13.190132 np0000169315 devstack@n-api-meta.service[109701]: DEBUG nova.api.openstack.wsgi_app [None req-e9b627c9-85c9-40a4-b40f-f7c82d9d5c9d None None] arq_binding_timeout = 300 {{(pid=109701) log_opt_values /opt/stack/data/venv/lib/python3.12/site-packages/oslo_config/cfg.py:2995}}
Apr 22 13:16:13.190267 np0000169315 devstack@n-api-meta.service[109701]: DEBUG nova.api.openstack.wsgi_app [None req-e9b627c9-85c9-40a4-b40f-f7c82d9d5c9d None None] block_device_allocate_retries = 60 {{(pid=109701) log_opt_values /opt/stack/data/venv/lib/python3.12/site-packages/oslo_config/cfg.py:2995}}
Apr 22 13:16:13.190398 np0000169315 devstack@n-api-meta.service[109701]: DEBUG nova.api.openstack.wsgi_app [None req-e9b627c9-85c9-40a4-b40f-f7c82d9d5c9d None None] block_device_allocate_retries_interval = 3 {{(pid=109701) log_opt_values /opt/stack/data/venv/lib/python3.12/site-packages/oslo_config/cfg.py:2995}}
Apr 22 13:16:13.190542 np0000169315 devstack@n-api-meta.service[109701]: DEBUG nova.api.openstack.wsgi_app [None req-e9b627c9-85c9-40a4-b40f-f7c82d9d5c9d None None] cell_worker_thread_pool_size = 5 {{(pid=109701) log_opt_values /opt/stack/data/venv/lib/python3.12/site-packages/oslo_config/cfg.py:2995}}
Apr 22 13:16:13.190663 np0000169315 devstack@n-api-meta.service[109701]: DEBUG nova.api.openstack.wsgi_app [None req-e9b627c9-85c9-40a4-b40f-f7c82d9d5c9d None None] cert = self.pem {{(pid=109701) log_opt_values /opt/stack/data/venv/lib/python3.12/site-packages/oslo_config/cfg.py:2995}}
Apr 22 13:16:13.190797 np0000169315 devstack@n-api-meta.service[109701]: DEBUG nova.api.openstack.wsgi_app [None req-e9b627c9-85c9-40a4-b40f-f7c82d9d5c9d None None] compute_driver = libvirt.LibvirtDriver {{(pid=109701) log_opt_values /opt/stack/data/venv/lib/python3.12/site-packages/oslo_config/cfg.py:2995}}
Apr 22 13:16:13.190931 np0000169315 devstack@n-api-meta.service[109701]: DEBUG nova.api.openstack.wsgi_app [None req-e9b627c9-85c9-40a4-b40f-f7c82d9d5c9d None None] compute_monitors = [] {{(pid=109701) log_opt_values /opt/stack/data/venv/lib/python3.12/site-packages/oslo_config/cfg.py:2995}}
Apr 22 13:16:13.191087 np0000169315 devstack@n-api-meta.service[109701]: DEBUG nova.api.openstack.wsgi_app [None req-e9b627c9-85c9-40a4-b40f-f7c82d9d5c9d None None] config_dir = [] {{(pid=109701) log_opt_values /opt/stack/data/venv/lib/python3.12/site-packages/oslo_config/cfg.py:2995}}
Apr 22 13:16:13.191223 np0000169315 devstack@n-api-meta.service[109701]: DEBUG nova.api.openstack.wsgi_app [None req-e9b627c9-85c9-40a4-b40f-f7c82d9d5c9d None None] config_drive_format = iso9660 {{(pid=109701) log_opt_values /opt/stack/data/venv/lib/python3.12/site-packages/oslo_config/cfg.py:2995}}
Apr 22 13:16:13.191329 np0000169315 devstack@n-api-meta.service[109701]: DEBUG nova.api.openstack.wsgi_app [None req-e9b627c9-85c9-40a4-b40f-f7c82d9d5c9d None None] config_file = ['/etc/nova/api-paste.ini', '/etc/nova/nova.conf'] {{(pid=109701) log_opt_values /opt/stack/data/venv/lib/python3.12/site-packages/oslo_config/cfg.py:2995}}
Apr 22 13:16:13.191458 np0000169315 devstack@n-api-meta.service[109701]: DEBUG nova.api.openstack.wsgi_app [None req-e9b627c9-85c9-40a4-b40f-f7c82d9d5c9d None None] config_source = [] {{(pid=109701) log_opt_values /opt/stack/data/venv/lib/python3.12/site-packages/oslo_config/cfg.py:2995}}
Apr 22 13:16:13.191589 np0000169315 devstack@n-api-meta.service[109701]: DEBUG nova.api.openstack.wsgi_app [None req-e9b627c9-85c9-40a4-b40f-f7c82d9d5c9d None None] console_host = np0000169315 {{(pid=109701) log_opt_values /opt/stack/data/venv/lib/python3.12/site-packages/oslo_config/cfg.py:2995}}
Apr 22 13:16:13.191723 np0000169315 devstack@n-api-meta.service[109701]: DEBUG nova.api.openstack.wsgi_app [None req-e9b627c9-85c9-40a4-b40f-f7c82d9d5c9d None None] control_exchange = nova {{(pid=109701) log_opt_values /opt/stack/data/venv/lib/python3.12/site-packages/oslo_config/cfg.py:2995}}
Apr 22 13:16:13.191865 np0000169315 devstack@n-api-meta.service[109701]: DEBUG nova.api.openstack.wsgi_app [None req-e9b627c9-85c9-40a4-b40f-f7c82d9d5c9d None None] cpu_allocation_ratio = None {{(pid=109701) log_opt_values /opt/stack/data/venv/lib/python3.12/site-packages/oslo_config/cfg.py:2995}}
Apr 22 13:16:13.192084 np0000169315 devstack@n-api-meta.service[109701]: DEBUG nova.api.openstack.wsgi_app [None req-e9b627c9-85c9-40a4-b40f-f7c82d9d5c9d None None] daemon = False {{(pid=109701) log_opt_values /opt/stack/data/venv/lib/python3.12/site-packages/oslo_config/cfg.py:2995}}
Apr 22 13:16:13.192212 np0000169315 devstack@n-api-meta.service[109701]: DEBUG nova.api.openstack.wsgi_app [None req-e9b627c9-85c9-40a4-b40f-f7c82d9d5c9d None None] debug = True {{(pid=109701) log_opt_values /opt/stack/data/venv/lib/python3.12/site-packages/oslo_config/cfg.py:2995}}
Apr 22 13:16:13.192339 np0000169315 devstack@n-api-meta.service[109701]: DEBUG nova.api.openstack.wsgi_app [None req-e9b627c9-85c9-40a4-b40f-f7c82d9d5c9d None None] default_access_ip_network_name = None {{(pid=109701) log_opt_values /opt/stack/data/venv/lib/python3.12/site-packages/oslo_config/cfg.py:2995}}
Apr 22 13:16:13.192500 np0000169315 devstack@n-api-meta.service[109701]: DEBUG nova.api.openstack.wsgi_app [None req-e9b627c9-85c9-40a4-b40f-f7c82d9d5c9d None None] default_availability_zone = nova {{(pid=109701) log_opt_values /opt/stack/data/venv/lib/python3.12/site-packages/oslo_config/cfg.py:2995}}
Apr 22 13:16:13.192656 np0000169315 devstack@n-api-meta.service[109701]: DEBUG nova.api.openstack.wsgi_app [None req-e9b627c9-85c9-40a4-b40f-f7c82d9d5c9d None None] default_ephemeral_format = ext4 {{(pid=109701) log_opt_values /opt/stack/data/venv/lib/python3.12/site-packages/oslo_config/cfg.py:2995}}
Apr 22 13:16:13.192762 np0000169315 devstack@n-api-meta.service[109701]: DEBUG nova.api.openstack.wsgi_app [None req-e9b627c9-85c9-40a4-b40f-f7c82d9d5c9d None None] default_green_pool_size = 1000 {{(pid=109701) log_opt_values /opt/stack/data/venv/lib/python3.12/site-packages/oslo_config/cfg.py:2995}}
Apr 22 13:16:13.192977 np0000169315 devstack@n-api-meta.service[109701]: DEBUG nova.api.openstack.wsgi_app [None req-e9b627c9-85c9-40a4-b40f-f7c82d9d5c9d None None] default_log_levels = ['amqp=WARN', 'boto=WARN', 'sqlalchemy=WARN', 'suds=INFO', 'oslo.messaging=INFO', 'oslo_messaging=INFO', 'iso8601=WARN', 'requests.packages.urllib3.connectionpool=WARN', 'urllib3.connectionpool=WARN', 'websocket=WARN', 'requests.packages.urllib3.util.retry=WARN', 'urllib3.util.retry=WARN', 'keystonemiddleware=WARN', 'routes.middleware=WARN', 'stevedore=WARN', 'taskflow=WARN', 'keystoneauth=WARN', 'oslo.cache=INFO', 'oslo_policy=INFO', 'dogpile.core.dogpile=INFO', 'glanceclient=WARN', 'oslo.privsep.daemon=INFO'] {{(pid=109701) log_opt_values /opt/stack/data/venv/lib/python3.12/site-packages/oslo_config/cfg.py:2995}}
Apr 22 13:16:13.193150 np0000169315 devstack@n-api-meta.service[109701]: DEBUG nova.api.openstack.wsgi_app [None req-e9b627c9-85c9-40a4-b40f-f7c82d9d5c9d None None] default_schedule_zone = None {{(pid=109701) log_opt_values /opt/stack/data/venv/lib/python3.12/site-packages/oslo_config/cfg.py:2995}}
Apr 22 13:16:13.193235 np0000169315 devstack@n-api-meta.service[109701]: DEBUG nova.api.openstack.wsgi_app [None req-e9b627c9-85c9-40a4-b40f-f7c82d9d5c9d None None] default_thread_pool_size = 10 {{(pid=109701) log_opt_values /opt/stack/data/venv/lib/python3.12/site-packages/oslo_config/cfg.py:2995}}
Apr 22 13:16:13.193364 np0000169315 devstack@n-api-meta.service[109701]: DEBUG nova.api.openstack.wsgi_app [None req-e9b627c9-85c9-40a4-b40f-f7c82d9d5c9d None None] disk_allocation_ratio = None {{(pid=109701) log_opt_values /opt/stack/data/venv/lib/python3.12/site-packages/oslo_config/cfg.py:2995}}
Apr 22 13:16:13.193490 np0000169315 devstack@n-api-meta.service[109701]: DEBUG nova.api.openstack.wsgi_app [None req-e9b627c9-85c9-40a4-b40f-f7c82d9d5c9d None None] enable_new_services = True {{(pid=109701) log_opt_values /opt/stack/data/venv/lib/python3.12/site-packages/oslo_config/cfg.py:2995}}
Apr 22 13:16:13.193619 np0000169315 devstack@n-api-meta.service[109701]: DEBUG nova.api.openstack.wsgi_app [None req-e9b627c9-85c9-40a4-b40f-f7c82d9d5c9d None None] flat_injected = False {{(pid=109701) log_opt_values /opt/stack/data/venv/lib/python3.12/site-packages/oslo_config/cfg.py:2995}}
Apr 22 13:16:13.193743 np0000169315 devstack@n-api-meta.service[109701]: DEBUG nova.api.openstack.wsgi_app [None req-e9b627c9-85c9-40a4-b40f-f7c82d9d5c9d None None] force_config_drive = False {{(pid=109701) log_opt_values /opt/stack/data/venv/lib/python3.12/site-packages/oslo_config/cfg.py:2995}}
Apr 22 13:16:13.193867 np0000169315 devstack@n-api-meta.service[109701]: DEBUG nova.api.openstack.wsgi_app [None req-e9b627c9-85c9-40a4-b40f-f7c82d9d5c9d None None] force_raw_images = True {{(pid=109701) log_opt_values /opt/stack/data/venv/lib/python3.12/site-packages/oslo_config/cfg.py:2995}}
Apr 22 13:16:13.194046 np0000169315 devstack@n-api-meta.service[109701]: DEBUG nova.api.openstack.wsgi_app [None req-e9b627c9-85c9-40a4-b40f-f7c82d9d5c9d None None] graceful_shutdown_timeout = 5 {{(pid=109701) log_opt_values /opt/stack/data/venv/lib/python3.12/site-packages/oslo_config/cfg.py:2995}}
Apr 22 13:16:13.194189 np0000169315 devstack@n-api-meta.service[109701]: DEBUG nova.api.openstack.wsgi_app [None req-e9b627c9-85c9-40a4-b40f-f7c82d9d5c9d None None] heal_instance_info_cache_interval = -1 {{(pid=109701) log_opt_values /opt/stack/data/venv/lib/python3.12/site-packages/oslo_config/cfg.py:2995}}
Apr 22 13:16:13.194368 np0000169315 devstack@n-api-meta.service[109701]: DEBUG nova.api.openstack.wsgi_app [None req-e9b627c9-85c9-40a4-b40f-f7c82d9d5c9d None None] host = np0000169315 {{(pid=109701) log_opt_values /opt/stack/data/venv/lib/python3.12/site-packages/oslo_config/cfg.py:2995}}
Apr 22 13:16:13.194504 np0000169315 devstack@n-api-meta.service[109701]: DEBUG nova.api.openstack.wsgi_app [None req-e9b627c9-85c9-40a4-b40f-f7c82d9d5c9d None None] initial_cpu_allocation_ratio = 4.0 {{(pid=109701) log_opt_values /opt/stack/data/venv/lib/python3.12/site-packages/oslo_config/cfg.py:2995}}
Apr 22 13:16:13.194632 np0000169315 devstack@n-api-meta.service[109701]: DEBUG nova.api.openstack.wsgi_app [None req-e9b627c9-85c9-40a4-b40f-f7c82d9d5c9d None None] initial_disk_allocation_ratio = 1.0 {{(pid=109701) log_opt_values /opt/stack/data/venv/lib/python3.12/site-packages/oslo_config/cfg.py:2995}}
Apr 22 13:16:13.194759 np0000169315 devstack@n-api-meta.service[109701]: DEBUG nova.api.openstack.wsgi_app [None req-e9b627c9-85c9-40a4-b40f-f7c82d9d5c9d None None] initial_ram_allocation_ratio = 1.0 {{(pid=109701) log_opt_values /opt/stack/data/venv/lib/python3.12/site-packages/oslo_config/cfg.py:2995}}
Apr 22 13:16:13.194929 np0000169315 devstack@n-api-meta.service[109701]: DEBUG nova.api.openstack.wsgi_app [None req-e9b627c9-85c9-40a4-b40f-f7c82d9d5c9d None None] injected_network_template = /opt/stack/nova/nova/virt/interfaces.template {{(pid=109701) log_opt_values /opt/stack/data/venv/lib/python3.12/site-packages/oslo_config/cfg.py:2995}}
Apr 22 13:16:13.195087 np0000169315 devstack@n-api-meta.service[109701]: DEBUG nova.api.openstack.wsgi_app [None req-e9b627c9-85c9-40a4-b40f-f7c82d9d5c9d None None] instance_build_timeout = 0 {{(pid=109701) log_opt_values /opt/stack/data/venv/lib/python3.12/site-packages/oslo_config/cfg.py:2995}}
Apr 22 13:16:13.195213 np0000169315 devstack@n-api-meta.service[109701]: DEBUG nova.api.openstack.wsgi_app [None req-e9b627c9-85c9-40a4-b40f-f7c82d9d5c9d None None] instance_delete_interval = 300 {{(pid=109701) log_opt_values /opt/stack/data/venv/lib/python3.12/site-packages/oslo_config/cfg.py:2995}}
Apr 22 13:16:13.195355 np0000169315 devstack@n-api-meta.service[109701]: DEBUG nova.api.openstack.wsgi_app [None req-e9b627c9-85c9-40a4-b40f-f7c82d9d5c9d None None] instance_format = [instance: %(uuid)s] {{(pid=109701) log_opt_values /opt/stack/data/venv/lib/python3.12/site-packages/oslo_config/cfg.py:2995}}
Apr 22 13:16:13.195432 np0000169315 devstack@n-api-meta.service[109702]: DEBUG oslo_db.sqlalchemy.engines [None req-e50aa7e5-85a5-4e00-8e3f-21a9c706879c None None] MySQL server mode set to STRICT_TRANS_TABLES,STRICT_ALL_TABLES,NO_ZERO_IN_DATE,NO_ZERO_DATE,ERROR_FOR_DIVISION_BY_ZERO,TRADITIONAL,NO_ENGINE_SUBSTITUTION {{(pid=109702) _check_effective_sql_mode /opt/stack/data/venv/lib/python3.12/site-packages/oslo_db/sqlalchemy/engines.py:325}}
Apr 22 13:16:13.195535 np0000169315 devstack@n-api-meta.service[109701]: DEBUG nova.api.openstack.wsgi_app [None req-e9b627c9-85c9-40a4-b40f-f7c82d9d5c9d None None] instance_name_template = instance-%08x {{(pid=109701) log_opt_values /opt/stack/data/venv/lib/python3.12/site-packages/oslo_config/cfg.py:2995}}
Apr 22 13:16:13.195678 np0000169315 devstack@n-api-meta.service[109701]: DEBUG nova.api.openstack.wsgi_app [None req-e9b627c9-85c9-40a4-b40f-f7c82d9d5c9d None None] instance_usage_audit = False {{(pid=109701) log_opt_values /opt/stack/data/venv/lib/python3.12/site-packages/oslo_config/cfg.py:2995}}
Apr 22 13:16:13.195816 np0000169315 devstack@n-api-meta.service[109701]: DEBUG nova.api.openstack.wsgi_app [None req-e9b627c9-85c9-40a4-b40f-f7c82d9d5c9d None None] instance_usage_audit_period = month {{(pid=109701) log_opt_values /opt/stack/data/venv/lib/python3.12/site-packages/oslo_config/cfg.py:2995}}
Apr 22 13:16:13.195949 np0000169315 devstack@n-api-meta.service[109701]: DEBUG nova.api.openstack.wsgi_app [None req-e9b627c9-85c9-40a4-b40f-f7c82d9d5c9d None None] instance_uuid_format = [instance: %(uuid)s] {{(pid=109701) log_opt_values /opt/stack/data/venv/lib/python3.12/site-packages/oslo_config/cfg.py:2995}}
Apr 22 13:16:13.196122 np0000169315 devstack@n-api-meta.service[109701]: DEBUG nova.api.openstack.wsgi_app [None req-e9b627c9-85c9-40a4-b40f-f7c82d9d5c9d None None] instances_path = /opt/stack/data/nova/instances {{(pid=109701) log_opt_values /opt/stack/data/venv/lib/python3.12/site-packages/oslo_config/cfg.py:2995}}
Apr 22 13:16:13.196279 np0000169315 devstack@n-api-meta.service[109701]: DEBUG nova.api.openstack.wsgi_app [None req-e9b627c9-85c9-40a4-b40f-f7c82d9d5c9d None None] internal_service_availability_zone = internal {{(pid=109701) log_opt_values /opt/stack/data/venv/lib/python3.12/site-packages/oslo_config/cfg.py:2995}}
