Apr 22 13:15:38.501157 np0000169315 devstack@neutron-api.service[104549]: DEBUG neutron.plugins.ml2.drivers.ovn.mech_driver.ovsdb.ovsdb_monitor [None req-5b614ca7-053f-4ce1-a727-a5df1e36baca None None] Hash Ring: Node 7a2fa9ebd7b854cd8268f505a03a085d (host: np0000169315) handling event "create" for row 7e278be1-cd66-4210-9277-02764a922272 (table: Connection) {{(pid=104549) notify /opt/stack/neutron/neutron/plugins/ml2/drivers/ovn/mech_driver/ovsdb/ovsdb_monitor.py:914}}
Apr 22 13:15:38.501214 np0000169315 devstack@neutron-api.service[104551]: DEBUG ovsdbapp.backend.ovs_idl [None req-eb9c1af2-35d6-4ce4-be23-37cfaae69b88 None None] Created lookup_table index Chassis.name {{(pid=104551) autocreate_indices /opt/stack/data/venv/lib/python3.12/site-packages/ovsdbapp/backend/ovs_idl/__init__.py:87}}
Apr 22 13:15:38.501282 np0000169315 devstack@neutron-api.service[104551]: DEBUG ovsdbapp.backend.ovs_idl [None req-eb9c1af2-35d6-4ce4-be23-37cfaae69b88 None None] Created lookup_table index Port_Binding.logical_port {{(pid=104551) autocreate_indices /opt/stack/data/venv/lib/python3.12/site-packages/ovsdbapp/backend/ovs_idl/__init__.py:87}}
Apr 22 13:15:38.501412 np0000169315 devstack@neutron-api.service[104551]: DEBUG ovsdbapp.backend.ovs_idl [None req-eb9c1af2-35d6-4ce4-be23-37cfaae69b88 None None] Created schema index Chassis_Private.name {{(pid=104551) autocreate_indices /opt/stack/data/venv/lib/python3.12/site-packages/ovsdbapp/backend/ovs_idl/__init__.py:106}}
Apr 22 13:15:38.501495 np0000169315 devstack@neutron-api.service[104551]: DEBUG ovsdbapp.backend.ovs_idl [None req-eb9c1af2-35d6-4ce4-be23-37cfaae69b88 None None] Created schema index Datapath_Binding.tunnel_key {{(pid=104551) autocreate_indices /opt/stack/data/venv/lib/python3.12/site-packages/ovsdbapp/backend/ovs_idl/__init__.py:106}}
Apr 22 13:15:38.501785 np0000169315 devstack@neutron-api.service[104550]: DEBUG neutron.common.ovn.hash_ring_manager [None req-f583c9cd-e2de-4715-898e-009cdd821e5c None None] Allow caching, nodes 4>=4 {{(pid=104550) _wait_startup_before_caching /opt/stack/neutron/neutron/common/ovn/hash_ring_manager.py:65}}
Apr 22 13:15:38.502293 np0000169315 devstack@neutron-api.service[104549]: INFO neutron.plugins.ml2.drivers.ovn.mech_driver.ovsdb.impl_idl_ovn [None req-5b614ca7-053f-4ce1-a727-a5df1e36baca None None] Getting OvsdbSbOvnIdl for WorkerService with retry
Apr 22 13:15:38.503653 np0000169315 devstack@neutron-api.service[104551]: INFO ovsdbapp.backend.ovs_idl.vlog [None req-eb9c1af2-35d6-4ce4-be23-37cfaae69b88 None None] ssl:199.19.213.215:6642: connecting...
Apr 22 13:15:38.509032 np0000169315 devstack@neutron-api.service[104551]: INFO ovsdbapp.backend.ovs_idl.vlog [None req-eb9c1af2-35d6-4ce4-be23-37cfaae69b88 None None] ssl:199.19.213.215:6642: connected
Apr 22 13:15:38.509108 np0000169315 devstack@neutron-api.service[104550]: DEBUG neutron.common.ovn.hash_ring_manager [None req-f583c9cd-e2de-4715-898e-009cdd821e5c None None] Hash Ring loaded. 4 active nodes. 0 offline nodes {{(pid=104550) _load_hash_ring /opt/stack/neutron/neutron/common/ovn/hash_ring_manager.py:102}}
Apr 22 13:15:38.509339 np0000169315 devstack@neutron-api.service[104550]: DEBUG neutron.plugins.ml2.drivers.ovn.mech_driver.ovsdb.ovsdb_monitor [None req-f583c9cd-e2de-4715-898e-009cdd821e5c None None] Hash Ring: Node 9f9e881cc79c586aa414920b0bc7990c (host: np0000169315) handling event "create" for row 99682ed2-7789-4ebc-bb37-28d0d1eebee4 (table: ACL) {{(pid=104550) notify /opt/stack/neutron/neutron/plugins/ml2/drivers/ovn/mech_driver/ovsdb/ovsdb_monitor.py:914}}
Apr 22 13:15:38.509676 np0000169315 devstack@neutron-api.service[104550]: DEBUG neutron.plugins.ml2.drivers.ovn.mech_driver.ovsdb.ovsdb_monitor [None req-f583c9cd-e2de-4715-898e-009cdd821e5c None None] Hash Ring: Node 9f9e881cc79c586aa414920b0bc7990c (host: np0000169315) handling event "create" for row 8a07ff0a-3654-49ea-a0a3-cf0ecf39554d (table: Port_Group) {{(pid=104550) notify /opt/stack/neutron/neutron/plugins/ml2/drivers/ovn/mech_driver/ovsdb/ovsdb_monitor.py:914}}
Apr 22 13:15:38.511763 np0000169315 devstack@neutron-api.service[104550]: INFO neutron.plugins.ml2.drivers.ovn.mech_driver.ovsdb.impl_idl_ovn [None req-f583c9cd-e2de-4715-898e-009cdd821e5c None None] Getting OvsdbSbOvnIdl for WorkerService with retry
Apr 22 13:15:38.539914 np0000169315 devstack@neutron-api.service[104549]: DEBUG ovsdbapp.backend.ovs_idl [None req-5b614ca7-053f-4ce1-a727-a5df1e36baca None None] Created lookup_table index Chassis.name {{(pid=104549) autocreate_indices /opt/stack/data/venv/lib/python3.12/site-packages/ovsdbapp/backend/ovs_idl/__init__.py:87}}
Apr 22 13:15:38.540022 np0000169315 devstack@neutron-api.service[104549]: DEBUG ovsdbapp.backend.ovs_idl [None req-5b614ca7-053f-4ce1-a727-a5df1e36baca None None] Created lookup_table index Port_Binding.logical_port {{(pid=104549) autocreate_indices /opt/stack/data/venv/lib/python3.12/site-packages/ovsdbapp/backend/ovs_idl/__init__.py:87}}
Apr 22 13:15:38.540133 np0000169315 devstack@neutron-api.service[104549]: DEBUG ovsdbapp.backend.ovs_idl [None req-5b614ca7-053f-4ce1-a727-a5df1e36baca None None] Created schema index Chassis_Private.name {{(pid=104549) autocreate_indices /opt/stack/data/venv/lib/python3.12/site-packages/ovsdbapp/backend/ovs_idl/__init__.py:106}}
Apr 22 13:15:38.540228 np0000169315 devstack@neutron-api.service[104549]: DEBUG ovsdbapp.backend.ovs_idl [None req-5b614ca7-053f-4ce1-a727-a5df1e36baca None None] Created schema index Datapath_Binding.tunnel_key {{(pid=104549) autocreate_indices /opt/stack/data/venv/lib/python3.12/site-packages/ovsdbapp/backend/ovs_idl/__init__.py:106}}
Apr 22 13:15:38.542178 np0000169315 devstack@neutron-api.service[104549]: INFO ovsdbapp.backend.ovs_idl.vlog [None req-5b614ca7-053f-4ce1-a727-a5df1e36baca None None] ssl:199.19.213.215:6642: connecting...
Apr 22 13:15:38.547083 np0000169315 devstack@neutron-api.service[104549]: INFO ovsdbapp.backend.ovs_idl.vlog [None req-5b614ca7-053f-4ce1-a727-a5df1e36baca None None] ssl:199.19.213.215:6642: connected
Apr 22 13:15:38.553623 np0000169315 devstack@neutron-api.service[104550]: DEBUG ovsdbapp.backend.ovs_idl [None req-f583c9cd-e2de-4715-898e-009cdd821e5c None None] Created lookup_table index Chassis.name {{(pid=104550) autocreate_indices /opt/stack/data/venv/lib/python3.12/site-packages/ovsdbapp/backend/ovs_idl/__init__.py:87}}
Apr 22 13:15:38.553726 np0000169315 devstack@neutron-api.service[104550]: DEBUG ovsdbapp.backend.ovs_idl [None req-f583c9cd-e2de-4715-898e-009cdd821e5c None None] Created lookup_table index Port_Binding.logical_port {{(pid=104550) autocreate_indices /opt/stack/data/venv/lib/python3.12/site-packages/ovsdbapp/backend/ovs_idl/__init__.py:87}}
Apr 22 13:15:38.553861 np0000169315 devstack@neutron-api.service[104550]: DEBUG ovsdbapp.backend.ovs_idl [None req-f583c9cd-e2de-4715-898e-009cdd821e5c None None] Created schema index Chassis_Private.name {{(pid=104550) autocreate_indices /opt/stack/data/venv/lib/python3.12/site-packages/ovsdbapp/backend/ovs_idl/__init__.py:106}}
Apr 22 13:15:38.553979 np0000169315 devstack@neutron-api.service[104550]: DEBUG ovsdbapp.backend.ovs_idl [None req-f583c9cd-e2de-4715-898e-009cdd821e5c None None] Created schema index Datapath_Binding.tunnel_key {{(pid=104550) autocreate_indices /opt/stack/data/venv/lib/python3.12/site-packages/ovsdbapp/backend/ovs_idl/__init__.py:106}}
Apr 22 13:15:38.557120 np0000169315 devstack@neutron-api.service[104550]: INFO ovsdbapp.backend.ovs_idl.vlog [None req-f583c9cd-e2de-4715-898e-009cdd821e5c None None] ssl:199.19.213.215:6642: connecting...
Apr 22 13:15:38.558092 np0000169315 devstack@neutron-api.service[104551]: DEBUG neutron.common.ovn.hash_ring_manager [None req-eb9c1af2-35d6-4ce4-be23-37cfaae69b88 None None] Allow caching, nodes 4>=4 {{(pid=104551) _wait_startup_before_caching /opt/stack/neutron/neutron/common/ovn/hash_ring_manager.py:65}}
Apr 22 13:15:38.562722 np0000169315 devstack@neutron-api.service[104551]: DEBUG neutron.common.ovn.hash_ring_manager [None req-eb9c1af2-35d6-4ce4-be23-37cfaae69b88 None None] Hash Ring loaded. 4 active nodes. 0 offline nodes {{(pid=104551) _load_hash_ring /opt/stack/neutron/neutron/common/ovn/hash_ring_manager.py:102}}
Apr 22 13:15:38.562829 np0000169315 devstack@neutron-api.service[104550]: INFO ovsdbapp.backend.ovs_idl.vlog [None req-f583c9cd-e2de-4715-898e-009cdd821e5c None None] ssl:199.19.213.215:6642: connected
Apr 22 13:15:38.562916 np0000169315 devstack@neutron-api.service[104551]: DEBUG neutron.plugins.ml2.drivers.ovn.mech_driver.ovsdb.ovsdb_monitor [None req-eb9c1af2-35d6-4ce4-be23-37cfaae69b88 None None] ChassisOVNAgentWriteEvent : Matched Chassis_Private, create, None None {{(pid=104551) matches /opt/stack/neutron/neutron/plugins/ml2/drivers/ovn/mech_driver/ovsdb/ovsdb_monitor.py:64}}
Apr 22 13:15:38.562916 np0000169315 devstack@neutron-api.service[104551]: DEBUG neutron.plugins.ml2.drivers.ovn.mech_driver.ovsdb.ovsdb_monitor [None req-eb9c1af2-35d6-4ce4-be23-37cfaae69b88 None None] ChassisAgentWriteEvent : Matched Chassis_Private, create, None None {{(pid=104551) matches /opt/stack/neutron/neutron/plugins/ml2/drivers/ovn/mech_driver/ovsdb/ovsdb_monitor.py:64}}
Apr 22 13:15:38.563320 np0000169315 devstack@neutron-api.service[104551]: DEBUG neutron.plugins.ml2.drivers.ovn.mech_driver.ovsdb.ovsdb_monitor [None req-eb9c1af2-35d6-4ce4-be23-37cfaae69b88 None None] Hash Ring: Node a2189c4f11a35952ae1ee05da34174eb (host: np0000169315) handling event "create" for row a06f2cc8-ab35-4c61-8e54-08096e6ad463 (table: Chassis_Private) {{(pid=104551) notify /opt/stack/neutron/neutron/plugins/ml2/drivers/ovn/mech_driver/ovsdb/ovsdb_monitor.py:914}}
Apr 22 13:15:38.565973 np0000169315 devstack@neutron-api.service[104551]: INFO neutron.plugins.ml2.drivers.ovn.mech_driver.mech_driver [None req-eb9c1af2-35d6-4ce4-be23-37cfaae69b88 None None] WorkerService process has finished the post initialization
Apr 22 13:15:38.567545 np0000169315 devstack@neutron-api.service[104551]: WSGI app 0 (mountpoint='') ready in 8 seconds on interpreter 0x79ac1f0a3668 pid: 104551 (default app)
Apr 22 13:15:38.578236 np0000169315 devstack@neutron-api.service[104549]: DEBUG neutron.common.ovn.hash_ring_manager [None req-5b614ca7-053f-4ce1-a727-a5df1e36baca None None] Allow caching, nodes 4>=4 {{(pid=104549) _wait_startup_before_caching /opt/stack/neutron/neutron/common/ovn/hash_ring_manager.py:65}}
Apr 22 13:15:38.581476 np0000169315 devstack@neutron-api.service[104549]: DEBUG neutron.common.ovn.hash_ring_manager [None req-5b614ca7-053f-4ce1-a727-a5df1e36baca None None] Hash Ring loaded. 4 active nodes. 0 offline nodes {{(pid=104549) _load_hash_ring /opt/stack/neutron/neutron/common/ovn/hash_ring_manager.py:102}}
Apr 22 13:15:38.581626 np0000169315 devstack@neutron-api.service[104549]: DEBUG neutron.plugins.ml2.drivers.ovn.mech_driver.ovsdb.ovsdb_monitor [None req-5b614ca7-053f-4ce1-a727-a5df1e36baca None None] ChassisAgentWriteEvent : Matched Chassis_Private, create, None None {{(pid=104549) matches /opt/stack/neutron/neutron/plugins/ml2/drivers/ovn/mech_driver/ovsdb/ovsdb_monitor.py:64}}
Apr 22 13:15:38.581726 np0000169315 devstack@neutron-api.service[104549]: DEBUG neutron.plugins.ml2.drivers.ovn.mech_driver.ovsdb.ovsdb_monitor [None req-5b614ca7-053f-4ce1-a727-a5df1e36baca None None] ChassisOVNAgentWriteEvent : Matched Chassis_Private, create, None None {{(pid=104549) matches /opt/stack/neutron/neutron/plugins/ml2/drivers/ovn/mech_driver/ovsdb/ovsdb_monitor.py:64}}
Apr 22 13:15:38.582159 np0000169315 devstack@neutron-api.service[104549]: DEBUG neutron.plugins.ml2.drivers.ovn.mech_driver.ovsdb.ovsdb_monitor [None req-5b614ca7-053f-4ce1-a727-a5df1e36baca None None] Hash Ring: Node 7a2fa9ebd7b854cd8268f505a03a085d (host: np0000169315) handling event "create" for row d880932e-670c-4fa7-bda1-9a4305b9ed0c (table: Encap) {{(pid=104549) notify /opt/stack/neutron/neutron/plugins/ml2/drivers/ovn/mech_driver/ovsdb/ovsdb_monitor.py:914}}
Apr 22 13:15:38.583888 np0000169315 devstack@neutron-api.service[104549]: INFO neutron.plugins.ml2.drivers.ovn.mech_driver.mech_driver [None req-5b614ca7-053f-4ce1-a727-a5df1e36baca None None] WorkerService process has finished the post initialization
Apr 22 13:15:38.585233 np0000169315 devstack@neutron-api.service[104549]: WSGI app 0 (mountpoint='') ready in 8 seconds on interpreter 0x79ac1f0a3668 pid: 104549 (default app)
Apr 22 13:15:38.594914 np0000169315 devstack@neutron-api.service[104550]: DEBUG neutron.common.ovn.hash_ring_manager [None req-f583c9cd-e2de-4715-898e-009cdd821e5c None None] Allow caching, nodes 4>=4 {{(pid=104550) _wait_startup_before_caching /opt/stack/neutron/neutron/common/ovn/hash_ring_manager.py:65}}
Apr 22 13:15:38.599612 np0000169315 devstack@neutron-api.service[104550]: DEBUG neutron.common.ovn.hash_ring_manager [None req-f583c9cd-e2de-4715-898e-009cdd821e5c None None] Hash Ring loaded. 4 active nodes. 0 offline nodes {{(pid=104550) _load_hash_ring /opt/stack/neutron/neutron/common/ovn/hash_ring_manager.py:102}}
Apr 22 13:15:38.599802 np0000169315 devstack@neutron-api.service[104550]: DEBUG neutron.plugins.ml2.drivers.ovn.mech_driver.ovsdb.ovsdb_monitor [None req-f583c9cd-e2de-4715-898e-009cdd821e5c None None] Hash Ring: Node 9f9e881cc79c586aa414920b0bc7990c (host: np0000169315) handling event "create" for row 2ecfaf12-a3cb-4795-9aed-7da3c10ab2ff (table: Chassis) {{(pid=104550) notify /opt/stack/neutron/neutron/plugins/ml2/drivers/ovn/mech_driver/ovsdb/ovsdb_monitor.py:914}}
Apr 22 13:15:38.600917 np0000169315 devstack@neutron-api.service[104550]: DEBUG ovsdbapp.backend.ovs_idl.event [None req-f583c9cd-e2de-4715-898e-009cdd821e5c None None] Matched CREATE: ChassisBandwidthConfigEvent(events=('create', 'update'), table='Chassis', conditions=None, old_conditions=None), priority=20 to row=Chassis(uuid=2ecfaf12-a3cb-4795-9aed-7da3c10ab2ff, encaps=[d880932e-670c-4fa7-bda1-9a4305b9ed0c], external_ids={}, hostname='np0000169315', name='bbfaaada-30f4-4cc6-b193-048caebfe07b', nb_cfg=0, other_config={'ct-commit-nat-v2': 'true', 'ct-commit-to-zone': 'true', 'ct-next-zone': 'true', 'ct-no-masked-label': 'true', 'ct-state-save': 'true', 'datapath-type': 'system', 'fdb-timestamp': 'true', 'iface-types': 'afxdp,afxdp-nonpmd,bareudp,erspan,geneve,gre,gtpu,internal,ip6erspan,ip6gre,lisp,patch,srv6,stt,system,tap,vxlan', 'is-interconn': 'false', 'ls-dpg-column': 'true', 'mac-binding-timestamp': 'true', 'ovn-bridge-mappings': 'public:br-ex', 'ovn-chassis-mac-mappings': '', 'ovn-cms-options': 'enable-chassis-as-gw', 'ovn-ct-lb-related': 'true', 'ovn-enable-lflow-cache': 'true', 'ovn-limit-lflow-cache': '', 'ovn-memlimit-lflow-cache-kb': '', 'ovn-monitor-all': 'false', 'ovn-trim-limit-lflow-cache': '', 'ovn-trim-timeout-ms': '', 'ovn-trim-wmark-perc-lflow-cache': '', 'port-up-notif': 'true'}, transport_zones=[], vtep_logical_switches=[]) old= {{(pid=104550) matches /opt/stack/data/venv/lib/python3.12/site-packages/ovsdbapp/backend/ovs_idl/event.py:55}}
Apr 22 13:15:38.601632 np0000169315 devstack@neutron-api.service[104550]: DEBUG neutron.plugins.ml2.drivers.ovn.mech_driver.ovsdb.ovsdb_monitor [None req-f583c9cd-e2de-4715-898e-009cdd821e5c None None] ChassisAgentWriteEvent : Matched Chassis_Private, create, None None {{(pid=104550) matches /opt/stack/neutron/neutron/plugins/ml2/drivers/ovn/mech_driver/ovsdb/ovsdb_monitor.py:64}}
Apr 22 13:15:38.601838 np0000169315 devstack@neutron-api.service[104550]: DEBUG neutron.plugins.ml2.drivers.ovn.mech_driver.ovsdb.ovsdb_monitor [None req-f583c9cd-e2de-4715-898e-009cdd821e5c None None] ChassisOVNAgentWriteEvent : Matched Chassis_Private, create, None None {{(pid=104550) matches /opt/stack/neutron/neutron/plugins/ml2/drivers/ovn/mech_driver/ovsdb/ovsdb_monitor.py:64}}
Apr 22 13:15:38.603362 np0000169315 devstack@neutron-api.service[104550]: INFO neutron.plugins.ml2.drivers.ovn.mech_driver.mech_driver [None req-f583c9cd-e2de-4715-898e-009cdd821e5c None None] WorkerService process has finished the post initialization
Apr 22 13:15:38.604098 np0000169315 devstack@neutron-api.service[104550]: INFO neutron.plugins.ml2.drivers.ovn.mech_driver.ovsdb.extensions.qos [-] Starting OVNClientQosExtension
Apr 22 13:15:38.604361 np0000169315 devstack@neutron-api.service[104550]: INFO neutron.plugins.ml2.drivers.ovn.mech_driver.ovsdb.extensions.placement [-] Starting OVNClientPlacementExtension
Apr 22 13:15:38.606245 np0000169315 devstack@neutron-api.service[104550]: WSGI app 0 (mountpoint='') ready in 8 seconds on interpreter 0x79ac1f0a3668 pid: 104550 (default app)
Apr 22 13:15:38.841302 np0000169315 devstack@neutron-api.service[104549]: DEBUG neutron.plugins.ml2.drivers.ovn.mech_driver.ovsdb.ovsdb_monitor [-] Hash Ring: Node 7a2fa9ebd7b854cd8268f505a03a085d (host: np0000169315) handling event "update" for row 7e278be1-cd66-4210-9277-02764a922272 (table: Connection) {{(pid=104549) notify /opt/stack/neutron/neutron/plugins/ml2/drivers/ovn/mech_driver/ovsdb/ovsdb_monitor.py:914}}
Apr 22 13:15:38.846406 np0000169315 devstack@neutron-api.service[104548]: DEBUG neutron.common.ovn.hash_ring_manager [-] Allow caching, nodes 4>=4 {{(pid=104548) _wait_startup_before_caching /opt/stack/neutron/neutron/common/ovn/hash_ring_manager.py:65}}
Apr 22 13:15:38.846945 np0000169315 devstack@neutron-api.service[104548]: DEBUG neutron.plugins.ml2.drivers.ovn.mech_driver.ovsdb.ovsdb_monitor [-] Hash Ring: Node 4945a3af56ba51d18ec8eddcec7240fd (host: np0000169315) handling event "update" for row 7e278be1-cd66-4210-9277-02764a922272 (table: Connection) {{(pid=104548) notify /opt/stack/neutron/neutron/plugins/ml2/drivers/ovn/mech_driver/ovsdb/ovsdb_monitor.py:914}}
Apr 22 13:15:41.339030 np0000169315 devstack@neutron-api.service[104548]: DEBUG neutron.plugins.ml2.drivers.ovn.mech_driver.ovsdb.ovsdb_monitor [-] Hash Ring: Node 4945a3af56ba51d18ec8eddcec7240fd (host: np0000169315) handling event "update" for row 7e278be1-cd66-4210-9277-02764a922272 (table: Connection) {{(pid=104548) notify /opt/stack/neutron/neutron/plugins/ml2/drivers/ovn/mech_driver/ovsdb/ovsdb_monitor.py:914}}
Apr 22 13:15:41.340014 np0000169315 devstack@neutron-api.service[104549]: DEBUG neutron.plugins.ml2.drivers.ovn.mech_driver.ovsdb.ovsdb_monitor [-] Hash Ring: Node 7a2fa9ebd7b854cd8268f505a03a085d (host: np0000169315) handling event "update" for row 7e278be1-cd66-4210-9277-02764a922272 (table: Connection) {{(pid=104549) notify /opt/stack/neutron/neutron/plugins/ml2/drivers/ovn/mech_driver/ovsdb/ovsdb_monitor.py:914}}
Apr 22 13:15:44.282162 np0000169315 devstack@neutron-api.service[104548]: DEBUG neutron.api.wsgi [None req-a91269c6-c76e-48a8-bc10-38b7ab43dd14 admin admin] Missing Content-Type {{(pid=104548) get_content_type /opt/stack/neutron/neutron/api/wsgi.py:85}}
Apr 22 13:15:44.282809 np0000169315 devstack@neutron-api.service[104548]: DEBUG neutron.api.wsgi [None req-a91269c6-c76e-48a8-bc10-38b7ab43dd14 admin admin] https://199.19.213.215/networking/v2.0/extensions returned with HTTP 200 {{(pid=104548) __call__ /opt/stack/neutron/neutron/api/wsgi.py:545}}
Apr 22 13:15:44.282809 np0000169315 devstack@neutron-api.service[104548]: [pid: 104548|app: 0|req: 2/2] 199.19.213.215 () {64 vars in 1323 bytes} [Wed Apr 22 13:15:43 2026] GET /networking/v2.0/extensions => generated 15209 bytes in 438 msecs (HTTP/1.1 200) 4 headers in 159 bytes (1 switches on core 0)
Apr 22 13:15:44.701792 np0000169315 devstack@neutron-api.service[104551]: DEBUG neutron.api.v2.base [None req-f43cc58a-87f8-4574-b36d-86e38dcfe9ce admin admin] Request body: {'subnetpool': {'shared': True, 'is_default': True, 'default_prefixlen': 26, 'name': 'shared-default-subnetpool-v4', 'prefixes': ['10.1.0.0/20']}} {{(pid=104551) prepare_request_body /opt/stack/neutron/neutron/api/v2/base.py:727}}
Apr 22 13:15:44.911031 np0000169315 devstack@neutron-api.service[104551]: DEBUG neutron.policy [None req-f43cc58a-87f8-4574-b36d-86e38dcfe9ce admin admin] Loaded default policies from ['neutron'] under neutron.policies entry points {{(pid=104551) register_rules /opt/stack/neutron/neutron/policy.py:65}}
Apr 22 13:15:45.062082 np0000169315 devstack@neutron-api.service[104551]: DEBUG neutron_lib.callbacks.manager [None req-f43cc58a-87f8-4574-b36d-86e38dcfe9ce admin admin] Publish callbacks ['neutron.objects.securitygroup.RbacNeutronDbObjectMixin.validate_rbac_policy_change-2453304459087', 'neutron.objects.address_group.RbacNeutronDbObjectMixin.validate_rbac_policy_change-2453304494049', 'neutron.objects.network.RbacNeutronDbObjectMixin.validate_rbac_policy_change-2453304479246', 'neutron.objects.qos.policy.RbacNeutronDbObjectMixin.validate_rbac_policy_change-2453304483088', 'neutron.objects.subnetpool.RbacNeutronDbObjectMixin.validate_rbac_policy_change-2453303998342', 'neutron.objects.address_scope.RbacNeutronDbObjectMixin.validate_rbac_policy_change-2453304476545', 'neutron.plugins.ml2.plugin.External_net_db_mixin._process_ext_policy_create-2369155', 'neutron.plugins.ml2.plugin.NeutronDbPluginV2.validate_network_rbac_policy_change-2368915'] for rbac-policy (None), before_create {{(pid=104551) _notify_loop /opt/stack/data/venv/lib/python3.12/site-packages/neutron_lib/callbacks/manager.py:184}}
Apr 22 13:15:45.109186 np0000169315 devstack@neutron-api.service[104551]: DEBUG neutron_lib.callbacks.manager [None req-f43cc58a-87f8-4574-b36d-86e38dcfe9ce admin admin] Publish callbacks [] for subnetpool (None), before_response {{(pid=104551) _notify_loop /opt/stack/data/venv/lib/python3.12/site-packages/neutron_lib/callbacks/manager.py:184}}
Apr 22 13:15:45.109854 np0000169315 devstack@neutron-api.service[104551]: [pid: 104551|app: 0|req: 1/3] 199.19.213.215 () {68 vars in 1367 bytes} [Wed Apr 22 13:15:44 2026] POST /networking/v2.0/subnetpools => generated 533 bytes in 522 msecs (HTTP/1.1 201) 4 headers in 162 bytes (1 switches on core 0)
Apr 22 13:15:45.429236 np0000169315 devstack@neutron-api.service[104549]: DEBUG neutron.api.v2.base [None req-8724b956-a980-406c-9623-d950ba8316aa admin admin] Request body: {'subnetpool': {'shared': True, 'is_default': True, 'default_prefixlen': 64, 'name': 'shared-default-subnetpool-v6', 'prefixes': ['fdc4:61b0:5ba5::/56']}} {{(pid=104549) prepare_request_body /opt/stack/neutron/neutron/api/v2/base.py:727}}
Apr 22 13:15:45.607623 np0000169315 devstack@neutron-api.service[104549]: DEBUG neutron.policy [None req-8724b956-a980-406c-9623-d950ba8316aa admin admin] Loaded default policies from ['neutron'] under neutron.policies entry points {{(pid=104549) register_rules /opt/stack/neutron/neutron/policy.py:65}}
Apr 22 13:15:45.763165 np0000169315 devstack@neutron-api.service[104549]: DEBUG neutron_lib.callbacks.manager [None req-8724b956-a980-406c-9623-d950ba8316aa admin admin] Publish callbacks ['neutron.objects.securitygroup.RbacNeutronDbObjectMixin.validate_rbac_policy_change-2453304459087', 'neutron.objects.address_group.RbacNeutronDbObjectMixin.validate_rbac_policy_change-2453304494049', 'neutron.objects.network.RbacNeutronDbObjectMixin.validate_rbac_policy_change-2453304479246', 'neutron.objects.qos.policy.RbacNeutronDbObjectMixin.validate_rbac_policy_change-2453304483088', 'neutron.objects.subnetpool.RbacNeutronDbObjectMixin.validate_rbac_policy_change-2453303998342', 'neutron.objects.address_scope.RbacNeutronDbObjectMixin.validate_rbac_policy_change-2453304476545', 'neutron.plugins.ml2.plugin.External_net_db_mixin._process_ext_policy_create-143838', 'neutron.plugins.ml2.plugin.NeutronDbPluginV2.validate_network_rbac_policy_change-106238'] for rbac-policy (None), before_create {{(pid=104549) _notify_loop /opt/stack/data/venv/lib/python3.12/site-packages/neutron_lib/callbacks/manager.py:184}}
Apr 22 13:15:45.812007 np0000169315 devstack@neutron-api.service[104549]: DEBUG neutron_lib.callbacks.manager [None req-8724b956-a980-406c-9623-d950ba8316aa admin admin] Publish callbacks [] for subnetpool (None), before_response {{(pid=104549) _notify_loop /opt/stack/data/venv/lib/python3.12/site-packages/neutron_lib/callbacks/manager.py:184}}
Apr 22 13:15:45.812718 np0000169315 devstack@neutron-api.service[104549]: [pid: 104549|app: 0|req: 1/4] 199.19.213.215 () {68 vars in 1367 bytes} [Wed Apr 22 13:15:45 2026] POST /networking/v2.0/subnetpools => generated 543 bytes in 496 msecs (HTTP/1.1 201) 4 headers in 162 bytes (1 switches on core 0)
Apr 22 13:15:46.398800 np0000169315 devstack@neutron-api.service[104550]: DEBUG neutron.api.v2.base [None req-307c7d42-ff71-46fe-a079-ec53cd74b2c7 admin admin] Request body: {'network': {'name': 'private', 'admin_state_up': True}} {{(pid=104550) prepare_request_body /opt/stack/neutron/neutron/api/v2/base.py:727}}
Apr 22 13:15:46.423337 np0000169315 devstack@neutron-api.service[104550]: DEBUG neutron.pecan_wsgi.hooks.quota_enforcement [None req-307c7d42-ff71-46fe-a079-ec53cd74b2c7 admin admin] Made reservation on behalf of 7a67be59be97405f81be50d2f1ed9239 for: {'network': 1} {{(pid=104550) before /opt/stack/neutron/neutron/pecan_wsgi/hooks/quota_enforcement.py:66}}
Apr 22 13:15:46.646002 np0000169315 devstack@neutron-api.service[104550]: DEBUG neutron.policy [None req-307c7d42-ff71-46fe-a079-ec53cd74b2c7 admin admin] Loaded default policies from ['neutron'] under neutron.policies entry points {{(pid=104550) register_rules /opt/stack/neutron/neutron/policy.py:65}}
Apr 22 13:15:46.749487 np0000169315 devstack@neutron-api.service[104550]: DEBUG neutron_lib.callbacks.manager [None req-307c7d42-ff71-46fe-a079-ec53cd74b2c7 admin admin] Publish callbacks ['neutron.plugins.ml2.plugin.SecurityGroupDbMixin._ensure_default_security_group_handler-2535591'] for network (None), before_create {{(pid=104550) _notify_loop /opt/stack/data/venv/lib/python3.12/site-packages/neutron_lib/callbacks/manager.py:184}}
Apr 22 13:15:46.769703 np0000169315 devstack@neutron-api.service[104550]: DEBUG neutron_lib.callbacks.manager [None req-307c7d42-ff71-46fe-a079-ec53cd74b2c7 admin admin] Publish callbacks [] for security_group (None), before_create {{(pid=104550) _notify_loop /opt/stack/data/venv/lib/python3.12/site-packages/neutron_lib/callbacks/manager.py:184}}
Apr 22 13:15:46.872393 np0000169315 devstack@neutron-api.service[104550]: DEBUG neutron_lib.callbacks.manager [None req-307c7d42-ff71-46fe-a079-ec53cd74b2c7 admin admin] Publish callbacks ['neutron.plugins.ml2.drivers.ovn.mech_driver.mech_driver.OVNMechanismDriver._create_security_group_precommit-16612099'] for security_group (ba041e41-8b89-4f02-abec-0666c979a7c2), precommit_create {{(pid=104550) _notify_loop /opt/stack/data/venv/lib/python3.12/site-packages/neutron_lib/callbacks/manager.py:184}}
Apr 22 13:15:46.872670 np0000169315 devstack@neutron-api.service[104550]: DEBUG neutron.db.ovn_revision_numbers_db [None req-307c7d42-ff71-46fe-a079-ec53cd74b2c7 admin admin] create_initial_revision uuid=ba041e41-8b89-4f02-abec-0666c979a7c2, type=security_groups, rev=-1 {{(pid=104550) create_initial_revision /opt/stack/neutron/neutron/db/ovn_revision_numbers_db.py:98}}
Apr 22 13:15:46.875633 np0000169315 devstack@neutron-api.service[104550]: DEBUG neutron.db.ovn_revision_numbers_db [None req-307c7d42-ff71-46fe-a079-ec53cd74b2c7 admin admin] create_initial_revision uuid=37c1d17d-de75-4540-9db8-65191f102e6c, type=security_group_rules, rev=-1 {{(pid=104550) create_initial_revision /opt/stack/neutron/neutron/db/ovn_revision_numbers_db.py:98}}
Apr 22 13:15:46.876693 np0000169315 devstack@neutron-api.service[104550]: DEBUG neutron.db.ovn_revision_numbers_db [None req-307c7d42-ff71-46fe-a079-ec53cd74b2c7 admin admin] create_initial_revision uuid=46ab8698-5f14-4fd1-923b-c8a72af8b91b, type=security_group_rules, rev=-1 {{(pid=104550) create_initial_revision /opt/stack/neutron/neutron/db/ovn_revision_numbers_db.py:98}}
Apr 22 13:15:46.877943 np0000169315 devstack@neutron-api.service[104550]: DEBUG neutron.db.ovn_revision_numbers_db [None req-307c7d42-ff71-46fe-a079-ec53cd74b2c7 admin admin] create_initial_revision uuid=6da70707-ea16-4bd5-bb58-c7a4908df54c, type=security_group_rules, rev=-1 {{(pid=104550) create_initial_revision /opt/stack/neutron/neutron/db/ovn_revision_numbers_db.py:98}}
Apr 22 13:15:46.879004 np0000169315 devstack@neutron-api.service[104550]: DEBUG neutron.db.ovn_revision_numbers_db [None req-307c7d42-ff71-46fe-a079-ec53cd74b2c7 admin admin] create_initial_revision uuid=d0b2efe9-d7bb-4aa3-87ac-036e20fc81d5, type=security_group_rules, rev=-1 {{(pid=104550) create_initial_revision /opt/stack/neutron/neutron/db/ovn_revision_numbers_db.py:98}}
Apr 22 13:15:46.885268 np0000169315 devstack@neutron-api.service[104550]: DEBUG neutron_lib.callbacks.manager [None req-307c7d42-ff71-46fe-a079-ec53cd74b2c7 admin admin] Publish callbacks ['neutron.plugins.ml2.drivers.ovn.mech_driver.mech_driver.OVNMechanismDriver._create_security_group-16612105', 'neutron.plugins.ml2.ovo_rpc._ObjectChangeHandler.handle_event-16205610'] for security_group (ba041e41-8b89-4f02-abec-0666c979a7c2), after_create {{(pid=104550) _notify_loop /opt/stack/data/venv/lib/python3.12/site-packages/neutron_lib/callbacks/manager.py:184}}
Apr 22 13:15:46.886125 np0000169315 devstack@neutron-api.service[104550]: DEBUG ovsdbapp.backend.ovs_idl.transaction [-] Running txn n=1 command(idx=0): PgAddCommand(_result=None, name=pg_ba041e41_8b89_4f02_abec_0666c979a7c2, may_exist=False, columns={'acls': [], 'external_ids': {'neutron:security_group_id': 'ba041e41-8b89-4f02-abec-0666c979a7c2'}}) {{(pid=104550) do_commit /opt/stack/data/venv/lib/python3.12/site-packages/ovsdbapp/backend/ovs_idl/transaction.py:89}}
Apr 22 13:15:46.887448 np0000169315 devstack@neutron-api.service[104550]: DEBUG ovsdbapp.backend.ovs_idl.transaction [-] Running txn n=1 command(idx=1): PgAclAddCommand(_result=None, entity=pg_ba041e41_8b89_4f02_abec_0666c979a7c2, direction=to-lport, priority=1002, match=outport == @pg_ba041e41_8b89_4f02_abec_0666c979a7c2 && ip6 && ip6.src == $pg_ba041e41_8b89_4f02_abec_0666c979a7c2_ip6, action=allow-related, log=False, may_exist=True, severity=[], name=[], meter=[], external_ids={'neutron:security_group_rule_id': '37c1d17d-de75-4540-9db8-65191f102e6c'}) {{(pid=104550) do_commit /opt/stack/data/venv/lib/python3.12/site-packages/ovsdbapp/backend/ovs_idl/transaction.py:89}}
Apr 22 13:15:46.887869 np0000169315 devstack@neutron-api.service[104550]: DEBUG ovsdbapp.backend.ovs_idl.transaction [-] Running txn n=1 command(idx=2): PgAclAddCommand(_result=None, entity=pg_ba041e41_8b89_4f02_abec_0666c979a7c2, direction=to-lport, priority=1002, match=outport == @pg_ba041e41_8b89_4f02_abec_0666c979a7c2 && ip4 && ip4.src == $pg_ba041e41_8b89_4f02_abec_0666c979a7c2_ip4, action=allow-related, log=False, may_exist=True, severity=[], name=[], meter=[], external_ids={'neutron:security_group_rule_id': '46ab8698-5f14-4fd1-923b-c8a72af8b91b'}) {{(pid=104550) do_commit /opt/stack/data/venv/lib/python3.12/site-packages/ovsdbapp/backend/ovs_idl/transaction.py:89}}
Apr 22 13:15:46.888238 np0000169315 devstack@neutron-api.service[104550]: DEBUG ovsdbapp.backend.ovs_idl.transaction [-] Running txn n=1 command(idx=3): PgAclAddCommand(_result=None, entity=pg_ba041e41_8b89_4f02_abec_0666c979a7c2, direction=from-lport, priority=1002, match=inport == @pg_ba041e41_8b89_4f02_abec_0666c979a7c2 && ip6, action=allow-related, log=False, may_exist=True, severity=[], name=[], meter=[], external_ids={'neutron:security_group_rule_id': '6da70707-ea16-4bd5-bb58-c7a4908df54c'}) {{(pid=104550) do_commit /opt/stack/data/venv/lib/python3.12/site-packages/ovsdbapp/backend/ovs_idl/transaction.py:89}}
Apr 22 13:15:46.888519 np0000169315 devstack@neutron-api.service[104550]: DEBUG ovsdbapp.backend.ovs_idl.transaction [-] Running txn n=1 command(idx=4): PgAclAddCommand(_result=None, entity=pg_ba041e41_8b89_4f02_abec_0666c979a7c2, direction=from-lport, priority=1002, match=inport == @pg_ba041e41_8b89_4f02_abec_0666c979a7c2 && ip4, action=allow-related, log=False, may_exist=True, severity=[], name=[], meter=[], external_ids={'neutron:security_group_rule_id': 'd0b2efe9-d7bb-4aa3-87ac-036e20fc81d5'}) {{(pid=104550) do_commit /opt/stack/data/venv/lib/python3.12/site-packages/ovsdbapp/backend/ovs_idl/transaction.py:89}}
Apr 22 13:15:46.938348 np0000169315 devstack@neutron-api.service[104548]: DEBUG neutron.plugins.ml2.drivers.ovn.mech_driver.ovsdb.ovsdb_monitor [-] Hash Ring: Node 4945a3af56ba51d18ec8eddcec7240fd (host: np0000169315) handling event "create" for row 03c23e2d-cd9f-4c3a-9eeb-a1a7251e4abc (table: ACL) {{(pid=104548) notify /opt/stack/neutron/neutron/plugins/ml2/drivers/ovn/mech_driver/ovsdb/ovsdb_monitor.py:914}}
Apr 22 13:15:46.938734 np0000169315 devstack@neutron-api.service[104548]: DEBUG neutron.plugins.ml2.drivers.ovn.mech_driver.ovsdb.ovsdb_monitor [-] Hash Ring: Node 4945a3af56ba51d18ec8eddcec7240fd (host: np0000169315) handling event "create" for row 181315ce-ae67-450b-86f3-fa182129e716 (table: ACL) {{(pid=104548) notify /opt/stack/neutron/neutron/plugins/ml2/drivers/ovn/mech_driver/ovsdb/ovsdb_monitor.py:914}}
Apr 22 13:15:46.938734 np0000169315 devstack@neutron-api.service[104548]: DEBUG neutron.plugins.ml2.drivers.ovn.mech_driver.ovsdb.ovsdb_monitor [-] Hash Ring: Node 4945a3af56ba51d18ec8eddcec7240fd (host: np0000169315) handling event "create" for row 80dfacb4-379e-443d-a0f3-8372b143da38 (table: ACL) {{(pid=104548) notify /opt/stack/neutron/neutron/plugins/ml2/drivers/ovn/mech_driver/ovsdb/ovsdb_monitor.py:914}}
Apr 22 13:15:46.938901 np0000169315 devstack@neutron-api.service[104548]: DEBUG neutron.plugins.ml2.drivers.ovn.mech_driver.ovsdb.ovsdb_monitor [-] Hash Ring: Node 4945a3af56ba51d18ec8eddcec7240fd (host: np0000169315) handling event "create" for row d31d4ae6-bfe6-443c-b611-25bb76f90417 (table: ACL) {{(pid=104548) notify /opt/stack/neutron/neutron/plugins/ml2/drivers/ovn/mech_driver/ovsdb/ovsdb_monitor.py:914}}
Apr 22 13:15:46.939077 np0000169315 devstack@neutron-api.service[104548]: DEBUG neutron.plugins.ml2.drivers.ovn.mech_driver.ovsdb.ovsdb_monitor [-] Hash Ring: Node 4945a3af56ba51d18ec8eddcec7240fd (host: np0000169315) handling event "create" for row 9edc549f-150a-4090-a103-511f78e02f10 (table: Port_Group) {{(pid=104548) notify /opt/stack/neutron/neutron/plugins/ml2/drivers/ovn/mech_driver/ovsdb/ovsdb_monitor.py:914}}
Apr 22 13:15:46.942800 np0000169315 devstack@neutron-api.service[104549]: DEBUG neutron.plugins.ml2.drivers.ovn.mech_driver.ovsdb.ovsdb_monitor [-] Hash Ring: Node 7a2fa9ebd7b854cd8268f505a03a085d (host: np0000169315) handling event "create" for row 03c23e2d-cd9f-4c3a-9eeb-a1a7251e4abc (table: ACL) {{(pid=104549) notify /opt/stack/neutron/neutron/plugins/ml2/drivers/ovn/mech_driver/ovsdb/ovsdb_monitor.py:914}}
Apr 22 13:15:46.943249 np0000169315 devstack@neutron-api.service[104549]: DEBUG neutron.plugins.ml2.drivers.ovn.mech_driver.ovsdb.ovsdb_monitor [-] Hash Ring: Node 7a2fa9ebd7b854cd8268f505a03a085d (host: np0000169315) handling event "create" for row d31d4ae6-bfe6-443c-b611-25bb76f90417 (table: ACL) {{(pid=104549) notify /opt/stack/neutron/neutron/plugins/ml2/drivers/ovn/mech_driver/ovsdb/ovsdb_monitor.py:914}}
Apr 22 13:15:46.943746 np0000169315 devstack@neutron-api.service[104550]: DEBUG neutron.plugins.ml2.drivers.ovn.mech_driver.ovsdb.ovsdb_monitor [-] Hash Ring: Node 9f9e881cc79c586aa414920b0bc7990c (host: np0000169315) handling event "create" for row 181315ce-ae67-450b-86f3-fa182129e716 (table: ACL) {{(pid=104550) notify /opt/stack/neutron/neutron/plugins/ml2/drivers/ovn/mech_driver/ovsdb/ovsdb_monitor.py:914}}
Apr 22 13:15:46.944103 np0000169315 devstack@neutron-api.service[104550]: DEBUG neutron.plugins.ml2.drivers.ovn.mech_driver.ovsdb.ovsdb_monitor [-] Hash Ring: Node 9f9e881cc79c586aa414920b0bc7990c (host: np0000169315) handling event "create" for row 80dfacb4-379e-443d-a0f3-8372b143da38 (table: ACL) {{(pid=104550) notify /opt/stack/neutron/neutron/plugins/ml2/drivers/ovn/mech_driver/ovsdb/ovsdb_monitor.py:914}}
Apr 22 13:15:46.944370 np0000169315 devstack@neutron-api.service[104550]: DEBUG neutron.plugins.ml2.drivers.ovn.mech_driver.ovsdb.ovsdb_monitor [-] Hash Ring: Node 9f9e881cc79c586aa414920b0bc7990c (host: np0000169315) handling event "create" for row 9edc549f-150a-4090-a103-511f78e02f10 (table: Port_Group) {{(pid=104550) notify /opt/stack/neutron/neutron/plugins/ml2/drivers/ovn/mech_driver/ovsdb/ovsdb_monitor.py:914}}
Apr 22 13:15:46.975824 np0000169315 devstack@neutron-api.service[104550]: INFO neutron.db.ovn_revision_numbers_db [None req-307c7d42-ff71-46fe-a079-ec53cd74b2c7 admin admin] Successfully bumped revision number for resource ba041e41-8b89-4f02-abec-0666c979a7c2 (type: security_groups) to 1
Apr 22 13:15:46.996711 np0000169315 devstack@neutron-api.service[104550]: INFO neutron.db.ovn_revision_numbers_db [None req-307c7d42-ff71-46fe-a079-ec53cd74b2c7 admin admin] Successfully bumped revision number for resource 37c1d17d-de75-4540-9db8-65191f102e6c (type: security_group_rules) to 0
Apr 22 13:15:47.019836 np0000169315 devstack@neutron-api.service[104550]: INFO neutron.db.ovn_revision_numbers_db [None req-307c7d42-ff71-46fe-a079-ec53cd74b2c7 admin admin] Successfully bumped revision number for resource 46ab8698-5f14-4fd1-923b-c8a72af8b91b (type: security_group_rules) to 0
Apr 22 13:15:47.033887 np0000169315 devstack@neutron-api.service[104550]: INFO neutron.db.ovn_revision_numbers_db [None req-307c7d42-ff71-46fe-a079-ec53cd74b2c7 admin admin] Successfully bumped revision number for resource 6da70707-ea16-4bd5-bb58-c7a4908df54c (type: security_group_rules) to 0
Apr 22 13:15:47.047850 np0000169315 devstack@neutron-api.service[104550]: INFO neutron.db.ovn_revision_numbers_db [None req-307c7d42-ff71-46fe-a079-ec53cd74b2c7 admin admin] Successfully bumped revision number for resource d0b2efe9-d7bb-4aa3-87ac-036e20fc81d5 (type: security_group_rules) to 0
Apr 22 13:15:47.077520 np0000169315 devstack@neutron-api.service[104550]: DEBUG neutron.api.rpc.handlers.resources_rpc [None req-307c7d42-ff71-46fe-a079-ec53cd74b2c7 admin admin] Pushing event updated for resources: {'SecurityGroup': ['ID=ba041e41-8b89-4f02-abec-0666c979a7c2,revision_number=1']} {{(pid=104550) push /opt/stack/neutron/neutron/api/rpc/handlers/resources_rpc.py:237}}
Apr 22 13:15:47.087009 np0000169315 devstack@neutron-api.service[104550]: DEBUG ovsdbapp.backend.ovs_idl.transaction [-] Running txn n=1 command(idx=0): CheckLivenessCommand(_result=None) {{(pid=104550) do_commit /opt/stack/data/venv/lib/python3.12/site-packages/ovsdbapp/backend/ovs_idl/transaction.py:89}}
Apr 22 13:15:47.091496 np0000169315 devstack@neutron-api.service[104548]: DEBUG neutron.plugins.ml2.drivers.ovn.mech_driver.ovsdb.ovsdb_monitor [-] Hash Ring: Node 4945a3af56ba51d18ec8eddcec7240fd (host: np0000169315) handling event "update" for row f3f50a14-2b21-4df1-be46-dba4c8ae858f (table: NB_Global) {{(pid=104548) notify /opt/stack/neutron/neutron/plugins/ml2/drivers/ovn/mech_driver/ovsdb/ovsdb_monitor.py:914}}
Apr 22 13:15:47.093139 np0000169315 devstack@neutron-api.service[104548]: DEBUG neutron.plugins.ml2.drivers.ovn.mech_driver.ovsdb.ovsdb_monitor [-] Hash Ring: Node 4945a3af56ba51d18ec8eddcec7240fd (host: np0000169315) handling event "update" for row f3f50a14-2b21-4df1-be46-dba4c8ae858f (table: NB_Global) {{(pid=104548) notify /opt/stack/neutron/neutron/plugins/ml2/drivers/ovn/mech_driver/ovsdb/ovsdb_monitor.py:914}}
Apr 22 13:15:47.096127 np0000169315 devstack@neutron-api.service[104548]: DEBUG neutron.plugins.ml2.drivers.ovn.mech_driver.ovsdb.ovsdb_monitor [-] Hash Ring: Node 4945a3af56ba51d18ec8eddcec7240fd (host: np0000169315) handling event "update" for row f3f50a14-2b21-4df1-be46-dba4c8ae858f (table: NB_Global) {{(pid=104548) notify /opt/stack/neutron/neutron/plugins/ml2/drivers/ovn/mech_driver/ovsdb/ovsdb_monitor.py:914}}
Apr 22 13:15:47.097929 np0000169315 devstack@neutron-api.service[104551]: DEBUG neutron.plugins.ml2.drivers.ovn.mech_driver.ovsdb.ovsdb_monitor [-] ChassisAgentWriteEvent : Matched Chassis_Private, update, None None {{(pid=104551) matches /opt/stack/neutron/neutron/plugins/ml2/drivers/ovn/mech_driver/ovsdb/ovsdb_monitor.py:64}}
Apr 22 13:15:47.098803 np0000169315 devstack@neutron-api.service[104549]: DEBUG neutron.plugins.ml2.drivers.ovn.mech_driver.ovsdb.ovsdb_monitor [-] ChassisAgentWriteEvent : Matched Chassis_Private, update, None None {{(pid=104549) matches /opt/stack/neutron/neutron/plugins/ml2/drivers/ovn/mech_driver/ovsdb/ovsdb_monitor.py:64}}
Apr 22 13:15:47.098911 np0000169315 devstack@neutron-api.service[104551]: DEBUG neutron.plugins.ml2.drivers.ovn.mech_driver.ovsdb.ovsdb_monitor [-] Hash Ring: Node a2189c4f11a35952ae1ee05da34174eb (host: np0000169315) handling event "update" for row a06f2cc8-ab35-4c61-8e54-08096e6ad463 (table: Chassis_Private) {{(pid=104551) notify /opt/stack/neutron/neutron/plugins/ml2/drivers/ovn/mech_driver/ovsdb/ovsdb_monitor.py:914}}
Apr 22 13:15:47.101077 np0000169315 devstack@neutron-api.service[104550]: DEBUG neutron.plugins.ml2.drivers.ovn.mech_driver.ovsdb.ovsdb_monitor [-] ChassisAgentWriteEvent : Matched Chassis_Private, update, None None {{(pid=104550) matches /opt/stack/neutron/neutron/plugins/ml2/drivers/ovn/mech_driver/ovsdb/ovsdb_monitor.py:64}}
Apr 22 13:15:47.101477 np0000169315 devstack@neutron-api.service[104548]: DEBUG neutron.plugins.ml2.drivers.ovn.mech_driver.ovsdb.ovsdb_monitor [-] ChassisAgentWriteEvent : Matched Chassis_Private, update, None None {{(pid=104548) matches /opt/stack/neutron/neutron/plugins/ml2/drivers/ovn/mech_driver/ovsdb/ovsdb_monitor.py:64}}
Apr 22 13:15:47.104538 np0000169315 devstack@neutron-api.service[104548]: DEBUG neutron.plugins.ml2.drivers.ovn.mech_driver.ovsdb.ovsdb_monitor [-] Hash Ring: Node 4945a3af56ba51d18ec8eddcec7240fd (host: np0000169315) handling event "update" for row f3f50a14-2b21-4df1-be46-dba4c8ae858f (table: NB_Global) {{(pid=104548) notify /opt/stack/neutron/neutron/plugins/ml2/drivers/ovn/mech_driver/ovsdb/ovsdb_monitor.py:914}}
Apr 22 13:15:47.105231 np0000169315 devstack@neutron-api.service[104550]: DEBUG neutron.api.rpc.callbacks.version_manager [None req-307c7d42-ff71-46fe-a079-ec53cd74b2c7 admin admin] Tracked resource versions report:
Apr 22 13:15:47.105231 np0000169315 devstack@neutron-api.service[104550]: pushed versions:
Apr 22 13:15:47.105231 np0000169315 devstack@neutron-api.service[104550]: { 'AddressGroup': {'1.2'},
Apr 22 13:15:47.105231 np0000169315 devstack@neutron-api.service[104550]: 'Agent': {'1.1'},
Apr 22 13:15:47.105231 np0000169315 devstack@neutron-api.service[104550]: 'ConntrackHelper': {'1.0'},
Apr 22 13:15:47.105231 np0000169315 devstack@neutron-api.service[104550]: 'LocalIPAssociation': {'1.0'},
Apr 22 13:15:47.105231 np0000169315 devstack@neutron-api.service[104550]: 'Log': {'1.0'},
Apr 22 13:15:47.105231 np0000169315 devstack@neutron-api.service[104550]: 'NDPProxy': {'1.0'},
Apr 22 13:15:47.105231 np0000169315 devstack@neutron-api.service[104550]: 'Network': {'1.2'},
Apr 22 13:15:47.105231 np0000169315 devstack@neutron-api.service[104550]: 'Port': {'1.10'},
Apr 22 13:15:47.105231 np0000169315 devstack@neutron-api.service[104550]: 'PortForwarding': {'1.3'},
Apr 22 13:15:47.105231 np0000169315 devstack@neutron-api.service[104550]: 'QosPolicy': {'1.10'},
Apr 22 13:15:47.105231 np0000169315 devstack@neutron-api.service[104550]: 'SecurityGroup': {'1.6'},
Apr 22 13:15:47.105231 np0000169315 devstack@neutron-api.service[104550]: 'SecurityGroupRule': {'1.3'},
Apr 22 13:15:47.105231 np0000169315 devstack@neutron-api.service[104550]: 'SubPort': {'1.0'},
Apr 22 13:15:47.105231 np0000169315 devstack@neutron-api.service[104550]: 'Subnet': {'1.2'},
Apr 22 13:15:47.105231 np0000169315 devstack@neutron-api.service[104550]: 'Trunk': {'1.1'}}
Apr 22 13:15:47.105231 np0000169315 devstack@neutron-api.service[104550]: consumer versions:
Apr 22 13:15:47.105231 np0000169315 devstack@neutron-api.service[104550]: {OVN Controller Gateway agent@np0000169315: {}}
Apr 22 13:15:47.105231 np0000169315 devstack@neutron-api.service[104550]: {{(pid=104550) report /opt/stack/neutron/neutron/api/rpc/callbacks/version_manager.py:183}}
Apr 22 13:15:47.106408 np0000169315 devstack@neutron-api.service[104548]: DEBUG neutron.common.ovn.hash_ring_manager [-] Allow caching, nodes 4>=4 {{(pid=104548) _wait_startup_before_caching /opt/stack/neutron/neutron/common/ovn/hash_ring_manager.py:65}}
Apr 22 13:15:47.106591 np0000169315 devstack@neutron-api.service[104548]: DEBUG neutron.plugins.ml2.drivers.ovn.mech_driver.ovsdb.ovsdb_monitor [-] Hash Ring: Node 4945a3af56ba51d18ec8eddcec7240fd (host: np0000169315) handling event "update" for row a06f2cc8-ab35-4c61-8e54-08096e6ad463 (table: Chassis_Private) {{(pid=104548) notify /opt/stack/neutron/neutron/plugins/ml2/drivers/ovn/mech_driver/ovsdb/ovsdb_monitor.py:914}}
Apr 22 13:15:47.108395 np0000169315 devstack@neutron-api.service[104548]: DEBUG neutron.plugins.ml2.drivers.ovn.mech_driver.ovsdb.ovsdb_monitor [-] ChassisOVNAgentWriteEvent : Matched Chassis_Private, update, None None {{(pid=104548) matches /opt/stack/neutron/neutron/plugins/ml2/drivers/ovn/mech_driver/ovsdb/ovsdb_monitor.py:64}}
Apr 22 13:15:47.108445 np0000169315 devstack@neutron-api.service[104549]: DEBUG neutron.plugins.ml2.drivers.ovn.mech_driver.ovsdb.ovsdb_monitor [-] ChassisOVNAgentWriteEvent : Matched Chassis_Private, update, None None {{(pid=104549) matches /opt/stack/neutron/neutron/plugins/ml2/drivers/ovn/mech_driver/ovsdb/ovsdb_monitor.py:64}}
Apr 22 13:15:47.109627 np0000169315 devstack@neutron-api.service[104548]: DEBUG neutron.plugins.ml2.drivers.ovn.mech_driver.ovsdb.ovsdb_monitor [-] Hash Ring: Node 4945a3af56ba51d18ec8eddcec7240fd (host: np0000169315) handling event "update" for row a06f2cc8-ab35-4c61-8e54-08096e6ad463 (table: Chassis_Private) {{(pid=104548) notify /opt/stack/neutron/neutron/plugins/ml2/drivers/ovn/mech_driver/ovsdb/ovsdb_monitor.py:914}}
Apr 22 13:15:47.110195 np0000169315 devstack@neutron-api.service[104551]: DEBUG neutron.plugins.ml2.drivers.ovn.mech_driver.ovsdb.ovsdb_monitor [-] ChassisOVNAgentWriteEvent : Matched Chassis_Private, update, None None {{(pid=104551) matches /opt/stack/neutron/neutron/plugins/ml2/drivers/ovn/mech_driver/ovsdb/ovsdb_monitor.py:64}}
Apr 22 13:15:47.110554 np0000169315 devstack@neutron-api.service[104550]: DEBUG neutron.plugins.ml2.drivers.ovn.mech_driver.ovsdb.ovsdb_monitor [-] ChassisOVNAgentWriteEvent : Matched Chassis_Private, update, None None {{(pid=104550) matches /opt/stack/neutron/neutron/plugins/ml2/drivers/ovn/mech_driver/ovsdb/ovsdb_monitor.py:64}}
Apr 22 13:15:47.111058 np0000169315 devstack@neutron-api.service[104551]: DEBUG neutron.plugins.ml2.drivers.ovn.mech_driver.ovsdb.ovsdb_monitor [-] Hash Ring: Node a2189c4f11a35952ae1ee05da34174eb (host: np0000169315) handling event "update" for row a06f2cc8-ab35-4c61-8e54-08096e6ad463 (table: Chassis_Private) {{(pid=104551) notify /opt/stack/neutron/neutron/plugins/ml2/drivers/ovn/mech_driver/ovsdb/ovsdb_monitor.py:914}}
Apr 22 13:15:47.173398 np0000169315 devstack@neutron-api.service[104550]: DEBUG neutron.plugins.ml2.drivers.helpers [None req-307c7d42-ff71-46fe-a079-ec53cd74b2c7 admin admin] geneve segment allocate from pool success with {'geneve_vni': 25427} {{(pid=104550) allocate_partially_specified_segment /opt/stack/neutron/neutron/plugins/ml2/drivers/helpers.py:142}}
Apr 22 13:15:47.187759 np0000169315 devstack@neutron-api.service[104550]: DEBUG neutron_lib.callbacks.manager [None req-307c7d42-ff71-46fe-a079-ec53cd74b2c7 admin admin] Publish callbacks ['neutron.services.segments.db._add_segment_host_mapping_for_segment-8361253153362', 'neutron.plugins.ml2.plugin.Ml2Plugin._handle_segment_change-2293439'] for segment (98e0432d-a2ce-47f9-bab4-3214225a2f5c), precommit_create {{(pid=104550) _notify_loop /opt/stack/data/venv/lib/python3.12/site-packages/neutron_lib/callbacks/manager.py:184}}
Apr 22 13:15:47.187759 np0000169315 devstack@neutron-api.service[104550]: INFO neutron.db.segments_db [None req-307c7d42-ff71-46fe-a079-ec53cd74b2c7 admin admin] Added segment 98e0432d-a2ce-47f9-bab4-3214225a2f5c of type geneve for network a2cf1a89-6e68-4d04-92d3-8dc0bdb6e92c
Apr 22 13:15:47.253073 np0000169315 devstack@neutron-api.service[104550]: DEBUG neutron_lib.callbacks.manager [None req-307c7d42-ff71-46fe-a079-ec53cd74b2c7 admin admin] Publish callbacks ['neutron.services.auto_allocate.db._ensure_external_network_default_value_callback-8361251961536'] for network (a2cf1a89-6e68-4d04-92d3-8dc0bdb6e92c), precommit_create {{(pid=104550) _notify_loop /opt/stack/data/venv/lib/python3.12/site-packages/neutron_lib/callbacks/manager.py:184}}
Apr 22 13:15:47.277120 np0000169315 devstack@neutron-api.service[104550]: DEBUG neutron.plugins.ml2.drivers.ovn.mech_driver.mech_driver [None req-307c7d42-ff71-46fe-a079-ec53cd74b2c7 admin admin] Validating network segment with type geneve, segmentation ID 25427, physical network None {{(pid=104550) _validate_network_segments /opt/stack/neutron/neutron/plugins/ml2/drivers/ovn/mech_driver/mech_driver.py:641}}
Apr 22 13:15:47.277366 np0000169315 devstack@neutron-api.service[104550]: DEBUG neutron.db.ovn_revision_numbers_db [None req-307c7d42-ff71-46fe-a079-ec53cd74b2c7 admin admin] create_initial_revision uuid=a2cf1a89-6e68-4d04-92d3-8dc0bdb6e92c, type=networks, rev=-1 {{(pid=104550) create_initial_revision /opt/stack/neutron/neutron/db/ovn_revision_numbers_db.py:98}}
Apr 22 13:15:47.295104 np0000169315 devstack@neutron-api.service[104550]: DEBUG neutron_lib.callbacks.manager [None req-307c7d42-ff71-46fe-a079-ec53cd74b2c7 admin admin] Publish callbacks ['neutron.plugins.ml2.ovo_rpc._ObjectChangeHandler.handle_event-16205613'] for network (a2cf1a89-6e68-4d04-92d3-8dc0bdb6e92c), after_create {{(pid=104550) _notify_loop /opt/stack/data/venv/lib/python3.12/site-packages/neutron_lib/callbacks/manager.py:184}}
