+ COMMAND=start + start + for KEYSTONE_WSGI_SCRIPT in keystone-wsgi-public ++ type -p keystone-wsgi-public + cp -a /var/lib/openstack/bin/keystone-wsgi-public /var/www/cgi-bin/keystone/ + '[' -f /etc/apache2/envvars ']' + source /etc/apache2/envvars ++ unset HOME ++ '[' '' '!=' '' ']' ++ SUFFIX= ++ export APACHE_RUN_USER=www-data ++ APACHE_RUN_USER=www-data ++ export APACHE_RUN_GROUP=www-data ++ APACHE_RUN_GROUP=www-data ++ export APACHE_PID_FILE=/var/run/apache2/apache2.pid ++ APACHE_PID_FILE=/var/run/apache2/apache2.pid ++ export APACHE_RUN_DIR=/var/run/apache2 ++ APACHE_RUN_DIR=/var/run/apache2 ++ export APACHE_LOCK_DIR=/var/lock/apache2 ++ APACHE_LOCK_DIR=/var/lock/apache2 ++ export APACHE_LOG_DIR=/var/log/apache2 ++ APACHE_LOG_DIR=/var/log/apache2 ++ export LANG=C ++ LANG=C ++ export LANG + '[' -f /var/run/apache2/apache2.pid ']' + exec apache2 -DFOREGROUND AH00558: apache2: Could not reliably determine the server's fully qualified domain name, using 10.0.0.69. Set the 'ServerName' directive globally to suppress this message AH00558: apache2: Could not reliably determine the server's fully qualified domain name, using 10.0.0.69. Set the 'ServerName' directive globally to suppress this message
[Wed Jul 15 20:06:57.899644 2026] [mpm_event:notice] [pid 1:tid 140612907788160] AH00489: Apache/2.4.58 (Ubuntu) mod_wsgi/5.0.0 Python/3.12 configured -- resuming normal operations
[Wed Jul 15 20:06:57.899859 2026] [core:notice] [pid 1:tid 140612907788160] AH00094: Command line: 'apache2 -D FOREGROUND'
[Wed Jul 15 20:07:57.191033 2026] [wsgi:error] [pid 10:tid 140612269967040] /var/lib/openstack/lib/python3.12/site-packages/oslo_utils/importutils.py:77: EventletDeprecationWarning:
[Wed Jul 15 20:07:57.191071 2026] [wsgi:error] [pid 10:tid 140612269967040] Eventlet is deprecated. It is currently being maintained in bugfix mode, and
[Wed Jul 15 20:07:57.191073 2026] [wsgi:error] [pid 10:tid 140612269967040] we strongly recommend against using it for new projects.
[Wed Jul 15 20:07:57.191074 2026] [wsgi:error] [pid 10:tid 140612269967040]
[Wed Jul 15 20:07:57.191075 2026] [wsgi:error] [pid 10:tid 140612269967040] If you are already using Eventlet, we recommend migrating to a different
[Wed Jul 15 20:07:57.191076 2026] [wsgi:error] [pid 10:tid 140612269967040] framework. For more detail see
[Wed Jul 15 20:07:57.191077 2026] [wsgi:error] [pid 10:tid 140612269967040] https://eventlet.readthedocs.io/en/latest/asyncio/migration.html
[Wed Jul 15 20:07:57.191079 2026] [wsgi:error] [pid 10:tid 140612269967040]
[Wed Jul 15 20:07:57.191080 2026] [wsgi:error] [pid 10:tid 140612269967040] __import__(import_str)
[Wed Jul 15 20:07:57.213589 2026] [wsgi:error] [pid 12:tid 140612269967040] /var/lib/openstack/lib/python3.12/site-packages/oslo_utils/importutils.py:77: EventletDeprecationWarning:
[Wed Jul 15 20:07:57.213631 2026] [wsgi:error] [pid 12:tid 140612269967040] Eventlet is deprecated. It is currently being maintained in bugfix mode, and
[Wed Jul 15 20:07:57.213633 2026] [wsgi:error] [pid 12:tid 140612269967040] we strongly recommend against using it for new projects.
[Wed Jul 15 20:07:57.213634 2026] [wsgi:error] [pid 12:tid 140612269967040]
[Wed Jul 15 20:07:57.213636 2026] [wsgi:error] [pid 12:tid 140612269967040] If you are already using Eventlet, we recommend migrating to a different
[Wed Jul 15 20:07:57.213637 2026] [wsgi:error] [pid 12:tid 140612269967040] framework. For more detail see
[Wed Jul 15 20:07:57.213638 2026] [wsgi:error] [pid 12:tid 140612269967040] https://eventlet.readthedocs.io/en/latest/asyncio/migration.html
[Wed Jul 15 20:07:57.213639 2026] [wsgi:error] [pid 12:tid 140612269967040]
[Wed Jul 15 20:07:57.213641 2026] [wsgi:error] [pid 12:tid 140612269967040] __import__(import_str) 10.0.0.60 - - [15/Jul/2026:20:07:56 +0000] "GET /v3/ HTTP/1.1" 200 249 10.0.0.60 - - [15/Jul/2026:20:07:56 +0000] "GET /v3/ HTTP/1.1" 200 249
[Wed Jul 15 20:08:09.999681 2026] [wsgi:error] [pid 11:tid 140612269967040] /var/lib/openstack/lib/python3.12/site-packages/oslo_utils/importutils.py:77: EventletDeprecationWarning:
[Wed Jul 15 20:08:09.999722 2026] [wsgi:error] [pid 11:tid 140612269967040] Eventlet is deprecated. It is currently being maintained in bugfix mode, and
[Wed Jul 15 20:08:09.999724 2026] [wsgi:error] [pid 11:tid 140612269967040] we strongly recommend against using it for new projects.
[Wed Jul 15 20:08:09.999725 2026] [wsgi:error] [pid 11:tid 140612269967040]
[Wed Jul 15 20:08:09.999727 2026] [wsgi:error] [pid 11:tid 140612269967040] If you are already using Eventlet, we recommend migrating to a different
[Wed Jul 15 20:08:09.999728 2026] [wsgi:error] [pid 11:tid 140612269967040] framework. For more detail see
[Wed Jul 15 20:08:09.999729 2026] [wsgi:error] [pid 11:tid 140612269967040] https://eventlet.readthedocs.io/en/latest/asyncio/migration.html
[Wed Jul 15 20:08:09.999730 2026] [wsgi:error] [pid 11:tid 140612269967040]
[Wed Jul 15 20:08:09.999731 2026] [wsgi:error] [pid 11:tid 140612269967040] __import__(import_str) 10.0.0.214 - - [15/Jul/2026:20:08:09 +0000] "GET / HTTP/1.1" 300 295
[Wed Jul 15 20:08:15.370342 2026] [wsgi:error] [pid 9:tid 140612269967040] /var/lib/openstack/lib/python3.12/site-packages/oslo_utils/importutils.py:77: EventletDeprecationWarning:
[Wed Jul 15 20:08:15.370385 2026] [wsgi:error] [pid 9:tid 140612269967040] Eventlet is deprecated. It is currently being maintained in bugfix mode, and
[Wed Jul 15 20:08:15.370387 2026] [wsgi:error] [pid 9:tid 140612269967040] we strongly recommend against using it for new projects.
[Wed Jul 15 20:08:15.370388 2026] [wsgi:error] [pid 9:tid 140612269967040]
[Wed Jul 15 20:08:15.370389 2026] [wsgi:error] [pid 9:tid 140612269967040] If you are already using Eventlet, we recommend migrating to a different
[Wed Jul 15 20:08:15.370391 2026] [wsgi:error] [pid 9:tid 140612269967040] framework. For more detail see
[Wed Jul 15 20:08:15.370392 2026] [wsgi:error] [pid 9:tid 140612269967040] https://eventlet.readthedocs.io/en/latest/asyncio/migration.html
[Wed Jul 15 20:08:15.370393 2026] [wsgi:error] [pid 9:tid 140612269967040]
[Wed Jul 15 20:08:15.370394 2026] [wsgi:error] [pid 9:tid 140612269967040] __import__(import_str)
[Wed Jul 15 20:08:19.961118 2026] [wsgi:error] [pid 9:tid 140612269967040] [remote 10.0.0.214:45280] 2026-07-15 20:08:19.957 9 WARNING keystone.identity.core [None req-80f79381-7ccd-42af-bb19-e091b08913b1 - - - - - -] Invalid domain name (atmosphere) found in config file name: keystone.exception.DomainNotFound: Could not find domain: atmosphere.
[Wed Jul 15 20:08:20.015754 2026] [wsgi:error] [pid 9:tid 140612269967040] [remote 10.0.0.214:45280] 2026-07-15 20:08:20.015 9 WARNING keystone.common.password_hashing [None req-80f79381-7ccd-42af-bb19-e091b08913b1 - - - - - -] Truncating password to algorithm specific maximum length 72 characters.
[Wed Jul 15 20:08:20.304301 2026] [wsgi:error] [pid 9:tid 140612269967040] [remote 10.0.0.214:45280] 2026-07-15 20:08:20.304 9 WARNING keystone.common.fernet_utils [None req-80f79381-7ccd-42af-bb19-e091b08913b1 - - - - - -] key_repository is world readable: /etc/keystone/fernet-keys/ 10.0.0.214 - - [15/Jul/2026:20:08:14 +0000] "POST /v3/auth/tokens HTTP/1.1" 201 1358
[Wed Jul 15 20:08:20.679800 2026] [wsgi:error] [pid 12:tid 140612269967040] [remote 10.0.0.214:45280] 2026-07-15 20:08:20.676 12 WARNING keystone.identity.core [None req-716042d5-deea-474c-b215-ab9bf248072e - - - - - -] Invalid domain name (atmosphere) found in config file name: keystone.exception.DomainNotFound: Could not find domain: atmosphere. 10.0.0.214 - - [15/Jul/2026:20:08:20 +0000] "POST /v3/domains HTTP/1.1" 201 261 10.0.0.74 - - [15/Jul/2026:20:08:33 +0000] "GET / HTTP/1.1" 300 295
[Wed Jul 15 20:08:33.903156 2026] [wsgi:error] [pid 11:tid 140612269967040] [remote 10.0.0.74:44558] 2026-07-15 20:08:33.902 11 WARNING keystone.common.password_hashing [None req-2fb8cc70-3f26-4b07-a895-ef8fdc0734f0 - - - - - -] Truncating password to algorithm specific maximum length 72 characters.
[Wed Jul 15 20:08:34.191414 2026] [wsgi:error] [pid 11:tid 140612269967040] [remote 10.0.0.74:44558] 2026-07-15 20:08:34.190 11 WARNING keystone.common.fernet_utils [None req-2fb8cc70-3f26-4b07-a895-ef8fdc0734f0 - - - - - -] key_repository is world readable: /etc/keystone/fernet-keys/ 10.0.0.74 - - [15/Jul/2026:20:08:33 +0000] "POST /v3/auth/tokens HTTP/1.1" 201 1358 10.0.0.74 - - [15/Jul/2026:20:08:34 +0000] "GET /v3/roles/admin HTTP/1.1" 404 83
[Wed Jul 15 20:08:34.428584 2026] [wsgi:error] [pid 12:tid 140612269967040] [remote 10.0.0.74:44558] 2026-07-15 20:08:34.428 12 WARNING keystone.common.rbac_enforcer.enforcer [None req-fbfd9f7e-d27d-44b7-baf0-5af88494c523 680b6bba5dbf44c7897ce27075a096af 4e6990cf43bb40e287bce034788d8bcf - - default default] Deprecated policy rules found. Use oslopolicy-policy-generator and oslopolicy-policy-upgrade to detect and resolve deprecated policies in your configuration. 10.0.0.74 - - [15/Jul/2026:20:08:34 +0000] "GET /v3/roles?name=admin HTTP/1.1" 200 389
[Wed Jul 15 20:08:34.923973 2026] [wsgi:error] [pid 10:tid 140612269967040] [remote 10.0.0.74:44558] 2026-07-15 20:08:34.923 10 WARNING keystone.common.rbac_enforcer.enforcer [None req-cfc76e55-9b42-4fa1-9ec7-ea90966c76d7 680b6bba5dbf44c7897ce27075a096af 4e6990cf43bb40e287bce034788d8bcf - - default default] Deprecated policy rules found. Use oslopolicy-policy-generator and oslopolicy-policy-upgrade to detect and resolve deprecated policies in your configuration. 10.0.0.74 - - [15/Jul/2026:20:08:34 +0000] "GET /v3/users/admin-RegionOne HTTP/1.1" 404 93
[Wed Jul 15 20:08:35.065047 2026] [wsgi:error] [pid 11:tid 140612269967040] [remote 10.0.0.74:44558] 2026-07-15 20:08:35.064 11 WARNING keystone.common.rbac_enforcer.enforcer [None req-d947d8bd-8388-4279-a253-5c6dfaf417f2 680b6bba5dbf44c7897ce27075a096af 4e6990cf43bb40e287bce034788d8bcf - - default default] Deprecated policy rules found. Use oslopolicy-policy-generator and oslopolicy-policy-upgrade to detect and resolve deprecated policies in your configuration. 10.0.0.74 - - [15/Jul/2026:20:08:34 +0000] "GET /v3/users?name=admin-RegionOne HTTP/1.1" 200 422
[Wed Jul 15 20:08:35.242807 2026] [wsgi:error] [pid 9:tid 140612269967040] [remote 10.0.0.74:44558] 2026-07-15 20:08:35.242 9 WARNING keystone.common.rbac_enforcer.enforcer [None req-62e5e78b-fd62-424a-8e13-3437fd23f727 680b6bba5dbf44c7897ce27075a096af 4e6990cf43bb40e287bce034788d8bcf - - default default] Deprecated policy rules found. Use oslopolicy-policy-generator and oslopolicy-policy-upgrade to detect and resolve deprecated policies in your configuration. 10.0.0.74 - - [15/Jul/2026:20:08:35 +0000] "GET /v3/domains/default HTTP/1.1" 200 224 10.0.0.74 - - [15/Jul/2026:20:08:35 +0000] "PUT /v3/domains/default/users/680b6bba5dbf44c7897ce27075a096af/roles/e2e49445e1b54918b13f4a1133e38686 HTTP/1.1" 204 - 10.0.0.60 - - [15/Jul/2026:20:08:45 +0000] "GET / HTTP/1.1" 300 279 10.0.0.60 - - [15/Jul/2026:20:08:46 +0000] "GET /v3 HTTP/1.1" 200 264
[Wed Jul 15 20:08:46.771084 2026] [wsgi:error] [pid 9:tid 140612269967040] [remote 10.0.0.60:51726] 2026-07-15 20:08:46.770 9 WARNING keystone.common.password_hashing [None req-dc9107c2-bb44-4759-8b1a-aef9a2cddc4a - - - - - -] Truncating password to algorithm specific maximum length 72 characters.
[Wed Jul 15 20:08:47.046255 2026] [wsgi:error] [pid 9:tid 140612269967040] [remote 10.0.0.60:51726] 2026-07-15 20:08:47.046 9 WARNING keystone.common.fernet_utils [None req-dc9107c2-bb44-4759-8b1a-aef9a2cddc4a - - - - - -] key_repository is world readable: /etc/keystone/fernet-keys/ 10.0.0.60 - - [15/Jul/2026:20:08:46 +0000] "POST /v3/auth/tokens HTTP/1.1" 201 1358 10.0.0.60 - - [15/Jul/2026:20:08:47 +0000] "GET / HTTP/1.1" 300 279 10.0.0.60 - - [15/Jul/2026:20:08:47 +0000] "GET /v3/domains/atmosphere HTTP/1.1" 404 90 10.0.0.60 - - [15/Jul/2026:20:08:47 +0000] "GET /v3/domains?name=atmosphere HTTP/1.1" 200 366 10.0.0.60 - - [15/Jul/2026:20:08:47 +0000] "GET /v3/domains/4da9fbfd42ec4e5bbba145475861e090 HTTP/1.1" 200 245 10.0.0.60 - - [15/Jul/2026:20:08:48 +0000] "GET /v3 HTTP/1.1" 200 264
[Wed Jul 15 20:08:48.144566 2026] [wsgi:error] [pid 10:tid 140612269967040] [remote 10.0.0.60:51722] 2026-07-15 20:08:48.144 10 WARNING keystone.common.password_hashing [None req-44c07e0a-c05d-4d35-8331-b2bccb325f20 - - - - - -] Truncating password to algorithm specific maximum length 72 characters.
[Wed Jul 15 20:08:48.417065 2026] [wsgi:error] [pid 10:tid 140612269967040] [remote 10.0.0.60:51722] 2026-07-15 20:08:48.416 10 WARNING keystone.common.fernet_utils [None req-44c07e0a-c05d-4d35-8331-b2bccb325f20 - - - - - -] key_repository is world readable: /etc/keystone/fernet-keys/ 10.0.0.60 - - [15/Jul/2026:20:08:48 +0000] "POST /v3/auth/tokens HTTP/1.1" 201 1358 10.0.0.60 - - [15/Jul/2026:20:08:48 +0000] "GET / HTTP/1.1" 300 279 10.0.0.60 - - [15/Jul/2026:20:08:48 +0000] "GET /v3/OS-FEDERATION/identity_providers/atmosphere HTTP/1.1" 404 101 10.0.0.60 - - [15/Jul/2026:20:08:48 +0000] "GET /v3/OS-FEDERATION/identity_providers HTTP/1.1" 200 154 10.0.0.60 - - [15/Jul/2026:20:08:48 +0000] "PUT /v3/OS-FEDERATION/identity_providers/atmosphere HTTP/1.1" 201 338 10.0.0.60 - - [15/Jul/2026:20:08:49 +0000] "GET /v3 HTTP/1.1" 200 264
[Wed Jul 15 20:08:49.143146 2026] [wsgi:error] [pid 9:tid 140612269967040] [remote 10.0.0.60:51726] 2026-07-15 20:08:49.143 9 WARNING keystone.common.password_hashing [None req-97ce4857-065f-43e9-a8d3-d556cda68e9a - - - - - -] Truncating password to algorithm specific maximum length 72 characters.
[Wed Jul 15 20:08:49.409698 2026] [wsgi:error] [pid 9:tid 140612269967040] [remote 10.0.0.60:51726] 2026-07-15 20:08:49.409 9 WARNING keystone.common.fernet_utils [None req-97ce4857-065f-43e9-a8d3-d556cda68e9a - - - - - -] key_repository is world readable: /etc/keystone/fernet-keys/ 10.0.0.60 - - [15/Jul/2026:20:08:49 +0000] "POST /v3/auth/tokens HTTP/1.1" 201 1358 10.0.0.60 - - [15/Jul/2026:20:08:49 +0000] "GET / HTTP/1.1" 300 279 10.0.0.60 - - [15/Jul/2026:20:08:49 +0000] "GET /v3/OS-FEDERATION/mappings/atmosphere-openid HTTP/1.1" 404 98 10.0.0.60 - - [15/Jul/2026:20:08:49 +0000] "GET /v3/OS-FEDERATION/mappings HTTP/1.1" 200 134 10.0.0.60 - - [15/Jul/2026:20:08:49 +0000] "PUT /v3/OS-FEDERATION/mappings/atmosphere-openid HTTP/1.1" 201 355 10.0.0.60 - - [15/Jul/2026:20:08:50 +0000] "GET /v3 HTTP/1.1" 200 264
[Wed Jul 15 20:08:50.115316 2026] [wsgi:error] [pid 10:tid 140612269967040] [remote 10.0.0.60:51722] 2026-07-15 20:08:50.115 10 WARNING keystone.common.password_hashing [None req-1dc0bb1d-7d3e-4564-830c-0f9b44ff6f3c - - - - - -] Truncating password to algorithm specific maximum length 72 characters.
[Wed Jul 15 20:08:50.385924 2026] [wsgi:error] [pid 10:tid 140612269967040] [remote 10.0.0.60:51722] 2026-07-15 20:08:50.385 10 WARNING keystone.common.fernet_utils [None req-1dc0bb1d-7d3e-4564-830c-0f9b44ff6f3c - - - - - -] key_repository is world readable: /etc/keystone/fernet-keys/ 10.0.0.60 - - [15/Jul/2026:20:08:50 +0000] "POST /v3/auth/tokens HTTP/1.1" 201 1358 10.0.0.60 - - [15/Jul/2026:20:08:50 +0000] "GET / HTTP/1.1" 300 279 10.0.0.60 - - [15/Jul/2026:20:08:50 +0000] "GET /v3/OS-FEDERATION/identity_providers/atmosphere/protocols/openid?idp_id=atmosphere HTTP/1.1" 404 131 10.0.0.60 - - [15/Jul/2026:20:08:50 +0000] "GET /v3/OS-FEDERATION/identity_providers/atmosphere/protocols HTTP/1.1" 200 166 10.0.0.60 - - [15/Jul/2026:20:08:50 +0000] "PUT /v3/OS-FEDERATION/identity_providers/atmosphere/protocols/openid HTTP/1.1" 201 220 10.0.0.60 - - [15/Jul/2026:20:08:56 +0000] "GET /v3/ HTTP/1.1" 200 249 10.0.0.60 - - [15/Jul/2026:20:08:56 +0000] "GET /v3/ HTTP/1.1" 200 249 10.0.0.60 - - [15/Jul/2026:20:09:56 +0000] "GET /v3/ HTTP/1.1" 200 249 10.0.0.60 - - [15/Jul/2026:20:09:56 +0000] "GET /v3/ HTTP/1.1" 200 249 10.0.0.233 - - [15/Jul/2026:20:10:13 +0000] "GET / HTTP/1.1" 300 295
[Wed Jul 15 20:10:13.188717 2026] [wsgi:error] [pid 9:tid 140612269967040] [remote 10.0.0.233:34578] 2026-07-15 20:10:13.188 9 WARNING keystone.common.password_hashing [None req-974103f4-86e4-487a-963e-c6711dc88534 - - - - - -] Truncating password to algorithm specific maximum length 72 characters.
[Wed Jul 15 20:10:13.459925 2026] [wsgi:error] [pid 9:tid 140612269967040] [remote 10.0.0.233:34578] 2026-07-15 20:10:13.459 9 WARNING keystone.common.fernet_utils [None req-974103f4-86e4-487a-963e-c6711dc88534 - - - - - -] key_repository is world readable: /etc/keystone/fernet-keys/ 10.0.0.233 - - [15/Jul/2026:20:10:13 +0000] "POST /v3/auth/tokens HTTP/1.1" 201 1358 10.0.0.233 - - [15/Jul/2026:20:10:13 +0000] "GET /v3/services HTTP/1.1" 200 355 10.0.0.233 - - [15/Jul/2026:20:10:17 +0000] "GET / HTTP/1.1" 300 295
[Wed Jul 15 20:10:17.181563 2026] [wsgi:error] [pid 11:tid 140612269967040] [remote 10.0.0.233:34592] 2026-07-15 20:10:17.181 11 WARNING keystone.common.password_hashing [None req-dea1ec98-315f-42b5-9037-9140080ff32e - - - - - -] Truncating password to algorithm specific maximum length 72 characters.
[Wed Jul 15 20:10:17.469086 2026] [wsgi:error] [pid 11:tid 140612269967040] [remote 10.0.0.233:34592] 2026-07-15 20:10:17.468 11 WARNING keystone.common.fernet_utils [None req-dea1ec98-315f-42b5-9037-9140080ff32e - - - - - -] key_repository is world readable: /etc/keystone/fernet-keys/ 10.0.0.233 - - [15/Jul/2026:20:10:17 +0000] "POST /v3/auth/tokens HTTP/1.1" 201 1358 10.0.0.233 - - [15/Jul/2026:20:10:17 +0000] "GET /v3/services HTTP/1.1" 200 355 10.0.0.233 - - [15/Jul/2026:20:10:21 +0000] "GET / HTTP/1.1" 300 295
[Wed Jul 15 20:10:21.261863 2026] [wsgi:error] [pid 12:tid 140612269967040] [remote 10.0.0.233:34608] 2026-07-15 20:10:21.261 12 WARNING keystone.common.password_hashing [None req-d9618063-d712-4204-bf01-647cef3cec20 - - - - - -] Truncating password to algorithm specific maximum length 72 characters.
[Wed Jul 15 20:10:21.535157 2026] [wsgi:error] [pid 12:tid 140612269967040] [remote 10.0.0.233:34608] 2026-07-15 20:10:21.534 12 WARNING keystone.common.fernet_utils [None req-d9618063-d712-4204-bf01-647cef3cec20 - - - - - -] key_repository is world readable: /etc/keystone/fernet-keys/ 10.0.0.233 - - [15/Jul/2026:20:10:21 +0000] "POST /v3/auth/tokens HTTP/1.1" 201 1358 10.0.0.233 - - [15/Jul/2026:20:10:21 +0000] "GET /v3/services HTTP/1.1" 200 355 10.0.0.233 - - [15/Jul/2026:20:10:25 +0000] "GET / HTTP/1.1" 300 295
[Wed Jul 15 20:10:25.085910 2026] [wsgi:error] [pid 10:tid 140612269967040] [remote 10.0.0.233:41238] 2026-07-15 20:10:25.085 10 WARNING keystone.common.password_hashing [None req-497152de-41a6-4170-8f75-b7fe9e61bf12 - - - - - -] Truncating password to algorithm specific maximum length 72 characters.
[Wed Jul 15 20:10:25.405097 2026] [wsgi:error] [pid 10:tid 140612269967040] [remote 10.0.0.233:41238] 2026-07-15 20:10:25.404 10 WARNING keystone.common.fernet_utils [None req-497152de-41a6-4170-8f75-b7fe9e61bf12 - - - - - -] key_repository is world readable: /etc/keystone/fernet-keys/ 10.0.0.233 - - [15/Jul/2026:20:10:25 +0000] "POST /v3/auth/tokens HTTP/1.1" 201 1358 10.0.0.233 - - [15/Jul/2026:20:10:25 +0000] "POST /v3/services HTTP/1.1" 201 296 10.0.0.218 - - [15/Jul/2026:20:10:36 +0000] "GET / HTTP/1.1" 300 295
[Wed Jul 15 20:10:36.674918 2026] [wsgi:error] [pid 9:tid 140612269967040] [remote 10.0.0.218:50408] 2026-07-15 20:10:36.674 9 WARNING keystone.common.password_hashing [None req-7aa00207-9a44-4fe4-a865-9ca00a646add - - - - - -] Truncating password to algorithm specific maximum length 72 characters. 10.0.0.218 - - [15/Jul/2026:20:10:36 +0000] "GET / HTTP/1.1" 300 295 10.0.0.218 - - [15/Jul/2026:20:10:36 +0000] "GET / HTTP/1.1" 300 295
[Wed Jul 15 20:10:36.736682 2026] [wsgi:error] [pid 12:tid 140612269967040] [remote 10.0.0.218:50428] 2026-07-15 20:10:36.736 12 WARNING keystone.common.password_hashing [None req-b742833f-612a-4185-9195-3b107853cdd2 - - - - - -] Truncating password to algorithm specific maximum length 72 characters.
[Wed Jul 15 20:10:36.738676 2026] [wsgi:error] [pid 11:tid 140612269967040] [remote 10.0.0.218:50418] 2026-07-15 20:10:36.738 11 WARNING keystone.common.password_hashing [None req-e0710da4-3d4d-4404-a538-f98a27de6564 - - - - - -] Truncating password to algorithm specific maximum length 72 characters.
[Wed Jul 15 20:10:36.987038 2026] [wsgi:error] [pid 9:tid 140612269967040] [remote 10.0.0.218:50408] 2026-07-15 20:10:36.986 9 WARNING keystone.common.fernet_utils [None req-7aa00207-9a44-4fe4-a865-9ca00a646add - - - - - -] key_repository is world readable: /etc/keystone/fernet-keys/
[Wed Jul 15 20:10:37.019471 2026] [wsgi:error] [pid 12:tid 140612269967040] [remote 10.0.0.218:50428] 2026-07-15 20:10:37.019 12 WARNING keystone.common.fernet_utils [None req-b742833f-612a-4185-9195-3b107853cdd2 - - - - - -] key_repository is world readable: /etc/keystone/fernet-keys/
[Wed Jul 15 20:10:37.022804 2026] [wsgi:error] [pid 11:tid 140612269967040] [remote 10.0.0.218:50418] 2026-07-15 20:10:37.022 11 WARNING keystone.common.fernet_utils [None req-e0710da4-3d4d-4404-a538-f98a27de6564 - - - - - -] key_repository is world readable: /etc/keystone/fernet-keys/ 10.0.0.218 - - [15/Jul/2026:20:10:36 +0000] "POST /v3/auth/tokens HTTP/1.1" 201 1462 10.0.0.218 - - [15/Jul/2026:20:10:36 +0000] "POST /v3/auth/tokens HTTP/1.1" 201 1462 10.0.0.218 - - [15/Jul/2026:20:10:36 +0000] "POST /v3/auth/tokens HTTP/1.1" 201 1462 10.0.0.218 - - [15/Jul/2026:20:10:37 +0000] "GET /v3/services HTTP/1.1" 200 639 10.0.0.218 - - [15/Jul/2026:20:10:37 +0000] "GET /v3/services HTTP/1.1" 200 639 10.0.0.218 - - [15/Jul/2026:20:10:37 +0000] "GET /v3/services HTTP/1.1" 200 639 10.0.0.218 - - [15/Jul/2026:20:10:38 +0000] "GET / HTTP/1.1" 300 295
[Wed Jul 15 20:10:38.763877 2026] [wsgi:error] [pid 9:tid 140612269967040] [remote 10.0.0.218:50442] 2026-07-15 20:10:38.763 9 WARNING keystone.common.password_hashing [None req-ca2af7b8-603f-49b0-ab5b-e294c932dd1d - - - - - -] Truncating password to algorithm specific maximum length 72 characters. 10.0.0.218 - - [15/Jul/2026:20:10:38 +0000] "GET / HTTP/1.1" 300 295
[Wed Jul 15 20:10:38.967318 2026] [wsgi:error] [pid 10:tid 140612269967040] [remote 10.0.0.218:50456] 2026-07-15 20:10:38.967 10 WARNING keystone.common.password_hashing [None req-bc721410-d97f-47ea-b0f8-665f82d53826 - - - - - -] Truncating password to algorithm specific maximum length 72 characters.
[Wed Jul 15 20:10:39.032360 2026] [wsgi:error] [pid 9:tid 140612269967040] [remote 10.0.0.218:50442] 2026-07-15 20:10:39.032 9 WARNING keystone.common.fernet_utils [None req-ca2af7b8-603f-49b0-ab5b-e294c932dd1d - - - - - -] key_repository is world readable: /etc/keystone/fernet-keys/ 10.0.0.218 - - [15/Jul/2026:20:10:39 +0000] "GET / HTTP/1.1" 300 295 10.0.0.218 - - [15/Jul/2026:20:10:38 +0000] "POST /v3/auth/tokens HTTP/1.1" 201 1462
[Wed Jul 15 20:10:39.058854 2026] [wsgi:error] [pid 11:tid 140612269967040] [remote 10.0.0.218:50470] 2026-07-15 20:10:39.058 11 WARNING keystone.common.password_hashing [None req-6fa7d7b0-281c-4d1e-b660-d1829b979ec4 - - - - - -] Truncating password to algorithm specific maximum length 72 characters. 10.0.0.218 - - [15/Jul/2026:20:10:39 +0000] "GET /v3/endpoints HTTP/1.1" 200 1225 10.0.0.218 - - [15/Jul/2026:20:10:39 +0000] "GET /v3/services/8f208f3f6da54f94a278e13d67084f5c HTTP/1.1" 200 233 10.0.0.218 - - [15/Jul/2026:20:10:39 +0000] "GET /v3/services/8f208f3f6da54f94a278e13d67084f5c HTTP/1.1" 200 233 10.0.0.218 - - [15/Jul/2026:20:10:39 +0000] "GET /v3/services/8f208f3f6da54f94a278e13d67084f5c HTTP/1.1" 200 233
[Wed Jul 15 20:10:39.278294 2026] [wsgi:error] [pid 10:tid 140612269967040] [remote 10.0.0.218:50456] 2026-07-15 20:10:39.278 10 WARNING keystone.common.fernet_utils [None req-bc721410-d97f-47ea-b0f8-665f82d53826 - - - - - -] key_repository is world readable: /etc/keystone/fernet-keys/ 10.0.0.218 - - [15/Jul/2026:20:10:38 +0000] "POST /v3/auth/tokens HTTP/1.1" 201 1462
[Wed Jul 15 20:10:39.331668 2026] [wsgi:error] [pid 11:tid 140612269967040] [remote 10.0.0.218:50470] 2026-07-15 20:10:39.331 11 WARNING keystone.common.fernet_utils [None req-6fa7d7b0-281c-4d1e-b660-d1829b979ec4 - - - - - -] key_repository is world readable: /etc/keystone/fernet-keys/ 10.0.0.218 - - [15/Jul/2026:20:10:39 +0000] "POST /v3/auth/tokens HTTP/1.1" 201 1462 10.0.0.218 - - [15/Jul/2026:20:10:39 +0000] "GET /v3/endpoints HTTP/1.1" 200 1225 10.0.0.218 - - [15/Jul/2026:20:10:39 +0000] "GET /v3/services/8f208f3f6da54f94a278e13d67084f5c HTTP/1.1" 200 233 10.0.0.218 - - [15/Jul/2026:20:10:39 +0000] "GET /v3/services/8f208f3f6da54f94a278e13d67084f5c HTTP/1.1" 200 233 10.0.0.218 - - [15/Jul/2026:20:10:39 +0000] "GET /v3/endpoints HTTP/1.1" 200 1225 10.0.0.218 - - [15/Jul/2026:20:10:39 +0000] "GET /v3/services/8f208f3f6da54f94a278e13d67084f5c HTTP/1.1" 200 233 10.0.0.218 - - [15/Jul/2026:20:10:39 +0000] "GET /v3/services/8f208f3f6da54f94a278e13d67084f5c HTTP/1.1" 200 233 10.0.0.218 - - [15/Jul/2026:20:10:39 +0000] "GET /v3/services/8f208f3f6da54f94a278e13d67084f5c HTTP/1.1" 200 233 10.0.0.218 - - [15/Jul/2026:20:10:39 +0000] "GET /v3/services/8f208f3f6da54f94a278e13d67084f5c HTTP/1.1" 200 233 10.0.0.218 - - [15/Jul/2026:20:10:40 +0000] "GET / HTTP/1.1" 300 295
[Wed Jul 15 20:10:40.813853 2026] [wsgi:error] [pid 9:tid 140612269967040] [remote 10.0.0.218:50484] 2026-07-15 20:10:40.813 9 WARNING keystone.common.password_hashing [None req-8d1b81e9-68e6-4adc-b84e-ec4dc41bfcbc - - - - - -] Truncating password to algorithm specific maximum length 72 characters. 10.0.0.218 - - [15/Jul/2026:20:10:41 +0000] "GET / HTTP/1.1" 300 295
[Wed Jul 15 20:10:41.083728 2026] [wsgi:error] [pid 11:tid 140612269967040] [remote 10.0.0.218:50496] 2026-07-15 20:10:41.083 11 WARNING keystone.common.password_hashing [None req-c49d93c4-5f42-4429-ad25-c55f89a47032 - - - - - -] Truncating password to algorithm specific maximum length 72 characters.
[Wed Jul 15 20:10:41.096871 2026] [wsgi:error] [pid 9:tid 140612269967040] [remote 10.0.0.218:50484] 2026-07-15 20:10:41.096 9 WARNING keystone.common.fernet_utils [None req-8d1b81e9-68e6-4adc-b84e-ec4dc41bfcbc - - - - - -] key_repository is world readable: /etc/keystone/fernet-keys/ 10.0.0.218 - - [15/Jul/2026:20:10:40 +0000] "POST /v3/auth/tokens HTTP/1.1" 201 1462 10.0.0.218 - - [15/Jul/2026:20:10:41 +0000] "GET / HTTP/1.1" 300 295
[Wed Jul 15 20:10:41.210002 2026] [wsgi:error] [pid 10:tid 140612269967040] [remote 10.0.0.218:50508] 2026-07-15 20:10:41.209 10 WARNING keystone.common.password_hashing [None req-ed98f24b-e730-4662-ae7c-55467820f28e - - - - - -] Truncating password to algorithm specific maximum length 72 characters. 10.0.0.218 - - [15/Jul/2026:20:10:41 +0000] "GET /v3/services/8ef161bf564f4f9cbd48655a90b108b4 HTTP/1.1" 200 296 10.0.0.218 - - [15/Jul/2026:20:10:41 +0000] "GET /v3/regions/RegionOne HTTP/1.1" 200 173
[Wed Jul 15 20:10:41.368330 2026] [wsgi:error] [pid 11:tid 140612269967040] [remote 10.0.0.218:50496] 2026-07-15 20:10:41.368 11 WARNING keystone.common.fernet_utils [None req-c49d93c4-5f42-4429-ad25-c55f89a47032 - - - - - -] key_repository is world readable: /etc/keystone/fernet-keys/ 10.0.0.218 - - [15/Jul/2026:20:10:41 +0000] "POST /v3/auth/tokens HTTP/1.1" 201 1462 10.0.0.218 - - [15/Jul/2026:20:10:41 +0000] "POST /v3/endpoints HTTP/1.1" 201 368 10.0.0.218 - - [15/Jul/2026:20:10:41 +0000] "GET /v3/services/8ef161bf564f4f9cbd48655a90b108b4 HTTP/1.1" 200 296
[Wed Jul 15 20:10:41.493738 2026] [wsgi:error] [pid 10:tid 140612269967040] [remote 10.0.0.218:50508] 2026-07-15 20:10:41.493 10 WARNING keystone.common.fernet_utils [None req-ed98f24b-e730-4662-ae7c-55467820f28e - - - - - -] key_repository is world readable: /etc/keystone/fernet-keys/ 10.0.0.218 - - [15/Jul/2026:20:10:41 +0000] "POST /v3/auth/tokens HTTP/1.1" 201 1627 10.0.0.218 - - [15/Jul/2026:20:10:41 +0000] "GET /v3/regions/RegionOne HTTP/1.1" 200 173 10.0.0.218 - - [15/Jul/2026:20:10:41 +0000] "POST /v3/endpoints HTTP/1.1" 201 380 10.0.0.218 - - [15/Jul/2026:20:10:41 +0000] "GET /v3/services/8ef161bf564f4f9cbd48655a90b108b4 HTTP/1.1" 200 296 10.0.0.218 - - [15/Jul/2026:20:10:41 +0000] "GET /v3/regions/RegionOne HTTP/1.1" 200 173 10.0.0.218 - - [15/Jul/2026:20:10:41 +0000] "POST /v3/endpoints HTTP/1.1" 201 383 10.0.0.218 - - [15/Jul/2026:20:10:43 +0000] "GET / HTTP/1.1" 300 295 10.0.0.218 - - [15/Jul/2026:20:10:43 +0000] "GET / HTTP/1.1" 300 295
[Wed Jul 15 20:10:43.112132 2026] [wsgi:error] [pid 12:tid 140612269967040] [remote 10.0.0.218:33534] 2026-07-15 20:10:43.111 12 WARNING keystone.common.password_hashing [None req-29406bb0-282d-4b2d-b68c-4c436ff38faf - - - - - -] Truncating password to algorithm specific maximum length 72 characters.
[Wed Jul 15 20:10:43.124341 2026] [wsgi:error] [pid 11:tid 140612269967040] [remote 10.0.0.218:33538] 2026-07-15 20:10:43.124 11 WARNING keystone.common.password_hashing [None req-42844992-274d-4cfc-955f-c135795234d0 - - - - - -] Truncating password to algorithm specific maximum length 72 characters. 10.0.0.218 - - [15/Jul/2026:20:10:43 +0000] "GET / HTTP/1.1" 300 295
[Wed Jul 15 20:10:43.372171 2026] [wsgi:error] [pid 10:tid 140612269967040] [remote 10.0.0.218:33550] 2026-07-15 20:10:43.371 10 WARNING keystone.common.password_hashing [None req-0088c55e-8200-4c9d-8a5b-8bd97326def1 - - - - - -] Truncating password to algorithm specific maximum length 72 characters.
[Wed Jul 15 20:10:43.384786 2026] [wsgi:error] [pid 12:tid 140612269967040] [remote 10.0.0.218:33534] 2026-07-15 20:10:43.384 12 WARNING keystone.common.fernet_utils [None req-29406bb0-282d-4b2d-b68c-4c436ff38faf - - - - - -] key_repository is world readable: /etc/keystone/fernet-keys/ 10.0.0.218 - - [15/Jul/2026:20:10:43 +0000] "POST /v3/auth/tokens HTTP/1.1" 201 1988
[Wed Jul 15 20:10:43.398572 2026] [wsgi:error] [pid 11:tid 140612269967040] [remote 10.0.0.218:33538] 2026-07-15 20:10:43.398 11 WARNING keystone.common.fernet_utils [None req-42844992-274d-4cfc-955f-c135795234d0 - - - - - -] key_repository is world readable: /etc/keystone/fernet-keys/ 10.0.0.218 - - [15/Jul/2026:20:10:43 +0000] "POST /v3/auth/tokens HTTP/1.1" 201 1988 10.0.0.218 - - [15/Jul/2026:20:10:43 +0000] "GET /v3/endpoints/a14b2dcbfda5484c95ca5e571aec6eb5 HTTP/1.1" 200 380 10.0.0.218 - - [15/Jul/2026:20:10:43 +0000] "GET /v3/endpoints/04b323da452d4af7937f94c0ed0ccd54 HTTP/1.1" 200 368 10.0.0.218 - - [15/Jul/2026:20:10:43 +0000] "GET /v3/services/8ef161bf564f4f9cbd48655a90b108b4 HTTP/1.1" 200 296 10.0.0.218 - - [15/Jul/2026:20:10:43 +0000] "GET /v3/services/8ef161bf564f4f9cbd48655a90b108b4 HTTP/1.1" 200 296
[Wed Jul 15 20:10:43.647402 2026] [wsgi:error] [pid 10:tid 140612269967040] [remote 10.0.0.218:33550] 2026-07-15 20:10:43.647 10 WARNING keystone.common.fernet_utils [None req-0088c55e-8200-4c9d-8a5b-8bd97326def1 - - - - - -] key_repository is world readable: /etc/keystone/fernet-keys/ 10.0.0.218 - - [15/Jul/2026:20:10:43 +0000] "POST /v3/auth/tokens HTTP/1.1" 201 1988 10.0.0.218 - - [15/Jul/2026:20:10:43 +0000] "GET /v3/endpoints/1f2b18bcba844691843194f37a4ae13a HTTP/1.1" 200 383 10.0.0.218 - - [15/Jul/2026:20:10:43 +0000] "GET /v3/services/8ef161bf564f4f9cbd48655a90b108b4 HTTP/1.1" 200 296 10.0.0.207 - - [15/Jul/2026:20:10:55 +0000] "GET / HTTP/1.1" 300 295
[Wed Jul 15 20:10:55.926831 2026] [wsgi:error] [pid 10:tid 140612269967040] [remote 10.0.0.207:56618] 2026-07-15 20:10:55.926 10 WARNING keystone.common.password_hashing [None req-0e634941-7cb7-4587-a2a7-f41b4d182055 - - - - - -] Truncating password to algorithm specific maximum length 72 characters.
[Wed Jul 15 20:10:56.203958 2026] [wsgi:error] [pid 10:tid 140612269967040] [remote 10.0.0.207:56618] 2026-07-15 20:10:56.203 10 WARNING keystone.common.fernet_utils [None req-0e634941-7cb7-4587-a2a7-f41b4d182055 - - - - - -] key_repository is world readable: /etc/keystone/fernet-keys/ 10.0.0.207 - - [15/Jul/2026:20:10:55 +0000] "POST /v3/auth/tokens HTTP/1.1" 201 1988 10.0.0.60 - - [15/Jul/2026:20:10:56 +0000] "GET /v3/ HTTP/1.1" 200 249 10.0.0.60 - - [15/Jul/2026:20:10:56 +0000] "GET /v3/ HTTP/1.1" 200 249 10.0.0.207 - - [15/Jul/2026:20:10:56 +0000] "POST /v3/domains HTTP/1.1" 201 284 10.0.0.207 - - [15/Jul/2026:20:10:57 +0000] "GET / HTTP/1.1" 300 295
[Wed Jul 15 20:10:57.939966 2026] [wsgi:error] [pid 9:tid 140612269967040] [remote 10.0.0.207:56626] 2026-07-15 20:10:57.939 9 WARNING keystone.common.password_hashing [None req-bc22e57f-521d-40c7-b3ea-89e856d0cabb - - - - - -] Truncating password to algorithm specific maximum length 72 characters.
[Wed Jul 15 20:10:58.228774 2026] [wsgi:error] [pid 9:tid 140612269967040] [remote 10.0.0.207:56626] 2026-07-15 20:10:58.228 9 WARNING keystone.common.fernet_utils [None req-bc22e57f-521d-40c7-b3ea-89e856d0cabb - - - - - -] key_repository is world readable: /etc/keystone/fernet-keys/ 10.0.0.207 - - [15/Jul/2026:20:10:57 +0000] "POST /v3/auth/tokens HTTP/1.1" 201 1988
[Wed Jul 15 20:10:58.408743 2026] [wsgi:error] [pid 11:tid 140612269967040] [remote 10.0.0.207:56626] 2026-07-15 20:10:58.395 11 ERROR keystone.server.flask.application [None req-fccb9790-9663-4e11-9426-18a710f48996 680b6bba5dbf44c7897ce27075a096af 4e6990cf43bb40e287bce034788d8bcf - - default default] Conflict occurred attempting to store project - it is not permitted to have two projects acting as domains with the same name: service.: keystone.exception.Conflict: Conflict occurred attempting to store project - it is not permitted to have two projects acting as domains with the same name: service.
[Wed Jul 15 20:10:58.408770 2026] [wsgi:error] [pid 11:tid 140612269967040] [remote 10.0.0.207:56626] 2026-07-15 20:10:58.395 11 ERROR keystone.server.flask.application
Traceback (most recent call last):
[Wed Jul 15 20:10:58.408772 2026] [wsgi:error] [pid 11:tid 140612269967040] [remote 10.0.0.207:56626] 2026-07-15 20:10:58.395 11 ERROR keystone.server.flask.application
File "/var/lib/openstack/lib/python3.12/site-packages/sqlalchemy/engine/base.py", line 1969, in _exec_single_context
[Wed Jul 15 20:10:58.408773 2026] [wsgi:error] [pid 11:tid 140612269967040] [remote 10.0.0.207:56626] 2026-07-15 20:10:58.395 11 ERROR keystone.server.flask.application self.dialect.do_execute(
[Wed Jul 15 20:10:58.408775 2026] [wsgi:error] [pid 11:tid 140612269967040] [remote 10.0.0.207:56626] 2026-07-15 20:10:58.395 11 ERROR keystone.server.flask.application
File "/var/lib/openstack/lib/python3.12/site-packages/sqlalchemy/engine/default.py", line 952, in do_execute
[Wed Jul 15 20:10:58.408777 2026] [wsgi:error] [pid 11:tid 140612269967040] [remote 10.0.0.207:56626] 2026-07-15 20:10:58.395 11 ERROR keystone.server.flask.application cursor.execute(statement, parameters)
[Wed Jul 15 20:10:58.408778 2026] [wsgi:error] [pid 11:tid 140612269967040] [remote 10.0.0.207:56626] 2026-07-15 20:10:58.395 11 ERROR keystone.server.flask.application
File "/var/lib/openstack/lib/python3.12/site-packages/pymysql/cursors.py", line 159, in execute
[Wed Jul 15 20:10:58.408780 2026] [wsgi:error] [pid 11:tid 140612269967040] [remote 10.0.0.207:56626] 2026-07-15 20:10:58.395 11 ERROR keystone.server.flask.application result = self._query(query)
[Wed Jul 15 20:10:58.408781 2026] [wsgi:error] [pid 11:tid 140612269967040] [remote 10.0.0.207:56626] 2026-07-15 20:10:58.395 11 ERROR keystone.server.flask.application ^^^^^^^^^^^^^^^^^^
[Wed Jul 15 20:10:58.408783 2026] [wsgi:error] [pid 11:tid 140612269967040] [remote 10.0.0.207:56626] 2026-07-15 20:10:58.395 11 ERROR keystone.server.flask.application
File "/var/lib/openstack/lib/python3.12/site-packages/pymysql/cursors.py", line 330, in _query
[Wed Jul 15 20:10:58.408784 2026] [wsgi:error] [pid 11:tid 140612269967040] [remote 10.0.0.207:56626] 2026-07-15 20:10:58.395 11 ERROR keystone.server.flask.application conn.query(q)
[Wed Jul 15 20:10:58.408785 2026] [wsgi:error] [pid 11:tid 140612269967040] [remote 10.0.0.207:56626] 2026-07-15 20:10:58.395 11 ERROR keystone.server.flask.application
File "/var/lib/openstack/lib/python3.12/site-packages/pymysql/connections.py", line 582, in query
[Wed Jul 15 20:10:58.408787 2026] [wsgi:error] [pid 11:tid 140612269967040] [remote 10.0.0.207:56626] 2026-07-15 20:10:58.395 11 ERROR keystone.server.flask.application self._affected_rows = self._read_query_result(unbuffered=unbuffered)
[Wed Jul 15 20:10:58.408788 2026] [wsgi:error] [pid 11:tid 140612269967040] [remote 10.0.0.207:56626] 2026-07-15 20:10:58.395 11 ERROR keystone.server.flask.application ^^^^^^^^^^^^^^^^^^^^^^^^^^^^^^^^^^^^^^^^^^^^^^
[Wed Jul 15 20:10:58.408790 2026] [wsgi:error] [pid 11:tid 140612269967040] [remote 10.0.0.207:56626] 2026-07-15 20:10:58.395 11 ERROR keystone.server.flask.application
File "/var/lib/openstack/lib/python3.12/site-packages/pymysql/connections.py", line 847, in _read_query_result
[Wed Jul 15 20:10:58.408791 2026] [wsgi:error] [pid 11:tid 140612269967040] [remote 10.0.0.207:56626] 2026-07-15 20:10:58.395 11 ERROR keystone.server.flask.application result.read()
[Wed Jul 15 20:10:58.408795 2026] [wsgi:error] [pid 11:tid 140612269967040] [remote 10.0.0.207:56626] 2026-07-15 20:10:58.395 11 ERROR keystone.server.flask.application
File "/var/lib/openstack/lib/python3.12/site-packages/pymysql/connections.py", line 1245, in read
[Wed Jul 15 20:10:58.408796 2026] [wsgi:error] [pid 11:tid 140612269967040] [remote 10.0.0.207:56626] 2026-07-15 20:10:58.395 11 ERROR keystone.server.flask.application first_packet = self.connection._read_packet()
[Wed Jul 15 20:10:58.408797 2026] [wsgi:error] [pid 11:tid 140612269967040] [remote 10.0.0.207:56626] 2026-07-15 20:10:58.395 11 ERROR keystone.server.flask.application ^^^^^^^^^^^^^^^^^^^^^^^^^^^^^^
[Wed Jul 15 20:10:58.408799 2026] [wsgi:error] [pid 11:tid 140612269967040] [remote 10.0.0.207:56626] 2026-07-15 20:10:58.395 11 ERROR keystone.server.flask.application
File "/var/lib/openstack/lib/python3.12/site-packages/pymysql/connections.py", line 803, in _read_packet
[Wed Jul 15 20:10:58.408800 2026] [wsgi:error] [pid 11:tid 140612269967040] [remote 10.0.0.207:56626] 2026-07-15 20:10:58.395 11 ERROR keystone.server.flask.application packet.raise_for_error()
[Wed Jul 15 20:10:58.408801 2026] [wsgi:error] [pid 11:tid 140612269967040] [remote 10.0.0.207:56626] 2026-07-15 20:10:58.395 11 ERROR keystone.server.flask.application
File "/var/lib/openstack/lib/python3.12/site-packages/pymysql/protocol.py", line 219, in raise_for_error
[Wed Jul 15 20:10:58.408803 2026] [wsgi:error] [pid 11:tid 140612269967040] [remote 10.0.0.207:56626] 2026-07-15 20:10:58.395 11 ERROR keystone.server.flask.application err.raise_mysql_exception(self._data)
[Wed Jul 15 20:10:58.408804 2026] [wsgi:error] [pid 11:tid 140612269967040] [remote 10.0.0.207:56626] 2026-07-15 20:10:58.395 11 ERROR keystone.server.flask.application
File "/var/lib/openstack/lib/python3.12/site-packages/pymysql/err.py", line 154, in raise_mysql_exception
[Wed Jul 15 20:10:58.408806 2026] [wsgi:error] [pid 11:tid 140612269967040] [remote 10.0.0.207:56626] 2026-07-15 20:10:58.395 11 ERROR keystone.server.flask.application raise errorclass(errno, errval, sqlstate=sqlstate)
[Wed Jul 15 20:10:58.408807 2026] [wsgi:error] [pid 11:tid 140612269967040] [remote 10.0.0.207:56626] 2026-07-15 20:10:58.395 11 ERROR keystone.server.flask.application pymysql.err.IntegrityError: (1062, "Duplicate entry '<>-service' for key 'project.ixu_project_name_domain_id'")
[Wed Jul 15 20:10:58.408809 2026] [wsgi:error] [pid 11:tid 140612269967040] [remote 10.0.0.207:56626] 2026-07-15 20:10:58.395 11 ERROR keystone.server.flask.application
[Wed Jul 15 20:10:58.408810 2026] [wsgi:error] [pid 11:tid 140612269967040] [remote 10.0.0.207:56626] 2026-07-15 20:10:58.395 11 ERROR keystone.server.flask.application The above exception was the direct cause of the following exception:
[Wed Jul 15 20:10:58.408811 2026] [wsgi:error] [pid 11:tid 140612269967040] [remote 10.0.0.207:56626] 2026-07-15 20:10:58.395 11 ERROR keystone.server.flask.application
[Wed Jul 15 20:10:58.408813 2026] [wsgi:error] [pid 11:tid 140612269967040] [remote 10.0.0.207:56626] 2026-07-15 20:10:58.395 11 ERROR keystone.server.flask.application
Traceback (most recent call last):
[Wed Jul 15 20:10:58.408814 2026] [wsgi:error] [pid 11:tid 140612269967040] [remote 10.0.0.207:56626] 2026-07-15 20:10:58.395 11 ERROR keystone.server.flask.application
File "/var/lib/openstack/lib/python3.12/site-packages/keystone/common/sql/core.py", line 575, in wrapper
[Wed Jul 15 20:10:58.408815 2026] [wsgi:error] [pid 11:tid 140612269967040] [remote 10.0.0.207:56626] 2026-07-15 20:10:58.395 11 ERROR keystone.server.flask.application return method(*args, **kwargs)
[Wed Jul 15 20:10:58.408818 2026] [wsgi:error] [pid 11:tid 140612269967040] [remote 10.0.0.207:56626] 2026-07-15 20:10:58.395 11 ERROR keystone.server.flask.application ^^^^^^^^^^^^^^^^^^^^^^^
[Wed Jul 15 20:10:58.408821 2026] [wsgi:error] [pid 11:tid 140612269967040] [remote 10.0.0.207:56626] 2026-07-15 20:10:58.395 11 ERROR keystone.server.flask.application
File "/var/lib/openstack/lib/python3.12/site-packages/keystone/resource/backends/sql.py", line 278, in create_project
[Wed Jul 15 20:10:58.408822 2026] [wsgi:error] [pid 11:tid 140612269967040] [remote 10.0.0.207:56626] 2026-07-15 20:10:58.395 11 ERROR keystone.server.flask.application with sql.session_for_write() as session:
[Wed Jul 15 20:10:58.408824 2026] [wsgi:error] [pid 11:tid 140612269967040] [remote 10.0.0.207:56626] 2026-07-15 20:10:58.395 11 ERROR keystone.server.flask.application
File "/usr/lib/python3.12/contextlib.py", line 144, in __exit__
[Wed Jul 15 20:10:58.408825 2026] [wsgi:error] [pid 11:tid 140612269967040] [remote 10.0.0.207:56626] 2026-07-15 20:10:58.395 11 ERROR keystone.server.flask.application next(self.gen)
[Wed Jul 15 20:10:58.408826 2026] [wsgi:error] [pid 11:tid 140612269967040] [remote 10.0.0.207:56626] 2026-07-15 20:10:58.395 11 ERROR keystone.server.flask.application
File "/var/lib/openstack/lib/python3.12/site-packages/oslo_db/sqlalchemy/enginefacade.py", line 1175, in _transaction_scope
[Wed Jul 15 20:10:58.408828 2026] [wsgi:error] [pid 11:tid 140612269967040] [remote 10.0.0.207:56626] 2026-07-15 20:10:58.395 11 ERROR keystone.server.flask.application with current._produce_block(
[Wed Jul 15 20:10:58.408829 2026] [wsgi:error] [pid 11:tid 140612269967040] [remote 10.0.0.207:56626] 2026-07-15 20:10:58.395 11 ERROR keystone.server.flask.application
File "/usr/lib/python3.12/contextlib.py", line 144, in __exit__
[Wed Jul 15 20:10:58.408831 2026] [wsgi:error] [pid 11:tid 140612269967040] [remote 10.0.0.207:56626] 2026-07-15 20:10:58.395 11 ERROR keystone.server.flask.application next(self.gen)
[Wed Jul 15 20:10:58.408832 2026] [wsgi:error] [pid 11:tid 140612269967040] [remote 10.0.0.207:56626] 2026-07-15 20:10:58.395 11 ERROR keystone.server.flask.application
File "/var/lib/openstack/lib/python3.12/site-packages/oslo_db/sqlalchemy/enginefacade.py", line 837, in _session
[Wed Jul 15 20:10:58.408833 2026] [wsgi:error] [pid 11:tid 140612269967040] [remote 10.0.0.207:56626] 2026-07-15 20:10:58.395 11 ERROR keystone.server.flask.application with excutils.save_and_reraise_exception():
[Wed Jul 15 20:10:58.408835 2026] [wsgi:error] [pid 11:tid 140612269967040] [remote 10.0.0.207:56626] 2026-07-15 20:10:58.395 11 ERROR keystone.server.flask.application
File "/var/lib/openstack/lib/python3.12/site-packages/oslo_utils/excutils.py", line 266, in __exit__
[Wed Jul 15 20:10:58.408836 2026] [wsgi:error] [pid 11:tid 140612269967040] [remote 10.0.0.207:56626] 2026-07-15 20:10:58.395 11 ERROR keystone.server.flask.application self.force_reraise()
[Wed Jul 15 20:10:58.408837 2026] [wsgi:error] [pid 11:tid 140612269967040] [remote 10.0.0.207:56626] 2026-07-15 20:10:58.395 11 ERROR keystone.server.flask.application
File "/var/lib/openstack/lib/python3.12/site-packages/oslo_utils/excutils.py", line 232, in force_reraise
[Wed Jul 15 20:10:58.408839 2026] [wsgi:error] [pid 11:tid 140612269967040] [remote 10.0.0.207:56626] 2026-07-15 20:10:58.395 11 ERROR keystone.server.flask.application raise self.value
[Wed Jul 15 20:10:58.408840 2026] [wsgi:error] [pid 11:tid 140612269967040] [remote 10.0.0.207:56626] 2026-07-15 20:10:58.395 11 ERROR keystone.server.flask.application
File "/var/lib/openstack/lib/python3.12/site-packages/oslo_db/sqlalchemy/enginefacade.py", line 835, in _session
[Wed Jul 15 20:10:58.408842 2026] [wsgi:error] [pid 11:tid 140612269967040] [remote 10.0.0.207:56626] 2026-07-15 20:10:58.395 11 ERROR keystone.server.flask.application self._end_session_transaction(self.session)
[Wed Jul 15 20:10:58.408843 2026] [wsgi:error] [pid 11:tid 140612269967040] [remote 10.0.0.207:56626] 2026-07-15 20:10:58.395 11 ERROR keystone.server.flask.application
File "/var/lib/openstack/lib/python3.12/site-packages/oslo_db/sqlalchemy/enginefacade.py", line 748, in _end_session_transaction
[Wed Jul 15 20:10:58.408845 2026] [wsgi:error] [pid 11:tid 140612269967040] [remote 10.0.0.207:56626] 2026-07-15 20:10:58.395 11 ERROR keystone.server.flask.application session.commit()
[Wed Jul 15 20:10:58.408847 2026] [wsgi:error] [pid 11:tid 140612269967040] [remote 10.0.0.207:56626] 2026-07-15 20:10:58.395 11 ERROR keystone.server.flask.application
File "/var/lib/openstack/lib/python3.12/site-packages/sqlalchemy/orm/session.py", line 2034, in commit
[Wed Jul 15 20:10:58.408848 2026] [wsgi:error] [pid 11:tid 140612269967040] [remote 10.0.0.207:56626] 2026-07-15 20:10:58.395 11 ERROR keystone.server.flask.application trans.commit(_to_root=True)
[Wed Jul 15 20:10:58.408849 2026] [wsgi:error] [pid 11:tid 140612269967040] [remote 10.0.0.207:56626] 2026-07-15 20:10:58.395 11 ERROR keystone.server.flask.application File "", line 2, in commit
[Wed Jul 15 20:10:58.408851 2026] [wsgi:error] [pid 11:tid 140612269967040] [remote 10.0.0.207:56626] 2026-07-15 20:10:58.395 11 ERROR keystone.server.flask.application
File "/var/lib/openstack/lib/python3.12/site-packages/sqlalchemy/orm/state_changes.py", line 137, in _go
[Wed Jul 15 20:10:58.408852 2026] [wsgi:error] [pid 11:tid 140612269967040] [remote 10.0.0.207:56626] 2026-07-15 20:10:58.395 11 ERROR keystone.server.flask.application ret_value = fn(self, *arg, **kw)
[Wed Jul 15 20:10:58.408854 2026] [wsgi:error] [pid 11:tid 140612269967040] [remote 10.0.0.207:56626] 2026-07-15 20:10:58.395 11 ERROR keystone.server.flask.application ^^^^^^^^^^^^^^^^^^^^
[Wed Jul 15 20:10:58.408898 2026] [wsgi:error] [pid 11:tid 140612269967040] [remote 10.0.0.207:56626] 2026-07-15 20:10:58.395 11 ERROR keystone.server.flask.application
File "/var/lib/openstack/lib/python3.12/site-packages/sqlalchemy/orm/session.py", line 1315, in commit
[Wed Jul 15 20:10:58.408900 2026] [wsgi:error] [pid 11:tid 140612269967040] [remote 10.0.0.207:56626] 2026-07-15 20:10:58.395 11 ERROR keystone.server.flask.application self._prepare_impl()
[Wed Jul 15 20:10:58.408901 2026] [wsgi:error] [pid 11:tid 140612269967040] [remote 10.0.0.207:56626] 2026-07-15 20:10:58.395 11 ERROR keystone.server.flask.application File "", line 2, in _prepare_impl
[Wed Jul 15 20:10:58.408903 2026] [wsgi:error] [pid 11:tid 140612269967040] [remote 10.0.0.207:56626] 2026-07-15 20:10:58.395 11 ERROR keystone.server.flask.application
File "/var/lib/openstack/lib/python3.12/site-packages/sqlalchemy/orm/state_changes.py", line 137, in _go
[Wed Jul 15 20:10:58.408905 2026] [wsgi:error] [pid 11:tid 140612269967040] [remote 10.0.0.207:56626] 2026-07-15 20:10:58.395 11 ERROR keystone.server.flask.application ret_value = fn(self, *arg, **kw)
[Wed Jul 15 20:10:58.408906 2026] [wsgi:error] [pid 11:tid 140612269967040] [remote 10.0.0.207:56626] 2026-07-15 20:10:58.395 11 ERROR keystone.server.flask.application ^^^^^^^^^^^^^^^^^^^^
[Wed Jul 15 20:10:58.408908 2026] [wsgi:error] [pid 11:tid 140612269967040] [remote 10.0.0.207:56626] 2026-07-15 20:10:58.395 11 ERROR keystone.server.flask.application
File "/var/lib/openstack/lib/python3.12/site-packages/sqlalchemy/orm/session.py", line 1290, in _prepare_impl
[Wed Jul 15 20:10:58.408910 2026] [wsgi:error] [pid 11:tid 140612269967040] [remote 10.0.0.207:56626] 2026-07-15 20:10:58.395 11 ERROR keystone.server.flask.application self.session.flush()
[Wed Jul 15 20:10:58.408911 2026] [wsgi:error] [pid 11:tid 140612269967040] [remote 10.0.0.207:56626] 2026-07-15 20:10:58.395 11 ERROR keystone.server.flask.application
File "/var/lib/openstack/lib/python3.12/site-packages/sqlalchemy/orm/session.py", line 4352, in flush
[Wed Jul 15 20:10:58.408913 2026] [wsgi:error] [pid 11:tid 140612269967040] [remote 10.0.0.207:56626] 2026-07-15 20:10:58.395 11 ERROR keystone.server.flask.application self._flush(objects)
[Wed Jul 15 20:10:58.408915 2026] [wsgi:error] [pid 11:tid 140612269967040] [remote 10.0.0.207:56626] 2026-07-15 20:10:58.395 11 ERROR keystone.server.flask.application
File "/var/lib/openstack/lib/python3.12/site-packages/sqlalchemy/orm/session.py", line 4487, in _flush
[Wed Jul 15 20:10:58.408917 2026] [wsgi:error] [pid 11:tid 140612269967040] [remote 10.0.0.207:56626] 2026-07-15 20:10:58.395 11 ERROR keystone.server.flask.application with util.safe_reraise():
[Wed Jul 15 20:10:58.408918 2026] [wsgi:error] [pid 11:tid 140612269967040] [remote 10.0.0.207:56626] 2026-07-15 20:10:58.395 11 ERROR keystone.server.flask.application
File "/var/lib/openstack/lib/python3.12/site-packages/sqlalchemy/util/langhelpers.py", line 122, in __exit__
[Wed Jul 15 20:10:58.408920 2026] [wsgi:error] [pid 11:tid 140612269967040] [remote 10.0.0.207:56626] 2026-07-15 20:10:58.395 11 ERROR keystone.server.flask.application raise exc_value.with_traceback(exc_tb)
[Wed Jul 15 20:10:58.408922 2026] [wsgi:error] [pid 11:tid 140612269967040] [remote 10.0.0.207:56626] 2026-07-15 20:10:58.395 11 ERROR keystone.server.flask.application
File "/var/lib/openstack/lib/python3.12/site-packages/sqlalchemy/orm/session.py", line 4448, in _flush
[Wed Jul 15 20:10:58.408923 2026] [wsgi:error] [pid 11:tid 140612269967040] [remote 10.0.0.207:56626] 2026-07-15 20:10:58.395 11 ERROR keystone.server.flask.application flush_context.execute()
