2026-07-15 21:06:36.309 7 INFO placement.requestlog [req-fc221bdd-45f3-43ba-99f8-5c3f991e127d req-142ce775-a71d-4171-8e04-4f1ca486e00d 6da64b51b8d944de937ddad61200b5c6 d4d987db84f3414188bb5f39dec4548d - - dde7b082d73044a296acef6349c1057e dde7b082d73044a296acef6349c1057e] 199.204.45.4 "GET /resource_providers/5d2b717b-b571-4bbf-9d70-456092bfc149/aggregates" status: 200 len: 53 microversion: 1.19 [pid: 7|app: 0|req: 292/584] 199.204.45.4 () {34 vars in 896 bytes} [Wed Jul 15 21:06:36 2026] GET /resource_providers/5d2b717b-b571-4bbf-9d70-456092bfc149/aggregates => generated 53 bytes in 11 msecs (HTTP/1.1 200) 8 headers in 295 bytes (1 switches on core 0)
2026-07-15 21:06:36.334 8 INFO placement.requestlog [req-fc221bdd-45f3-43ba-99f8-5c3f991e127d req-86a79266-0753-41e2-b286-0cc5aeb89f8d 6da64b51b8d944de937ddad61200b5c6 d4d987db84f3414188bb5f39dec4548d - - dde7b082d73044a296acef6349c1057e dde7b082d73044a296acef6349c1057e] 199.204.45.4 "GET /resource_providers/5d2b717b-b571-4bbf-9d70-456092bfc149/traits" status: 200 len: 2316 microversion: 1.6 [pid: 8|app: 0|req: 293/585] 199.204.45.4 () {34 vars in 887 bytes} [Wed Jul 15 21:06:36 2026] GET /resource_providers/5d2b717b-b571-4bbf-9d70-456092bfc149/traits => generated 2316 bytes in 19 msecs (HTTP/1.1 200) 6 headers in 225 bytes (1 switches on core 0)
2026-07-15 21:06:36.355 7 INFO placement.requestlog [req-fc221bdd-45f3-43ba-99f8-5c3f991e127d req-b485e7e5-ccbd-4022-a82c-81a5f354f7a5 6da64b51b8d944de937ddad61200b5c6 d4d987db84f3414188bb5f39dec4548d - - dde7b082d73044a296acef6349c1057e dde7b082d73044a296acef6349c1057e] 199.204.45.4 "GET /resource_providers/5d2b717b-b571-4bbf-9d70-456092bfc149/allocations" status: 200 len: 54 microversion: 1.0 [pid: 7|app: 0|req: 293/586] 199.204.45.4 () {32 vars in 854 bytes} [Wed Jul 15 21:06:36 2026] GET /resource_providers/5d2b717b-b571-4bbf-9d70-456092bfc149/allocations => generated 54 bytes in 13 msecs (HTTP/1.1 200) 6 headers in 223 bytes (1 switches on core 0)
2026-07-15 21:06:38.799 8 INFO placement.requestlog [None req-10a580ed-f6ad-4067-b465-1082bc7669cf - - - - - -] 10.0.0.60 "GET /" status: 200 len: 136 microversion: 1.0
2026-07-15 21:06:38.799 7 INFO placement.requestlog [None req-1f7c4720-7b91-46fa-9f6e-8bef24c4e8d3 - - - - - -] 10.0.0.60 "GET /" status: 200 len: 136 microversion: 1.0
2026-07-15 21:06:48.799 8 INFO placement.requestlog [None req-f637931c-d2a7-4873-9764-d63d21937633 - - - - - -] 10.0.0.60 "GET /" status: 200 len: 136 microversion: 1.0
2026-07-15 21:06:48.800 7 INFO placement.requestlog [None req-e7bdf666-c271-4103-993e-56a49c9f8696 - - - - - -] 10.0.0.60 "GET /" status: 200 len: 136 microversion: 1.0
2026-07-15 21:06:58.799 8 INFO placement.requestlog [None req-6a48e679-70bc-405f-a25a-f3be5bb0ad30 - - - - - -] 10.0.0.60 "GET /" status: 200 len: 136 microversion: 1.0
2026-07-15 21:06:58.799 7 INFO placement.requestlog [None req-b0cda188-8b63-49f6-a53e-41e4124df623 - - - - - -] 10.0.0.60 "GET /" status: 200 len: 136 microversion: 1.0
2026-07-15 21:07:08.799 7 INFO placement.requestlog [None req-1a5905eb-958c-4aba-9ad0-ccc05cc446d7 - - - - - -] 10.0.0.60 "GET /" status: 200 len: 136 microversion: 1.0
2026-07-15 21:07:08.799 8 INFO placement.requestlog [None req-f29ce393-bc27-40fe-bb4d-71fa8bb7d5ec - - - - - -] 10.0.0.60 "GET /" status: 200 len: 136 microversion: 1.0
2026-07-15 21:07:18.799 7 INFO placement.requestlog [None req-d3cdd787-9868-4719-8f60-8bdd850f1439 - - - - - -] 10.0.0.60 "GET /" status: 200 len: 136 microversion: 1.0
2026-07-15 21:07:18.800 8 INFO placement.requestlog [None req-374b8377-0b56-40a4-a0d8-daf00aa9adba - - - - - -] 10.0.0.60 "GET /" status: 200 len: 136 microversion: 1.0
2026-07-15 21:07:28.799 8 INFO placement.requestlog [None req-a5b453b7-fdde-429a-b778-2ff7cffcd486 - - - - - -] 10.0.0.60 "GET /" status: 200 len: 136 microversion: 1.0
2026-07-15 21:07:28.799 7 INFO placement.requestlog [None req-252ab6b3-a466-4deb-9e4c-8ef1dc645d48 - - - - - -] 10.0.0.60 "GET /" status: 200 len: 136 microversion: 1.0
2026-07-15 21:07:35.577 7 INFO placement.requestlog [req-3f055976-e48d-425c-8dcd-656f49da3741 req-532fb9e0-4445-47a4-8f1d-23343f3d1893 6da64b51b8d944de937ddad61200b5c6 d4d987db84f3414188bb5f39dec4548d - - dde7b082d73044a296acef6349c1057e dde7b082d73044a296acef6349c1057e] 199.204.45.4 "GET /resource_providers/5d2b717b-b571-4bbf-9d70-456092bfc149/allocations" status: 200 len: 54 microversion: 1.0 [pid: 7|app: 0|req: 300/599] 199.204.45.4 () {32 vars in 854 bytes} [Wed Jul 15 21:07:35 2026] GET /resource_providers/5d2b717b-b571-4bbf-9d70-456092bfc149/allocations => generated 54 bytes in 12 msecs (HTTP/1.1 200) 6 headers in 223 bytes (1 switches on core 0)
2026-07-15 21:07:35.603 8 INFO placement.requestlog [req-3f055976-e48d-425c-8dcd-656f49da3741 req-d36b1ccc-819f-44fa-b5ea-d0b554267bf3 6da64b51b8d944de937ddad61200b5c6 d4d987db84f3414188bb5f39dec4548d - - dde7b082d73044a296acef6349c1057e dde7b082d73044a296acef6349c1057e] 199.204.45.4 "GET /resource_providers/5d2b717b-b571-4bbf-9d70-456092bfc149/allocations" status: 200 len: 54 microversion: 1.0 [pid: 8|app: 0|req: 300/600] 199.204.45.4 () {32 vars in 854 bytes} [Wed Jul 15 21:07:35 2026] GET /resource_providers/5d2b717b-b571-4bbf-9d70-456092bfc149/allocations => generated 54 bytes in 15 msecs (HTTP/1.1 200) 6 headers in 223 bytes (1 switches on core 0)
2026-07-15 21:07:38.799 7 INFO placement.requestlog [None req-977351c2-0bda-4871-b308-c7e65d39e499 - - - - - -] 10.0.0.60 "GET /" status: 200 len: 136 microversion: 1.0
2026-07-15 21:07:38.800 8 INFO placement.requestlog [None req-dd27f4d0-c430-4325-a165-b91e34db0130 - - - - - -] 10.0.0.60 "GET /" status: 200 len: 136 microversion: 1.0
2026-07-15 21:07:48.799 7 INFO placement.requestlog [None req-a4a897c8-99e3-43d8-b42d-446655b39d4a - - - - - -] 10.0.0.60 "GET /" status: 200 len: 136 microversion: 1.0
2026-07-15 21:07:48.799 8 INFO placement.requestlog [None req-aaa712c5-7a8e-45a6-99cf-687af57ebdde - - - - - -] 10.0.0.60 "GET /" status: 200 len: 136 microversion: 1.0
2026-07-15 21:07:58.799 7 INFO placement.requestlog [None req-03aabf33-f06d-4a33-8568-8456e7ad0376 - - - - - -] 10.0.0.60 "GET /" status: 200 len: 136 microversion: 1.0
2026-07-15 21:07:58.799 8 INFO placement.requestlog [None req-a7fa7ab4-adbe-4f09-b2a5-6ed111bb37e4 - - - - - -] 10.0.0.60 "GET /" status: 200 len: 136 microversion: 1.0
2026-07-15 21:08:08.799 7 INFO placement.requestlog [None req-484cfeec-6abb-49a8-81fc-aad13bfd9bc6 - - - - - -] 10.0.0.60 "GET /" status: 200 len: 136 microversion: 1.0
2026-07-15 21:08:08.799 8 INFO placement.requestlog [None req-2aecb76b-f720-4ba0-8e7a-2d6c62d0cb3c - - - - - -] 10.0.0.60 "GET /" status: 200 len: 136 microversion: 1.0
2026-07-15 21:08:18.798 7 INFO placement.requestlog [None req-8c16963a-10a9-435b-b345-1e550e2b5229 - - - - - -] 10.0.0.60 "GET /" status: 200 len: 136 microversion: 1.0
2026-07-15 21:08:18.798 8 INFO placement.requestlog [None req-d0b064de-3587-437b-8775-4397999751fb - - - - - -] 10.0.0.60 "GET /" status: 200 len: 136 microversion: 1.0
2026-07-15 21:08:28.799 7 INFO placement.requestlog [None req-5404a88c-69cf-409e-9919-f70169a5d837 - - - - - -] 10.0.0.60 "GET /" status: 200 len: 136 microversion: 1.0
2026-07-15 21:08:28.799 8 INFO placement.requestlog [None req-b71cebdd-d319-4f5c-8338-a115e142ea51 - - - - - -] 10.0.0.60 "GET /" status: 200 len: 136 microversion: 1.0
2026-07-15 21:08:35.574 8 INFO placement.requestlog [req-be4e8cf8-4ae0-43d4-b2f8-8db73d2c5d9a req-e8cfc61b-9b01-47ce-949f-e9592f9704fe 6da64b51b8d944de937ddad61200b5c6 d4d987db84f3414188bb5f39dec4548d - - dde7b082d73044a296acef6349c1057e dde7b082d73044a296acef6349c1057e] 199.204.45.4 "GET /resource_providers/5d2b717b-b571-4bbf-9d70-456092bfc149/allocations" status: 200 len: 54 microversion: 1.0 [pid: 8|app: 0|req: 307/613] 199.204.45.4 () {32 vars in 854 bytes} [Wed Jul 15 21:08:35 2026] GET /resource_providers/5d2b717b-b571-4bbf-9d70-456092bfc149/allocations => generated 54 bytes in 13 msecs (HTTP/1.1 200) 6 headers in 223 bytes (1 switches on core 0)
2026-07-15 21:08:35.597 7 INFO placement.requestlog [req-be4e8cf8-4ae0-43d4-b2f8-8db73d2c5d9a req-01d8a2da-0a82-44ab-9216-57a8f40707bc 6da64b51b8d944de937ddad61200b5c6 d4d987db84f3414188bb5f39dec4548d - - dde7b082d73044a296acef6349c1057e dde7b082d73044a296acef6349c1057e] 199.204.45.4 "GET /resource_providers/5d2b717b-b571-4bbf-9d70-456092bfc149/allocations" status: 200 len: 54 microversion: 1.0 [pid: 7|app: 0|req: 307/614] 199.204.45.4 () {32 vars in 854 bytes} [Wed Jul 15 21:08:35 2026] GET /resource_providers/5d2b717b-b571-4bbf-9d70-456092bfc149/allocations => generated 54 bytes in 15 msecs (HTTP/1.1 200) 6 headers in 223 bytes (1 switches on core 0)
2026-07-15 21:08:38.799 8 INFO placement.requestlog [None req-b26d5d59-4d2c-495c-9912-e487cb57b52a - - - - - -] 10.0.0.60 "GET /" status: 200 len: 136 microversion: 1.0
2026-07-15 21:08:38.799 7 INFO placement.requestlog [None req-4e6f308b-81ca-4352-a474-991a0e35e029 - - - - - -] 10.0.0.60 "GET /" status: 200 len: 136 microversion: 1.0
2026-07-15 21:08:48.799 8 INFO placement.requestlog [None req-ccb8b8d0-f96f-4d81-be10-247012f0595f - - - - - -] 10.0.0.60 "GET /" status: 200 len: 136 microversion: 1.0
2026-07-15 21:08:48.799 7 INFO placement.requestlog [None req-861819f0-5fe4-4303-a63f-581aeb3e08a9 - - - - - -] 10.0.0.60 "GET /" status: 200 len: 136 microversion: 1.0
2026-07-15 21:08:58.799 8 INFO placement.requestlog [None req-c68a8bc3-2b33-43b1-a262-e5710daeb945 - - - - - -] 10.0.0.60 "GET /" status: 200 len: 136 microversion: 1.0
2026-07-15 21:08:58.799 7 INFO placement.requestlog [None req-e8bac09a-f352-4714-92a5-622163eb79ba - - - - - -] 10.0.0.60 "GET /" status: 200 len: 136 microversion: 1.0
2026-07-15 21:09:08.799 7 INFO placement.requestlog [None req-18c0081d-12dd-4555-abca-8f472d3cb996 - - - - - -] 10.0.0.60 "GET /" status: 200 len: 136 microversion: 1.0
2026-07-15 21:09:08.799 8 INFO placement.requestlog [None req-0cb55948-f4c4-40cb-a97b-fd2394db8bef - - - - - -] 10.0.0.60 "GET /" status: 200 len: 136 microversion: 1.0
2026-07-15 21:09:18.799 8 INFO placement.requestlog [None req-f1418402-c9f1-4db5-bd67-b1d6a7a23a55 - - - - - -] 10.0.0.60 "GET /" status: 200 len: 136 microversion: 1.0
2026-07-15 21:09:18.799 7 INFO placement.requestlog [None req-397240b2-517b-4bc7-9a8f-3e3850a51af1 - - - - - -] 10.0.0.60 "GET /" status: 200 len: 136 microversion: 1.0
2026-07-15 21:09:28.799 8 INFO placement.requestlog [None req-117fe98e-cc01-4ca1-824c-b12022f5c066 - - - - - -] 10.0.0.60 "GET /" status: 200 len: 136 microversion: 1.0
2026-07-15 21:09:28.799 7 INFO placement.requestlog [None req-09b5b33f-2f1f-40c2-99b6-00fe2d60de80 - - - - - -] 10.0.0.60 "GET /" status: 200 len: 136 microversion: 1.0
2026-07-15 21:09:35.567 8 INFO placement.requestlog [req-7cbfb0ca-3ea2-4c61-b41c-c9f427b5e673 req-1b36fb82-d40b-4e8f-b4dd-e6363e185cbb 6da64b51b8d944de937ddad61200b5c6 d4d987db84f3414188bb5f39dec4548d - - dde7b082d73044a296acef6349c1057e dde7b082d73044a296acef6349c1057e] 199.204.45.4 "GET /resource_providers/5d2b717b-b571-4bbf-9d70-456092bfc149/allocations" status: 200 len: 54 microversion: 1.0 [pid: 8|app: 0|req: 314/627] 199.204.45.4 () {32 vars in 854 bytes} [Wed Jul 15 21:09:35 2026] GET /resource_providers/5d2b717b-b571-4bbf-9d70-456092bfc149/allocations => generated 54 bytes in 16 msecs (HTTP/1.1 200) 6 headers in 223 bytes (1 switches on core 0)
2026-07-15 21:09:35.585 7 INFO placement.requestlog [req-7cbfb0ca-3ea2-4c61-b41c-c9f427b5e673 req-d1b2fbf6-c552-40e6-9348-64612ca54d98 6da64b51b8d944de937ddad61200b5c6 d4d987db84f3414188bb5f39dec4548d - - dde7b082d73044a296acef6349c1057e dde7b082d73044a296acef6349c1057e] 199.204.45.4 "GET /resource_providers/5d2b717b-b571-4bbf-9d70-456092bfc149/allocations" status: 200 len: 54 microversion: 1.0 [pid: 7|app: 0|req: 314/628] 199.204.45.4 () {32 vars in 854 bytes} [Wed Jul 15 21:09:35 2026] GET /resource_providers/5d2b717b-b571-4bbf-9d70-456092bfc149/allocations => generated 54 bytes in 12 msecs (HTTP/1.1 200) 6 headers in 223 bytes (1 switches on core 0)
2026-07-15 21:09:38.799 8 INFO placement.requestlog [None req-5a795250-9c57-42ae-afb4-3dc04d2ddd97 - - - - - -] 10.0.0.60 "GET /" status: 200 len: 136 microversion: 1.0
2026-07-15 21:09:38.799 7 INFO placement.requestlog [None req-6f72ed89-d33e-4d1f-bb8c-9ac157b8c15e - - - - - -] 10.0.0.60 "GET /" status: 200 len: 136 microversion: 1.0
2026-07-15 21:09:48.799 7 INFO placement.requestlog [None req-4e0e2de3-2a81-414b-936d-10d8bd9bd109 - - - - - -] 10.0.0.60 "GET /" status: 200 len: 136 microversion: 1.0
2026-07-15 21:09:48.800 8 INFO placement.requestlog [None req-51114483-a121-4514-b593-4b0d6b5973d5 - - - - - -] 10.0.0.60 "GET /" status: 200 len: 136 microversion: 1.0
2026-07-15 21:09:58.800 7 INFO placement.requestlog [None req-008ada4c-6ec1-4e7b-9e8b-5c66770aff4f - - - - - -] 10.0.0.60 "GET /" status: 200 len: 136 microversion: 1.0
2026-07-15 21:09:58.800 8 INFO placement.requestlog [None req-2c053dcb-cdc2-4d23-aaaa-febb68a6f137 - - - - - -] 10.0.0.60 "GET /" status: 200 len: 136 microversion: 1.0
2026-07-15 21:10:08.799 7 INFO placement.requestlog [None req-98648740-a124-4f13-84fe-a64a1a861e51 - - - - - -] 10.0.0.60 "GET /" status: 200 len: 136 microversion: 1.0
2026-07-15 21:10:08.800 8 INFO placement.requestlog [None req-654e2c6c-0012-42ed-85c9-3223ebed5014 - - - - - -] 10.0.0.60 "GET /" status: 200 len: 136 microversion: 1.0
2026-07-15 21:10:18.800 8 INFO placement.requestlog [None req-a4c9b8d6-35f7-4650-9394-50be4c184b28 - - - - - -] 10.0.0.60 "GET /" status: 200 len: 136 microversion: 1.0
2026-07-15 21:10:18.800 7 INFO placement.requestlog [None req-3689d97a-a1c8-4955-87fd-b388afb5761c - - - - - -] 10.0.0.60 "GET /" status: 200 len: 136 microversion: 1.0
2026-07-15 21:10:28.799 7 INFO placement.requestlog [None req-68915756-28c7-4cb9-9ee0-0f055e50b0d7 - - - - - -] 10.0.0.60 "GET /" status: 200 len: 136 microversion: 1.0
2026-07-15 21:10:28.799 8 INFO placement.requestlog [None req-8d05e79a-d533-41fa-af75-e3e04dd67551 - - - - - -] 10.0.0.60 "GET /" status: 200 len: 136 microversion: 1.0
2026-07-15 21:10:36.575 7 INFO placement.requestlog [req-0c150149-9626-4b62-b7da-25cbc3f81d3e req-84775e9f-ec41-46c4-bc37-52ca2d65c1da 6da64b51b8d944de937ddad61200b5c6 d4d987db84f3414188bb5f39dec4548d - - dde7b082d73044a296acef6349c1057e dde7b082d73044a296acef6349c1057e] 199.204.45.4 "GET /resource_providers/5d2b717b-b571-4bbf-9d70-456092bfc149/allocations" status: 200 len: 54 microversion: 1.0 [pid: 7|app: 0|req: 321/641] 199.204.45.4 () {32 vars in 854 bytes} [Wed Jul 15 21:10:36 2026] GET /resource_providers/5d2b717b-b571-4bbf-9d70-456092bfc149/allocations => generated 54 bytes in 12 msecs (HTTP/1.1 200) 6 headers in 223 bytes (1 switches on core 0)
2026-07-15 21:10:36.600 8 INFO placement.requestlog [req-0c150149-9626-4b62-b7da-25cbc3f81d3e req-fa8f5db7-6f54-4736-b86b-29e9640e21f6 6da64b51b8d944de937ddad61200b5c6 d4d987db84f3414188bb5f39dec4548d - - dde7b082d73044a296acef6349c1057e dde7b082d73044a296acef6349c1057e] 199.204.45.4 "GET /resource_providers/5d2b717b-b571-4bbf-9d70-456092bfc149/allocations" status: 200 len: 54 microversion: 1.0 [pid: 8|app: 0|req: 321/642] 199.204.45.4 () {32 vars in 854 bytes} [Wed Jul 15 21:10:36 2026] GET /resource_providers/5d2b717b-b571-4bbf-9d70-456092bfc149/allocations => generated 54 bytes in 16 msecs (HTTP/1.1 200) 6 headers in 223 bytes (1 switches on core 0)
2026-07-15 21:10:38.799 7 INFO placement.requestlog [None req-a26c0951-1d68-4ec1-a062-fe72cee9cbf0 - - - - - -] 10.0.0.60 "GET /" status: 200 len: 136 microversion: 1.0
2026-07-15 21:10:38.800 8 INFO placement.requestlog [None req-e83fe62e-62e0-45eb-89af-734d1bf6c628 - - - - - -] 10.0.0.60 "GET /" status: 200 len: 136 microversion: 1.0
2026-07-15 21:10:48.799 7 INFO placement.requestlog [None req-5b1fd556-3b70-4ba1-b967-ac57990e3d07 - - - - - -] 10.0.0.60 "GET /" status: 200 len: 136 microversion: 1.0
2026-07-15 21:10:48.799 8 INFO placement.requestlog [None req-3b1f0759-d2b7-47a7-ada3-051719fd0fd5 - - - - - -] 10.0.0.60 "GET /" status: 200 len: 136 microversion: 1.0
2026-07-15 21:10:58.799 7 INFO placement.requestlog [None req-19d19d12-1178-404c-abd6-4107ce378a66 - - - - - -] 10.0.0.60 "GET /" status: 200 len: 136 microversion: 1.0
2026-07-15 21:10:58.799 8 INFO placement.requestlog [None req-d6b0afca-cafe-4f7e-9195-7a343ee91d78 - - - - - -] 10.0.0.60 "GET /" status: 200 len: 136 microversion: 1.0
2026-07-15 21:11:08.800 8 INFO placement.requestlog [None req-e8439835-15a0-4472-b33a-bd0e63a4d636 - - - - - -] 10.0.0.60 "GET /" status: 200 len: 136 microversion: 1.0
2026-07-15 21:11:08.800 7 INFO placement.requestlog [None req-41580352-200e-4ab9-8509-38c36aee4712 - - - - - -] 10.0.0.60 "GET /" status: 200 len: 136 microversion: 1.0
2026-07-15 21:11:09.593 8 INFO placement.requestlog [req-d2ee5140-94e5-48f9-9a39-43d952b14fa3 req-110df5a5-8a99-47ca-86bf-b9dce30ff9c4 6da64b51b8d944de937ddad61200b5c6 d4d987db84f3414188bb5f39dec4548d - - dde7b082d73044a296acef6349c1057e dde7b082d73044a296acef6349c1057e] 10.0.0.74 "GET /allocation_candidates?limit=1000&resources=DISK_GB%3A1%2CMEMORY_MB%3A512%2CVCPU%3A1&root_required=%21COMPUTE_STATUS_DISABLED" status: 200 len: 2781 microversion: 1.36 [pid: 8|app: 0|req: 326/651] 10.0.0.74 () {34 vars in 1010 bytes} [Wed Jul 15 21:11:09 2026] GET /allocation_candidates?limit=1000&resources=DISK_GB%3A1%2CMEMORY_MB%3A512%2CVCPU%3A1&root_required=%21COMPUTE_STATUS_DISABLED => generated 2781 bytes in 213 msecs (HTTP/1.1 200) 8 headers in 297 bytes (1 switches on core 0)
2026-07-15 21:11:09.646 7 INFO placement.requestlog [req-d2ee5140-94e5-48f9-9a39-43d952b14fa3 req-b322e19e-a132-4310-a1fd-cab51b1cccce 6da64b51b8d944de937ddad61200b5c6 d4d987db84f3414188bb5f39dec4548d - - dde7b082d73044a296acef6349c1057e dde7b082d73044a296acef6349c1057e] 10.0.0.74 "GET /allocations/c525fe4d-bc73-4a88-b418-a8431abc4a70" status: 200 len: 19 microversion: 1.28 [pid: 7|app: 0|req: 326/652] 10.0.0.74 () {34 vars in 859 bytes} [Wed Jul 15 21:11:09 2026] GET /allocations/c525fe4d-bc73-4a88-b418-a8431abc4a70 => generated 19 bytes in 14 msecs (HTTP/1.1 200) 8 headers in 295 bytes (1 switches on core 0)
2026-07-15 21:11:09.726 8 INFO placement.requestlog [req-d2ee5140-94e5-48f9-9a39-43d952b14fa3 req-7d77b0d2-b66b-4cfb-8515-000c8b061020 6da64b51b8d944de937ddad61200b5c6 d4d987db84f3414188bb5f39dec4548d - - dde7b082d73044a296acef6349c1057e dde7b082d73044a296acef6349c1057e] 10.0.0.74 "PUT /allocations/c525fe4d-bc73-4a88-b418-a8431abc4a70" status: 204 len: 0 microversion: 1.36 [pid: 8|app: 0|req: 327/653] 10.0.0.74 () {38 vars in 912 bytes} [Wed Jul 15 21:11:09 2026] PUT /allocations/c525fe4d-bc73-4a88-b418-a8431abc4a70 => generated 0 bytes in 72 msecs (HTTP/1.1 204) 5 headers in 199 bytes (1 switches on core 0)
2026-07-15 21:11:09.889 7 INFO placement.requestlog [req-eb78ea24-9250-49e6-bd7c-39237daa9ba1 req-f4b23de4-0077-43e3-8d4e-ff1d64164aff 6da64b51b8d944de937ddad61200b5c6 d4d987db84f3414188bb5f39dec4548d - - dde7b082d73044a296acef6349c1057e dde7b082d73044a296acef6349c1057e] 10.0.0.74 "GET /allocation_candidates?limit=1000&resources=DISK_GB%3A1%2CMEMORY_MB%3A512%2CVCPU%3A1&root_required=%21COMPUTE_STATUS_DISABLED" status: 200 len: 2783 microversion: 1.36 [pid: 7|app: 0|req: 327/654] 10.0.0.74 () {34 vars in 1010 bytes} [Wed Jul 15 21:11:09 2026] GET /allocation_candidates?limit=1000&resources=DISK_GB%3A1%2CMEMORY_MB%3A512%2CVCPU%3A1&root_required=%21COMPUTE_STATUS_DISABLED => generated 2783 bytes in 54 msecs (HTTP/1.1 200) 8 headers in 297 bytes (1 switches on core 0)
2026-07-15 21:11:09.934 8 INFO placement.requestlog [req-eb78ea24-9250-49e6-bd7c-39237daa9ba1 req-f3a7a287-8930-4914-8bbd-12d6402c121d 6da64b51b8d944de937ddad61200b5c6 d4d987db84f3414188bb5f39dec4548d - - dde7b082d73044a296acef6349c1057e dde7b082d73044a296acef6349c1057e] 10.0.0.74 "GET /allocations/334dd733-7a45-4767-b0d5-0b82764e8c77" status: 200 len: 19 microversion: 1.28 [pid: 8|app: 0|req: 328/655] 10.0.0.74 () {34 vars in 859 bytes} [Wed Jul 15 21:11:09 2026] GET /allocations/334dd733-7a45-4767-b0d5-0b82764e8c77 => generated 19 bytes in 11 msecs (HTTP/1.1 200) 8 headers in 295 bytes (1 switches on core 0)
2026-07-15 21:11:10.019 7 INFO placement.requestlog [req-eb78ea24-9250-49e6-bd7c-39237daa9ba1 req-6219ec95-a17b-4bbd-8904-bc5bb9d7ffa5 6da64b51b8d944de937ddad61200b5c6 d4d987db84f3414188bb5f39dec4548d - - dde7b082d73044a296acef6349c1057e dde7b082d73044a296acef6349c1057e] 10.0.0.74 "PUT /allocations/334dd733-7a45-4767-b0d5-0b82764e8c77" status: 204 len: 0 microversion: 1.36 [pid: 7|app: 0|req: 328/656] 10.0.0.74 () {38 vars in 912 bytes} [Wed Jul 15 21:11:09 2026] PUT /allocations/334dd733-7a45-4767-b0d5-0b82764e8c77 => generated 0 bytes in 78 msecs (HTTP/1.1 204) 5 headers in 199 bytes (1 switches on core 0)
2026-07-15 21:11:11.318 8 INFO placement.requestlog [req-d2ee5140-94e5-48f9-9a39-43d952b14fa3 req-62dbecab-9c3f-4e1f-a6d3-dd79bc2bc8f2 6da64b51b8d944de937ddad61200b5c6 d4d987db84f3414188bb5f39dec4548d - - dde7b082d73044a296acef6349c1057e dde7b082d73044a296acef6349c1057e] 199.204.45.4 "GET /allocations/c525fe4d-bc73-4a88-b418-a8431abc4a70" status: 200 len: 257 microversion: 1.28 [pid: 8|app: 0|req: 329/657] 199.204.45.4 () {34 vars in 860 bytes} [Wed Jul 15 21:11:11 2026] GET /allocations/c525fe4d-bc73-4a88-b418-a8431abc4a70 => generated 257 bytes in 12 msecs (HTTP/1.1 200) 8 headers in 296 bytes (1 switches on core 0)
2026-07-15 21:11:11.729 7 INFO placement.requestlog [req-eb78ea24-9250-49e6-bd7c-39237daa9ba1 req-12fcc9d1-a134-461f-9cb5-9c731d22528d 6da64b51b8d944de937ddad61200b5c6 d4d987db84f3414188bb5f39dec4548d - - dde7b082d73044a296acef6349c1057e dde7b082d73044a296acef6349c1057e] 199.204.45.4 "GET /allocations/334dd733-7a45-4767-b0d5-0b82764e8c77" status: 200 len: 257 microversion: 1.28 [pid: 7|app: 0|req: 329/658] 199.204.45.4 () {34 vars in 860 bytes} [Wed Jul 15 21:11:11 2026] GET /allocations/334dd733-7a45-4767-b0d5-0b82764e8c77 => generated 257 bytes in 14 msecs (HTTP/1.1 200) 8 headers in 296 bytes (1 switches on core 0)
2026-07-15 21:11:12.218 8 INFO placement.requestlog [req-095d0813-5b20-4de6-bf60-6a955a31d826 req-399f92ad-a296-401f-8681-843ea3f9528c 6da64b51b8d944de937ddad61200b5c6 d4d987db84f3414188bb5f39dec4548d - - dde7b082d73044a296acef6349c1057e dde7b082d73044a296acef6349c1057e] 10.0.0.74 "GET /allocation_candidates?limit=1000&resources=DISK_GB%3A1%2CMEMORY_MB%3A512%2CVCPU%3A1&root_required=%21COMPUTE_STATUS_DISABLED" status: 200 len: 2784 microversion: 1.36 [pid: 8|app: 0|req: 330/659] 10.0.0.74 () {34 vars in 1010 bytes} [Wed Jul 15 21:11:12 2026] GET /allocation_candidates?limit=1000&resources=DISK_GB%3A1%2CMEMORY_MB%3A512%2CVCPU%3A1&root_required=%21COMPUTE_STATUS_DISABLED => generated 2784 bytes in 44 msecs (HTTP/1.1 200) 8 headers in 297 bytes (1 switches on core 0)
2026-07-15 21:11:12.250 7 INFO placement.requestlog [req-095d0813-5b20-4de6-bf60-6a955a31d826 req-f60eaf53-4ed3-4cef-b795-6e50b228c05f 6da64b51b8d944de937ddad61200b5c6 d4d987db84f3414188bb5f39dec4548d - - dde7b082d73044a296acef6349c1057e dde7b082d73044a296acef6349c1057e] 10.0.0.74 "GET /allocations/7f27e640-ce2b-436f-bcd9-7685c4fad22e" status: 200 len: 19 microversion: 1.28 [pid: 7|app: 0|req: 330/660] 10.0.0.74 () {34 vars in 859 bytes} [Wed Jul 15 21:11:12 2026] GET /allocations/7f27e640-ce2b-436f-bcd9-7685c4fad22e => generated 19 bytes in 11 msecs (HTTP/1.1 200) 8 headers in 295 bytes (1 switches on core 0)
2026-07-15 21:11:12.312 8 INFO placement.requestlog [req-095d0813-5b20-4de6-bf60-6a955a31d826 req-e950da96-aae8-423f-bf78-a65abdb47bb8 6da64b51b8d944de937ddad61200b5c6 d4d987db84f3414188bb5f39dec4548d - - dde7b082d73044a296acef6349c1057e dde7b082d73044a296acef6349c1057e] 10.0.0.74 "PUT /allocations/7f27e640-ce2b-436f-bcd9-7685c4fad22e" status: 204 len: 0 microversion: 1.36 [pid: 8|app: 0|req: 331/661] 10.0.0.74 () {38 vars in 912 bytes} [Wed Jul 15 21:11:12 2026] PUT /allocations/7f27e640-ce2b-436f-bcd9-7685c4fad22e => generated 0 bytes in 57 msecs (HTTP/1.1 204) 5 headers in 199 bytes (1 switches on core 0)
2026-07-15 21:11:12.358 7 INFO placement.requestlog [req-d2ee5140-94e5-48f9-9a39-43d952b14fa3 req-022c5575-1be3-4a51-836d-dfc805724ece 6da64b51b8d944de937ddad61200b5c6 d4d987db84f3414188bb5f39dec4548d - - dde7b082d73044a296acef6349c1057e dde7b082d73044a296acef6349c1057e] 199.204.45.4 "GET /resource_providers/5d2b717b-b571-4bbf-9d70-456092bfc149/allocations" status: 200 len: 352 microversion: 1.0 [pid: 7|app: 0|req: 331/662] 199.204.45.4 () {32 vars in 854 bytes} [Wed Jul 15 21:11:12 2026] GET /resource_providers/5d2b717b-b571-4bbf-9d70-456092bfc149/allocations => generated 352 bytes in 16 msecs (HTTP/1.1 200) 6 headers in 224 bytes (1 switches on core 0)
2026-07-15 21:11:12.379 8 INFO placement.requestlog [req-d2ee5140-94e5-48f9-9a39-43d952b14fa3 req-86693933-4b48-462b-966f-404077c52e35 6da64b51b8d944de937ddad61200b5c6 d4d987db84f3414188bb5f39dec4548d - - dde7b082d73044a296acef6349c1057e dde7b082d73044a296acef6349c1057e] 199.204.45.4 "GET /allocations/7f27e640-ce2b-436f-bcd9-7685c4fad22e" status: 200 len: 257 microversion: 1.28 [pid: 8|app: 0|req: 332/663] 199.204.45.4 () {34 vars in 860 bytes} [Wed Jul 15 21:11:12 2026] GET /allocations/7f27e640-ce2b-436f-bcd9-7685c4fad22e => generated 257 bytes in 12 msecs (HTTP/1.1 200) 8 headers in 296 bytes (1 switches on core 0)
2026-07-15 21:11:12.399 7 INFO placement.requestlog [req-d2ee5140-94e5-48f9-9a39-43d952b14fa3 req-ed24535e-e155-45a4-b03f-cc1cbfbb2bd9 6da64b51b8d944de937ddad61200b5c6 d4d987db84f3414188bb5f39dec4548d - - dde7b082d73044a296acef6349c1057e dde7b082d73044a296acef6349c1057e] 199.204.45.4 "GET /allocations/334dd733-7a45-4767-b0d5-0b82764e8c77" status: 200 len: 257 microversion: 1.28 [pid: 7|app: 0|req: 332/664] 199.204.45.4 () {34 vars in 860 bytes} [Wed Jul 15 21:11:12 2026] GET /allocations/334dd733-7a45-4767-b0d5-0b82764e8c77 => generated 257 bytes in 14 msecs (HTTP/1.1 200) 8 headers in 296 bytes (1 switches on core 0)
2026-07-15 21:11:12.418 8 INFO placement.requestlog [req-d2ee5140-94e5-48f9-9a39-43d952b14fa3 req-96c5706c-cee5-4651-9e64-57d4e817ef6c 6da64b51b8d944de937ddad61200b5c6 d4d987db84f3414188bb5f39dec4548d - - dde7b082d73044a296acef6349c1057e dde7b082d73044a296acef6349c1057e] 199.204.45.4 "GET /allocations/c525fe4d-bc73-4a88-b418-a8431abc4a70" status: 200 len: 257 microversion: 1.28 [pid: 8|app: 0|req: 333/665] 199.204.45.4 () {34 vars in 860 bytes} [Wed Jul 15 21:11:12 2026] GET /allocations/c525fe4d-bc73-4a88-b418-a8431abc4a70 => generated 257 bytes in 13 msecs (HTTP/1.1 200) 8 headers in 296 bytes (1 switches on core 0)
2026-07-15 21:11:13.836 7 INFO placement.requestlog [req-095d0813-5b20-4de6-bf60-6a955a31d826 req-64ece3ee-d41b-4427-945e-d5f1b6bc0a9f 6da64b51b8d944de937ddad61200b5c6 d4d987db84f3414188bb5f39dec4548d - - dde7b082d73044a296acef6349c1057e dde7b082d73044a296acef6349c1057e] 199.204.45.4 "GET /allocations/7f27e640-ce2b-436f-bcd9-7685c4fad22e" status: 200 len: 257 microversion: 1.28 [pid: 7|app: 0|req: 333/666] 199.204.45.4 () {34 vars in 860 bytes} [Wed Jul 15 21:11:13 2026] GET /allocations/7f27e640-ce2b-436f-bcd9-7685c4fad22e => generated 257 bytes in 13 msecs (HTTP/1.1 200) 8 headers in 296 bytes (1 switches on core 0)
2026-07-15 21:11:13.969 7 INFO placement.requestlog [None req-28eff00d-ee4c-41d5-8699-0148664444c8 24284f94a056493dacac4f9f65c80465 d4d987db84f3414188bb5f39dec4548d - - dde7b082d73044a296acef6349c1057e dde7b082d73044a296acef6349c1057e] 10.0.0.2 "GET /resource_providers/f356e72c-c9a0-46c1-9833-73cef2614a4a/aggregates" status: 404 len: 235 microversion: 1.1 [pid: 7|app: 0|req: 334/667] 10.0.0.2 () {32 vars in 813 bytes} [Wed Jul 15 21:11:13 2026] GET /resource_providers/f356e72c-c9a0-46c1-9833-73cef2614a4a/aggregates => generated 235 bytes in 89 msecs (HTTP/1.1 404) 5 headers in 202 bytes (1 switches on core 0)
2026-07-15 21:11:13.977 8 INFO placement.requestlog [None req-27098898-2dbb-4b71-820f-5048830cc3b6 24284f94a056493dacac4f9f65c80465 d4d987db84f3414188bb5f39dec4548d - - dde7b082d73044a296acef6349c1057e dde7b082d73044a296acef6349c1057e] 10.0.0.2 "GET /resource_providers/f356e72c-c9a0-46c1-9833-73cef2614a4a/aggregates" status: 404 len: 235 microversion: 1.1 [pid: 8|app: 0|req: 334/668] 10.0.0.2 () {32 vars in 813 bytes} [Wed Jul 15 21:11:13 2026] GET /resource_providers/f356e72c-c9a0-46c1-9833-73cef2614a4a/aggregates => generated 235 bytes in 98 msecs (HTTP/1.1 404) 5 headers in 202 bytes (1 switches on core 0)
2026-07-15 21:11:13.985 7 INFO placement.requestlog [None req-983db1f2-8feb-40db-8f50-88558afc506d 24284f94a056493dacac4f9f65c80465 d4d987db84f3414188bb5f39dec4548d - - dde7b082d73044a296acef6349c1057e dde7b082d73044a296acef6349c1057e] 10.0.0.2 "DELETE /resource_providers/f356e72c-c9a0-46c1-9833-73cef2614a4a" status: 404 len: 246 microversion: 1.1 [pid: 7|app: 0|req: 335/669] 10.0.0.2 () {34 vars in 813 bytes} [Wed Jul 15 21:11:13 2026] DELETE /resource_providers/f356e72c-c9a0-46c1-9833-73cef2614a4a => generated 246 bytes in 9 msecs (HTTP/1.1 404) 6 headers in 231 bytes (1 switches on core 0)
2026-07-15 21:11:13.991 8 INFO placement.requestlog [None req-3ba120e5-1f2e-4020-96fa-1b7410971d3d 24284f94a056493dacac4f9f65c80465 d4d987db84f3414188bb5f39dec4548d - - dde7b082d73044a296acef6349c1057e dde7b082d73044a296acef6349c1057e] 10.0.0.2 "DELETE /resource_providers/f356e72c-c9a0-46c1-9833-73cef2614a4a" status: 404 len: 246 microversion: 1.1 [pid: 8|app: 0|req: 335/670] 10.0.0.2 () {34 vars in 813 bytes} [Wed Jul 15 21:11:13 2026] DELETE /resource_providers/f356e72c-c9a0-46c1-9833-73cef2614a4a => generated 246 bytes in 6 msecs (HTTP/1.1 404) 6 headers in 231 bytes (1 switches on core 0)
2026-07-15 21:11:14.485 7 INFO placement.requestlog [req-eb78ea24-9250-49e6-bd7c-39237daa9ba1 req-4f85e6c3-6cf4-44ae-b1bc-6e1c8258736a 6da64b51b8d944de937ddad61200b5c6 d4d987db84f3414188bb5f39dec4548d - - dde7b082d73044a296acef6349c1057e dde7b082d73044a296acef6349c1057e] 199.204.45.4 "GET /resource_providers/5d2b717b-b571-4bbf-9d70-456092bfc149/allocations" status: 200 len: 352 microversion: 1.0 [pid: 7|app: 0|req: 336/671] 199.204.45.4 () {32 vars in 854 bytes} [Wed Jul 15 21:11:14 2026] GET /resource_providers/5d2b717b-b571-4bbf-9d70-456092bfc149/allocations => generated 352 bytes in 28 msecs (HTTP/1.1 200) 6 headers in 224 bytes (1 switches on core 0)
2026-07-15 21:11:14.536 8 INFO placement.requestlog [req-eb78ea24-9250-49e6-bd7c-39237daa9ba1 req-f211e978-a8d9-4b12-9798-6c20cef6100e 6da64b51b8d944de937ddad61200b5c6 d4d987db84f3414188bb5f39dec4548d - - dde7b082d73044a296acef6349c1057e dde7b082d73044a296acef6349c1057e] 199.204.45.4 "GET /allocations/7f27e640-ce2b-436f-bcd9-7685c4fad22e" status: 200 len: 257 microversion: 1.28 [pid: 8|app: 0|req: 336/672] 199.204.45.4 () {34 vars in 860 bytes} [Wed Jul 15 21:11:14 2026] GET /allocations/7f27e640-ce2b-436f-bcd9-7685c4fad22e => generated 257 bytes in 20 msecs (HTTP/1.1 200) 8 headers in 296 bytes (1 switches on core 0)
2026-07-15 21:11:14.557 7 INFO placement.requestlog [req-eb78ea24-9250-49e6-bd7c-39237daa9ba1 req-5200d852-0ace-4bc3-b368-458081fda16e 6da64b51b8d944de937ddad61200b5c6 d4d987db84f3414188bb5f39dec4548d - - dde7b082d73044a296acef6349c1057e dde7b082d73044a296acef6349c1057e] 199.204.45.4 "GET /allocations/334dd733-7a45-4767-b0d5-0b82764e8c77" status: 200 len: 257 microversion: 1.28 [pid: 7|app: 0|req: 337/673] 199.204.45.4 () {34 vars in 860 bytes} [Wed Jul 15 21:11:14 2026] GET /allocations/334dd733-7a45-4767-b0d5-0b82764e8c77 => generated 257 bytes in 14 msecs (HTTP/1.1 200) 8 headers in 296 bytes (1 switches on core 0)
2026-07-15 21:11:14.583 8 INFO placement.requestlog [req-eb78ea24-9250-49e6-bd7c-39237daa9ba1 req-297b9120-0af9-4989-a4b0-27dd8eaf6c15 6da64b51b8d944de937ddad61200b5c6 d4d987db84f3414188bb5f39dec4548d - - dde7b082d73044a296acef6349c1057e dde7b082d73044a296acef6349c1057e] 199.204.45.4 "GET /allocations/c525fe4d-bc73-4a88-b418-a8431abc4a70" status: 200 len: 257 microversion: 1.28 [pid: 8|app: 0|req: 337/674] 199.204.45.4 () {34 vars in 860 bytes} [Wed Jul 15 21:11:14 2026] GET /allocations/c525fe4d-bc73-4a88-b418-a8431abc4a70 => generated 257 bytes in 21 msecs (HTTP/1.1 200) 8 headers in 296 bytes (1 switches on core 0)
2026-07-15 21:11:16.656 7 INFO placement.requestlog [req-095d0813-5b20-4de6-bf60-6a955a31d826 req-0f897d7b-92b7-4d4e-beb0-115ec869d5b9 6da64b51b8d944de937ddad61200b5c6 d4d987db84f3414188bb5f39dec4548d - - dde7b082d73044a296acef6349c1057e dde7b082d73044a296acef6349c1057e] 199.204.45.4 "GET /resource_providers/5d2b717b-b571-4bbf-9d70-456092bfc149/allocations" status: 200 len: 352 microversion: 1.0 [pid: 7|app: 0|req: 338/675] 199.204.45.4 () {32 vars in 854 bytes} [Wed Jul 15 21:11:16 2026] GET /resource_providers/5d2b717b-b571-4bbf-9d70-456092bfc149/allocations => generated 352 bytes in 20 msecs (HTTP/1.1 200) 6 headers in 224 bytes (1 switches on core 0)
2026-07-15 21:11:16.678 8 INFO placement.requestlog [req-095d0813-5b20-4de6-bf60-6a955a31d826 req-64ff0a24-91a7-4e1a-a8db-75384797271d 6da64b51b8d944de937ddad61200b5c6 d4d987db84f3414188bb5f39dec4548d - - dde7b082d73044a296acef6349c1057e dde7b082d73044a296acef6349c1057e] 199.204.45.4 "GET /allocations/7f27e640-ce2b-436f-bcd9-7685c4fad22e" status: 200 len: 257 microversion: 1.28 [pid: 8|app: 0|req: 338/676] 199.204.45.4 () {34 vars in 860 bytes} [Wed Jul 15 21:11:16 2026] GET /allocations/7f27e640-ce2b-436f-bcd9-7685c4fad22e => generated 257 bytes in 12 msecs (HTTP/1.1 200) 8 headers in 296 bytes (1 switches on core 0)
2026-07-15 21:11:16.697 7 INFO placement.requestlog [req-095d0813-5b20-4de6-bf60-6a955a31d826 req-52c067be-1b49-40de-95b5-6dfd3d08abd1 6da64b51b8d944de937ddad61200b5c6 d4d987db84f3414188bb5f39dec4548d - - dde7b082d73044a296acef6349c1057e dde7b082d73044a296acef6349c1057e] 199.204.45.4 "GET /allocations/334dd733-7a45-4767-b0d5-0b82764e8c77" status: 200 len: 257 microversion: 1.28 [pid: 7|app: 0|req: 339/677] 199.204.45.4 () {34 vars in 860 bytes} [Wed Jul 15 21:11:16 2026] GET /allocations/334dd733-7a45-4767-b0d5-0b82764e8c77 => generated 257 bytes in 12 msecs (HTTP/1.1 200) 8 headers in 296 bytes (1 switches on core 0)
2026-07-15 21:11:16.713 8 INFO placement.requestlog [req-095d0813-5b20-4de6-bf60-6a955a31d826 req-6b6bcddf-d081-40ce-ae9b-ead9cc8d28b9 6da64b51b8d944de937ddad61200b5c6 d4d987db84f3414188bb5f39dec4548d - - dde7b082d73044a296acef6349c1057e dde7b082d73044a296acef6349c1057e] 199.204.45.4 "GET /allocations/c525fe4d-bc73-4a88-b418-a8431abc4a70" status: 200 len: 257 microversion: 1.28 [pid: 8|app: 0|req: 339/678] 199.204.45.4 () {34 vars in 860 bytes} [Wed Jul 15 21:11:16 2026] GET /allocations/c525fe4d-bc73-4a88-b418-a8431abc4a70 => generated 257 bytes in 11 msecs (HTTP/1.1 200) 8 headers in 296 bytes (1 switches on core 0)
2026-07-15 21:11:18.800 8 INFO placement.requestlog [None req-620fcc0a-38fc-4f19-a1da-8e1d2489f889 - - - - - -] 10.0.0.60 "GET /" status: 200 len: 136 microversion: 1.0
2026-07-15 21:11:18.800 7 INFO placement.requestlog [None req-3af564f8-d5f8-4dbc-8560-3eeea09936de - - - - - -] 10.0.0.60 "GET /" status: 200 len: 136 microversion: 1.0
2026-07-15 21:11:23.793 8 INFO placement.requestlog [req-eb78ea24-9250-49e6-bd7c-39237daa9ba1 req-f87edeb7-7115-406e-ac08-7e8244b55be5 6da64b51b8d944de937ddad61200b5c6 d4d987db84f3414188bb5f39dec4548d - - dde7b082d73044a296acef6349c1057e dde7b082d73044a296acef6349c1057e] 199.204.45.4 "GET /resource_providers/5d2b717b-b571-4bbf-9d70-456092bfc149/allocations" status: 200 len: 352 microversion: 1.0 [pid: 8|app: 0|req: 341/681] 199.204.45.4 () {32 vars in 854 bytes} [Wed Jul 15 21:11:23 2026] GET /resource_providers/5d2b717b-b571-4bbf-9d70-456092bfc149/allocations => generated 352 bytes in 14 msecs (HTTP/1.1 200) 6 headers in 224 bytes (1 switches on core 0)
2026-07-15 21:11:23.815 7 INFO placement.requestlog [req-eb78ea24-9250-49e6-bd7c-39237daa9ba1 req-09aaab60-fbda-4f50-8c12-b8993b420774 6da64b51b8d944de937ddad61200b5c6 d4d987db84f3414188bb5f39dec4548d - - dde7b082d73044a296acef6349c1057e dde7b082d73044a296acef6349c1057e] 199.204.45.4 "GET /allocations/7f27e640-ce2b-436f-bcd9-7685c4fad22e" status: 200 len: 257 microversion: 1.28 [pid: 7|app: 0|req: 341/682] 199.204.45.4 () {34 vars in 860 bytes} [Wed Jul 15 21:11:23 2026] GET /allocations/7f27e640-ce2b-436f-bcd9-7685c4fad22e => generated 257 bytes in 15 msecs (HTTP/1.1 200) 8 headers in 296 bytes (1 switches on core 0)
2026-07-15 21:11:23.832 8 INFO placement.requestlog [req-eb78ea24-9250-49e6-bd7c-39237daa9ba1 req-d0fcbfb3-0080-47b0-a7a0-6051cc90e18b 6da64b51b8d944de937ddad61200b5c6 d4d987db84f3414188bb5f39dec4548d - - dde7b082d73044a296acef6349c1057e dde7b082d73044a296acef6349c1057e] 199.204.45.4 "GET /allocations/334dd733-7a45-4767-b0d5-0b82764e8c77" status: 200 len: 257 microversion: 1.28 [pid: 8|app: 0|req: 342/683] 199.204.45.4 () {34 vars in 860 bytes} [Wed Jul 15 21:11:23 2026] GET /allocations/334dd733-7a45-4767-b0d5-0b82764e8c77 => generated 257 bytes in 11 msecs (HTTP/1.1 200) 8 headers in 296 bytes (1 switches on core 0)
2026-07-15 21:11:23.851 7 INFO placement.requestlog [req-eb78ea24-9250-49e6-bd7c-39237daa9ba1 req-595ffb51-182b-4ad5-80cd-87d479dc3880 6da64b51b8d944de937ddad61200b5c6 d4d987db84f3414188bb5f39dec4548d - - dde7b082d73044a296acef6349c1057e dde7b082d73044a296acef6349c1057e] 199.204.45.4 "GET /allocations/c525fe4d-bc73-4a88-b418-a8431abc4a70" status: 200 len: 257 microversion: 1.28 [pid: 7|app: 0|req: 342/684] 199.204.45.4 () {34 vars in 860 bytes} [Wed Jul 15 21:11:23 2026] GET /allocations/c525fe4d-bc73-4a88-b418-a8431abc4a70 => generated 257 bytes in 13 msecs (HTTP/1.1 200) 8 headers in 296 bytes (1 switches on core 0)
2026-07-15 21:11:25.402 8 INFO placement.requestlog [req-d2ee5140-94e5-48f9-9a39-43d952b14fa3 req-38a073a2-518b-42da-944f-f2f0c2cbbdc6 6da64b51b8d944de937ddad61200b5c6 d4d987db84f3414188bb5f39dec4548d - - dde7b082d73044a296acef6349c1057e dde7b082d73044a296acef6349c1057e] 199.204.45.4 "GET /resource_providers/5d2b717b-b571-4bbf-9d70-456092bfc149/allocations" status: 200 len: 352 microversion: 1.0 [pid: 8|app: 0|req: 343/685] 199.204.45.4 () {32 vars in 854 bytes} [Wed Jul 15 21:11:25 2026] GET /resource_providers/5d2b717b-b571-4bbf-9d70-456092bfc149/allocations => generated 352 bytes in 17 msecs (HTTP/1.1 200) 6 headers in 224 bytes (1 switches on core 0)
2026-07-15 21:11:25.426 7 INFO placement.requestlog [req-d2ee5140-94e5-48f9-9a39-43d952b14fa3 req-f62e2dfc-d349-4bc3-8ea8-e36875b6f72c 6da64b51b8d944de937ddad61200b5c6 d4d987db84f3414188bb5f39dec4548d - - dde7b082d73044a296acef6349c1057e dde7b082d73044a296acef6349c1057e] 199.204.45.4 "GET /allocations/7f27e640-ce2b-436f-bcd9-7685c4fad22e" status: 200 len: 257 microversion: 1.28 [pid: 7|app: 0|req: 343/686] 199.204.45.4 () {34 vars in 860 bytes} [Wed Jul 15 21:11:25 2026] GET /allocations/7f27e640-ce2b-436f-bcd9-7685c4fad22e => generated 257 bytes in 18 msecs (HTTP/1.1 200) 8 headers in 296 bytes (1 switches on core 0)
2026-07-15 21:11:25.466 8 INFO placement.requestlog [req-d2ee5140-94e5-48f9-9a39-43d952b14fa3 req-9293f97d-ef4d-45ba-9491-91e53dbc6aa3 6da64b51b8d944de937ddad61200b5c6 d4d987db84f3414188bb5f39dec4548d - - dde7b082d73044a296acef6349c1057e dde7b082d73044a296acef6349c1057e] 199.204.45.4 "GET /allocations/334dd733-7a45-4767-b0d5-0b82764e8c77" status: 200 len: 257 microversion: 1.28 [pid: 8|app: 0|req: 344/687] 199.204.45.4 () {34 vars in 860 bytes} [Wed Jul 15 21:11:25 2026] GET /allocations/334dd733-7a45-4767-b0d5-0b82764e8c77 => generated 257 bytes in 28 msecs (HTTP/1.1 200) 8 headers in 296 bytes (1 switches on core 0)
2026-07-15 21:11:25.491 7 INFO placement.requestlog [req-d2ee5140-94e5-48f9-9a39-43d952b14fa3 req-d74d76b5-8c32-49b1-9f21-5486b4db4754 6da64b51b8d944de937ddad61200b5c6 d4d987db84f3414188bb5f39dec4548d - - dde7b082d73044a296acef6349c1057e dde7b082d73044a296acef6349c1057e] 199.204.45.4 "GET /allocations/c525fe4d-bc73-4a88-b418-a8431abc4a70" status: 200 len: 257 microversion: 1.28 [pid: 7|app: 0|req: 344/688] 199.204.45.4 () {34 vars in 860 bytes} [Wed Jul 15 21:11:25 2026] GET /allocations/c525fe4d-bc73-4a88-b418-a8431abc4a70 => generated 257 bytes in 18 msecs (HTTP/1.1 200) 8 headers in 296 bytes (1 switches on core 0)
2026-07-15 21:11:27.057 8 INFO placement.requestlog [req-095d0813-5b20-4de6-bf60-6a955a31d826 req-692d86e1-6775-4916-a6fb-be3ab66f9a09 6da64b51b8d944de937ddad61200b5c6 d4d987db84f3414188bb5f39dec4548d - - dde7b082d73044a296acef6349c1057e dde7b082d73044a296acef6349c1057e] 199.204.45.4 "GET /resource_providers/5d2b717b-b571-4bbf-9d70-456092bfc149/allocations" status: 200 len: 352 microversion: 1.0 [pid: 8|app: 0|req: 345/689] 199.204.45.4 () {32 vars in 854 bytes} [Wed Jul 15 21:11:27 2026] GET /resource_providers/5d2b717b-b571-4bbf-9d70-456092bfc149/allocations => generated 352 bytes in 34 msecs (HTTP/1.1 200) 6 headers in 224 bytes (1 switches on core 0)
2026-07-15 21:11:27.080 7 INFO placement.requestlog [req-095d0813-5b20-4de6-bf60-6a955a31d826 req-8a41ef15-11ed-40a8-979c-0ae92d2758ba 6da64b51b8d944de937ddad61200b5c6 d4d987db84f3414188bb5f39dec4548d - - dde7b082d73044a296acef6349c1057e dde7b082d73044a296acef6349c1057e] 199.204.45.4 "GET /allocations/7f27e640-ce2b-436f-bcd9-7685c4fad22e" status: 200 len: 257 microversion: 1.28 [pid: 7|app: 0|req: 345/690] 199.204.45.4 () {34 vars in 860 bytes} [Wed Jul 15 21:11:27 2026] GET /allocations/7f27e640-ce2b-436f-bcd9-7685c4fad22e => generated 257 bytes in 15 msecs (HTTP/1.1 200) 8 headers in 296 bytes (1 switches on core 0)
2026-07-15 21:11:27.110 8 INFO placement.requestlog [req-095d0813-5b20-4de6-bf60-6a955a31d826 req-c00c2536-36fa-4751-9d36-86ff559e43db 6da64b51b8d944de937ddad61200b5c6 d4d987db84f3414188bb5f39dec4548d - - dde7b082d73044a296acef6349c1057e dde7b082d73044a296acef6349c1057e] 199.204.45.4 "GET /allocations/334dd733-7a45-4767-b0d5-0b82764e8c77" status: 200 len: 257 microversion: 1.28 [pid: 8|app: 0|req: 346/691] 199.204.45.4 () {34 vars in 860 bytes} [Wed Jul 15 21:11:27 2026] GET /allocations/334dd733-7a45-4767-b0d5-0b82764e8c77 => generated 257 bytes in 23 msecs (HTTP/1.1 200) 8 headers in 296 bytes (1 switches on core 0)
2026-07-15 21:11:27.132 7 INFO placement.requestlog [req-095d0813-5b20-4de6-bf60-6a955a31d826 req-a4c48e7b-83bd-4da7-ad45-b8056cd8cd49 6da64b51b8d944de937ddad61200b5c6 d4d987db84f3414188bb5f39dec4548d - - dde7b082d73044a296acef6349c1057e dde7b082d73044a296acef6349c1057e] 199.204.45.4 "GET /allocations/c525fe4d-bc73-4a88-b418-a8431abc4a70" status: 200 len: 257 microversion: 1.28 [pid: 7|app: 0|req: 346/692] 199.204.45.4 () {34 vars in 860 bytes} [Wed Jul 15 21:11:27 2026] GET /allocations/c525fe4d-bc73-4a88-b418-a8431abc4a70 => generated 257 bytes in 16 msecs (HTTP/1.1 200) 8 headers in 296 bytes (1 switches on core 0)
2026-07-15 21:11:27.300 8 INFO placement.requestlog [None req-e4259f18-656a-4a76-acd5-d42375e642e8 24284f94a056493dacac4f9f65c80465 d4d987db84f3414188bb5f39dec4548d - - dde7b082d73044a296acef6349c1057e dde7b082d73044a296acef6349c1057e] 10.0.0.2 "GET /resource_providers/32f4ab1f-2483-48c7-a7ef-f79f0f23a38e/aggregates" status: 404 len: 235 microversion: 1.1 [pid: 8|app: 0|req: 347/693] 10.0.0.2 () {32 vars in 813 bytes} [Wed Jul 15 21:11:27 2026] GET /resource_providers/32f4ab1f-2483-48c7-a7ef-f79f0f23a38e/aggregates => generated 235 bytes in 103 msecs (HTTP/1.1 404) 5 headers in 202 bytes (1 switches on core 0)
2026-07-15 21:11:27.314 8 INFO placement.requestlog [None req-744a1032-5b2f-41f2-8bc9-ced2476a7c73 24284f94a056493dacac4f9f65c80465 d4d987db84f3414188bb5f39dec4548d - - dde7b082d73044a296acef6349c1057e dde7b082d73044a296acef6349c1057e] 10.0.0.2 "DELETE /resource_providers/32f4ab1f-2483-48c7-a7ef-f79f0f23a38e" status: 404 len: 246 microversion: 1.1 [pid: 8|app: 0|req: 348/694] 10.0.0.2 () {34 vars in 813 bytes} [Wed Jul 15 21:11:27 2026] DELETE /resource_providers/32f4ab1f-2483-48c7-a7ef-f79f0f23a38e => generated 246 bytes in 8 msecs (HTTP/1.1 404) 6 headers in 231 bytes (1 switches on core 0)
2026-07-15 21:11:27.343 7 INFO placement.requestlog [None req-7cf756a2-0820-47ae-b590-2aea7cacb409 24284f94a056493dacac4f9f65c80465 d4d987db84f3414188bb5f39dec4548d - - dde7b082d73044a296acef6349c1057e dde7b082d73044a296acef6349c1057e] 10.0.0.2 "GET /resource_providers/32f4ab1f-2483-48c7-a7ef-f79f0f23a38e/aggregates" status: 404 len: 235 microversion: 1.1 [pid: 7|app: 0|req: 347/695] 10.0.0.2 () {32 vars in 813 bytes} [Wed Jul 15 21:11:27 2026] GET /resource_providers/32f4ab1f-2483-48c7-a7ef-f79f0f23a38e/aggregates => generated 235 bytes in 97 msecs (HTTP/1.1 404) 5 headers in 202 bytes (1 switches on core 0)
2026-07-15 21:11:27.359 8 INFO placement.requestlog [None req-f95f7717-0211-40d4-8ec6-cd0e9ea949b3 24284f94a056493dacac4f9f65c80465 d4d987db84f3414188bb5f39dec4548d - - dde7b082d73044a296acef6349c1057e dde7b082d73044a296acef6349c1057e] 10.0.0.2 "DELETE /resource_providers/32f4ab1f-2483-48c7-a7ef-f79f0f23a38e" status: 404 len: 246 microversion: 1.1 [pid: 8|app: 0|req: 349/696] 10.0.0.2 () {34 vars in 813 bytes} [Wed Jul 15 21:11:27 2026] DELETE /resource_providers/32f4ab1f-2483-48c7-a7ef-f79f0f23a38e => generated 246 bytes in 10 msecs (HTTP/1.1 404) 6 headers in 231 bytes (1 switches on core 0)
2026-07-15 21:11:27.396 7 INFO placement.requestlog [req-eb78ea24-9250-49e6-bd7c-39237daa9ba1 req-41173b12-8f1e-425c-9d51-44369dde48db 6da64b51b8d944de937ddad61200b5c6 d4d987db84f3414188bb5f39dec4548d - - dde7b082d73044a296acef6349c1057e dde7b082d73044a296acef6349c1057e] 199.204.45.4 "DELETE /allocations/334dd733-7a45-4767-b0d5-0b82764e8c77" status: 204 len: 0 microversion: 1.0 [pid: 7|app: 0|req: 348/697] 199.204.45.4 () {34 vars in 838 bytes} [Wed Jul 15 21:11:27 2026] DELETE /allocations/334dd733-7a45-4767-b0d5-0b82764e8c77 => generated 0 bytes in 29 msecs (HTTP/1.1 204) 5 headers in 198 bytes (1 switches on core 0)
2026-07-15 21:11:28.204 8 INFO placement.requestlog [None req-85431e23-cfa5-499e-95d7-97f1f319d605 - - - - - -] 10.0.0.219 "GET /" status: 200 len: 136 microversion: 1.0 [pid: 8|app: 0|req: 350/698] 10.0.0.219 () {28 vars in 436 bytes} [Wed Jul 15 21:11:28 2026] GET / => generated 136 bytes in 1 msecs (HTTP/1.1 200) 6 headers in 224 bytes (1 switches on core 0)
2026-07-15 21:11:28.324 7 INFO placement.requestlog [req-21915797-495e-4c0d-9479-e1ed35aac570 req-84b7fa0f-377a-45b6-966a-f662cbc46b58 6da64b51b8d944de937ddad61200b5c6 d4d987db84f3414188bb5f39dec4548d - - dde7b082d73044a296acef6349c1057e dde7b082d73044a296acef6349c1057e] 10.0.0.219 "DELETE /allocations/334dd733-7a45-4767-b0d5-0b82764e8c77" status: 404 len: 228 microversion: 1.0 [pid: 7|app: 0|req: 349/699] 10.0.0.219 () {34 vars in 829 bytes} [Wed Jul 15 21:11:28 2026] DELETE /allocations/334dd733-7a45-4767-b0d5-0b82764e8c77 => generated 228 bytes in 112 msecs (HTTP/1.1 404) 6 headers in 231 bytes (1 switches on core 0)
2026-07-15 21:11:28.800 7 INFO placement.requestlog [None req-42ed4ddc-9091-4f03-9678-04851cb09409 - - - - - -] 10.0.0.60 "GET /" status: 200 len: 136 microversion: 1.0
2026-07-15 21:11:28.800 8 INFO placement.requestlog [None req-c084f29a-daa2-4f58-9470-902f1f8a683e - - - - - -] 10.0.0.60 "GET /" status: 200 len: 136 microversion: 1.0
2026-07-15 21:11:29.082 7 INFO placement.requestlog [req-d2ee5140-94e5-48f9-9a39-43d952b14fa3 req-3c875e05-115d-4adc-88af-0ed8dc3dee54 6da64b51b8d944de937ddad61200b5c6 d4d987db84f3414188bb5f39dec4548d - - dde7b082d73044a296acef6349c1057e dde7b082d73044a296acef6349c1057e] 199.204.45.4 "DELETE /allocations/c525fe4d-bc73-4a88-b418-a8431abc4a70" status: 204 len: 0 microversion: 1.0 [pid: 7|app: 0|req: 351/702] 199.204.45.4 () {34 vars in 838 bytes} [Wed Jul 15 21:11:29 2026] DELETE /allocations/c525fe4d-bc73-4a88-b418-a8431abc4a70 => generated 0 bytes in 28 msecs (HTTP/1.1 204) 5 headers in 198 bytes (1 switches on core 0)
2026-07-15 21:11:30.551 8 INFO placement.requestlog [req-095d0813-5b20-4de6-bf60-6a955a31d826 req-dea1f35e-82d4-4b81-b186-f41da2bf81d1 6da64b51b8d944de937ddad61200b5c6 d4d987db84f3414188bb5f39dec4548d - - dde7b082d73044a296acef6349c1057e dde7b082d73044a296acef6349c1057e] 199.204.45.4 "DELETE /allocations/7f27e640-ce2b-436f-bcd9-7685c4fad22e" status: 204 len: 0 microversion: 1.0 [pid: 8|app: 0|req: 352/703] 199.204.45.4 () {34 vars in 838 bytes} [Wed Jul 15 21:11:30 2026] DELETE /allocations/7f27e640-ce2b-436f-bcd9-7685c4fad22e => generated 0 bytes in 23 msecs (HTTP/1.1 204) 5 headers in 198 bytes (1 switches on core 0)
2026-07-15 21:11:30.708 7 INFO placement.requestlog [req-90d8474a-a91f-456c-92bc-d174144d278a req-7b5b0296-aae2-453f-93bd-d7078fb2a8db 6da64b51b8d944de937ddad61200b5c6 d4d987db84f3414188bb5f39dec4548d - - dde7b082d73044a296acef6349c1057e dde7b082d73044a296acef6349c1057e] 10.0.0.219 "DELETE /allocations/c525fe4d-bc73-4a88-b418-a8431abc4a70" status: 404 len: 228 microversion: 1.0 [pid: 7|app: 0|req: 352/704] 10.0.0.219 () {34 vars in 829 bytes} [Wed Jul 15 21:11:30 2026] DELETE /allocations/c525fe4d-bc73-4a88-b418-a8431abc4a70 => generated 228 bytes in 10 msecs (HTTP/1.1 404) 6 headers in 231 bytes (1 switches on core 0)
2026-07-15 21:11:31.223 8 INFO placement.requestlog [None req-fba76e26-e016-472d-b2c7-81a687507435 24284f94a056493dacac4f9f65c80465 d4d987db84f3414188bb5f39dec4548d - - dde7b082d73044a296acef6349c1057e dde7b082d73044a296acef6349c1057e] 10.0.0.2 "GET /resource_providers/19779f38-0803-4764-bbe1-7841421deed5/aggregates" status: 404 len: 235 microversion: 1.1 [pid: 8|app: 0|req: 353/705] 10.0.0.2 () {32 vars in 813 bytes} [Wed Jul 15 21:11:31 2026] GET /resource_providers/19779f38-0803-4764-bbe1-7841421deed5/aggregates => generated 235 bytes in 10 msecs (HTTP/1.1 404) 5 headers in 202 bytes (1 switches on core 0)
