2026-07-15 21:14:38.799 7 INFO placement.requestlog [None req-50aa1a9a-2fd3-4717-ba75-153441d1fd4b - - - - - -] 10.0.0.60 "GET /" status: 200 len: 136 microversion: 1.0
2026-07-15 21:14:41.786 8 INFO placement.requestlog [req-60880bf4-12b1-4563-a41f-03b59220cdb0 req-34321de2-17fc-43d9-9a16-74521326eecc 6da64b51b8d944de937ddad61200b5c6 d4d987db84f3414188bb5f39dec4548d - - dde7b082d73044a296acef6349c1057e dde7b082d73044a296acef6349c1057e] 199.204.45.4 "GET /resource_providers/5d2b717b-b571-4bbf-9d70-456092bfc149/allocations" status: 200 len: 153 microversion: 1.0 [pid: 8|app: 0|req: 530/1056] 199.204.45.4 () {32 vars in 854 bytes} [Wed Jul 15 21:14:41 2026] GET /resource_providers/5d2b717b-b571-4bbf-9d70-456092bfc149/allocations => generated 153 bytes in 16 msecs (HTTP/1.1 200) 6 headers in 224 bytes (1 switches on core 0)
2026-07-15 21:14:41.802 7 INFO placement.requestlog [req-60880bf4-12b1-4563-a41f-03b59220cdb0 req-6acc7f29-5cfa-44dd-ba86-c535b27699e9 6da64b51b8d944de937ddad61200b5c6 d4d987db84f3414188bb5f39dec4548d - - dde7b082d73044a296acef6349c1057e dde7b082d73044a296acef6349c1057e] 199.204.45.4 "GET /allocations/0be1bb12-1fc0-4d4d-9bad-f8a2b5a0f77a" status: 200 len: 258 microversion: 1.28 [pid: 7|app: 0|req: 527/1057] 199.204.45.4 () {34 vars in 860 bytes} [Wed Jul 15 21:14:41 2026] GET /allocations/0be1bb12-1fc0-4d4d-9bad-f8a2b5a0f77a => generated 258 bytes in 11 msecs (HTTP/1.1 200) 8 headers in 296 bytes (1 switches on core 0)
2026-07-15 21:14:43.890 8 INFO placement.requestlog [req-3d03c8be-2c08-48cd-bf7f-12594cdd7914 req-ec95245b-6370-4d0a-9806-1bed782ed984 6da64b51b8d944de937ddad61200b5c6 d4d987db84f3414188bb5f39dec4548d - - dde7b082d73044a296acef6349c1057e dde7b082d73044a296acef6349c1057e] 199.204.45.4 "GET /resource_providers/5d2b717b-b571-4bbf-9d70-456092bfc149/allocations" status: 200 len: 153 microversion: 1.0 [pid: 8|app: 0|req: 531/1058] 199.204.45.4 () {32 vars in 854 bytes} [Wed Jul 15 21:14:43 2026] GET /resource_providers/5d2b717b-b571-4bbf-9d70-456092bfc149/allocations => generated 153 bytes in 16 msecs (HTTP/1.1 200) 6 headers in 224 bytes (1 switches on core 0)
2026-07-15 21:14:44.419 7 INFO placement.requestlog [req-3d03c8be-2c08-48cd-bf7f-12594cdd7914 req-a66865ba-8b61-469a-8e3b-604688f6247a 6da64b51b8d944de937ddad61200b5c6 d4d987db84f3414188bb5f39dec4548d - - dde7b082d73044a296acef6349c1057e dde7b082d73044a296acef6349c1057e] 199.204.45.4 "GET /resource_providers/5d2b717b-b571-4bbf-9d70-456092bfc149/allocations" status: 200 len: 153 microversion: 1.0 [pid: 7|app: 0|req: 528/1059] 199.204.45.4 () {32 vars in 854 bytes} [Wed Jul 15 21:14:44 2026] GET /resource_providers/5d2b717b-b571-4bbf-9d70-456092bfc149/allocations => generated 153 bytes in 18 msecs (HTTP/1.1 200) 6 headers in 224 bytes (1 switches on core 0)
2026-07-15 21:14:44.436 8 INFO placement.requestlog [req-3d03c8be-2c08-48cd-bf7f-12594cdd7914 req-8519900b-b71c-4306-a942-3642f4497844 6da64b51b8d944de937ddad61200b5c6 d4d987db84f3414188bb5f39dec4548d - - dde7b082d73044a296acef6349c1057e dde7b082d73044a296acef6349c1057e] 199.204.45.4 "GET /allocations/0be1bb12-1fc0-4d4d-9bad-f8a2b5a0f77a" status: 200 len: 258 microversion: 1.28 [pid: 8|app: 0|req: 532/1060] 199.204.45.4 () {34 vars in 860 bytes} [Wed Jul 15 21:14:44 2026] GET /allocations/0be1bb12-1fc0-4d4d-9bad-f8a2b5a0f77a => generated 258 bytes in 9 msecs (HTTP/1.1 200) 8 headers in 296 bytes (1 switches on core 0)
2026-07-15 21:14:45.322 7 INFO placement.requestlog [req-60880bf4-12b1-4563-a41f-03b59220cdb0 req-c246f478-1d84-4205-a15a-f2e877975880 6da64b51b8d944de937ddad61200b5c6 d4d987db84f3414188bb5f39dec4548d - - dde7b082d73044a296acef6349c1057e dde7b082d73044a296acef6349c1057e] 199.204.45.4 "DELETE /allocations/0be1bb12-1fc0-4d4d-9bad-f8a2b5a0f77a" status: 204 len: 0 microversion: 1.0 [pid: 7|app: 0|req: 529/1061] 199.204.45.4 () {34 vars in 838 bytes} [Wed Jul 15 21:14:45 2026] DELETE /allocations/0be1bb12-1fc0-4d4d-9bad-f8a2b5a0f77a => generated 0 bytes in 21 msecs (HTTP/1.1 204) 5 headers in 198 bytes (1 switches on core 0)
2026-07-15 21:14:45.930 8 INFO placement.requestlog [None req-a5800245-dbc7-46fb-a02e-ab766e20d27d 24284f94a056493dacac4f9f65c80465 d4d987db84f3414188bb5f39dec4548d - - dde7b082d73044a296acef6349c1057e dde7b082d73044a296acef6349c1057e] 10.0.0.2 "GET /resource_providers/8c7a451d-82ae-4df4-ab55-b3394650ff85/aggregates" status: 404 len: 235 microversion: 1.1 [pid: 8|app: 0|req: 533/1062] 10.0.0.2 () {32 vars in 813 bytes} [Wed Jul 15 21:14:45 2026] GET /resource_providers/8c7a451d-82ae-4df4-ab55-b3394650ff85/aggregates => generated 235 bytes in 13 msecs (HTTP/1.1 404) 5 headers in 202 bytes (1 switches on core 0)
2026-07-15 21:14:45.931 7 INFO placement.requestlog [None req-f572816e-59ff-41cf-aadf-a715d10e127e 24284f94a056493dacac4f9f65c80465 d4d987db84f3414188bb5f39dec4548d - - dde7b082d73044a296acef6349c1057e dde7b082d73044a296acef6349c1057e] 10.0.0.2 "GET /resource_providers/8c7a451d-82ae-4df4-ab55-b3394650ff85/aggregates" status: 404 len: 235 microversion: 1.1 [pid: 7|app: 0|req: 530/1063] 10.0.0.2 () {32 vars in 813 bytes} [Wed Jul 15 21:14:45 2026] GET /resource_providers/8c7a451d-82ae-4df4-ab55-b3394650ff85/aggregates => generated 235 bytes in 14 msecs (HTTP/1.1 404) 5 headers in 202 bytes (1 switches on core 0)
2026-07-15 21:14:45.956 7 INFO placement.requestlog [None req-0d0349cd-8639-401b-987e-58962ae0d697 24284f94a056493dacac4f9f65c80465 d4d987db84f3414188bb5f39dec4548d - - dde7b082d73044a296acef6349c1057e dde7b082d73044a296acef6349c1057e] 10.0.0.2 "DELETE /resource_providers/8c7a451d-82ae-4df4-ab55-b3394650ff85" status: 404 len: 246 microversion: 1.1 [pid: 7|app: 0|req: 531/1064] 10.0.0.2 () {34 vars in 813 bytes} [Wed Jul 15 21:14:45 2026] DELETE /resource_providers/8c7a451d-82ae-4df4-ab55-b3394650ff85 => generated 246 bytes in 14 msecs (HTTP/1.1 404) 6 headers in 231 bytes (1 switches on core 0)
2026-07-15 21:14:45.958 8 INFO placement.requestlog [None req-9ce63043-b221-4ce6-9140-b319cc439e07 24284f94a056493dacac4f9f65c80465 d4d987db84f3414188bb5f39dec4548d - - dde7b082d73044a296acef6349c1057e dde7b082d73044a296acef6349c1057e] 10.0.0.2 "DELETE /resource_providers/8c7a451d-82ae-4df4-ab55-b3394650ff85" status: 404 len: 246 microversion: 1.1 [pid: 8|app: 0|req: 534/1065] 10.0.0.2 () {34 vars in 813 bytes} [Wed Jul 15 21:14:45 2026] DELETE /resource_providers/8c7a451d-82ae-4df4-ab55-b3394650ff85 => generated 246 bytes in 18 msecs (HTTP/1.1 404) 6 headers in 231 bytes (1 switches on core 0)
2026-07-15 21:14:46.141 7 INFO placement.requestlog [req-629b2c64-4412-4af7-bc5f-5a43ea0b84ff req-baadfa14-8982-4dee-9c4e-6f792df12abd 6da64b51b8d944de937ddad61200b5c6 d4d987db84f3414188bb5f39dec4548d - - dde7b082d73044a296acef6349c1057e dde7b082d73044a296acef6349c1057e] 10.0.0.219 "DELETE /allocations/0be1bb12-1fc0-4d4d-9bad-f8a2b5a0f77a" status: 404 len: 228 microversion: 1.0 [pid: 7|app: 0|req: 532/1066] 10.0.0.219 () {34 vars in 829 bytes} [Wed Jul 15 21:14:46 2026] DELETE /allocations/0be1bb12-1fc0-4d4d-9bad-f8a2b5a0f77a => generated 228 bytes in 12 msecs (HTTP/1.1 404) 6 headers in 231 bytes (1 switches on core 0)
2026-07-15 21:14:46.338 7 INFO placement.requestlog [None req-18689d0e-6c84-48df-9d0e-44c65a7e57df 24284f94a056493dacac4f9f65c80465 d4d987db84f3414188bb5f39dec4548d - - dde7b082d73044a296acef6349c1057e dde7b082d73044a296acef6349c1057e] 10.0.0.2 "GET /resource_providers/a4fa84e2-0544-422c-8e4d-6e796885de57/aggregates" status: 404 len: 235 microversion: 1.1 [pid: 7|app: 0|req: 533/1067] 10.0.0.2 () {32 vars in 813 bytes} [Wed Jul 15 21:14:46 2026] GET /resource_providers/a4fa84e2-0544-422c-8e4d-6e796885de57/aggregates => generated 235 bytes in 7 msecs (HTTP/1.1 404) 5 headers in 202 bytes (1 switches on core 0)
2026-07-15 21:14:46.338 8 INFO placement.requestlog [None req-394b34cd-f10e-4bdc-8575-078cfcc3ed0c 24284f94a056493dacac4f9f65c80465 d4d987db84f3414188bb5f39dec4548d - - dde7b082d73044a296acef6349c1057e dde7b082d73044a296acef6349c1057e] 10.0.0.2 "GET /resource_providers/a4fa84e2-0544-422c-8e4d-6e796885de57/aggregates" status: 404 len: 235 microversion: 1.1 [pid: 8|app: 0|req: 535/1068] 10.0.0.2 () {32 vars in 813 bytes} [Wed Jul 15 21:14:46 2026] GET /resource_providers/a4fa84e2-0544-422c-8e4d-6e796885de57/aggregates => generated 235 bytes in 8 msecs (HTTP/1.1 404) 5 headers in 202 bytes (1 switches on core 0)
2026-07-15 21:14:46.363 7 INFO placement.requestlog [None req-f109107c-7ec5-41d1-895d-66284647c69b 24284f94a056493dacac4f9f65c80465 d4d987db84f3414188bb5f39dec4548d - - dde7b082d73044a296acef6349c1057e dde7b082d73044a296acef6349c1057e] 10.0.0.2 "DELETE /resource_providers/a4fa84e2-0544-422c-8e4d-6e796885de57" status: 404 len: 246 microversion: 1.1 [pid: 7|app: 0|req: 534/1069] 10.0.0.2 () {34 vars in 813 bytes} [Wed Jul 15 21:14:46 2026] DELETE /resource_providers/a4fa84e2-0544-422c-8e4d-6e796885de57 => generated 246 bytes in 9 msecs (HTTP/1.1 404) 6 headers in 231 bytes (1 switches on core 0)
2026-07-15 21:14:46.366 8 INFO placement.requestlog [None req-950f0c9b-df63-4706-bea3-a6222c97c838 24284f94a056493dacac4f9f65c80465 d4d987db84f3414188bb5f39dec4548d - - dde7b082d73044a296acef6349c1057e dde7b082d73044a296acef6349c1057e] 10.0.0.2 "DELETE /resource_providers/a4fa84e2-0544-422c-8e4d-6e796885de57" status: 404 len: 246 microversion: 1.1 [pid: 8|app: 0|req: 536/1070] 10.0.0.2 () {34 vars in 813 bytes} [Wed Jul 15 21:14:46 2026] DELETE /resource_providers/a4fa84e2-0544-422c-8e4d-6e796885de57 => generated 246 bytes in 13 msecs (HTTP/1.1 404) 6 headers in 231 bytes (1 switches on core 0)
2026-07-15 21:14:48.799 7 INFO placement.requestlog [None req-aa96a2b5-bd9c-4648-b58d-3cceeb2e4c88 - - - - - -] 10.0.0.60 "GET /" status: 200 len: 136 microversion: 1.0
2026-07-15 21:14:48.799 8 INFO placement.requestlog [None req-56fd2d7a-a7ff-4fee-8bc4-06414ac5940e - - - - - -] 10.0.0.60 "GET /" status: 200 len: 136 microversion: 1.0
2026-07-15 21:14:49.523 8 INFO placement.requestlog [None req-60ca6a58-3fe9-4ece-b011-9af888fd7833 24284f94a056493dacac4f9f65c80465 d4d987db84f3414188bb5f39dec4548d - - dde7b082d73044a296acef6349c1057e dde7b082d73044a296acef6349c1057e] 10.0.0.2 "GET /resource_providers/1d1acc95-ed0c-428d-8363-e7dd13f8d884/aggregates" status: 404 len: 235 microversion: 1.1
2026-07-15 21:14:49.523 7 INFO placement.requestlog [None req-216bb6c3-a764-441c-8ff7-03bd2f5f99f7 24284f94a056493dacac4f9f65c80465 d4d987db84f3414188bb5f39dec4548d - - dde7b082d73044a296acef6349c1057e dde7b082d73044a296acef6349c1057e] 10.0.0.2 "GET /resource_providers/1d1acc95-ed0c-428d-8363-e7dd13f8d884/aggregates" status: 404 len: 235 microversion: 1.1 [pid: 8|app: 0|req: 538/1073] 10.0.0.2 () {32 vars in 813 bytes} [Wed Jul 15 21:14:49 2026] GET /resource_providers/1d1acc95-ed0c-428d-8363-e7dd13f8d884/aggregates => generated 235 bytes in 7 msecs (HTTP/1.1 404) 5 headers in 202 bytes (1 switches on core 0) [pid: 7|app: 0|req: 536/1074] 10.0.0.2 () {32 vars in 813 bytes} [Wed Jul 15 21:14:49 2026] GET /resource_providers/1d1acc95-ed0c-428d-8363-e7dd13f8d884/aggregates => generated 235 bytes in 10 msecs (HTTP/1.1 404) 5 headers in 202 bytes (1 switches on core 0)
2026-07-15 21:14:49.542 8 INFO placement.requestlog [None req-d9040c78-43e0-45a1-ab0b-bd4abf67de5c 24284f94a056493dacac4f9f65c80465 d4d987db84f3414188bb5f39dec4548d - - dde7b082d73044a296acef6349c1057e dde7b082d73044a296acef6349c1057e] 10.0.0.2 "DELETE /resource_providers/1d1acc95-ed0c-428d-8363-e7dd13f8d884" status: 404 len: 246 microversion: 1.1 [pid: 8|app: 0|req: 539/1075] 10.0.0.2 () {34 vars in 813 bytes} [Wed Jul 15 21:14:49 2026] DELETE /resource_providers/1d1acc95-ed0c-428d-8363-e7dd13f8d884 => generated 246 bytes in 7 msecs (HTTP/1.1 404) 6 headers in 231 bytes (1 switches on core 0)
2026-07-15 21:14:49.544 7 INFO placement.requestlog [None req-abb44657-6b18-4d5f-a713-122bbd7be5da 24284f94a056493dacac4f9f65c80465 d4d987db84f3414188bb5f39dec4548d - - dde7b082d73044a296acef6349c1057e dde7b082d73044a296acef6349c1057e] 10.0.0.2 "DELETE /resource_providers/1d1acc95-ed0c-428d-8363-e7dd13f8d884" status: 404 len: 246 microversion: 1.1 [pid: 7|app: 0|req: 537/1076] 10.0.0.2 () {34 vars in 813 bytes} [Wed Jul 15 21:14:49 2026] DELETE /resource_providers/1d1acc95-ed0c-428d-8363-e7dd13f8d884 => generated 246 bytes in 8 msecs (HTTP/1.1 404) 6 headers in 231 bytes (1 switches on core 0)
2026-07-15 21:14:51.930 7 INFO placement.requestlog [None req-3d262a83-cdbf-4a6c-b1a6-1c0f402397f2 24284f94a056493dacac4f9f65c80465 d4d987db84f3414188bb5f39dec4548d - - dde7b082d73044a296acef6349c1057e dde7b082d73044a296acef6349c1057e] 10.0.0.2 "GET /resource_providers/ac1000bf-e780-45c5-a25e-ba59c5e9c392/aggregates" status: 404 len: 235 microversion: 1.1 [pid: 7|app: 0|req: 538/1077] 10.0.0.2 () {32 vars in 813 bytes} [Wed Jul 15 21:14:51 2026] GET /resource_providers/ac1000bf-e780-45c5-a25e-ba59c5e9c392/aggregates => generated 235 bytes in 9 msecs (HTTP/1.1 404) 5 headers in 202 bytes (1 switches on core 0)
2026-07-15 21:14:51.933 8 INFO placement.requestlog [None req-d5aa146c-d1bb-4423-81a8-ab7f43dec522 24284f94a056493dacac4f9f65c80465 d4d987db84f3414188bb5f39dec4548d - - dde7b082d73044a296acef6349c1057e dde7b082d73044a296acef6349c1057e] 10.0.0.2 "GET /resource_providers/ac1000bf-e780-45c5-a25e-ba59c5e9c392/aggregates" status: 404 len: 235 microversion: 1.1 [pid: 8|app: 0|req: 540/1078] 10.0.0.2 () {32 vars in 813 bytes} [Wed Jul 15 21:14:51 2026] GET /resource_providers/ac1000bf-e780-45c5-a25e-ba59c5e9c392/aggregates => generated 235 bytes in 13 msecs (HTTP/1.1 404) 5 headers in 202 bytes (1 switches on core 0)
2026-07-15 21:14:51.957 7 INFO placement.requestlog [None req-8f5dfe43-8a9b-4c92-b021-bee9b7f0838e 24284f94a056493dacac4f9f65c80465 d4d987db84f3414188bb5f39dec4548d - - dde7b082d73044a296acef6349c1057e dde7b082d73044a296acef6349c1057e] 10.0.0.2 "DELETE /resource_providers/ac1000bf-e780-45c5-a25e-ba59c5e9c392" status: 404 len: 246 microversion: 1.1 [pid: 7|app: 0|req: 539/1079] 10.0.0.2 () {34 vars in 813 bytes} [Wed Jul 15 21:14:51 2026] DELETE /resource_providers/ac1000bf-e780-45c5-a25e-ba59c5e9c392 => generated 246 bytes in 11 msecs (HTTP/1.1 404) 6 headers in 231 bytes (1 switches on core 0)
2026-07-15 21:14:51.959 8 INFO placement.requestlog [None req-725c70d8-d031-42fd-8f18-f8eae8d8805d 24284f94a056493dacac4f9f65c80465 d4d987db84f3414188bb5f39dec4548d - - dde7b082d73044a296acef6349c1057e dde7b082d73044a296acef6349c1057e] 10.0.0.2 "DELETE /resource_providers/ac1000bf-e780-45c5-a25e-ba59c5e9c392" status: 404 len: 246 microversion: 1.1 [pid: 8|app: 0|req: 541/1080] 10.0.0.2 () {34 vars in 813 bytes} [Wed Jul 15 21:14:51 2026] DELETE /resource_providers/ac1000bf-e780-45c5-a25e-ba59c5e9c392 => generated 246 bytes in 12 msecs (HTTP/1.1 404) 6 headers in 231 bytes (1 switches on core 0)
2026-07-15 21:14:58.752 7 INFO placement.requestlog [None req-570be414-e1c1-48c0-9665-e266c0664979 24284f94a056493dacac4f9f65c80465 d4d987db84f3414188bb5f39dec4548d - - dde7b082d73044a296acef6349c1057e dde7b082d73044a296acef6349c1057e] 10.0.0.2 "GET /resource_providers/30825d7f-17c2-4cdd-8299-3e242ad12a26/aggregates" status: 404 len: 235 microversion: 1.1 [pid: 7|app: 0|req: 540/1081] 10.0.0.2 () {32 vars in 813 bytes} [Wed Jul 15 21:14:58 2026] GET /resource_providers/30825d7f-17c2-4cdd-8299-3e242ad12a26/aggregates => generated 235 bytes in 11 msecs (HTTP/1.1 404) 5 headers in 202 bytes (1 switches on core 0)
2026-07-15 21:14:58.753 8 INFO placement.requestlog [None req-a7a09aae-72d8-4563-ac55-fdd5d3e4b837 24284f94a056493dacac4f9f65c80465 d4d987db84f3414188bb5f39dec4548d - - dde7b082d73044a296acef6349c1057e dde7b082d73044a296acef6349c1057e] 10.0.0.2 "GET /resource_providers/30825d7f-17c2-4cdd-8299-3e242ad12a26/aggregates" status: 404 len: 235 microversion: 1.1 [pid: 8|app: 0|req: 542/1082] 10.0.0.2 () {32 vars in 813 bytes} [Wed Jul 15 21:14:58 2026] GET /resource_providers/30825d7f-17c2-4cdd-8299-3e242ad12a26/aggregates => generated 235 bytes in 9 msecs (HTTP/1.1 404) 5 headers in 202 bytes (1 switches on core 0)
2026-07-15 21:14:58.775 7 INFO placement.requestlog [None req-b2da3dea-5ba9-4948-8203-76e4cc18a665 24284f94a056493dacac4f9f65c80465 d4d987db84f3414188bb5f39dec4548d - - dde7b082d73044a296acef6349c1057e dde7b082d73044a296acef6349c1057e] 10.0.0.2 "DELETE /resource_providers/30825d7f-17c2-4cdd-8299-3e242ad12a26" status: 404 len: 246 microversion: 1.1 [pid: 7|app: 0|req: 541/1083] 10.0.0.2 () {34 vars in 813 bytes} [Wed Jul 15 21:14:58 2026] DELETE /resource_providers/30825d7f-17c2-4cdd-8299-3e242ad12a26 => generated 246 bytes in 10 msecs (HTTP/1.1 404) 6 headers in 231 bytes (1 switches on core 0)
2026-07-15 21:14:58.781 8 INFO placement.requestlog [None req-33900a21-67d6-4ce4-8593-35716a7a2965 24284f94a056493dacac4f9f65c80465 d4d987db84f3414188bb5f39dec4548d - - dde7b082d73044a296acef6349c1057e dde7b082d73044a296acef6349c1057e] 10.0.0.2 "DELETE /resource_providers/30825d7f-17c2-4cdd-8299-3e242ad12a26" status: 404 len: 246 microversion: 1.1 [pid: 8|app: 0|req: 543/1084] 10.0.0.2 () {34 vars in 813 bytes} [Wed Jul 15 21:14:58 2026] DELETE /resource_providers/30825d7f-17c2-4cdd-8299-3e242ad12a26 => generated 246 bytes in 8 msecs (HTTP/1.1 404) 6 headers in 231 bytes (1 switches on core 0)
2026-07-15 21:14:58.798 7 INFO placement.requestlog [None req-14f22b21-351e-40f0-8177-d8d755dc049b - - - - - -] 10.0.0.60 "GET /" status: 200 len: 136 microversion: 1.0
2026-07-15 21:14:58.798 8 INFO placement.requestlog [None req-0ca632b3-5d1b-475c-bd97-aa141cbd9f83 - - - - - -] 10.0.0.60 "GET /" status: 200 len: 136 microversion: 1.0
2026-07-15 21:15:01.211 8 INFO placement.requestlog [None req-e64700a7-1b20-4473-a5b7-51de4b069741 24284f94a056493dacac4f9f65c80465 d4d987db84f3414188bb5f39dec4548d - - dde7b082d73044a296acef6349c1057e dde7b082d73044a296acef6349c1057e] 10.0.0.2 "GET /resource_providers/69b4edc7-8e15-445b-9d86-3f9cf92bb97d/aggregates" status: 404 len: 235 microversion: 1.1 [pid: 8|app: 0|req: 545/1087] 10.0.0.2 () {32 vars in 813 bytes} [Wed Jul 15 21:15:01 2026] GET /resource_providers/69b4edc7-8e15-445b-9d86-3f9cf92bb97d/aggregates => generated 235 bytes in 9 msecs (HTTP/1.1 404) 5 headers in 202 bytes (1 switches on core 0)
2026-07-15 21:15:01.214 7 INFO placement.requestlog [None req-f5e111ce-c15b-4f7b-911c-9bb2a5ff991d 24284f94a056493dacac4f9f65c80465 d4d987db84f3414188bb5f39dec4548d - - dde7b082d73044a296acef6349c1057e dde7b082d73044a296acef6349c1057e] 10.0.0.2 "GET /resource_providers/69b4edc7-8e15-445b-9d86-3f9cf92bb97d/aggregates" status: 404 len: 235 microversion: 1.1 [pid: 7|app: 0|req: 543/1088] 10.0.0.2 () {32 vars in 813 bytes} [Wed Jul 15 21:15:01 2026] GET /resource_providers/69b4edc7-8e15-445b-9d86-3f9cf92bb97d/aggregates => generated 235 bytes in 13 msecs (HTTP/1.1 404) 5 headers in 202 bytes (1 switches on core 0)
2026-07-15 21:15:01.228 8 INFO placement.requestlog [None req-fddd742f-586a-4834-91fa-a5bddbb5b162 24284f94a056493dacac4f9f65c80465 d4d987db84f3414188bb5f39dec4548d - - dde7b082d73044a296acef6349c1057e dde7b082d73044a296acef6349c1057e] 10.0.0.2 "DELETE /resource_providers/69b4edc7-8e15-445b-9d86-3f9cf92bb97d" status: 404 len: 246 microversion: 1.1 [pid: 8|app: 0|req: 546/1089] 10.0.0.2 () {34 vars in 813 bytes} [Wed Jul 15 21:15:01 2026] DELETE /resource_providers/69b4edc7-8e15-445b-9d86-3f9cf92bb97d => generated 246 bytes in 7 msecs (HTTP/1.1 404) 6 headers in 231 bytes (1 switches on core 0)
2026-07-15 21:15:01.229 7 INFO placement.requestlog [None req-2456a0b2-ae77-444c-af71-baf0d82a826d 24284f94a056493dacac4f9f65c80465 d4d987db84f3414188bb5f39dec4548d - - dde7b082d73044a296acef6349c1057e dde7b082d73044a296acef6349c1057e] 10.0.0.2 "DELETE /resource_providers/69b4edc7-8e15-445b-9d86-3f9cf92bb97d" status: 404 len: 246 microversion: 1.1 [pid: 7|app: 0|req: 544/1090] 10.0.0.2 () {34 vars in 813 bytes} [Wed Jul 15 21:15:01 2026] DELETE /resource_providers/69b4edc7-8e15-445b-9d86-3f9cf92bb97d => generated 246 bytes in 6 msecs (HTTP/1.1 404) 6 headers in 231 bytes (1 switches on core 0)
2026-07-15 21:15:03.231 8 INFO placement.requestlog [None req-e872d25d-b09b-481f-8367-3ad997a37f44 24284f94a056493dacac4f9f65c80465 d4d987db84f3414188bb5f39dec4548d - - dde7b082d73044a296acef6349c1057e dde7b082d73044a296acef6349c1057e] 10.0.0.2 "GET /resource_providers/e184b019-ed08-47b3-81dc-e6a3ebbada8c/aggregates" status: 404 len: 235 microversion: 1.1 [pid: 8|app: 0|req: 547/1091] 10.0.0.2 () {32 vars in 813 bytes} [Wed Jul 15 21:15:03 2026] GET /resource_providers/e184b019-ed08-47b3-81dc-e6a3ebbada8c/aggregates => generated 235 bytes in 6 msecs (HTTP/1.1 404) 5 headers in 202 bytes (1 switches on core 0)
2026-07-15 21:15:03.237 7 INFO placement.requestlog [None req-2cd6bdc4-06fd-4864-9055-99b5ee0fc536 24284f94a056493dacac4f9f65c80465 d4d987db84f3414188bb5f39dec4548d - - dde7b082d73044a296acef6349c1057e dde7b082d73044a296acef6349c1057e] 10.0.0.2 "GET /resource_providers/e184b019-ed08-47b3-81dc-e6a3ebbada8c/aggregates" status: 404 len: 235 microversion: 1.1 [pid: 7|app: 0|req: 545/1092] 10.0.0.2 () {32 vars in 813 bytes} [Wed Jul 15 21:15:03 2026] GET /resource_providers/e184b019-ed08-47b3-81dc-e6a3ebbada8c/aggregates => generated 235 bytes in 12 msecs (HTTP/1.1 404) 5 headers in 202 bytes (1 switches on core 0)
2026-07-15 21:15:03.252 8 INFO placement.requestlog [None req-464175ca-ee23-482f-abd8-7cce960bbf56 24284f94a056493dacac4f9f65c80465 d4d987db84f3414188bb5f39dec4548d - - dde7b082d73044a296acef6349c1057e dde7b082d73044a296acef6349c1057e] 10.0.0.2 "DELETE /resource_providers/e184b019-ed08-47b3-81dc-e6a3ebbada8c" status: 404 len: 246 microversion: 1.1 [pid: 8|app: 0|req: 548/1093] 10.0.0.2 () {34 vars in 813 bytes} [Wed Jul 15 21:15:03 2026] DELETE /resource_providers/e184b019-ed08-47b3-81dc-e6a3ebbada8c => generated 246 bytes in 9 msecs (HTTP/1.1 404) 6 headers in 231 bytes (1 switches on core 0)
2026-07-15 21:15:03.254 7 INFO placement.requestlog [None req-bce29197-b417-478b-a7b2-262c6954736d 24284f94a056493dacac4f9f65c80465 d4d987db84f3414188bb5f39dec4548d - - dde7b082d73044a296acef6349c1057e dde7b082d73044a296acef6349c1057e] 10.0.0.2 "DELETE /resource_providers/e184b019-ed08-47b3-81dc-e6a3ebbada8c" status: 404 len: 246 microversion: 1.1 [pid: 7|app: 0|req: 546/1094] 10.0.0.2 () {34 vars in 813 bytes} [Wed Jul 15 21:15:03 2026] DELETE /resource_providers/e184b019-ed08-47b3-81dc-e6a3ebbada8c => generated 246 bytes in 10 msecs (HTTP/1.1 404) 6 headers in 231 bytes (1 switches on core 0)
2026-07-15 21:15:04.099 8 INFO placement.requestlog [None req-5deca371-4621-48c9-83d1-0da356074d88 24284f94a056493dacac4f9f65c80465 d4d987db84f3414188bb5f39dec4548d - - dde7b082d73044a296acef6349c1057e dde7b082d73044a296acef6349c1057e] 10.0.0.2 "GET /resource_providers/6a933e0e-2bc8-43a7-bbac-0736139a8803/aggregates" status: 404 len: 235 microversion: 1.1 [pid: 8|app: 0|req: 549/1095] 10.0.0.2 () {32 vars in 813 bytes} [Wed Jul 15 21:15:04 2026] GET /resource_providers/6a933e0e-2bc8-43a7-bbac-0736139a8803/aggregates => generated 235 bytes in 9 msecs (HTTP/1.1 404) 5 headers in 202 bytes (1 switches on core 0)
2026-07-15 21:15:04.109 7 INFO placement.requestlog [None req-16a02cb2-a46c-4420-9606-f9fd20e82922 24284f94a056493dacac4f9f65c80465 d4d987db84f3414188bb5f39dec4548d - - dde7b082d73044a296acef6349c1057e dde7b082d73044a296acef6349c1057e] 10.0.0.2 "GET /resource_providers/6a933e0e-2bc8-43a7-bbac-0736139a8803/aggregates" status: 404 len: 235 microversion: 1.1 [pid: 7|app: 0|req: 547/1096] 10.0.0.2 () {32 vars in 813 bytes} [Wed Jul 15 21:15:04 2026] GET /resource_providers/6a933e0e-2bc8-43a7-bbac-0736139a8803/aggregates => generated 235 bytes in 16 msecs (HTTP/1.1 404) 5 headers in 202 bytes (1 switches on core 0)
2026-07-15 21:15:04.129 8 INFO placement.requestlog [None req-bef7bb7c-e6ef-42c5-8bcc-668dc2953737 24284f94a056493dacac4f9f65c80465 d4d987db84f3414188bb5f39dec4548d - - dde7b082d73044a296acef6349c1057e dde7b082d73044a296acef6349c1057e] 10.0.0.2 "DELETE /resource_providers/6a933e0e-2bc8-43a7-bbac-0736139a8803" status: 404 len: 246 microversion: 1.1 [pid: 8|app: 0|req: 550/1097] 10.0.0.2 () {34 vars in 813 bytes} [Wed Jul 15 21:15:04 2026] DELETE /resource_providers/6a933e0e-2bc8-43a7-bbac-0736139a8803 => generated 246 bytes in 8 msecs (HTTP/1.1 404) 6 headers in 231 bytes (1 switches on core 0)
2026-07-15 21:15:04.137 7 INFO placement.requestlog [None req-8b33d65f-c8d0-4c57-9899-a1e6a2a7ed2a 24284f94a056493dacac4f9f65c80465 d4d987db84f3414188bb5f39dec4548d - - dde7b082d73044a296acef6349c1057e dde7b082d73044a296acef6349c1057e] 10.0.0.2 "DELETE /resource_providers/6a933e0e-2bc8-43a7-bbac-0736139a8803" status: 404 len: 246 microversion: 1.1 [pid: 7|app: 0|req: 548/1098] 10.0.0.2 () {34 vars in 813 bytes} [Wed Jul 15 21:15:04 2026] DELETE /resource_providers/6a933e0e-2bc8-43a7-bbac-0736139a8803 => generated 246 bytes in 11 msecs (HTTP/1.1 404) 6 headers in 231 bytes (1 switches on core 0)
2026-07-15 21:15:06.494 8 INFO placement.requestlog [None req-c4380ed3-df19-4955-854a-ef83309b5a7d 24284f94a056493dacac4f9f65c80465 d4d987db84f3414188bb5f39dec4548d - - dde7b082d73044a296acef6349c1057e dde7b082d73044a296acef6349c1057e] 10.0.0.2 "GET /resource_providers/0d8f79e2-139f-4f76-9e87-0fc2d18cceac/aggregates" status: 404 len: 235 microversion: 1.1 [pid: 8|app: 0|req: 551/1099] 10.0.0.2 () {32 vars in 813 bytes} [Wed Jul 15 21:15:06 2026] GET /resource_providers/0d8f79e2-139f-4f76-9e87-0fc2d18cceac/aggregates => generated 235 bytes in 11 msecs (HTTP/1.1 404) 5 headers in 202 bytes (1 switches on core 0)
2026-07-15 21:15:06.496 7 INFO placement.requestlog [None req-06c220d3-6541-49a0-b5bd-43d57316866e 24284f94a056493dacac4f9f65c80465 d4d987db84f3414188bb5f39dec4548d - - dde7b082d73044a296acef6349c1057e dde7b082d73044a296acef6349c1057e] 10.0.0.2 "GET /resource_providers/0d8f79e2-139f-4f76-9e87-0fc2d18cceac/aggregates" status: 404 len: 235 microversion: 1.1 [pid: 7|app: 0|req: 549/1100] 10.0.0.2 () {32 vars in 813 bytes} [Wed Jul 15 21:15:06 2026] GET /resource_providers/0d8f79e2-139f-4f76-9e87-0fc2d18cceac/aggregates => generated 235 bytes in 12 msecs (HTTP/1.1 404) 5 headers in 202 bytes (1 switches on core 0)
2026-07-15 21:15:06.515 8 INFO placement.requestlog [None req-cf757127-8bce-416e-b044-de9156f0c02c 24284f94a056493dacac4f9f65c80465 d4d987db84f3414188bb5f39dec4548d - - dde7b082d73044a296acef6349c1057e dde7b082d73044a296acef6349c1057e] 10.0.0.2 "DELETE /resource_providers/0d8f79e2-139f-4f76-9e87-0fc2d18cceac" status: 404 len: 246 microversion: 1.1 [pid: 8|app: 0|req: 552/1101] 10.0.0.2 () {34 vars in 813 bytes} [Wed Jul 15 21:15:06 2026] DELETE /resource_providers/0d8f79e2-139f-4f76-9e87-0fc2d18cceac => generated 246 bytes in 9 msecs (HTTP/1.1 404) 6 headers in 231 bytes (1 switches on core 0)
2026-07-15 21:15:06.536 7 INFO placement.requestlog [None req-4043bc88-4f27-40b3-bef3-5f4aec6b6a2b 24284f94a056493dacac4f9f65c80465 d4d987db84f3414188bb5f39dec4548d - - dde7b082d73044a296acef6349c1057e dde7b082d73044a296acef6349c1057e] 10.0.0.2 "DELETE /resource_providers/0d8f79e2-139f-4f76-9e87-0fc2d18cceac" status: 404 len: 246 microversion: 1.1 [pid: 7|app: 0|req: 550/1102] 10.0.0.2 () {34 vars in 813 bytes} [Wed Jul 15 21:15:06 2026] DELETE /resource_providers/0d8f79e2-139f-4f76-9e87-0fc2d18cceac => generated 246 bytes in 22 msecs (HTTP/1.1 404) 6 headers in 231 bytes (1 switches on core 0)
2026-07-15 21:15:08.799 8 INFO placement.requestlog [None req-3f34e16a-834e-4a3e-8bc3-6fcbb853d21f - - - - - -] 10.0.0.60 "GET /" status: 200 len: 136 microversion: 1.0
2026-07-15 21:15:08.799 7 INFO placement.requestlog [None req-e13d01d6-b8db-44ab-9fe2-05966555ba5a - - - - - -] 10.0.0.60 "GET /" status: 200 len: 136 microversion: 1.0
2026-07-15 21:15:18.799 7 INFO placement.requestlog [None req-7ea3f80b-2bdd-4b5a-b924-9ea0ba67d25a - - - - - -] 10.0.0.60 "GET /" status: 200 len: 136 microversion: 1.0
2026-07-15 21:15:18.799 8 INFO placement.requestlog [None req-32ca4f44-94c7-4676-8adf-6d221bb29ee5 - - - - - -] 10.0.0.60 "GET /" status: 200 len: 136 microversion: 1.0
2026-07-15 21:15:23.480 7 INFO placement.requestlog [None req-3cbde2da-9923-46f7-bfaa-fda81e4cefbd 24284f94a056493dacac4f9f65c80465 d4d987db84f3414188bb5f39dec4548d - - dde7b082d73044a296acef6349c1057e dde7b082d73044a296acef6349c1057e] 10.0.0.2 "GET /resource_providers/9a813bcb-2d7d-4bde-9a51-b836dea3ad53/aggregates" status: 404 len: 235 microversion: 1.1 [pid: 7|app: 0|req: 553/1107] 10.0.0.2 () {32 vars in 813 bytes} [Wed Jul 15 21:15:23 2026] GET /resource_providers/9a813bcb-2d7d-4bde-9a51-b836dea3ad53/aggregates => generated 235 bytes in 10 msecs (HTTP/1.1 404) 5 headers in 202 bytes (1 switches on core 0)
2026-07-15 21:15:23.484 8 INFO placement.requestlog [None req-1f15d6c9-ba86-4f4d-a6f6-0d05d9c1233c 24284f94a056493dacac4f9f65c80465 d4d987db84f3414188bb5f39dec4548d - - dde7b082d73044a296acef6349c1057e dde7b082d73044a296acef6349c1057e] 10.0.0.2 "GET /resource_providers/9a813bcb-2d7d-4bde-9a51-b836dea3ad53/aggregates" status: 404 len: 235 microversion: 1.1 [pid: 8|app: 0|req: 555/1108] 10.0.0.2 () {32 vars in 813 bytes} [Wed Jul 15 21:15:23 2026] GET /resource_providers/9a813bcb-2d7d-4bde-9a51-b836dea3ad53/aggregates => generated 235 bytes in 10 msecs (HTTP/1.1 404) 5 headers in 202 bytes (1 switches on core 0)
2026-07-15 21:15:23.503 8 INFO placement.requestlog [None req-dc79e092-888a-40db-9500-470c8fe62a85 24284f94a056493dacac4f9f65c80465 d4d987db84f3414188bb5f39dec4548d - - dde7b082d73044a296acef6349c1057e dde7b082d73044a296acef6349c1057e] 10.0.0.2 "DELETE /resource_providers/9a813bcb-2d7d-4bde-9a51-b836dea3ad53" status: 404 len: 246 microversion: 1.1 [pid: 8|app: 0|req: 556/1109] 10.0.0.2 () {34 vars in 813 bytes} [Wed Jul 15 21:15:23 2026] DELETE /resource_providers/9a813bcb-2d7d-4bde-9a51-b836dea3ad53 => generated 246 bytes in 7 msecs (HTTP/1.1 404) 6 headers in 231 bytes (1 switches on core 0)
2026-07-15 21:15:23.505 7 INFO placement.requestlog [None req-d109e38b-b37e-4de6-8ceb-610b57c7a35e 24284f94a056493dacac4f9f65c80465 d4d987db84f3414188bb5f39dec4548d - - dde7b082d73044a296acef6349c1057e dde7b082d73044a296acef6349c1057e] 10.0.0.2 "DELETE /resource_providers/9a813bcb-2d7d-4bde-9a51-b836dea3ad53" status: 404 len: 246 microversion: 1.1 [pid: 7|app: 0|req: 554/1110] 10.0.0.2 () {34 vars in 813 bytes} [Wed Jul 15 21:15:23 2026] DELETE /resource_providers/9a813bcb-2d7d-4bde-9a51-b836dea3ad53 => generated 246 bytes in 11 msecs (HTTP/1.1 404) 6 headers in 231 bytes (1 switches on core 0)
2026-07-15 21:15:28.799 8 INFO placement.requestlog [None req-689e79ab-95a5-4e8b-a9f9-17ecac3b331f - - - - - -] 10.0.0.60 "GET /" status: 200 len: 136 microversion: 1.0
2026-07-15 21:15:28.799 7 INFO placement.requestlog [None req-12f96b2f-febb-46a4-924f-feb0cdc37ab6 - - - - - -] 10.0.0.60 "GET /" status: 200 len: 136 microversion: 1.0
2026-07-15 21:15:31.221 8 INFO placement.requestlog [None req-c19547ec-22bd-4cf0-8a88-bc00bcdc351a 24284f94a056493dacac4f9f65c80465 d4d987db84f3414188bb5f39dec4548d - - dde7b082d73044a296acef6349c1057e dde7b082d73044a296acef6349c1057e] 10.0.0.2 "GET /resource_providers/7999aae0-6413-4e9e-a70b-a80f6c78f449/aggregates" status: 404 len: 235 microversion: 1.1 [pid: 8|app: 0|req: 558/1113] 10.0.0.2 () {32 vars in 813 bytes} [Wed Jul 15 21:15:31 2026] GET /resource_providers/7999aae0-6413-4e9e-a70b-a80f6c78f449/aggregates => generated 235 bytes in 13 msecs (HTTP/1.1 404) 5 headers in 202 bytes (1 switches on core 0)
2026-07-15 21:15:31.222 7 INFO placement.requestlog [None req-e15a535b-98ab-4f3b-841d-fb2f2f71fefb 24284f94a056493dacac4f9f65c80465 d4d987db84f3414188bb5f39dec4548d - - dde7b082d73044a296acef6349c1057e dde7b082d73044a296acef6349c1057e] 10.0.0.2 "GET /resource_providers/7999aae0-6413-4e9e-a70b-a80f6c78f449/aggregates" status: 404 len: 235 microversion: 1.1 [pid: 7|app: 0|req: 556/1114] 10.0.0.2 () {32 vars in 813 bytes} [Wed Jul 15 21:15:31 2026] GET /resource_providers/7999aae0-6413-4e9e-a70b-a80f6c78f449/aggregates => generated 235 bytes in 14 msecs (HTTP/1.1 404) 5 headers in 202 bytes (1 switches on core 0)
2026-07-15 21:15:31.241 8 INFO placement.requestlog [None req-4e3c9ee9-cbd9-464e-84d8-a1a1bf0bc857 24284f94a056493dacac4f9f65c80465 d4d987db84f3414188bb5f39dec4548d - - dde7b082d73044a296acef6349c1057e dde7b082d73044a296acef6349c1057e] 10.0.0.2 "DELETE /resource_providers/7999aae0-6413-4e9e-a70b-a80f6c78f449" status: 404 len: 246 microversion: 1.1 [pid: 8|app: 0|req: 559/1115] 10.0.0.2 () {34 vars in 813 bytes} [Wed Jul 15 21:15:31 2026] DELETE /resource_providers/7999aae0-6413-4e9e-a70b-a80f6c78f449 => generated 246 bytes in 8 msecs (HTTP/1.1 404) 6 headers in 231 bytes (1 switches on core 0)
2026-07-15 21:15:31.245 7 INFO placement.requestlog [None req-2d310290-b395-4341-8492-bba24ddcb8e0 24284f94a056493dacac4f9f65c80465 d4d987db84f3414188bb5f39dec4548d - - dde7b082d73044a296acef6349c1057e dde7b082d73044a296acef6349c1057e] 10.0.0.2 "DELETE /resource_providers/7999aae0-6413-4e9e-a70b-a80f6c78f449" status: 404 len: 246 microversion: 1.1 [pid: 7|app: 0|req: 557/1116] 10.0.0.2 () {34 vars in 813 bytes} [Wed Jul 15 21:15:31 2026] DELETE /resource_providers/7999aae0-6413-4e9e-a70b-a80f6c78f449 => generated 246 bytes in 11 msecs (HTTP/1.1 404) 6 headers in 231 bytes (1 switches on core 0)
2026-07-15 21:15:38.786 8 INFO placement.requestlog [None req-3826243c-020e-4037-b28a-964f6939af12 24284f94a056493dacac4f9f65c80465 d4d987db84f3414188bb5f39dec4548d - - dde7b082d73044a296acef6349c1057e dde7b082d73044a296acef6349c1057e] 10.0.0.2 "GET /resource_providers/8a9b287f-cbbe-4734-9d90-f709cb8929de/aggregates" status: 404 len: 235 microversion: 1.1 [pid: 8|app: 0|req: 560/1117] 10.0.0.2 () {32 vars in 813 bytes} [Wed Jul 15 21:15:38 2026] GET /resource_providers/8a9b287f-cbbe-4734-9d90-f709cb8929de/aggregates => generated 235 bytes in 11 msecs (HTTP/1.1 404) 5 headers in 202 bytes (1 switches on core 0)
2026-07-15 21:15:38.788 7 INFO placement.requestlog [None req-26e78ad2-4380-455b-b0b8-a42eac34fe33 24284f94a056493dacac4f9f65c80465 d4d987db84f3414188bb5f39dec4548d - - dde7b082d73044a296acef6349c1057e dde7b082d73044a296acef6349c1057e] 10.0.0.2 "GET /resource_providers/8a9b287f-cbbe-4734-9d90-f709cb8929de/aggregates" status: 404 len: 235 microversion: 1.1 [pid: 7|app: 0|req: 558/1118] 10.0.0.2 () {32 vars in 813 bytes} [Wed Jul 15 21:15:38 2026] GET /resource_providers/8a9b287f-cbbe-4734-9d90-f709cb8929de/aggregates => generated 235 bytes in 9 msecs (HTTP/1.1 404) 5 headers in 202 bytes (1 switches on core 0)
2026-07-15 21:15:38.799 8 INFO placement.requestlog [None req-5a74de26-d101-4e09-8485-2aa5c9a8c79a - - - - - -] 10.0.0.60 "GET /" status: 200 len: 136 microversion: 1.0
2026-07-15 21:15:38.799 7 INFO placement.requestlog [None req-2edc2354-a89c-4012-bc3a-7c3fd5b5d8e8 - - - - - -] 10.0.0.60 "GET /" status: 200 len: 136 microversion: 1.0
2026-07-15 21:15:38.811 7 INFO placement.requestlog [None req-2d2f2853-9597-4a5d-a0bb-e7c147f79b1d 24284f94a056493dacac4f9f65c80465 d4d987db84f3414188bb5f39dec4548d - - dde7b082d73044a296acef6349c1057e dde7b082d73044a296acef6349c1057e] 10.0.0.2 "DELETE /resource_providers/8a9b287f-cbbe-4734-9d90-f709cb8929de" status: 404 len: 246 microversion: 1.1 [pid: 7|app: 0|req: 560/1121] 10.0.0.2 () {34 vars in 813 bytes} [Wed Jul 15 21:15:38 2026] DELETE /resource_providers/8a9b287f-cbbe-4734-9d90-f709cb8929de => generated 246 bytes in 10 msecs (HTTP/1.1 404) 6 headers in 231 bytes (1 switches on core 0)
2026-07-15 21:15:38.814 8 INFO placement.requestlog [None req-fded743a-1b36-44c2-9bd5-9b0e6c49e57a 24284f94a056493dacac4f9f65c80465 d4d987db84f3414188bb5f39dec4548d - - dde7b082d73044a296acef6349c1057e dde7b082d73044a296acef6349c1057e] 10.0.0.2 "DELETE /resource_providers/8a9b287f-cbbe-4734-9d90-f709cb8929de" status: 404 len: 246 microversion: 1.1 [pid: 8|app: 0|req: 562/1122] 10.0.0.2 () {34 vars in 813 bytes} [Wed Jul 15 21:15:38 2026] DELETE /resource_providers/8a9b287f-cbbe-4734-9d90-f709cb8929de => generated 246 bytes in 11 msecs (HTTP/1.1 404) 6 headers in 231 bytes (1 switches on core 0)
2026-07-15 21:15:42.590 7 INFO placement.requestlog [req-711b829b-76f0-4013-904a-f941497e36d2 req-3a75e892-c7c4-48a6-8c0e-5e4701cccc5b 6da64b51b8d944de937ddad61200b5c6 d4d987db84f3414188bb5f39dec4548d - - dde7b082d73044a296acef6349c1057e dde7b082d73044a296acef6349c1057e] 199.204.45.4 "GET /resource_providers/5d2b717b-b571-4bbf-9d70-456092bfc149/allocations" status: 200 len: 55 microversion: 1.0 [pid: 7|app: 0|req: 561/1123] 199.204.45.4 () {32 vars in 854 bytes} [Wed Jul 15 21:15:42 2026] GET /resource_providers/5d2b717b-b571-4bbf-9d70-456092bfc149/allocations => generated 55 bytes in 23 msecs (HTTP/1.1 200) 6 headers in 223 bytes (1 switches on core 0)
2026-07-15 21:15:42.610 8 INFO placement.requestlog [req-711b829b-76f0-4013-904a-f941497e36d2 req-945a2ac0-c500-4164-97af-a346775b0306 6da64b51b8d944de937ddad61200b5c6 d4d987db84f3414188bb5f39dec4548d - - dde7b082d73044a296acef6349c1057e dde7b082d73044a296acef6349c1057e] 199.204.45.4 "GET /resource_providers/5d2b717b-b571-4bbf-9d70-456092bfc149/allocations" status: 200 len: 55 microversion: 1.0 [pid: 8|app: 0|req: 563/1124] 199.204.45.4 () {32 vars in 854 bytes} [Wed Jul 15 21:15:42 2026] GET /resource_providers/5d2b717b-b571-4bbf-9d70-456092bfc149/allocations => generated 55 bytes in 14 msecs (HTTP/1.1 200) 6 headers in 223 bytes (1 switches on core 0)
2026-07-15 21:15:48.799 7 INFO placement.requestlog [None req-0c27da58-0635-41d6-abef-05ea2aa2c331 - - - - - -] 10.0.0.60 "GET /" status: 200 len: 136 microversion: 1.0
2026-07-15 21:15:48.799 8 INFO placement.requestlog [None req-601db3aa-afdc-4d30-a03c-1aad346e2069 - - - - - -] 10.0.0.60 "GET /" status: 200 len: 136 microversion: 1.0
2026-07-15 21:15:58.800 7 INFO placement.requestlog [None req-fb8787f0-2b69-4041-b2e1-d374c2c6e5cc - - - - - -] 10.0.0.60 "GET /" status: 200 len: 136 microversion: 1.0
2026-07-15 21:15:58.800 8 INFO placement.requestlog [None req-270a5a67-f92e-44ad-ac66-5a426f1ffed9 - - - - - -] 10.0.0.60 "GET /" status: 200 len: 136 microversion: 1.0
2026-07-15 21:16:03.552 7 INFO placement.requestlog [req-69b3f24f-eeff-4fbd-a09f-8c28f0162641 req-988ccaed-40f3-4518-a0d3-f1e068f3d237 6da64b51b8d944de937ddad61200b5c6 d4d987db84f3414188bb5f39dec4548d - - dde7b082d73044a296acef6349c1057e dde7b082d73044a296acef6349c1057e] 10.0.0.74 "GET /allocation_candidates?limit=1000&resources=DISK_GB%3A1%2CMEMORY_MB%3A512%2CVCPU%3A1&root_required=%21COMPUTE_STATUS_DISABLED" status: 200 len: 2781 microversion: 1.36 [pid: 7|app: 0|req: 564/1129] 10.0.0.74 () {34 vars in 1010 bytes} [Wed Jul 15 21:16:03 2026] GET /allocation_candidates?limit=1000&resources=DISK_GB%3A1%2CMEMORY_MB%3A512%2CVCPU%3A1&root_required=%21COMPUTE_STATUS_DISABLED => generated 2781 bytes in 43 msecs (HTTP/1.1 200) 8 headers in 297 bytes (1 switches on core 0)
2026-07-15 21:16:03.586 8 INFO placement.requestlog [req-69b3f24f-eeff-4fbd-a09f-8c28f0162641 req-f48749fe-b2e9-4eec-b353-98bccaee6c5d 6da64b51b8d944de937ddad61200b5c6 d4d987db84f3414188bb5f39dec4548d - - dde7b082d73044a296acef6349c1057e dde7b082d73044a296acef6349c1057e] 10.0.0.74 "GET /allocations/64c38e9b-539d-4c5c-a0f2-2042d4c541d8" status: 200 len: 19 microversion: 1.28 [pid: 8|app: 0|req: 566/1130] 10.0.0.74 () {34 vars in 859 bytes} [Wed Jul 15 21:16:03 2026] GET /allocations/64c38e9b-539d-4c5c-a0f2-2042d4c541d8 => generated 19 bytes in 10 msecs (HTTP/1.1 200) 8 headers in 295 bytes (1 switches on core 0)
2026-07-15 21:16:03.650 7 INFO placement.requestlog [req-69b3f24f-eeff-4fbd-a09f-8c28f0162641 req-5e50d07a-4bf5-4d9d-a7e2-408108597508 6da64b51b8d944de937ddad61200b5c6 d4d987db84f3414188bb5f39dec4548d - - dde7b082d73044a296acef6349c1057e dde7b082d73044a296acef6349c1057e] 10.0.0.74 "PUT /allocations/64c38e9b-539d-4c5c-a0f2-2042d4c541d8" status: 204 len: 0 microversion: 1.36 [pid: 7|app: 0|req: 565/1131] 10.0.0.74 () {38 vars in 912 bytes} [Wed Jul 15 21:16:03 2026] PUT /allocations/64c38e9b-539d-4c5c-a0f2-2042d4c541d8 => generated 0 bytes in 59 msecs (HTTP/1.1 204) 5 headers in 199 bytes (1 switches on core 0)
2026-07-15 21:16:05.163 8 INFO placement.requestlog [req-69b3f24f-eeff-4fbd-a09f-8c28f0162641 req-1f9e11cc-a942-4334-a77d-333d59dc835f 6da64b51b8d944de937ddad61200b5c6 d4d987db84f3414188bb5f39dec4548d - - dde7b082d73044a296acef6349c1057e dde7b082d73044a296acef6349c1057e] 199.204.45.4 "GET /allocations/64c38e9b-539d-4c5c-a0f2-2042d4c541d8" status: 200 len: 258 microversion: 1.28 [pid: 8|app: 0|req: 567/1132] 199.204.45.4 () {34 vars in 860 bytes} [Wed Jul 15 21:16:05 2026] GET /allocations/64c38e9b-539d-4c5c-a0f2-2042d4c541d8 => generated 258 bytes in 14 msecs (HTTP/1.1 200) 8 headers in 296 bytes (1 switches on core 0)
2026-07-15 21:16:06.202 7 INFO placement.requestlog [req-69b3f24f-eeff-4fbd-a09f-8c28f0162641 req-4aa62d1c-9fc9-4faa-96ab-718dcf2936c2 6da64b51b8d944de937ddad61200b5c6 d4d987db84f3414188bb5f39dec4548d - - dde7b082d73044a296acef6349c1057e dde7b082d73044a296acef6349c1057e] 199.204.45.4 "GET /resource_providers/5d2b717b-b571-4bbf-9d70-456092bfc149/allocations" status: 200 len: 153 microversion: 1.0 [pid: 7|app: 0|req: 566/1133] 199.204.45.4 () {32 vars in 854 bytes} [Wed Jul 15 21:16:06 2026] GET /resource_providers/5d2b717b-b571-4bbf-9d70-456092bfc149/allocations => generated 153 bytes in 18 msecs (HTTP/1.1 200) 6 headers in 224 bytes (1 switches on core 0)
2026-07-15 21:16:06.222 8 INFO placement.requestlog [req-69b3f24f-eeff-4fbd-a09f-8c28f0162641 req-315533ed-0b44-45c0-b9b9-b4af5e5b9575 6da64b51b8d944de937ddad61200b5c6 d4d987db84f3414188bb5f39dec4548d - - dde7b082d73044a296acef6349c1057e dde7b082d73044a296acef6349c1057e] 199.204.45.4 "GET /allocations/64c38e9b-539d-4c5c-a0f2-2042d4c541d8" status: 200 len: 258 microversion: 1.28 [pid: 8|app: 0|req: 568/1134] 199.204.45.4 () {34 vars in 860 bytes} [Wed Jul 15 21:16:06 2026] GET /allocations/64c38e9b-539d-4c5c-a0f2-2042d4c541d8 => generated 258 bytes in 13 msecs (HTTP/1.1 200) 8 headers in 296 bytes (1 switches on core 0)
2026-07-15 21:16:08.800 7 INFO placement.requestlog [None req-ed370ec4-e927-47ad-a7c9-ee42eed44e3b - - - - - -] 10.0.0.60 "GET /" status: 200 len: 136 microversion: 1.0
2026-07-15 21:16:08.800 8 INFO placement.requestlog [None req-d1e08c46-2b3c-45f3-9c30-bc9b902add10 - - - - - -] 10.0.0.60 "GET /" status: 200 len: 136 microversion: 1.0
2026-07-15 21:16:14.223 7 INFO placement.requestlog [req-69b3f24f-eeff-4fbd-a09f-8c28f0162641 req-3c3b0579-1fe4-4429-a4fe-07a2ef1213e7 6da64b51b8d944de937ddad61200b5c6 d4d987db84f3414188bb5f39dec4548d - - dde7b082d73044a296acef6349c1057e dde7b082d73044a296acef6349c1057e] 199.204.45.4 "GET /resource_providers/5d2b717b-b571-4bbf-9d70-456092bfc149/allocations" status: 200 len: 153 microversion: 1.0 [pid: 7|app: 0|req: 568/1137] 199.204.45.4 () {32 vars in 854 bytes} [Wed Jul 15 21:16:14 2026] GET /resource_providers/5d2b717b-b571-4bbf-9d70-456092bfc149/allocations => generated 153 bytes in 14 msecs (HTTP/1.1 200) 6 headers in 224 bytes (1 switches on core 0)
2026-07-15 21:16:14.241 8 INFO placement.requestlog [req-69b3f24f-eeff-4fbd-a09f-8c28f0162641 req-b2f44e76-67ad-48f4-a854-d29b928ec03a 6da64b51b8d944de937ddad61200b5c6 d4d987db84f3414188bb5f39dec4548d - - dde7b082d73044a296acef6349c1057e dde7b082d73044a296acef6349c1057e] 199.204.45.4 "GET /allocations/64c38e9b-539d-4c5c-a0f2-2042d4c541d8" status: 200 len: 258 microversion: 1.28 [pid: 8|app: 0|req: 570/1138] 199.204.45.4 () {34 vars in 860 bytes} [Wed Jul 15 21:16:14 2026] GET /allocations/64c38e9b-539d-4c5c-a0f2-2042d4c541d8 => generated 258 bytes in 13 msecs (HTTP/1.1 200) 8 headers in 296 bytes (1 switches on core 0)
2026-07-15 21:16:17.729 7 INFO placement.requestlog [req-69b3f24f-eeff-4fbd-a09f-8c28f0162641 req-2fe4be27-5c86-433c-a2a9-d8b81f99dfbc 6da64b51b8d944de937ddad61200b5c6 d4d987db84f3414188bb5f39dec4548d - - dde7b082d73044a296acef6349c1057e dde7b082d73044a296acef6349c1057e] 199.204.45.4 "DELETE /allocations/64c38e9b-539d-4c5c-a0f2-2042d4c541d8" status: 204 len: 0 microversion: 1.0 [pid: 7|app: 0|req: 569/1139] 199.204.45.4 () {34 vars in 838 bytes} [Wed Jul 15 21:16:17 2026] DELETE /allocations/64c38e9b-539d-4c5c-a0f2-2042d4c541d8 => generated 0 bytes in 24 msecs (HTTP/1.1 204) 5 headers in 198 bytes (1 switches on core 0)
2026-07-15 21:16:18.800 8 INFO placement.requestlog [None req-bbd14802-838a-42af-8362-8f658c365469 - - - - - -] 10.0.0.60 "GET /" status: 200 len: 136 microversion: 1.0
2026-07-15 21:16:18.800 7 INFO placement.requestlog [None req-23466366-a756-4cce-8bc4-050db21a1625 - - - - - -] 10.0.0.60 "GET /" status: 200 len: 136 microversion: 1.0
2026-07-15 21:16:19.344 8 INFO placement.requestlog [req-ebeb5e72-f9ef-4994-a39a-1db4e62c2ff0 req-de14206c-b2c6-4a33-b679-9cd250867ea8 6da64b51b8d944de937ddad61200b5c6 d4d987db84f3414188bb5f39dec4548d - - dde7b082d73044a296acef6349c1057e dde7b082d73044a296acef6349c1057e] 10.0.0.219 "DELETE /allocations/64c38e9b-539d-4c5c-a0f2-2042d4c541d8" status: 404 len: 228 microversion: 1.0 [pid: 8|app: 0|req: 572/1142] 10.0.0.219 () {34 vars in 829 bytes} [Wed Jul 15 21:16:19 2026] DELETE /allocations/64c38e9b-539d-4c5c-a0f2-2042d4c541d8 => generated 228 bytes in 10 msecs (HTTP/1.1 404) 6 headers in 231 bytes (1 switches on core 0)
2026-07-15 21:16:25.597 8 INFO placement.requestlog [None req-69013d33-75b8-4f8b-aa05-9de29ed05b62 24284f94a056493dacac4f9f65c80465 d4d987db84f3414188bb5f39dec4548d - - dde7b082d73044a296acef6349c1057e dde7b082d73044a296acef6349c1057e] 10.0.0.2 "GET /resource_providers/f7e341ec-5b39-421d-a0b5-58a0e2a100fd/aggregates" status: 404 len: 235 microversion: 1.1 [pid: 8|app: 0|req: 573/1143] 10.0.0.2 () {32 vars in 813 bytes} [Wed Jul 15 21:16:25 2026] GET /resource_providers/f7e341ec-5b39-421d-a0b5-58a0e2a100fd/aggregates => generated 235 bytes in 90 msecs (HTTP/1.1 404) 5 headers in 202 bytes (1 switches on core 0)
2026-07-15 21:16:25.606 7 INFO placement.requestlog [None req-15bc3db5-f65d-4d6b-9d8a-db6fa4be89e8 24284f94a056493dacac4f9f65c80465 d4d987db84f3414188bb5f39dec4548d - - dde7b082d73044a296acef6349c1057e dde7b082d73044a296acef6349c1057e] 10.0.0.2 "GET /resource_providers/f7e341ec-5b39-421d-a0b5-58a0e2a100fd/aggregates" status: 404 len: 235 microversion: 1.1 [pid: 7|app: 0|req: 571/1144] 10.0.0.2 () {32 vars in 813 bytes} [Wed Jul 15 21:16:25 2026] GET /resource_providers/f7e341ec-5b39-421d-a0b5-58a0e2a100fd/aggregates => generated 235 bytes in 102 msecs (HTTP/1.1 404) 5 headers in 202 bytes (1 switches on core 0)
2026-07-15 21:16:25.615 8 INFO placement.requestlog [None req-bfb4c0cb-c5c4-4acf-b46d-3486e87fdc91 24284f94a056493dacac4f9f65c80465 d4d987db84f3414188bb5f39dec4548d - - dde7b082d73044a296acef6349c1057e dde7b082d73044a296acef6349c1057e] 10.0.0.2 "DELETE /resource_providers/f7e341ec-5b39-421d-a0b5-58a0e2a100fd" status: 404 len: 246 microversion: 1.1 [pid: 8|app: 0|req: 574/1145] 10.0.0.2 () {34 vars in 813 bytes} [Wed Jul 15 21:16:25 2026] DELETE /resource_providers/f7e341ec-5b39-421d-a0b5-58a0e2a100fd => generated 246 bytes in 9 msecs (HTTP/1.1 404) 6 headers in 231 bytes (1 switches on core 0)
2026-07-15 21:16:25.627 7 INFO placement.requestlog [None req-b5305407-081b-41c8-a524-1747b371e546 24284f94a056493dacac4f9f65c80465 d4d987db84f3414188bb5f39dec4548d - - dde7b082d73044a296acef6349c1057e dde7b082d73044a296acef6349c1057e] 10.0.0.2 "DELETE /resource_providers/f7e341ec-5b39-421d-a0b5-58a0e2a100fd" status: 404 len: 246 microversion: 1.1 [pid: 7|app: 0|req: 572/1146] 10.0.0.2 () {34 vars in 813 bytes} [Wed Jul 15 21:16:25 2026] DELETE /resource_providers/f7e341ec-5b39-421d-a0b5-58a0e2a100fd => generated 246 bytes in 10 msecs (HTTP/1.1 404) 6 headers in 231 bytes (1 switches on core 0)
2026-07-15 21:16:27.632 8 INFO placement.requestlog [None req-cc6bccc0-8801-4e9c-b7b2-3d0cecc0257f 24284f94a056493dacac4f9f65c80465 d4d987db84f3414188bb5f39dec4548d - - dde7b082d73044a296acef6349c1057e dde7b082d73044a296acef6349c1057e] 10.0.0.2 "GET /resource_providers/bfe8e1d6-0a5a-4e7c-8201-b20749ad0888/aggregates" status: 404 len: 235 microversion: 1.1 [pid: 8|app: 0|req: 575/1147] 10.0.0.2 () {32 vars in 813 bytes} [Wed Jul 15 21:16:27 2026] GET /resource_providers/bfe8e1d6-0a5a-4e7c-8201-b20749ad0888/aggregates => generated 235 bytes in 9 msecs (HTTP/1.1 404) 5 headers in 202 bytes (1 switches on core 0)
2026-07-15 21:16:27.646 7 INFO placement.requestlog [None req-f07f4195-194c-42bd-90cf-1b8f25566990 24284f94a056493dacac4f9f65c80465 d4d987db84f3414188bb5f39dec4548d - - dde7b082d73044a296acef6349c1057e dde7b082d73044a296acef6349c1057e] 10.0.0.2 "GET /resource_providers/bfe8e1d6-0a5a-4e7c-8201-b20749ad0888/aggregates" status: 404 len: 235 microversion: 1.1 [pid: 7|app: 0|req: 573/1148] 10.0.0.2 () {32 vars in 813 bytes} [Wed Jul 15 21:16:27 2026] GET /resource_providers/bfe8e1d6-0a5a-4e7c-8201-b20749ad0888/aggregates => generated 235 bytes in 10 msecs (HTTP/1.1 404) 5 headers in 202 bytes (1 switches on core 0)
2026-07-15 21:16:27.648 8 INFO placement.requestlog [None req-4158a765-7862-4b1c-85a7-825bec9855ce 24284f94a056493dacac4f9f65c80465 d4d987db84f3414188bb5f39dec4548d - - dde7b082d73044a296acef6349c1057e dde7b082d73044a296acef6349c1057e] 10.0.0.2 "DELETE /resource_providers/bfe8e1d6-0a5a-4e7c-8201-b20749ad0888" status: 404 len: 246 microversion: 1.1 [pid: 8|app: 0|req: 576/1149] 10.0.0.2 () {34 vars in 813 bytes} [Wed Jul 15 21:16:27 2026] DELETE /resource_providers/bfe8e1d6-0a5a-4e7c-8201-b20749ad0888 => generated 246 bytes in 9 msecs (HTTP/1.1 404) 6 headers in 231 bytes (1 switches on core 0)
2026-07-15 21:16:27.660 7 INFO placement.requestlog [None req-12e4e849-3731-490c-a19c-ec629282c71a 24284f94a056493dacac4f9f65c80465 d4d987db84f3414188bb5f39dec4548d - - dde7b082d73044a296acef6349c1057e dde7b082d73044a296acef6349c1057e] 10.0.0.2 "DELETE /resource_providers/bfe8e1d6-0a5a-4e7c-8201-b20749ad0888" status: 404 len: 246 microversion: 1.1 [pid: 7|app: 0|req: 574/1150] 10.0.0.2 () {34 vars in 813 bytes} [Wed Jul 15 21:16:27 2026] DELETE /resource_providers/bfe8e1d6-0a5a-4e7c-8201-b20749ad0888 => generated 246 bytes in 6 msecs (HTTP/1.1 404) 6 headers in 231 bytes (1 switches on core 0)
