Sep 15 11:07:22.166566 np0000192774 nova-scheduler[108134]: DEBUG cotyledon.oslo_config_glue [-] workarounds.never_download_image_if_on_rbd = False {{(pid=108134) log_opt_values /opt/stack/data/venv/lib/python3.12/site-packages/oslo_config/cfg.py:3560}}
Sep 15 11:07:22.166566 np0000192774 nova-scheduler[108134]: DEBUG cotyledon.oslo_config_glue [-] workarounds.qemu_monitor_announce_self_count = 3 {{(pid=108134) log_opt_values /opt/stack/data/venv/lib/python3.12/site-packages/oslo_config/cfg.py:3560}}
Sep 15 11:07:22.166566 np0000192774 nova-scheduler[108134]: DEBUG cotyledon.oslo_config_glue [-] workarounds.qemu_monitor_announce_self_interval = 1 {{(pid=108134) log_opt_values /opt/stack/data/venv/lib/python3.12/site-packages/oslo_config/cfg.py:3560}}
Sep 15 11:07:22.166777 np0000192774 nova-scheduler[108134]: DEBUG cotyledon.oslo_config_glue [-] workarounds.reserve_disk_resource_for_image_cache = False {{(pid=108134) log_opt_values /opt/stack/data/venv/lib/python3.12/site-packages/oslo_config/cfg.py:3560}}
Sep 15 11:07:22.166777 np0000192774 nova-scheduler[108134]: DEBUG cotyledon.oslo_config_glue [-] workarounds.skip_cpu_compare_at_startup = False {{(pid=108134) log_opt_values /opt/stack/data/venv/lib/python3.12/site-packages/oslo_config/cfg.py:3560}}
Sep 15 11:07:22.166777 np0000192774 nova-scheduler[108134]: DEBUG cotyledon.oslo_config_glue [-] workarounds.skip_cpu_compare_on_dest = False {{(pid=108134) log_opt_values /opt/stack/data/venv/lib/python3.12/site-packages/oslo_config/cfg.py:3560}}
Sep 15 11:07:22.166777 np0000192774 nova-scheduler[108134]: DEBUG cotyledon.oslo_config_glue [-] workarounds.skip_hypervisor_version_check_on_lm = False {{(pid=108134) log_opt_values /opt/stack/data/venv/lib/python3.12/site-packages/oslo_config/cfg.py:3560}}
Sep 15 11:07:22.166777 np0000192774 nova-scheduler[108134]: DEBUG cotyledon.oslo_config_glue [-] workarounds.skip_reserve_in_use_ironic_nodes = False {{(pid=108134) log_opt_values /opt/stack/data/venv/lib/python3.12/site-packages/oslo_config/cfg.py:3560}}
Sep 15 11:07:22.166777 np0000192774 nova-scheduler[108134]: DEBUG cotyledon.oslo_config_glue [-] workarounds.unified_limits_count_pcpu_as_vcpu = False {{(pid=108134) log_opt_values /opt/stack/data/venv/lib/python3.12/site-packages/oslo_config/cfg.py:3560}}
Sep 15 11:07:22.166777 np0000192774 nova-scheduler[108134]: DEBUG cotyledon.oslo_config_glue [-] workarounds.wait_for_vif_plugged_event_during_hard_reboot = [] {{(pid=108134) log_opt_values /opt/stack/data/venv/lib/python3.12/site-packages/oslo_config/cfg.py:3560}}
Sep 15 11:07:22.166777 np0000192774 nova-scheduler[108134]: DEBUG cotyledon.oslo_config_glue [-] wsgi.api_paste_config = /etc/nova/api-paste.ini {{(pid=108134) log_opt_values /opt/stack/data/venv/lib/python3.12/site-packages/oslo_config/cfg.py:3560}}
Sep 15 11:07:22.166972 np0000192774 nova-scheduler[108134]: DEBUG cotyledon.oslo_config_glue [-] wsgi.secure_proxy_ssl_header = None {{(pid=108134) log_opt_values /opt/stack/data/venv/lib/python3.12/site-packages/oslo_config/cfg.py:3560}}
Sep 15 11:07:22.166972 np0000192774 nova-scheduler[108134]: DEBUG cotyledon.oslo_config_glue [-] zvm.ca_file = None {{(pid=108134) log_opt_values /opt/stack/data/venv/lib/python3.12/site-packages/oslo_config/cfg.py:3560}}
Sep 15 11:07:22.166972 np0000192774 nova-scheduler[108134]: DEBUG cotyledon.oslo_config_glue [-] zvm.cloud_connector_url = None {{(pid=108134) log_opt_values /opt/stack/data/venv/lib/python3.12/site-packages/oslo_config/cfg.py:3560}}
Sep 15 11:07:22.166972 np0000192774 nova-scheduler[108134]: DEBUG cotyledon.oslo_config_glue [-] zvm.image_tmp_path = /opt/stack/data/nova/images {{(pid=108134) log_opt_values /opt/stack/data/venv/lib/python3.12/site-packages/oslo_config/cfg.py:3560}}
Sep 15 11:07:22.166972 np0000192774 nova-scheduler[108134]: DEBUG cotyledon.oslo_config_glue [-] zvm.reachable_timeout = 300 {{(pid=108134) log_opt_values /opt/stack/data/venv/lib/python3.12/site-packages/oslo_config/cfg.py:3560}}
Sep 15 11:07:22.166972 np0000192774 nova-scheduler[108134]: DEBUG cotyledon.oslo_config_glue [-] oslo_versionedobjects.fatal_exception_format_errors = False {{(pid=108134) log_opt_values /opt/stack/data/venv/lib/python3.12/site-packages/oslo_config/cfg.py:3560}}
Sep 15 11:07:22.166972 np0000192774 nova-scheduler[108134]: DEBUG cotyledon.oslo_config_glue [-] oslo_middleware.http_basic_auth_user_file = /etc/htpasswd {{(pid=108134) log_opt_values /opt/stack/data/venv/lib/python3.12/site-packages/oslo_config/cfg.py:3560}}
Sep 15 11:07:22.166972 np0000192774 nova-scheduler[108134]: DEBUG cotyledon.oslo_config_glue [-] oslo_messaging_metrics.metrics_buffer_size = 1000 {{(pid=108134) log_opt_values /opt/stack/data/venv/lib/python3.12/site-packages/oslo_config/cfg.py:3560}}
Sep 15 11:07:22.166972 np0000192774 nova-scheduler[108134]: DEBUG cotyledon.oslo_config_glue [-] oslo_messaging_metrics.metrics_enabled = False {{(pid=108134) log_opt_values /opt/stack/data/venv/lib/python3.12/site-packages/oslo_config/cfg.py:3560}}
Sep 15 11:07:22.167186 np0000192774 nova-scheduler[108134]: DEBUG cotyledon.oslo_config_glue [-] oslo_messaging_metrics.metrics_process_name = {{(pid=108134) log_opt_values /opt/stack/data/venv/lib/python3.12/site-packages/oslo_config/cfg.py:3560}}
Sep 15 11:07:22.167186 np0000192774 nova-scheduler[108134]: DEBUG cotyledon.oslo_config_glue [-] oslo_messaging_metrics.metrics_socket_file = /var/tmp/metrics_collector.sock {{(pid=108134) log_opt_values /opt/stack/data/venv/lib/python3.12/site-packages/oslo_config/cfg.py:3560}}
Sep 15 11:07:22.167186 np0000192774 nova-scheduler[108134]: DEBUG cotyledon.oslo_config_glue [-] oslo_messaging_metrics.metrics_thread_stop_timeout = 10 {{(pid=108134) log_opt_values /opt/stack/data/venv/lib/python3.12/site-packages/oslo_config/cfg.py:3560}}
Sep 15 11:07:22.167186 np0000192774 nova-scheduler[108134]: DEBUG cotyledon.oslo_config_glue [-] oslo_messaging_tracing.insecure = False {{(pid=108134) log_opt_values /opt/stack/data/venv/lib/python3.12/site-packages/oslo_config/cfg.py:3560}}
Sep 15 11:07:22.167186 np0000192774 nova-scheduler[108134]: DEBUG cotyledon.oslo_config_glue [-] oslo_messaging_tracing.otel_exporter_otlp_endpoint = http://localhost:4318 {{(pid=108134) log_opt_values /opt/stack/data/venv/lib/python3.12/site-packages/oslo_config/cfg.py:3560}}
Sep 15 11:07:22.167186 np0000192774 nova-scheduler[108134]: DEBUG cotyledon.oslo_config_glue [-] oslo_messaging_tracing.otlp_protocol = http/protobuf {{(pid=108134) log_opt_values /opt/stack/data/venv/lib/python3.12/site-packages/oslo_config/cfg.py:3560}}
Sep 15 11:07:22.167186 np0000192774 nova-scheduler[108134]: DEBUG cotyledon.oslo_config_glue [-] oslo_messaging_tracing.tracing_enabled = False {{(pid=108134) log_opt_values /opt/stack/data/venv/lib/python3.12/site-packages/oslo_config/cfg.py:3560}}
Sep 15 11:07:22.167186 np0000192774 nova-scheduler[108134]: DEBUG cotyledon.oslo_config_glue [-] oslo_messaging_tracing.tracing_service_name = openstack {{(pid=108134) log_opt_values /opt/stack/data/venv/lib/python3.12/site-packages/oslo_config/cfg.py:3560}}
Sep 15 11:07:22.167378 np0000192774 nova-scheduler[108134]: DEBUG cotyledon.oslo_config_glue [-] profiler.connection_string = messaging:// {{(pid=108134) log_opt_values /opt/stack/data/venv/lib/python3.12/site-packages/oslo_config/cfg.py:3560}}
Sep 15 11:07:22.167378 np0000192774 nova-scheduler[108134]: DEBUG cotyledon.oslo_config_glue [-] profiler.enabled = False {{(pid=108134) log_opt_values /opt/stack/data/venv/lib/python3.12/site-packages/oslo_config/cfg.py:3560}}
Sep 15 11:07:22.167378 np0000192774 nova-scheduler[108134]: DEBUG cotyledon.oslo_config_glue [-] profiler.es_doc_type = notification {{(pid=108134) log_opt_values /opt/stack/data/venv/lib/python3.12/site-packages/oslo_config/cfg.py:3560}}
Sep 15 11:07:22.167378 np0000192774 nova-scheduler[108134]: DEBUG cotyledon.oslo_config_glue [-] profiler.es_scroll_size = 10000 {{(pid=108134) log_opt_values /opt/stack/data/venv/lib/python3.12/site-packages/oslo_config/cfg.py:3560}}
Sep 15 11:07:22.167378 np0000192774 nova-scheduler[108134]: DEBUG cotyledon.oslo_config_glue [-] profiler.es_scroll_time = 2m {{(pid=108134) log_opt_values /opt/stack/data/venv/lib/python3.12/site-packages/oslo_config/cfg.py:3560}}
Sep 15 11:07:22.167378 np0000192774 nova-scheduler[108134]: DEBUG cotyledon.oslo_config_glue [-] profiler.filter_error_trace = False {{(pid=108134) log_opt_values /opt/stack/data/venv/lib/python3.12/site-packages/oslo_config/cfg.py:3560}}
Sep 15 11:07:22.167378 np0000192774 nova-scheduler[108134]: DEBUG cotyledon.oslo_config_glue [-] profiler.hmac_keys = **** {{(pid=108134) log_opt_values /opt/stack/data/venv/lib/python3.12/site-packages/oslo_config/cfg.py:3560}}
Sep 15 11:07:22.167378 np0000192774 nova-scheduler[108134]: DEBUG cotyledon.oslo_config_glue [-] profiler.sentinel_service_name = mymaster {{(pid=108134) log_opt_values /opt/stack/data/venv/lib/python3.12/site-packages/oslo_config/cfg.py:3560}}
Sep 15 11:07:22.167378 np0000192774 nova-scheduler[108134]: DEBUG cotyledon.oslo_config_glue [-] profiler.socket_timeout = 0.1 {{(pid=108134) log_opt_values /opt/stack/data/venv/lib/python3.12/site-packages/oslo_config/cfg.py:3560}}
Sep 15 11:07:22.167603 np0000192774 nova-scheduler[108134]: DEBUG cotyledon.oslo_config_glue [-] profiler.trace_requests = False {{(pid=108134) log_opt_values /opt/stack/data/venv/lib/python3.12/site-packages/oslo_config/cfg.py:3560}}
Sep 15 11:07:22.167603 np0000192774 nova-scheduler[108134]: DEBUG cotyledon.oslo_config_glue [-] profiler.trace_sqlalchemy = False {{(pid=108134) log_opt_values /opt/stack/data/venv/lib/python3.12/site-packages/oslo_config/cfg.py:3560}}
Sep 15 11:07:22.167603 np0000192774 nova-scheduler[108134]: DEBUG cotyledon.oslo_config_glue [-] profiler_jaeger.process_tags = {} {{(pid=108134) log_opt_values /opt/stack/data/venv/lib/python3.12/site-packages/oslo_config/cfg.py:3560}}
Sep 15 11:07:22.167603 np0000192774 nova-scheduler[108134]: DEBUG cotyledon.oslo_config_glue [-] profiler_jaeger.service_name_prefix = None {{(pid=108134) log_opt_values /opt/stack/data/venv/lib/python3.12/site-packages/oslo_config/cfg.py:3560}}
Sep 15 11:07:22.167603 np0000192774 nova-scheduler[108134]: DEBUG cotyledon.oslo_config_glue [-] profiler_otlp.service_name_prefix = None {{(pid=108134) log_opt_values /opt/stack/data/venv/lib/python3.12/site-packages/oslo_config/cfg.py:3560}}
Sep 15 11:07:22.167603 np0000192774 nova-scheduler[108134]: DEBUG cotyledon.oslo_config_glue [-] oslo_messaging_rabbit.amqp_auto_delete = False {{(pid=108134) log_opt_values /opt/stack/data/venv/lib/python3.12/site-packages/oslo_config/cfg.py:3560}}
Sep 15 11:07:22.167603 np0000192774 nova-scheduler[108134]: DEBUG cotyledon.oslo_config_glue [-] oslo_messaging_rabbit.amqp_durable_queues = False {{(pid=108134) log_opt_values /opt/stack/data/venv/lib/python3.12/site-packages/oslo_config/cfg.py:3560}}
Sep 15 11:07:22.167603 np0000192774 nova-scheduler[108134]: DEBUG cotyledon.oslo_config_glue [-] oslo_messaging_rabbit.conn_pool_min_size = 2 {{(pid=108134) log_opt_values /opt/stack/data/venv/lib/python3.12/site-packages/oslo_config/cfg.py:3560}}
Sep 15 11:07:22.167603 np0000192774 nova-scheduler[108134]: DEBUG cotyledon.oslo_config_glue [-] oslo_messaging_rabbit.conn_pool_ttl = 1200 {{(pid=108134) log_opt_values /opt/stack/data/venv/lib/python3.12/site-packages/oslo_config/cfg.py:3560}}
Sep 15 11:07:22.167817 np0000192774 nova-scheduler[108134]: DEBUG cotyledon.oslo_config_glue [-] oslo_messaging_rabbit.direct_mandatory_flag = True {{(pid=108134) log_opt_values /opt/stack/data/venv/lib/python3.12/site-packages/oslo_config/cfg.py:3560}}
Sep 15 11:07:22.167817 np0000192774 nova-scheduler[108134]: DEBUG cotyledon.oslo_config_glue [-] oslo_messaging_rabbit.enable_cancel_on_failover = False {{(pid=108134) log_opt_values /opt/stack/data/venv/lib/python3.12/site-packages/oslo_config/cfg.py:3560}}
Sep 15 11:07:22.167817 np0000192774 nova-scheduler[108134]: DEBUG cotyledon.oslo_config_glue [-] oslo_messaging_rabbit.heartbeat_rate = 3 {{(pid=108134) log_opt_values /opt/stack/data/venv/lib/python3.12/site-packages/oslo_config/cfg.py:3560}}
Sep 15 11:07:22.167817 np0000192774 nova-scheduler[108134]: DEBUG cotyledon.oslo_config_glue [-] oslo_messaging_rabbit.heartbeat_timeout_threshold = 60 {{(pid=108134) log_opt_values /opt/stack/data/venv/lib/python3.12/site-packages/oslo_config/cfg.py:3560}}
Sep 15 11:07:22.167817 np0000192774 nova-scheduler[108134]: DEBUG cotyledon.oslo_config_glue [-] oslo_messaging_rabbit.hostname = np0000192774 {{(pid=108134) log_opt_values /opt/stack/data/venv/lib/python3.12/site-packages/oslo_config/cfg.py:3560}}
Sep 15 11:07:22.167817 np0000192774 nova-scheduler[108134]: DEBUG cotyledon.oslo_config_glue [-] oslo_messaging_rabbit.kombu_compression = None {{(pid=108134) log_opt_values /opt/stack/data/venv/lib/python3.12/site-packages/oslo_config/cfg.py:3560}}
Sep 15 11:07:22.167817 np0000192774 nova-scheduler[108134]: DEBUG cotyledon.oslo_config_glue [-] oslo_messaging_rabbit.kombu_failover_strategy = round-robin {{(pid=108134) log_opt_values /opt/stack/data/venv/lib/python3.12/site-packages/oslo_config/cfg.py:3560}}
Sep 15 11:07:22.167817 np0000192774 nova-scheduler[108134]: DEBUG cotyledon.oslo_config_glue [-] oslo_messaging_rabbit.kombu_missing_consumer_retry_timeout = 60 {{(pid=108134) log_opt_values /opt/stack/data/venv/lib/python3.12/site-packages/oslo_config/cfg.py:3560}}
Sep 15 11:07:22.168011 np0000192774 nova-scheduler[108134]: DEBUG cotyledon.oslo_config_glue [-] oslo_messaging_rabbit.kombu_reconnect_delay = 1.0 {{(pid=108134) log_opt_values /opt/stack/data/venv/lib/python3.12/site-packages/oslo_config/cfg.py:3560}}
Sep 15 11:07:22.168011 np0000192774 nova-scheduler[108134]: DEBUG cotyledon.oslo_config_glue [-] oslo_messaging_rabbit.kombu_reconnect_splay = 0.0 {{(pid=108134) log_opt_values /opt/stack/data/venv/lib/python3.12/site-packages/oslo_config/cfg.py:3560}}
Sep 15 11:07:22.168011 np0000192774 nova-scheduler[108134]: DEBUG cotyledon.oslo_config_glue [-] oslo_messaging_rabbit.processname = nova-scheduler {{(pid=108134) log_opt_values /opt/stack/data/venv/lib/python3.12/site-packages/oslo_config/cfg.py:3560}}
Sep 15 11:07:22.168011 np0000192774 nova-scheduler[108134]: DEBUG cotyledon.oslo_config_glue [-] oslo_messaging_rabbit.rabbit_ha_queues = False {{(pid=108134) log_opt_values /opt/stack/data/venv/lib/python3.12/site-packages/oslo_config/cfg.py:3560}}
Sep 15 11:07:22.168011 np0000192774 nova-scheduler[108134]: DEBUG cotyledon.oslo_config_glue [-] oslo_messaging_rabbit.rabbit_interval_max = 30 {{(pid=108134) log_opt_values /opt/stack/data/venv/lib/python3.12/site-packages/oslo_config/cfg.py:3560}}
Sep 15 11:07:22.168011 np0000192774 nova-scheduler[108134]: DEBUG cotyledon.oslo_config_glue [-] oslo_messaging_rabbit.rabbit_login_method = AMQPLAIN {{(pid=108134) log_opt_values /opt/stack/data/venv/lib/python3.12/site-packages/oslo_config/cfg.py:3560}}
Sep 15 11:07:22.168011 np0000192774 nova-scheduler[108134]: DEBUG cotyledon.oslo_config_glue [-] oslo_messaging_rabbit.rabbit_qos_prefetch_count = 0 {{(pid=108134) log_opt_values /opt/stack/data/venv/lib/python3.12/site-packages/oslo_config/cfg.py:3560}}
Sep 15 11:07:22.168011 np0000192774 nova-scheduler[108134]: DEBUG cotyledon.oslo_config_glue [-] oslo_messaging_rabbit.rabbit_quorum_delivery_limit = 0 {{(pid=108134) log_opt_values /opt/stack/data/venv/lib/python3.12/site-packages/oslo_config/cfg.py:3560}}
Sep 15 11:07:22.168011 np0000192774 nova-scheduler[108134]: DEBUG cotyledon.oslo_config_glue [-] oslo_messaging_rabbit.rabbit_quorum_max_memory_bytes = 0 {{(pid=108134) log_opt_values /opt/stack/data/venv/lib/python3.12/site-packages/oslo_config/cfg.py:3560}}
Sep 15 11:07:22.168233 np0000192774 nova-scheduler[108134]: DEBUG cotyledon.oslo_config_glue [-] oslo_messaging_rabbit.rabbit_quorum_max_memory_length = 0 {{(pid=108134) log_opt_values /opt/stack/data/venv/lib/python3.12/site-packages/oslo_config/cfg.py:3560}}
Sep 15 11:07:22.168233 np0000192774 nova-scheduler[108134]: DEBUG cotyledon.oslo_config_glue [-] oslo_messaging_rabbit.rabbit_quorum_queue = False {{(pid=108134) log_opt_values /opt/stack/data/venv/lib/python3.12/site-packages/oslo_config/cfg.py:3560}}
Sep 15 11:07:22.168233 np0000192774 nova-scheduler[108134]: DEBUG cotyledon.oslo_config_glue [-] oslo_messaging_rabbit.rabbit_retry_backoff = 2 {{(pid=108134) log_opt_values /opt/stack/data/venv/lib/python3.12/site-packages/oslo_config/cfg.py:3560}}
Sep 15 11:07:22.168233 np0000192774 nova-scheduler[108134]: DEBUG cotyledon.oslo_config_glue [-] oslo_messaging_rabbit.rabbit_retry_interval = 1 {{(pid=108134) log_opt_values /opt/stack/data/venv/lib/python3.12/site-packages/oslo_config/cfg.py:3560}}
Sep 15 11:07:22.168233 np0000192774 nova-scheduler[108134]: DEBUG cotyledon.oslo_config_glue [-] oslo_messaging_rabbit.rabbit_stream_fanout = False {{(pid=108134) log_opt_values /opt/stack/data/venv/lib/python3.12/site-packages/oslo_config/cfg.py:3560}}
Sep 15 11:07:22.168233 np0000192774 nova-scheduler[108134]: DEBUG cotyledon.oslo_config_glue [-] oslo_messaging_rabbit.rabbit_transient_queues_ttl = 1800 {{(pid=108134) log_opt_values /opt/stack/data/venv/lib/python3.12/site-packages/oslo_config/cfg.py:3560}}
Sep 15 11:07:22.168233 np0000192774 nova-scheduler[108134]: DEBUG cotyledon.oslo_config_glue [-] oslo_messaging_rabbit.rabbit_transient_quorum_queue = False {{(pid=108134) log_opt_values /opt/stack/data/venv/lib/python3.12/site-packages/oslo_config/cfg.py:3560}}
Sep 15 11:07:22.168233 np0000192774 nova-scheduler[108134]: DEBUG cotyledon.oslo_config_glue [-] oslo_messaging_rabbit.rpc_conn_pool_size = 30 {{(pid=108134) log_opt_values /opt/stack/data/venv/lib/python3.12/site-packages/oslo_config/cfg.py:3560}}
Sep 15 11:07:22.168233 np0000192774 nova-scheduler[108134]: DEBUG cotyledon.oslo_config_glue [-] oslo_messaging_rabbit.ssl = False {{(pid=108134) log_opt_values /opt/stack/data/venv/lib/python3.12/site-packages/oslo_config/cfg.py:3560}}
Sep 15 11:07:22.168457 np0000192774 nova-scheduler[108134]: DEBUG cotyledon.oslo_config_glue [-] oslo_messaging_rabbit.ssl_ca_file = {{(pid=108134) log_opt_values /opt/stack/data/venv/lib/python3.12/site-packages/oslo_config/cfg.py:3560}}
Sep 15 11:07:22.168457 np0000192774 nova-scheduler[108134]: DEBUG cotyledon.oslo_config_glue [-] oslo_messaging_rabbit.ssl_cert_file = {{(pid=108134) log_opt_values /opt/stack/data/venv/lib/python3.12/site-packages/oslo_config/cfg.py:3560}}
Sep 15 11:07:22.168457 np0000192774 nova-scheduler[108134]: DEBUG cotyledon.oslo_config_glue [-] oslo_messaging_rabbit.ssl_enforce_fips_mode = False {{(pid=108134) log_opt_values /opt/stack/data/venv/lib/python3.12/site-packages/oslo_config/cfg.py:3560}}
Sep 15 11:07:22.168457 np0000192774 nova-scheduler[108134]: DEBUG cotyledon.oslo_config_glue [-] oslo_messaging_rabbit.ssl_enforce_hostname_verification = True {{(pid=108134) log_opt_values /opt/stack/data/venv/lib/python3.12/site-packages/oslo_config/cfg.py:3560}}
Sep 15 11:07:22.168457 np0000192774 nova-scheduler[108134]: DEBUG cotyledon.oslo_config_glue [-] oslo_messaging_rabbit.ssl_key_file = {{(pid=108134) log_opt_values /opt/stack/data/venv/lib/python3.12/site-packages/oslo_config/cfg.py:3560}}
Sep 15 11:07:22.168457 np0000192774 nova-scheduler[108134]: DEBUG cotyledon.oslo_config_glue [-] oslo_messaging_rabbit.ssl_version = {{(pid=108134) log_opt_values /opt/stack/data/venv/lib/python3.12/site-packages/oslo_config/cfg.py:3560}}
Sep 15 11:07:22.168457 np0000192774 nova-scheduler[108134]: DEBUG cotyledon.oslo_config_glue [-] oslo_messaging_rabbit.use_queue_manager = False {{(pid=108134) log_opt_values /opt/stack/data/venv/lib/python3.12/site-packages/oslo_config/cfg.py:3560}}
Sep 15 11:07:22.168457 np0000192774 nova-scheduler[108134]: DEBUG cotyledon.oslo_config_glue [-] oslo_messaging_notifications.driver = ['messagingv2'] {{(pid=108134) log_opt_values /opt/stack/data/venv/lib/python3.12/site-packages/oslo_config/cfg.py:3560}}
Sep 15 11:07:22.168457 np0000192774 nova-scheduler[108134]: DEBUG cotyledon.oslo_config_glue [-] oslo_messaging_notifications.retry = -1 {{(pid=108134) log_opt_values /opt/stack/data/venv/lib/python3.12/site-packages/oslo_config/cfg.py:3560}}
Sep 15 11:07:22.168678 np0000192774 nova-scheduler[108134]: DEBUG cotyledon.oslo_config_glue [-] oslo_messaging_notifications.topics = ['notifications'] {{(pid=108134) log_opt_values /opt/stack/data/venv/lib/python3.12/site-packages/oslo_config/cfg.py:3560}}
Sep 15 11:07:22.168678 np0000192774 nova-scheduler[108134]: DEBUG cotyledon.oslo_config_glue [-] oslo_messaging_notifications.transport_url = **** {{(pid=108134) log_opt_values /opt/stack/data/venv/lib/python3.12/site-packages/oslo_config/cfg.py:3560}}
Sep 15 11:07:22.168678 np0000192774 nova-scheduler[108134]: DEBUG cotyledon.oslo_config_glue [-] oslo_limit.auth_section = None {{(pid=108134) log_opt_values /opt/stack/data/venv/lib/python3.12/site-packages/oslo_config/cfg.py:3560}}
Sep 15 11:07:22.168678 np0000192774 nova-scheduler[108134]: DEBUG cotyledon.oslo_config_glue [-] oslo_limit.auth_type = None {{(pid=108134) log_opt_values /opt/stack/data/venv/lib/python3.12/site-packages/oslo_config/cfg.py:3560}}
Sep 15 11:07:22.168678 np0000192774 nova-scheduler[108134]: DEBUG cotyledon.oslo_config_glue [-] oslo_limit.cafile = None {{(pid=108134) log_opt_values /opt/stack/data/venv/lib/python3.12/site-packages/oslo_config/cfg.py:3560}}
Sep 15 11:07:22.168678 np0000192774 nova-scheduler[108134]: DEBUG cotyledon.oslo_config_glue [-] oslo_limit.certfile = None {{(pid=108134) log_opt_values /opt/stack/data/venv/lib/python3.12/site-packages/oslo_config/cfg.py:3560}}
Sep 15 11:07:22.168678 np0000192774 nova-scheduler[108134]: DEBUG cotyledon.oslo_config_glue [-] oslo_limit.collect_timing = False {{(pid=108134) log_opt_values /opt/stack/data/venv/lib/python3.12/site-packages/oslo_config/cfg.py:3560}}
Sep 15 11:07:22.168678 np0000192774 nova-scheduler[108134]: DEBUG cotyledon.oslo_config_glue [-] oslo_limit.connect_retries = None {{(pid=108134) log_opt_values /opt/stack/data/venv/lib/python3.12/site-packages/oslo_config/cfg.py:3560}}
Sep 15 11:07:22.168678 np0000192774 nova-scheduler[108134]: DEBUG cotyledon.oslo_config_glue [-] oslo_limit.connect_retry_delay = None {{(pid=108134) log_opt_values /opt/stack/data/venv/lib/python3.12/site-packages/oslo_config/cfg.py:3560}}
Sep 15 11:07:22.168880 np0000192774 nova-scheduler[108134]: DEBUG cotyledon.oslo_config_glue [-] oslo_limit.endpoint_id = None {{(pid=108134) log_opt_values /opt/stack/data/venv/lib/python3.12/site-packages/oslo_config/cfg.py:3560}}
Sep 15 11:07:22.168880 np0000192774 nova-scheduler[108134]: DEBUG cotyledon.oslo_config_glue [-] oslo_limit.endpoint_interface = public {{(pid=108134) log_opt_values /opt/stack/data/venv/lib/python3.12/site-packages/oslo_config/cfg.py:3560}}
Sep 15 11:07:22.168880 np0000192774 nova-scheduler[108134]: DEBUG cotyledon.oslo_config_glue [-] oslo_limit.endpoint_override = None {{(pid=108134) log_opt_values /opt/stack/data/venv/lib/python3.12/site-packages/oslo_config/cfg.py:3560}}
Sep 15 11:07:22.168880 np0000192774 nova-scheduler[108134]: DEBUG cotyledon.oslo_config_glue [-] oslo_limit.endpoint_region_name = None {{(pid=108134) log_opt_values /opt/stack/data/venv/lib/python3.12/site-packages/oslo_config/cfg.py:3560}}
Sep 15 11:07:22.168880 np0000192774 nova-scheduler[108134]: DEBUG cotyledon.oslo_config_glue [-] oslo_limit.endpoint_service_name = None {{(pid=108134) log_opt_values /opt/stack/data/venv/lib/python3.12/site-packages/oslo_config/cfg.py:3560}}
Sep 15 11:07:22.168880 np0000192774 nova-scheduler[108134]: DEBUG cotyledon.oslo_config_glue [-] oslo_limit.endpoint_service_type = None {{(pid=108134) log_opt_values /opt/stack/data/venv/lib/python3.12/site-packages/oslo_config/cfg.py:3560}}
Sep 15 11:07:22.168880 np0000192774 nova-scheduler[108134]: DEBUG cotyledon.oslo_config_glue [-] oslo_limit.insecure = False {{(pid=108134) log_opt_values /opt/stack/data/venv/lib/python3.12/site-packages/oslo_config/cfg.py:3560}}
Sep 15 11:07:22.168880 np0000192774 nova-scheduler[108134]: DEBUG cotyledon.oslo_config_glue [-] oslo_limit.keyfile = None {{(pid=108134) log_opt_values /opt/stack/data/venv/lib/python3.12/site-packages/oslo_config/cfg.py:3560}}
Sep 15 11:07:22.168880 np0000192774 nova-scheduler[108134]: DEBUG cotyledon.oslo_config_glue [-] oslo_limit.max_version = None {{(pid=108134) log_opt_values /opt/stack/data/venv/lib/python3.12/site-packages/oslo_config/cfg.py:3560}}
Sep 15 11:07:22.169101 np0000192774 nova-scheduler[108134]: DEBUG cotyledon.oslo_config_glue [-] oslo_limit.min_version = None {{(pid=108134) log_opt_values /opt/stack/data/venv/lib/python3.12/site-packages/oslo_config/cfg.py:3560}}
Sep 15 11:07:22.169101 np0000192774 nova-scheduler[108134]: DEBUG cotyledon.oslo_config_glue [-] oslo_limit.region_name = None {{(pid=108134) log_opt_values /opt/stack/data/venv/lib/python3.12/site-packages/oslo_config/cfg.py:3560}}
Sep 15 11:07:22.169101 np0000192774 nova-scheduler[108134]: DEBUG cotyledon.oslo_config_glue [-] oslo_limit.retriable_status_codes = None {{(pid=108134) log_opt_values /opt/stack/data/venv/lib/python3.12/site-packages/oslo_config/cfg.py:3560}}
Sep 15 11:07:22.169101 np0000192774 nova-scheduler[108134]: DEBUG cotyledon.oslo_config_glue [-] oslo_limit.service_name = None {{(pid=108134) log_opt_values /opt/stack/data/venv/lib/python3.12/site-packages/oslo_config/cfg.py:3560}}
Sep 15 11:07:22.169101 np0000192774 nova-scheduler[108134]: DEBUG cotyledon.oslo_config_glue [-] oslo_limit.service_type = None {{(pid=108134) log_opt_values /opt/stack/data/venv/lib/python3.12/site-packages/oslo_config/cfg.py:3560}}
Sep 15 11:07:22.169101 np0000192774 nova-scheduler[108134]: DEBUG cotyledon.oslo_config_glue [-] oslo_limit.split_loggers = False {{(pid=108134) log_opt_values /opt/stack/data/venv/lib/python3.12/site-packages/oslo_config/cfg.py:3560}}
Sep 15 11:07:22.169101 np0000192774 nova-scheduler[108134]: DEBUG cotyledon.oslo_config_glue [-] oslo_limit.status_code_retries = None {{(pid=108134) log_opt_values /opt/stack/data/venv/lib/python3.12/site-packages/oslo_config/cfg.py:3560}}
Sep 15 11:07:22.169101 np0000192774 nova-scheduler[108134]: DEBUG cotyledon.oslo_config_glue [-] oslo_limit.status_code_retry_delay = None {{(pid=108134) log_opt_values /opt/stack/data/venv/lib/python3.12/site-packages/oslo_config/cfg.py:3560}}
Sep 15 11:07:22.169101 np0000192774 nova-scheduler[108134]: DEBUG cotyledon.oslo_config_glue [-] oslo_limit.timeout = None {{(pid=108134) log_opt_values /opt/stack/data/venv/lib/python3.12/site-packages/oslo_config/cfg.py:3560}}
Sep 15 11:07:22.169308 np0000192774 nova-scheduler[108134]: DEBUG cotyledon.oslo_config_glue [-] oslo_limit.tls_ciphers = None {{(pid=108134) log_opt_values /opt/stack/data/venv/lib/python3.12/site-packages/oslo_config/cfg.py:3560}}
Sep 15 11:07:22.169308 np0000192774 nova-scheduler[108134]: DEBUG cotyledon.oslo_config_glue [-] oslo_limit.tls_min_version = None {{(pid=108134) log_opt_values /opt/stack/data/venv/lib/python3.12/site-packages/oslo_config/cfg.py:3560}}
Sep 15 11:07:22.169308 np0000192774 nova-scheduler[108134]: DEBUG cotyledon.oslo_config_glue [-] oslo_limit.valid_interfaces = None {{(pid=108134) log_opt_values /opt/stack/data/venv/lib/python3.12/site-packages/oslo_config/cfg.py:3560}}
Sep 15 11:07:22.169308 np0000192774 nova-scheduler[108134]: DEBUG cotyledon.oslo_config_glue [-] oslo_limit.version = None {{(pid=108134) log_opt_values /opt/stack/data/venv/lib/python3.12/site-packages/oslo_config/cfg.py:3560}}
Sep 15 11:07:22.169308 np0000192774 nova-scheduler[108134]: DEBUG cotyledon.oslo_config_glue [-] oslo_reports.file_event_handler = None {{(pid=108134) log_opt_values /opt/stack/data/venv/lib/python3.12/site-packages/oslo_config/cfg.py:3560}}
Sep 15 11:07:22.169308 np0000192774 nova-scheduler[108134]: DEBUG cotyledon.oslo_config_glue [-] oslo_reports.file_event_handler_interval = 1 {{(pid=108134) log_opt_values /opt/stack/data/venv/lib/python3.12/site-packages/oslo_config/cfg.py:3560}}
Sep 15 11:07:22.169308 np0000192774 nova-scheduler[108134]: DEBUG cotyledon.oslo_config_glue [-] oslo_reports.log_dir = None {{(pid=108134) log_opt_values /opt/stack/data/venv/lib/python3.12/site-packages/oslo_config/cfg.py:3560}}
Sep 15 11:07:22.169308 np0000192774 nova-scheduler[108134]: DEBUG cotyledon.oslo_config_glue [-] ******************************************************************************** {{(pid=108134) log_opt_values /opt/stack/data/venv/lib/python3.12/site-packages/oslo_config/cfg.py:3567}}
Sep 15 11:07:22.169308 np0000192774 nova-scheduler[108134]: DEBUG cotyledon._service_worker [-] Run service ServiceWrapper(3) [108134] {{(pid=108134) wait_forever /opt/stack/data/venv/lib/python3.12/site-packages/cotyledon/_service_worker.py:218}}
Sep 15 11:07:22.169526 np0000192774 nova-scheduler[108108]: DEBUG dbcounter [-] [108108] Writer thread running {{(pid=108108) stat_writer /opt/stack/data/venv/lib/python3.12/site-packages/dbcounter.py:102}}
Sep 15 11:07:22.172391 np0000192774 nova-scheduler[108127]: INFO dbcounter [None req-a3e319fc-1a37-46bd-bc78-c8352dc527ce None None] Registered counter for database nova_cell0
Sep 15 11:07:22.173181 np0000192774 nova-scheduler[108134]: INFO nova.service [-] Starting scheduler node (version 34.1.0)
Sep 15 11:07:22.182979 np0000192774 nova-scheduler[108134]: INFO dbcounter [None req-b2b68ace-e565-4e1b-999a-2fe75e4862d9 None None] Registered counter for database nova_cell0
Sep 15 11:07:22.190988 np0000192774 nova-scheduler[108108]: DEBUG nova.service [None req-cfdc6f7d-8882-4aa2-aea6-47698565062b None None] Creating RPC server for service: nova-scheduler on topic: scheduler {{(pid=108108) start /opt/stack/nova/nova/service.py:262}}
Sep 15 11:07:22.198499 np0000192774 nova-scheduler[108121]: DEBUG oslo_db.sqlalchemy.engines [None req-bc0f9352-c840-4390-9d5b-4293db6acbc0 None None] MySQL server mode set to STRICT_TRANS_TABLES,STRICT_ALL_TABLES,NO_ZERO_IN_DATE,NO_ZERO_DATE,ERROR_FOR_DIVISION_BY_ZERO,TRADITIONAL,NO_ENGINE_SUBSTITUTION {{(pid=108121) _check_effective_sql_mode /opt/stack/data/venv/lib/python3.12/site-packages/oslo_db/sqlalchemy/engines.py:325}}
Sep 15 11:07:22.211626 np0000192774 nova-scheduler[108121]: DEBUG dbcounter [-] [108121] Writer thread running {{(pid=108121) stat_writer /opt/stack/data/venv/lib/python3.12/site-packages/dbcounter.py:102}}
Sep 15 11:07:22.215502 np0000192774 nova-scheduler[108121]: DEBUG nova.service [None req-bc0f9352-c840-4390-9d5b-4293db6acbc0 None None] Creating RPC server for service: nova-scheduler on topic: scheduler {{(pid=108121) start /opt/stack/nova/nova/service.py:262}}
Sep 15 11:07:22.222317 np0000192774 nova-scheduler[108108]: DEBUG nova.service [None req-cfdc6f7d-8882-4aa2-aea6-47698565062b None None] Join ServiceGroup membership for this service scheduler {{(pid=108108) start /opt/stack/nova/nova/service.py:288}}
Sep 15 11:07:22.222480 np0000192774 nova-scheduler[108108]: DEBUG nova.servicegroup.drivers.db [None req-cfdc6f7d-8882-4aa2-aea6-47698565062b None None] DB_Driver: join new ServiceGroup member np0000192774 to the scheduler group, service = {{(pid=108108) join /opt/stack/nova/nova/servicegroup/drivers/db.py:44}}
Sep 15 11:07:22.237354 np0000192774 nova-scheduler[108134]: DEBUG oslo_db.sqlalchemy.engines [None req-b2b68ace-e565-4e1b-999a-2fe75e4862d9 None None] MySQL server mode set to STRICT_TRANS_TABLES,STRICT_ALL_TABLES,NO_ZERO_IN_DATE,NO_ZERO_DATE,ERROR_FOR_DIVISION_BY_ZERO,TRADITIONAL,NO_ENGINE_SUBSTITUTION {{(pid=108134) _check_effective_sql_mode /opt/stack/data/venv/lib/python3.12/site-packages/oslo_db/sqlalchemy/engines.py:325}}
Sep 15 11:07:22.242942 np0000192774 nova-scheduler[108121]: DEBUG nova.service [None req-bc0f9352-c840-4390-9d5b-4293db6acbc0 None None] Join ServiceGroup membership for this service scheduler {{(pid=108121) start /opt/stack/nova/nova/service.py:288}}
Sep 15 11:07:22.243140 np0000192774 nova-scheduler[108121]: DEBUG nova.servicegroup.drivers.db [None req-bc0f9352-c840-4390-9d5b-4293db6acbc0 None None] DB_Driver: join new ServiceGroup member np0000192774 to the scheduler group, service = {{(pid=108121) join /opt/stack/nova/nova/servicegroup/drivers/db.py:44}}
Sep 15 11:07:22.250870 np0000192774 nova-scheduler[108134]: DEBUG dbcounter [-] [108134] Writer thread running {{(pid=108134) stat_writer /opt/stack/data/venv/lib/python3.12/site-packages/dbcounter.py:102}}
Sep 15 11:07:22.251932 np0000192774 nova-scheduler[108127]: DEBUG oslo_db.sqlalchemy.engines [None req-a3e319fc-1a37-46bd-bc78-c8352dc527ce None None] MySQL server mode set to STRICT_TRANS_TABLES,STRICT_ALL_TABLES,NO_ZERO_IN_DATE,NO_ZERO_DATE,ERROR_FOR_DIVISION_BY_ZERO,TRADITIONAL,NO_ENGINE_SUBSTITUTION {{(pid=108127) _check_effective_sql_mode /opt/stack/data/venv/lib/python3.12/site-packages/oslo_db/sqlalchemy/engines.py:325}}
Sep 15 11:07:22.254686 np0000192774 nova-scheduler[108134]: DEBUG nova.service [None req-b2b68ace-e565-4e1b-999a-2fe75e4862d9 None None] Creating RPC server for service: nova-scheduler on topic: scheduler {{(pid=108134) start /opt/stack/nova/nova/service.py:262}}
Sep 15 11:07:22.268941 np0000192774 nova-scheduler[108127]: DEBUG dbcounter [-] [108127] Writer thread running {{(pid=108127) stat_writer /opt/stack/data/venv/lib/python3.12/site-packages/dbcounter.py:102}}
Sep 15 11:07:22.274657 np0000192774 nova-scheduler[108127]: DEBUG nova.service [None req-a3e319fc-1a37-46bd-bc78-c8352dc527ce None None] Creating RPC server for service: nova-scheduler on topic: scheduler {{(pid=108127) start /opt/stack/nova/nova/service.py:262}}
Sep 15 11:07:22.280988 np0000192774 nova-scheduler[108134]: DEBUG nova.service [None req-b2b68ace-e565-4e1b-999a-2fe75e4862d9 None None] Join ServiceGroup membership for this service scheduler {{(pid=108134) start /opt/stack/nova/nova/service.py:288}}
Sep 15 11:07:22.281226 np0000192774 nova-scheduler[108134]: DEBUG nova.servicegroup.drivers.db [None req-b2b68ace-e565-4e1b-999a-2fe75e4862d9 None None] DB_Driver: join new ServiceGroup member np0000192774 to the scheduler group, service = {{(pid=108134) join /opt/stack/nova/nova/servicegroup/drivers/db.py:44}}
Sep 15 11:07:22.298444 np0000192774 nova-scheduler[108127]: DEBUG nova.service [None req-a3e319fc-1a37-46bd-bc78-c8352dc527ce None None] Join ServiceGroup membership for this service scheduler {{(pid=108127) start /opt/stack/nova/nova/service.py:288}}
Sep 15 11:07:22.298813 np0000192774 nova-scheduler[108127]: DEBUG nova.servicegroup.drivers.db [None req-a3e319fc-1a37-46bd-bc78-c8352dc527ce None None] DB_Driver: join new ServiceGroup member np0000192774 to the scheduler group, service = {{(pid=108127) join /opt/stack/nova/nova/servicegroup/drivers/db.py:44}}
Sep 15 11:07:27.245786 np0000192774 nova-scheduler[108108]: DEBUG oslo.service.backend._threading.loopingcall [-] Fixed interval looping call 'nova.servicegroup.drivers.db.DbDriver._report_state' sleeping for 119.98 seconds {{(pid=108108) _run_loop /opt/stack/data/venv/lib/python3.12/site-packages/oslo_service/backend/_threading/loopingcall.py:125}}
Sep 15 11:07:27.262362 np0000192774 nova-scheduler[108121]: DEBUG oslo.service.backend._threading.loopingcall [-] Fixed interval looping call 'nova.servicegroup.drivers.db.DbDriver._report_state' sleeping for 119.98 seconds {{(pid=108121) _run_loop /opt/stack/data/venv/lib/python3.12/site-packages/oslo_service/backend/_threading/loopingcall.py:125}}
Sep 15 11:07:27.300470 np0000192774 nova-scheduler[108134]: DEBUG oslo.service.backend._threading.loopingcall [-] Fixed interval looping call 'nova.servicegroup.drivers.db.DbDriver._report_state' sleeping for 119.98 seconds {{(pid=108134) _run_loop /opt/stack/data/venv/lib/python3.12/site-packages/oslo_service/backend/_threading/loopingcall.py:125}}
Sep 15 11:07:27.315969 np0000192774 nova-scheduler[108127]: DEBUG oslo.service.backend._threading.loopingcall [-] Fixed interval looping call 'nova.servicegroup.drivers.db.DbDriver._report_state' sleeping for 119.98 seconds {{(pid=108127) _run_loop /opt/stack/data/venv/lib/python3.12/site-packages/oslo_service/backend/_threading/loopingcall.py:125}}
Sep 15 11:07:30.701180 np0000192774 nova-scheduler[107437]: DEBUG dbcounter [-] [107437] Writing DB stats nova_api:SELECT=3 {{(pid=107437) stat_writer /opt/stack/data/venv/lib/python3.12/site-packages/dbcounter.py:115}}
Sep 15 11:07:30.881260 np0000192774 nova-scheduler[107437]: DEBUG dbcounter [-] [107437] Writing DB stats nova_cell1:SELECT=1 {{(pid=107437) stat_writer /opt/stack/data/venv/lib/python3.12/site-packages/dbcounter.py:115}}
Sep 15 11:07:30.887695 np0000192774 nova-scheduler[107437]: DEBUG dbcounter [-] [107437] Writing DB stats nova_cell0:SELECT=1 {{(pid=107437) stat_writer /opt/stack/data/venv/lib/python3.12/site-packages/dbcounter.py:115}}
Sep 15 11:07:37.237696 np0000192774 nova-scheduler[108108]: DEBUG dbcounter [-] [108108] Writing DB stats nova_cell0:SELECT=4,nova_cell0:INSERT=1,nova_cell0:UPDATE=1 {{(pid=108108) stat_writer /opt/stack/data/venv/lib/python3.12/site-packages/dbcounter.py:115}}
Sep 15 11:07:37.257371 np0000192774 nova-scheduler[108121]: DEBUG dbcounter [-] [108121] Writing DB stats nova_cell0:SELECT=3 {{(pid=108121) stat_writer /opt/stack/data/venv/lib/python3.12/site-packages/dbcounter.py:115}}
Sep 15 11:07:37.294325 np0000192774 nova-scheduler[108134]: DEBUG dbcounter [-] [108134] Writing DB stats nova_cell0:SELECT=3 {{(pid=108134) stat_writer /opt/stack/data/venv/lib/python3.12/site-packages/dbcounter.py:115}}
Sep 15 11:07:37.311029 np0000192774 nova-scheduler[108127]: DEBUG dbcounter [-] [108127] Writing DB stats nova_cell0:SELECT=3 {{(pid=108127) stat_writer /opt/stack/data/venv/lib/python3.12/site-packages/dbcounter.py:115}}
Sep 15 11:07:47.301670 np0000192774 nova-scheduler[108127]: DEBUG oslo.service.backend._threading.loopingcall [None req-e647abad-7919-44a9-a96b-b85de2d541fb None None] Dynamic interval looping call 'nova.service.Service.periodic_tasks' sleeping for 60.00 seconds {{(pid=108127) _run_loop /opt/stack/data/venv/lib/python3.12/site-packages/oslo_service/backend/_threading/loopingcall.py:125}}
Sep 15 11:07:53.247420 np0000192774 nova-scheduler[108121]: DEBUG oslo.service.backend._threading.loopingcall [None req-7db46608-ab04-475b-904c-59f88cc13f4e None None] Dynamic interval looping call 'nova.service.Service.periodic_tasks' sleeping for 60.00 seconds {{(pid=108121) _run_loop /opt/stack/data/venv/lib/python3.12/site-packages/oslo_service/backend/_threading/loopingcall.py:125}}
Sep 15 11:08:05.284521 np0000192774 nova-scheduler[108134]: DEBUG oslo.service.backend._threading.loopingcall [None req-01ea6974-589e-4e16-a71b-a5dd58873b86 None None] Dynamic interval looping call 'nova.service.Service.periodic_tasks' sleeping for 60.00 seconds {{(pid=108134) _run_loop /opt/stack/data/venv/lib/python3.12/site-packages/oslo_service/backend/_threading/loopingcall.py:125}}
Sep 15 11:08:15.225296 np0000192774 nova-scheduler[108108]: DEBUG oslo.service.backend._threading.loopingcall [None req-390389d3-4f65-4f7d-a362-12d6df1e0a30 None None] Dynamic interval looping call 'nova.service.Service.periodic_tasks' sleeping for 60.00 seconds {{(pid=108108) _run_loop /opt/stack/data/venv/lib/python3.12/site-packages/oslo_service/backend/_threading/loopingcall.py:125}}
Sep 15 11:08:47.304005 np0000192774 nova-scheduler[108127]: DEBUG oslo.service.backend._threading.loopingcall [None req-e647abad-7919-44a9-a96b-b85de2d541fb None None] Dynamic interval looping call 'nova.service.Service.periodic_tasks' sleeping for 60.00 seconds {{(pid=108127) _run_loop /opt/stack/data/venv/lib/python3.12/site-packages/oslo_service/backend/_threading/loopingcall.py:125}}
Sep 15 11:08:53.247888 np0000192774 nova-scheduler[108121]: DEBUG oslo.service.backend._threading.loopingcall [None req-7db46608-ab04-475b-904c-59f88cc13f4e None None] Dynamic interval looping call 'nova.service.Service.periodic_tasks' sleeping for 60.00 seconds {{(pid=108121) _run_loop /opt/stack/data/venv/lib/python3.12/site-packages/oslo_service/backend/_threading/loopingcall.py:125}}
Sep 15 11:09:05.285278 np0000192774 nova-scheduler[108134]: DEBUG oslo.service.backend._threading.loopingcall [None req-01ea6974-589e-4e16-a71b-a5dd58873b86 None None] Dynamic interval looping call 'nova.service.Service.periodic_tasks' sleeping for 60.00 seconds {{(pid=108134) _run_loop /opt/stack/data/venv/lib/python3.12/site-packages/oslo_service/backend/_threading/loopingcall.py:125}}
Sep 15 11:09:15.226180 np0000192774 nova-scheduler[108108]: DEBUG oslo.service.backend._threading.loopingcall [None req-390389d3-4f65-4f7d-a362-12d6df1e0a30 None None] Dynamic interval looping call 'nova.service.Service.periodic_tasks' sleeping for 60.00 seconds {{(pid=108108) _run_loop /opt/stack/data/venv/lib/python3.12/site-packages/oslo_service/backend/_threading/loopingcall.py:125}}
Sep 15 11:09:27.239725 np0000192774 nova-scheduler[108108]: DEBUG oslo.service.backend._threading.loopingcall [-] Fixed interval looping call 'nova.servicegroup.drivers.db.DbDriver._report_state' sleeping for 119.99 seconds {{(pid=108108) _run_loop /opt/stack/data/venv/lib/python3.12/site-packages/oslo_service/backend/_threading/loopingcall.py:125}}
Sep 15 11:09:27.249260 np0000192774 nova-scheduler[108121]: DEBUG oslo.service.backend._threading.loopingcall [-] Fixed interval looping call 'nova.servicegroup.drivers.db.DbDriver._report_state' sleeping for 119.99 seconds {{(pid=108121) _run_loop /opt/stack/data/venv/lib/python3.12/site-packages/oslo_service/backend/_threading/loopingcall.py:125}}
Sep 15 11:09:27.287238 np0000192774 nova-scheduler[108134]: DEBUG oslo.service.backend._threading.loopingcall [-] Fixed interval looping call 'nova.servicegroup.drivers.db.DbDriver._report_state' sleeping for 119.99 seconds {{(pid=108134) _run_loop /opt/stack/data/venv/lib/python3.12/site-packages/oslo_service/backend/_threading/loopingcall.py:125}}
Sep 15 11:09:27.302385 np0000192774 nova-scheduler[108127]: DEBUG oslo.service.backend._threading.loopingcall [-] Fixed interval looping call 'nova.servicegroup.drivers.db.DbDriver._report_state' sleeping for 119.99 seconds {{(pid=108127) _run_loop /opt/stack/data/venv/lib/python3.12/site-packages/oslo_service/backend/_threading/loopingcall.py:125}}
Sep 15 11:09:37.232624 np0000192774 nova-scheduler[108108]: DEBUG dbcounter [-] [108108] Writing DB stats nova_cell0:SELECT=1,nova_cell0:UPDATE=1 {{(pid=108108) stat_writer /opt/stack/data/venv/lib/python3.12/site-packages/dbcounter.py:115}}
Sep 15 11:09:37.245881 np0000192774 nova-scheduler[108121]: DEBUG dbcounter [-] [108121] Writing DB stats nova_cell0:SELECT=1 {{(pid=108121) stat_writer /opt/stack/data/venv/lib/python3.12/site-packages/dbcounter.py:115}}
Sep 15 11:09:37.284319 np0000192774 nova-scheduler[108134]: DEBUG dbcounter [-] [108134] Writing DB stats nova_cell0:SELECT=1 {{(pid=108134) stat_writer /opt/stack/data/venv/lib/python3.12/site-packages/dbcounter.py:115}}
Sep 15 11:09:37.300450 np0000192774 nova-scheduler[108127]: DEBUG dbcounter [-] [108127] Writing DB stats nova_cell0:SELECT=1 {{(pid=108127) stat_writer /opt/stack/data/venv/lib/python3.12/site-packages/dbcounter.py:115}}
Sep 15 11:09:47.304743 np0000192774 nova-scheduler[108127]: DEBUG oslo.service.backend._threading.loopingcall [None req-e647abad-7919-44a9-a96b-b85de2d541fb None None] Dynamic interval looping call 'nova.service.Service.periodic_tasks' sleeping for 60.00 seconds {{(pid=108127) _run_loop /opt/stack/data/venv/lib/python3.12/site-packages/oslo_service/backend/_threading/loopingcall.py:125}}
Sep 15 11:09:53.248631 np0000192774 nova-scheduler[108121]: DEBUG oslo.service.backend._threading.loopingcall [None req-7db46608-ab04-475b-904c-59f88cc13f4e None None] Dynamic interval looping call 'nova.service.Service.periodic_tasks' sleeping for 60.00 seconds {{(pid=108121) _run_loop /opt/stack/data/venv/lib/python3.12/site-packages/oslo_service/backend/_threading/loopingcall.py:125}}
Sep 15 11:10:05.286187 np0000192774 nova-scheduler[108134]: DEBUG oslo.service.backend._threading.loopingcall [None req-01ea6974-589e-4e16-a71b-a5dd58873b86 None None] Dynamic interval looping call 'nova.service.Service.periodic_tasks' sleeping for 60.00 seconds {{(pid=108134) _run_loop /opt/stack/data/venv/lib/python3.12/site-packages/oslo_service/backend/_threading/loopingcall.py:125}}
Sep 15 11:10:15.227221 np0000192774 nova-scheduler[108108]: DEBUG oslo.service.backend._threading.loopingcall [None req-390389d3-4f65-4f7d-a362-12d6df1e0a30 None None] Dynamic interval looping call 'nova.service.Service.periodic_tasks' sleeping for 60.00 seconds {{(pid=108108) _run_loop /opt/stack/data/venv/lib/python3.12/site-packages/oslo_service/backend/_threading/loopingcall.py:125}}
Sep 15 11:10:47.305540 np0000192774 nova-scheduler[108127]: DEBUG oslo.service.backend._threading.loopingcall [None req-e647abad-7919-44a9-a96b-b85de2d541fb None None] Dynamic interval looping call 'nova.service.Service.periodic_tasks' sleeping for 60.00 seconds {{(pid=108127) _run_loop /opt/stack/data/venv/lib/python3.12/site-packages/oslo_service/backend/_threading/loopingcall.py:125}}
Sep 15 11:10:53.249359 np0000192774 nova-scheduler[108121]: DEBUG oslo.service.backend._threading.loopingcall [None req-7db46608-ab04-475b-904c-59f88cc13f4e None None] Dynamic interval looping call 'nova.service.Service.periodic_tasks' sleeping for 60.00 seconds {{(pid=108121) _run_loop /opt/stack/data/venv/lib/python3.12/site-packages/oslo_service/backend/_threading/loopingcall.py:125}}
Sep 15 11:11:05.287372 np0000192774 nova-scheduler[108134]: DEBUG oslo.service.backend._threading.loopingcall [None req-01ea6974-589e-4e16-a71b-a5dd58873b86 None None] Dynamic interval looping call 'nova.service.Service.periodic_tasks' sleeping for 60.00 seconds {{(pid=108134) _run_loop /opt/stack/data/venv/lib/python3.12/site-packages/oslo_service/backend/_threading/loopingcall.py:125}}
Sep 15 11:11:15.228299 np0000192774 nova-scheduler[108108]: DEBUG oslo.service.backend._threading.loopingcall [None req-390389d3-4f65-4f7d-a362-12d6df1e0a30 None None] Dynamic interval looping call 'nova.service.Service.periodic_tasks' sleeping for 60.00 seconds {{(pid=108108) _run_loop /opt/stack/data/venv/lib/python3.12/site-packages/oslo_service/backend/_threading/loopingcall.py:125}}
Sep 15 11:11:27.247718 np0000192774 nova-scheduler[108108]: DEBUG oslo.service.backend._threading.loopingcall [-] Fixed interval looping call 'nova.servicegroup.drivers.db.DbDriver._report_state' sleeping for 119.98 seconds {{(pid=108108) _run_loop /opt/stack/data/venv/lib/python3.12/site-packages/oslo_service/backend/_threading/loopingcall.py:125}}
Sep 15 11:11:27.253878 np0000192774 nova-scheduler[108121]: DEBUG oslo.service.backend._threading.loopingcall [-] Fixed interval looping call 'nova.servicegroup.drivers.db.DbDriver._report_state' sleeping for 119.99 seconds {{(pid=108121) _run_loop /opt/stack/data/venv/lib/python3.12/site-packages/oslo_service/backend/_threading/loopingcall.py:125}}
Sep 15 11:11:27.282731 np0000192774 nova-scheduler[108134]: DEBUG oslo.service.backend._threading.loopingcall [-] Fixed interval looping call 'nova.servicegroup.drivers.db.DbDriver._report_state' sleeping for 119.99 seconds {{(pid=108134) _run_loop /opt/stack/data/venv/lib/python3.12/site-packages/oslo_service/backend/_threading/loopingcall.py:125}}
Sep 15 11:11:27.298875 np0000192774 nova-scheduler[108127]: DEBUG oslo.service.backend._threading.loopingcall [-] Fixed interval looping call 'nova.servicegroup.drivers.db.DbDriver._report_state' sleeping for 119.99 seconds {{(pid=108127) _run_loop /opt/stack/data/venv/lib/python3.12/site-packages/oslo_service/backend/_threading/loopingcall.py:125}}
Sep 15 11:11:37.234389 np0000192774 nova-scheduler[108108]: DEBUG dbcounter [-] [108108] Writing DB stats nova_cell0:SELECT=1,nova_cell0:UPDATE=1 {{(pid=108108) stat_writer /opt/stack/data/venv/lib/python3.12/site-packages/dbcounter.py:115}}
Sep 15 11:11:37.251606 np0000192774 nova-scheduler[108121]: DEBUG dbcounter [-] [108121] Writing DB stats nova_cell0:SELECT=1,nova_cell0:UPDATE=1 {{(pid=108121) stat_writer /opt/stack/data/venv/lib/python3.12/site-packages/dbcounter.py:115}}
Sep 15 11:11:37.280078 np0000192774 nova-scheduler[108134]: DEBUG dbcounter [-] [108134] Writing DB stats nova_cell0:SELECT=1 {{(pid=108134) stat_writer /opt/stack/data/venv/lib/python3.12/site-packages/dbcounter.py:115}}
Sep 15 11:11:37.295264 np0000192774 nova-scheduler[108127]: DEBUG dbcounter [-] [108127] Writing DB stats nova_cell0:SELECT=1 {{(pid=108127) stat_writer /opt/stack/data/venv/lib/python3.12/site-packages/dbcounter.py:115}}
Sep 15 11:11:47.306865 np0000192774 nova-scheduler[108127]: DEBUG oslo.service.backend._threading.loopingcall [None req-e647abad-7919-44a9-a96b-b85de2d541fb None None] Dynamic interval looping call 'nova.service.Service.periodic_tasks' sleeping for 60.00 seconds {{(pid=108127) _run_loop /opt/stack/data/venv/lib/python3.12/site-packages/oslo_service/backend/_threading/loopingcall.py:125}}
Sep 15 11:11:53.249989 np0000192774 nova-scheduler[108121]: DEBUG oslo.service.backend._threading.loopingcall [None req-7db46608-ab04-475b-904c-59f88cc13f4e None None] Dynamic interval looping call 'nova.service.Service.periodic_tasks' sleeping for 60.00 seconds {{(pid=108121) _run_loop /opt/stack/data/venv/lib/python3.12/site-packages/oslo_service/backend/_threading/loopingcall.py:125}}
Sep 15 11:12:05.288252 np0000192774 nova-scheduler[108134]: DEBUG oslo.service.backend._threading.loopingcall [None req-01ea6974-589e-4e16-a71b-a5dd58873b86 None None] Dynamic interval looping call 'nova.service.Service.periodic_tasks' sleeping for 60.00 seconds {{(pid=108134) _run_loop /opt/stack/data/venv/lib/python3.12/site-packages/oslo_service/backend/_threading/loopingcall.py:125}}
